197.32.77.201 - - [06/Feb/2026:03:29:50 +0000] "GET /wp-content/uploads/2025/01/banner-icon-2-1.png HTTP/1.1" 301 178 "https://drmoustafaelnahasclinics.com/" "Mozilla/5.0 (Linux; Android 16; SM-A356E Build/BP2A.250605.031.A3; wv) AppleWebKit/537.36 (KHTML, like Gecko) Version/4.0 Chrome/144.0.7559.103 Mobile Safari/537.36 Instagram 414.0.0.40.83 Android (36/16; 420dpi; 1080x2340; samsung; SM-A356E; a35x; s5e8835; en_US; 871095918; IABMV/1)"
197.32.77.201 - - [06/Feb/2026:03:29:50 +0000] "GET /wp-content/uploads/2025/01/video-1.svg HTTP/1.1" 301 178 "https://drmoustafaelnahasclinics.com/" "Mozilla/5.0 (Linux; Android 16; SM-A356E Build/BP2A.250605.031.A3; wv) AppleWebKit/537.36 (KHTML, like Gecko) Version/4.0 Chrome/144.0.7559.103 Mobile Safari/537.36 Instagram 414.0.0.40.83 Android (36/16; 420dpi; 1080x2340; samsung; SM-A356E; a35x; s5e8835; en_US; 871095918; IABMV/1)"
197.32.77.201 - - [06/Feb/2026:03:29:51 +0000] "GET /wp-content/uploads/2025/01/banner-icon-3-1.png HTTP/1.1" 301 178 "https://drmoustafaelnahasclinics.com/" "Mozilla/5.0 (Linux; Android 16; SM-A356E Build/BP2A.250605.031.A3; wv) AppleWebKit/537.36 (KHTML, like Gecko) Version/4.0 Chrome/144.0.7559.103 Mobile Safari/537.36 Instagram 414.0.0.40.83 Android (36/16; 420dpi; 1080x2340; samsung; SM-A356E; a35x; s5e8835; en_US; 871095918; IABMV/1)"
197.32.77.201 - - [06/Feb/2026:03:29:51 +0000] "GET /wp-content/uploads/2025/01/banner-icon-4-1.png HTTP/1.1" 301 178 "https://drmoustafaelnahasclinics.com/" "Mozilla/5.0 (Linux; Android 16; SM-A356E Build/BP2A.250605.031.A3; wv) AppleWebKit/537.36 (KHTML, like Gecko) Version/4.0 Chrome/144.0.7559.103 Mobile Safari/537.36 Instagram 414.0.0.40.83 Android (36/16; 420dpi; 1080x2340; samsung; SM-A356E; a35x; s5e8835; en_US; 871095918; IABMV/1)"
197.32.77.201 - - [06/Feb/2026:03:29:51 +0000] "GET /wp-content/uploads/2025/01/banner-icon-5-1.svg HTTP/1.1" 301 178 "https://drmoustafaelnahasclinics.com/" "Mozilla/5.0 (Linux; Android 16; SM-A356E Build/BP2A.250605.031.A3; wv) AppleWebKit/537.36 (KHTML, like Gecko) Version/4.0 Chrome/144.0.7559.103 Mobile Safari/537.36 Instagram 414.0.0.40.83 Android (36/16; 420dpi; 1080x2340; samsung; SM-A356E; a35x; s5e8835; en_US; 871095918; IABMV/1)"
197.32.77.201 - - [06/Feb/2026:03:29:51 +0000] "GET /wp-content/uploads/2025/01/speciality-01-1.jpg HTTP/1.1" 301 178 "https://drmoustafaelnahasclinics.com/" "Mozilla/5.0 (Linux; Android 16; SM-A356E Build/BP2A.250605.031.A3; wv) AppleWebKit/537.36 (KHTML, like Gecko) Version/4.0 Chrome/144.0.7559.103 Mobile Safari/537.36 Instagram 414.0.0.40.83 Android (36/16; 420dpi; 1080x2340; samsung; SM-A356E; a35x; s5e8835; en_US; 871095918; IABMV/1)"
197.32.77.201 - - [06/Feb/2026:03:29:51 +0000] "GET /wp-content/uploads/2025/01/speciality-icon-01-1.svg HTTP/1.1" 301 178 "https://drmoustafaelnahasclinics.com/" "Mozilla/5.0 (Linux; Android 16; SM-A356E Build/BP2A.250605.031.A3; wv) AppleWebKit/537.36 (KHTML, like Gecko) Version/4.0 Chrome/144.0.7559.103 Mobile Safari/537.36 Instagram 414.0.0.40.83 Android (36/16; 420dpi; 1080x2340; samsung; SM-A356E; a35x; s5e8835; en_US; 871095918; IABMV/1)"
197.32.77.201 - - [06/Feb/2026:03:29:51 +0000] "GET /wp-content/uploads/2025/01/speciality-02-1.jpg HTTP/1.1" 301 178 "https://drmoustafaelnahasclinics.com/" "Mozilla/5.0 (Linux; Android 16; SM-A356E Build/BP2A.250605.031.A3; wv) AppleWebKit/537.36 (KHTML, like Gecko) Version/4.0 Chrome/144.0.7559.103 Mobile Safari/537.36 Instagram 414.0.0.40.83 Android (36/16; 420dpi; 1080x2340; samsung; SM-A356E; a35x; s5e8835; en_US; 871095918; IABMV/1)"
197.32.77.201 - - [06/Feb/2026:03:29:51 +0000] "GET /wp-content/uploads/2025/01/speciality-03-1.jpg HTTP/1.1" 301 178 "https://drmoustafaelnahasclinics.com/" "Mozilla/5.0 (Linux; Android 16; SM-A356E Build/BP2A.250605.031.A3; wv) AppleWebKit/537.36 (KHTML, like Gecko) Version/4.0 Chrome/144.0.7559.103 Mobile Safari/537.36 Instagram 414.0.0.40.83 Android (36/16; 420dpi; 1080x2340; samsung; SM-A356E; a35x; s5e8835; en_US; 871095918; IABMV/1)"
197.32.77.201 - - [06/Feb/2026:03:29:51 +0000] "GET /wp-content/uploads/2025/01/speciality-icon-02-1.svg HTTP/1.1" 301 178 "https://drmoustafaelnahasclinics.com/" "Mozilla/5.0 (Linux; Android 16; SM-A356E Build/BP2A.250605.031.A3; wv) AppleWebKit/537.36 (KHTML, like Gecko) Version/4.0 Chrome/144.0.7559.103 Mobile Safari/537.36 Instagram 414.0.0.40.83 Android (36/16; 420dpi; 1080x2340; samsung; SM-A356E; a35x; s5e8835; en_US; 871095918; IABMV/1)"
197.32.77.201 - - [06/Feb/2026:03:29:51 +0000] "GET /wp-content/uploads/2025/01/speciality-icon-03-1.svg HTTP/1.1" 301 178 "https://drmoustafaelnahasclinics.com/" "Mozilla/5.0 (Linux; Android 16; SM-A356E Build/BP2A.250605.031.A3; wv) AppleWebKit/537.36 (KHTML, like Gecko) Version/4.0 Chrome/144.0.7559.103 Mobile Safari/537.36 Instagram 414.0.0.40.83 Android (36/16; 420dpi; 1080x2340; samsung; SM-A356E; a35x; s5e8835; en_US; 871095918; IABMV/1)"
197.32.77.201 - - [06/Feb/2026:03:29:52 +0000] "GET /wp-content/uploads/2025/01/speciality-04-1.jpg HTTP/1.1" 301 178 "https://drmoustafaelnahasclinics.com/" "Mozilla/5.0 (Linux; Android 16; SM-A356E Build/BP2A.250605.031.A3; wv) AppleWebKit/537.36 (KHTML, like Gecko) Version/4.0 Chrome/144.0.7559.103 Mobile Safari/537.36 Instagram 414.0.0.40.83 Android (36/16; 420dpi; 1080x2340; samsung; SM-A356E; a35x; s5e8835; en_US; 871095918; IABMV/1)"
197.32.77.201 - - [06/Feb/2026:03:29:52 +0000] "GET /wp-content/uploads/2025/01/speciality-icon-05-1.svg HTTP/1.1" 301 178 "https://drmoustafaelnahasclinics.com/" "Mozilla/5.0 (Linux; Android 16; SM-A356E Build/BP2A.250605.031.A3; wv) AppleWebKit/537.36 (KHTML, like Gecko) Version/4.0 Chrome/144.0.7559.103 Mobile Safari/537.36 Instagram 414.0.0.40.83 Android (36/16; 420dpi; 1080x2340; samsung; SM-A356E; a35x; s5e8835; en_US; 871095918; IABMV/1)"
197.32.77.201 - - [06/Feb/2026:03:29:52 +0000] "GET /wp-content/uploads/2025/01/speciality-icon-04-1.svg HTTP/1.1" 301 178 "https://drmoustafaelnahasclinics.com/" "Mozilla/5.0 (Linux; Android 16; SM-A356E Build/BP2A.250605.031.A3; wv) AppleWebKit/537.36 (KHTML, like Gecko) Version/4.0 Chrome/144.0.7559.103 Mobile Safari/537.36 Instagram 414.0.0.40.83 Android (36/16; 420dpi; 1080x2340; samsung; SM-A356E; a35x; s5e8835; en_US; 871095918; IABMV/1)"
197.32.77.201 - - [06/Feb/2026:03:29:52 +0000] "GET /wp-content/uploads/2025/01/company-01-1.svg HTTP/1.1" 301 178 "https://drmoustafaelnahasclinics.com/" "Mozilla/5.0 (Linux; Android 16; SM-A356E Build/BP2A.250605.031.A3; wv) AppleWebKit/537.36 (KHTML, like Gecko) Version/4.0 Chrome/144.0.7559.103 Mobile Safari/537.36 Instagram 414.0.0.40.83 Android (36/16; 420dpi; 1080x2340; samsung; SM-A356E; a35x; s5e8835; en_US; 871095918; IABMV/1)"
197.32.77.201 - - [06/Feb/2026:03:29:52 +0000] "GET /wp-content/uploads/2025/01/speciality-05-1.jpg HTTP/1.1" 301 178 "https://drmoustafaelnahasclinics.com/" "Mozilla/5.0 (Linux; Android 16; SM-A356E Build/BP2A.250605.031.A3; wv) AppleWebKit/537.36 (KHTML, like Gecko) Version/4.0 Chrome/144.0.7559.103 Mobile Safari/537.36 Instagram 414.0.0.40.83 Android (36/16; 420dpi; 1080x2340; samsung; SM-A356E; a35x; s5e8835; en_US; 871095918; IABMV/1)"
197.32.77.201 - - [06/Feb/2026:03:29:52 +0000] "GET /wp-content/uploads/2025/01/company-02-1.svg HTTP/1.1" 301 178 "https://drmoustafaelnahasclinics.com/" "Mozilla/5.0 (Linux; Android 16; SM-A356E Build/BP2A.250605.031.A3; wv) AppleWebKit/537.36 (KHTML, like Gecko) Version/4.0 Chrome/144.0.7559.103 Mobile Safari/537.36 Instagram 414.0.0.40.83 Android (36/16; 420dpi; 1080x2340; samsung; SM-A356E; a35x; s5e8835; en_US; 871095918; IABMV/1)"
197.32.77.201 - - [06/Feb/2026:03:29:52 +0000] "GET /wp-content/uploads/2025/01/company-03-1.svg HTTP/1.1" 301 178 "https://drmoustafaelnahasclinics.com/" "Mozilla/5.0 (Linux; Android 16; SM-A356E Build/BP2A.250605.031.A3; wv) AppleWebKit/537.36 (KHTML, like Gecko) Version/4.0 Chrome/144.0.7559.103 Mobile Safari/537.36 Instagram 414.0.0.40.83 Android (36/16; 420dpi; 1080x2340; samsung; SM-A356E; a35x; s5e8835; en_US; 871095918; IABMV/1)"
197.32.77.201 - - [06/Feb/2026:03:29:52 +0000] "GET /wp-content/uploads/2025/01/company-04-1.svg HTTP/1.1" 301 178 "https://drmoustafaelnahasclinics.com/" "Mozilla/5.0 (Linux; Android 16; SM-A356E Build/BP2A.250605.031.A3; wv) AppleWebKit/537.36 (KHTML, like Gecko) Version/4.0 Chrome/144.0.7559.103 Mobile Safari/537.36 Instagram 414.0.0.40.83 Android (36/16; 420dpi; 1080x2340; samsung; SM-A356E; a35x; s5e8835; en_US; 871095918; IABMV/1)"
197.32.77.201 - - [06/Feb/2026:03:29:52 +0000] "GET /wp-content/uploads/2025/01/company-05-1.svg HTTP/1.1" 301 178 "https://drmoustafaelnahasclinics.com/" "Mozilla/5.0 (Linux; Android 16; SM-A356E Build/BP2A.250605.031.A3; wv) AppleWebKit/537.36 (KHTML, like Gecko) Version/4.0 Chrome/144.0.7559.103 Mobile Safari/537.36 Instagram 414.0.0.40.83 Android (36/16; 420dpi; 1080x2340; samsung; SM-A356E; a35x; s5e8835; en_US; 871095918; IABMV/1)"
197.32.77.201 - - [06/Feb/2026:03:29:52 +0000] "GET /wp-content/uploads/2025/01/company-07-1.svg HTTP/1.1" 301 178 "https://drmoustafaelnahasclinics.com/" "Mozilla/5.0 (Linux; Android 16; SM-A356E Build/BP2A.250605.031.A3; wv) AppleWebKit/537.36 (KHTML, like Gecko) Version/4.0 Chrome/144.0.7559.103 Mobile Safari/537.36 Instagram 414.0.0.40.83 Android (36/16; 420dpi; 1080x2340; samsung; SM-A356E; a35x; s5e8835; en_US; 871095918; IABMV/1)"
197.32.77.201 - - [06/Feb/2026:03:29:52 +0000] "GET /wp-content/uploads/2025/01/company-06-1.svg HTTP/1.1" 301 178 "https://drmoustafaelnahasclinics.com/" "Mozilla/5.0 (Linux; Android 16; SM-A356E Build/BP2A.250605.031.A3; wv) AppleWebKit/537.36 (KHTML, like Gecko) Version/4.0 Chrome/144.0.7559.103 Mobile Safari/537.36 Instagram 414.0.0.40.83 Android (36/16; 420dpi; 1080x2340; samsung; SM-A356E; a35x; s5e8835; en_US; 871095918; IABMV/1)"
197.32.77.201 - - [06/Feb/2026:03:29:52 +0000] "GET /wp-content/uploads/2025/01/company-08-1.svg HTTP/1.1" 301 178 "https://drmoustafaelnahasclinics.com/" "Mozilla/5.0 (Linux; Android 16; SM-A356E Build/BP2A.250605.031.A3; wv) AppleWebKit/537.36 (KHTML, like Gecko) Version/4.0 Chrome/144.0.7559.103 Mobile Safari/537.36 Instagram 414.0.0.40.83 Android (36/16; 420dpi; 1080x2340; samsung; SM-A356E; a35x; s5e8835; en_US; 871095918; IABMV/1)"
104.28.215.132 - - [06/Feb/2026:03:31:15 +0000] "HEAD / HTTP/1.1" 301 0 "https://doccure-wp.dreamstechnologies.com/" "Mozilla/5.0 (Windows NT 10.0; Win64; x64) AppleWebKit/537.36 (KHTML, like Gecko) Chrome/91.0.4472.124 Safari/537.36"
104.28.215.132 - - [06/Feb/2026:03:31:38 +0000] "POST /wp-login.php HTTP/1.1" 301 178 "https://www.google.com/" "Mozilla/5.0 (Windows NT 10.0; Win64; x64) AppleWebKit/537.36 (KHTML, like Gecko) Chrome/91.0.4472.124 Safari/537.36"
104.28.215.132 - - [06/Feb/2026:03:31:40 +0000] "POST /wp-login.php HTTP/1.1" 301 178 "https://doccure-wp.dreamstechnologies.com/wp-admin/" "Mozilla/5.0 (Windows NT 10.0; Win64; x64) AppleWebKit/537.36 (KHTML, like Gecko) Chrome/90.0.4430.85 Safari/537.36"
104.28.215.132 - - [06/Feb/2026:03:31:41 +0000] "GET /wp-admin/ HTTP/1.1" 301 178 "https://www.google.com/" "Mozilla/5.0 (Windows NT 10.0; Win64; x64) AppleWebKit/537.36 (KHTML, like Gecko) Chrome/91.0.4472.124 Safari/537.36"
104.28.215.132 - - [06/Feb/2026:03:31:44 +0000] "POST /xmlrpc.php HTTP/1.1" 301 178 "https://www.google.com/" "Mozilla/5.0 (Windows NT 10.0; Win64; x64) AppleWebKit/537.36 (KHTML, like Gecko) Chrome/91.0.4472.124 Safari/537.36"
104.28.215.132 - - [06/Feb/2026:03:31:46 +0000] "GET /administrator/index.php HTTP/1.1" 301 178 "https://www.google.com/" "Mozilla/5.0 (Windows NT 10.0; Win64; x64) AppleWebKit/537.36 (KHTML, like Gecko) Chrome/91.0.4472.124 Safari/537.36"
35.173.69.86 - - [06/Feb/2026:03:31:51 +0000] "GET / HTTP/1.1" 301 178 "-" "FreshpingBot/1.0 (+https://freshping.io/)"
35.173.69.86 - - [06/Feb/2026:03:37:11 +0000] "GET / HTTP/1.1" 301 178 "-" "FreshpingBot/1.0 (+https://freshping.io/)"
184.94.213.80 - - [06/Feb/2026:03:37:41 +0000] "GET /elementor/wp-content/uploads/2021/10/woocommerce-placeholder.png HTTP/1.1" 301 178 "-" "WordPress/6.9.1; https://www.dooctor.online"
184.94.213.80 - - [06/Feb/2026:03:37:44 +0000] "GET /elementor/wp-content/uploads/2021/10/log_file_2021-10-01__11-38-43.txt HTTP/1.1" 301 178 "-" "WordPress/6.9.1; https://www.dooctor.online"
184.94.213.80 - - [06/Feb/2026:03:37:46 +0000] "GET /elementor/wp-content/uploads/2021/10/search-bg.png HTTP/1.1" 301 178 "-" "WordPress/6.9.1; https://www.dooctor.online"
184.94.213.80 - - [06/Feb/2026:03:37:49 +0000] "GET /elementor/wp-content/uploads/2021/10/log_file_2021-10-01__11-52-18.txt HTTP/1.1" 301 178 "-" "WordPress/6.9.1; https://www.dooctor.online"
184.94.213.80 - - [06/Feb/2026:03:37:50 +0000] "GET /elementor/wp-content/uploads/2021/10/logo.png HTTP/1.1" 301 178 "-" "WordPress/6.9.1; https://www.dooctor.online"
184.94.213.80 - - [06/Feb/2026:03:37:53 +0000] "GET /elementor/wp-content/uploads/2021/10/doctor-1.jpg HTTP/1.1" 301 178 "-" "WordPress/6.9.1; https://www.dooctor.online"
184.94.213.80 - - [06/Feb/2026:03:38:09 +0000] "GET /elementor/wp-content/uploads/2021/10/favicon.png HTTP/1.1" 301 178 "-" "WordPress/6.9.1; https://www.dooctor.online"
184.94.213.80 - - [06/Feb/2026:03:38:11 +0000] "GET /elementor/wp-content/uploads/2021/09/doctor-06-1.jpg HTTP/1.1" 301 178 "-" "WordPress/6.9.1; https://www.dooctor.online"
184.94.213.80 - - [06/Feb/2026:03:38:14 +0000] "GET /elementor/wp-content/uploads/2021/09/doctor-05-1.jpg HTTP/1.1" 301 178 "-" "WordPress/6.9.1; https://www.dooctor.online"
184.94.213.80 - - [06/Feb/2026:03:38:16 +0000] "GET /elementor/wp-content/uploads/2021/09/doctor-04-1.jpg HTTP/1.1" 301 178 "-" "WordPress/6.9.1; https://www.dooctor.online"
94.206.28.146 - - [06/Feb/2026:03:38:18 +0000] "GET /wp-content/uploads/2025/01/banner-user1-1.jpg HTTP/1.1" 301 178 "https://citicare.ae/" "Mozilla/5.0 (Macintosh; Intel Mac OS X 10_15_7) AppleWebKit/605.1.15 (KHTML, like Gecko) Version/26.2 Safari/605.1.15"
184.94.213.80 - - [06/Feb/2026:03:38:18 +0000] "GET /elementor/wp-content/uploads/2021/09/doctor-03.jpg HTTP/1.1" 301 178 "-" "WordPress/6.9.1; https://www.dooctor.online"
94.206.28.146 - - [06/Feb/2026:03:38:18 +0000] "GET /wp-content/uploads/2025/01/banner-user2-1.jpg HTTP/1.1" 301 178 "https://citicare.ae/" "Mozilla/5.0 (Macintosh; Intel Mac OS X 10_15_7) AppleWebKit/605.1.15 (KHTML, like Gecko) Version/26.2 Safari/605.1.15"
184.94.213.80 - - [06/Feb/2026:03:38:20 +0000] "GET /elementor/wp-content/uploads/2021/09/doctor-02-1.jpg HTTP/1.1" 301 178 "-" "WordPress/6.9.1; https://www.dooctor.online"
184.94.213.80 - - [06/Feb/2026:03:38:23 +0000] "GET /elementor/wp-content/uploads/2021/09/doctor-01-1.jpg HTTP/1.1" 301 178 "-" "WordPress/6.9.1; https://www.dooctor.online"
184.94.213.80 - - [06/Feb/2026:03:38:25 +0000] "GET /elementor/wp-content/uploads/2021/10/footer-logo.png HTTP/1.1" 301 178 "-" "WordPress/6.9.1; https://www.dooctor.online"
66.249.79.136 - - [06/Feb/2026:03:38:26 +0000] "GET /elementor/wp-content/uploads/2023/07/partners-5.svg HTTP/1.1" 301 178 "https://psymatch.fr/" "Mozilla/5.0 AppleWebKit/537.36 (KHTML, like Gecko; compatible; Googlebot/2.1; +http://www.google.com/bot.html) Chrome/144.0.7559.109 Safari/537.36"
66.249.79.135 - - [06/Feb/2026:03:38:27 +0000] "GET /elementor/wp-content/uploads/2023/07/partners-2.svg HTTP/1.1" 301 178 "https://psymatch.fr/" "Mozilla/5.0 AppleWebKit/537.36 (KHTML, like Gecko; compatible; Googlebot/2.1; +http://www.google.com/bot.html) Chrome/144.0.7559.109 Safari/537.36"
66.249.79.137 - - [06/Feb/2026:03:38:27 +0000] "GET /elementor/wp-content/uploads/2023/07/partners-3.svg HTTP/1.1" 301 178 "https://psymatch.fr/" "Mozilla/5.0 AppleWebKit/537.36 (KHTML, like Gecko; compatible; Googlebot/2.1; +http://www.google.com/bot.html) Chrome/144.0.7559.109 Safari/537.36"
66.249.79.136 - - [06/Feb/2026:03:38:27 +0000] "GET /elementor/wp-content/uploads/2023/07/work-02.svg HTTP/1.1" 301 178 "https://psymatch.fr/" "Mozilla/5.0 AppleWebKit/537.36 (KHTML, like Gecko; compatible; Googlebot/2.1; +http://www.google.com/bot.html) Chrome/144.0.7559.109 Safari/537.36"
184.94.213.80 - - [06/Feb/2026:03:38:27 +0000] "GET /elementor/wp-content/uploads/2021/10/patient4.jpg HTTP/1.1" 301 178 "-" "WordPress/6.9.1; https://www.dooctor.online"
66.249.79.137 - - [06/Feb/2026:03:38:27 +0000] "GET /elementor/wp-content/uploads/2023/07/work-03.svg HTTP/1.1" 301 178 "https://psymatch.fr/" "Mozilla/5.0 AppleWebKit/537.36 (KHTML, like Gecko; compatible; Googlebot/2.1; +http://www.google.com/bot.html) Chrome/144.0.7559.109 Safari/537.36"
66.249.79.136 - - [06/Feb/2026:03:38:28 +0000] "GET /elementor/wp-content/uploads/2023/07/partners-4.svg HTTP/1.1" 301 178 "https://psymatch.fr/" "Mozilla/5.0 AppleWebKit/537.36 (KHTML, like Gecko; compatible; Googlebot/2.1; +http://www.google.com/bot.html) Chrome/144.0.7559.109 Safari/537.36"
66.249.79.136 - - [06/Feb/2026:03:38:28 +0000] "GET /elementor/wp-content/uploads/2023/07/partners-1.svg HTTP/1.1" 301 178 "https://psymatch.fr/" "Mozilla/5.0 AppleWebKit/537.36 (KHTML, like Gecko; compatible; Googlebot/2.1; +http://www.google.com/bot.html) Chrome/144.0.7559.109 Safari/537.36"
66.249.79.136 - - [06/Feb/2026:03:38:28 +0000] "GET /elementor/wp-content/uploads/2023/07/partners-6.svg HTTP/1.1" 301 178 "https://psymatch.fr/" "Mozilla/5.0 AppleWebKit/537.36 (KHTML, like Gecko; compatible; Googlebot/2.1; +http://www.google.com/bot.html) Chrome/144.0.7559.109 Safari/537.36"
184.94.213.80 - - [06/Feb/2026:03:38:30 +0000] "GET /elementor/wp-content/uploads/2021/09/patient1.jpg HTTP/1.1" 301 178 "-" "WordPress/6.9.1; https://www.dooctor.online"
184.94.213.80 - - [06/Feb/2026:03:38:33 +0000] "GET /elementor/wp-content/uploads/2021/08/patient2.jpg HTTP/1.1" 301 178 "-" "WordPress/6.9.1; https://www.dooctor.online"
184.94.213.80 - - [06/Feb/2026:03:38:49 +0000] "GET /elementor/wp-content/uploads/2021/08/patient3.jpg HTTP/1.1" 301 178 "-" "WordPress/6.9.1; https://www.dooctor.online"
184.94.213.80 - - [06/Feb/2026:03:38:51 +0000] "GET /elementor/wp-content/uploads/2021/08/patient4.jpg HTTP/1.1" 301 178 "-" "WordPress/6.9.1; https://www.dooctor.online"
184.94.213.80 - - [06/Feb/2026:03:38:53 +0000] "GET /elementor/wp-content/uploads/2021/10/feature.png HTTP/1.1" 301 178 "-" "WordPress/6.9.1; https://www.dooctor.online"
184.94.213.80 - - [06/Feb/2026:03:38:56 +0000] "GET /elementor/wp-content/uploads/2021/10/specialities-01.png HTTP/1.1" 301 178 "-" "WordPress/6.9.1; https://www.dooctor.online"
184.94.213.80 - - [06/Feb/2026:03:38:58 +0000] "GET /elementor/wp-content/uploads/2021/10/specialities-02.png HTTP/1.1" 301 178 "-" "WordPress/6.9.1; https://www.dooctor.online"
184.94.213.80 - - [06/Feb/2026:03:39:00 +0000] "GET /elementor/wp-content/uploads/2021/10/specialities-03.png HTTP/1.1" 301 178 "-" "WordPress/6.9.1; https://www.dooctor.online"
184.94.213.80 - - [06/Feb/2026:03:39:03 +0000] "GET /elementor/wp-content/uploads/2021/10/specialities-04.png HTTP/1.1" 301 178 "-" "WordPress/6.9.1; https://www.dooctor.online"
184.94.213.80 - - [06/Feb/2026:03:39:05 +0000] "GET /elementor/wp-content/uploads/2021/10/specialities-05.png HTTP/1.1" 301 178 "-" "WordPress/6.9.1; https://www.dooctor.online"
184.94.213.80 - - [06/Feb/2026:03:39:07 +0000] "GET /elementor/wp-content/uploads/2021/10/about-bg.png HTTP/1.1" 301 178 "-" "WordPress/6.9.1; https://www.dooctor.online"
184.94.213.80 - - [06/Feb/2026:03:39:10 +0000] "GET /elementor/wp-content/uploads/2021/10/vect-01.png HTTP/1.1" 301 178 "-" "WordPress/6.9.1; https://www.dooctor.online"
184.94.213.80 - - [06/Feb/2026:03:39:12 +0000] "GET /elementor/wp-content/uploads/2021/10/vect-02.png HTTP/1.1" 301 178 "-" "WordPress/6.9.1; https://www.dooctor.online"
184.94.213.80 - - [06/Feb/2026:03:39:14 +0000] "GET /elementor/wp-content/uploads/2021/10/vect-03.png HTTP/1.1" 301 178 "-" "WordPress/6.9.1; https://www.dooctor.online"
184.94.213.80 - - [06/Feb/2026:03:39:31 +0000] "GET /elementor/wp-content/uploads/2021/11/banner-bg.png HTTP/1.1" 301 178 "-" "WordPress/6.9.1; https://www.dooctor.online"
184.94.213.80 - - [06/Feb/2026:03:39:33 +0000] "GET /elementor/wp-content/uploads/2021/11/footerlogo.png HTTP/1.1" 301 178 "-" "WordPress/6.9.1; https://www.dooctor.online"
184.94.213.80 - - [06/Feb/2026:03:39:35 +0000] "GET /elementor/wp-content/uploads/2021/09/banner-3.jpg HTTP/1.1" 301 178 "-" "WordPress/6.9.1; https://www.dooctor.online"
184.94.213.80 - - [06/Feb/2026:03:39:38 +0000] "GET /elementor/wp-content/uploads/2021/11/blog-10.jpg HTTP/1.1" 301 178 "-" "WordPress/6.9.1; https://www.dooctor.online"
104.28.215.132 - - [06/Feb/2026:03:39:39 +0000] "HEAD / HTTP/1.1" 301 0 "https://doccure-wp.dreamstechnologies.com/" "Mozilla/5.0 (Windows NT 10.0; Win64; x64) AppleWebKit/537.36 (KHTML, like Gecko) Chrome/91.0.4472.124 Safari/537.36"
184.94.213.80 - - [06/Feb/2026:03:39:40 +0000] "GET /elementor/wp-content/uploads/2021/09/blog-04.jpg HTTP/1.1" 301 178 "-" "WordPress/6.9.1; https://www.dooctor.online"
184.94.213.80 - - [06/Feb/2026:03:39:42 +0000] "GET /elementor/wp-content/uploads/2021/09/feature1.jpg HTTP/1.1" 301 178 "-" "WordPress/6.9.1; https://www.dooctor.online"
184.94.213.80 - - [06/Feb/2026:03:39:45 +0000] "GET /elementor/wp-content/uploads/2021/09/feature2.jpg HTTP/1.1" 301 178 "-" "WordPress/6.9.1; https://www.dooctor.online"
184.94.213.80 - - [06/Feb/2026:03:39:47 +0000] "GET /elementor/wp-content/uploads/2021/09/feature-3.jpg HTTP/1.1" 301 178 "-" "WordPress/6.9.1; https://www.dooctor.online"
184.94.213.80 - - [06/Feb/2026:03:39:49 +0000] "GET /elementor/wp-content/uploads/2021/09/feature4.jpg HTTP/1.1" 301 178 "-" "WordPress/6.9.1; https://www.dooctor.online"
184.94.213.80 - - [06/Feb/2026:03:39:52 +0000] "GET /elementor/wp-content/uploads/2021/09/feature5.jpg HTTP/1.1" 301 178 "-" "WordPress/6.9.1; https://www.dooctor.online"
184.94.213.80 - - [06/Feb/2026:03:39:54 +0000] "GET /elementor/wp-content/uploads/2021/08/feature6.jpg HTTP/1.1" 301 178 "-" "WordPress/6.9.1; https://www.dooctor.online"
104.28.215.132 - - [06/Feb/2026:03:40:02 +0000] "POST /wp-login.php HTTP/1.1" 301 178 "https://www.google.com/" "Mozilla/5.0 (Windows NT 10.0; Win64; x64) AppleWebKit/537.36 (KHTML, like Gecko) Chrome/91.0.4472.124 Safari/537.36"
104.28.215.132 - - [06/Feb/2026:03:40:04 +0000] "POST /wp-login.php HTTP/1.1" 301 178 "https://doccure-wp.dreamstechnologies.com/wp-admin/" "Mozilla/5.0 (Windows NT 10.0; Win64; x64) AppleWebKit/537.36 (KHTML, like Gecko) Chrome/90.0.4430.85 Safari/537.36"
104.28.215.132 - - [06/Feb/2026:03:40:05 +0000] "GET /wp-admin/ HTTP/1.1" 301 178 "https://www.google.com/" "Mozilla/5.0 (Windows NT 10.0; Win64; x64) AppleWebKit/537.36 (KHTML, like Gecko) Chrome/91.0.4472.124 Safari/537.36"
104.28.215.132 - - [06/Feb/2026:03:40:08 +0000] "POST /xmlrpc.php HTTP/1.1" 301 178 "https://www.google.com/" "Mozilla/5.0 (Windows NT 10.0; Win64; x64) AppleWebKit/537.36 (KHTML, like Gecko) Chrome/91.0.4472.124 Safari/537.36"
104.28.215.132 - - [06/Feb/2026:03:40:10 +0000] "GET /administrator/index.php HTTP/1.1" 301 178 "https://www.google.com/" "Mozilla/5.0 (Windows NT 10.0; Win64; x64) AppleWebKit/537.36 (KHTML, like Gecko) Chrome/91.0.4472.124 Safari/537.36"
184.94.213.80 - - [06/Feb/2026:03:40:14 +0000] "GET /elementor/wp-content/uploads/2021/09/blog-02-1.jpg HTTP/1.1" 301 178 "-" "WordPress/6.9.1; https://www.dooctor.online"
184.94.213.80 - - [06/Feb/2026:03:40:17 +0000] "GET /elementor/wp-content/uploads/2021/09/blog-01.jpg HTTP/1.1" 301 178 "-" "WordPress/6.9.1; https://www.dooctor.online"
184.94.213.80 - - [06/Feb/2026:03:40:19 +0000] "GET /elementor/wp-content/uploads/2021/11/feature-06.jpg HTTP/1.1" 301 178 "-" "WordPress/6.9.1; https://www.dooctor.online"
184.94.213.80 - - [06/Feb/2026:03:40:22 +0000] "GET /elementor/wp-content/uploads/2021/11/feature-03.jpg HTTP/1.1" 301 178 "-" "WordPress/6.9.1; https://www.dooctor.online"
184.94.213.80 - - [06/Feb/2026:03:40:24 +0000] "GET /elementor/wp-content/uploads/2021/09/feature-02-2.jpg HTTP/1.1" 301 178 "-" "WordPress/6.9.1; https://www.dooctor.online"
136.110.36.247 - - [06/Feb/2026:03:40:25 +0000] "GET / HTTP/1.1" 301 178 "https://doccure-wp.dreamsmarketplace.com/" "Mozilla/5.0 (Windows NT 10.0; Win64; x64) AppleWebKit/537.36 (KHTML, like Gecko) Chrome/144.0.0.0 Safari/537.36"
184.94.213.80 - - [06/Feb/2026:03:40:27 +0000] "GET /elementor/wp-content/uploads/2021/09/feature-02-3.jpg HTTP/1.1" 301 178 "-" "WordPress/6.9.1; https://www.dooctor.online"
184.94.213.80 - - [06/Feb/2026:03:40:29 +0000] "GET /elementor/wp-content/uploads/2021/09/feature-05.jpg HTTP/1.1" 301 178 "-" "WordPress/6.9.1; https://www.dooctor.online"
184.94.213.80 - - [06/Feb/2026:03:40:32 +0000] "GET /elementor/wp-content/uploads/2021/09/feature-01-1.jpg HTTP/1.1" 301 178 "-" "WordPress/6.9.1; https://www.dooctor.online"
184.94.213.80 - - [06/Feb/2026:03:40:35 +0000] "GET /elementor/wp-content/uploads/2021/09/feature-03.jpg HTTP/1.1" 301 178 "-" "WordPress/6.9.1; https://www.dooctor.online"
184.94.213.80 - - [06/Feb/2026:03:40:37 +0000] "GET /elementor/wp-content/uploads/2021/09/feature-05-1.jpg HTTP/1.1" 301 178 "-" "WordPress/6.9.1; https://www.dooctor.online"
184.94.213.80 - - [06/Feb/2026:03:40:50 +0000] "GET /elementor/wp-content/uploads/2021/09/feature-02-4.jpg HTTP/1.1" 301 178 "-" "WordPress/6.9.1; https://www.dooctor.online"
184.94.213.80 - - [06/Feb/2026:03:40:52 +0000] "GET /elementor/wp-content/uploads/2021/11/img-1.jpg HTTP/1.1" 301 178 "-" "WordPress/6.9.1; https://www.dooctor.online"
184.94.213.80 - - [06/Feb/2026:03:40:54 +0000] "GET /elementor/wp-content/uploads/2021/11/clinic-7.jpg HTTP/1.1" 301 178 "-" "WordPress/6.9.1; https://www.dooctor.online"
184.94.213.80 - - [06/Feb/2026:03:40:56 +0000] "GET /elementor/wp-content/uploads/2021/11/clinic-4.jpg HTTP/1.1" 301 178 "-" "WordPress/6.9.1; https://www.dooctor.online"
184.94.213.80 - - [06/Feb/2026:03:40:58 +0000] "GET /elementor/wp-content/uploads/2021/11/clinic-5.jpg HTTP/1.1" 301 178 "-" "WordPress/6.9.1; https://www.dooctor.online"
184.94.213.80 - - [06/Feb/2026:03:41:00 +0000] "GET /elementor/wp-content/uploads/2021/11/clinic-6.jpg HTTP/1.1" 301 178 "-" "WordPress/6.9.1; https://www.dooctor.online"
184.94.213.80 - - [06/Feb/2026:03:41:02 +0000] "GET /elementor/wp-content/uploads/2021/11/login-banner.png HTTP/1.1" 301 178 "-" "WordPress/6.9.1; https://www.dooctor.online"
184.94.213.80 - - [06/Feb/2026:03:41:04 +0000] "GET /elementor/wp-content/uploads/2021/08/feature-img.jpg HTTP/1.1" 301 178 "-" "WordPress/6.9.1; https://www.dooctor.online"
184.94.213.80 - - [06/Feb/2026:03:41:06 +0000] "GET /elementor/wp-content/uploads/2021/08/Depositphotos_135129520_el0.jpg HTTP/1.1" 301 178 "-" "WordPress/6.9.1; https://www.dooctor.online"
184.94.213.80 - - [06/Feb/2026:03:41:08 +0000] "GET /elementor/wp-content/uploads/2021/08/Group-8.jpg HTTP/1.1" 301 178 "-" "WordPress/6.9.1; https://www.dooctor.online"
184.94.213.80 - - [06/Feb/2026:03:41:10 +0000] "GET /elementor/wp-content/uploads/2021/12/feature4.jpg HTTP/1.1" 301 178 "-" "WordPress/6.9.1; https://www.dooctor.online"
184.94.213.80 - - [06/Feb/2026:03:41:11 +0000] "GET /elementor/wp-content/uploads/2021/12/feature4-edited.jpg HTTP/1.1" 301 178 "-" "WordPress/6.9.1; https://www.dooctor.online"
184.94.213.80 - - [06/Feb/2026:03:41:14 +0000] "GET /elementor/wp-content/uploads/2021/12/log_file_2021-12-14__12-11-08.txt HTTP/1.1" 301 178 "-" "WordPress/6.9.1; https://www.dooctor.online"
184.94.213.80 - - [06/Feb/2026:03:41:17 +0000] "GET /elementor/wp-content/uploads/2021/08/doctor-07-1.jpg HTTP/1.1" 301 178 "-" "WordPress/6.9.1; https://www.dooctor.online"
184.94.213.80 - - [06/Feb/2026:03:41:19 +0000] "GET /elementor/wp-content/uploads/2021/08/special-banner.jpg HTTP/1.1" 301 178 "-" "WordPress/6.9.1; https://www.dooctor.online"
184.94.213.80 - - [06/Feb/2026:03:41:21 +0000] "GET /elementor/wp-content/uploads/2021/11/pattern-2.png HTTP/1.1" 301 178 "-" "WordPress/6.9.1; https://www.dooctor.online"
184.94.213.80 - - [06/Feb/2026:03:41:23 +0000] "GET /elementor/wp-content/uploads/2021/12/patient.jpg HTTP/1.1" 301 178 "-" "WordPress/6.9.1; https://www.dooctor.online"
184.94.213.80 - - [06/Feb/2026:03:41:25 +0000] "GET /elementor/wp-content/uploads/2021/12/patient1.jpg HTTP/1.1" 301 178 "-" "WordPress/6.9.1; https://www.dooctor.online"
184.94.213.80 - - [06/Feb/2026:03:41:27 +0000] "GET /elementor/wp-content/uploads/2021/12/patient2.jpg HTTP/1.1" 301 178 "-" "WordPress/6.9.1; https://www.dooctor.online"
184.94.213.80 - - [06/Feb/2026:03:41:29 +0000] "GET /elementor/wp-content/uploads/2021/12/patient4.jpg HTTP/1.1" 301 178 "-" "WordPress/6.9.1; https://www.dooctor.online"
184.94.213.80 - - [06/Feb/2026:03:41:31 +0000] "GET /elementor/wp-content/uploads/2021/12/patient3.jpg HTTP/1.1" 301 178 "-" "WordPress/6.9.1; https://www.dooctor.online"
184.94.213.80 - - [06/Feb/2026:03:41:33 +0000] "GET /elementor/wp-content/uploads/2021/12/patient9.jpg HTTP/1.1" 301 178 "-" "WordPress/6.9.1; https://www.dooctor.online"
184.94.213.80 - - [06/Feb/2026:03:41:35 +0000] "GET /elementor/wp-content/uploads/2021/12/doctor-05-1.jpg HTTP/1.1" 301 178 "-" "WordPress/6.9.1; https://www.dooctor.online"
184.94.213.80 - - [06/Feb/2026:03:41:37 +0000] "GET /elementor/wp-content/uploads/2022/01/doctor-08.jpg HTTP/1.1" 301 178 "-" "WordPress/6.9.1; https://www.dooctor.online"
184.94.213.80 - - [06/Feb/2026:03:41:39 +0000] "GET /elementor/wp-content/uploads/2022/01/doctor-thumb-10.jpg HTTP/1.1" 301 178 "-" "WordPress/6.9.1; https://www.dooctor.online"
184.94.213.80 - - [06/Feb/2026:03:41:41 +0000] "GET /elementor/wp-content/uploads/2022/01/doctor-05.jpg HTTP/1.1" 301 178 "-" "WordPress/6.9.1; https://www.dooctor.online"
184.94.213.80 - - [06/Feb/2026:03:41:45 +0000] "GET /elementor/wp-content/uploads/2022/01/doctor-07.jpg HTTP/1.1" 301 178 "-" "WordPress/6.9.1; https://www.dooctor.online"
184.94.213.80 - - [06/Feb/2026:03:41:47 +0000] "GET /elementor/wp-content/uploads/2022/01/doctor-thumb-09.jpg HTTP/1.1" 301 178 "-" "WordPress/6.9.1; https://www.dooctor.online"
184.94.213.80 - - [06/Feb/2026:03:41:49 +0000] "GET /elementor/wp-content/uploads/2022/01/doctor-03.jpg HTTP/1.1" 301 178 "-" "WordPress/6.9.1; https://www.dooctor.online"
184.94.213.80 - - [06/Feb/2026:03:41:51 +0000] "GET /elementor/wp-content/uploads/2022/01/patient7.jpg HTTP/1.1" 301 178 "-" "WordPress/6.9.1; https://www.dooctor.online"
184.94.213.80 - - [06/Feb/2026:03:41:53 +0000] "GET /elementor/wp-content/uploads/2022/01/log_file_2022-01-19__08-04-24.txt HTTP/1.1" 301 178 "-" "WordPress/6.9.1; https://www.dooctor.online"
184.94.213.80 - - [06/Feb/2026:03:41:55 +0000] "GET /elementor/wp-content/uploads/2022/01/book-doc-04.jpg HTTP/1.1" 301 178 "-" "WordPress/6.9.1; https://www.dooctor.online"
184.94.213.80 - - [06/Feb/2026:03:41:57 +0000] "GET /elementor/wp-content/uploads/2022/03/banner-6.jpg HTTP/1.1" 301 178 "-" "WordPress/6.9.1; https://www.dooctor.online"
184.94.213.80 - - [06/Feb/2026:03:41:59 +0000] "GET /elementor/wp-content/uploads/2022/03/features-06.png HTTP/1.1" 301 178 "-" "WordPress/6.9.1; https://www.dooctor.online"
184.94.213.80 - - [06/Feb/2026:03:42:01 +0000] "GET /elementor/wp-content/uploads/2022/03/features-05.png HTTP/1.1" 301 178 "-" "WordPress/6.9.1; https://www.dooctor.online"
184.94.213.80 - - [06/Feb/2026:03:42:03 +0000] "GET /elementor/wp-content/uploads/2022/03/features-04.png HTTP/1.1" 301 178 "-" "WordPress/6.9.1; https://www.dooctor.online"
184.94.213.80 - - [06/Feb/2026:03:42:04 +0000] "GET /elementor/wp-content/uploads/2022/03/features-03.png HTTP/1.1" 301 178 "-" "WordPress/6.9.1; https://www.dooctor.online"
184.94.213.80 - - [06/Feb/2026:03:42:06 +0000] "GET /elementor/wp-content/uploads/2022/03/features-02.png HTTP/1.1" 301 178 "-" "WordPress/6.9.1; https://www.dooctor.online"
136.110.36.247 - - [06/Feb/2026:03:42:08 +0000] "GET /dashboard/?ref=insights&identity=11 HTTP/1.1" 301 178 "https://doccure-wp.dreamsmarketplace.com/" "Mozilla/5.0 (Windows NT 10.0; Win64; x64) AppleWebKit/537.36 (KHTML, like Gecko) Chrome/144.0.0.0 Safari/537.36"
184.94.213.80 - - [06/Feb/2026:03:42:09 +0000] "GET /elementor/wp-content/uploads/2022/03/features-01.png HTTP/1.1" 301 178 "-" "WordPress/6.9.1; https://www.dooctor.online"
184.94.213.80 - - [06/Feb/2026:03:42:12 +0000] "GET /elementor/wp-content/uploads/2022/03/icon1.png HTTP/1.1" 301 178 "-" "WordPress/6.9.1; https://www.dooctor.online"
184.94.213.80 - - [06/Feb/2026:03:42:14 +0000] "GET /elementor/wp-content/uploads/2022/03/icon2.png HTTP/1.1" 301 178 "-" "WordPress/6.9.1; https://www.dooctor.online"
184.94.213.80 - - [06/Feb/2026:03:42:16 +0000] "GET /elementor/wp-content/uploads/2022/03/icon6.png HTTP/1.1" 301 178 "-" "WordPress/6.9.1; https://www.dooctor.online"
184.94.213.80 - - [06/Feb/2026:03:42:18 +0000] "GET /elementor/wp-content/uploads/2022/03/icon3.png HTTP/1.1" 301 178 "-" "WordPress/6.9.1; https://www.dooctor.online"
184.94.213.80 - - [06/Feb/2026:03:42:20 +0000] "GET /elementor/wp-content/uploads/2022/03/icon4.png HTTP/1.1" 301 178 "-" "WordPress/6.9.1; https://www.dooctor.online"
184.94.213.80 - - [06/Feb/2026:03:42:22 +0000] "GET /elementor/wp-content/uploads/2022/03/icon5.png HTTP/1.1" 301 178 "-" "WordPress/6.9.1; https://www.dooctor.online"
184.94.213.80 - - [06/Feb/2026:03:42:23 +0000] "GET /elementor/wp-content/uploads/2022/03/icon1-1.png HTTP/1.1" 301 178 "-" "WordPress/6.9.1; https://www.dooctor.online"
184.94.213.80 - - [06/Feb/2026:03:42:26 +0000] "GET /elementor/wp-content/uploads/2022/03/banner-5.jpg HTTP/1.1" 301 178 "-" "WordPress/6.9.1; https://www.dooctor.online"
35.173.69.86 - - [06/Feb/2026:03:42:27 +0000] "GET / HTTP/1.1" 301 178 "-" "FreshpingBot/1.0 (+https://freshping.io/)"
184.94.213.80 - - [06/Feb/2026:03:42:28 +0000] "GET /elementor/wp-content/uploads/2022/03/clinic-1.jpg HTTP/1.1" 301 178 "-" "WordPress/6.9.1; https://www.dooctor.online"
184.94.213.80 - - [06/Feb/2026:03:42:31 +0000] "GET /elementor/wp-content/uploads/2022/03/icon1-1-1.png HTTP/1.1" 301 178 "-" "WordPress/6.9.1; https://www.dooctor.online"
184.94.213.80 - - [06/Feb/2026:03:42:34 +0000] "GET /elementor/wp-content/uploads/2022/03/icon1-2.png HTTP/1.1" 301 178 "-" "WordPress/6.9.1; https://www.dooctor.online"
184.94.213.80 - - [06/Feb/2026:03:42:36 +0000] "GET /elementor/wp-content/uploads/2022/03/clinic-12.jpg HTTP/1.1" 301 178 "-" "WordPress/6.9.1; https://www.dooctor.online"
184.94.213.80 - - [06/Feb/2026:03:42:40 +0000] "GET /elementor/wp-content/uploads/2022/03/clinic-13.jpg HTTP/1.1" 301 178 "-" "WordPress/6.9.1; https://www.dooctor.online"
184.94.213.80 - - [06/Feb/2026:03:42:41 +0000] "GET /elementor/wp-content/uploads/2022/03/clinic-14.jpg HTTP/1.1" 301 178 "-" "WordPress/6.9.1; https://www.dooctor.online"
184.94.213.80 - - [06/Feb/2026:03:42:43 +0000] "GET /elementor/wp-content/uploads/2022/03/clinic-15.jpg HTTP/1.1" 301 178 "-" "WordPress/6.9.1; https://www.dooctor.online"
184.94.213.80 - - [06/Feb/2026:03:42:45 +0000] "GET /elementor/wp-content/uploads/2022/03/clinic-16.jpg HTTP/1.1" 301 178 "-" "WordPress/6.9.1; https://www.dooctor.online"
184.94.213.80 - - [06/Feb/2026:03:42:47 +0000] "GET /elementor/wp-content/uploads/2022/03/clinic-17.jpg HTTP/1.1" 301 178 "-" "WordPress/6.9.1; https://www.dooctor.online"
184.94.213.80 - - [06/Feb/2026:03:42:51 +0000] "GET /elementor/wp-content/uploads/2022/03/clinic-18.jpg HTTP/1.1" 301 178 "-" "WordPress/6.9.1; https://www.dooctor.online"
184.94.213.80 - - [06/Feb/2026:03:42:54 +0000] "GET /elementor/wp-content/uploads/2022/03/icon8.png HTTP/1.1" 301 178 "-" "WordPress/6.9.1; https://www.dooctor.online"
184.94.213.80 - - [06/Feb/2026:03:42:58 +0000] "GET /elementor/wp-content/uploads/2022/03/icon10.png HTTP/1.1" 301 178 "-" "WordPress/6.9.1; https://www.dooctor.online"
184.94.213.80 - - [06/Feb/2026:03:43:02 +0000] "GET /elementor/wp-content/uploads/2022/03/icon11.png HTTP/1.1" 301 178 "-" "WordPress/6.9.1; https://www.dooctor.online"
184.94.213.80 - - [06/Feb/2026:03:43:11 +0000] "GET /elementor/wp-content/uploads/2022/03/icon7.png HTTP/1.1" 301 178 "-" "WordPress/6.9.1; https://www.dooctor.online"
184.94.213.80 - - [06/Feb/2026:03:43:17 +0000] "GET /elementor/wp-content/uploads/2022/03/clinic-big-img.png HTTP/1.1" 301 178 "-" "WordPress/6.9.1; https://www.dooctor.online"
117.217.223.27 - - [06/Feb/2026:03:43:19 +0000] "GET /wp-json/contact-form-7/v1/contact-forms/5785/feedback/schema HTTP/1.1" 301 178 "-" "Mozilla/5.0 (Windows NT 10.0; Win64; x64) AppleWebKit/537.36 (KHTML, like Gecko) Chrome/144.0.0.0 Safari/537.36 Edg/144.0.0.0"
184.94.213.80 - - [06/Feb/2026:03:43:22 +0000] "GET /elementor/wp-content/uploads/2022/03/banner-7.jpg HTTP/1.1" 301 178 "-" "WordPress/6.9.1; https://www.dooctor.online"
184.94.213.80 - - [06/Feb/2026:03:43:26 +0000] "GET /elementor/wp-content/uploads/2022/03/clinic-icon1.png HTTP/1.1" 301 178 "-" "WordPress/6.9.1; https://www.dooctor.online"
184.94.213.80 - - [06/Feb/2026:03:43:32 +0000] "GET /elementor/wp-content/uploads/2022/03/clinic-icon2.png HTTP/1.1" 301 178 "-" "WordPress/6.9.1; https://www.dooctor.online"
117.217.223.27 - - [06/Feb/2026:03:43:38 +0000] "GET /wp-json/contact-form-7/v1/contact-forms/5785/feedback/schema HTTP/1.1" 301 178 "-" "Mozilla/5.0 (Windows NT 10.0; Win64; x64) AppleWebKit/537.36 (KHTML, like Gecko) Chrome/144.0.0.0 Safari/537.36"
184.94.213.80 - - [06/Feb/2026:03:43:38 +0000] "GET /elementor/wp-content/uploads/2022/03/clinic-icon3.png HTTP/1.1" 301 178 "-" "WordPress/6.9.1; https://www.dooctor.online"
184.94.213.80 - - [06/Feb/2026:03:43:42 +0000] "GET /elementor/wp-content/uploads/2022/03/clinic-icon4.png HTTP/1.1" 301 178 "-" "WordPress/6.9.1; https://www.dooctor.online"
184.94.213.80 - - [06/Feb/2026:03:43:45 +0000] "GET /elementor/wp-content/uploads/2022/03/clinic-icon5.png HTTP/1.1" 301 178 "-" "WordPress/6.9.1; https://www.dooctor.online"
184.94.213.80 - - [06/Feb/2026:03:43:47 +0000] "GET /elementor/wp-content/uploads/2022/03/clinic-icon6.png HTTP/1.1" 301 178 "-" "WordPress/6.9.1; https://www.dooctor.online"
184.94.213.80 - - [06/Feb/2026:03:43:50 +0000] "GET /elementor/wp-content/uploads/2022/03/doctor-img2.png HTTP/1.1" 301 178 "-" "WordPress/6.9.1; https://www.dooctor.online"
184.94.213.80 - - [06/Feb/2026:03:43:52 +0000] "GET /elementor/wp-content/uploads/2022/03/doctor-bg1.jpg HTTP/1.1" 301 178 "-" "WordPress/6.9.1; https://www.dooctor.online"
184.94.213.80 - - [06/Feb/2026:03:43:54 +0000] "GET /elementor/wp-content/uploads/2022/03/urology.png HTTP/1.1" 301 178 "-" "WordPress/6.9.1; https://www.dooctor.online"
184.94.213.80 - - [06/Feb/2026:03:43:57 +0000] "GET /elementor/wp-content/uploads/2022/03/clinic-11.jpg HTTP/1.1" 301 178 "-" "WordPress/6.9.1; https://www.dooctor.online"
184.94.213.80 - - [06/Feb/2026:03:43:59 +0000] "GET /elementor/wp-content/uploads/2022/03/clinic-18-1.jpg HTTP/1.1" 301 178 "-" "WordPress/6.9.1; https://www.dooctor.online"
184.94.213.80 - - [06/Feb/2026:03:44:01 +0000] "GET /elementor/wp-content/uploads/2022/03/footer-logo.png HTTP/1.1" 301 178 "-" "WordPress/6.9.1; https://www.dooctor.online"
184.94.213.80 - - [06/Feb/2026:03:44:05 +0000] "GET /elementor/wp-content/uploads/2022/01/book-doctor-13.jpg HTTP/1.1" 301 178 "-" "WordPress/6.9.1; https://www.dooctor.online"
104.28.215.132 - - [06/Feb/2026:03:44:07 +0000] "HEAD / HTTP/1.1" 301 0 "https://doccure-wp.dreamstechnologies.com/" "Mozilla/5.0 (Windows NT 10.0; Win64; x64) AppleWebKit/537.36 (KHTML, like Gecko) Chrome/91.0.4472.124 Safari/537.36"
184.94.213.80 - - [06/Feb/2026:03:44:07 +0000] "GET /elementor/wp-content/uploads/2022/03/book-doctor-14.jpg HTTP/1.1" 301 178 "-" "WordPress/6.9.1; https://www.dooctor.online"
184.94.213.80 - - [06/Feb/2026:03:44:09 +0000] "GET /elementor/wp-content/uploads/2022/01/book-doctor-10.jpg HTTP/1.1" 301 178 "-" "WordPress/6.9.1; https://www.dooctor.online"
184.94.213.80 - - [06/Feb/2026:03:44:12 +0000] "GET /elementor/wp-content/uploads/2022/01/book-doctor-11.jpg HTTP/1.1" 301 178 "-" "WordPress/6.9.1; https://www.dooctor.online"
184.94.213.80 - - [06/Feb/2026:03:44:14 +0000] "GET /elementor/wp-content/uploads/2022/03/clinic-3.jpg HTTP/1.1" 301 178 "-" "WordPress/6.9.1; https://www.dooctor.online"
184.94.213.80 - - [06/Feb/2026:03:44:17 +0000] "GET /elementor/wp-content/uploads/2022/03/clinic-3-1.jpg HTTP/1.1" 301 178 "-" "WordPress/6.9.1; https://www.dooctor.online"
184.94.213.80 - - [06/Feb/2026:03:44:19 +0000] "GET /elementor/wp-content/uploads/2022/04/shape-7.png HTTP/1.1" 301 178 "-" "WordPress/6.9.1; https://www.dooctor.online"
184.94.213.80 - - [06/Feb/2026:03:44:21 +0000] "GET /elementor/wp-content/uploads/2022/04/banner-img.png HTTP/1.1" 301 178 "-" "WordPress/6.9.1; https://www.dooctor.online"
184.94.213.80 - - [06/Feb/2026:03:44:24 +0000] "GET /elementor/wp-content/uploads/2022/04/banner-check.png HTTP/1.1" 301 178 "-" "WordPress/6.9.1; https://www.dooctor.online"
184.94.213.80 - - [06/Feb/2026:03:44:26 +0000] "GET /elementor/wp-content/uploads/2022/04/appoinment-img.png HTTP/1.1" 301 178 "-" "WordPress/6.9.1; https://www.dooctor.online"
184.94.213.80 - - [06/Feb/2026:03:44:29 +0000] "GET /elementor/wp-content/uploads/2022/04/phone-call.png HTTP/1.1" 301 178 "-" "WordPress/6.9.1; https://www.dooctor.online"
104.28.215.132 - - [06/Feb/2026:03:44:30 +0000] "POST /wp-login.php HTTP/1.1" 301 178 "https://www.google.com/" "Mozilla/5.0 (Windows NT 10.0; Win64; x64) AppleWebKit/537.36 (KHTML, like Gecko) Chrome/91.0.4472.124 Safari/537.36"
104.28.215.132 - - [06/Feb/2026:03:44:31 +0000] "POST /wp-login.php HTTP/1.1" 301 178 "https://doccure-wp.dreamstechnologies.com/wp-admin/" "Mozilla/5.0 (Windows NT 10.0; Win64; x64) AppleWebKit/537.36 (KHTML, like Gecko) Chrome/90.0.4430.85 Safari/537.36"
184.94.213.80 - - [06/Feb/2026:03:44:32 +0000] "GET /elementor/wp-content/uploads/2022/04/doctor-img.jpg HTTP/1.1" 301 178 "-" "WordPress/6.9.1; https://www.dooctor.online"
104.28.215.132 - - [06/Feb/2026:03:44:33 +0000] "GET /wp-admin/ HTTP/1.1" 301 178 "https://www.google.com/" "Mozilla/5.0 (Windows NT 10.0; Win64; x64) AppleWebKit/537.36 (KHTML, like Gecko) Chrome/91.0.4472.124 Safari/537.36"
184.94.213.80 - - [06/Feb/2026:03:44:34 +0000] "GET /elementor/wp-content/uploads/2022/05/book-doctor-12.jpg HTTP/1.1" 301 178 "-" "WordPress/6.9.1; https://www.dooctor.online"
104.28.215.132 - - [06/Feb/2026:03:44:36 +0000] "POST /xmlrpc.php HTTP/1.1" 301 178 "https://www.google.com/" "Mozilla/5.0 (Windows NT 10.0; Win64; x64) AppleWebKit/537.36 (KHTML, like Gecko) Chrome/91.0.4472.124 Safari/537.36"
184.94.213.80 - - [06/Feb/2026:03:44:36 +0000] "GET /elementor/wp-content/uploads/2022/05/book-doctor-11.jpg HTTP/1.1" 301 178 "-" "WordPress/6.9.1; https://www.dooctor.online"
104.28.215.132 - - [06/Feb/2026:03:44:38 +0000] "GET /administrator/index.php HTTP/1.1" 301 178 "https://www.google.com/" "Mozilla/5.0 (Windows NT 10.0; Win64; x64) AppleWebKit/537.36 (KHTML, like Gecko) Chrome/91.0.4472.124 Safari/537.36"
184.94.213.80 - - [06/Feb/2026:03:44:39 +0000] "GET /elementor/wp-content/uploads/2022/05/book-doctor-10.jpg HTTP/1.1" 301 178 "-" "WordPress/6.9.1; https://www.dooctor.online"
184.94.213.80 - - [06/Feb/2026:03:44:41 +0000] "GET /elementor/wp-content/uploads/2022/05/doctor-thumb-08.jpg HTTP/1.1" 301 178 "-" "WordPress/6.9.1; https://www.dooctor.online"
184.94.213.80 - - [06/Feb/2026:03:44:44 +0000] "GET /elementor/wp-content/uploads/2022/05/img-pharmacylab.jpg HTTP/1.1" 301 178 "-" "WordPress/6.9.1; https://www.dooctor.online"
184.94.213.80 - - [06/Feb/2026:03:44:46 +0000] "GET /elementor/wp-content/uploads/2022/05/lab-image-1.jpg HTTP/1.1" 301 178 "-" "WordPress/6.9.1; https://www.dooctor.online"
184.94.213.80 - - [06/Feb/2026:03:44:50 +0000] "GET /elementor/wp-content/uploads/2022/06/13-410x260.png HTTP/1.1" 301 178 "-" "WordPress/6.9.1; https://www.dooctor.online"
184.94.213.80 - - [06/Feb/2026:03:44:53 +0000] "GET /elementor/wp-content/uploads/2022/06/feature-01-1.jpg HTTP/1.1" 301 178 "-" "WordPress/6.9.1; https://www.dooctor.online"
184.94.213.80 - - [06/Feb/2026:03:44:55 +0000] "GET /elementor/wp-content/uploads/2022/06/feature-02-1.jpg HTTP/1.1" 301 178 "-" "WordPress/6.9.1; https://www.dooctor.online"
184.94.213.80 - - [06/Feb/2026:03:44:59 +0000] "GET /elementor/wp-content/uploads/2022/06/feature-03-1.jpg HTTP/1.1" 301 178 "-" "WordPress/6.9.1; https://www.dooctor.online"
184.94.213.80 - - [06/Feb/2026:03:45:02 +0000] "GET /elementor/wp-content/uploads/2022/06/feature-04-1.jpg HTTP/1.1" 301 178 "-" "WordPress/6.9.1; https://www.dooctor.online"
184.94.213.80 - - [06/Feb/2026:03:45:05 +0000] "GET /elementor/wp-content/uploads/2022/06/feature-01-1-1.jpg HTTP/1.1" 301 178 "-" "WordPress/6.9.1; https://www.dooctor.online"
184.94.213.80 - - [06/Feb/2026:03:45:08 +0000] "GET /elementor/wp-content/uploads/2022/06/feature-02-1-1.jpg HTTP/1.1" 301 178 "-" "WordPress/6.9.1; https://www.dooctor.online"
184.94.213.80 - - [06/Feb/2026:03:45:12 +0000] "GET /elementor/wp-content/uploads/2022/06/feature-03-1-1.jpg HTTP/1.1" 301 178 "-" "WordPress/6.9.1; https://www.dooctor.online"
184.94.213.80 - - [06/Feb/2026:03:45:16 +0000] "GET /elementor/wp-content/uploads/2022/06/feature-04-1-1.jpg HTTP/1.1" 301 178 "-" "WordPress/6.9.1; https://www.dooctor.online"
184.94.213.80 - - [06/Feb/2026:03:45:19 +0000] "GET /elementor/wp-content/uploads/2022/06/feature-01-2.jpg HTTP/1.1" 301 178 "-" "WordPress/6.9.1; https://www.dooctor.online"
184.94.213.80 - - [06/Feb/2026:03:45:23 +0000] "GET /elementor/wp-content/uploads/2022/06/feature-02-2.jpg HTTP/1.1" 301 178 "-" "WordPress/6.9.1; https://www.dooctor.online"
184.94.213.80 - - [06/Feb/2026:03:45:27 +0000] "GET /elementor/wp-content/uploads/2022/06/feature-03-2.jpg HTTP/1.1" 301 178 "-" "WordPress/6.9.1; https://www.dooctor.online"
184.94.213.80 - - [06/Feb/2026:03:45:29 +0000] "GET /elementor/wp-content/uploads/2022/06/feature-04-2.jpg HTTP/1.1" 301 178 "-" "WordPress/6.9.1; https://www.dooctor.online"
184.94.213.80 - - [06/Feb/2026:03:45:32 +0000] "GET /elementor/wp-content/uploads/2022/06/feature-01-2-1.jpg HTTP/1.1" 301 178 "-" "WordPress/6.9.1; https://www.dooctor.online"
184.94.213.80 - - [06/Feb/2026:03:45:35 +0000] "GET /elementor/wp-content/uploads/2022/06/feature-02-2-1.jpg HTTP/1.1" 301 178 "-" "WordPress/6.9.1; https://www.dooctor.online"
184.94.213.80 - - [06/Feb/2026:03:45:38 +0000] "GET /elementor/wp-content/uploads/2022/06/feature-03-2-1.jpg HTTP/1.1" 301 178 "-" "WordPress/6.9.1; https://www.dooctor.online"
184.94.213.80 - - [06/Feb/2026:03:45:41 +0000] "GET /elementor/wp-content/uploads/2022/06/feature-04-2-1.jpg HTTP/1.1" 301 178 "-" "WordPress/6.9.1; https://www.dooctor.online"
184.94.213.80 - - [06/Feb/2026:03:45:44 +0000] "GET /elementor/wp-content/uploads/woocommerce-placeholder.png HTTP/1.1" 301 178 "-" "WordPress/6.9.1; https://www.dooctor.online"
184.94.213.80 - - [06/Feb/2026:03:45:48 +0000] "GET /elementor/wp-content/uploads/2022/08/doctor-thumb-11.jpg HTTP/1.1" 301 178 "-" "WordPress/6.9.1; https://www.dooctor.online"
184.94.213.80 - - [06/Feb/2026:03:45:50 +0000] "GET /elementor/wp-content/uploads/2022/08/feature-01-1.jpg HTTP/1.1" 301 178 "-" "WordPress/6.9.1; https://www.dooctor.online"
184.94.213.80 - - [06/Feb/2026:03:45:54 +0000] "GET /elementor/wp-content/uploads/2022/08/feature-02-1.jpg HTTP/1.1" 301 178 "-" "WordPress/6.9.1; https://www.dooctor.online"
184.94.213.80 - - [06/Feb/2026:03:45:57 +0000] "GET /elementor/wp-content/uploads/2022/08/feature-03-1.jpg HTTP/1.1" 301 178 "-" "WordPress/6.9.1; https://www.dooctor.online"
184.94.213.80 - - [06/Feb/2026:03:45:59 +0000] "GET /elementor/wp-content/uploads/2022/08/feature-04-1.jpg HTTP/1.1" 301 178 "-" "WordPress/6.9.1; https://www.dooctor.online"
184.94.213.80 - - [06/Feb/2026:03:46:02 +0000] "GET /elementor/wp-content/uploads/2022/08/doctor-thumb-10.jpg HTTP/1.1" 301 178 "-" "WordPress/6.9.1; https://www.dooctor.online"
184.94.213.80 - - [06/Feb/2026:03:46:05 +0000] "GET /elementor/wp-content/uploads/2022/08/feature-01-1-1.jpg HTTP/1.1" 301 178 "-" "WordPress/6.9.1; https://www.dooctor.online"
184.94.213.80 - - [06/Feb/2026:03:46:11 +0000] "GET /elementor/wp-content/uploads/2022/08/feature-02-1-1.jpg HTTP/1.1" 301 178 "-" "WordPress/6.9.1; https://www.dooctor.online"
184.94.213.80 - - [06/Feb/2026:03:46:13 +0000] "GET /elementor/wp-content/uploads/2022/08/feature-03-1-1.jpg HTTP/1.1" 301 178 "-" "WordPress/6.9.1; https://www.dooctor.online"
184.94.213.80 - - [06/Feb/2026:03:46:15 +0000] "GET /elementor/wp-content/uploads/2022/08/feature-04-1-1.jpg HTTP/1.1" 301 178 "-" "WordPress/6.9.1; https://www.dooctor.online"
184.94.213.80 - - [06/Feb/2026:03:46:18 +0000] "GET /elementor/wp-content/uploads/2022/08/doctor-thumb-09.jpg HTTP/1.1" 301 178 "-" "WordPress/6.9.1; https://www.dooctor.online"
184.94.213.80 - - [06/Feb/2026:03:46:21 +0000] "GET /elementor/wp-content/uploads/2022/08/feature-01-2.jpg HTTP/1.1" 301 178 "-" "WordPress/6.9.1; https://www.dooctor.online"
184.94.213.80 - - [06/Feb/2026:03:46:23 +0000] "GET /elementor/wp-content/uploads/2022/08/feature-02-2.jpg HTTP/1.1" 301 178 "-" "WordPress/6.9.1; https://www.dooctor.online"
184.94.213.80 - - [06/Feb/2026:03:46:26 +0000] "GET /elementor/wp-content/uploads/2022/08/feature-03-2.jpg HTTP/1.1" 301 178 "-" "WordPress/6.9.1; https://www.dooctor.online"
184.94.213.80 - - [06/Feb/2026:03:46:28 +0000] "GET /elementor/wp-content/uploads/2022/08/feature-04-2.jpg HTTP/1.1" 301 178 "-" "WordPress/6.9.1; https://www.dooctor.online"
184.94.213.80 - - [06/Feb/2026:03:46:30 +0000] "GET /elementor/wp-content/uploads/2022/08/doctor-thumb-07.jpg HTTP/1.1" 301 178 "-" "WordPress/6.9.1; https://www.dooctor.online"
184.94.213.80 - - [06/Feb/2026:03:46:32 +0000] "GET /elementor/wp-content/uploads/2022/08/feature-01-2-1.jpg HTTP/1.1" 301 178 "-" "WordPress/6.9.1; https://www.dooctor.online"
35.173.69.86 - - [06/Feb/2026:03:47:12 +0000] "GET / HTTP/1.1" 301 178 "-" "FreshpingBot/1.0 (+https://freshping.io/)"
184.94.213.80 - - [06/Feb/2026:03:47:34 +0000] "GET /elementor/wp-content/uploads/2022/08/feature-02-2-1.jpg HTTP/1.1" 301 178 "-" "WordPress/6.9.1; https://www.dooctor.online"
