165.245.190.0 - - [23/Feb/2026:13:32:07 +0000] "POST /wp-login.php HTTP/1.1" 200 2493 "https://dev-dreamsrent-wp.dreamstechnologies.com/wp-login.php" "Mozilla/5.0 (Windows NT 10.0; Win64; x64) AppleWebKit/537.36 (KHTML, like Gecko) Chrome/118.0.0.0 Safari/537.36"
165.245.190.0 - - [23/Feb/2026:13:32:08 +0000] "GET /wp-admin/index.php HTTP/1.1" 302 5 "https://dev-dreamsrent-wp.dreamstechnologies.com/wp-login.php" "Mozilla/5.0 (Macintosh; Intel Mac OS X 10_15_7; rv:121.0) Gecko/20100101 Firefox/121.0"
165.245.190.0 - - [23/Feb/2026:13:32:09 +0000] "GET /wp-login.php?redirect_to=https%3A%2F%2Fdev-dreamsrent-wp.dreamstechnologies.com%2Fwp-admin%2Findex.php&reauth=1 HTTP/1.1" 200 2421 "https://dev-dreamsrent-wp.dreamstechnologies.com/wp-login.php" "Mozilla/5.0 (Macintosh; Intel Mac OS X 10_15_7; rv:121.0) Gecko/20100101 Firefox/121.0"
165.245.190.0 - - [23/Feb/2026:13:32:10 +0000] "POST /wp-login.php HTTP/1.1" 200 2555 "https://dev-dreamsrent-wp.dreamstechnologies.com/wp-login.php" "Mozilla/5.0 (X11; Linux x86_64) AppleWebKit/537.36 (KHTML, like Gecko) Chrome/119.0.0.0 Safari/537.36"
165.245.190.0 - - [23/Feb/2026:13:32:11 +0000] "GET /wp-admin/index.php HTTP/1.1" 302 5 "https://dev-dreamsrent-wp.dreamstechnologies.com/wp-login.php" "Mozilla/5.0 (Macintosh; Intel Mac OS X 13_6_1) AppleWebKit/605.1.15 (KHTML, like Gecko) Version/17.1 Safari/605.1.15"
165.245.190.0 - - [23/Feb/2026:13:32:13 +0000] "GET /wp-login.php?redirect_to=https%3A%2F%2Fdev-dreamsrent-wp.dreamstechnologies.com%2Fwp-admin%2Findex.php&reauth=1 HTTP/1.1" 200 2421 "https://dev-dreamsrent-wp.dreamstechnologies.com/wp-login.php" "Mozilla/5.0 (Macintosh; Intel Mac OS X 13_6_1) AppleWebKit/605.1.15 (KHTML, like Gecko) Version/17.1 Safari/605.1.15"
165.245.190.0 - - [23/Feb/2026:13:32:14 +0000] "POST /wp-login.php HTTP/1.1" 200 2555 "https://dev-dreamsrent-wp.dreamstechnologies.com/wp-login.php" "Mozilla/5.0 (Macintosh; Intel Mac OS X 13_6_1) AppleWebKit/537.36 (KHTML, like Gecko) Chrome/120.0.0.0 Safari/537.36"
165.245.190.0 - - [23/Feb/2026:13:32:15 +0000] "GET /wp-admin/index.php HTTP/1.1" 302 5 "https://dev-dreamsrent-wp.dreamstechnologies.com/wp-login.php" "Mozilla/5.0 (X11; Linux x86_64) AppleWebKit/537.36 (KHTML, like Gecko) Chrome/120.0.0.0 Safari/537.36"
165.245.190.0 - - [23/Feb/2026:13:32:16 +0000] "GET /wp-login.php?redirect_to=https%3A%2F%2Fdev-dreamsrent-wp.dreamstechnologies.com%2Fwp-admin%2Findex.php&reauth=1 HTTP/1.1" 200 2421 "https://dev-dreamsrent-wp.dreamstechnologies.com/wp-login.php" "Mozilla/5.0 (X11; Linux x86_64) AppleWebKit/537.36 (KHTML, like Gecko) Chrome/120.0.0.0 Safari/537.36"
165.245.190.0 - - [23/Feb/2026:13:32:18 +0000] "POST /wp-login.php HTTP/1.1" 200 2555 "https://dev-dreamsrent-wp.dreamstechnologies.com/wp-login.php" "Mozilla/5.0 (Windows NT 10.0; Win64; x64) AppleWebKit/537.36 (KHTML, like Gecko) Chrome/121.0.0.0 Safari/537.36"
165.245.190.0 - - [23/Feb/2026:13:32:19 +0000] "GET /wp-admin/index.php HTTP/1.1" 302 5 "https://dev-dreamsrent-wp.dreamstechnologies.com/wp-login.php" "Mozilla/5.0 (Windows NT 11.0; Win64; x64) AppleWebKit/537.36 (KHTML, like Gecko) Chrome/118.0.0.0 Safari/537.36"
165.245.190.0 - - [23/Feb/2026:13:32:20 +0000] "GET /wp-login.php?redirect_to=https%3A%2F%2Fdev-dreamsrent-wp.dreamstechnologies.com%2Fwp-admin%2Findex.php&reauth=1 HTTP/1.1" 200 2421 "https://dev-dreamsrent-wp.dreamstechnologies.com/wp-login.php" "Mozilla/5.0 (Windows NT 11.0; Win64; x64) AppleWebKit/537.36 (KHTML, like Gecko) Chrome/118.0.0.0 Safari/537.36"
165.245.190.0 - - [23/Feb/2026:13:32:22 +0000] "POST /wp-login.php HTTP/1.1" 200 2555 "https://dev-dreamsrent-wp.dreamstechnologies.com/wp-login.php" "Mozilla/5.0 (Windows NT 10.0; Win64; x64; rv:118.0) Gecko/20100101 Firefox/118.0"
165.245.190.0 - - [23/Feb/2026:13:32:23 +0000] "GET /wp-admin/index.php HTTP/1.1" 302 5 "https://dev-dreamsrent-wp.dreamstechnologies.com/wp-login.php" "Mozilla/5.0 (Macintosh; Intel Mac OS X 13_6_1; rv:118.0) Gecko/20100101 Firefox/118.0"
165.245.190.0 - - [23/Feb/2026:13:32:24 +0000] "GET /wp-login.php?redirect_to=https%3A%2F%2Fdev-dreamsrent-wp.dreamstechnologies.com%2Fwp-admin%2Findex.php&reauth=1 HTTP/1.1" 200 2421 "https://dev-dreamsrent-wp.dreamstechnologies.com/wp-login.php" "Mozilla/5.0 (Macintosh; Intel Mac OS X 13_6_1; rv:118.0) Gecko/20100101 Firefox/118.0"
165.245.190.0 - - [23/Feb/2026:13:32:25 +0000] "POST /wp-login.php HTTP/1.1" 200 2555 "https://dev-dreamsrent-wp.dreamstechnologies.com/wp-login.php" "Mozilla/5.0 (Windows NT 11.0; Win64; x64) AppleWebKit/537.36 (KHTML, like Gecko) Chrome/120.0.0.0 Safari/537.36"
165.245.190.0 - - [23/Feb/2026:13:32:26 +0000] "GET /wp-admin/index.php HTTP/1.1" 302 5 "https://dev-dreamsrent-wp.dreamstechnologies.com/wp-login.php" "Mozilla/5.0 (X11; Linux x86_64) AppleWebKit/537.36 (KHTML, like Gecko) Chrome/121.0.0.0 Safari/537.36"
165.245.190.0 - - [23/Feb/2026:13:32:28 +0000] "GET /wp-login.php?redirect_to=https%3A%2F%2Fdev-dreamsrent-wp.dreamstechnologies.com%2Fwp-admin%2Findex.php&reauth=1 HTTP/1.1" 200 2421 "https://dev-dreamsrent-wp.dreamstechnologies.com/wp-login.php" "Mozilla/5.0 (X11; Linux x86_64) AppleWebKit/537.36 (KHTML, like Gecko) Chrome/121.0.0.0 Safari/537.36"
165.245.190.0 - - [23/Feb/2026:13:32:29 +0000] "POST /wp-login.php HTTP/1.1" 200 2555 "https://dev-dreamsrent-wp.dreamstechnologies.com/wp-login.php" "Mozilla/5.0 (X11; Ubuntu; Linux x86_64) AppleWebKit/537.36 (KHTML, like Gecko) Chrome/118.0.0.0 Safari/537.36"
172.187.168.139 - - [23/Feb/2026:13:32:30 +0000] "POST /wp-cron.php?doing_wp_cron=1771853550.7093210220336914062500 HTTP/1.1" 200 31 "-" "WordPress/6.9; https://dev-dreamsrent-wp.dreamstechnologies.com"
165.245.190.0 - - [23/Feb/2026:13:32:30 +0000] "GET /wp-admin/index.php HTTP/1.1" 302 5 "https://dev-dreamsrent-wp.dreamstechnologies.com/wp-login.php" "Mozilla/5.0 (Windows NT 10.0; Win64; x64; rv:118.0) Gecko/20100101 Firefox/118.0"
165.245.190.0 - - [23/Feb/2026:13:32:31 +0000] "GET /wp-login.php?redirect_to=https%3A%2F%2Fdev-dreamsrent-wp.dreamstechnologies.com%2Fwp-admin%2Findex.php&reauth=1 HTTP/1.1" 200 2421 "https://dev-dreamsrent-wp.dreamstechnologies.com/wp-login.php" "Mozilla/5.0 (Windows NT 10.0; Win64; x64; rv:118.0) Gecko/20100101 Firefox/118.0"
165.245.190.0 - - [23/Feb/2026:13:32:33 +0000] "POST /wp-login.php HTTP/1.1" 200 2555 "https://dev-dreamsrent-wp.dreamstechnologies.com/wp-login.php" "Mozilla/5.0 (Macintosh; Intel Mac OS X 10_15_7) AppleWebKit/537.36 (KHTML, like Gecko) Chrome/119.0.0.0 Safari/537.36"
165.245.190.0 - - [23/Feb/2026:13:32:34 +0000] "GET /wp-admin/index.php HTTP/1.1" 302 5 "https://dev-dreamsrent-wp.dreamstechnologies.com/wp-login.php" "Mozilla/5.0 (Windows NT 10.0; Win64; x64) AppleWebKit/537.36 (KHTML, like Gecko) Chrome/121.0.0.0 Safari/537.36"
165.245.190.0 - - [23/Feb/2026:13:32:35 +0000] "GET /wp-login.php?redirect_to=https%3A%2F%2Fdev-dreamsrent-wp.dreamstechnologies.com%2Fwp-admin%2Findex.php&reauth=1 HTTP/1.1" 200 2421 "https://dev-dreamsrent-wp.dreamstechnologies.com/wp-login.php" "Mozilla/5.0 (Windows NT 10.0; Win64; x64) AppleWebKit/537.36 (KHTML, like Gecko) Chrome/121.0.0.0 Safari/537.36"
165.245.190.0 - - [23/Feb/2026:13:32:36 +0000] "POST /wp-login.php HTTP/1.1" 200 2555 "https://dev-dreamsrent-wp.dreamstechnologies.com/wp-login.php" "Mozilla/5.0 (Macintosh; Intel Mac OS X 13_6_1; rv:119.0) Gecko/20100101 Firefox/119.0"
165.245.190.0 - - [23/Feb/2026:13:32:38 +0000] "GET /wp-admin/index.php HTTP/1.1" 302 5 "https://dev-dreamsrent-wp.dreamstechnologies.com/wp-login.php" "Mozilla/5.0 (Windows NT 11.0; Win64; x64) AppleWebKit/537.36 (KHTML, like Gecko) Chrome/118.0.0.0 Safari/537.36"
165.245.190.0 - - [23/Feb/2026:13:32:39 +0000] "GET /wp-login.php?redirect_to=https%3A%2F%2Fdev-dreamsrent-wp.dreamstechnologies.com%2Fwp-admin%2Findex.php&reauth=1 HTTP/1.1" 200 2421 "https://dev-dreamsrent-wp.dreamstechnologies.com/wp-login.php" "Mozilla/5.0 (Windows NT 11.0; Win64; x64) AppleWebKit/537.36 (KHTML, like Gecko) Chrome/118.0.0.0 Safari/537.36"
165.245.190.0 - - [23/Feb/2026:13:32:40 +0000] "POST /wp-login.php HTTP/1.1" 200 2581 "https://dev-dreamsrent-wp.dreamstechnologies.com/wp-login.php" "Mozilla/5.0 (Macintosh; Intel Mac OS X 13_6_1) AppleWebKit/537.36 (KHTML, like Gecko) Chrome/120.0.0.0 Safari/537.36"
165.245.190.0 - - [23/Feb/2026:13:32:41 +0000] "GET /wp-admin/index.php HTTP/1.1" 302 5 "https://dev-dreamsrent-wp.dreamstechnologies.com/wp-login.php" "Mozilla/5.0 (Macintosh; Intel Mac OS X 13_6_1) AppleWebKit/537.36 (KHTML, like Gecko) Chrome/120.0.0.0 Safari/537.36"
165.245.190.0 - - [23/Feb/2026:13:32:42 +0000] "GET /wp-login.php?redirect_to=https%3A%2F%2Fdev-dreamsrent-wp.dreamstechnologies.com%2Fwp-admin%2Findex.php&reauth=1 HTTP/1.1" 200 2421 "https://dev-dreamsrent-wp.dreamstechnologies.com/wp-login.php" "Mozilla/5.0 (Macintosh; Intel Mac OS X 13_6_1) AppleWebKit/537.36 (KHTML, like Gecko) Chrome/120.0.0.0 Safari/537.36"
172.187.168.139 - - [23/Feb/2026:13:42:40 +0000] "POST /wp-cron.php?doing_wp_cron=1771854159.9796769618988037109375 HTTP/1.1" 200 31 "-" "WordPress/6.9; https://dev-dreamsrent-wp.dreamstechnologies.com"
89.21.85.26 - - [23/Feb/2026:13:42:40 +0000] "GET /wp-login.php HTTP/1.1" 200 2407 "http://dev-dreamsrent-wp.dreamstechnologies.com/wp-admin/" "Mozilla/5.0 (Windows NT 10.0; Win64; x64) AppleWebKit/537.36 (KHTML, like Gecko) Chrome/90.0.4430.85 Safari/537.36"
89.21.85.26 - - [23/Feb/2026:13:42:42 +0000] "POST /wp-login.php HTTP/1.1" 200 2556 "http://dev-dreamsrent-wp.dreamstechnologies.com/wp-admin/" "Mozilla/5.0 (Windows NT 10.0; Win64; x64) AppleWebKit/537.36 (KHTML, like Gecko) Chrome/90.0.4430.85 Safari/537.36"
89.21.85.26 - - [23/Feb/2026:13:42:43 +0000] "GET /wp-admin/ HTTP/1.1" 302 5 "www.google.com" "Mozilla/5.0 (Windows NT 10.0; Win64; x64) AppleWebKit/537.36 (KHTML, like Gecko) Chrome/90.0.4430.85 Safari/537.36"
89.21.85.26 - - [23/Feb/2026:13:42:45 +0000] "GET /wp-login.php?redirect_to=https%3A%2F%2Fdev-dreamsrent-wp.dreamstechnologies.com%2Fwp-admin%2F&reauth=1 HTTP/1.1" 200 2414 "www.google.com" "Mozilla/5.0 (Windows NT 10.0; Win64; x64) AppleWebKit/537.36 (KHTML, like Gecko) Chrome/90.0.4430.85 Safari/537.36"
209.38.171.212 - - [23/Feb/2026:14:17:35 +0000] "GET /wp-content/plugins/rybuh/admin/views/includes/ HTTP/1.1" 200 200 "-" "Mozilla/5.0 (Macintosh; Intel Mac OS X 10_15_7) AppleWebKit/605.1.15 (KHTML, like Gecko) Version/26.2 Safari/605.1.15"
209.38.113.189 - - [23/Feb/2026:14:17:35 +0000] "GET /wp-content/plugins/rybuh/admin/views/includes/ HTTP/1.1" 200 200 "-" "Mozilla/5.0 (Macintosh; Intel Mac OS X 10_15_7) AppleWebKit/605.1.15 (KHTML, like Gecko) Version/26.2 Safari/605.1.15"
209.50.228.92 - - [23/Feb/2026:14:17:35 +0000] "GET /wp-content/plugins/rybuh/admin/views/includes/ HTTP/1.1" 200 200 "-" "Mozilla/5.0 (Macintosh; Intel Mac OS X 10_15_7) AppleWebKit/605.1.15 (KHTML, like Gecko) Version/26.2 Safari/605.1.15"
172.187.168.139 - - [23/Feb/2026:14:17:36 +0000] "POST /wp-cron.php?doing_wp_cron=1771856256.3059558868408203125000 HTTP/1.1" 200 31 "-" "WordPress/6.9; https://dev-dreamsrent-wp.dreamstechnologies.com"
209.38.171.212 - - [23/Feb/2026:14:17:36 +0000] "GET /favicon.ico HTTP/1.1" 302 5 "https://dev-dreamsrent-wp.dreamstechnologies.com/wp-content/plugins/rybuh/admin/views/includes/" "Mozilla/5.0 (Macintosh; Intel Mac OS X 10_15_7) AppleWebKit/605.1.15 (KHTML, like Gecko) Version/26.2 Safari/605.1.15"
209.38.171.212 - - [23/Feb/2026:14:17:36 +0000] "GET /wp-content/uploads/2024/03/cropped-logo-32x32.png HTTP/1.1" 200 1763 "https://dev-dreamsrent-wp.dreamstechnologies.com/wp-content/plugins/rybuh/admin/views/includes/" "Mozilla/5.0 (Macintosh; Intel Mac OS X 10_15_7) AppleWebKit/605.1.15 (KHTML, like Gecko) Version/26.2 Safari/605.1.15"
209.38.113.189 - - [23/Feb/2026:14:17:36 +0000] "GET /favicon.ico HTTP/1.1" 302 5 "https://dev-dreamsrent-wp.dreamstechnologies.com/wp-content/plugins/rybuh/admin/views/includes/" "Mozilla/5.0 (Macintosh; Intel Mac OS X 10_15_7) AppleWebKit/605.1.15 (KHTML, like Gecko) Version/26.2 Safari/605.1.15"
57.131.13.107 - - [23/Feb/2026:14:17:36 +0000] "GET /wp-content/plugins/rybuh/admin/views/includes/ HTTP/1.1" 200 200 "-" "Mozilla/5.0 (Macintosh; Intel Mac OS X 10_15_7) AppleWebKit/605.1.15 (KHTML, like Gecko) Version/26.2 Safari/605.1.15"
209.38.113.189 - - [23/Feb/2026:14:17:36 +0000] "GET /wp-content/uploads/2024/03/cropped-logo-32x32.png HTTP/1.1" 200 1763 "https://dev-dreamsrent-wp.dreamstechnologies.com/wp-content/plugins/rybuh/admin/views/includes/" "Mozilla/5.0 (Macintosh; Intel Mac OS X 10_15_7) AppleWebKit/605.1.15 (KHTML, like Gecko) Version/26.2 Safari/605.1.15"
209.50.228.92 - - [23/Feb/2026:14:17:37 +0000] "GET /favicon.ico HTTP/1.1" 302 5 "https://dev-dreamsrent-wp.dreamstechnologies.com/wp-content/plugins/rybuh/admin/views/includes/" "Mozilla/5.0 (Macintosh; Intel Mac OS X 10_15_7) AppleWebKit/605.1.15 (KHTML, like Gecko) Version/26.2 Safari/605.1.15"
209.50.228.92 - - [23/Feb/2026:14:17:38 +0000] "GET /wp-content/uploads/2024/03/cropped-logo-32x32.png HTTP/1.1" 200 1763 "https://dev-dreamsrent-wp.dreamstechnologies.com/wp-content/plugins/rybuh/admin/views/includes/" "Mozilla/5.0 (Macintosh; Intel Mac OS X 10_15_7) AppleWebKit/605.1.15 (KHTML, like Gecko) Version/26.2 Safari/605.1.15"
172.187.168.139 - - [23/Feb/2026:15:08:33 +0000] "POST /wp-cron.php?doing_wp_cron=1771859313.3220388889312744140625 HTTP/1.1" 200 31 "-" "WordPress/6.9; https://dev-dreamsrent-wp.dreamstechnologies.com"
84.233.167.141 - - [23/Feb/2026:15:08:33 +0000] "GET /wp-login.php HTTP/1.1" 200 2407 "http://dev-dreamsrent-wp.dreamstechnologies.com/wp-admin/" "Mozilla/5.0 (Windows NT 10.0; Win64; x64) AppleWebKit/537.36 (KHTML, like Gecko) Chrome/90.0.4430.85 Safari/537.36"
84.233.167.141 - - [23/Feb/2026:15:08:35 +0000] "GET /wp-admin/ HTTP/1.1" 302 5 "www.google.com" "Mozilla/5.0 (Windows NT 10.0; Win64; x64) AppleWebKit/537.36 (KHTML, like Gecko) Chrome/90.0.4430.85 Safari/537.36"
84.233.167.141 - - [23/Feb/2026:15:08:36 +0000] "GET /wp-login.php?redirect_to=https%3A%2F%2Fdev-dreamsrent-wp.dreamstechnologies.com%2Fwp-admin%2F&reauth=1 HTTP/1.1" 200 2414 "www.google.com" "Mozilla/5.0 (Windows NT 10.0; Win64; x64) AppleWebKit/537.36 (KHTML, like Gecko) Chrome/90.0.4430.85 Safari/537.36"
172.187.168.139 - - [23/Feb/2026:15:28:13 +0000] "POST /wp-cron.php?doing_wp_cron=1771860493.5787730216979980468750 HTTP/1.1" 200 31 "-" "WordPress/6.9; https://dev-dreamsrent-wp.dreamstechnologies.com"
66.249.70.33 - - [23/Feb/2026:15:28:13 +0000] "GET /toyota-camry-se-350/ HTTP/1.1" 200 18247 "-" "Mozilla/5.0 (Linux; Android 6.0.1; Nexus 5X Build/MMB29P) AppleWebKit/537.36 (KHTML, like Gecko) Chrome/144.0.7559.132 Mobile Safari/537.36 (compatible; Googlebot/2.1; +http://www.google.com/bot.html)"
192.166.246.13 - - [23/Feb/2026:15:31:42 +0000] "GET /wp-content/plugins/wp-mail-logging/vendor/composer/autoload_psr5.php HTTP/1.1" 404 196 "-" "Mozilla/5.0 (X11; Linux x86_64) AppleWebKit/537.36 (KHTML, like Gecko) Chrome/144.0.0.0 Safari/537.36"
172.187.168.139 - - [23/Feb/2026:15:31:44 +0000] "POST /wp-cron.php?doing_wp_cron=1771860704.5032269954681396484375 HTTP/1.1" 200 31 "-" "WordPress/6.9; https://dev-dreamsrent-wp.dreamstechnologies.com"
192.166.246.13 - - [23/Feb/2026:15:31:44 +0000] "GET /favicon.ico HTTP/1.1" 302 5 "https://dev-dreamsrent-wp.dreamstechnologies.com/wp-content/plugins/wp-mail-logging/vendor/composer/autoload_psr5.php" "Mozilla/5.0 (X11; Linux x86_64) AppleWebKit/537.36 (KHTML, like Gecko) Chrome/144.0.0.0 Safari/537.36"
192.166.246.13 - - [23/Feb/2026:15:31:45 +0000] "GET /wp-content/uploads/2024/03/cropped-logo-32x32.png HTTP/1.1" 200 1763 "https://dev-dreamsrent-wp.dreamstechnologies.com/wp-content/plugins/wp-mail-logging/vendor/composer/autoload_psr5.php" "Mozilla/5.0 (X11; Linux x86_64) AppleWebKit/537.36 (KHTML, like Gecko) Chrome/144.0.0.0 Safari/537.36"
192.166.246.13 - - [23/Feb/2026:15:31:49 +0000] "GET /wp-content/uploads/redux/user-data.php?system_access=gatekeeper HTTP/1.1" 404 196 "-" "Mozilla/5.0 (X11; Linux x86_64) AppleWebKit/537.36 (KHTML, like Gecko) Chrome/144.0.0.0 Safari/537.36"
66.249.70.39 - - [23/Feb/2026:16:38:05 +0000] "GET /wp-content/uploads/2023/12/blog-list-01-1.jpg HTTP/1.1" 200 138171 "-" "Googlebot-Image/1.0"
172.187.168.139 - - [23/Feb/2026:16:52:40 +0000] "POST /wp-cron.php?doing_wp_cron=1771865560.1465420722961425781250 HTTP/1.1" 200 31 "-" "WordPress/6.9; https://dev-dreamsrent-wp.dreamstechnologies.com"
110.137.38.87 - - [23/Feb/2026:16:52:40 +0000] "POST /wp-login.php HTTP/1.1" 200 2556 "https://dev-dreamsrent-wp.dreamstechnologies.com/wp-admin/" "Mozilla/5.0 (Windows NT 10.0; Win64; x64) AppleWebKit/537.36 (KHTML, like Gecko) Chrome/90.0.4430.85 Safari/537.36"
172.187.168.139 - - [23/Feb/2026:18:26:23 +0000] "POST /wp-cron.php?doing_wp_cron=1771871183.1419129371643066406250 HTTP/1.1" 200 31 "-" "WordPress/6.9; https://dev-dreamsrent-wp.dreamstechnologies.com"
203.18.218.75 - - [23/Feb/2026:18:26:23 +0000] "GET /wp-login.php HTTP/1.1" 200 2407 "-" "Mozilla/5.0 (X11; Linux x86_64) AppleWebKit/537.36 (KHTML, like Gecko) Chrome/134.0.0.0 Safari/537.36"
203.18.218.75 - - [23/Feb/2026:18:26:24 +0000] "POST /wp-login.php HTTP/1.1" 200 2551 "-" "Mozilla/5.0 (X11; Linux x86_64) AppleWebKit/537.36 (KHTML, like Gecko) Chrome/134.0.0.0 Safari/537.36"
203.18.218.75 - - [23/Feb/2026:18:26:25 +0000] "GET /wp-admin/ HTTP/1.1" 302 5 "-" "Mozilla/5.0 (X11; Linux x86_64) AppleWebKit/537.36 (KHTML, like Gecko) Chrome/134.0.0.0 Safari/537.36"
203.18.218.75 - - [23/Feb/2026:18:26:26 +0000] "GET /wp-login.php?redirect_to=https%3A%2F%2Fdev-dreamsrent-wp.dreamstechnologies.com%2Fwp-admin%2F&reauth=1 HTTP/1.1" 200 2414 "-" "Mozilla/5.0 (X11; Linux x86_64) AppleWebKit/537.36 (KHTML, like Gecko) Chrome/134.0.0.0 Safari/537.36"
172.187.168.139 - - [23/Feb/2026:18:26:27 +0000] "POST /wp-admin/admin-ajax.php?action=wp_1_wc_privacy_cleanup&nonce=d0d0743ee7 HTTP/1.1" 200 31 "-" "WordPress/6.9; https://dev-dreamsrent-wp.dreamstechnologies.com"
172.187.168.139 - - [23/Feb/2026:18:45:09 +0000] "POST /wp-cron.php?doing_wp_cron=1771872309.3478391170501708984375 HTTP/1.1" 200 31 "-" "WordPress/6.9; https://dev-dreamsrent-wp.dreamstechnologies.com"
2400:9800:30f:45e5:1896:f2a2:d4cd:2d96 - - [23/Feb/2026:18:45:09 +0000] "GET /wp-login.php HTTP/1.1" 200 2407 "https://dev-dreamsrent-wp.dreamstechnologies.com/wp-login.php" "Mozilla/5.0 (Linux; Android 10; K) AppleWebKit/537.36 (KHTML, like Gecko) Chrome/120.0.0.0 Mobile Safari/537.36"
2400:9800:30f:45e5:1896:f2a2:d4cd:2d96 - - [23/Feb/2026:18:45:11 +0000] "POST /wp-login.php HTTP/1.1" 200 2556 "https://dev-dreamsrent-wp.dreamstechnologies.com/wp-login.php" "Mozilla/5.0 (Linux; Android 10; K) AppleWebKit/537.36 (KHTML, like Gecko) Chrome/120.0.0.0 Mobile Safari/537.36"
45.154.98.121 - - [23/Feb/2026:19:07:36 +0000] "POST /wp-plain.php HTTP/1.1" 404 196 "www.google.com" "Mozilla/5.0 (Linux; Android 7.0; SM-G892A Bulid/NRD90M; wv) AppleWebKit/537.36 (KHTML, like Gecko) Version/4.0 Chrome/60.0.3112.107 Moblie Safari/537.36"
45.154.98.121 - - [23/Feb/2026:19:07:36 +0000] "GET /wp-content/plugins/fix/up.php HTTP/1.1" 404 196 "-" "Mozilla/5.0 (Windows NT 10.0; Win64; x64) AppleWebKit/537.36 (KHTML, like Gecko) Chrome/85.0.4183.102 Safari/537.36"
45.154.98.121 - - [23/Feb/2026:19:07:36 +0000] "GET /thoggvzl.php?Fox=d3wL7 HTTP/1.1" 404 196 "www.google.com" "Mozilla/5.0 (Linux; Android 7.0; SM-G892A Bulid/NRD90M; wv) AppleWebKit/537.36 (KHTML, like Gecko) Version/4.0 Chrome/60.0.3112.107 Moblie Safari/537.36"
45.55.210.162 - - [23/Feb/2026:21:05:14 +0000] "GET /wp-content/plugins/pwnd/pwnd.php HTTP/1.1" 500 5 "-" "Mozilla/5.0 (Linux; Android 7.0; SM-G892A Build/NRD90M; wv) AppleWebKit/537.36 (KHTML, like Gecko) Version/4.0 Chrome/60.0.3112.107 Mobile Safari/537.36"
45.55.210.162 - - [23/Feb/2026:21:05:14 +0000] "GET /wp-content/plugins/pwnd-1/pwnd.php HTTP/1.1" 404 196 "-" "Mozilla/5.0 (Linux; Android 7.0; SM-G892A Build/NRD90M; wv) AppleWebKit/537.36 (KHTML, like Gecko) Version/4.0 Chrome/60.0.3112.107 Mobile Safari/537.36"
45.55.210.162 - - [23/Feb/2026:21:05:15 +0000] "GET /wp-content/plugins/pwnd-2/pwnd.php HTTP/1.1" 500 5 "-" "Mozilla/5.0 (Linux; Android 7.0; SM-G892A Build/NRD90M; wv) AppleWebKit/537.36 (KHTML, like Gecko) Version/4.0 Chrome/60.0.3112.107 Mobile Safari/537.36"
45.55.210.162 - - [23/Feb/2026:21:05:15 +0000] "GET /wp-content/plugins/fix/up.php HTTP/1.1" 404 196 "-" "Mozilla/5.0 (Linux; Android 7.0; SM-G892A Build/NRD90M; wv) AppleWebKit/537.36 (KHTML, like Gecko) Version/4.0 Chrome/60.0.3112.107 Mobile Safari/537.36"