File: //var/log/nginx/companiesonthego-uk_access.log.1
172.187.168.139 - - [23/Feb/2026:00:02:55 +0000] "POST /wp-cron.php?doing_wp_cron=1771804975.3272199630737304687500 HTTP/1.1" 200 31 "-" "WordPress/6.7.1; https://companiesonthego.uk"
137.135.190.253 - - [23/Feb/2026:00:02:55 +0000] "GET /companies-house-late-filing-penalties-2026-how-much-youll-pay-how-to-avoid-them/ HTTP/1.1" 200 26003 "-" "Mozilla/5.0 AppleWebKit/537.36 (KHTML, like Gecko); compatible; ChatGPT-User/1.0; +https://openai.com/bot"
172.187.168.139 - - [23/Feb/2026:00:12:54 +0000] "POST /wp-cron.php?doing_wp_cron=1771805574.2768430709838867187500 HTTP/1.1" 200 31 "-" "WordPress/6.7.1; https://companiesonthego.uk"
176.28.135.27 - - [23/Feb/2026:00:12:54 +0000] "GET /robots.txt HTTP/1.1" 200 401 "-" "Mozilla/5.0 (Windows NT 10.0; Win64; x64) AppleWebKit/537.36 (KHTML, like Gecko) Chrome/114.0.0.0 Safari/537.36 Edg/114.0.1823.43"
172.187.168.139 - - [23/Feb/2026:00:25:06 +0000] "POST /wp-cron.php?doing_wp_cron=1771806306.4296319484710693359375 HTTP/1.1" 200 31 "-" "WordPress/6.7.1; https://companiesonthego.uk"
114.119.142.72 - - [23/Feb/2026:00:25:06 +0000] "GET /first-time-director-your-complete-companies-house-filing-calendar-2026/ HTTP/1.1" 200 26068 "https://companiesonthego.uk/category/uncategorized/page/2/" "Mozilla/5.0 (Linux; Android 7.0;) AppleWebKit/537.36 (KHTML, like Gecko) Mobile Safari/537.36 (compatible; PetalBot;+https://webmaster.petalsearch.com/site/petalbot)"
172.187.168.139 - - [23/Feb/2026:00:26:26 +0000] "POST /wp-cron.php?doing_wp_cron=1771806386.6588358879089355468750 HTTP/1.1" 200 31 "-" "WordPress/6.7.1; https://companiesonthego.uk"
114.119.150.9 - - [23/Feb/2026:00:26:26 +0000] "GET /avoid-late-penalties-companies-house-annual-accounts-and-confirmation-statement-deadlines-2026/ HTTP/1.1" 200 27465 "https://companiesonthego.uk/blog/page/5/" "Mozilla/5.0 (Linux; Android 7.0;) AppleWebKit/537.36 (KHTML, like Gecko) Mobile Safari/537.36 (compatible; PetalBot;+https://webmaster.petalsearch.com/site/petalbot)"
172.187.168.139 - - [23/Feb/2026:00:27:52 +0000] "POST /wp-cron.php?doing_wp_cron=1771806472.7034029960632324218750 HTTP/1.1" 200 31 "-" "WordPress/6.7.1; https://companiesonthego.uk"
2a03:2880:f800:4:: - - [23/Feb/2026:00:27:52 +0000] "GET /non-resident-directors-and-uk-tax-obligations-when-self-assessment-is-mandatory/ HTTP/1.1" 200 25690 "-" "meta-externalagent/1.1 (+https://developers.facebook.com/docs/sharing/webmasters/crawler)"
172.187.168.139 - - [23/Feb/2026:00:30:07 +0000] "POST /wp-cron.php?doing_wp_cron=1771806606.7991859912872314453125 HTTP/1.1" 200 31 "-" "WordPress/6.7.1; https://companiesonthego.uk"
23.98.142.190 - - [23/Feb/2026:00:30:07 +0000] "GET /companies-house-late-filing-penalties-2026-how-much-youll-pay-how-to-avoid-them/ HTTP/1.1" 200 25954 "-" "Mozilla/5.0 AppleWebKit/537.36 (KHTML, like Gecko); compatible; ChatGPT-User/1.0; +https://openai.com/bot"
172.187.168.139 - - [23/Feb/2026:00:48:22 +0000] "POST /wp-cron.php?doing_wp_cron=1771807702.1210069656372070312500 HTTP/1.1" 200 31 "-" "WordPress/6.7.1; https://companiesonthego.uk"
114.119.142.72 - - [23/Feb/2026:00:48:22 +0000] "GET /secure-gdpr-compliant-backups-protect-company-filing-data-for-covent-garden-virtual-offices/ HTTP/1.1" 200 26515 "https://companiesonthego.uk/category/uncategorized/page/2/" "Mozilla/5.0 (Linux; Android 7.0;) AppleWebKit/537.36 (KHTML, like Gecko) Mobile Safari/537.36 (compatible; PetalBot;+https://webmaster.petalsearch.com/site/petalbot)"
205.185.114.53 - - [23/Feb/2026:00:49:54 +0000] "GET /wp-login.php--Pluginsortheme--/wp-login.php/wp-login.php HTTP/1.1" 404 196 "-" "Mozilla/5.0 (compatible; MSIE 10.0; Windows NT 6.1; WOW64; Trident/6.0)"
172.187.168.139 - - [23/Feb/2026:00:50:49 +0000] "POST /wp-cron.php?doing_wp_cron=1771807849.1421890258789062500000 HTTP/1.1" 200 31 "-" "WordPress/6.7.1; https://companiesonthego.uk"
3.81.253.213 - - [23/Feb/2026:00:50:49 +0000] "GET /quarterly-tax-updates-under-mtd-a-simple-workflow-for-sole-traders/feed/ HTTP/1.1" 200 916 "-" "Mozilla/5.0 AppleWebKit/537.36 (KHTML, like Gecko; compatible; Amazonbot/0.1; +https://developer.amazon.com/support/amazonbot) Chrome/119.0.6045.214 Safari/537.36"
172.187.168.139 - - [23/Feb/2026:01:05:19 +0000] "POST /wp-cron.php?doing_wp_cron=1771808719.2708809375762939453125 HTTP/1.1" 200 31 "-" "WordPress/6.7.1; https://companiesonthego.uk"
2a03:2880:f800:1:: - - [23/Feb/2026:01:05:19 +0000] "GET /instant-overdue-filing-alerts-prevent-strike-off-for-covent-garden-startup-secretaries/ HTTP/1.1" 200 25934 "-" "meta-externalagent/1.1 (+https://developers.facebook.com/docs/sharing/webmasters/crawler)"
172.187.168.139 - - [23/Feb/2026:01:08:55 +0000] "POST /wp-cron.php?doing_wp_cron=1771808935.5078310966491699218750 HTTP/1.1" 200 31 "-" "WordPress/6.7.1; https://companiesonthego.uk"
172.183.222.129 - - [23/Feb/2026:01:08:55 +0000] "GET /companies-house-late-filing-penalties-2026-how-much-youll-pay-how-to-avoid-them/ HTTP/1.1" 200 25900 "-" "Mozilla/5.0 AppleWebKit/537.36 (KHTML, like Gecko); compatible; ChatGPT-User/1.0; +https://openai.com/bot"
172.187.168.139 - - [23/Feb/2026:01:16:52 +0000] "POST /wp-cron.php?doing_wp_cron=1771809412.6536929607391357421875 HTTP/1.1" 200 31 "-" "WordPress/6.7.1; https://companiesonthego.uk"
172.183.222.130 - - [23/Feb/2026:01:16:53 +0000] "GET /companies-house-annual-accounts-filing-deadline-2026-complete-guide-for-businesses/ HTTP/1.1" 200 27071 "-" "Mozilla/5.0 AppleWebKit/537.36 (KHTML, like Gecko); compatible; ChatGPT-User/1.0; +https://openai.com/bot"
172.187.168.139 - - [23/Feb/2026:01:18:33 +0000] "POST /wp-cron.php?doing_wp_cron=1771809513.3339130878448486328125 HTTP/1.1" 200 31 "-" "WordPress/6.7.1; https://companiesonthego.uk"
54.144.185.255 - - [23/Feb/2026:01:18:33 +0000] "GET /wp-json/wp/v2/posts/4064 HTTP/1.1" 200 21255 "-" "Mozilla/5.0 AppleWebKit/537.36 (KHTML, like Gecko; compatible; Amazonbot/0.1; +https://developer.amazon.com/support/amazonbot) Chrome/119.0.6045.214 Safari/537.36"
54.85.109.140 - - [23/Feb/2026:01:18:37 +0000] "GET /category/development/feed/ HTTP/1.1" 200 12896 "-" "Mozilla/5.0 AppleWebKit/537.36 (KHTML, like Gecko; compatible; Amazonbot/0.1; +https://developer.amazon.com/support/amazonbot) Chrome/119.0.6045.214 Safari/537.36"
172.187.168.139 - - [23/Feb/2026:01:22:31 +0000] "POST /wp-cron.php?doing_wp_cron=1771809751.8115499019622802734375 HTTP/1.1" 200 31 "-" "WordPress/6.7.1; https://companiesonthego.uk"
107.189.29.155 - - [23/Feb/2026:01:22:31 +0000] "GET /wp-login.php HTTP/1.1" 200 2192 "-" "Mozilla/5.0 (Macintosh; Intel Mac OS X 10_9_4) AppleWebKit/537.77.4 (KHTML, like Gecko) Version/7.0.5 Safari/537.77.4"
107.189.29.155 - - [23/Feb/2026:01:22:33 +0000] "POST /wp-login.php HTTP/1.1" 200 2354 "-" "Mozilla/5.0 (Macintosh; Intel Mac OS X 10_9_4) AppleWebKit/537.77.4 (KHTML, like Gecko) Version/7.0.5 Safari/537.77.4"
172.187.168.139 - - [23/Feb/2026:01:30:01 +0000] "POST /wp-cron.php?doing_wp_cron=1771810201.6958560943603515625000 HTTP/1.1" 200 31 "-" "WordPress/6.7.1; https://companiesonthego.uk"
2a03:2880:f800:20:: - - [23/Feb/2026:01:30:02 +0000] "GET /what-happens-if-your-company-gets-struck-off-companies-house-register-2026/ HTTP/1.1" 200 25947 "-" "meta-externalagent/1.1 (+https://developers.facebook.com/docs/sharing/webmasters/crawler)"
172.187.168.139 - - [23/Feb/2026:01:30:50 +0000] "POST /wp-cron.php?doing_wp_cron=1771810250.8530650138854980468750 HTTP/1.1" 200 31 "-" "WordPress/6.7.1; https://companiesonthego.uk"
34.31.148.64 - - [23/Feb/2026:01:30:51 +0000] "GET / HTTP/1.1" 200 30793 "-" "Mozilla/5.0 (compatible; DesignProbe/1.0)"
172.187.168.139 - - [23/Feb/2026:01:37:33 +0000] "POST /wp-cron.php?doing_wp_cron=1771810653.8643560409545898437500 HTTP/1.1" 200 31 "-" "WordPress/6.7.1; https://companiesonthego.uk"
107.189.29.155 - - [23/Feb/2026:01:37:33 +0000] "GET /wp-login.php HTTP/1.1" 200 2192 "-" "Mozilla/5.0 (Windows NT 6.3; WOW64; rv:30.0) Gecko/20100101 Firefox/30.0"
107.189.29.155 - - [23/Feb/2026:01:37:35 +0000] "POST /wp-login.php HTTP/1.1" 200 2362 "-" "Mozilla/5.0 (Windows NT 6.3; WOW64; rv:30.0) Gecko/20100101 Firefox/30.0"
172.187.168.139 - - [23/Feb/2026:01:42:05 +0000] "POST /wp-cron.php?doing_wp_cron=1771810925.7266891002655029296875 HTTP/1.1" 200 31 "-" "WordPress/6.7.1; https://companiesonthego.uk"
2a03:2880:f800:3:: - - [23/Feb/2026:01:42:05 +0000] "GET /test/ HTTP/1.1" 200 18503 "-" "meta-externalagent/1.1 (+https://developers.facebook.com/docs/sharing/webmasters/crawler)"
172.187.168.139 - - [23/Feb/2026:01:46:31 +0000] "POST /wp-cron.php?doing_wp_cron=1771811190.7792339324951171875000 HTTP/1.1" 200 31 "-" "WordPress/6.7.1; https://companiesonthego.uk"
20.169.78.125 - - [23/Feb/2026:01:46:31 +0000] "GET /companies-house-filing-deadlines-2026-essential-calendar-for-accountants-and-directors/ HTTP/1.1" 200 26698 "-" "Mozilla/5.0 AppleWebKit/537.36 (KHTML, like Gecko); compatible; ChatGPT-User/1.0; +https://openai.com/bot"
172.187.168.139 - - [23/Feb/2026:01:49:05 +0000] "POST /wp-cron.php?doing_wp_cron=1771811345.4027929306030273437500 HTTP/1.1" 200 31 "-" "WordPress/6.7.1; https://companiesonthego.uk"
2a03:2880:f800:1f:: - - [23/Feb/2026:01:49:05 +0000] "GET / HTTP/1.1" 200 30793 "-" "meta-externalagent/1.1 (+https://developers.facebook.com/docs/sharing/webmasters/crawler)"
172.187.168.139 - - [23/Feb/2026:01:51:36 +0000] "POST /wp-cron.php?doing_wp_cron=1771811496.7192790508270263671875 HTTP/1.1" 200 31 "-" "WordPress/6.7.1; https://companiesonthego.uk"
2a03:2880:f800:16:: - - [23/Feb/2026:01:51:37 +0000] "GET /secure-gdpr-compliant-backups-protect-company-filing-data-for-covent-garden-virtual-offices/ HTTP/1.1" 200 26453 "-" "meta-externalagent/1.1 (+https://developers.facebook.com/docs/sharing/webmasters/crawler)"
172.187.168.139 - - [23/Feb/2026:01:57:44 +0000] "POST /wp-cron.php?doing_wp_cron=1771811863.9807269573211669921875 HTTP/1.1" 200 31 "-" "WordPress/6.7.1; https://companiesonthego.uk"
14.191.252.27 - - [23/Feb/2026:01:57:44 +0000] "GET /late-self-assessment-penalties-what-to-do-if-you-missed-the-31-january-2026-deadline/ HTTP/1.1" 200 25702 "-" "Mozilla/5.0 (Windows NT 6.1; WOW64) AppleWebKit/535.8 (KHTML, like Gecko) Chrome/17.0.940.0 Safari/535.8"
172.187.168.139 - - [23/Feb/2026:02:00:09 +0000] "POST /wp-cron.php?doing_wp_cron=1771812009.4293580055236816406250 HTTP/1.1" 200 31 "-" "WordPress/6.7.1; https://companiesonthego.uk"
209.141.33.220 - - [23/Feb/2026:02:00:09 +0000] "GET / HTTP/1.1" 200 30793 "https://companiesonthego.uk/wp-login.php" "Mozilla/5.0 (X11; Linux x86_64) AppleWebKit/537.36 (KHTML, like Gecko) Chrome/120.0.0.0 Safari/537.36"
172.187.168.139 - - [23/Feb/2026:02:01:41 +0000] "POST /wp-cron.php?doing_wp_cron=1771812101.0445299148559570312500 HTTP/1.1" 200 31 "-" "WordPress/6.7.1; https://companiesonthego.uk"
209.141.33.220 - - [23/Feb/2026:02:01:41 +0000] "GET /wp-login.php HTTP/1.1" 200 2192 "https://companiesonthego.uk/wp-login.php" "Mozilla/5.0 (X11; Linux x86_64) AppleWebKit/537.36 (KHTML, like Gecko) Chrome/120.0.0.0 Safari/537.36"
172.187.168.139 - - [23/Feb/2026:02:04:11 +0000] "POST /wp-cron.php?doing_wp_cron=1771812251.2719089984893798828125 HTTP/1.1" 200 31 "-" "WordPress/6.7.1; https://companiesonthego.uk"
209.141.33.220 - - [23/Feb/2026:02:04:11 +0000] "POST /wp-login.php HTTP/1.1" 200 2378 "https://companiesonthego.uk/wp-login.php" "Mozilla/5.0 (X11; Linux x86_64) AppleWebKit/537.36 (KHTML, like Gecko) Chrome/120.0.0.0 Safari/537.36"
172.187.168.139 - - [23/Feb/2026:02:05:06 +0000] "POST /wp-cron.php?doing_wp_cron=1771812306.0165910720825195312500 HTTP/1.1" 200 31 "-" "WordPress/6.7.1; https://companiesonthego.uk"
2a03:2880:f800:8:: - - [23/Feb/2026:02:05:06 +0000] "GET /inheritance-tax-reforms-protecting-family-businesses-from-april-2026-changes/ HTTP/1.1" 200 25657 "-" "meta-externalagent/1.1 (+https://developers.facebook.com/docs/sharing/webmasters/crawler)"
172.187.168.139 - - [23/Feb/2026:02:05:50 +0000] "POST /wp-cron.php?doing_wp_cron=1771812350.1438210010528564453125 HTTP/1.1" 200 31 "-" "WordPress/6.7.1; https://companiesonthego.uk"
2a03:2880:f800:2d:: - - [23/Feb/2026:02:05:50 +0000] "GET /micro-entity-accounts-vs-full-accounts-which-should-you-file/ HTTP/1.1" 200 25773 "-" "meta-externalagent/1.1 (+https://developers.facebook.com/docs/sharing/webmasters/crawler)"
172.187.168.139 - - [23/Feb/2026:02:10:05 +0000] "POST /wp-cron.php?doing_wp_cron=1771812605.3392739295959472656250 HTTP/1.1" 200 31 "-" "WordPress/6.7.1; https://companiesonthego.uk"
2a03:2880:f800:12:: - - [23/Feb/2026:02:10:05 +0000] "GET /mtd-vat-rules-2026-what-accountants-need-to-know-for-small-business-clients/ HTTP/1.1" 200 26373 "-" "meta-externalagent/1.1 (+https://developers.facebook.com/docs/sharing/webmasters/crawler)"
172.187.168.139 - - [23/Feb/2026:02:13:35 +0000] "POST /wp-cron.php?doing_wp_cron=1771812815.7862219810485839843750 HTTP/1.1" 200 31 "-" "WordPress/6.7.1; https://companiesonthego.uk"
5.133.192.138 - - [23/Feb/2026:02:13:36 +0000] "GET / HTTP/1.1" 200 30793 "-" "Mozilla/5.0 (Windows NT 10.0; Win64; x64) AppleWebKit/537.36 (KHTML, like Gecko) Chrome/105.0.0.0 Safari/537.36"
5.133.192.138 - - [23/Feb/2026:02:13:36 +0000] "GET /wp-content/uploads/2025/02/favicon.png HTTP/1.1" 200 16057 "-" "Mozilla/5.0 (Windows NT 10.0; Win64; x64) AppleWebKit/537.36 (KHTML, like Gecko) Chrome/105.0.0.0 Safari/537.36"
172.187.168.139 - - [23/Feb/2026:02:20:53 +0000] "POST /wp-cron.php?doing_wp_cron=1771813253.4213440418243408203125 HTTP/1.1" 200 31 "-" "WordPress/6.7.1; https://companiesonthego.uk"
2a03:2880:f800:45:: - - [23/Feb/2026:02:20:53 +0000] "GET /how-to-monitor-companies-house-data-on-the-go-free-apps/ HTTP/1.1" 200 26773 "-" "meta-externalagent/1.1 (+https://developers.facebook.com/docs/sharing/webmasters/crawler)"
172.187.168.139 - - [23/Feb/2026:02:22:07 +0000] "POST /wp-cron.php?doing_wp_cron=1771813327.8350729942321777343750 HTTP/1.1" 200 31 "-" "WordPress/6.7.1; https://companiesonthego.uk"
104.248.49.40 - - [23/Feb/2026:02:22:07 +0000] "GET /blog/1 HTTP/1.1" 301 5 "https://companiesonthego.uk/" "Mozilla/5.0 (Windows NT 10.0; Win64; x64) AppleWebKit/537.36 (KHTML, like Gecko) Chrome/103.0.0.0 Safari/537.36"
172.187.168.139 - - [23/Feb/2026:02:22:07 +0000] "POST /wp-cron.php?doing_wp_cron=1771813327.8398940563201904296875 HTTP/1.1" 200 31 "-" "WordPress/6.7.1; https://companiesonthego.uk"
104.248.49.40 - - [23/Feb/2026:02:22:07 +0000] "GET /blog/10 HTTP/1.1" 301 5 "https://companiesonthego.uk/" "Mozilla/5.0 (Windows NT 10.0; Win64; x64) AppleWebKit/537.36 (KHTML, like Gecko) Chrome/112.0.0.0 Safari/537.36"
104.248.49.40 - - [23/Feb/2026:02:22:09 +0000] "GET /blog/ HTTP/1.1" 200 21744 "https://companiesonthego.uk/" "Mozilla/5.0 (Windows NT 10.0; Win64; x64) AppleWebKit/537.36 (KHTML, like Gecko) Chrome/112.0.0.0 Safari/537.36"
104.248.49.40 - - [23/Feb/2026:02:22:10 +0000] "GET /blog/ HTTP/1.1" 200 21744 "https://companiesonthego.uk/" "Mozilla/5.0 (Windows NT 10.0; Win64; x64) AppleWebKit/537.36 (KHTML, like Gecko) Chrome/103.0.0.0 Safari/537.36"
172.187.168.139 - - [23/Feb/2026:02:25:34 +0000] "POST /wp-cron.php?doing_wp_cron=1771813534.7496299743652343750000 HTTP/1.1" 200 31 "-" "WordPress/6.7.1; https://companiesonthego.uk"
44.205.180.155 - - [23/Feb/2026:02:25:34 +0000] "GET /wp-json/wp/v2/pages/3510 HTTP/1.1" 200 58849 "-" "Mozilla/5.0 AppleWebKit/537.36 (KHTML, like Gecko; compatible; Amazonbot/0.1; +https://developer.amazon.com/support/amazonbot) Chrome/119.0.6045.214 Safari/537.36"
172.187.168.139 - - [23/Feb/2026:02:32:32 +0000] "POST /wp-cron.php?doing_wp_cron=1771813951.8978250026702880859375 HTTP/1.1" 200 31 "-" "WordPress/6.7.1; https://companiesonthego.uk"
85.254.43.97 - - [23/Feb/2026:02:32:32 +0000] "GET /ir35-contractor-accountant-guide-2026-compliance-rules-and-tax-advice HTTP/1.1" 301 5 "-" "Mozilla/5.0 (Macintosh; Intel Mac OS X 10_15_7) AppleWebKit/605.1.15 (KHTML, like Gecko) Version/26.2 Safari/605.1.15"
85.254.43.97 - - [23/Feb/2026:02:32:33 +0000] "GET /ir35-contractor-accountant-guide-2026-compliance-rules-and-tax-advice/ HTTP/1.1" 200 26602 "https://companiesonthego.uk/ir35-contractor-accountant-guide-2026-compliance-rules-and-tax-advice" "Mozilla/5.0 (Macintosh; Intel Mac OS X 10_15_7) AppleWebKit/605.1.15 (KHTML, like Gecko) Version/26.2 Safari/605.1.15"
166.0.151.237 - - [23/Feb/2026:02:32:38 +0000] "GET /ir35-contractor-accountant-guide-2026-compliance-rules-and-tax-advice HTTP/1.1" 301 5 "-" "Mozilla/5.0 (Macintosh; Intel Mac OS X 10_15_7) AppleWebKit/537.36 (KHTML, like Gecko) Chrome/142.0.0.0 Safari/537.36"
31.56.130.45 - - [23/Feb/2026:02:32:40 +0000] "GET /ir35-contractor-accountant-guide-2026-compliance-rules-and-tax-advice/ HTTP/1.1" 200 26449 "-" "Mozilla/5.0 (Macintosh; Intel Mac OS X 10_15_7) AppleWebKit/537.36 (KHTML, like Gecko) Chrome/142.0.0.0 Safari/537.36"
172.187.168.139 - - [23/Feb/2026:02:37:49 +0000] "POST /wp-cron.php?doing_wp_cron=1771814269.6487669944763183593750 HTTP/1.1" 200 31 "-" "WordPress/6.7.1; https://companiesonthego.uk"
45.58.202.190 - - [23/Feb/2026:02:37:49 +0000] "GET /ir35-contractor-accountant-guide-2026-compliance-rules-and-tax-advice HTTP/1.1" 301 5 "-" "Mozilla/5.0 (Macintosh; Intel Mac OS X 10_15_7) AppleWebKit/537.36 (KHTML, like Gecko) Chrome/142.0.0.0 Safari/537.36"
84.37.194.32 - - [23/Feb/2026:02:37:51 +0000] "GET /ir35-contractor-accountant-guide-2026-compliance-rules-and-tax-advice/ HTTP/1.1" 200 26559 "-" "Mozilla/5.0 (Macintosh; Intel Mac OS X 10_15_7) AppleWebKit/537.36 (KHTML, like Gecko) Chrome/142.0.0.0 Safari/537.36"
172.187.168.139 - - [23/Feb/2026:02:48:52 +0000] "POST /wp-cron.php?doing_wp_cron=1771814932.6965188980102539062500 HTTP/1.1" 200 31 "-" "WordPress/6.7.1; https://companiesonthego.uk"
20.0.53.96 - - [23/Feb/2026:02:48:53 +0000] "GET /how-to-file-confirmation-statement-companies-house-2026-easy-mobile-tracking-tips/ HTTP/1.1" 200 26834 "-" "Mozilla/5.0 AppleWebKit/537.36 (KHTML, like Gecko); compatible; ChatGPT-User/1.0; +https://openai.com/bot"
172.187.168.139 - - [23/Feb/2026:02:49:13 +0000] "POST /wp-cron.php?doing_wp_cron=1771814953.1780159473419189453125 HTTP/1.1" 200 31 "-" "WordPress/6.7.1; https://companiesonthego.uk"
2a03:2880:f800:25:: - - [23/Feb/2026:02:49:13 +0000] "GET /how-to-get-real-time-alerts-for-uk-company-compliance-deadlines-on-mobile/ HTTP/1.1" 200 27401 "-" "meta-externalagent/1.1 (+https://developers.facebook.com/docs/sharing/webmasters/crawler)"
172.187.168.139 - - [23/Feb/2026:02:54:30 +0000] "POST /wp-cron.php?doing_wp_cron=1771815270.7251620292663574218750 HTTP/1.1" 200 31 "-" "WordPress/6.7.1; https://companiesonthego.uk"
184.186.15.180 - - [23/Feb/2026:02:54:30 +0000] "GET /corporation-tax-rates-2026-uk-new-changes-and-how-to-calculate-your-liability HTTP/1.1" 301 5 "-" "Mozilla/5.0 (Macintosh; Intel Mac OS X 10_15_7) AppleWebKit/537.36 (KHTML, like Gecko) Chrome/143.0.0.0 Safari/537.36"
184.186.15.180 - - [23/Feb/2026:02:54:31 +0000] "GET /corporation-tax-rates-2026-uk-new-changes-and-how-to-calculate-your-liability/ HTTP/1.1" 200 26265 "https://companiesonthego.uk/corporation-tax-rates-2026-uk-new-changes-and-how-to-calculate-your-liability" "Mozilla/5.0 (Macintosh; Intel Mac OS X 10_15_7) AppleWebKit/537.36 (KHTML, like Gecko) Chrome/143.0.0.0 Safari/537.36"
172.187.168.139 - - [23/Feb/2026:02:55:39 +0000] "POST /wp-cron.php?doing_wp_cron=1771815339.4588830471038818359375 HTTP/1.1" 200 31 "-" "WordPress/6.7.1; https://companiesonthego.uk"
2a03:2880:f800:c:: - - [23/Feb/2026:02:55:39 +0000] "GET /navigating-making-tax-digital-essential-steps-for-businesses-earning-over-50000-in-2026/ HTTP/1.1" 200 26097 "-" "meta-externalagent/1.1 (+https://developers.facebook.com/docs/sharing/webmasters/crawler)"
2.57.179.159 - - [23/Feb/2026:02:56:09 +0000] "GET / HTTP/1.1" 200 30793 "-" "Mozilla/5.0 (Macintosh; Intel Mac OS X 10_15_7) AppleWebKit/537.36 (KHTML, like Gecko) Chrome/139.0.0.0 Safari/537.36"
2.57.179.159 - - [23/Feb/2026:02:56:09 +0000] "GET /wp-content/plugins/apper-core/includes/framework/redux-core/assets/css/extendify-utilities.css?ver=4.4.15.1 HTTP/1.1" 200 53435 "https://companiesonthego.uk/" "Mozilla/5.0 (Macintosh; Intel Mac OS X 10_15_7) AppleWebKit/537.36 (KHTML, like Gecko) Chrome/139.0.0.0 Safari/537.36"
2.57.179.159 - - [23/Feb/2026:02:56:09 +0000] "GET /wp-content/plugins/apper-core/assets/css/acmtheme-styles.css?ver=2.0.15 HTTP/1.1" 200 68656 "https://companiesonthego.uk/" "Mozilla/5.0 (Macintosh; Intel Mac OS X 10_15_7) AppleWebKit/537.36 (KHTML, like Gecko) Chrome/139.0.0.0 Safari/537.36"
2.57.179.159 - - [23/Feb/2026:02:56:09 +0000] "GET /wp-content/plugins/apper-core/assets/css/simple-line-icons.min.css?ver=6.7.1 HTTP/1.1" 200 10892 "https://companiesonthego.uk/" "Mozilla/5.0 (Macintosh; Intel Mac OS X 10_15_7) AppleWebKit/537.36 (KHTML, like Gecko) Chrome/139.0.0.0 Safari/537.36"
2.57.179.159 - - [23/Feb/2026:02:56:09 +0000] "GET /wp-content/plugins/apper-core/assets/vendors/fontawesome5/css/fontawesome.min.css?ver=5.x.x HTTP/1.1" 200 58935 "https://companiesonthego.uk/" "Mozilla/5.0 (Macintosh; Intel Mac OS X 10_15_7) AppleWebKit/537.36 (KHTML, like Gecko) Chrome/139.0.0.0 Safari/537.36"
2.57.179.159 - - [23/Feb/2026:02:56:09 +0000] "GET /wp-content/themes/apper/assets/css/third/simple-line-icons.min.css?ver=2.4.0 HTTP/1.1" 200 10909 "https://companiesonthego.uk/" "Mozilla/5.0 (Macintosh; Intel Mac OS X 10_15_7) AppleWebKit/537.36 (KHTML, like Gecko) Chrome/139.0.0.0 Safari/537.36"
2.57.179.159 - - [23/Feb/2026:02:56:09 +0000] "GET /wp-content/plugins/apper-core/assets/css/owl.carousel.min.css?ver=2.0.15 HTTP/1.1" 200 3351 "https://companiesonthego.uk/" "Mozilla/5.0 (Macintosh; Intel Mac OS X 10_15_7) AppleWebKit/537.36 (KHTML, like Gecko) Chrome/139.0.0.0 Safari/537.36"
2.57.179.159 - - [23/Feb/2026:02:56:09 +0000] "GET /wp-content/themes/apper/assets/css/third/magnific-popup.min.css?ver=1.0.0 HTTP/1.1" 200 5213 "https://companiesonthego.uk/" "Mozilla/5.0 (Macintosh; Intel Mac OS X 10_15_7) AppleWebKit/537.36 (KHTML, like Gecko) Chrome/139.0.0.0 Safari/537.36"
2.57.179.159 - - [23/Feb/2026:02:56:09 +0000] "GET /wp-content/plugins/contact-form-7/includes/css/styles.css?ver=6.0.6 HTTP/1.1" 200 2894 "https://companiesonthego.uk/" "Mozilla/5.0 (Macintosh; Intel Mac OS X 10_15_7) AppleWebKit/537.36 (KHTML, like Gecko) Chrome/139.0.0.0 Safari/537.36"
2.57.179.159 - - [23/Feb/2026:02:56:09 +0000] "GET /wp-content/themes/apper/assets/css/preloader.css?ver=2.0.15 HTTP/1.1" 200 4057 "https://companiesonthego.uk/" "Mozilla/5.0 (Macintosh; Intel Mac OS X 10_15_7) AppleWebKit/537.36 (KHTML, like Gecko) Chrome/139.0.0.0 Safari/537.36"
2.57.179.159 - - [23/Feb/2026:02:56:09 +0000] "GET /wp-content/themes/apper/assets/css/third/font-awesome.min.css?ver=4.7.0 HTTP/1.1" 200 31089 "https://companiesonthego.uk/" "Mozilla/5.0 (Macintosh; Intel Mac OS X 10_15_7) AppleWebKit/537.36 (KHTML, like Gecko) Chrome/139.0.0.0 Safari/537.36"
2.57.179.159 - - [23/Feb/2026:02:56:09 +0000] "GET /wp-content/plugins/elementor/assets/lib/animations/styles/fadeInLeft.min.css?ver=3.32.5 HTTP/1.1" 200 137 "https://companiesonthego.uk/" "Mozilla/5.0 (Macintosh; Intel Mac OS X 10_15_7) AppleWebKit/537.36 (KHTML, like Gecko) Chrome/139.0.0.0 Safari/537.36"
2.57.179.159 - - [23/Feb/2026:02:56:09 +0000] "GET /wp-content/plugins/elementor/assets/css/widget-icon-list.min.css?ver=3.32.5 HTTP/1.1" 200 10470 "https://companiesonthego.uk/" "Mozilla/5.0 (Macintosh; Intel Mac OS X 10_15_7) AppleWebKit/537.36 (KHTML, like Gecko) Chrome/139.0.0.0 Safari/537.36"
2.57.179.159 - - [23/Feb/2026:02:56:09 +0000] "GET /wp-content/themes/apper/assets/css/third/jquery.mmenu.all.min.css?ver=6.7.1 HTTP/1.1" 200 29643 "https://companiesonthego.uk/" "Mozilla/5.0 (Macintosh; Intel Mac OS X 10_15_7) AppleWebKit/537.36 (KHTML, like Gecko) Chrome/139.0.0.0 Safari/537.36"
2.57.179.159 - - [23/Feb/2026:02:56:09 +0000] "GET /wp-content/plugins/elementor/assets/lib/animations/styles/fadeInUp.min.css?ver=3.32.5 HTTP/1.1" 200 130 "https://companiesonthego.uk/" "Mozilla/5.0 (Macintosh; Intel Mac OS X 10_15_7) AppleWebKit/537.36 (KHTML, like Gecko) Chrome/139.0.0.0 Safari/537.36"
2.57.179.159 - - [23/Feb/2026:02:56:09 +0000] "GET /wp-content/plugins/elementor/assets/css/frontend.min.css?ver=3.32.5 HTTP/1.1" 200 53614 "https://companiesonthego.uk/" "Mozilla/5.0 (Macintosh; Intel Mac OS X 10_15_7) AppleWebKit/537.36 (KHTML, like Gecko) Chrome/139.0.0.0 Safari/537.36"
2.57.179.159 - - [23/Feb/2026:02:56:09 +0000] "GET /wp-content/plugins/elementor/assets/lib/font-awesome/css/regular.min.css?ver=5.15.3 HTTP/1.1" 200 677 "https://companiesonthego.uk/" "Mozilla/5.0 (Macintosh; Intel Mac OS X 10_15_7) AppleWebKit/537.36 (KHTML, like Gecko) Chrome/139.0.0.0 Safari/537.36"
2.57.179.159 - - [23/Feb/2026:02:56:09 +0000] "GET /wp-content/plugins/elementor/assets/lib/font-awesome/css/solid.min.css?ver=5.15.3 HTTP/1.1" 200 669 "https://companiesonthego.uk/" "Mozilla/5.0 (Macintosh; Intel Mac OS X 10_15_7) AppleWebKit/537.36 (KHTML, like Gecko) Chrome/139.0.0.0 Safari/537.36"
2.57.179.159 - - [23/Feb/2026:02:56:09 +0000] "GET /wp-content/plugins/apper-core/assets/images/mobile-frame.svg HTTP/1.1" 200 1663 "https://companiesonthego.uk/" "Mozilla/5.0 (Macintosh; Intel Mac OS X 10_15_7) AppleWebKit/537.36 (KHTML, like Gecko) Chrome/139.0.0.0 Safari/537.36"
2.57.179.159 - - [23/Feb/2026:02:56:09 +0000] "GET /wp-content/uploads/2025/07/Splash_Screen_new.png HTTP/1.1" 200 30887 "https://companiesonthego.uk/" "Mozilla/5.0 (Macintosh; Intel Mac OS X 10_15_7) AppleWebKit/537.36 (KHTML, like Gecko) Chrome/139.0.0.0 Safari/537.36"
2.57.179.159 - - [23/Feb/2026:02:56:09 +0000] "GET /wp-content/plugins/elementor/assets/css/widget-image.min.css?ver=3.32.5 HTTP/1.1" 200 254 "https://companiesonthego.uk/" "Mozilla/5.0 (Macintosh; Intel Mac OS X 10_15_7) AppleWebKit/537.36 (KHTML, like Gecko) Chrome/139.0.0.0 Safari/537.36"
2.57.179.159 - - [23/Feb/2026:02:56:09 +0000] "GET /wp-includes/js/jquery/jquery-migrate.min.js?ver=3.4.1 HTTP/1.1" 200 13577 "https://companiesonthego.uk/" "Mozilla/5.0 (Macintosh; Intel Mac OS X 10_15_7) AppleWebKit/537.36 (KHTML, like Gecko) Chrome/139.0.0.0 Safari/537.36"
2.57.179.159 - - [23/Feb/2026:02:56:09 +0000] "GET /wp-content/plugins/elementor/assets/lib/font-awesome/css/fontawesome.min.css?ver=5.15.3 HTTP/1.1" 200 58071 "https://companiesonthego.uk/" "Mozilla/5.0 (Macintosh; Intel Mac OS X 10_15_7) AppleWebKit/537.36 (KHTML, like Gecko) Chrome/139.0.0.0 Safari/537.36"
2.57.179.159 - - [23/Feb/2026:02:56:09 +0000] "GET /wp-content/plugins/elementor/assets/lib/eicons/css/elementor-icons.min.css?ver=5.44.0 HTTP/1.1" 200 21256 "https://companiesonthego.uk/" "Mozilla/5.0 (Macintosh; Intel Mac OS X 10_15_7) AppleWebKit/537.36 (KHTML, like Gecko) Chrome/139.0.0.0 Safari/537.36"
2.57.179.159 - - [23/Feb/2026:02:56:09 +0000] "GET /wp-content/plugins/elementor/assets/css/widget-heading.min.css?ver=3.32.5 HTTP/1.1" 200 600 "https://companiesonthego.uk/" "Mozilla/5.0 (Macintosh; Intel Mac OS X 10_15_7) AppleWebKit/537.36 (KHTML, like Gecko) Chrome/139.0.0.0 Safari/537.36"
2.57.179.159 - - [23/Feb/2026:02:56:09 +0000] "GET /wp-content/plugins/elementor/assets/lib/animations/styles/fadeInRight.min.css?ver=3.32.5 HTTP/1.1" 200 139 "https://companiesonthego.uk/" "Mozilla/5.0 (Macintosh; Intel Mac OS X 10_15_7) AppleWebKit/537.36 (KHTML, like Gecko) Chrome/139.0.0.0 Safari/537.36"
2.57.179.159 - - [23/Feb/2026:02:56:09 +0000] "GET /wp-includes/js/jquery/jquery.min.js?ver=3.7.1 HTTP/1.1" 200 87553 "https://companiesonthego.uk/" "Mozilla/5.0 (Macintosh; Intel Mac OS X 10_15_7) AppleWebKit/537.36 (KHTML, like Gecko) Chrome/139.0.0.0 Safari/537.36"
2.57.179.159 - - [23/Feb/2026:02:56:10 +0000] "GET /wp-content/themes/apper/assets/css/style.css?ver=2.0.15 HTTP/1.1" 200 197154 "https://companiesonthego.uk/" "Mozilla/5.0 (Macintosh; Intel Mac OS X 10_15_7) AppleWebKit/537.36 (KHTML, like Gecko) Chrome/139.0.0.0 Safari/537.36"
2.57.179.159 - - [23/Feb/2026:02:56:10 +0000] "GET /wp-content/uploads/2025/11/CompainesandGo2.png HTTP/1.1" 200 1033199 "https://companiesonthego.uk/" "Mozilla/5.0 (Macintosh; Intel Mac OS X 10_15_7) AppleWebKit/537.36 (KHTML, like Gecko) Chrome/139.0.0.0 Safari/537.36"
2.57.179.159 - - [23/Feb/2026:02:56:10 +0000] "GET /wp-content/uploads/2025/02/app-store.svg HTTP/1.1" 200 7804 "https://companiesonthego.uk/" "Mozilla/5.0 (Macintosh; Intel Mac OS X 10_15_7) AppleWebKit/537.36 (KHTML, like Gecko) Chrome/139.0.0.0 Safari/537.36"
2.57.179.159 - - [23/Feb/2026:02:56:10 +0000] "GET /wp-content/uploads/2025/02/google-play.svg HTTP/1.1" 200 10196 "https://companiesonthego.uk/" "Mozilla/5.0 (Macintosh; Intel Mac OS X 10_15_7) AppleWebKit/537.36 (KHTML, like Gecko) Chrome/139.0.0.0 Safari/537.36"
2.57.179.159 - - [23/Feb/2026:02:56:10 +0000] "GET /wp-content/uploads/elementor/google-fonts/css/poppins.css?ver=1746523956 HTTP/1.1" 404 17481 "https://companiesonthego.uk/" "Mozilla/5.0 (Macintosh; Intel Mac OS X 10_15_7) AppleWebKit/537.36 (KHTML, like Gecko) Chrome/139.0.0.0 Safari/537.36"
2.57.179.159 - - [23/Feb/2026:02:56:10 +0000] "GET /wp-content/uploads/elementor/google-fonts/css/robotoslab.css?ver=1746523952 HTTP/1.1" 404 17481 "https://companiesonthego.uk/" "Mozilla/5.0 (Macintosh; Intel Mac OS X 10_15_7) AppleWebKit/537.36 (KHTML, like Gecko) Chrome/139.0.0.0 Safari/537.36"
2.57.179.159 - - [23/Feb/2026:02:56:10 +0000] "GET /wp-content/uploads/elementor/google-fonts/css/roboto.css?ver=1746523947 HTTP/1.1" 404 17481 "https://companiesonthego.uk/" "Mozilla/5.0 (Macintosh; Intel Mac OS X 10_15_7) AppleWebKit/537.36 (KHTML, like Gecko) Chrome/139.0.0.0 Safari/537.36"
2.57.179.159 - - [23/Feb/2026:02:56:10 +0000] "GET /wp-content/plugins/apper-core/assets/vendors/lity/css/lity.min.css?ver=6.7.1 HTTP/1.1" 200 3383 "https://companiesonthego.uk/" "Mozilla/5.0 (Macintosh; Intel Mac OS X 10_15_7) AppleWebKit/537.36 (KHTML, like Gecko) Chrome/139.0.0.0 Safari/537.36"
2.57.179.159 - - [23/Feb/2026:02:56:10 +0000] "GET /wp-content/plugins/apper-core/assets/js/frontend.js?ver=2.0.15 HTTP/1.1" 200 3953 "https://companiesonthego.uk/" "Mozilla/5.0 (Macintosh; Intel Mac OS X 10_15_7) AppleWebKit/537.36 (KHTML, like Gecko) Chrome/139.0.0.0 Safari/537.36"
2.57.179.159 - - [23/Feb/2026:02:56:10 +0000] "GET /wp-content/plugins/contact-form-7/includes/js/index.js?ver=6.0.6 HTTP/1.1" 200 13452 "https://companiesonthego.uk/" "Mozilla/5.0 (Macintosh; Intel Mac OS X 10_15_7) AppleWebKit/537.36 (KHTML, like Gecko) Chrome/139.0.0.0 Safari/537.36"
2.57.179.159 - - [23/Feb/2026:02:56:10 +0000] "GET /wp-content/plugins/contact-form-7/includes/swv/js/index.js?ver=6.0.6 HTTP/1.1" 200 12512 "https://companiesonthego.uk/" "Mozilla/5.0 (Macintosh; Intel Mac OS X 10_15_7) AppleWebKit/537.36 (KHTML, like Gecko) Chrome/139.0.0.0 Safari/537.36"
2.57.179.159 - - [23/Feb/2026:02:56:10 +0000] "GET /wp-content/plugins/apper-core/assets/js/acm-scripts.js?ver=6.7.1 HTTP/1.1" 200 5314 "https://companiesonthego.uk/" "Mozilla/5.0 (Macintosh; Intel Mac OS X 10_15_7) AppleWebKit/537.36 (KHTML, like Gecko) Chrome/139.0.0.0 Safari/537.36"
2.57.179.159 - - [23/Feb/2026:02:56:10 +0000] "GET /wp-includes/js/dist/hooks.min.js?ver=4d63a3d491d11ffd8ac6 HTTP/1.1" 200 4776 "https://companiesonthego.uk/" "Mozilla/5.0 (Macintosh; Intel Mac OS X 10_15_7) AppleWebKit/537.36 (KHTML, like Gecko) Chrome/139.0.0.0 Safari/537.36"
2.57.179.159 - - [23/Feb/2026:02:56:10 +0000] "GET /wp-includes/js/dist/i18n.min.js?ver=5e580eb46a90c2b997e6 HTTP/1.1" 200 9141 "https://companiesonthego.uk/" "Mozilla/5.0 (Macintosh; Intel Mac OS X 10_15_7) AppleWebKit/537.36 (KHTML, like Gecko) Chrome/139.0.0.0 Safari/537.36"
2.57.179.159 - - [23/Feb/2026:02:56:10 +0000] "GET /wp-includes/js/imagesloaded.min.js?ver=5.0.0 HTTP/1.1" 200 5520 "https://companiesonthego.uk/" "Mozilla/5.0 (Macintosh; Intel Mac OS X 10_15_7) AppleWebKit/537.36 (KHTML, like Gecko) Chrome/139.0.0.0 Safari/537.36"
2.57.179.159 - - [23/Feb/2026:02:56:10 +0000] "GET /wp-content/plugins/apper-core/assets/js/owl.carousel.min.js?ver=6.7.1 HTTP/1.1" 200 44342 "https://companiesonthego.uk/" "Mozilla/5.0 (Macintosh; Intel Mac OS X 10_15_7) AppleWebKit/537.36 (KHTML, like Gecko) Chrome/139.0.0.0 Safari/537.36"
2.57.179.159 - - [23/Feb/2026:02:56:10 +0000] "GET /wp-content/themes/apper/assets/js/third/jquery.mmenu.min.all.js?ver=6.7.1 HTTP/1.1" 200 22714 "https://companiesonthego.uk/" "Mozilla/5.0 (Macintosh; Intel Mac OS X 10_15_7) AppleWebKit/537.36 (KHTML, like Gecko) Chrome/139.0.0.0 Safari/537.36"
2.57.179.159 - - [23/Feb/2026:02:56:10 +0000] "GET /wp-content/themes/apper/assets/js/third/magnific-popup.min.js?ver=2.0.15 HTTP/1.1" 200 20176 "https://companiesonthego.uk/" "Mozilla/5.0 (Macintosh; Intel Mac OS X 10_15_7) AppleWebKit/537.36 (KHTML, like Gecko) Chrome/139.0.0.0 Safari/537.36"
2.57.179.159 - - [23/Feb/2026:02:56:10 +0000] "GET /wp-content/themes/apper/assets/js/third/lightbox.min.js?ver=2.0.15 HTTP/1.1" 200 1260 "https://companiesonthego.uk/" "Mozilla/5.0 (Macintosh; Intel Mac OS X 10_15_7) AppleWebKit/537.36 (KHTML, like Gecko) Chrome/139.0.0.0 Safari/537.36"
2.57.179.159 - - [23/Feb/2026:02:56:10 +0000] "GET /wp-content/plugins/apper-core/assets/vendors/lity/js/lity.min.js?ver=6.7.1 HTTP/1.1" 200 6639 "https://companiesonthego.uk/" "Mozilla/5.0 (Macintosh; Intel Mac OS X 10_15_7) AppleWebKit/537.36 (KHTML, like Gecko) Chrome/139.0.0.0 Safari/537.36"
2.57.179.159 - - [23/Feb/2026:02:56:10 +0000] "GET /wp-includes/js/jquery/ui/core.min.js?ver=1.13.3 HTTP/1.1" 200 21464 "https://companiesonthego.uk/" "Mozilla/5.0 (Macintosh; Intel Mac OS X 10_15_7) AppleWebKit/537.36 (KHTML, like Gecko) Chrome/139.0.0.0 Safari/537.36"
2.57.179.159 - - [23/Feb/2026:02:56:10 +0000] "GET /wp-content/plugins/elementor/assets/lib/font-awesome/webfonts/fa-solid-900.woff2 HTTP/1.1" 200 78196 "https://companiesonthego.uk/wp-content/plugins/elementor/assets/lib/font-awesome/css/solid.min.css?ver=5.15.3" "Mozilla/5.0 (Macintosh; Intel Mac OS X 10_15_7) AppleWebKit/537.36 (KHTML, like Gecko) Chrome/139.0.0.0 Safari/537.36"
2.57.179.159 - - [23/Feb/2026:02:56:10 +0000] "GET /wp-content/plugins/google-site-kit/dist/assets/js/googlesitekit-events-provider-contact-form-7-40476021fb6e59177033.js HTTP/1.1" 200 5268 "https://companiesonthego.uk/" "Mozilla/5.0 (Macintosh; Intel Mac OS X 10_15_7) AppleWebKit/537.36 (KHTML, like Gecko) Chrome/139.0.0.0 Safari/537.36"
2.57.179.159 - - [23/Feb/2026:02:56:11 +0000] "GET /wp-content/themes/apper/assets/js/quick.js?ver=2.0.15 HTTP/1.1" 200 2413 "https://companiesonthego.uk/" "Mozilla/5.0 (Macintosh; Intel Mac OS X 10_15_7) AppleWebKit/537.36 (KHTML, like Gecko) Chrome/139.0.0.0 Safari/537.36"
2.57.179.159 - - [23/Feb/2026:02:56:11 +0000] "GET /wp-content/plugins/elementor/assets/js/frontend-modules.min.js?ver=3.32.5 HTTP/1.1" 200 59579 "https://companiesonthego.uk/" "Mozilla/5.0 (Macintosh; Intel Mac OS X 10_15_7) AppleWebKit/537.36 (KHTML, like Gecko) Chrome/139.0.0.0 Safari/537.36"
2.57.179.159 - - [23/Feb/2026:02:56:11 +0000] "GET /wp-content/uploads/2025/02/logo.svg HTTP/1.1" 200 113408 "https://companiesonthego.uk/" "Mozilla/5.0 (Macintosh; Intel Mac OS X 10_15_7) AppleWebKit/537.36 (KHTML, like Gecko) Chrome/139.0.0.0 Safari/537.36"
2.57.179.159 - - [23/Feb/2026:02:56:11 +0000] "GET /wp-content/plugins/elementor/assets/js/frontend.min.js?ver=3.32.5 HTTP/1.1" 200 32362 "https://companiesonthego.uk/" "Mozilla/5.0 (Macintosh; Intel Mac OS X 10_15_7) AppleWebKit/537.36 (KHTML, like Gecko) Chrome/139.0.0.0 Safari/537.36"
2.57.179.159 - - [23/Feb/2026:02:56:11 +0000] "GET /wp-content/themes/apper/assets/js/main.min.js?ver=2.0.15 HTTP/1.1" 200 122145 "https://companiesonthego.uk/" "Mozilla/5.0 (Macintosh; Intel Mac OS X 10_15_7) AppleWebKit/537.36 (KHTML, like Gecko) Chrome/139.0.0.0 Safari/537.36"
2.57.179.159 - - [23/Feb/2026:02:56:11 +0000] "GET /wp-content/themes/apper/assets/fonts/simple-line-icons/Simple-Line-Icons.woff2?v=2.4.0 HTTP/1.1" 200 30064 "https://companiesonthego.uk/wp-content/themes/apper/assets/css/third/simple-line-icons.min.css?ver=2.4.0" "Mozilla/5.0 (Macintosh; Intel Mac OS X 10_15_7) AppleWebKit/537.36 (KHTML, like Gecko) Chrome/139.0.0.0 Safari/537.36"
2.57.179.159 - - [23/Feb/2026:02:56:11 +0000] "GET /wp-content/plugins/elementor/assets/lib/font-awesome/webfonts/fa-regular-400.woff2 HTTP/1.1" 200 13276 "https://companiesonthego.uk/wp-content/plugins/elementor/assets/lib/font-awesome/css/regular.min.css?ver=5.15.3" "Mozilla/5.0 (Macintosh; Intel Mac OS X 10_15_7) AppleWebKit/537.36 (KHTML, like Gecko) Chrome/139.0.0.0 Safari/537.36"
2.57.179.159 - - [23/Feb/2026:02:56:11 +0000] "GET /wp-content/uploads/2023/02/female-student-using-mobile.webp HTTP/1.1" 200 126182 "https://companiesonthego.uk/" "Mozilla/5.0 (Macintosh; Intel Mac OS X 10_15_7) AppleWebKit/537.36 (KHTML, like Gecko) Chrome/139.0.0.0 Safari/537.36"
2.57.179.159 - - [23/Feb/2026:02:56:11 +0000] "GET /wp-content/plugins/elementor/assets/js/webpack.runtime.min.js?ver=3.32.5 HTTP/1.1" 200 5707 "https://companiesonthego.uk/" "Mozilla/5.0 (Macintosh; Intel Mac OS X 10_15_7) AppleWebKit/537.36 (KHTML, like Gecko) Chrome/139.0.0.0 Safari/537.36"
2.57.179.159 - - [23/Feb/2026:02:56:11 +0000] "GET /wp-content/plugins/google-site-kit/dist/assets/js/googlesitekit-events-provider-wpforms-ed443a3a3d45126a22ce.js HTTP/1.1" 200 4492 "https://companiesonthego.uk/" "Mozilla/5.0 (Macintosh; Intel Mac OS X 10_15_7) AppleWebKit/537.36 (KHTML, like Gecko) Chrome/139.0.0.0 Safari/537.36"
2.57.179.159 - - [23/Feb/2026:02:56:11 +0000] "GET /wp-content/uploads/2025/11/Why-Choose-Companies-On-The-Go.png HTTP/1.1" 200 1450086 "https://companiesonthego.uk/" "Mozilla/5.0 (Macintosh; Intel Mac OS X 10_15_7) AppleWebKit/537.36 (KHTML, like Gecko) Chrome/139.0.0.0 Safari/537.36"
2.57.179.159 - - [23/Feb/2026:02:56:11 +0000] "GET /wp-content/plugins/elementor/assets/js/section-frontend-handlers.d85ab872da118940910d.bundle.min.js HTTP/1.1" 200 489 "https://companiesonthego.uk/" "Mozilla/5.0 (Macintosh; Intel Mac OS X 10_15_7) AppleWebKit/537.36 (KHTML, like Gecko) Chrome/139.0.0.0 Safari/537.36"
2.57.179.159 - - [23/Feb/2026:02:56:11 +0000] "GET /wp-content/plugins/elementor/assets/js/shared-frontend-handlers.4c8abccc3e268b0767b2.bundle.min.js HTTP/1.1" 200 8525 "https://companiesonthego.uk/" "Mozilla/5.0 (Macintosh; Intel Mac OS X 10_15_7) AppleWebKit/537.36 (KHTML, like Gecko) Chrome/139.0.0.0 Safari/537.36"
2.57.179.159 - - [23/Feb/2026:02:56:11 +0000] "GET /wp-content/uploads/2025/02/favicon.png HTTP/1.1" 200 16057 "https://companiesonthego.uk/" "Mozilla/5.0 (Macintosh; Intel Mac OS X 10_15_7) AppleWebKit/537.36 (KHTML, like Gecko) Chrome/139.0.0.0 Safari/537.36"
172.187.168.139 - - [23/Feb/2026:02:59:11 +0000] "POST /wp-cron.php?doing_wp_cron=1771815551.5440618991851806640625 HTTP/1.1" 200 31 "-" "WordPress/6.7.1; https://companiesonthego.uk"
2a03:2880:16ff:4b:: - - [23/Feb/2026:02:59:11 +0000] "GET /robots.txt HTTP/1.1" 200 401 "-" "facebookexternalhit/1.1 (+http://www.facebook.com/externalhit_uatext.php)"
172.187.168.139 - - [23/Feb/2026:02:59:34 +0000] "POST /wp-cron.php?doing_wp_cron=1771815574.6766641139984130859375 HTTP/1.1" 200 31 "-" "WordPress/6.7.1; https://companiesonthego.uk"
2a03:2880:f800:3b:: - - [23/Feb/2026:02:59:35 +0000] "GET /companies-house-search-on-mobile-verify-officer-changes-for-tax-reliefs/ HTTP/1.1" 200 25822 "-" "meta-externalagent/1.1 (+https://developers.facebook.com/docs/sharing/webmasters/crawler)"
172.187.168.139 - - [23/Feb/2026:03:02:24 +0000] "POST /wp-cron.php?doing_wp_cron=1771815744.3455278873443603515625 HTTP/1.1" 200 31 "-" "WordPress/6.7.1; https://companiesonthego.uk"
77.136.67.91 - - [23/Feb/2026:03:02:24 +0000] "GET /about-us/ HTTP/1.1" 200 30392 "-" "Mozilla/5.0 (X11; Ubuntu; Linux armv7l; rv:17.0) Gecko/20100101 Firefox/17.0"
172.187.168.139 - - [23/Feb/2026:03:04:33 +0000] "POST /wp-cron.php?doing_wp_cron=1771815873.6295630931854248046875 HTTP/1.1" 200 31 "-" "WordPress/6.7.1; https://companiesonthego.uk"
2a03:2880:f800:9:: - - [23/Feb/2026:03:04:33 +0000] "GET /sitemap_index.xml HTTP/1.1" 200 755 "-" "meta-externalagent/1.1 (+https://developers.facebook.com/docs/sharing/webmasters/crawler)"
172.187.168.139 - - [23/Feb/2026:03:13:08 +0000] "POST /wp-cron.php?doing_wp_cron=1771816388.6110670566558837890625 HTTP/1.1" 200 31 "-" "WordPress/6.7.1; https://companiesonthego.uk"
2a03:2880:f800:39:: - - [23/Feb/2026:03:13:08 +0000] "GET /category-sitemap.xml HTTP/1.1" 200 1317 "-" "meta-externalagent/1.1 (+https://developers.facebook.com/docs/sharing/webmasters/crawler)"
172.187.168.139 - - [23/Feb/2026:03:16:41 +0000] "POST /wp-cron.php?doing_wp_cron=1771816600.9538528919219970703125 HTTP/1.1" 200 31 "-" "WordPress/6.7.1; https://companiesonthego.uk"
85.208.96.201 - - [23/Feb/2026:03:16:41 +0000] "GET /robots.txt HTTP/1.1" 200 401 "-" "Mozilla/5.0 (compatible; SemrushBot/7~bl; +http://www.semrush.com/bot.html)"
185.191.171.12 - - [23/Feb/2026:03:16:42 +0000] "GET /die-5gringos-app-im-vergleich-was-sie-von-anderen-casino-apps-abhebt/%3Cbr%20/%3E%3Cb%3EDeprecated%3C/b%3E:%20%20ltrim():%20Passing%20null%20to%20parameter HTTP/1.1" 404 17481 "-" "Mozilla/5.0 (compatible; SemrushBot/7~bl; +http://www.semrush.com/bot.html)"
172.187.168.139 - - [23/Feb/2026:03:30:37 +0000] "POST /wp-cron.php?doing_wp_cron=1771817437.7257978916168212890625 HTTP/1.1" 200 31 "-" "WordPress/6.7.1; https://companiesonthego.uk"
172.178.140.146 - - [23/Feb/2026:03:30:38 +0000] "GET /companies-house-confirmation-statement-accounts-filing-deadlines-2026-never-miss-with-app-alerts/ HTTP/1.1" 200 26636 "-" "Mozilla/5.0 AppleWebKit/537.36 (KHTML, like Gecko); compatible; ChatGPT-User/1.0; +https://openai.com/bot"
172.187.168.139 - - [23/Feb/2026:03:32:25 +0000] "POST /wp-cron.php?doing_wp_cron=1771817545.6371788978576660156250 HTTP/1.1" 200 31 "-" "WordPress/6.7.1; https://companiesonthego.uk"
190.31.177.87 - - [23/Feb/2026:03:32:26 +0000] "GET /help-center/ HTTP/1.1" 200 27416 "-" "Mozilla/5.0 (Macintosh; Intel Mac OS X 10_6_8) AppleWebKit/534.24 (KHTML, like Gecko) Chrome/11.0.696.71 Safari/534.24"
172.187.168.139 - - [23/Feb/2026:03:50:40 +0000] "POST /wp-cron.php?doing_wp_cron=1771818640.1384758949279785156250 HTTP/1.1" 200 31 "-" "WordPress/6.7.1; https://companiesonthego.uk"
2a03:2880:f800:e:: - - [23/Feb/2026:03:50:40 +0000] "GET /the-self-assessment-tax-return-deadline-2026-how-to-file-on-time-and-avoid-hmrc-penalties/ HTTP/1.1" 200 26834 "-" "meta-externalagent/1.1 (+https://developers.facebook.com/docs/sharing/webmasters/crawler)"
172.187.168.139 - - [23/Feb/2026:03:54:35 +0000] "POST /wp-cron.php?doing_wp_cron=1771818875.6829450130462646484375 HTTP/1.1" 200 31 "-" "WordPress/6.7.1; https://companiesonthego.uk"
20.169.78.191 - - [23/Feb/2026:03:54:36 +0000] "GET /companies-house-annual-accounts-filing-deadline-2026-complete-guide-for-businesses/ HTTP/1.1" 200 26937 "-" "Mozilla/5.0 AppleWebKit/537.36 (KHTML, like Gecko); compatible; ChatGPT-User/1.0; +https://openai.com/bot"
172.187.168.139 - - [23/Feb/2026:03:57:09 +0000] "POST /wp-cron.php?doing_wp_cron=1771819029.3233458995819091796875 HTTP/1.1" 200 31 "-" "WordPress/6.7.1; https://companiesonthego.uk"
2001:41d0:303:6f6b::1 - - [23/Feb/2026:03:57:09 +0000] "GET /robots.txt HTTP/1.1" 200 401 "-" "Mozilla/5.0 (compatible; MJ12bot/v1.4.8; http://mj12bot.com/)"
2001:41d0:303:6f6b::1 - - [23/Feb/2026:03:57:11 +0000] "GET /accountants-guide-managing-companies-house-deadlines-for-100-clients-2026/%3Cbr%20/%3E%0A%3Cb%3EDeprecated%3C/b%3E:%20%20ltrim():%20Passing%20null%20to%20parameter HTTP/1.1" 404 17481 "-" "Mozilla/5.0 (compatible; MJ12bot/v1.4.8; http://mj12bot.com/)"
172.187.168.139 - - [23/Feb/2026:03:57:13 +0000] "POST /wp-cron.php?doing_wp_cron=1771819033.2947928905487060546875 HTTP/1.1" 200 31 "-" "WordPress/6.7.1; https://companiesonthego.uk"
2001:41d0:303:6f6b::1 - - [23/Feb/2026:03:57:13 +0000] "GET /annual-accounts-filing-deadline-2026-avoid-late-fees-with-real-time-reminders/%3Cbr%20/%3E%0A%3Cb%3EDeprecated%3C/b%3E:%20%20ltrim():%20Passing%20null%20to%20parameter HTTP/1.1" 404 17481 "-" "Mozilla/5.0 (compatible; MJ12bot/v1.4.8; http://mj12bot.com/)"
2001:41d0:303:6f6b::1 - - [23/Feb/2026:03:57:15 +0000] "GET /avoid-late-penalties-companies-house-annual-accounts-and-confirmation-statement-deadlines-2026/%3Cbr%20/%3E%0A%3Cb%3EDeprecated%3C/b%3E:%20%20ltrim():%20Passing%20null%20to%20parameter HTTP/1.1" 404 17481 "-" "Mozilla/5.0 (compatible; MJ12bot/v1.4.8; http://mj12bot.com/)"
2001:41d0:303:6f6b::1 - - [23/Feb/2026:03:57:18 +0000] "GET /avoid-penalties-instant-notifications-for-overdue-uk-company-filings/%3Cbr%20/%3E%0A%3Cb%3EDeprecated%3C/b%3E:%20%20ltrim():%20Passing%20null%20to%20parameter HTTP/1.1" 404 17481 "-" "Mozilla/5.0 (compatible; MJ12bot/v1.4.8; http://mj12bot.com/)"
2001:41d0:303:6f6b::1 - - [23/Feb/2026:03:57:20 +0000] "GET /best-apps-for-companies-house-advanced-search-and-deadline-reminders/%3Cbr%20/%3E%0A%3Cb%3EDeprecated%3C/b%3E:%20%20ltrim():%20Passing%20null%20to%20parameter HTTP/1.1" 404 17481 "-" "Mozilla/5.0 (compatible; MJ12bot/v1.4.8; http://mj12bot.com/)"
2001:41d0:303:6f6b::1 - - [23/Feb/2026:03:57:22 +0000] "GET /bookkeeping-services-for-ecommerce-uk-2026-best-practices-for-amazon-and-shopify-sellers/%3Cbr%20/%3E%0A%3Cb%3EDeprecated%3C/b%3E:%20%20ltrim():%20Passing%20null%20to%20parameter HTTP/1.1" 404 17481 "-" "Mozilla/5.0 (compatible; MJ12bot/v1.4.8; http://mj12bot.com/)"
2001:41d0:303:6f6b::1 - - [23/Feb/2026:03:57:24 +0000] "GET /companies-house-annual-accounts-filing-deadline-2026-complete-guide-for-businesses/%3Cbr%20/%3E%0A%3Cb%3EDeprecated%3C/b%3E:%20%20ltrim():%20Passing%20null%20to%20parameter HTTP/1.1" 404 17481 "-" "Mozilla/5.0 (compatible; MJ12bot/v1.4.8; http://mj12bot.com/)"
2001:41d0:303:6f6b::1 - - [23/Feb/2026:03:57:26 +0000] "GET /companies-house-changes-2026-identity-verification-fees-and-compliance-tracker-app/%3Cbr%20/%3E%0A%3Cb%3EDeprecated%3C/b%3E:%20%20ltrim():%20Passing%20null%20to%20parameter HTTP/1.1" 404 17481 "-" "Mozilla/5.0 (compatible; MJ12bot/v1.4.8; http://mj12bot.com/)"
2001:41d0:303:6f6b::1 - - [23/Feb/2026:03:57:29 +0000] "GET /companies-house-confirmation-statement-2026-complete-guide-deadline-tracker/%3Cbr%20/%3E%0A%3Cb%3EDeprecated%3C/b%3E:%20%20ltrim():%20Passing%20null%20to%20parameter HTTP/1.1" 404 17481 "-" "Mozilla/5.0 (compatible; MJ12bot/v1.4.8; http://mj12bot.com/)"
2001:41d0:303:6f6b::1 - - [23/Feb/2026:03:57:31 +0000] "GET /companies-house-confirmation-statement-accounts-filing-deadlines-2026-never-miss-with-app-alerts/%3Cbr%20/%3E%0A%3Cb%3EDeprecated%3C/b%3E:%20%20ltrim():%20Passing%20null%20to%20parameter HTTP/1.1" 404 17481 "-" "Mozilla/5.0 (compatible; MJ12bot/v1.4.8; http://mj12bot.com/)"
2001:41d0:303:6f6b::1 - - [23/Feb/2026:03:57:33 +0000] "GET /companies-house-fee-increases-february-2026-new-costs-for-incorporation-and-confirmation-statements/%3Cbr%20/%3E%0A%3Cb%3EDeprecated%3C/b%3E:%20%20ltrim():%20Passing%20null%20to%20parameter HTTP/1.1" 404 17481 "-" "Mozilla/5.0 (compatible; MJ12bot/v1.4.8; http://mj12bot.com/)"
2001:41d0:303:6f6b::1 - - [23/Feb/2026:03:57:35 +0000] "GET /companies-house-filing-deadlines-2026-essential-calendar-for-accountants-and-directors/%3Cbr%20/%3E%0A%3Cb%3EDeprecated%3C/b%3E:%20%20ltrim():%20Passing%20null%20to%20parameter HTTP/1.1" 404 17481 "-" "Mozilla/5.0 (compatible; MJ12bot/v1.4.8; http://mj12bot.com/)"
2001:41d0:303:6f6b::1 - - [23/Feb/2026:03:57:37 +0000] "GET /companies-house-filing-deadlines-2026-uk-businesses/%3Cbr%20/%3E%0A%3Cb%3EDeprecated%3C/b%3E:%20%20ltrim():%20Passing%20null%20to%20parameter HTTP/1.1" 404 17481 "-" "Mozilla/5.0 (compatible; MJ12bot/v1.4.8; http://mj12bot.com/)"
2001:41d0:303:6f6b::1 - - [23/Feb/2026:03:57:39 +0000] "GET /companies-house-identity-verification-deadline-2026-must-do-steps-to-avoid-fines-and-stay-alert-with-mobile-app/%3Cbr%20/%3E%0A%3Cb%3EDeprecated%3C/b%3E:%20%20ltrim():%20Passing%20null%20to%20parameter HTTP/1.1" 404 17481 "-" "Mozilla/5.0 (compatible; MJ12bot/v1.4.8; http://mj12bot.com/)"
2001:41d0:303:6f6b::1 - - [23/Feb/2026:03:57:41 +0000] "GET /companies-house-late-filing-penalties-2026-how-much-youll-pay-how-to-avoid-them/%3Cbr%20/%3E%0A%3Cb%3EDeprecated%3C/b%3E:%20%20ltrim():%20Passing%20null%20to%20parameter HTTP/1.1" 404 17481 "-" "Mozilla/5.0 (compatible; MJ12bot/v1.4.8; http://mj12bot.com/)"
2001:41d0:303:6f6b::1 - - [23/Feb/2026:03:57:43 +0000] "GET /companies-house-search-deadline-tracker-best-app-for-accountants-in-2026/%3Cbr%20/%3E%0A%3Cb%3EDeprecated%3C/b%3E:%20%20ltrim():%20Passing%20null%20to%20parameter HTTP/1.1" 404 17481 "-" "Mozilla/5.0 (compatible; MJ12bot/v1.4.8; http://mj12bot.com/)"
2001:41d0:303:6f6b::1 - - [23/Feb/2026:03:57:45 +0000] "GET /companies-house-search-guide-mobile-access-accountants/%3Cbr%20/%3E%0A%3Cb%3EDeprecated%3C/b%3E:%20%20ltrim():%20Passing%20null%20to%20parameter HTTP/1.1" 404 17481 "-" "Mozilla/5.0 (compatible; MJ12bot/v1.4.8; http://mj12bot.com/)"
2001:41d0:303:6f6b::1 - - [23/Feb/2026:03:57:47 +0000] "GET /companies-house-webfiling-login-problems-solutions-alternatives-2026/%3Cbr%20/%3E%0A%3Cb%3EDeprecated%3C/b%3E:%20%20ltrim():%20Passing%20null%20to%20parameter HTTP/1.1" 404 17481 "-" "Mozilla/5.0 (compatible; MJ12bot/v1.4.8; http://mj12bot.com/)"
2001:41d0:303:6f6b::1 - - [23/Feb/2026:03:57:49 +0000] "GET /confirmation-statement-filing-deadlines-mobile-management-tips/%3Cbr%20/%3E%0A%3Cb%3EDeprecated%3C/b%3E:%20%20ltrim():%20Passing%20null%20to%20parameter HTTP/1.1" 404 17481 "-" "Mozilla/5.0 (compatible; MJ12bot/v1.4.8; http://mj12bot.com/)"
2001:41d0:303:6f6b::1 - - [23/Feb/2026:03:57:51 +0000] "GET /corporation-tax-companies-house-deadlines-2026-full-guide-to-avoid-penalties-with-instant-alerts/%3Cbr%20/%3E%0A%3Cb%3EDeprecated%3C/b%3E:%20%20ltrim():%20Passing%20null%20to%20parameter HTTP/1.1" 404 17481 "-" "Mozilla/5.0 (compatible; MJ12bot/v1.4.8; http://mj12bot.com/)"
