159.148.62.218 - - [23/Feb/2026:19:43:29 +0000] "GET /wp-content/uploads/elementor/google-fonts/css/robotoslab.css?ver=1746523952 HTTP/1.1" 404 17481 "https://companiesonthego.uk/" "Mozilla/5.0 (Macintosh; Intel Mac OS X 10_15_7) AppleWebKit/537.36 (KHTML, like Gecko) Chrome/139.0.0.0 Safari/537.36"
159.148.62.218 - - [23/Feb/2026:19:43:29 +0000] "GET /wp-content/uploads/elementor/google-fonts/css/poppins.css?ver=1746523956 HTTP/1.1" 404 17481 "https://companiesonthego.uk/" "Mozilla/5.0 (Macintosh; Intel Mac OS X 10_15_7) AppleWebKit/537.36 (KHTML, like Gecko) Chrome/139.0.0.0 Safari/537.36"
159.148.62.218 - - [23/Feb/2026:19:43:29 +0000] "GET /wp-content/uploads/elementor/google-fonts/css/roboto.css?ver=1746523947 HTTP/1.1" 404 17481 "https://companiesonthego.uk/" "Mozilla/5.0 (Macintosh; Intel Mac OS X 10_15_7) AppleWebKit/537.36 (KHTML, like Gecko) Chrome/139.0.0.0 Safari/537.36"
159.148.62.218 - - [23/Feb/2026:19:43:29 +0000] "GET /wp-content/uploads/2025/02/google-play.svg HTTP/1.1" 200 10196 "https://companiesonthego.uk/" "Mozilla/5.0 (Macintosh; Intel Mac OS X 10_15_7) AppleWebKit/537.36 (KHTML, like Gecko) Chrome/139.0.0.0 Safari/537.36"
159.148.62.218 - - [23/Feb/2026:19:43:29 +0000] "GET /wp-content/themes/apper/assets/fonts/simple-line-icons/Simple-Line-Icons.woff2?v=2.4.0 HTTP/1.1" 200 30064 "https://companiesonthego.uk/wp-content/themes/apper/assets/css/third/simple-line-icons.min.css?ver=2.4.0" "Mozilla/5.0 (Macintosh; Intel Mac OS X 10_15_7) AppleWebKit/537.36 (KHTML, like Gecko) Chrome/139.0.0.0 Safari/537.36"
159.148.62.218 - - [23/Feb/2026:19:43:29 +0000] "GET /wp-content/plugins/apper-core/assets/vendors/lity/css/lity.min.css?ver=6.7.1 HTTP/1.1" 200 3383 "https://companiesonthego.uk/" "Mozilla/5.0 (Macintosh; Intel Mac OS X 10_15_7) AppleWebKit/537.36 (KHTML, like Gecko) Chrome/139.0.0.0 Safari/537.36"
159.148.62.218 - - [23/Feb/2026:19:43:29 +0000] "GET /wp-content/plugins/apper-core/assets/js/acm-scripts.js?ver=6.7.1 HTTP/1.1" 200 5314 "https://companiesonthego.uk/" "Mozilla/5.0 (Macintosh; Intel Mac OS X 10_15_7) AppleWebKit/537.36 (KHTML, like Gecko) Chrome/139.0.0.0 Safari/537.36"
159.148.62.218 - - [23/Feb/2026:19:43:29 +0000] "GET /wp-content/plugins/apper-core/assets/js/owl.carousel.min.js?ver=6.7.1 HTTP/1.1" 200 44342 "https://companiesonthego.uk/" "Mozilla/5.0 (Macintosh; Intel Mac OS X 10_15_7) AppleWebKit/537.36 (KHTML, like Gecko) Chrome/139.0.0.0 Safari/537.36"
159.148.62.218 - - [23/Feb/2026:19:43:29 +0000] "GET /wp-includes/js/imagesloaded.min.js?ver=5.0.0 HTTP/1.1" 200 5520 "https://companiesonthego.uk/" "Mozilla/5.0 (Macintosh; Intel Mac OS X 10_15_7) AppleWebKit/537.36 (KHTML, like Gecko) Chrome/139.0.0.0 Safari/537.36"
159.148.62.218 - - [23/Feb/2026:19:43:29 +0000] "GET /wp-includes/js/dist/hooks.min.js?ver=4d63a3d491d11ffd8ac6 HTTP/1.1" 200 4776 "https://companiesonthego.uk/" "Mozilla/5.0 (Macintosh; Intel Mac OS X 10_15_7) AppleWebKit/537.36 (KHTML, like Gecko) Chrome/139.0.0.0 Safari/537.36"
159.148.62.218 - - [23/Feb/2026:19:43:29 +0000] "GET /wp-content/plugins/apper-core/assets/js/frontend.js?ver=2.0.15 HTTP/1.1" 200 3953 "https://companiesonthego.uk/" "Mozilla/5.0 (Macintosh; Intel Mac OS X 10_15_7) AppleWebKit/537.36 (KHTML, like Gecko) Chrome/139.0.0.0 Safari/537.36"
159.148.62.218 - - [23/Feb/2026:19:43:29 +0000] "GET /wp-content/plugins/contact-form-7/includes/swv/js/index.js?ver=6.0.6 HTTP/1.1" 200 12512 "https://companiesonthego.uk/" "Mozilla/5.0 (Macintosh; Intel Mac OS X 10_15_7) AppleWebKit/537.36 (KHTML, like Gecko) Chrome/139.0.0.0 Safari/537.36"
159.148.62.218 - - [23/Feb/2026:19:43:29 +0000] "GET /wp-content/themes/apper/assets/js/third/jquery.mmenu.min.all.js?ver=6.7.1 HTTP/1.1" 200 22714 "https://companiesonthego.uk/" "Mozilla/5.0 (Macintosh; Intel Mac OS X 10_15_7) AppleWebKit/537.36 (KHTML, like Gecko) Chrome/139.0.0.0 Safari/537.36"
159.148.62.218 - - [23/Feb/2026:19:43:29 +0000] "GET /wp-content/themes/apper/assets/js/third/magnific-popup.min.js?ver=2.0.15 HTTP/1.1" 200 20176 "https://companiesonthego.uk/" "Mozilla/5.0 (Macintosh; Intel Mac OS X 10_15_7) AppleWebKit/537.36 (KHTML, like Gecko) Chrome/139.0.0.0 Safari/537.36"
159.148.62.218 - - [23/Feb/2026:19:43:29 +0000] "GET /wp-content/plugins/contact-form-7/includes/js/index.js?ver=6.0.6 HTTP/1.1" 200 13452 "https://companiesonthego.uk/" "Mozilla/5.0 (Macintosh; Intel Mac OS X 10_15_7) AppleWebKit/537.36 (KHTML, like Gecko) Chrome/139.0.0.0 Safari/537.36"
159.148.62.218 - - [23/Feb/2026:19:43:29 +0000] "GET /wp-includes/js/dist/i18n.min.js?ver=5e580eb46a90c2b997e6 HTTP/1.1" 200 9141 "https://companiesonthego.uk/" "Mozilla/5.0 (Macintosh; Intel Mac OS X 10_15_7) AppleWebKit/537.36 (KHTML, like Gecko) Chrome/139.0.0.0 Safari/537.36"
159.148.62.218 - - [23/Feb/2026:19:43:29 +0000] "GET /wp-content/themes/apper/assets/js/third/lightbox.min.js?ver=2.0.15 HTTP/1.1" 200 1260 "https://companiesonthego.uk/" "Mozilla/5.0 (Macintosh; Intel Mac OS X 10_15_7) AppleWebKit/537.36 (KHTML, like Gecko) Chrome/139.0.0.0 Safari/537.36"
159.148.62.218 - - [23/Feb/2026:19:43:29 +0000] "GET /wp-content/themes/apper/assets/js/main.min.js?ver=2.0.15 HTTP/1.1" 200 122145 "https://companiesonthego.uk/" "Mozilla/5.0 (Macintosh; Intel Mac OS X 10_15_7) AppleWebKit/537.36 (KHTML, like Gecko) Chrome/139.0.0.0 Safari/537.36"
159.148.62.218 - - [23/Feb/2026:19:43:29 +0000] "GET /wp-content/plugins/apper-core/assets/vendors/lity/js/lity.min.js?ver=6.7.1 HTTP/1.1" 200 6639 "https://companiesonthego.uk/" "Mozilla/5.0 (Macintosh; Intel Mac OS X 10_15_7) AppleWebKit/537.36 (KHTML, like Gecko) Chrome/139.0.0.0 Safari/537.36"
159.148.62.218 - - [23/Feb/2026:19:43:29 +0000] "GET /wp-content/plugins/elementor/assets/js/frontend-modules.min.js?ver=3.32.5 HTTP/1.1" 200 59579 "https://companiesonthego.uk/" "Mozilla/5.0 (Macintosh; Intel Mac OS X 10_15_7) AppleWebKit/537.36 (KHTML, like Gecko) Chrome/139.0.0.0 Safari/537.36"
159.148.62.218 - - [23/Feb/2026:19:43:29 +0000] "GET /wp-content/themes/apper/assets/js/quick.js?ver=2.0.15 HTTP/1.1" 200 2413 "https://companiesonthego.uk/" "Mozilla/5.0 (Macintosh; Intel Mac OS X 10_15_7) AppleWebKit/537.36 (KHTML, like Gecko) Chrome/139.0.0.0 Safari/537.36"
159.148.62.218 - - [23/Feb/2026:19:43:29 +0000] "GET /wp-content/plugins/elementor/assets/js/frontend.min.js?ver=3.32.5 HTTP/1.1" 200 32362 "https://companiesonthego.uk/" "Mozilla/5.0 (Macintosh; Intel Mac OS X 10_15_7) AppleWebKit/537.36 (KHTML, like Gecko) Chrome/139.0.0.0 Safari/537.36"
159.148.62.218 - - [23/Feb/2026:19:43:29 +0000] "GET /wp-content/plugins/google-site-kit/dist/assets/js/googlesitekit-events-provider-wpforms-ed443a3a3d45126a22ce.js HTTP/1.1" 200 4492 "https://companiesonthego.uk/" "Mozilla/5.0 (Macintosh; Intel Mac OS X 10_15_7) AppleWebKit/537.36 (KHTML, like Gecko) Chrome/139.0.0.0 Safari/537.36"
159.148.62.218 - - [23/Feb/2026:19:43:29 +0000] "GET /wp-content/plugins/elementor/assets/lib/font-awesome/webfonts/fa-solid-900.woff2 HTTP/1.1" 200 78196 "https://companiesonthego.uk/wp-content/plugins/elementor/assets/lib/font-awesome/css/solid.min.css?ver=5.15.3" "Mozilla/5.0 (Macintosh; Intel Mac OS X 10_15_7) AppleWebKit/537.36 (KHTML, like Gecko) Chrome/139.0.0.0 Safari/537.36"
159.148.62.218 - - [23/Feb/2026:19:43:29 +0000] "GET /wp-content/plugins/elementor/assets/js/webpack.runtime.min.js?ver=3.32.5 HTTP/1.1" 200 5707 "https://companiesonthego.uk/" "Mozilla/5.0 (Macintosh; Intel Mac OS X 10_15_7) AppleWebKit/537.36 (KHTML, like Gecko) Chrome/139.0.0.0 Safari/537.36"
159.148.62.218 - - [23/Feb/2026:19:43:29 +0000] "GET /wp-content/uploads/2025/02/logo.svg HTTP/1.1" 200 113408 "https://companiesonthego.uk/" "Mozilla/5.0 (Macintosh; Intel Mac OS X 10_15_7) AppleWebKit/537.36 (KHTML, like Gecko) Chrome/139.0.0.0 Safari/537.36"
159.148.62.218 - - [23/Feb/2026:19:43:29 +0000] "GET /wp-content/plugins/elementor/assets/lib/font-awesome/webfonts/fa-regular-400.woff2 HTTP/1.1" 200 13276 "https://companiesonthego.uk/wp-content/plugins/elementor/assets/lib/font-awesome/css/regular.min.css?ver=5.15.3" "Mozilla/5.0 (Macintosh; Intel Mac OS X 10_15_7) AppleWebKit/537.36 (KHTML, like Gecko) Chrome/139.0.0.0 Safari/537.36"
159.148.62.218 - - [23/Feb/2026:19:43:29 +0000] "GET /wp-content/uploads/2023/02/female-student-using-mobile.webp HTTP/1.1" 200 126182 "https://companiesonthego.uk/" "Mozilla/5.0 (Macintosh; Intel Mac OS X 10_15_7) AppleWebKit/537.36 (KHTML, like Gecko) Chrome/139.0.0.0 Safari/537.36"
159.148.62.218 - - [23/Feb/2026:19:43:29 +0000] "GET /wp-content/plugins/google-site-kit/dist/assets/js/googlesitekit-events-provider-contact-form-7-40476021fb6e59177033.js HTTP/1.1" 200 5268 "https://companiesonthego.uk/" "Mozilla/5.0 (Macintosh; Intel Mac OS X 10_15_7) AppleWebKit/537.36 (KHTML, like Gecko) Chrome/139.0.0.0 Safari/537.36"
159.148.62.218 - - [23/Feb/2026:19:43:29 +0000] "GET /wp-includes/js/jquery/ui/core.min.js?ver=1.13.3 HTTP/1.1" 200 21464 "https://companiesonthego.uk/" "Mozilla/5.0 (Macintosh; Intel Mac OS X 10_15_7) AppleWebKit/537.36 (KHTML, like Gecko) Chrome/139.0.0.0 Safari/537.36"
159.148.62.218 - - [23/Feb/2026:19:43:30 +0000] "GET /wp-content/uploads/2025/11/Why-Choose-Companies-On-The-Go.png HTTP/1.1" 200 1450086 "https://companiesonthego.uk/" "Mozilla/5.0 (Macintosh; Intel Mac OS X 10_15_7) AppleWebKit/537.36 (KHTML, like Gecko) Chrome/139.0.0.0 Safari/537.36"
159.148.62.218 - - [23/Feb/2026:19:43:30 +0000] "GET /wp-content/plugins/elementor/assets/js/shared-frontend-handlers.4c8abccc3e268b0767b2.bundle.min.js HTTP/1.1" 200 8525 "https://companiesonthego.uk/" "Mozilla/5.0 (Macintosh; Intel Mac OS X 10_15_7) AppleWebKit/537.36 (KHTML, like Gecko) Chrome/139.0.0.0 Safari/537.36"
159.148.62.218 - - [23/Feb/2026:19:43:30 +0000] "GET /wp-content/plugins/elementor/assets/js/section-frontend-handlers.d85ab872da118940910d.bundle.min.js HTTP/1.1" 200 489 "https://companiesonthego.uk/" "Mozilla/5.0 (Macintosh; Intel Mac OS X 10_15_7) AppleWebKit/537.36 (KHTML, like Gecko) Chrome/139.0.0.0 Safari/537.36"
159.148.62.218 - - [23/Feb/2026:19:43:30 +0000] "GET /wp-content/uploads/2025/02/favicon.png HTTP/1.1" 200 16057 "https://companiesonthego.uk/" "Mozilla/5.0 (Macintosh; Intel Mac OS X 10_15_7) AppleWebKit/537.36 (KHTML, like Gecko) Chrome/139.0.0.0 Safari/537.36"
172.187.168.139 - - [23/Feb/2026:19:55:11 +0000] "POST /wp-cron.php?doing_wp_cron=1771876511.5553710460662841796875 HTTP/1.1" 200 31 "-" "WordPress/6.7.1; https://companiesonthego.uk"
40.77.167.32 - - [23/Feb/2026:19:55:12 +0000] "GET /how-to-change-your-accounting-reference-date-ard-to-extend-filing-deadlines-2026/ HTTP/1.1" 200 26007 "-" "Mozilla/5.0 AppleWebKit/537.36 (KHTML, like Gecko; compatible; bingbot/2.0; +http://www.bing.com/bingbot.htm) Chrome/116.0.1938.76 Safari/537.36"
40.77.167.32 - - [23/Feb/2026:19:55:30 +0000] "GET /wp-content/plugins/apper-core/includes/framework/redux-core/assets/css/extendify-utilities.css?ver=4.4.15.1 HTTP/1.1" 200 53435 "-" "Mozilla/5.0 AppleWebKit/537.36 (KHTML, like Gecko; compatible; bingbot/2.0; +http://www.bing.com/bingbot.htm) Chrome/116.0.1938.76 Safari/537.36"
172.187.168.139 - - [23/Feb/2026:20:03:34 +0000] "POST /wp-cron.php?doing_wp_cron=1771877014.2209749221801757812500 HTTP/1.1" 200 31 "-" "WordPress/6.7.1; https://companiesonthego.uk"
45.157.80.62 - - [23/Feb/2026:20:03:34 +0000] "GET /vat-registration-help-uk-2026-step-by-step-guide-for-small-businesses-and-startups/ HTTP/1.1" 200 26969 "-" "Mozilla/5.0 (Macintosh; Intel Mac OS X 10_15_7) AppleWebKit/537.36 (KHTML, like Gecko) Chrome/142.0.0.0 Safari/537.36"
172.187.168.139 - - [23/Feb/2026:20:05:31 +0000] "POST /wp-cron.php?doing_wp_cron=1771877131.2618589401245117187500 HTTP/1.1" 200 31 "-" "WordPress/6.7.1; https://companiesonthego.uk"
138.226.109.103 - - [23/Feb/2026:20:05:31 +0000] "GET /vat-registration-help-uk-2026-step-by-step-guide-for-small-businesses-and-startups/ HTTP/1.1" 200 26770 "-" "Mozilla/5.0 (Macintosh; Intel Mac OS X 10_15_7) AppleWebKit/537.36 (KHTML, like Gecko) Chrome/142.0.0.0 Safari/537.36"
40.77.177.90 - - [23/Feb/2026:20:11:52 +0000] "GET /wp-content/themes/apper/assets/js/main.min.js?ver=2.0.15 HTTP/1.1" 200 122145 "-" "Mozilla/5.0 AppleWebKit/537.36 (KHTML, like Gecko; compatible; bingbot/2.0; +http://www.bing.com/bingbot.htm) Chrome/100.0.4896.127 Safari/537.36"
111.119.255.161 - - [23/Feb/2026:20:13:30 +0000] "HEAD /corporation-tax-rates-2026-uk-new-changes-and-how-to-calculate-your-liability/ HTTP/1.1" 499 0 "-" "Mozilla/5.0 (Windows NT 10.0; Win64; x64) AppleWebKit/537.36 (KHTML, like Gecko) Chrome/101.0.4951.64 Safari/537.36 Edg/101.0.1210.47"
172.187.168.139 - - [23/Feb/2026:20:13:31 +0000] "POST /wp-cron.php?doing_wp_cron=1771877610.8821339607238769531250 HTTP/1.1" 200 31 "-" "WordPress/6.7.1; https://companiesonthego.uk"
111.119.255.161 - - [23/Feb/2026:20:13:31 +0000] "GET /corporation-tax-rates-2026-uk-new-changes-and-how-to-calculate-your-liability/ HTTP/1.1" 200 26297 "-" "Mozilla/5.0 (Windows NT 10.0; Win64; x64) AppleWebKit/537.36 (KHTML, like Gecko) Chrome/101.0.4951.64 Safari/537.36 Edg/101.0.1210.47"
172.187.168.139 - - [23/Feb/2026:20:16:31 +0000] "POST /wp-cron.php?doing_wp_cron=1771877791.5616440773010253906250 HTTP/1.1" 200 31 "-" "WordPress/6.7.1; https://companiesonthego.uk"
192.81.219.44 - - [23/Feb/2026:20:16:31 +0000] "GET /wp-content/uploads/2026/01/view-woman-working-as-economist-550x374.jpg%20550w,%20https://companiesonthego.uk/wp-content/uploads/2026/01/view-woman-working-as-economist-1200x816.jpg%201200w HTTP/1.1" 301 5 "https://companiesonthego.uk/" "Mozilla/5.0 (Windows NT 10.0; Win64; x64) AppleWebKit/537.36 (KHTML, like Gecko) Chrome/133.0.0.0 Safari/537.36"
192.81.219.44 - - [23/Feb/2026:20:16:33 +0000] "GET /wp-content/uploads/2026/01/view-woman-working-as-economist-550x374.jpg%20550w,%20https:/companiesonthego.uk/wp-content/uploads/2026/01/view-woman-working-as-economist-1200x816.jpg%201200w HTTP/1.1" 404 17481 "https://companiesonthego.uk/" "Mozilla/5.0 (Windows NT 10.0; Win64; x64) AppleWebKit/537.36 (KHTML, like Gecko) Chrome/133.0.0.0 Safari/537.36"
188.123.181.13 - - [23/Feb/2026:20:16:36 +0000] "GET /wp-content/uploads/2026/01/view-woman-working-as-economist-550x374.jpg%20550w,%20https://companiesonthego.uk/wp-content/uploads/2026/01/view-woman-working-as-economist-1200x816.jpg%201200w HTTP/1.1" 301 5 "https://companiesonthego.uk/" "Mozilla/5.0 (Windows NT 10.0; Win64; x64) AppleWebKit/537.36 (KHTML, like Gecko) Chrome/133.0.0.0 Safari/537.36"
181.237.42.234 - - [23/Feb/2026:20:16:40 +0000] "GET /wp-content/uploads/2026/01/view-woman-working-as-economist-550x374.jpg%20550w,%20https:/companiesonthego.uk/wp-content/uploads/2026/01/view-woman-working-as-economist-1200x816.jpg%201200w HTTP/1.1" 404 17481 "https://companiesonthego.uk/" "Mozilla/5.0 (Windows NT 10.0; Win64; x64) AppleWebKit/537.36 (KHTML, like Gecko) Chrome/133.0.0.0 Safari/537.36"
172.187.168.139 - - [23/Feb/2026:20:19:31 +0000] "POST /wp-cron.php?doing_wp_cron=1771877971.8206329345703125000000 HTTP/1.1" 200 31 "-" "WordPress/6.7.1; https://companiesonthego.uk"
2a03:2880:f800:25:: - - [23/Feb/2026:20:19:32 +0000] "GET /companies-house-fee-increases-february-2026-new-costs-for-incorporation-and-confirmation-statements/ HTTP/1.1" 200 27207 "-" "meta-externalagent/1.1 (+https://developers.facebook.com/docs/sharing/webmasters/crawler)"
172.187.168.139 - - [23/Feb/2026:20:26:36 +0000] "POST /wp-cron.php?doing_wp_cron=1771878395.8871119022369384765625 HTTP/1.1" 200 31 "-" "WordPress/6.7.1; https://companiesonthego.uk"
142.147.245.136 - - [23/Feb/2026:20:26:36 +0000] "GET /companies-house-fee-increases-february-2026-new-costs-for-incorporation-and-confirmation-statements/ HTTP/1.1" 200 27142 "-" "Mozilla/5.0 (Macintosh; Intel Mac OS X 10_15_7) AppleWebKit/537.36 (KHTML, like Gecko) Chrome/139.0.0.0 Safari/537.36"
2600:1f14:1c1:bf02:6dcf::51 - - [23/Feb/2026:20:26:37 +0000] "GET /wp-json/oembed/1.0/embed?url=https%3A%2F%2Fcompaniesonthego.uk%2Fcompanies-house-fee-increases-february-2026-new-costs-for-incorporation-and-confirmation-statements%2F&format=xml HTTP/1.1" 200 3126 "-" "axios/1.13.5"
172.187.168.139 - - [23/Feb/2026:20:34:49 +0000] "POST /wp-cron.php?doing_wp_cron=1771878889.9091858863830566406250 HTTP/1.1" 200 31 "-" "WordPress/6.7.1; https://companiesonthego.uk"
2a03:2880:f800:1:: - - [23/Feb/2026:20:34:50 +0000] "GET /wp-json/wp/v2/posts/4050 HTTP/1.1" 200 19777 "-" "meta-externalagent/1.1 (+https://developers.facebook.com/docs/sharing/webmasters/crawler)"
172.187.168.139 - - [23/Feb/2026:20:52:20 +0000] "POST /wp-cron.php?doing_wp_cron=1771879940.4114758968353271484375 HTTP/1.1" 200 31 "-" "WordPress/6.7.1; https://companiesonthego.uk"
66.249.66.167 - - [23/Feb/2026:20:52:20 +0000] "GET /capital-gains-tax-hikes-in-2026-timing-sales-and-exemptions-for-business-assets/%3Cbr%20/%3E%3Cb%3EDeprecated%3C/b%3E:%20%20ltrim():%20Passing%20null%20to%20parameter%20 HTTP/1.1" 301 5 "-" "Mozilla/5.0 (Linux; Android 6.0.1; Nexus 5X Build/MMB29P) AppleWebKit/537.36 (KHTML, like Gecko) Chrome/144.0.7559.132 Mobile Safari/537.36 (compatible; Googlebot/2.1; +http://www.google.com/bot.html)"
66.249.66.192 - - [23/Feb/2026:20:52:21 +0000] "GET /capital-gains-tax-hikes-in-2026-timing-sales-and-exemptions-for-business-assets/%3Cbr%20/%3E%3Cb%3EDeprecated%3C/b%3E:%20%20ltrim():%20Passing%20null%20to%20parameter HTTP/1.1" 404 17481 "-" "Mozilla/5.0 (Linux; Android 6.0.1; Nexus 5X Build/MMB29P) AppleWebKit/537.36 (KHTML, like Gecko) Chrome/144.0.7559.132 Mobile Safari/537.36 (compatible; Googlebot/2.1; +http://www.google.com/bot.html)"
172.187.168.139 - - [23/Feb/2026:21:07:21 +0000] "POST /wp-cron.php?doing_wp_cron=1771880841.4927790164947509765625 HTTP/1.1" 200 31 "-" "WordPress/6.7.1; https://companiesonthego.uk"
172.252.148.58 - - [23/Feb/2026:21:07:21 +0000] "GET /vat-registration-help-uk-2026-step-by-step-guide-for-small-businesses-and-startups/ HTTP/1.1" 200 26938 "-" "Mozilla/5.0 (Macintosh; Intel Mac OS X 10_15_7) AppleWebKit/537.36 (KHTML, like Gecko) Chrome/142.0.0.0 Safari/537.36"
20.215.220.99 - - [23/Feb/2026:21:07:56 +0000] "GET / HTTP/1.1" 200 30791 "-" "Mozilla/5.0 AppleWebKit/537.36 (KHTML, like Gecko); compatible; ChatGPT-User/1.0; +https://openai.com/bot"
172.187.168.139 - - [23/Feb/2026:21:08:23 +0000] "POST /wp-cron.php?doing_wp_cron=1771880903.1778969764709472656250 HTTP/1.1" 200 31 "-" "WordPress/6.7.1; https://companiesonthego.uk"
114.119.158.138 - - [23/Feb/2026:21:08:23 +0000] "GET /blog/page/3/ HTTP/1.1" 200 21797 "https://companiesonthego.uk/blog/page/5/" "Mozilla/5.0 (Linux; Android 7.0;) AppleWebKit/537.36 (KHTML, like Gecko) Mobile Safari/537.36 (compatible; PetalBot;+https://webmaster.petalsearch.com/site/petalbot)"
172.187.168.139 - - [23/Feb/2026:21:15:16 +0000] "POST /wp-cron.php?doing_wp_cron=1771881316.6211988925933837890625 HTTP/1.1" 200 31 "-" "WordPress/6.7.1; https://companiesonthego.uk"
18.97.9.96 - - [23/Feb/2026:21:15:17 +0000] "GET /companies-house-late-filing-penalties-2026-how-much-youll-pay-how-to-avoid-them/ HTTP/1.1" 200 25996 "-" "Mozilla/5.0 AppleWebKit/537.36 (KHTML, like Gecko; compatible; PerplexityBot/1.0; +https://perplexity.ai/perplexitybot)"
172.187.168.139 - - [23/Feb/2026:21:16:24 +0000] "POST /wp-cron.php?doing_wp_cron=1771881384.3555591106414794921875 HTTP/1.1" 200 31 "-" "WordPress/6.7.1; https://companiesonthego.uk"
199.120.14.166 - - [23/Feb/2026:21:16:24 +0000] "GET /how-to-close-a-limited-company-uk-2026-process-costs-and-compliance-tips HTTP/1.1" 301 5 "-" "Mozilla/5.0 (Macintosh; Intel Mac OS X 10_15_7) AppleWebKit/537.36 (KHTML, like Gecko) Chrome/139.0.0.0 Safari/537.36"
199.120.14.166 - - [23/Feb/2026:21:16:25 +0000] "GET /how-to-close-a-limited-company-uk-2026-process-costs-and-compliance-tips/ HTTP/1.1" 200 26475 "-" "Mozilla/5.0 (Macintosh; Intel Mac OS X 10_15_7) AppleWebKit/537.36 (KHTML, like Gecko) Chrome/139.0.0.0 Safari/537.36"
199.120.14.166 - - [23/Feb/2026:21:16:25 +0000] "GET /wp-content/plugins/contact-form-7/includes/css/styles.css?ver=6.0.6 HTTP/1.1" 304 0 "https://companiesonthego.uk/how-to-close-a-limited-company-uk-2026-process-costs-and-compliance-tips/" "Mozilla/5.0 (Macintosh; Intel Mac OS X 10_15_7) AppleWebKit/537.36 (KHTML, like Gecko) Chrome/139.0.0.0 Safari/537.36"
199.120.14.166 - - [23/Feb/2026:21:16:26 +0000] "GET /wp-content/plugins/apper-core/includes/framework/redux-core/assets/css/extendify-utilities.css?ver=4.4.15.1 HTTP/1.1" 304 0 "https://companiesonthego.uk/how-to-close-a-limited-company-uk-2026-process-costs-and-compliance-tips/" "Mozilla/5.0 (Macintosh; Intel Mac OS X 10_15_7) AppleWebKit/537.36 (KHTML, like Gecko) Chrome/139.0.0.0 Safari/537.36"
199.120.14.166 - - [23/Feb/2026:21:16:26 +0000] "GET /wp-content/plugins/apper-core/assets/css/acmtheme-styles.css?ver=2.0.15 HTTP/1.1" 304 0 "https://companiesonthego.uk/how-to-close-a-limited-company-uk-2026-process-costs-and-compliance-tips/" "Mozilla/5.0 (Macintosh; Intel Mac OS X 10_15_7) AppleWebKit/537.36 (KHTML, like Gecko) Chrome/139.0.0.0 Safari/537.36"
199.120.14.166 - - [23/Feb/2026:21:16:26 +0000] "GET /wp-content/themes/apper/assets/css/third/magnific-popup.min.css?ver=1.0.0 HTTP/1.1" 304 0 "https://companiesonthego.uk/how-to-close-a-limited-company-uk-2026-process-costs-and-compliance-tips/" "Mozilla/5.0 (Macintosh; Intel Mac OS X 10_15_7) AppleWebKit/537.36 (KHTML, like Gecko) Chrome/139.0.0.0 Safari/537.36"
199.120.14.166 - - [23/Feb/2026:21:16:26 +0000] "GET /wp-content/plugins/apper-core/assets/css/owl.carousel.min.css?ver=2.0.15 HTTP/1.1" 200 3351 "https://companiesonthego.uk/how-to-close-a-limited-company-uk-2026-process-costs-and-compliance-tips/" "Mozilla/5.0 (Macintosh; Intel Mac OS X 10_15_7) AppleWebKit/537.36 (KHTML, like Gecko) Chrome/139.0.0.0 Safari/537.36"
199.120.14.166 - - [23/Feb/2026:21:16:26 +0000] "GET /wp-content/themes/apper/assets/css/third/font-awesome.min.css?ver=4.7.0 HTTP/1.1" 304 0 "https://companiesonthego.uk/how-to-close-a-limited-company-uk-2026-process-costs-and-compliance-tips/" "Mozilla/5.0 (Macintosh; Intel Mac OS X 10_15_7) AppleWebKit/537.36 (KHTML, like Gecko) Chrome/139.0.0.0 Safari/537.36"
199.120.14.166 - - [23/Feb/2026:21:16:26 +0000] "GET /wp-content/themes/apper/assets/css/third/simple-line-icons.min.css?ver=2.4.0 HTTP/1.1" 304 0 "https://companiesonthego.uk/how-to-close-a-limited-company-uk-2026-process-costs-and-compliance-tips/" "Mozilla/5.0 (Macintosh; Intel Mac OS X 10_15_7) AppleWebKit/537.36 (KHTML, like Gecko) Chrome/139.0.0.0 Safari/537.36"
199.120.14.166 - - [23/Feb/2026:21:16:26 +0000] "GET /wp-content/plugins/apper-core/assets/vendors/fontawesome5/css/fontawesome.min.css?ver=5.x.x HTTP/1.1" 304 0 "https://companiesonthego.uk/how-to-close-a-limited-company-uk-2026-process-costs-and-compliance-tips/" "Mozilla/5.0 (Macintosh; Intel Mac OS X 10_15_7) AppleWebKit/537.36 (KHTML, like Gecko) Chrome/139.0.0.0 Safari/537.36"
199.120.14.166 - - [23/Feb/2026:21:16:26 +0000] "GET /wp-content/themes/apper/assets/css/preloader.css?ver=2.0.15 HTTP/1.1" 304 0 "https://companiesonthego.uk/how-to-close-a-limited-company-uk-2026-process-costs-and-compliance-tips/" "Mozilla/5.0 (Macintosh; Intel Mac OS X 10_15_7) AppleWebKit/537.36 (KHTML, like Gecko) Chrome/139.0.0.0 Safari/537.36"
199.120.14.166 - - [23/Feb/2026:21:16:26 +0000] "GET /wp-content/plugins/apper-core/assets/css/simple-line-icons.min.css?ver=6.7.1 HTTP/1.1" 304 0 "https://companiesonthego.uk/how-to-close-a-limited-company-uk-2026-process-costs-and-compliance-tips/" "Mozilla/5.0 (Macintosh; Intel Mac OS X 10_15_7) AppleWebKit/537.36 (KHTML, like Gecko) Chrome/139.0.0.0 Safari/537.36"
199.120.14.166 - - [23/Feb/2026:21:16:26 +0000] "GET /wp-includes/js/jquery/jquery-migrate.min.js?ver=3.4.1 HTTP/1.1" 304 0 "https://companiesonthego.uk/how-to-close-a-limited-company-uk-2026-process-costs-and-compliance-tips/" "Mozilla/5.0 (Macintosh; Intel Mac OS X 10_15_7) AppleWebKit/537.36 (KHTML, like Gecko) Chrome/139.0.0.0 Safari/537.36"
199.120.14.166 - - [23/Feb/2026:21:16:26 +0000] "GET /wp-content/themes/apper/assets/css/third/jquery.mmenu.all.min.css?ver=6.7.1 HTTP/1.1" 304 0 "https://companiesonthego.uk/how-to-close-a-limited-company-uk-2026-process-costs-and-compliance-tips/" "Mozilla/5.0 (Macintosh; Intel Mac OS X 10_15_7) AppleWebKit/537.36 (KHTML, like Gecko) Chrome/139.0.0.0 Safari/537.36"
199.120.14.166 - - [23/Feb/2026:21:16:26 +0000] "GET /wp-content/themes/apper/assets/css/style.css?ver=2.0.15 HTTP/1.1" 304 0 "https://companiesonthego.uk/how-to-close-a-limited-company-uk-2026-process-costs-and-compliance-tips/" "Mozilla/5.0 (Macintosh; Intel Mac OS X 10_15_7) AppleWebKit/537.36 (KHTML, like Gecko) Chrome/139.0.0.0 Safari/537.36"
199.120.14.166 - - [23/Feb/2026:21:16:26 +0000] "GET /wp-content/uploads/2026/01/flat-lay-payroll-concept-with-files-768x512.jpg HTTP/1.1" 200 72081 "https://companiesonthego.uk/how-to-close-a-limited-company-uk-2026-process-costs-and-compliance-tips/" "Mozilla/5.0 (Macintosh; Intel Mac OS X 10_15_7) AppleWebKit/537.36 (KHTML, like Gecko) Chrome/139.0.0.0 Safari/537.36"
199.120.14.166 - - [23/Feb/2026:21:16:26 +0000] "GET /wp-includes/js/jquery/jquery.min.js?ver=3.7.1 HTTP/1.1" 304 0 "https://companiesonthego.uk/how-to-close-a-limited-company-uk-2026-process-costs-and-compliance-tips/" "Mozilla/5.0 (Macintosh; Intel Mac OS X 10_15_7) AppleWebKit/537.36 (KHTML, like Gecko) Chrome/139.0.0.0 Safari/537.36"
199.120.14.166 - - [23/Feb/2026:21:16:26 +0000] "GET /wp-content/uploads/2026/01/medium-shot-woman-holding-passport-768x512.jpg HTTP/1.1" 200 69920 "https://companiesonthego.uk/how-to-close-a-limited-company-uk-2026-process-costs-and-compliance-tips/" "Mozilla/5.0 (Macintosh; Intel Mac OS X 10_15_7) AppleWebKit/537.36 (KHTML, like Gecko) Chrome/139.0.0.0 Safari/537.36"
199.120.14.166 - - [23/Feb/2026:21:16:26 +0000] "GET /wp-includes/js/dist/i18n.min.js?ver=5e580eb46a90c2b997e6 HTTP/1.1" 304 0 "https://companiesonthego.uk/how-to-close-a-limited-company-uk-2026-process-costs-and-compliance-tips/" "Mozilla/5.0 (Macintosh; Intel Mac OS X 10_15_7) AppleWebKit/537.36 (KHTML, like Gecko) Chrome/139.0.0.0 Safari/537.36"
199.120.14.166 - - [23/Feb/2026:21:16:26 +0000] "GET /wp-content/uploads/2026/01/calculating-machine-realtor-desktop-768x432.jpg HTTP/1.1" 304 0 "https://companiesonthego.uk/how-to-close-a-limited-company-uk-2026-process-costs-and-compliance-tips/" "Mozilla/5.0 (Macintosh; Intel Mac OS X 10_15_7) AppleWebKit/537.36 (KHTML, like Gecko) Chrome/139.0.0.0 Safari/537.36"
199.120.14.166 - - [23/Feb/2026:21:16:26 +0000] "GET /wp-content/plugins/apper-core/assets/js/acm-scripts.js?ver=6.7.1 HTTP/1.1" 304 0 "https://companiesonthego.uk/how-to-close-a-limited-company-uk-2026-process-costs-and-compliance-tips/" "Mozilla/5.0 (Macintosh; Intel Mac OS X 10_15_7) AppleWebKit/537.36 (KHTML, like Gecko) Chrome/139.0.0.0 Safari/537.36"
199.120.14.166 - - [23/Feb/2026:21:16:26 +0000] "GET /wp-content/plugins/apper-core/assets/js/owl.carousel.min.js?ver=6.7.1 HTTP/1.1" 304 0 "https://companiesonthego.uk/how-to-close-a-limited-company-uk-2026-process-costs-and-compliance-tips/" "Mozilla/5.0 (Macintosh; Intel Mac OS X 10_15_7) AppleWebKit/537.36 (KHTML, like Gecko) Chrome/139.0.0.0 Safari/537.36"
199.120.14.166 - - [23/Feb/2026:21:16:26 +0000] "GET /wp-content/uploads/2026/01/top-view-happy-boss-day-concept-2048x1365.jpg HTTP/1.1" 200 538055 "https://companiesonthego.uk/how-to-close-a-limited-company-uk-2026-process-costs-and-compliance-tips/" "Mozilla/5.0 (Macintosh; Intel Mac OS X 10_15_7) AppleWebKit/537.36 (KHTML, like Gecko) Chrome/139.0.0.0 Safari/537.36"
199.120.14.166 - - [23/Feb/2026:21:16:26 +0000] "GET /wp-content/plugins/contact-form-7/includes/swv/js/index.js?ver=6.0.6 HTTP/1.1" 304 0 "https://companiesonthego.uk/how-to-close-a-limited-company-uk-2026-process-costs-and-compliance-tips/" "Mozilla/5.0 (Macintosh; Intel Mac OS X 10_15_7) AppleWebKit/537.36 (KHTML, like Gecko) Chrome/139.0.0.0 Safari/537.36"
199.120.14.166 - - [23/Feb/2026:21:16:26 +0000] "GET /wp-content/plugins/apper-core/assets/js/frontend.js?ver=2.0.15 HTTP/1.1" 304 0 "https://companiesonthego.uk/how-to-close-a-limited-company-uk-2026-process-costs-and-compliance-tips/" "Mozilla/5.0 (Macintosh; Intel Mac OS X 10_15_7) AppleWebKit/537.36 (KHTML, like Gecko) Chrome/139.0.0.0 Safari/537.36"
199.120.14.166 - - [23/Feb/2026:21:16:26 +0000] "GET /wp-includes/js/imagesloaded.min.js?ver=5.0.0 HTTP/1.1" 304 0 "https://companiesonthego.uk/how-to-close-a-limited-company-uk-2026-process-costs-and-compliance-tips/" "Mozilla/5.0 (Macintosh; Intel Mac OS X 10_15_7) AppleWebKit/537.36 (KHTML, like Gecko) Chrome/139.0.0.0 Safari/537.36"
199.120.14.166 - - [23/Feb/2026:21:16:26 +0000] "GET /wp-content/plugins/contact-form-7/includes/js/index.js?ver=6.0.6 HTTP/1.1" 304 0 "https://companiesonthego.uk/how-to-close-a-limited-company-uk-2026-process-costs-and-compliance-tips/" "Mozilla/5.0 (Macintosh; Intel Mac OS X 10_15_7) AppleWebKit/537.36 (KHTML, like Gecko) Chrome/139.0.0.0 Safari/537.36"
199.120.14.166 - - [23/Feb/2026:21:16:26 +0000] "GET /wp-includes/js/dist/hooks.min.js?ver=4d63a3d491d11ffd8ac6 HTTP/1.1" 304 0 "https://companiesonthego.uk/how-to-close-a-limited-company-uk-2026-process-costs-and-compliance-tips/" "Mozilla/5.0 (Macintosh; Intel Mac OS X 10_15_7) AppleWebKit/537.36 (KHTML, like Gecko) Chrome/139.0.0.0 Safari/537.36"
199.120.14.166 - - [23/Feb/2026:21:16:26 +0000] "GET /wp-content/plugins/google-site-kit/dist/assets/js/googlesitekit-events-provider-contact-form-7-40476021fb6e59177033.js HTTP/1.1" 304 0 "https://companiesonthego.uk/how-to-close-a-limited-company-uk-2026-process-costs-and-compliance-tips/" "Mozilla/5.0 (Macintosh; Intel Mac OS X 10_15_7) AppleWebKit/537.36 (KHTML, like Gecko) Chrome/139.0.0.0 Safari/537.36"
199.120.14.166 - - [23/Feb/2026:21:16:26 +0000] "GET /wp-content/themes/apper/assets/fonts/fontawesome/fontawesome-webfont.woff2?v=4.7.0 HTTP/1.1" 304 0 "https://companiesonthego.uk/wp-content/themes/apper/assets/css/third/font-awesome.min.css?ver=4.7.0" "Mozilla/5.0 (Macintosh; Intel Mac OS X 10_15_7) AppleWebKit/537.36 (KHTML, like Gecko) Chrome/139.0.0.0 Safari/537.36"
199.120.14.166 - - [23/Feb/2026:21:16:26 +0000] "GET /wp-content/themes/apper/assets/js/third/jquery.mmenu.min.all.js?ver=6.7.1 HTTP/1.1" 304 0 "https://companiesonthego.uk/how-to-close-a-limited-company-uk-2026-process-costs-and-compliance-tips/" "Mozilla/5.0 (Macintosh; Intel Mac OS X 10_15_7) AppleWebKit/537.36 (KHTML, like Gecko) Chrome/139.0.0.0 Safari/537.36"
199.120.14.166 - - [23/Feb/2026:21:16:26 +0000] "GET /wp-content/themes/apper/assets/js/third/magnific-popup.min.js?ver=2.0.15 HTTP/1.1" 304 0 "https://companiesonthego.uk/how-to-close-a-limited-company-uk-2026-process-costs-and-compliance-tips/" "Mozilla/5.0 (Macintosh; Intel Mac OS X 10_15_7) AppleWebKit/537.36 (KHTML, like Gecko) Chrome/139.0.0.0 Safari/537.36"
199.120.14.166 - - [23/Feb/2026:21:16:26 +0000] "GET /wp-content/uploads/2025/02/logo.svg HTTP/1.1" 304 0 "https://companiesonthego.uk/how-to-close-a-limited-company-uk-2026-process-costs-and-compliance-tips/" "Mozilla/5.0 (Macintosh; Intel Mac OS X 10_15_7) AppleWebKit/537.36 (KHTML, like Gecko) Chrome/139.0.0.0 Safari/537.36"
199.120.14.166 - - [23/Feb/2026:21:16:26 +0000] "GET /wp-content/themes/apper/assets/js/third/lightbox.min.js?ver=2.0.15 HTTP/1.1" 304 0 "https://companiesonthego.uk/how-to-close-a-limited-company-uk-2026-process-costs-and-compliance-tips/" "Mozilla/5.0 (Macintosh; Intel Mac OS X 10_15_7) AppleWebKit/537.36 (KHTML, like Gecko) Chrome/139.0.0.0 Safari/537.36"
199.120.14.166 - - [23/Feb/2026:21:16:26 +0000] "GET /wp-content/plugins/google-site-kit/dist/assets/js/googlesitekit-events-provider-wpforms-ed443a3a3d45126a22ce.js HTTP/1.1" 304 0 "https://companiesonthego.uk/how-to-close-a-limited-company-uk-2026-process-costs-and-compliance-tips/" "Mozilla/5.0 (Macintosh; Intel Mac OS X 10_15_7) AppleWebKit/537.36 (KHTML, like Gecko) Chrome/139.0.0.0 Safari/537.36"
199.120.14.166 - - [23/Feb/2026:21:16:26 +0000] "GET /wp-content/themes/apper/assets/js/quick.js?ver=2.0.15 HTTP/1.1" 304 0 "https://companiesonthego.uk/how-to-close-a-limited-company-uk-2026-process-costs-and-compliance-tips/" "Mozilla/5.0 (Macintosh; Intel Mac OS X 10_15_7) AppleWebKit/537.36 (KHTML, like Gecko) Chrome/139.0.0.0 Safari/537.36"
199.120.14.166 - - [23/Feb/2026:21:16:26 +0000] "GET /wp-content/themes/apper/assets/fonts/simple-line-icons/Simple-Line-Icons.woff2?v=2.4.0 HTTP/1.1" 304 0 "https://companiesonthego.uk/wp-content/themes/apper/assets/css/third/simple-line-icons.min.css?ver=2.4.0" "Mozilla/5.0 (Macintosh; Intel Mac OS X 10_15_7) AppleWebKit/537.36 (KHTML, like Gecko) Chrome/139.0.0.0 Safari/537.36"
199.120.14.166 - - [23/Feb/2026:21:16:26 +0000] "GET /wp-content/themes/apper/assets/js/main.min.js?ver=2.0.15 HTTP/1.1" 304 0 "https://companiesonthego.uk/how-to-close-a-limited-company-uk-2026-process-costs-and-compliance-tips/" "Mozilla/5.0 (Macintosh; Intel Mac OS X 10_15_7) AppleWebKit/537.36 (KHTML, like Gecko) Chrome/139.0.0.0 Safari/537.36"
199.120.14.166 - - [23/Feb/2026:21:16:26 +0000] "GET /wp-includes/js/comment-reply.min.js?ver=6.7.1 HTTP/1.1" 304 0 "https://companiesonthego.uk/how-to-close-a-limited-company-uk-2026-process-costs-and-compliance-tips/" "Mozilla/5.0 (Macintosh; Intel Mac OS X 10_15_7) AppleWebKit/537.36 (KHTML, like Gecko) Chrome/139.0.0.0 Safari/537.36"
199.120.14.166 - - [23/Feb/2026:21:16:27 +0000] "GET /wp-content/uploads/2025/02/favicon.png HTTP/1.1" 304 0 "https://companiesonthego.uk/how-to-close-a-limited-company-uk-2026-process-costs-and-compliance-tips/" "Mozilla/5.0 (Macintosh; Intel Mac OS X 10_15_7) AppleWebKit/537.36 (KHTML, like Gecko) Chrome/139.0.0.0 Safari/537.36"
185.191.171.13 - - [23/Feb/2026:21:16:37 +0000] "GET /robots.txt HTTP/1.1" 200 401 "-" "Mozilla/5.0 (compatible; SemrushBot/7~bl; +http://www.semrush.com/bot.html)"
185.191.171.12 - - [23/Feb/2026:21:16:39 +0000] "GET /tag/tips/ HTTP/1.1" 200 19765 "-" "Mozilla/5.0 (compatible; SemrushBot/7~bl; +http://www.semrush.com/bot.html)"
114.119.157.143 - - [23/Feb/2026:21:17:11 +0000] "GET /author/admin/page/5/ HTTP/1.1" 200 22372 "https://companiesonthego.uk/author/admin/page/4/" "Mozilla/5.0 (Linux; Android 7.0;) AppleWebKit/537.36 (KHTML, like Gecko) Mobile Safari/537.36 (compatible; PetalBot;+https://webmaster.petalsearch.com/site/petalbot)"
172.187.168.139 - - [23/Feb/2026:21:19:13 +0000] "POST /wp-cron.php?doing_wp_cron=1771881553.7678918838500976562500 HTTP/1.1" 200 31 "-" "WordPress/6.7.1; https://companiesonthego.uk"
34.236.135.14 - - [23/Feb/2026:21:19:13 +0000] "GET /robots.txt HTTP/1.1" 200 401 "-" "Mozilla/5.0 AppleWebKit/537.36 (KHTML, like Gecko; compatible; Amazonbot/0.1; +https://developer.amazon.com/support/amazonbot) Chrome/119.0.6045.214 Safari/537.36"
184.73.47.24 - - [23/Feb/2026:21:19:18 +0000] "GET /wp-json/wp/v2/pages/3303 HTTP/1.1" 200 58838 "-" "Mozilla/5.0 AppleWebKit/537.36 (KHTML, like Gecko; compatible; Amazonbot/0.1; +https://developer.amazon.com/support/amazonbot) Chrome/119.0.6045.214 Safari/537.36"
172.187.168.139 - - [23/Feb/2026:21:47:03 +0000] "POST /wp-cron.php?doing_wp_cron=1771883223.2513530254364013671875 HTTP/1.1" 200 31 "-" "WordPress/6.7.1; https://companiesonthego.uk"
23.98.142.179 - - [23/Feb/2026:21:47:03 +0000] "GET /companies-house-late-filing-penalties-2026-how-much-youll-pay-how-to-avoid-them/ HTTP/1.1" 200 26015 "-" "Mozilla/5.0 AppleWebKit/537.36 (KHTML, like Gecko); compatible; ChatGPT-User/1.0; +https://openai.com/bot"
172.187.168.139 - - [23/Feb/2026:21:51:25 +0000] "POST /wp-cron.php?doing_wp_cron=1771883485.2909801006317138671875 HTTP/1.1" 200 31 "-" "WordPress/6.7.1; https://companiesonthego.uk"
5.181.166.181 - - [23/Feb/2026:21:51:25 +0000] "GET /how-to-change-your-accounting-reference-date-ard-to-extend-filing-deadlines-2026 HTTP/1.1" 301 5 "-" "Mozilla/5.0 (Macintosh; Intel Mac OS X 10_15_7) AppleWebKit/537.36 (KHTML, like Gecko) Chrome/142.0.0.0 Safari/537.36"
98.207.233.247 - - [23/Feb/2026:21:51:27 +0000] "GET /how-to-change-your-accounting-reference-date-ard-to-extend-filing-deadlines-2026/ HTTP/1.1" 200 25953 "-" "Mozilla/5.0 (Macintosh; Intel Mac OS X 10.15; rv:142.0) Gecko/20100101 Firefox/142.0"
67.205.128.213 - - [23/Feb/2026:21:51:47 +0000] "GET / HTTP/1.1" 200 30791 "-" "Mozilla/5.0 (X11; Linux x86_64) AppleWebKit/537.36 (KHTML, like Gecko) Chrome/55.0.2883.87 Safari/537.36"
104.37.31.148 - - [23/Feb/2026:21:51:51 +0000] "GET /how-to-change-your-accounting-reference-date-ard-to-extend-filing-deadlines-2026 HTTP/1.1" 301 5 "-" "Mozilla/5.0 (Macintosh; Intel Mac OS X 10_15_7) AppleWebKit/605.1.15 (KHTML, like Gecko) Version/26.2 Safari/605.1.15"
104.37.31.148 - - [23/Feb/2026:21:51:52 +0000] "GET /how-to-change-your-accounting-reference-date-ard-to-extend-filing-deadlines-2026/ HTTP/1.1" 200 26039 "https://companiesonthego.uk/how-to-change-your-accounting-reference-date-ard-to-extend-filing-deadlines-2026" "Mozilla/5.0 (Macintosh; Intel Mac OS X 10_15_7) AppleWebKit/605.1.15 (KHTML, like Gecko) Version/26.2 Safari/605.1.15"
172.187.168.139 - - [23/Feb/2026:21:55:26 +0000] "POST /wp-cron.php?doing_wp_cron=1771883725.7419118881225585937500 HTTP/1.1" 200 31 "-" "WordPress/6.7.1; https://companiesonthego.uk"
52.0.218.219 - - [23/Feb/2026:21:55:26 +0000] "GET /wp-json/oembed/1.0/embed?format=xml&url=https://companiesonthego.uk/pricing/ HTTP/1.1" 200 2707 "-" "Mozilla/5.0 AppleWebKit/537.36 (KHTML, like Gecko; compatible; Amazonbot/0.1; +https://developer.amazon.com/support/amazonbot) Chrome/119.0.6045.214 Safari/537.36"
172.187.168.139 - - [23/Feb/2026:22:04:01 +0000] "POST /wp-cron.php?doing_wp_cron=1771884241.4654359817504882812500 HTTP/1.1" 200 31 "-" "WordPress/6.7.1; https://companiesonthego.uk"
66.249.66.167 - - [23/Feb/2026:22:04:01 +0000] "GET /tag/websites/ HTTP/1.1" 200 19515 "-" "Mozilla/5.0 (Linux; Android 6.0.1; Nexus 5X Build/MMB29P) AppleWebKit/537.36 (KHTML, like Gecko) Chrome/144.0.7559.132 Mobile Safari/537.36 (compatible; Googlebot/2.1; +http://www.google.com/bot.html)"
172.187.168.139 - - [23/Feb/2026:22:07:23 +0000] "POST /wp-cron.php?doing_wp_cron=1771884442.9834818840026855468750 HTTP/1.1" 200 31 "-" "WordPress/6.7.1; https://companiesonthego.uk"
66.249.66.4 - - [23/Feb/2026:22:07:23 +0000] "GET /dormant-company-filing-requirements-2026-what-you-still-need-to-submit/ HTTP/1.1" 200 25665 "-" "Mozilla/5.0 (Linux; Android 6.0.1; Nexus 5X Build/MMB29P) AppleWebKit/537.36 (KHTML, like Gecko) Chrome/144.0.7559.132 Mobile Safari/537.36 (compatible; Googlebot/2.1; +http://www.google.com/bot.html)"
172.187.168.139 - - [23/Feb/2026:22:08:22 +0000] "POST /wp-cron.php?doing_wp_cron=1771884502.9360709190368652343750 HTTP/1.1" 200 31 "-" "WordPress/6.7.1; https://companiesonthego.uk"
20.215.214.27 - - [23/Feb/2026:22:08:23 +0000] "GET / HTTP/1.1" 200 30791 "-" "Mozilla/5.0 AppleWebKit/537.36 (KHTML, like Gecko); compatible; ChatGPT-User/1.0; +https://openai.com/bot"
172.187.168.139 - - [23/Feb/2026:22:10:53 +0000] "POST /wp-cron.php?doing_wp_cron=1771884653.6220428943634033203125 HTTP/1.1" 200 31 "-" "WordPress/6.7.1; https://companiesonthego.uk"
68.221.75.22 - - [23/Feb/2026:22:10:54 +0000] "GET / HTTP/1.1" 200 30791 "-" "Mozilla/5.0 AppleWebKit/537.36 (KHTML, like Gecko); compatible; ChatGPT-User/1.0; +https://openai.com/bot"
172.187.168.139 - - [23/Feb/2026:22:12:25 +0000] "POST /wp-cron.php?doing_wp_cron=1771884745.3788990974426269531250 HTTP/1.1" 200 31 "-" "WordPress/6.7.1; https://companiesonthego.uk"
3.212.205.90 - - [23/Feb/2026:22:12:25 +0000] "GET /wp-json/oembed/1.0/embed?url=https://companiesonthego.uk/pricing/ HTTP/1.1" 200 2495 "-" "Mozilla/5.0 AppleWebKit/537.36 (KHTML, like Gecko; compatible; Amazonbot/0.1; +https://developer.amazon.com/support/amazonbot) Chrome/119.0.6045.214 Safari/537.36"
172.187.168.139 - - [23/Feb/2026:22:25:24 +0000] "POST /wp-cron.php?doing_wp_cron=1771885523.9616270065307617187500 HTTP/1.1" 200 31 "-" "WordPress/6.7.1; https://companiesonthego.uk"
65.108.125.120 - - [23/Feb/2026:22:25:24 +0000] "GET /robots.txt HTTP/1.1" 200 401 "-" "Mozilla/5.0 (compatible; MJ12bot/v1.4.8; http://mj12bot.com/)"
65.108.125.120 - - [23/Feb/2026:22:25:26 +0000] "GET /accountants-guide-managing-companies-house-deadlines-for-100-clients-2026/%3Cbr%20/%3E%0A%3Cb%3EDeprecated%3C/b%3E:%20%20ltrim():%20Passing%20null%20to%20parameter HTTP/1.1" 404 17481 "-" "Mozilla/5.0 (compatible; MJ12bot/v1.4.8; http://mj12bot.com/)"
172.187.168.139 - - [23/Feb/2026:22:31:28 +0000] "POST /wp-cron.php?doing_wp_cron=1771885888.5278780460357666015625 HTTP/1.1" 200 31 "-" "WordPress/6.7.1; https://companiesonthego.uk"
178.151.245.162 - - [23/Feb/2026:22:31:28 +0000] "GET /robots.txt HTTP/1.1" 200 401 "-" "Mozilla/5.0 (compatible; MJ12bot/v1.4.8; http://mj12bot.com/)"
178.151.245.162 - - [23/Feb/2026:22:31:32 +0000] "GET /avoid-late-penalties-companies-house-annual-accounts-and-confirmation-statement-deadlines-2026/%3Cbr%20/%3E%0A%3Cb%3EDeprecated%3C/b%3E:%20%20ltrim():%20Passing%20null%20to%20parameter HTTP/1.1" 404 17481 "-" "Mozilla/5.0 (compatible; MJ12bot/v1.4.8; http://mj12bot.com/)"
178.151.245.162 - - [23/Feb/2026:22:31:34 +0000] "GET /avoid-penalties-instant-notifications-for-overdue-uk-company-filings/%3Cbr%20/%3E%0A%3Cb%3EDeprecated%3C/b%3E:%20%20ltrim():%20Passing%20null%20to%20parameter HTTP/1.1" 404 17481 "-" "Mozilla/5.0 (compatible; MJ12bot/v1.4.8; http://mj12bot.com/)"
178.151.245.162 - - [23/Feb/2026:22:31:36 +0000] "GET /best-apps-for-companies-house-advanced-search-and-deadline-reminders/%3Cbr%20/%3E%0A%3Cb%3EDeprecated%3C/b%3E:%20%20ltrim():%20Passing%20null%20to%20parameter HTTP/1.1" 404 17481 "-" "Mozilla/5.0 (compatible; MJ12bot/v1.4.8; http://mj12bot.com/)"
178.151.245.162 - - [23/Feb/2026:22:31:39 +0000] "GET /bookkeeping-services-for-ecommerce-uk-2026-best-practices-for-amazon-and-shopify-sellers/%3Cbr%20/%3E%0A%3Cb%3EDeprecated%3C/b%3E:%20%20ltrim():%20Passing%20null%20to%20parameter HTTP/1.1" 404 17481 "-" "Mozilla/5.0 (compatible; MJ12bot/v1.4.8; http://mj12bot.com/)"
178.151.245.162 - - [23/Feb/2026:22:31:41 +0000] "GET /companies-house-annual-accounts-filing-deadline-2026-complete-guide-for-businesses/%3Cbr%20/%3E%0A%3Cb%3EDeprecated%3C/b%3E:%20%20ltrim():%20Passing%20null%20to%20parameter HTTP/1.1" 404 17481 "-" "Mozilla/5.0 (compatible; MJ12bot/v1.4.8; http://mj12bot.com/)"
178.151.245.162 - - [23/Feb/2026:22:31:43 +0000] "GET /companies-house-changes-2026-identity-verification-fees-and-compliance-tracker-app/%3Cbr%20/%3E%0A%3Cb%3EDeprecated%3C/b%3E:%20%20ltrim():%20Passing%20null%20to%20parameter HTTP/1.1" 404 17481 "-" "Mozilla/5.0 (compatible; MJ12bot/v1.4.8; http://mj12bot.com/)"
178.151.245.162 - - [23/Feb/2026:22:31:47 +0000] "GET /companies-house-confirmation-statement-accounts-filing-deadlines-2026-never-miss-with-app-alerts/%3Cbr%20/%3E%0A%3Cb%3EDeprecated%3C/b%3E:%20%20ltrim():%20Passing%20null%20to%20parameter HTTP/1.1" 404 17481 "-" "Mozilla/5.0 (compatible; MJ12bot/v1.4.8; http://mj12bot.com/)"
178.151.245.162 - - [23/Feb/2026:22:31:57 +0000] "GET /companies-house-filing-deadlines-2026-uk-businesses/%3Cbr%20/%3E%0A%3Cb%3EDeprecated%3C/b%3E:%20%20ltrim():%20Passing%20null%20to%20parameter HTTP/1.1" 404 17481 "-" "Mozilla/5.0 (compatible; MJ12bot/v1.4.8; http://mj12bot.com/)"
178.151.245.162 - - [23/Feb/2026:22:32:00 +0000] "GET /companies-house-identity-verification-deadline-2026-must-do-steps-to-avoid-fines-and-stay-alert-with-mobile-app/%3Cbr%20/%3E%0A%3Cb%3EDeprecated%3C/b%3E:%20%20ltrim():%20Passing%20null%20to%20parameter HTTP/1.1" 404 17481 "-" "Mozilla/5.0 (compatible; MJ12bot/v1.4.8; http://mj12bot.com/)"
178.151.245.162 - - [23/Feb/2026:22:32:02 +0000] "GET /companies-house-late-filing-penalties-2026-how-much-youll-pay-how-to-avoid-them/%3Cbr%20/%3E%0A%3Cb%3EDeprecated%3C/b%3E:%20%20ltrim():%20Passing%20null%20to%20parameter HTTP/1.1" 404 17481 "-" "Mozilla/5.0 (compatible; MJ12bot/v1.4.8; http://mj12bot.com/)"
178.151.245.162 - - [23/Feb/2026:22:32:04 +0000] "GET /companies-house-search-deadline-tracker-best-app-for-accountants-in-2026/%3Cbr%20/%3E%0A%3Cb%3EDeprecated%3C/b%3E:%20%20ltrim():%20Passing%20null%20to%20parameter HTTP/1.1" 404 17481 "-" "Mozilla/5.0 (compatible; MJ12bot/v1.4.8; http://mj12bot.com/)"
178.151.245.162 - - [23/Feb/2026:22:32:06 +0000] "GET /companies-house-search-guide-mobile-access-accountants/%3Cbr%20/%3E%0A%3Cb%3EDeprecated%3C/b%3E:%20%20ltrim():%20Passing%20null%20to%20parameter HTTP/1.1" 404 17481 "-" "Mozilla/5.0 (compatible; MJ12bot/v1.4.8; http://mj12bot.com/)"
178.151.245.162 - - [23/Feb/2026:22:32:12 +0000] "GET /corporation-tax-companies-house-deadlines-2026-full-guide-to-avoid-penalties-with-instant-alerts/%3Cbr%20/%3E%0A%3Cb%3EDeprecated%3C/b%3E:%20%20ltrim():%20Passing%20null%20to%20parameter HTTP/1.1" 404 17481 "-" "Mozilla/5.0 (compatible; MJ12bot/v1.4.8; http://mj12bot.com/)"
172.187.168.139 - - [23/Feb/2026:22:32:14 +0000] "POST /wp-cron.php?doing_wp_cron=1771885934.5129349231719970703125 HTTP/1.1" 200 31 "-" "WordPress/6.7.1; https://companiesonthego.uk"
178.151.245.162 - - [23/Feb/2026:22:32:14 +0000] "GET /corporation-tax-deadlines-2026-uk-payment-filing-dates-real-time-reminders-app/%3Cbr%20/%3E%0A%3Cb%3EDeprecated%3C/b%3E:%20%20ltrim():%20Passing%20null%20to%20parameter HTTP/1.1" 404 17481 "-" "Mozilla/5.0 (compatible; MJ12bot/v1.4.8; http://mj12bot.com/)"
178.151.245.162 - - [23/Feb/2026:22:32:16 +0000] "GET /corporation-tax-payment-deadlines-2026-get-on-the-go-notifications-now/%3Cbr%20/%3E%0A%3Cb%3EDeprecated%3C/b%3E:%20%20ltrim():%20Passing%20null%20to%20parameter HTTP/1.1" 404 17481 "-" "Mozilla/5.0 (compatible; MJ12bot/v1.4.8; http://mj12bot.com/)"
178.151.245.162 - - [23/Feb/2026:22:32:18 +0000] "GET /corporation-tax-rates-2026-uk-new-changes-and-how-to-calculate-your-liability/%3Cbr%20/%3E%0A%3Cb%3EDeprecated%3C/b%3E:%20%20ltrim():%20Passing%20null%20to%20parameter HTTP/1.1" 404 17481 "-" "Mozilla/5.0 (compatible; MJ12bot/v1.4.8; http://mj12bot.com/)"
178.151.245.162 - - [23/Feb/2026:22:32:20 +0000] "GET /dormant-company-filing-requirements-2026-what-you-still-need-to-submit/%3Cbr%20/%3E%0A%3Cb%3EDeprecated%3C/b%3E:%20%20ltrim():%20Passing%20null%20to%20parameter HTTP/1.1" 404 17481 "-" "Mozilla/5.0 (compatible; MJ12bot/v1.4.8; http://mj12bot.com/)"
178.151.245.162 - - [23/Feb/2026:22:32:24 +0000] "GET /essential-uk-company-compliance-tools-track-deadlines-anywhere/%3Cbr%20/%3E%0A%3Cb%3EDeprecated%3C/b%3E:%20%20ltrim():%20Passing%20null%20to%20parameter HTTP/1.1" 404 17481 "-" "Mozilla/5.0 (compatible; MJ12bot/v1.4.8; http://mj12bot.com/)"
178.151.245.162 - - [23/Feb/2026:22:32:26 +0000] "GET /first-time-director-your-complete-companies-house-filing-calendar-2026/%3Cbr%20/%3E%0A%3Cb%3EDeprecated%3C/b%3E:%20%20ltrim():%20Passing%20null%20to%20parameter HTTP/1.1" 404 17481 "-" "Mozilla/5.0 (compatible; MJ12bot/v1.4.8; http://mj12bot.com/)"
178.151.245.162 - - [23/Feb/2026:22:32:28 +0000] "GET /how-to-change-your-accounting-reference-date-ard-to-extend-filing-deadlines-2026/%3Cbr%20/%3E%0A%3Cb%3EDeprecated%3C/b%3E:%20%20ltrim():%20Passing%20null%20to%20parameter HTTP/1.1" 404 17481 "-" "Mozilla/5.0 (compatible; MJ12bot/v1.4.8; http://mj12bot.com/)"
178.151.245.162 - - [23/Feb/2026:22:32:30 +0000] "GET /how-to-check-your-companies-house-filing-deadlines-in-2-minutes-step-by-step-2026/%3Cbr%20/%3E%0A%3Cb%3EDeprecated%3C/b%3E:%20%20ltrim():%20Passing%20null%20to%20parameter HTTP/1.1" 404 17481 "-" "Mozilla/5.0 (compatible; MJ12bot/v1.4.8; http://mj12bot.com/)"
178.151.245.162 - - [23/Feb/2026:22:32:32 +0000] "GET /how-to-close-a-limited-company-uk-2026-process-costs-and-compliance-tips/%3Cbr%20/%3E%0A%3Cb%3EDeprecated%3C/b%3E:%20%20ltrim():%20Passing%20null%20to%20parameter HTTP/1.1" 404 17481 "-" "Mozilla/5.0 (compatible; MJ12bot/v1.4.8; http://mj12bot.com/)"
178.151.245.162 - - [23/Feb/2026:22:32:35 +0000] "GET /how-to-file-confirmation-statement-companies-house-2026-easy-mobile-tracking-tips/%3Cbr%20/%3E%0A%3Cb%3EDeprecated%3C/b%3E:%20%20ltrim():%20Passing%20null%20to%20parameter HTTP/1.1" 404 17481 "-" "Mozilla/5.0 (compatible; MJ12bot/v1.4.8; http://mj12bot.com/)"
178.151.245.162 - - [23/Feb/2026:22:32:37 +0000] "GET /how-to-get-real-time-alerts-for-uk-company-compliance-deadlines-on-mobile/%3Cbr%20/%3E%0A%3Cb%3EDeprecated%3C/b%3E:%20%20ltrim():%20Passing%20null%20to%20parameter HTTP/1.1" 404 17481 "-" "Mozilla/5.0 (compatible; MJ12bot/v1.4.8; http://mj12bot.com/)"
178.151.245.162 - - [23/Feb/2026:22:32:39 +0000] "GET /how-to-monitor-companies-house-data-on-the-go-free-apps/%3Cbr%20/%3E%0A%3Cb%3EDeprecated%3C/b%3E:%20%20ltrim():%20Passing%20null%20to%20parameter HTTP/1.1" 404 17481 "-" "Mozilla/5.0 (compatible; MJ12bot/v1.4.8; http://mj12bot.com/)"
178.151.245.162 - - [23/Feb/2026:22:32:41 +0000] "GET /ir35-contractor-accountant-guide-2026-compliance-rules-and-tax-advice/%3Cbr%20/%3E%0A%3Cb%3EDeprecated%3C/b%3E:%20%20ltrim():%20Passing%20null%20to%20parameter HTTP/1.1" 404 17481 "-" "Mozilla/5.0 (compatible; MJ12bot/v1.4.8; http://mj12bot.com/)"
178.151.245.162 - - [23/Feb/2026:22:32:43 +0000] "GET /late-tax-return-penalty-uk-2026-how-to-appeal-and-prevent-future-fines/%3Cbr%20/%3E%0A%3Cb%3EDeprecated%3C/b%3E:%20%20ltrim():%20Passing%20null%20to%20parameter HTTP/1.1" 404 17481 "-" "Mozilla/5.0 (compatible; MJ12bot/v1.4.8; http://mj12bot.com/)"
178.151.245.162 - - [23/Feb/2026:22:32:45 +0000] "GET /mandatory-director-id-verification-companies-house-november-2026-deadline-guide-and-alert-tools/%3Cbr%20/%3E%0A%3Cb%3EDeprecated%3C/b%3E:%20%20ltrim():%20Passing%20null%20to%20parameter HTTP/1.1" 404 17481 "-" "Mozilla/5.0 (compatible; MJ12bot/v1.4.8; http://mj12bot.com/)"
130.211.235.154 - - [23/Feb/2026:22:32:46 +0000] "GET / HTTP/1.1" 200 30791 "-" "Mozilla/5.0 (Windows NT 10.0; Win64; x64) AppleWebKit/537.36 (KHTML, like Gecko) Chrome/131.0.0.0 Safari/537.36"
