2001:41d0:303:6f6b::1 - - [23/Feb/2026:03:57:53 +0000] "GET /corporation-tax-deadlines-2026-uk-payment-filing-dates-real-time-reminders-app/%3Cbr%20/%3E%0A%3Cb%3EDeprecated%3C/b%3E:%20%20ltrim():%20Passing%20null%20to%20parameter HTTP/1.1" 404 17481 "-" "Mozilla/5.0 (compatible; MJ12bot/v1.4.8; http://mj12bot.com/)"
2001:41d0:303:6f6b::1 - - [23/Feb/2026:03:57:55 +0000] "GET /corporation-tax-payment-deadlines-2026-get-on-the-go-notifications-now/%3Cbr%20/%3E%0A%3Cb%3EDeprecated%3C/b%3E:%20%20ltrim():%20Passing%20null%20to%20parameter HTTP/1.1" 404 17481 "-" "Mozilla/5.0 (compatible; MJ12bot/v1.4.8; http://mj12bot.com/)"
2001:41d0:303:6f6b::1 - - [23/Feb/2026:03:57:57 +0000] "GET /corporation-tax-rates-2026-uk-new-changes-and-how-to-calculate-your-liability/%3Cbr%20/%3E%0A%3Cb%3EDeprecated%3C/b%3E:%20%20ltrim():%20Passing%20null%20to%20parameter HTTP/1.1" 404 17481 "-" "Mozilla/5.0 (compatible; MJ12bot/v1.4.8; http://mj12bot.com/)"
2001:41d0:303:6f6b::1 - - [23/Feb/2026:03:57:59 +0000] "GET /dormant-company-filing-requirements-2026-what-you-still-need-to-submit/%3Cbr%20/%3E%0A%3Cb%3EDeprecated%3C/b%3E:%20%20ltrim():%20Passing%20null%20to%20parameter HTTP/1.1" 404 17481 "-" "Mozilla/5.0 (compatible; MJ12bot/v1.4.8; http://mj12bot.com/)"
2001:41d0:303:6f6b::1 - - [23/Feb/2026:03:58:01 +0000] "GET /essential-uk-business-compliance-calendar-2026-deadlines-free-alert-app/%3Cbr%20/%3E%0A%3Cb%3EDeprecated%3C/b%3E:%20%20ltrim():%20Passing%20null%20to%20parameter HTTP/1.1" 404 17481 "-" "Mozilla/5.0 (compatible; MJ12bot/v1.4.8; http://mj12bot.com/)"
2001:41d0:303:6f6b::1 - - [23/Feb/2026:03:58:03 +0000] "GET /essential-uk-company-compliance-tools-track-deadlines-anywhere/%3Cbr%20/%3E%0A%3Cb%3EDeprecated%3C/b%3E:%20%20ltrim():%20Passing%20null%20to%20parameter HTTP/1.1" 404 17481 "-" "Mozilla/5.0 (compatible; MJ12bot/v1.4.8; http://mj12bot.com/)"
2001:41d0:303:6f6b::1 - - [23/Feb/2026:03:58:05 +0000] "GET /first-time-director-your-complete-companies-house-filing-calendar-2026/%3Cbr%20/%3E%0A%3Cb%3EDeprecated%3C/b%3E:%20%20ltrim():%20Passing%20null%20to%20parameter HTTP/1.1" 404 17481 "-" "Mozilla/5.0 (compatible; MJ12bot/v1.4.8; http://mj12bot.com/)"
2001:41d0:303:6f6b::1 - - [23/Feb/2026:03:58:07 +0000] "GET /how-to-change-your-accounting-reference-date-ard-to-extend-filing-deadlines-2026/%3Cbr%20/%3E%0A%3Cb%3EDeprecated%3C/b%3E:%20%20ltrim():%20Passing%20null%20to%20parameter HTTP/1.1" 404 17481 "-" "Mozilla/5.0 (compatible; MJ12bot/v1.4.8; http://mj12bot.com/)"
2001:41d0:303:6f6b::1 - - [23/Feb/2026:03:58:09 +0000] "GET /how-to-check-your-companies-house-filing-deadlines-in-2-minutes-step-by-step-2026/%3Cbr%20/%3E%0A%3Cb%3EDeprecated%3C/b%3E:%20%20ltrim():%20Passing%20null%20to%20parameter HTTP/1.1" 404 17481 "-" "Mozilla/5.0 (compatible; MJ12bot/v1.4.8; http://mj12bot.com/)"
2001:41d0:303:6f6b::1 - - [23/Feb/2026:03:58:11 +0000] "GET /how-to-close-a-limited-company-uk-2026-process-costs-and-compliance-tips/%3Cbr%20/%3E%0A%3Cb%3EDeprecated%3C/b%3E:%20%20ltrim():%20Passing%20null%20to%20parameter HTTP/1.1" 404 17481 "-" "Mozilla/5.0 (compatible; MJ12bot/v1.4.8; http://mj12bot.com/)"
172.187.168.139 - - [23/Feb/2026:03:58:13 +0000] "POST /wp-cron.php?doing_wp_cron=1771819093.4579219818115234375000 HTTP/1.1" 200 31 "-" "WordPress/6.7.1; https://companiesonthego.uk"
2001:41d0:303:6f6b::1 - - [23/Feb/2026:03:58:13 +0000] "GET /how-to-file-confirmation-statement-companies-house-2026-easy-mobile-tracking-tips/%3Cbr%20/%3E%0A%3Cb%3EDeprecated%3C/b%3E:%20%20ltrim():%20Passing%20null%20to%20parameter HTTP/1.1" 404 17481 "-" "Mozilla/5.0 (compatible; MJ12bot/v1.4.8; http://mj12bot.com/)"
2001:41d0:303:6f6b::1 - - [23/Feb/2026:03:58:15 +0000] "GET /how-to-get-real-time-alerts-for-uk-company-compliance-deadlines-on-mobile/%3Cbr%20/%3E%0A%3Cb%3EDeprecated%3C/b%3E:%20%20ltrim():%20Passing%20null%20to%20parameter HTTP/1.1" 404 17481 "-" "Mozilla/5.0 (compatible; MJ12bot/v1.4.8; http://mj12bot.com/)"
2001:41d0:303:6f6b::1 - - [23/Feb/2026:03:58:17 +0000] "GET /how-to-monitor-companies-house-data-on-the-go-free-apps/%3Cbr%20/%3E%0A%3Cb%3EDeprecated%3C/b%3E:%20%20ltrim():%20Passing%20null%20to%20parameter HTTP/1.1" 404 17481 "-" "Mozilla/5.0 (compatible; MJ12bot/v1.4.8; http://mj12bot.com/)"
2001:41d0:303:6f6b::1 - - [23/Feb/2026:03:58:19 +0000] "GET /ir35-contractor-accountant-guide-2026-compliance-rules-and-tax-advice/%3Cbr%20/%3E%0A%3Cb%3EDeprecated%3C/b%3E:%20%20ltrim():%20Passing%20null%20to%20parameter HTTP/1.1" 404 17481 "-" "Mozilla/5.0 (compatible; MJ12bot/v1.4.8; http://mj12bot.com/)"
2001:41d0:303:6f6b::1 - - [23/Feb/2026:03:58:21 +0000] "GET /late-tax-return-penalty-uk-2026-how-to-appeal-and-prevent-future-fines/%3Cbr%20/%3E%0A%3Cb%3EDeprecated%3C/b%3E:%20%20ltrim():%20Passing%20null%20to%20parameter HTTP/1.1" 404 17481 "-" "Mozilla/5.0 (compatible; MJ12bot/v1.4.8; http://mj12bot.com/)"
2001:41d0:303:6f6b::1 - - [23/Feb/2026:03:58:23 +0000] "GET /mandatory-director-id-verification-companies-house-november-2026-deadline-guide-and-alert-tools/%3Cbr%20/%3E%0A%3Cb%3EDeprecated%3C/b%3E:%20%20ltrim():%20Passing%20null%20to%20parameter HTTP/1.1" 404 17481 "-" "Mozilla/5.0 (compatible; MJ12bot/v1.4.8; http://mj12bot.com/)"
2001:41d0:303:6f6b::1 - - [23/Feb/2026:03:58:25 +0000] "GET /maximizing-business-growth-through-websites/%3Cbr%20/%3E%0A%3Cb%3EDeprecated%3C/b%3E:%20%20ltrim():%20Passing%20null%20to%20parameter HTTP/1.1" 404 17481 "-" "Mozilla/5.0 (compatible; MJ12bot/v1.4.8; http://mj12bot.com/)"
2001:41d0:303:6f6b::1 - - [23/Feb/2026:03:58:27 +0000] "GET /micro-entity-accounts-vs-full-accounts-which-should-you-file/%3Cbr%20/%3E%0A%3Cb%3EDeprecated%3C/b%3E:%20%20ltrim():%20Passing%20null%20to%20parameter HTTP/1.1" 404 17481 "-" "Mozilla/5.0 (compatible; MJ12bot/v1.4.8; http://mj12bot.com/)"
2001:41d0:303:6f6b::1 - - [23/Feb/2026:03:58:29 +0000] "GET /mobile-crm-for-remote-virtual-teams/%3Cbr%20/%3E%0A%3Cb%3EDeprecated%3C/b%3E:%20%20ltrim():%20Passing%20null%20to%20parameter HTTP/1.1" 404 17481 "-" "Mozilla/5.0 (compatible; MJ12bot/v1.4.8; http://mj12bot.com/)"
2001:41d0:303:6f6b::1 - - [23/Feb/2026:03:58:31 +0000] "GET /mtd-vat-rules-2026-what-accountants-need-to-know-for-small-business-clients/%3Cbr%20/%3E%0A%3Cb%3EDeprecated%3C/b%3E:%20%20ltrim():%20Passing%20null%20to%20parameter HTTP/1.1" 404 17481 "-" "Mozilla/5.0 (compatible; MJ12bot/v1.4.8; http://mj12bot.com/)"
2001:41d0:303:6f6b::1 - - [23/Feb/2026:03:58:33 +0000] "GET /never-miss-a-companies-house-deadline-again-best-mobile-app-for-instant-alerts/%3Cbr%20/%3E%0A%3Cb%3EDeprecated%3C/b%3E:%20%20ltrim():%20Passing%20null%20to%20parameter HTTP/1.1" 404 17481 "-" "Mozilla/5.0 (compatible; MJ12bot/v1.4.8; http://mj12bot.com/)"
2001:41d0:303:6f6b::1 - - [23/Feb/2026:03:58:35 +0000] "GET /new-companies-house-rules-2026-identity-checks-higher-fees-on-the-go-tracking-app/%3Cbr%20/%3E%0A%3Cb%3EDeprecated%3C/b%3E:%20%20ltrim():%20Passing%20null%20to%20parameter HTTP/1.1" 404 17481 "-" "Mozilla/5.0 (compatible; MJ12bot/v1.4.8; http://mj12bot.com/)"
2001:41d0:303:6f6b::1 - - [23/Feb/2026:03:58:37 +0000] "GET /personalizing-customer-interactions-with-crm/%3Cbr%20/%3E%0A%3Cb%3EDeprecated%3C/b%3E:%20%20ltrim():%20Passing%20null%20to%20parameter HTTP/1.1" 404 17481 "-" "Mozilla/5.0 (compatible; MJ12bot/v1.4.8; http://mj12bot.com/)"
2001:41d0:303:6f6b::1 - - [23/Feb/2026:03:58:39 +0000] "GET /practices-for-designing-mobile-app-uis/%3Cbr%20/%3E%0A%3Cb%3EDeprecated%3C/b%3E:%20%20ltrim():%20Passing%20null%20to%20parameter HTTP/1.1" 404 17481 "-" "Mozilla/5.0 (compatible; MJ12bot/v1.4.8; http://mj12bot.com/)"
2001:41d0:303:6f6b::1 - - [23/Feb/2026:03:58:41 +0000] "GET /staying-compliant-uk-company-officers-psc-filings-changes/%3Cbr%20/%3E%0A%3Cb%3EDeprecated%3C/b%3E:%20%20ltrim():%20Passing%20null%20to%20parameter HTTP/1.1" 404 17481 "-" "Mozilla/5.0 (compatible; MJ12bot/v1.4.8; http://mj12bot.com/)"
2001:41d0:303:6f6b::1 - - [23/Feb/2026:03:58:43 +0000] "GET /the-self-assessment-tax-return-deadline-2026-how-to-file-on-time-and-avoid-hmrc-penalties/%3Cbr%20/%3E%0A%3Cb%3EDeprecated%3C/b%3E:%20%20ltrim():%20Passing%20null%20to%20parameter HTTP/1.1" 404 17481 "-" "Mozilla/5.0 (compatible; MJ12bot/v1.4.8; http://mj12bot.com/)"
2001:41d0:303:6f6b::1 - - [23/Feb/2026:03:58:45 +0000] "GET /top-10-uk-business-deadlines-2026-tax-vat-filing/%3Cbr%20/%3E%0A%3Cb%3EDeprecated%3C/b%3E:%20%20ltrim():%20Passing%20null%20to%20parameter HTTP/1.1" 404 17481 "-" "Mozilla/5.0 (compatible; MJ12bot/v1.4.8; http://mj12bot.com/)"
2001:41d0:303:6f6b::1 - - [23/Feb/2026:03:58:47 +0000] "GET /top-companies-house-filing-deadlines-for-uk-businesses-in-2026-avoid-fines/%3Cbr%20/%3E%0A%3Cb%3EDeprecated%3C/b%3E:%20%20ltrim():%20Passing%20null%20to%20parameter HTTP/1.1" 404 17481 "-" "Mozilla/5.0 (compatible; MJ12bot/v1.4.8; http://mj12bot.com/)"
2001:41d0:303:6f6b::1 - - [23/Feb/2026:03:58:49 +0000] "GET /uk-business-compliance-calendar-2026-key-companies-house-and-hmrc-deadlines-with-mobile-notifications/%3Cbr%20/%3E%0A%3Cb%3EDeprecated%3C/b%3E:%20%20ltrim():%20Passing%20null%20to%20parameter HTTP/1.1" 404 17481 "-" "Mozilla/5.0 (compatible; MJ12bot/v1.4.8; http://mj12bot.com/)"
2001:41d0:303:6f6b::1 - - [23/Feb/2026:03:58:51 +0000] "GET /uk-business-owners-simplify-filing-deadlines-with-real-time-tracking/%3Cbr%20/%3E%0A%3Cb%3EDeprecated%3C/b%3E:%20%20ltrim():%20Passing%20null%20to%20parameter HTTP/1.1" 404 17481 "-" "Mozilla/5.0 (compatible; MJ12bot/v1.4.8; http://mj12bot.com/)"
2001:41d0:303:6f6b::1 - - [23/Feb/2026:03:58:53 +0000] "GET /uk-company-register-search-secure-apps-data-deadline-tracking/%3Cbr%20/%3E%0A%3Cb%3EDeprecated%3C/b%3E:%20%20ltrim():%20Passing%20null%20to%20parameter HTTP/1.1" 404 17481 "-" "Mozilla/5.0 (compatible; MJ12bot/v1.4.8; http://mj12bot.com/)"
2001:41d0:303:6f6b::1 - - [23/Feb/2026:03:58:55 +0000] "GET /uk-confirmation-statement-deadline-2026-avoid-penalties-with-mobile-alerts/%3Cbr%20/%3E%0A%3Cb%3EDeprecated%3C/b%3E:%20%20ltrim():%20Passing%20null%20to%20parameter HTTP/1.1" 404 17481 "-" "Mozilla/5.0 (compatible; MJ12bot/v1.4.8; http://mj12bot.com/)"
2001:41d0:303:6f6b::1 - - [23/Feb/2026:03:58:56 +0000] "GET /uk-directors-identity-verification-companies-house-2026-deadline-november-get-real-time-reminders/%3Cbr%20/%3E%0A%3Cb%3EDeprecated%3C/b%3E:%20%20ltrim():%20Passing%20null%20to%20parameter HTTP/1.1" 404 17481 "-" "Mozilla/5.0 (compatible; MJ12bot/v1.4.8; http://mj12bot.com/)"
2001:41d0:303:6f6b::1 - - [23/Feb/2026:03:58:58 +0000] "GET /uk-limited-company-compliance-deadlines-2026-confirmation-statement-accounts-tax/%3Cbr%20/%3E%0A%3Cb%3EDeprecated%3C/b%3E:%20%20ltrim():%20Passing%20null%20to%20parameter HTTP/1.1" 404 17481 "-" "Mozilla/5.0 (compatible; MJ12bot/v1.4.8; http://mj12bot.com/)"
2001:41d0:303:6f6b::1 - - [23/Feb/2026:03:59:00 +0000] "GET /vat-and-corporation-tax-deadlines-2026-get-mobile-alerts-now/%3Cbr%20/%3E%0A%3Cb%3EDeprecated%3C/b%3E:%20%20ltrim():%20Passing%20null%20to%20parameter HTTP/1.1" 404 17481 "-" "Mozilla/5.0 (compatible; MJ12bot/v1.4.8; http://mj12bot.com/)"
2001:41d0:303:6f6b::1 - - [23/Feb/2026:03:59:02 +0000] "GET /vat-registration-help-uk-2026-step-by-step-guide-for-small-businesses-and-startups/%3Cbr%20/%3E%0A%3Cb%3EDeprecated%3C/b%3E:%20%20ltrim():%20Passing%20null%20to%20parameter HTTP/1.1" 404 17481 "-" "Mozilla/5.0 (compatible; MJ12bot/v1.4.8; http://mj12bot.com/)"
2001:41d0:303:6f6b::1 - - [23/Feb/2026:03:59:05 +0000] "GET /what-happens-if-your-company-gets-struck-off-companies-house-register-2026/%3Cbr%20/%3E%0A%3Cb%3EDeprecated%3C/b%3E:%20%20ltrim():%20Passing%20null%20to%20parameter HTTP/1.1" 404 17481 "-" "Mozilla/5.0 (compatible; MJ12bot/v1.4.8; http://mj12bot.com/)"
2001:41d0:303:6f6b::1 - - [23/Feb/2026:03:59:06 +0000] "GET /why-accountants-need-real-time-companies-house-notifications/%3Cbr%20/%3E%0A%3Cb%3EDeprecated%3C/b%3E:%20%20ltrim():%20Passing%20null%20to%20parameter HTTP/1.1" 404 17481 "-" "Mozilla/5.0 (compatible; MJ12bot/v1.4.8; http://mj12bot.com/)"
172.187.168.139 - - [23/Feb/2026:04:01:00 +0000] "POST /wp-cron.php?doing_wp_cron=1771819260.3486878871917724609375 HTTP/1.1" 200 31 "-" "WordPress/6.7.1; https://companiesonthego.uk"
85.208.96.198 - - [23/Feb/2026:04:01:00 +0000] "GET /quarterly-tax-updates-under-mtd-a-simple-workflow-for-sole-traders/%3Cbr%20/%3E%0A%3Cb%3EDeprecated%3C/b%3E:%20%20ltrim():%20Passing%20null%20to%20parameter%20 HTTP/1.1" 301 5 "-" "Mozilla/5.0 (compatible; SemrushBot/7~bl; +http://www.semrush.com/bot.html)"
185.191.171.8 - - [23/Feb/2026:04:01:02 +0000] "GET /quarterly-tax-updates-under-mtd-a-simple-workflow-for-sole-traders/%3Cbr%20/%3E%3Cb%3EDeprecated%3C/b%3E:%20%20ltrim():%20Passing%20null%20to%20parameter HTTP/1.1" 404 17481 "-" "Mozilla/5.0 (compatible; SemrushBot/7~bl; +http://www.semrush.com/bot.html)"
172.187.168.139 - - [23/Feb/2026:04:02:53 +0000] "POST /wp-cron.php?doing_wp_cron=1771819373.1506509780883789062500 HTTP/1.1" 200 31 "-" "WordPress/6.7.1; https://companiesonthego.uk"
66.102.8.65 - - [23/Feb/2026:04:02:53 +0000] "GET /privacy-policy HTTP/1.1" 301 5 "-" "Google"
66.102.8.66 - - [23/Feb/2026:04:02:54 +0000] "GET /privacy-policy/ HTTP/1.1" 200 22729 "-" "Google"
66.102.8.65 - - [23/Feb/2026:04:02:54 +0000] "GET /wp-content/plugins/elementor/assets/lib/eicons/css/elementor-icons.min.css?ver=5.44.0 HTTP/1.1" 304 0 "https://companiesonthego.uk/privacy-policy/" "Google"
66.102.8.66 - - [23/Feb/2026:04:02:54 +0000] "GET /wp-content/plugins/apper-core/assets/css/simple-line-icons.min.css?ver=6.7.1 HTTP/1.1" 304 0 "https://companiesonthego.uk/privacy-policy/" "Google"
66.102.8.65 - - [23/Feb/2026:04:02:54 +0000] "GET /wp-content/themes/apper/assets/css/third/magnific-popup.min.css?ver=1.0.0 HTTP/1.1" 304 0 "https://companiesonthego.uk/privacy-policy/" "Google"
66.102.8.64 - - [23/Feb/2026:04:02:54 +0000] "GET /wp-content/plugins/apper-core/assets/vendors/fontawesome5/css/fontawesome.min.css?ver=5.x.x HTTP/1.1" 304 0 "https://companiesonthego.uk/privacy-policy/" "Google"
66.102.8.66 - - [23/Feb/2026:04:02:54 +0000] "GET /wp-content/plugins/elementor/assets/css/frontend.min.css?ver=3.32.5 HTTP/1.1" 304 0 "https://companiesonthego.uk/privacy-policy/" "Google"
66.102.8.65 - - [23/Feb/2026:04:02:54 +0000] "GET /wp-includes/js/jquery/jquery-migrate.min.js?ver=3.4.1 HTTP/1.1" 304 0 "https://companiesonthego.uk/privacy-policy/" "Google"
66.102.8.67 - - [23/Feb/2026:04:02:54 +0000] "GET /wp-content/plugins/apper-core/includes/framework/redux-core/assets/css/extendify-utilities.css?ver=4.4.15.1 HTTP/1.1" 304 0 "https://companiesonthego.uk/privacy-policy/" "Google"
66.102.8.67 - - [23/Feb/2026:04:02:54 +0000] "GET /wp-includes/js/jquery/jquery.min.js?ver=3.7.1 HTTP/1.1" 304 0 "https://companiesonthego.uk/privacy-policy/" "Google"
66.102.8.65 - - [23/Feb/2026:04:02:54 +0000] "GET /wp-content/themes/apper/assets/css/third/simple-line-icons.min.css?ver=2.4.0 HTTP/1.1" 304 0 "https://companiesonthego.uk/privacy-policy/" "Google"
66.102.8.66 - - [23/Feb/2026:04:02:54 +0000] "GET /wp-content/plugins/contact-form-7/includes/css/styles.css?ver=6.0.6 HTTP/1.1" 304 0 "https://companiesonthego.uk/privacy-policy/" "Google"
66.102.8.65 - - [23/Feb/2026:04:02:54 +0000] "GET /wp-content/plugins/apper-core/assets/css/acmtheme-styles.css?ver=2.0.15 HTTP/1.1" 304 0 "https://companiesonthego.uk/privacy-policy/" "Google"
66.102.8.64 - - [23/Feb/2026:04:02:54 +0000] "GET /wp-content/themes/apper/assets/css/style.css?ver=2.0.15 HTTP/1.1" 304 0 "https://companiesonthego.uk/privacy-policy/" "Google"
66.102.8.67 - - [23/Feb/2026:04:02:54 +0000] "GET /wp-content/themes/apper/assets/css/third/jquery.mmenu.all.min.css?ver=6.7.1 HTTP/1.1" 304 0 "https://companiesonthego.uk/privacy-policy/" "Google"
66.102.8.67 - - [23/Feb/2026:04:02:54 +0000] "GET /wp-content/themes/apper/assets/css/third/font-awesome.min.css?ver=4.7.0 HTTP/1.1" 304 0 "https://companiesonthego.uk/privacy-policy/" "Google"
66.102.8.64 - - [23/Feb/2026:04:02:54 +0000] "GET /wp-content/plugins/apper-core/assets/css/owl.carousel.min.css?ver=2.0.15 HTTP/1.1" 304 0 "https://companiesonthego.uk/privacy-policy/" "Google"
66.102.8.65 - - [23/Feb/2026:04:02:54 +0000] "GET /wp-content/plugins/apper-core/assets/js/frontend.js?ver=2.0.15 HTTP/1.1" 304 0 "https://companiesonthego.uk/privacy-policy/" "Google"
66.102.8.65 - - [23/Feb/2026:04:02:54 +0000] "GET /wp-content/themes/apper/assets/css/preloader.css?ver=2.0.15 HTTP/1.1" 304 0 "https://companiesonthego.uk/privacy-policy/" "Google"
66.102.8.67 - - [23/Feb/2026:04:02:55 +0000] "GET /wp-content/plugins/apper-core/assets/js/owl.carousel.min.js?ver=6.7.1 HTTP/1.1" 304 0 "https://companiesonthego.uk/privacy-policy/" "Google"
66.102.8.64 - - [23/Feb/2026:04:02:55 +0000] "GET /wp-content/plugins/apper-core/assets/js/acm-scripts.js?ver=6.7.1 HTTP/1.1" 200 5314 "https://companiesonthego.uk/privacy-policy/" "Google"
66.102.8.66 - - [23/Feb/2026:04:02:55 +0000] "GET /wp-content/uploads/elementor/google-fonts/css/roboto.css?ver=1746523947 HTTP/1.1" 404 17481 "https://companiesonthego.uk/privacy-policy/" "Google"
66.102.8.65 - - [23/Feb/2026:04:02:55 +0000] "GET /wp-content/uploads/elementor/google-fonts/css/robotoslab.css?ver=1746523952 HTTP/1.1" 404 17481 "https://companiesonthego.uk/privacy-policy/" "Google"
66.102.8.67 - - [23/Feb/2026:04:02:55 +0000] "GET /wp-includes/js/dist/hooks.min.js?ver=4d63a3d491d11ffd8ac6 HTTP/1.1" 304 0 "https://companiesonthego.uk/privacy-policy/" "Google"
66.102.8.65 - - [23/Feb/2026:04:02:55 +0000] "GET /wp-includes/js/dist/i18n.min.js?ver=5e580eb46a90c2b997e6 HTTP/1.1" 304 0 "https://companiesonthego.uk/privacy-policy/" "Google"
66.102.8.66 - - [23/Feb/2026:04:02:55 +0000] "GET /wp-content/themes/apper/assets/js/quick.js?ver=2.0.15 HTTP/1.1" 200 2413 "https://companiesonthego.uk/privacy-policy/" "Google"
66.102.8.67 - - [23/Feb/2026:04:02:55 +0000] "GET /wp-content/plugins/elementor/assets/js/frontend-modules.min.js?ver=3.32.5 HTTP/1.1" 304 0 "https://companiesonthego.uk/privacy-policy/" "Google"
66.102.8.67 - - [23/Feb/2026:04:02:55 +0000] "GET /wp-content/themes/apper/assets/js/main.min.js?ver=2.0.15 HTTP/1.1" 304 0 "https://companiesonthego.uk/privacy-policy/" "Google"
66.102.8.65 - - [23/Feb/2026:04:02:55 +0000] "GET /wp-content/themes/apper/assets/js/third/magnific-popup.min.js?ver=2.0.15 HTTP/1.1" 304 0 "https://companiesonthego.uk/privacy-policy/" "Google"
66.102.8.65 - - [23/Feb/2026:04:02:55 +0000] "GET /wp-content/plugins/contact-form-7/includes/swv/js/index.js?ver=6.0.6 HTTP/1.1" 304 0 "https://companiesonthego.uk/privacy-policy/" "Google"
66.102.8.66 - - [23/Feb/2026:04:02:55 +0000] "GET /wp-includes/js/imagesloaded.min.js?ver=5.0.0 HTTP/1.1" 304 0 "https://companiesonthego.uk/privacy-policy/" "Google"
66.102.8.64 - - [23/Feb/2026:04:02:55 +0000] "GET /wp-content/uploads/2025/02/logo.svg HTTP/1.1" 304 0 "https://companiesonthego.uk/privacy-policy/" "Google"
66.102.8.65 - - [23/Feb/2026:04:02:55 +0000] "GET /wp-content/plugins/google-site-kit/dist/assets/js/googlesitekit-events-provider-contact-form-7-40476021fb6e59177033.js HTTP/1.1" 304 0 "https://companiesonthego.uk/privacy-policy/" "Google"
66.102.8.67 - - [23/Feb/2026:04:02:55 +0000] "GET /wp-content/plugins/google-site-kit/dist/assets/js/googlesitekit-events-provider-wpforms-ed443a3a3d45126a22ce.js HTTP/1.1" 304 0 "https://companiesonthego.uk/privacy-policy/" "Google"
66.102.8.67 - - [23/Feb/2026:04:02:55 +0000] "GET /wp-content/plugins/elementor/assets/js/webpack.runtime.min.js?ver=3.32.5 HTTP/1.1" 304 0 "https://companiesonthego.uk/privacy-policy/" "Google"
66.102.8.65 - - [23/Feb/2026:04:02:55 +0000] "GET /wp-content/themes/apper/assets/js/third/jquery.mmenu.min.all.js?ver=6.7.1 HTTP/1.1" 304 0 "https://companiesonthego.uk/privacy-policy/" "Google"
66.102.8.66 - - [23/Feb/2026:04:02:55 +0000] "GET /wp-content/plugins/contact-form-7/includes/js/index.js?ver=6.0.6 HTTP/1.1" 304 0 "https://companiesonthego.uk/privacy-policy/" "Google"
66.102.8.66 - - [23/Feb/2026:04:02:55 +0000] "GET /wp-includes/js/jquery/ui/core.min.js?ver=1.13.3 HTTP/1.1" 304 0 "https://companiesonthego.uk/privacy-policy/" "Google"
66.102.8.66 - - [23/Feb/2026:04:02:55 +0000] "GET /wp-content/themes/apper/assets/js/third/lightbox.min.js?ver=2.0.15 HTTP/1.1" 200 1260 "https://companiesonthego.uk/privacy-policy/" "Google"
66.102.8.66 - - [23/Feb/2026:04:02:55 +0000] "GET /wp-content/plugins/elementor/assets/js/frontend.min.js?ver=3.32.5 HTTP/1.1" 304 0 "https://companiesonthego.uk/privacy-policy/" "Google"
66.102.8.66 - - [23/Feb/2026:04:02:55 +0000] "GET /wp-content/themes/apper/assets/fonts/simple-line-icons/Simple-Line-Icons.woff2?v=2.4.0 HTTP/1.1" 200 30064 "https://companiesonthego.uk/wp-content/themes/apper/assets/css/third/simple-line-icons.min.css?ver=2.4.0" "Google"
66.102.8.66 - - [23/Feb/2026:04:02:57 +0000] "GET /wp-content/plugins/elementor/assets/js/shared-frontend-handlers.4c8abccc3e268b0767b2.bundle.min.js HTTP/1.1" 304 0 "https://companiesonthego.uk/privacy-policy/" "Google"
66.102.8.67 - - [23/Feb/2026:04:02:57 +0000] "GET /wp-content/plugins/elementor/assets/js/section-frontend-handlers.d85ab872da118940910d.bundle.min.js HTTP/1.1" 304 0 "https://companiesonthego.uk/privacy-policy/" "Google"
66.102.8.65 - - [23/Feb/2026:04:02:57 +0000] "GET /wp-content/plugins/elementor/assets/js/text-editor.abc8f59c62f2820dc25a.bundle.min.js HTTP/1.1" 304 0 "https://companiesonthego.uk/privacy-policy/" "Google"
172.187.168.139 - - [23/Feb/2026:04:05:13 +0000] "POST /wp-cron.php?doing_wp_cron=1771819513.1899089813232421875000 HTTP/1.1" 200 31 "-" "WordPress/6.7.1; https://companiesonthego.uk"
2a03:2880:f800:1b:: - - [23/Feb/2026:04:05:13 +0000] "GET /home-old/ HTTP/1.1" 200 18338 "-" "meta-externalagent/1.1 (+https://developers.facebook.com/docs/sharing/webmasters/crawler)"
172.187.168.139 - - [23/Feb/2026:04:07:17 +0000] "POST /wp-cron.php?doing_wp_cron=1771819637.5142350196838378906250 HTTP/1.1" 200 31 "-" "WordPress/6.7.1; https://companiesonthego.uk"
4.196.161.14 - - [23/Feb/2026:04:07:17 +0000] "GET /wp-trackback.php HTTP/1.1" 404 146 "-" "Mozilla/5.0 (Windows NT 10.0; Win64; x64) AppleWebKit/537.36 (KHTML, like Gecko) Chrome/120.0.0.0 Safari/537.36"
4.196.161.14 - - [23/Feb/2026:04:07:17 +0000] "GET /about.php HTTP/1.1" 404 196 "-" "Mozilla/5.0 (Windows NT 10.0; Win64; x64) AppleWebKit/537.36 (KHTML, like Gecko) Chrome/120.0.0.0 Safari/537.36"
4.196.161.14 - - [23/Feb/2026:04:07:18 +0000] "GET /file.php HTTP/1.1" 404 196 "-" "Mozilla/5.0 (Windows NT 10.0; Win64; x64) AppleWebKit/537.36 (KHTML, like Gecko) Chrome/120.0.0.0 Safari/537.36"
4.196.161.14 - - [23/Feb/2026:04:07:18 +0000] "GET /wp-good.php HTTP/1.1" 404 196 "-" "Mozilla/5.0 (Windows NT 10.0; Win64; x64) AppleWebKit/537.36 (KHTML, like Gecko) Chrome/120.0.0.0 Safari/537.36"
4.196.161.14 - - [23/Feb/2026:04:07:19 +0000] "GET /xmlrpc.php HTTP/1.1" 405 53 "-" "Mozilla/5.0 (Windows NT 10.0; Win64; x64) AppleWebKit/537.36 (KHTML, like Gecko) Chrome/120.0.0.0 Safari/537.36"
4.196.161.14 - - [23/Feb/2026:04:07:19 +0000] "GET /goods.php HTTP/1.1" 404 196 "-" "Mozilla/5.0 (Windows NT 10.0; Win64; x64) AppleWebKit/537.36 (KHTML, like Gecko) Chrome/120.0.0.0 Safari/537.36"
4.196.161.14 - - [23/Feb/2026:04:07:19 +0000] "GET /ioxi-o.php HTTP/1.1" 404 196 "-" "Mozilla/5.0 (Windows NT 10.0; Win64; x64) AppleWebKit/537.36 (KHTML, like Gecko) Chrome/120.0.0.0 Safari/537.36"
4.196.161.14 - - [23/Feb/2026:04:07:19 +0000] "GET /class-t.api.php HTTP/1.1" 404 196 "-" "Mozilla/5.0 (Windows NT 10.0; Win64; x64) AppleWebKit/537.36 (KHTML, like Gecko) Chrome/120.0.0.0 Safari/537.36"
4.196.161.14 - - [23/Feb/2026:04:07:20 +0000] "GET /admin.php HTTP/1.1" 404 196 "-" "Mozilla/5.0 (Windows NT 10.0; Win64; x64) AppleWebKit/537.36 (KHTML, like Gecko) Chrome/120.0.0.0 Safari/537.36"
4.196.161.14 - - [23/Feb/2026:04:07:20 +0000] "GET /sf.php HTTP/1.1" 404 196 "-" "Mozilla/5.0 (Windows NT 10.0; Win64; x64) AppleWebKit/537.36 (KHTML, like Gecko) Chrome/120.0.0.0 Safari/537.36"
4.196.161.14 - - [23/Feb/2026:04:07:20 +0000] "GET /rip.php HTTP/1.1" 404 196 "-" "Mozilla/5.0 (Windows NT 10.0; Win64; x64) AppleWebKit/537.36 (KHTML, like Gecko) Chrome/120.0.0.0 Safari/537.36"
4.196.161.14 - - [23/Feb/2026:04:07:20 +0000] "GET /autoload_classmap.php HTTP/1.1" 404 196 "-" "Mozilla/5.0 (Windows NT 10.0; Win64; x64) AppleWebKit/537.36 (KHTML, like Gecko) Chrome/120.0.0.0 Safari/537.36"
4.196.161.14 - - [23/Feb/2026:04:07:21 +0000] "GET /chosen.php?p= HTTP/1.1" 404 196 "-" "Mozilla/5.0 (Windows NT 10.0; Win64; x64) AppleWebKit/537.36 (KHTML, like Gecko) Chrome/120.0.0.0 Safari/537.36"
4.196.161.14 - - [23/Feb/2026:04:07:21 +0000] "GET /classwithtostring.php HTTP/1.1" 404 196 "-" "Mozilla/5.0 (Windows NT 10.0; Win64; x64) AppleWebKit/537.36 (KHTML, like Gecko) Chrome/120.0.0.0 Safari/537.36"
4.196.161.14 - - [23/Feb/2026:04:07:21 +0000] "GET /defaults.php HTTP/1.1" 404 196 "-" "Mozilla/5.0 (Windows NT 10.0; Win64; x64) AppleWebKit/537.36 (KHTML, like Gecko) Chrome/120.0.0.0 Safari/537.36"
4.196.161.14 - - [23/Feb/2026:04:07:22 +0000] "GET /index/function.php HTTP/1.1" 404 196 "-" "Mozilla/5.0 (Windows NT 10.0; Win64; x64) AppleWebKit/537.36 (KHTML, like Gecko) Chrome/120.0.0.0 Safari/537.36"
4.196.161.14 - - [23/Feb/2026:04:07:22 +0000] "GET /wk/index.php HTTP/1.1" 404 196 "-" "Mozilla/5.0 (Windows NT 10.0; Win64; x64) AppleWebKit/537.36 (KHTML, like Gecko) Chrome/120.0.0.0 Safari/537.36"
4.196.161.14 - - [23/Feb/2026:04:07:22 +0000] "GET /wp-includes/ HTTP/1.1" 403 195 "-" "Mozilla/5.0 (Windows NT 10.0; Win64; x64) AppleWebKit/537.36 (KHTML, like Gecko) Chrome/120.0.0.0 Safari/537.36"
4.196.161.14 - - [23/Feb/2026:04:07:23 +0000] "GET /.well-known/ HTTP/1.1" 404 17481 "-" "Mozilla/5.0 (Windows NT 10.0; Win64; x64) AppleWebKit/537.36 (KHTML, like Gecko) Chrome/120.0.0.0 Safari/537.36"
4.196.161.14 - - [23/Feb/2026:04:07:23 +0000] "GET /info.php HTTP/1.1" 404 196 "-" "Mozilla/5.0 (Windows NT 10.0; Win64; x64) AppleWebKit/537.36 (KHTML, like Gecko) Chrome/120.0.0.0 Safari/537.36"
4.196.161.14 - - [23/Feb/2026:04:07:24 +0000] "GET /cgi-bin/ HTTP/1.1" 404 17481 "-" "Mozilla/5.0 (Windows NT 10.0; Win64; x64) AppleWebKit/537.36 (KHTML, like Gecko) Chrome/120.0.0.0 Safari/537.36"
4.196.161.14 - - [23/Feb/2026:04:07:25 +0000] "GET /uploads/ HTTP/1.1" 404 17481 "-" "Mozilla/5.0 (Windows NT 10.0; Win64; x64) AppleWebKit/537.36 (KHTML, like Gecko) Chrome/120.0.0.0 Safari/537.36"
4.196.161.14 - - [23/Feb/2026:04:07:26 +0000] "GET /wp-admin/images/ HTTP/1.1" 403 195 "-" "Mozilla/5.0 (Windows NT 10.0; Win64; x64) AppleWebKit/537.36 (KHTML, like Gecko) Chrome/120.0.0.0 Safari/537.36"
4.196.161.14 - - [23/Feb/2026:04:07:26 +0000] "GET /wp-includes/Requests/src/Response/about.php HTTP/1.1" 404 196 "-" "Mozilla/5.0 (Windows NT 10.0; Win64; x64) AppleWebKit/537.36 (KHTML, like Gecko) Chrome/120.0.0.0 Safari/537.36"
4.196.161.14 - - [23/Feb/2026:04:07:26 +0000] "GET /wp-includes/html-api/ HTTP/1.1" 403 195 "-" "Mozilla/5.0 (Windows NT 10.0; Win64; x64) AppleWebKit/537.36 (KHTML, like Gecko) Chrome/120.0.0.0 Safari/537.36"
4.196.161.14 - - [23/Feb/2026:04:07:27 +0000] "GET /wp-content/admin.php HTTP/1.1" 200 1782 "-" "Mozilla/5.0 (Windows NT 10.0; Win64; x64) AppleWebKit/537.36 (KHTML, like Gecko) Chrome/120.0.0.0 Safari/537.36"
4.196.161.14 - - [23/Feb/2026:04:07:27 +0000] "GET /adminfuns.php HTTP/1.1" 404 196 "-" "Mozilla/5.0 (Windows NT 10.0; Win64; x64) AppleWebKit/537.36 (KHTML, like Gecko) Chrome/120.0.0.0 Safari/537.36"
4.196.161.14 - - [23/Feb/2026:04:07:27 +0000] "GET /wp-admin/css/colors/ectoplasm/ HTTP/1.1" 403 195 "-" "Mozilla/5.0 (Windows NT 10.0; Win64; x64) AppleWebKit/537.36 (KHTML, like Gecko) Chrome/120.0.0.0 Safari/537.36"
4.196.161.14 - - [23/Feb/2026:04:07:27 +0000] "GET /wp-content/uploads/ HTTP/1.1" 403 195 "-" "Mozilla/5.0 (Windows NT 10.0; Win64; x64) AppleWebKit/537.36 (KHTML, like Gecko) Chrome/120.0.0.0 Safari/537.36"
4.196.161.14 - - [23/Feb/2026:04:07:28 +0000] "GET /wp-content/themes/admin.php HTTP/1.1" 404 196 "-" "Mozilla/5.0 (Windows NT 10.0; Win64; x64) AppleWebKit/537.36 (KHTML, like Gecko) Chrome/120.0.0.0 Safari/537.36"
4.196.161.14 - - [23/Feb/2026:04:07:28 +0000] "GET /wp-content/themes/index.php HTTP/1.1" 200 31 "-" "Mozilla/5.0 (Windows NT 10.0; Win64; x64) AppleWebKit/537.36 (KHTML, like Gecko) Chrome/120.0.0.0 Safari/537.36"
4.196.161.14 - - [23/Feb/2026:04:07:28 +0000] "GET /wp-content/plugins/index.php HTTP/1.1" 200 31 "-" "Mozilla/5.0 (Windows NT 10.0; Win64; x64) AppleWebKit/537.36 (KHTML, like Gecko) Chrome/120.0.0.0 Safari/537.36"
4.196.161.14 - - [23/Feb/2026:04:07:29 +0000] "GET /wp-includes/PHPMailer/ HTTP/1.1" 403 195 "-" "Mozilla/5.0 (Windows NT 10.0; Win64; x64) AppleWebKit/537.36 (KHTML, like Gecko) Chrome/120.0.0.0 Safari/537.36"
4.196.161.14 - - [23/Feb/2026:04:07:29 +0000] "GET /wp-includes/images/ HTTP/1.1" 403 195 "-" "Mozilla/5.0 (Windows NT 10.0; Win64; x64) AppleWebKit/537.36 (KHTML, like Gecko) Chrome/120.0.0.0 Safari/537.36"
4.196.161.14 - - [23/Feb/2026:04:07:30 +0000] "GET /wp-content/plugins/WordPressCore/ HTTP/1.1" 404 17481 "-" "Mozilla/5.0 (Windows NT 10.0; Win64; x64) AppleWebKit/537.36 (KHTML, like Gecko) Chrome/120.0.0.0 Safari/537.36"
172.187.168.139 - - [23/Feb/2026:04:13:06 +0000] "POST /wp-cron.php?doing_wp_cron=1771819986.3721020221710205078125 HTTP/1.1" 200 31 "-" "WordPress/6.7.1; https://companiesonthego.uk"
2a03:2880:f800:39:: - - [23/Feb/2026:04:13:06 +0000] "GET /companies-house-confirmation-statement-accounts-filing-deadlines-2026-never-miss-with-app-alerts/ HTTP/1.1" 200 26518 "-" "meta-externalagent/1.1 (+https://developers.facebook.com/docs/sharing/webmasters/crawler)"
172.187.168.139 - - [23/Feb/2026:04:17:07 +0000] "POST /wp-cron.php?doing_wp_cron=1771820227.9535899162292480468750 HTTP/1.1" 200 31 "-" "WordPress/6.7.1; https://companiesonthego.uk"
2a03:2880:f800:6:: - - [23/Feb/2026:04:17:08 +0000] "GET /accountants-guide-managing-companies-house-deadlines-for-100-clients-2026/ HTTP/1.1" 200 26083 "-" "meta-externalagent/1.1 (+https://developers.facebook.com/docs/sharing/webmasters/crawler)"
172.187.168.139 - - [23/Feb/2026:04:18:11 +0000] "POST /wp-cron.php?doing_wp_cron=1771820291.4032790660858154296875 HTTP/1.1" 200 31 "-" "WordPress/6.7.1; https://companiesonthego.uk"
64.188.91.93 - - [23/Feb/2026:04:18:11 +0000] "GET /wp-content/plugins/order-delivery-date/readme.txt HTTP/1.1" 404 17481 "-" "Mozilla/5.0 (Windows NT 10.0; Win64; x64) AppleWebKit/537.36 (KHTML, like Gecko) Chrome/131.0.0.0 Safari/537.36"
64.188.91.93 - - [23/Feb/2026:04:18:12 +0000] "GET /wp-content/plugins/wp-marketing-automations/readme.txt HTTP/1.1" 404 17481 "-" "Mozilla/5.0 (Windows NT 10.0; Win64; x64) AppleWebKit/537.36 (KHTML, like Gecko) Chrome/131.0.0.0 Safari/537.36"
172.187.168.139 - - [23/Feb/2026:04:18:48 +0000] "POST /wp-cron.php?doing_wp_cron=1771820328.4220740795135498046875 HTTP/1.1" 200 31 "-" "WordPress/6.7.1; https://companiesonthego.uk"
66.102.8.65 - - [23/Feb/2026:04:18:48 +0000] "GET /privacy-policy HTTP/1.1" 301 5 "-" "PlayStore-Google"
66.102.8.65 - - [23/Feb/2026:04:18:48 +0000] "GET /privacy-policy HTTP/1.1" 301 5 "-" "Google"
66.102.8.67 - - [23/Feb/2026:04:18:49 +0000] "GET /privacy-policy/ HTTP/1.1" 200 22729 "-" "Google"
66.102.8.65 - - [23/Feb/2026:04:18:49 +0000] "GET /privacy-policy/ HTTP/1.1" 200 22729 "-" "PlayStore-Google"
66.102.8.66 - - [23/Feb/2026:04:18:49 +0000] "GET /wp-content/uploads/elementor/google-fonts/css/roboto.css?ver=1746523947 HTTP/1.1" 404 17481 "https://companiesonthego.uk/privacy-policy/" "PlayStore-Google"
66.102.8.66 - - [23/Feb/2026:04:18:50 +0000] "GET /wp-content/uploads/elementor/google-fonts/css/robotoslab.css?ver=1746523952 HTTP/1.1" 404 17481 "https://companiesonthego.uk/privacy-policy/" "PlayStore-Google"
172.187.168.139 - - [23/Feb/2026:04:30:21 +0000] "POST /wp-cron.php?doing_wp_cron=1771821021.3084819316864013671875 HTTP/1.1" 200 31 "-" "WordPress/6.7.1; https://companiesonthego.uk"
172.183.222.136 - - [23/Feb/2026:04:30:21 +0000] "GET /vat-registration-help-uk-2026-step-by-step-guide-for-small-businesses-and-startups/ HTTP/1.1" 200 26895 "-" "Mozilla/5.0 AppleWebKit/537.36 (KHTML, like Gecko); compatible; ChatGPT-User/1.0; +https://openai.com/bot"
172.187.168.139 - - [23/Feb/2026:04:36:49 +0000] "POST /wp-cron.php?doing_wp_cron=1771821409.5046060085296630859375 HTTP/1.1" 200 31 "-" "WordPress/6.7.1; https://companiesonthego.uk"
209.141.37.31 - - [23/Feb/2026:04:36:49 +0000] "GET /wp-login.php/wp-login.php HTTP/1.1" 200 2192 "https://www.google.com/" "Mozilla/5.0 (Windows NT 10.0; Win64; x64) AppleWebKit/537.36 (KHTML, like Gecko) Chrome/131.0.0.0 Safari/537.36 Edg/131.0.0.0"
172.187.168.139 - - [23/Feb/2026:04:47:18 +0000] "POST /wp-cron.php?doing_wp_cron=1771822038.2930700778961181640625 HTTP/1.1" 200 31 "-" "WordPress/6.7.1; https://companiesonthego.uk"
20.169.73.181 - - [23/Feb/2026:04:47:18 +0000] "GET /late-tax-return-penalty-uk-2026-how-to-appeal-and-prevent-future-fines/ HTTP/1.1" 200 26456 "-" "Mozilla/5.0 AppleWebKit/537.36 (KHTML, like Gecko); compatible; ChatGPT-User/1.0; +https://openai.com/bot"
20.169.73.181 - - [23/Feb/2026:04:47:35 +0000] "GET / HTTP/1.1" 200 30793 "-" "Mozilla/5.0 AppleWebKit/537.36 (KHTML, like Gecko); compatible; ChatGPT-User/1.0; +https://openai.com/bot"
172.187.168.139 - - [23/Feb/2026:04:48:43 +0000] "POST /wp-cron.php?doing_wp_cron=1771822123.7293829917907714843750 HTTP/1.1" 200 31 "-" "WordPress/6.7.1; https://companiesonthego.uk"
2a03:2880:f800:2c:: - - [23/Feb/2026:04:48:44 +0000] "GET /annual-accounts-filing-deadline-2026-avoid-late-fees-with-real-time-reminders/ HTTP/1.1" 200 26506 "-" "meta-externalagent/1.1 (+https://developers.facebook.com/docs/sharing/webmasters/crawler)"
209.141.47.190 - - [23/Feb/2026:04:49:11 +0000] "GET /wp-login.php HTTP/1.1" 200 2192 "-" "Mozilla/5.0 (Windows NT 6.3; WOW64; rv:31.0) Gecko/20100101 Firefox/31.0"
209.141.47.190 - - [23/Feb/2026:04:49:12 +0000] "POST /wp-login.php HTTP/1.1" 200 2362 "-" "Mozilla/5.0 (Windows NT 6.3; WOW64; rv:31.0) Gecko/20100101 Firefox/31.0"
172.187.168.139 - - [23/Feb/2026:04:52:47 +0000] "POST /wp-cron.php?doing_wp_cron=1771822366.9577789306640625000000 HTTP/1.1" 200 31 "-" "WordPress/6.7.1; https://companiesonthego.uk"
185.191.171.10 - - [23/Feb/2026:04:52:47 +0000] "GET /tag/mobile-apps/ HTTP/1.1" 200 19973 "-" "Mozilla/5.0 (compatible; SemrushBot/7~bl; +http://www.semrush.com/bot.html)"
172.187.168.139 - - [23/Feb/2026:05:01:47 +0000] "POST /wp-cron.php?doing_wp_cron=1771822907.6002640724182128906250 HTTP/1.1" 200 31 "-" "WordPress/6.7.1; https://companiesonthego.uk"
85.208.96.206 - - [23/Feb/2026:05:01:47 +0000] "GET /late-self-assessment-penalties-what-to-do-if-you-missed-the-31-january-2026-deadline/%3Cbr%20/%3E%0A%3Cb%3EDeprecated%3C/b%3E:%20%20ltrim():%20Passing%20null%20to%20parameter%20 HTTP/1.1" 301 5 "-" "Mozilla/5.0 (compatible; SemrushBot/7~bl; +http://www.semrush.com/bot.html)"
85.208.96.202 - - [23/Feb/2026:05:01:49 +0000] "GET /late-self-assessment-penalties-what-to-do-if-you-missed-the-31-january-2026-deadline/%3Cbr%20/%3E%3Cb%3EDeprecated%3C/b%3E:%20%20ltrim():%20Passing%20null%20to%20parameter HTTP/1.1" 404 17481 "-" "Mozilla/5.0 (compatible; SemrushBot/7~bl; +http://www.semrush.com/bot.html)"
172.187.168.139 - - [23/Feb/2026:05:04:49 +0000] "POST /wp-cron.php?doing_wp_cron=1771823089.3777000904083251953125 HTTP/1.1" 200 31 "-" "WordPress/6.7.1; https://companiesonthego.uk"
185.191.171.15 - - [23/Feb/2026:05:04:49 +0000] "GET /navigating-making-tax-digital-essential-steps-for-businesses-earning-over-50000-in-2026/ HTTP/1.1" 200 26080 "-" "Mozilla/5.0 (compatible; SemrushBot/7~bl; +http://www.semrush.com/bot.html)"
172.187.168.139 - - [23/Feb/2026:05:08:51 +0000] "POST /wp-cron.php?doing_wp_cron=1771823331.3280100822448730468750 HTTP/1.1" 200 31 "-" "WordPress/6.7.1; https://companiesonthego.uk"
142.147.172.124 - - [23/Feb/2026:05:08:51 +0000] "GET /dormant-company-filing-requirements-2026-what-you-still-need-to-submit HTTP/1.1" 301 5 "-" "Mozilla/5.0 (Macintosh; Intel Mac OS X 10_15_7) AppleWebKit/537.36 (KHTML, like Gecko) Chrome/139.0.0.0 Safari/537.36"
142.147.172.124 - - [23/Feb/2026:05:08:52 +0000] "GET /dormant-company-filing-requirements-2026-what-you-still-need-to-submit/ HTTP/1.1" 200 25779 "-" "Mozilla/5.0 (Macintosh; Intel Mac OS X 10_15_7) AppleWebKit/537.36 (KHTML, like Gecko) Chrome/139.0.0.0 Safari/537.36"
142.147.172.124 - - [23/Feb/2026:05:08:52 +0000] "GET /wp-content/plugins/apper-core/assets/css/acmtheme-styles.css?ver=2.0.15 HTTP/1.1" 304 0 "https://companiesonthego.uk/dormant-company-filing-requirements-2026-what-you-still-need-to-submit/" "Mozilla/5.0 (Macintosh; Intel Mac OS X 10_15_7) AppleWebKit/537.36 (KHTML, like Gecko) Chrome/139.0.0.0 Safari/537.36"
142.147.172.124 - - [23/Feb/2026:05:08:53 +0000] "GET /wp-content/plugins/contact-form-7/includes/css/styles.css?ver=6.0.6 HTTP/1.1" 304 0 "https://companiesonthego.uk/dormant-company-filing-requirements-2026-what-you-still-need-to-submit/" "Mozilla/5.0 (Macintosh; Intel Mac OS X 10_15_7) AppleWebKit/537.36 (KHTML, like Gecko) Chrome/139.0.0.0 Safari/537.36"
142.147.172.124 - - [23/Feb/2026:05:08:53 +0000] "GET /wp-content/plugins/apper-core/assets/vendors/fontawesome5/css/fontawesome.min.css?ver=5.x.x HTTP/1.1" 200 58935 "https://companiesonthego.uk/dormant-company-filing-requirements-2026-what-you-still-need-to-submit/" "Mozilla/5.0 (Macintosh; Intel Mac OS X 10_15_7) AppleWebKit/537.36 (KHTML, like Gecko) Chrome/139.0.0.0 Safari/537.36"
142.147.172.124 - - [23/Feb/2026:05:08:53 +0000] "GET /wp-content/themes/apper/assets/css/preloader.css?ver=2.0.15 HTTP/1.1" 200 4057 "https://companiesonthego.uk/dormant-company-filing-requirements-2026-what-you-still-need-to-submit/" "Mozilla/5.0 (Macintosh; Intel Mac OS X 10_15_7) AppleWebKit/537.36 (KHTML, like Gecko) Chrome/139.0.0.0 Safari/537.36"
142.147.172.124 - - [23/Feb/2026:05:08:53 +0000] "GET /wp-content/plugins/apper-core/includes/framework/redux-core/assets/css/extendify-utilities.css?ver=4.4.15.1 HTTP/1.1" 304 0 "https://companiesonthego.uk/dormant-company-filing-requirements-2026-what-you-still-need-to-submit/" "Mozilla/5.0 (Macintosh; Intel Mac OS X 10_15_7) AppleWebKit/537.36 (KHTML, like Gecko) Chrome/139.0.0.0 Safari/537.36"
142.147.172.124 - - [23/Feb/2026:05:08:53 +0000] "GET /wp-content/plugins/apper-core/assets/css/owl.carousel.min.css?ver=2.0.15 HTTP/1.1" 304 0 "https://companiesonthego.uk/dormant-company-filing-requirements-2026-what-you-still-need-to-submit/" "Mozilla/5.0 (Macintosh; Intel Mac OS X 10_15_7) AppleWebKit/537.36 (KHTML, like Gecko) Chrome/139.0.0.0 Safari/537.36"
142.147.172.124 - - [23/Feb/2026:05:08:53 +0000] "GET /wp-content/themes/apper/assets/css/third/font-awesome.min.css?ver=4.7.0 HTTP/1.1" 200 31089 "https://companiesonthego.uk/dormant-company-filing-requirements-2026-what-you-still-need-to-submit/" "Mozilla/5.0 (Macintosh; Intel Mac OS X 10_15_7) AppleWebKit/537.36 (KHTML, like Gecko) Chrome/139.0.0.0 Safari/537.36"
142.147.172.124 - - [23/Feb/2026:05:08:53 +0000] "GET /wp-content/themes/apper/assets/css/third/simple-line-icons.min.css?ver=2.4.0 HTTP/1.1" 304 0 "https://companiesonthego.uk/dormant-company-filing-requirements-2026-what-you-still-need-to-submit/" "Mozilla/5.0 (Macintosh; Intel Mac OS X 10_15_7) AppleWebKit/537.36 (KHTML, like Gecko) Chrome/139.0.0.0 Safari/537.36"
142.147.172.124 - - [23/Feb/2026:05:08:53 +0000] "GET /wp-content/themes/apper/assets/css/third/magnific-popup.min.css?ver=1.0.0 HTTP/1.1" 304 0 "https://companiesonthego.uk/dormant-company-filing-requirements-2026-what-you-still-need-to-submit/" "Mozilla/5.0 (Macintosh; Intel Mac OS X 10_15_7) AppleWebKit/537.36 (KHTML, like Gecko) Chrome/139.0.0.0 Safari/537.36"
142.147.172.124 - - [23/Feb/2026:05:08:53 +0000] "GET /wp-content/plugins/apper-core/assets/css/simple-line-icons.min.css?ver=6.7.1 HTTP/1.1" 304 0 "https://companiesonthego.uk/dormant-company-filing-requirements-2026-what-you-still-need-to-submit/" "Mozilla/5.0 (Macintosh; Intel Mac OS X 10_15_7) AppleWebKit/537.36 (KHTML, like Gecko) Chrome/139.0.0.0 Safari/537.36"
142.147.172.124 - - [23/Feb/2026:05:08:53 +0000] "GET /wp-includes/js/jquery/jquery-migrate.min.js?ver=3.4.1 HTTP/1.1" 200 13577 "https://companiesonthego.uk/dormant-company-filing-requirements-2026-what-you-still-need-to-submit/" "Mozilla/5.0 (Macintosh; Intel Mac OS X 10_15_7) AppleWebKit/537.36 (KHTML, like Gecko) Chrome/139.0.0.0 Safari/537.36"
142.147.172.124 - - [23/Feb/2026:05:08:53 +0000] "GET /wp-content/uploads/2026/01/time-taxes-money-financial-accounting-taxation-concept-3-768x513.jpg HTTP/1.1" 200 97827 "https://companiesonthego.uk/dormant-company-filing-requirements-2026-what-you-still-need-to-submit/" "Mozilla/5.0 (Macintosh; Intel Mac OS X 10_15_7) AppleWebKit/537.36 (KHTML, like Gecko) Chrome/139.0.0.0 Safari/537.36"
142.147.172.124 - - [23/Feb/2026:05:08:53 +0000] "GET /wp-content/themes/apper/assets/css/third/jquery.mmenu.all.min.css?ver=6.7.1 HTTP/1.1" 200 29643 "https://companiesonthego.uk/dormant-company-filing-requirements-2026-what-you-still-need-to-submit/" "Mozilla/5.0 (Macintosh; Intel Mac OS X 10_15_7) AppleWebKit/537.36 (KHTML, like Gecko) Chrome/139.0.0.0 Safari/537.36"
142.147.172.124 - - [23/Feb/2026:05:08:53 +0000] "GET /wp-content/themes/apper/assets/css/style.css?ver=2.0.15 HTTP/1.1" 304 0 "https://companiesonthego.uk/dormant-company-filing-requirements-2026-what-you-still-need-to-submit/" "Mozilla/5.0 (Macintosh; Intel Mac OS X 10_15_7) AppleWebKit/537.36 (KHTML, like Gecko) Chrome/139.0.0.0 Safari/537.36"
142.147.172.124 - - [23/Feb/2026:05:08:53 +0000] "GET /wp-includes/js/jquery/jquery.min.js?ver=3.7.1 HTTP/1.1" 304 0 "https://companiesonthego.uk/dormant-company-filing-requirements-2026-what-you-still-need-to-submit/" "Mozilla/5.0 (Macintosh; Intel Mac OS X 10_15_7) AppleWebKit/537.36 (KHTML, like Gecko) Chrome/139.0.0.0 Safari/537.36"
142.147.172.124 - - [23/Feb/2026:05:08:53 +0000] "GET /wp-content/uploads/2026/01/girl-checks-her-tablet-standing-street-2048x1365.jpg HTTP/1.1" 200 318902 "https://companiesonthego.uk/dormant-company-filing-requirements-2026-what-you-still-need-to-submit/" "Mozilla/5.0 (Macintosh; Intel Mac OS X 10_15_7) AppleWebKit/537.36 (KHTML, like Gecko) Chrome/139.0.0.0 Safari/537.36"
142.147.172.124 - - [23/Feb/2026:05:08:53 +0000] "GET /wp-includes/js/dist/i18n.min.js?ver=5e580eb46a90c2b997e6 HTTP/1.1" 304 0 "https://companiesonthego.uk/dormant-company-filing-requirements-2026-what-you-still-need-to-submit/" "Mozilla/5.0 (Macintosh; Intel Mac OS X 10_15_7) AppleWebKit/537.36 (KHTML, like Gecko) Chrome/139.0.0.0 Safari/537.36"
142.147.172.124 - - [23/Feb/2026:05:08:53 +0000] "GET /wp-content/plugins/contact-form-7/includes/js/index.js?ver=6.0.6 HTTP/1.1" 304 0 "https://companiesonthego.uk/dormant-company-filing-requirements-2026-what-you-still-need-to-submit/" "Mozilla/5.0 (Macintosh; Intel Mac OS X 10_15_7) AppleWebKit/537.36 (KHTML, like Gecko) Chrome/139.0.0.0 Safari/537.36"
142.147.172.124 - - [23/Feb/2026:05:08:53 +0000] "GET /wp-content/plugins/contact-form-7/includes/swv/js/index.js?ver=6.0.6 HTTP/1.1" 304 0 "https://companiesonthego.uk/dormant-company-filing-requirements-2026-what-you-still-need-to-submit/" "Mozilla/5.0 (Macintosh; Intel Mac OS X 10_15_7) AppleWebKit/537.36 (KHTML, like Gecko) Chrome/139.0.0.0 Safari/537.36"
142.147.172.124 - - [23/Feb/2026:05:08:53 +0000] "GET /wp-content/uploads/2026/01/illustration-calendar-schedule-planning-computer-768x513.jpg HTTP/1.1" 200 109344 "https://companiesonthego.uk/dormant-company-filing-requirements-2026-what-you-still-need-to-submit/" "Mozilla/5.0 (Macintosh; Intel Mac OS X 10_15_7) AppleWebKit/537.36 (KHTML, like Gecko) Chrome/139.0.0.0 Safari/537.36"
142.147.172.124 - - [23/Feb/2026:05:08:53 +0000] "GET /wp-content/plugins/apper-core/assets/js/owl.carousel.min.js?ver=6.7.1 HTTP/1.1" 304 0 "https://companiesonthego.uk/dormant-company-filing-requirements-2026-what-you-still-need-to-submit/" "Mozilla/5.0 (Macintosh; Intel Mac OS X 10_15_7) AppleWebKit/537.36 (KHTML, like Gecko) Chrome/139.0.0.0 Safari/537.36"
142.147.172.124 - - [23/Feb/2026:05:08:53 +0000] "GET /wp-includes/js/dist/hooks.min.js?ver=4d63a3d491d11ffd8ac6 HTTP/1.1" 200 4776 "https://companiesonthego.uk/dormant-company-filing-requirements-2026-what-you-still-need-to-submit/" "Mozilla/5.0 (Macintosh; Intel Mac OS X 10_15_7) AppleWebKit/537.36 (KHTML, like Gecko) Chrome/139.0.0.0 Safari/537.36"
142.147.172.124 - - [23/Feb/2026:05:08:53 +0000] "GET /wp-content/plugins/apper-core/assets/js/frontend.js?ver=2.0.15 HTTP/1.1" 304 0 "https://companiesonthego.uk/dormant-company-filing-requirements-2026-what-you-still-need-to-submit/" "Mozilla/5.0 (Macintosh; Intel Mac OS X 10_15_7) AppleWebKit/537.36 (KHTML, like Gecko) Chrome/139.0.0.0 Safari/537.36"
142.147.172.124 - - [23/Feb/2026:05:08:53 +0000] "GET /wp-content/uploads/2026/01/school-supplies-food-near-chalkboard-768x512.jpg HTTP/1.1" 200 93584 "https://companiesonthego.uk/dormant-company-filing-requirements-2026-what-you-still-need-to-submit/" "Mozilla/5.0 (Macintosh; Intel Mac OS X 10_15_7) AppleWebKit/537.36 (KHTML, like Gecko) Chrome/139.0.0.0 Safari/537.36"
142.147.172.124 - - [23/Feb/2026:05:08:53 +0000] "GET /wp-content/plugins/apper-core/assets/js/acm-scripts.js?ver=6.7.1 HTTP/1.1" 304 0 "https://companiesonthego.uk/dormant-company-filing-requirements-2026-what-you-still-need-to-submit/" "Mozilla/5.0 (Macintosh; Intel Mac OS X 10_15_7) AppleWebKit/537.36 (KHTML, like Gecko) Chrome/139.0.0.0 Safari/537.36"
142.147.172.124 - - [23/Feb/2026:05:08:53 +0000] "GET /wp-content/themes/apper/assets/js/third/jquery.mmenu.min.all.js?ver=6.7.1 HTTP/1.1" 304 0 "https://companiesonthego.uk/dormant-company-filing-requirements-2026-what-you-still-need-to-submit/" "Mozilla/5.0 (Macintosh; Intel Mac OS X 10_15_7) AppleWebKit/537.36 (KHTML, like Gecko) Chrome/139.0.0.0 Safari/537.36"
142.147.172.124 - - [23/Feb/2026:05:08:53 +0000] "GET /wp-includes/js/imagesloaded.min.js?ver=5.0.0 HTTP/1.1" 304 0 "https://companiesonthego.uk/dormant-company-filing-requirements-2026-what-you-still-need-to-submit/" "Mozilla/5.0 (Macintosh; Intel Mac OS X 10_15_7) AppleWebKit/537.36 (KHTML, like Gecko) Chrome/139.0.0.0 Safari/537.36"
142.147.172.124 - - [23/Feb/2026:05:08:53 +0000] "GET /wp-content/plugins/google-site-kit/dist/assets/js/googlesitekit-events-provider-wpforms-ed443a3a3d45126a22ce.js HTTP/1.1" 304 0 "https://companiesonthego.uk/dormant-company-filing-requirements-2026-what-you-still-need-to-submit/" "Mozilla/5.0 (Macintosh; Intel Mac OS X 10_15_7) AppleWebKit/537.36 (KHTML, like Gecko) Chrome/139.0.0.0 Safari/537.36"
142.147.172.124 - - [23/Feb/2026:05:08:53 +0000] "GET /wp-content/plugins/google-site-kit/dist/assets/js/googlesitekit-events-provider-contact-form-7-40476021fb6e59177033.js HTTP/1.1" 200 5268 "https://companiesonthego.uk/dormant-company-filing-requirements-2026-what-you-still-need-to-submit/" "Mozilla/5.0 (Macintosh; Intel Mac OS X 10_15_7) AppleWebKit/537.36 (KHTML, like Gecko) Chrome/139.0.0.0 Safari/537.36"
142.147.172.124 - - [23/Feb/2026:05:08:53 +0000] "GET /wp-content/themes/apper/assets/fonts/simple-line-icons/Simple-Line-Icons.woff2?v=2.4.0 HTTP/1.1" 200 30064 "https://companiesonthego.uk/wp-content/themes/apper/assets/css/third/simple-line-icons.min.css?ver=2.4.0" "Mozilla/5.0 (Macintosh; Intel Mac OS X 10_15_7) AppleWebKit/537.36 (KHTML, like Gecko) Chrome/139.0.0.0 Safari/537.36"
142.147.172.124 - - [23/Feb/2026:05:08:53 +0000] "GET /wp-content/themes/apper/assets/js/third/lightbox.min.js?ver=2.0.15 HTTP/1.1" 200 1260 "https://companiesonthego.uk/dormant-company-filing-requirements-2026-what-you-still-need-to-submit/" "Mozilla/5.0 (Macintosh; Intel Mac OS X 10_15_7) AppleWebKit/537.36 (KHTML, like Gecko) Chrome/139.0.0.0 Safari/537.36"
142.147.172.124 - - [23/Feb/2026:05:08:53 +0000] "GET /wp-includes/js/comment-reply.min.js?ver=6.7.1 HTTP/1.1" 304 0 "https://companiesonthego.uk/dormant-company-filing-requirements-2026-what-you-still-need-to-submit/" "Mozilla/5.0 (Macintosh; Intel Mac OS X 10_15_7) AppleWebKit/537.36 (KHTML, like Gecko) Chrome/139.0.0.0 Safari/537.36"
142.147.172.124 - - [23/Feb/2026:05:08:53 +0000] "GET /wp-content/uploads/2025/02/logo.svg HTTP/1.1" 200 113408 "https://companiesonthego.uk/dormant-company-filing-requirements-2026-what-you-still-need-to-submit/" "Mozilla/5.0 (Macintosh; Intel Mac OS X 10_15_7) AppleWebKit/537.36 (KHTML, like Gecko) Chrome/139.0.0.0 Safari/537.36"
142.147.172.124 - - [23/Feb/2026:05:08:53 +0000] "GET /wp-content/themes/apper/assets/js/quick.js?ver=2.0.15 HTTP/1.1" 200 2413 "https://companiesonthego.uk/dormant-company-filing-requirements-2026-what-you-still-need-to-submit/" "Mozilla/5.0 (Macintosh; Intel Mac OS X 10_15_7) AppleWebKit/537.36 (KHTML, like Gecko) Chrome/139.0.0.0 Safari/537.36"
142.147.172.124 - - [23/Feb/2026:05:08:53 +0000] "GET /wp-content/themes/apper/assets/js/third/magnific-popup.min.js?ver=2.0.15 HTTP/1.1" 304 0 "https://companiesonthego.uk/dormant-company-filing-requirements-2026-what-you-still-need-to-submit/" "Mozilla/5.0 (Macintosh; Intel Mac OS X 10_15_7) AppleWebKit/537.36 (KHTML, like Gecko) Chrome/139.0.0.0 Safari/537.36"
142.147.172.124 - - [23/Feb/2026:05:08:53 +0000] "GET /wp-content/themes/apper/assets/js/main.min.js?ver=2.0.15 HTTP/1.1" 304 0 "https://companiesonthego.uk/dormant-company-filing-requirements-2026-what-you-still-need-to-submit/" "Mozilla/5.0 (Macintosh; Intel Mac OS X 10_15_7) AppleWebKit/537.36 (KHTML, like Gecko) Chrome/139.0.0.0 Safari/537.36"
142.147.172.124 - - [23/Feb/2026:05:08:53 +0000] "GET /wp-content/themes/apper/assets/fonts/fontawesome/fontawesome-webfont.woff2?v=4.7.0 HTTP/1.1" 304 0 "https://companiesonthego.uk/wp-content/themes/apper/assets/css/third/font-awesome.min.css?ver=4.7.0" "Mozilla/5.0 (Macintosh; Intel Mac OS X 10_15_7) AppleWebKit/537.36 (KHTML, like Gecko) Chrome/139.0.0.0 Safari/537.36"
