172.187.168.139 - - [23/Feb/2026:17:24:28 +0000] "POST /wp-cron.php?doing_wp_cron=1771867468.1777799129486083984375 HTTP/1.1" 200 31 "-" "WordPress/6.7.1; https://companiesonthego.uk"
40.77.167.7 - - [23/Feb/2026:17:24:28 +0000] "GET /resources/ HTTP/1.1" 200 28136 "-" "Mozilla/5.0 AppleWebKit/537.36 (KHTML, like Gecko; compatible; bingbot/2.0; +http://www.bing.com/bingbot.htm) Chrome/116.0.1938.76 Safari/537.36"
45.157.54.16 - - [23/Feb/2026:17:25:34 +0000] "POST /xmlrpc.php HTTP/1.1" 200 415 "-" "Mozilla/5.0 (Windows NT 10.0; Win64; x64) AppleWebKit/537.36 (KHTML, like Gecko) Chrome/127.0.0.0 Safari/537.36"
172.187.168.139 - - [23/Feb/2026:17:25:35 +0000] "POST /wp-cron.php?doing_wp_cron=1771867534.5516428947448730468750 HTTP/1.1" 200 31 "-" "WordPress/6.7.1; https://companiesonthego.uk"
45.157.54.16 - - [23/Feb/2026:17:25:35 +0000] "POST /xmlrpc.php HTTP/1.1" 200 415 "-" "Mozilla/5.0 (Windows NT 10.0; Win64; x64) AppleWebKit/537.36 (KHTML, like Gecko) Chrome/127.0.0.0 Safari/537.36"
172.187.168.139 - - [23/Feb/2026:17:26:36 +0000] "POST /wp-cron.php?doing_wp_cron=1771867596.7237639427185058593750 HTTP/1.1" 200 31 "-" "WordPress/6.7.1; https://companiesonthego.uk"
51.68.107.150 - - [23/Feb/2026:17:26:37 +0000] "GET / HTTP/1.1" 200 30791 "-" "Mozilla/5.0 (compatible; MJ12bot/v2.0.4; http://mj12bot.com/)"
172.187.168.139 - - [23/Feb/2026:17:29:27 +0000] "POST /wp-cron.php?doing_wp_cron=1771867767.5231769084930419921875 HTTP/1.1" 200 31 "-" "WordPress/6.7.1; https://companiesonthego.uk"
20.215.220.183 - - [23/Feb/2026:17:29:27 +0000] "GET /corporation-tax-rates-2026-uk-new-changes-and-how-to-calculate-your-liability/ HTTP/1.1" 200 26274 "-" "Mozilla/5.0 AppleWebKit/537.36 (KHTML, like Gecko); compatible; ChatGPT-User/1.0; +https://openai.com/bot"
114.119.157.143 - - [23/Feb/2026:17:29:46 +0000] "GET /accountants-guide-managing-companies-house-deadlines-for-100-clients-2026/ HTTP/1.1" 200 25978 "https://companiesonthego.uk/first-time-director-your-complete-companies-house-filing-calendar-2026/" "Mozilla/5.0 (Linux; Android 7.0;) AppleWebKit/537.36 (KHTML, like Gecko) Mobile Safari/537.36 (compatible; PetalBot;+https://webmaster.petalsearch.com/site/petalbot)"
172.187.168.139 - - [23/Feb/2026:17:31:04 +0000] "POST /wp-cron.php?doing_wp_cron=1771867864.9356029033660888671875 HTTP/1.1" 200 31 "-" "WordPress/6.7.1; https://companiesonthego.uk"
2a03:2880:f800:39:: - - [23/Feb/2026:17:31:05 +0000] "GET /?p=4052 HTTP/1.1" 301 5 "-" "meta-externalagent/1.1 (+https://developers.facebook.com/docs/sharing/webmasters/crawler)"
20.194.1.11 - - [23/Feb/2026:17:31:08 +0000] "GET /companies-house-annual-accounts-filing-deadline-2026-complete-guide-for-businesses/ HTTP/1.1" 200 27030 "-" "Mozilla/5.0 AppleWebKit/537.36 (KHTML, like Gecko); compatible; ChatGPT-User/1.0; +https://openai.com/bot"
172.187.168.139 - - [23/Feb/2026:17:32:57 +0000] "POST /wp-cron.php?doing_wp_cron=1771867977.6207799911499023437500 HTTP/1.1" 200 31 "-" "WordPress/6.7.1; https://companiesonthego.uk"
85.208.96.206 - - [23/Feb/2026:17:32:57 +0000] "GET /companies-house-search-on-mobile-verify-officer-changes-for-tax-reliefs/ HTTP/1.1" 200 25809 "-" "Mozilla/5.0 (compatible; SemrushBot/7~bl; +http://www.semrush.com/bot.html)"
172.187.168.139 - - [23/Feb/2026:17:40:26 +0000] "POST /wp-cron.php?doing_wp_cron=1771868426.7183918952941894531250 HTTP/1.1" 200 31 "-" "WordPress/6.7.1; https://companiesonthego.uk"
20.215.220.100 - - [23/Feb/2026:17:40:27 +0000] "GET /how-to-file-confirmation-statement-companies-house-2026-easy-mobile-tracking-tips/ HTTP/1.1" 200 26883 "-" "Mozilla/5.0 AppleWebKit/537.36 (KHTML, like Gecko); compatible; ChatGPT-User/1.0; +https://openai.com/bot"
172.187.168.139 - - [23/Feb/2026:17:51:34 +0000] "POST /wp-cron.php?doing_wp_cron=1771869094.2235159873962402343750 HTTP/1.1" 200 31 "-" "WordPress/6.7.1; https://companiesonthego.uk"
18.97.9.102 - - [23/Feb/2026:17:51:34 +0000] "GET /robots.txt HTTP/1.1" 200 401 "-" "Mozilla/5.0 AppleWebKit/537.36 (KHTML, like Gecko; compatible; PerplexityBot/1.0; +https://perplexity.ai/perplexitybot)"
172.187.168.139 - - [23/Feb/2026:18:03:40 +0000] "POST /wp-cron.php?doing_wp_cron=1771869819.7797350883483886718750 HTTP/1.1" 200 31 "-" "WordPress/6.7.1; https://companiesonthego.uk"
74.7.35.124 - - [23/Feb/2026:18:03:40 +0000] "GET / HTTP/1.1" 200 30791 "-" "Mozilla/5.0 AppleWebKit/537.36 (KHTML, like Gecko); compatible; ChatGPT-User/1.0; +https://openai.com/bot"
172.187.168.139 - - [23/Feb/2026:18:14:49 +0000] "POST /wp-cron.php?doing_wp_cron=1771870489.1523509025573730468750 HTTP/1.1" 200 31 "-" "WordPress/6.7.1; https://companiesonthego.uk"
157.230.233.131 - - [23/Feb/2026:18:14:49 +0000] "GET /wp-content/uploads/2026/01/photo-female-office-worker-sitting-desk-holding-alarm-clock-high-quality-photo-768x512.jpg%20768w,%20https://companiesonthego.uk/wp-content/uploads/2026/01/photo-female-office-worker-sitting-desk-holding-alarm-clock-high-quality-photo-300x200.jpg%20300w,%20https://companiesonthego.uk/wp-content/uploads/2026/01/photo-female-office-worker-sitting-desk-holding-alarm-clock-high-quality-photo-1024x683.jpg%201024w,%20https://companiesonthego.uk/wp-content/uploads/2026/01/photo-female-office-worker-sitting-desk-holding-alarm-clock-high-quality-photo-1536x1024.jpg%201536w,%20https://companiesonthego.uk/wp-content/uploads/2026/01/photo-female-office-worker-sitting-desk-holding-alarm-clock-high-quality-photo-2048x1365.jpg%202048w HTTP/1.1" 301 5 "https://companiesonthego.uk/" "Mozilla/5.0 (Windows NT 10.0; Win64; x64) AppleWebKit/537.36 (KHTML, like Gecko) Chrome/107.0.0.0 Safari/537.36"
157.230.233.131 - - [23/Feb/2026:18:14:51 +0000] "GET /wp-content/uploads/2026/01/photo-female-office-worker-sitting-desk-holding-alarm-clock-high-quality-photo-768x512.jpg%20768w,%20https:/companiesonthego.uk/wp-content/uploads/2026/01/photo-female-office-worker-sitting-desk-holding-alarm-clock-high-quality-photo-300x200.jpg%20300w,%20https:/companiesonthego.uk/wp-content/uploads/2026/01/photo-female-office-worker-sitting-desk-holding-alarm-clock-high-quality-photo-1024x683.jpg%201024w,%20https:/companiesonthego.uk/wp-content/uploads/2026/01/photo-female-office-worker-sitting-desk-holding-alarm-clock-high-quality-photo-1536x1024.jpg%201536w,%20https:/companiesonthego.uk/wp-content/uploads/2026/01/photo-female-office-worker-sitting-desk-holding-alarm-clock-high-quality-photo-2048x1365.jpg%202048w HTTP/1.1" 404 17481 "https://companiesonthego.uk/" "Mozilla/5.0 (Windows NT 10.0; Win64; x64) AppleWebKit/537.36 (KHTML, like Gecko) Chrome/107.0.0.0 Safari/537.36"
14.245.241.48 - - [23/Feb/2026:18:14:53 +0000] "GET /wp-content/uploads/2026/01/photo-female-office-worker-sitting-desk-holding-alarm-clock-high-quality-photo-768x512.jpg%20768w,%20https://companiesonthego.uk/wp-content/uploads/2026/01/photo-female-office-worker-sitting-desk-holding-alarm-clock-high-quality-photo-300x200.jpg%20300w,%20https://companiesonthego.uk/wp-content/uploads/2026/01/photo-female-office-worker-sitting-desk-holding-alarm-clock-high-quality-photo-1024x683.jpg%201024w,%20https://companiesonthego.uk/wp-content/uploads/2026/01/photo-female-office-worker-sitting-desk-holding-alarm-clock-high-quality-photo-1536x1024.jpg%201536w,%20https://companiesonthego.uk/wp-content/uploads/2026/01/photo-female-office-worker-sitting-desk-holding-alarm-clock-high-quality-photo-2048x1365.jpg%202048w HTTP/1.1" 301 5 "https://companiesonthego.uk/" "Mozilla/5.0 (Windows NT 10.0; Win64; x64) AppleWebKit/537.36 (KHTML, like Gecko) Chrome/107.0.0.0 Safari/537.36"
91.225.162.136 - - [23/Feb/2026:18:14:55 +0000] "GET /wp-content/uploads/2026/01/photo-female-office-worker-sitting-desk-holding-alarm-clock-high-quality-photo-768x512.jpg%20768w,%20https:/companiesonthego.uk/wp-content/uploads/2026/01/photo-female-office-worker-sitting-desk-holding-alarm-clock-high-quality-photo-300x200.jpg%20300w,%20https:/companiesonthego.uk/wp-content/uploads/2026/01/photo-female-office-worker-sitting-desk-holding-alarm-clock-high-quality-photo-1024x683.jpg%201024w,%20https:/companiesonthego.uk/wp-content/uploads/2026/01/photo-female-office-worker-sitting-desk-holding-alarm-clock-high-quality-photo-1536x1024.jpg%201536w,%20https:/companiesonthego.uk/wp-content/uploads/2026/01/photo-female-office-worker-sitting-desk-holding-alarm-clock-high-quality-photo-2048x1365.jpg%202048w HTTP/1.1" 404 17481 "https://companiesonthego.uk/" "Mozilla/5.0 (Windows NT 10.0; Win64; x64) AppleWebKit/537.36 (KHTML, like Gecko) Chrome/107.0.0.0 Safari/537.36"
172.187.168.139 - - [23/Feb/2026:18:16:40 +0000] "POST /wp-cron.php?doing_wp_cron=1771870600.5692911148071289062500 HTTP/1.1" 200 31 "-" "WordPress/6.7.1; https://companiesonthego.uk"
114.119.157.143 - - [23/Feb/2026:18:16:40 +0000] "GET /companies-house-changes-2026-identity-verification-fees-and-compliance-tracker-app/ HTTP/1.1" 200 27522 "https://companiesonthego.uk/avoid-late-penalties-companies-house-annual-accounts-and-confirmation-statement-deadlines-2026/" "Mozilla/5.0 (Linux; Android 7.0;) AppleWebKit/537.36 (KHTML, like Gecko) Mobile Safari/537.36 (compatible; PetalBot;+https://webmaster.petalsearch.com/site/petalbot)"
172.187.168.139 - - [23/Feb/2026:18:26:17 +0000] "POST /wp-cron.php?doing_wp_cron=1771871177.6031479835510253906250 HTTP/1.1" 200 31 "-" "WordPress/6.7.1; https://companiesonthego.uk"
2a03:2880:f800:2a:: - - [23/Feb/2026:18:26:17 +0000] "GET /dividend-tax-rate-increases-how-uk-company-owners-can-minimize-the-impact-from-april-2026/feed/ HTTP/1.1" 200 985 "-" "meta-externalagent/1.1 (+https://developers.facebook.com/docs/sharing/webmasters/crawler)"
172.187.168.139 - - [23/Feb/2026:18:33:13 +0000] "POST /wp-cron.php?doing_wp_cron=1771871592.8361649513244628906250 HTTP/1.1" 200 31 "-" "WordPress/6.7.1; https://companiesonthego.uk"
85.208.96.206 - - [23/Feb/2026:18:33:13 +0000] "GET /real-time-filing-alerts-avoid-1500-companies-house-penalties-with-covent-garden-virtual-office/ HTTP/1.1" 200 25729 "-" "Mozilla/5.0 (compatible; SemrushBot/7~bl; +http://www.semrush.com/bot.html)"
45.186.208.111 - - [23/Feb/2026:18:33:37 +0000] "GET /wp-json/wp/v2/tags/26 HTTP/1.1" 200 4442 "-" "Mozilla/5.0 (Windows 95; dv-MV; rv:1.9.1.20) Gecko/2380-04-28 18:42:31.431726 Firefox/3.6.18"
172.187.168.139 - - [23/Feb/2026:18:44:59 +0000] "POST /wp-cron.php?doing_wp_cron=1771872299.1572639942169189453125 HTTP/1.1" 200 31 "-" "WordPress/6.7.1; https://companiesonthego.uk"
3.232.39.98 - - [23/Feb/2026:18:44:59 +0000] "GET /corporation-tax-payment-deadlines-2026-get-on-the-go-notifications-now/ HTTP/1.1" 200 27221 "-" "Mozilla/5.0 AppleWebKit/537.36 (KHTML, like Gecko; compatible; Amazonbot/0.1; +https://developer.amazon.com/support/amazonbot) Chrome/119.0.6045.214 Safari/537.36"
172.187.168.139 - - [23/Feb/2026:18:47:13 +0000] "POST /wp-cron.php?doing_wp_cron=1771872433.3469860553741455078125 HTTP/1.1" 200 31 "-" "WordPress/6.7.1; https://companiesonthego.uk"
54.173.51.113 - - [23/Feb/2026:18:47:13 +0000] "HEAD /corporation-tax-payment-deadlines-2026-get-on-the-go-notifications-now/ HTTP/1.1" 200 0 "-" "Mozilla/5.0 AppleWebKit/605.1.15 (KHTML, like Gecko) Chrome/139.0.0.0 Safari/605.1.15"
172.187.168.139 - - [23/Feb/2026:18:59:36 +0000] "POST /wp-cron.php?doing_wp_cron=1771873175.7806479930877685546875 HTTP/1.1" 200 31 "-" "WordPress/6.7.1; https://companiesonthego.uk"
2.56.73.34 - - [23/Feb/2026:18:59:36 +0000] "GET /vat-registration-help-uk-2026-step-by-step-guide-for-small-businesses-and-startups HTTP/1.1" 301 5 "-" "Mozilla/5.0 (Macintosh; Intel Mac OS X 10_15_7) AppleWebKit/537.36 (KHTML, like Gecko) Chrome/142.0.0.0 Safari/537.36"
192.144.91.218 - - [23/Feb/2026:18:59:37 +0000] "GET /vat-registration-help-uk-2026-step-by-step-guide-for-small-businesses-and-startups/ HTTP/1.1" 200 26947 "-" "Mozilla/5.0 (Macintosh; Intel Mac OS X 10_15_7) AppleWebKit/537.36 (KHTML, like Gecko) Chrome/142.0.0.0 Safari/537.36"
172.187.168.139 - - [23/Feb/2026:19:00:13 +0000] "POST /wp-cron.php?doing_wp_cron=1771873213.6251420974731445312500 HTTP/1.1" 200 31 "-" "WordPress/6.7.1; https://companiesonthego.uk"
136.0.63.102 - - [23/Feb/2026:19:00:13 +0000] "GET /vat-registration-help-uk-2026-step-by-step-guide-for-small-businesses-and-startups HTTP/1.1" 301 5 "-" "Mozilla/5.0 (Macintosh; Intel Mac OS X 10_15_7) AppleWebKit/605.1.15 (KHTML, like Gecko) Version/26.2 Safari/605.1.15"
136.0.63.102 - - [23/Feb/2026:19:00:14 +0000] "GET /vat-registration-help-uk-2026-step-by-step-guide-for-small-businesses-and-startups/ HTTP/1.1" 200 26964 "https://companiesonthego.uk/vat-registration-help-uk-2026-step-by-step-guide-for-small-businesses-and-startups" "Mozilla/5.0 (Macintosh; Intel Mac OS X 10_15_7) AppleWebKit/605.1.15 (KHTML, like Gecko) Version/26.2 Safari/605.1.15"
159.223.70.54 - - [23/Feb/2026:19:00:18 +0000] "GET /wp-content/uploads/2026/01/calculating-machine-realtor-desktop-scaled.jpg HTTP/1.1" 200 406180 "https://companiesonthego.uk/" "Mozilla/5.0 (Windows NT 10.0; Win64; x64) AppleWebKit/537.36 (KHTML, like Gecko) Chrome/106.0.5249.119 Safari/537.36"
73.237.221.23 - - [23/Feb/2026:19:00:28 +0000] "GET /vat-registration-help-uk-2026-step-by-step-guide-for-small-businesses-and-startups HTTP/1.1" 301 5 "-" "Mozilla/5.0 (Macintosh; Intel Mac OS X 10_15_7) AppleWebKit/537.36 (KHTML, like Gecko) Chrome/143.0.0.0 Safari/537.36"
73.237.221.23 - - [23/Feb/2026:19:00:29 +0000] "GET /vat-registration-help-uk-2026-step-by-step-guide-for-small-businesses-and-startups/ HTTP/1.1" 200 26864 "https://companiesonthego.uk/vat-registration-help-uk-2026-step-by-step-guide-for-small-businesses-and-startups" "Mozilla/5.0 (Macintosh; Intel Mac OS X 10_15_7) AppleWebKit/537.36 (KHTML, like Gecko) Chrome/143.0.0.0 Safari/537.36"
143.20.219.128 - - [23/Feb/2026:19:00:55 +0000] "GET /real-time-filing-alerts-companies-house-search-save-tax-with-clean-compliance-uk/ HTTP/1.1" 200 25975 "-" "Mozilla/5.0 (Macintosh; Intel Mac OS X 10.15; rv:115.0) Gecko/20100101 Firefox/115.0"
143.20.219.237 - - [23/Feb/2026:19:00:55 +0000] "GET /real-time-filing-alerts-companies-house-search-save-tax-with-clean-compliance-uk/ HTTP/1.1" 200 25778 "-" "Mozilla/5.0 (Windows NT 10.0; Win64; x64) AppleWebKit/537.36 (KHTML, like Gecko) Chrome/138.0.0.0 Safari/537.36"
143.20.219.237 - - [23/Feb/2026:19:00:56 +0000] "GET /wp-includes/js/jquery/jquery-migrate.min.js?ver=3.4.1 HTTP/1.1" 304 0 "-" "Mozilla/5.0 (Windows NT 10.0; Win64; x64) AppleWebKit/537.36 (KHTML, like Gecko) Chrome/138.0.0.0 Safari/537.36"
143.20.219.237 - - [23/Feb/2026:19:00:56 +0000] "GET /wp-content/plugins/apper-core/assets/js/frontend.js?ver=2.0.15 HTTP/1.1" 304 0 "-" "Mozilla/5.0 (Windows NT 10.0; Win64; x64) AppleWebKit/537.36 (KHTML, like Gecko) Chrome/138.0.0.0 Safari/537.36"
143.20.219.237 - - [23/Feb/2026:19:00:56 +0000] "GET /wp-content/plugins/contact-form-7/includes/swv/js/index.js?ver=6.0.6 HTTP/1.1" 304 0 "-" "Mozilla/5.0 (Windows NT 10.0; Win64; x64) AppleWebKit/537.36 (KHTML, like Gecko) Chrome/138.0.0.0 Safari/537.36"
143.20.219.237 - - [23/Feb/2026:19:00:56 +0000] "GET /wp-content/themes/apper/assets/js/third/jquery.mmenu.min.all.js?ver=6.7.1 HTTP/1.1" 304 0 "-" "Mozilla/5.0 (Windows NT 10.0; Win64; x64) AppleWebKit/537.36 (KHTML, like Gecko) Chrome/138.0.0.0 Safari/537.36"
143.20.219.237 - - [23/Feb/2026:19:00:56 +0000] "GET /wp-includes/js/dist/i18n.min.js?ver=5e580eb46a90c2b997e6 HTTP/1.1" 304 0 "-" "Mozilla/5.0 (Windows NT 10.0; Win64; x64) AppleWebKit/537.36 (KHTML, like Gecko) Chrome/138.0.0.0 Safari/537.36"
143.20.219.237 - - [23/Feb/2026:19:00:56 +0000] "GET /wp-content/plugins/contact-form-7/includes/js/index.js?ver=6.0.6 HTTP/1.1" 304 0 "-" "Mozilla/5.0 (Windows NT 10.0; Win64; x64) AppleWebKit/537.36 (KHTML, like Gecko) Chrome/138.0.0.0 Safari/537.36"
143.20.219.237 - - [23/Feb/2026:19:00:56 +0000] "GET /wp-content/themes/apper/assets/js/third/lightbox.min.js?ver=2.0.15 HTTP/1.1" 304 0 "-" "Mozilla/5.0 (Windows NT 10.0; Win64; x64) AppleWebKit/537.36 (KHTML, like Gecko) Chrome/138.0.0.0 Safari/537.36"
143.20.219.237 - - [23/Feb/2026:19:00:56 +0000] "GET /wp-content/themes/apper/assets/js/main.min.js?ver=2.0.15 HTTP/1.1" 304 0 "-" "Mozilla/5.0 (Windows NT 10.0; Win64; x64) AppleWebKit/537.36 (KHTML, like Gecko) Chrome/138.0.0.0 Safari/537.36"
143.20.219.237 - - [23/Feb/2026:19:00:56 +0000] "GET /wp-content/themes/apper/assets/js/third/magnific-popup.min.js?ver=2.0.15 HTTP/1.1" 304 0 "-" "Mozilla/5.0 (Windows NT 10.0; Win64; x64) AppleWebKit/537.36 (KHTML, like Gecko) Chrome/138.0.0.0 Safari/537.36"
143.20.219.237 - - [23/Feb/2026:19:00:56 +0000] "GET /wp-content/plugins/google-site-kit/dist/assets/js/googlesitekit-events-provider-wpforms-ed443a3a3d45126a22ce.js HTTP/1.1" 304 0 "-" "Mozilla/5.0 (Windows NT 10.0; Win64; x64) AppleWebKit/537.36 (KHTML, like Gecko) Chrome/138.0.0.0 Safari/537.36"
143.20.219.237 - - [23/Feb/2026:19:00:56 +0000] "GET /wp-content/plugins/apper-core/assets/js/acm-scripts.js?ver=6.7.1 HTTP/1.1" 304 0 "-" "Mozilla/5.0 (Windows NT 10.0; Win64; x64) AppleWebKit/537.36 (KHTML, like Gecko) Chrome/138.0.0.0 Safari/537.36"
143.20.219.237 - - [23/Feb/2026:19:00:56 +0000] "GET /wp-includes/js/dist/hooks.min.js?ver=4d63a3d491d11ffd8ac6 HTTP/1.1" 200 4776 "-" "Mozilla/5.0 (Windows NT 10.0; Win64; x64) AppleWebKit/537.36 (KHTML, like Gecko) Chrome/138.0.0.0 Safari/537.36"
143.20.219.237 - - [23/Feb/2026:19:00:56 +0000] "GET /wp-includes/js/imagesloaded.min.js?ver=5.0.0 HTTP/1.1" 304 0 "-" "Mozilla/5.0 (Windows NT 10.0; Win64; x64) AppleWebKit/537.36 (KHTML, like Gecko) Chrome/138.0.0.0 Safari/537.36"
143.20.219.237 - - [23/Feb/2026:19:00:56 +0000] "GET /wp-content/themes/apper/assets/js/quick.js?ver=2.0.15 HTTP/1.1" 304 0 "-" "Mozilla/5.0 (Windows NT 10.0; Win64; x64) AppleWebKit/537.36 (KHTML, like Gecko) Chrome/138.0.0.0 Safari/537.36"
143.20.219.237 - - [23/Feb/2026:19:00:56 +0000] "GET /wp-content/plugins/apper-core/assets/js/owl.carousel.min.js?ver=6.7.1 HTTP/1.1" 200 44342 "-" "Mozilla/5.0 (Windows NT 10.0; Win64; x64) AppleWebKit/537.36 (KHTML, like Gecko) Chrome/138.0.0.0 Safari/537.36"
143.20.219.237 - - [23/Feb/2026:19:00:56 +0000] "GET /wp-includes/js/jquery/jquery.min.js?ver=3.7.1 HTTP/1.1" 200 87553 "-" "Mozilla/5.0 (Windows NT 10.0; Win64; x64) AppleWebKit/537.36 (KHTML, like Gecko) Chrome/138.0.0.0 Safari/537.36"
66.92.14.87 - - [23/Feb/2026:19:00:56 +0000] "GET /real-time-filing-alerts-companies-house-search-save-tax-with-clean-compliance-uk HTTP/1.1" 301 5 "-" "Mozilla/5.0 (Windows NT 10.0; Win64; x64) AppleWebKit/537.36 (KHTML, like Gecko) Chrome/138.0.0.0 Safari/537.36"
66.92.14.87 - - [23/Feb/2026:19:00:57 +0000] "GET /real-time-filing-alerts-companies-house-search-save-tax-with-clean-compliance-uk/ HTTP/1.1" 200 25966 "-" "Mozilla/5.0 (Windows NT 10.0; Win64; x64) AppleWebKit/537.36 (KHTML, like Gecko) Chrome/138.0.0.0 Safari/537.36"
66.92.14.87 - - [23/Feb/2026:19:00:58 +0000] "GET /wp-includes/js/jquery/jquery.min.js?ver=3.7.1 HTTP/1.1" 304 0 "-" "Mozilla/5.0 (Windows NT 10.0; Win64; x64) AppleWebKit/537.36 (KHTML, like Gecko) Chrome/138.0.0.0 Safari/537.36"
66.92.14.87 - - [23/Feb/2026:19:00:58 +0000] "GET /wp-includes/js/imagesloaded.min.js?ver=5.0.0 HTTP/1.1" 304 0 "-" "Mozilla/5.0 (Windows NT 10.0; Win64; x64) AppleWebKit/537.36 (KHTML, like Gecko) Chrome/138.0.0.0 Safari/537.36"
66.92.14.87 - - [23/Feb/2026:19:00:58 +0000] "GET /wp-content/plugins/apper-core/assets/js/acm-scripts.js?ver=6.7.1 HTTP/1.1" 304 0 "-" "Mozilla/5.0 (Windows NT 10.0; Win64; x64) AppleWebKit/537.36 (KHTML, like Gecko) Chrome/138.0.0.0 Safari/537.36"
66.92.14.87 - - [23/Feb/2026:19:00:58 +0000] "GET /wp-content/plugins/google-site-kit/dist/assets/js/googlesitekit-events-provider-contact-form-7-40476021fb6e59177033.js HTTP/1.1" 304 0 "-" "Mozilla/5.0 (Windows NT 10.0; Win64; x64) AppleWebKit/537.36 (KHTML, like Gecko) Chrome/138.0.0.0 Safari/537.36"
66.92.14.87 - - [23/Feb/2026:19:00:58 +0000] "GET /wp-content/plugins/apper-core/assets/js/owl.carousel.min.js?ver=6.7.1 HTTP/1.1" 304 0 "-" "Mozilla/5.0 (Windows NT 10.0; Win64; x64) AppleWebKit/537.36 (KHTML, like Gecko) Chrome/138.0.0.0 Safari/537.36"
66.92.14.87 - - [23/Feb/2026:19:00:58 +0000] "GET /wp-includes/js/comment-reply.min.js?ver=6.7.1 HTTP/1.1" 200 3026 "-" "Mozilla/5.0 (Windows NT 10.0; Win64; x64) AppleWebKit/537.36 (KHTML, like Gecko) Chrome/138.0.0.0 Safari/537.36"
66.92.14.87 - - [23/Feb/2026:19:00:58 +0000] "GET /wp-includes/js/dist/hooks.min.js?ver=4d63a3d491d11ffd8ac6 HTTP/1.1" 304 0 "-" "Mozilla/5.0 (Windows NT 10.0; Win64; x64) AppleWebKit/537.36 (KHTML, like Gecko) Chrome/138.0.0.0 Safari/537.36"
66.92.14.87 - - [23/Feb/2026:19:00:58 +0000] "GET /wp-content/plugins/google-site-kit/dist/assets/js/googlesitekit-events-provider-wpforms-ed443a3a3d45126a22ce.js HTTP/1.1" 200 4492 "-" "Mozilla/5.0 (Windows NT 10.0; Win64; x64) AppleWebKit/537.36 (KHTML, like Gecko) Chrome/138.0.0.0 Safari/537.36"
66.92.14.87 - - [23/Feb/2026:19:00:58 +0000] "GET /wp-includes/js/dist/i18n.min.js?ver=5e580eb46a90c2b997e6 HTTP/1.1" 200 9141 "-" "Mozilla/5.0 (Windows NT 10.0; Win64; x64) AppleWebKit/537.36 (KHTML, like Gecko) Chrome/138.0.0.0 Safari/537.36"
66.92.14.87 - - [23/Feb/2026:19:00:58 +0000] "GET /wp-content/plugins/contact-form-7/includes/js/index.js?ver=6.0.6 HTTP/1.1" 304 0 "-" "Mozilla/5.0 (Windows NT 10.0; Win64; x64) AppleWebKit/537.36 (KHTML, like Gecko) Chrome/138.0.0.0 Safari/537.36"
172.187.168.139 - - [23/Feb/2026:19:01:19 +0000] "POST /wp-cron.php?doing_wp_cron=1771873279.8439090251922607421875 HTTP/1.1" 200 31 "-" "WordPress/6.7.1; https://companiesonthego.uk"
66.249.66.1 - - [23/Feb/2026:19:01:19 +0000] "GET /quarterly-tax-updates-under-mtd-a-simple-workflow-for-sole-traders/%3Cbr%20/%3E%3Cb%3EDeprecated%3C/b%3E:%20%20ltrim():%20Passing%20null%20to%20parameter%20 HTTP/1.1" 301 5 "-" "Mozilla/5.0 (Linux; Android 6.0.1; Nexus 5X Build/MMB29P) AppleWebKit/537.36 (KHTML, like Gecko) Chrome/144.0.7559.132 Mobile Safari/537.36 (compatible; Googlebot/2.1; +http://www.google.com/bot.html)"
66.249.66.2 - - [23/Feb/2026:19:01:20 +0000] "GET /quarterly-tax-updates-under-mtd-a-simple-workflow-for-sole-traders/%3Cbr%20/%3E%3Cb%3EDeprecated%3C/b%3E:%20%20ltrim():%20Passing%20null%20to%20parameter HTTP/1.1" 404 17481 "-" "Mozilla/5.0 (Linux; Android 6.0.1; Nexus 5X Build/MMB29P) AppleWebKit/537.36 (KHTML, like Gecko) Chrome/144.0.7559.132 Mobile Safari/537.36 (compatible; Googlebot/2.1; +http://www.google.com/bot.html)"
222.167.251.150 - - [23/Feb/2026:19:01:52 +0000] "GET /robots.txt HTTP/1.1" 200 401 "-" "Mozilla/5.0"
222.167.251.246 - - [23/Feb/2026:19:01:59 +0000] "GET /real-time-filing-alerts-companies-house-search-save-tax-with-clean-compliance-uk HTTP/1.1" 301 5 "-" "Mozilla/5.0 (Windows NT 10.0; Win64; x64) AppleWebKit/537.36 (KHTML, like Gecko) Chrome/138.0.0.0 Safari/537.36"
222.167.251.246 - - [23/Feb/2026:19:02:00 +0000] "GET /real-time-filing-alerts-companies-house-search-save-tax-with-clean-compliance-uk/ HTTP/1.1" 200 25875 "-" "Mozilla/5.0 (Windows NT 10.0; Win64; x64) AppleWebKit/537.36 (KHTML, like Gecko) Chrome/138.0.0.0 Safari/537.36"
222.167.251.246 - - [23/Feb/2026:19:02:00 +0000] "GET /wp-content/themes/apper/assets/js/quick.js?ver=2.0.15 HTTP/1.1" 304 0 "-" "Mozilla/5.0 (Windows NT 10.0; Win64; x64) AppleWebKit/537.36 (KHTML, like Gecko) Chrome/138.0.0.0 Safari/537.36"
222.167.251.246 - - [23/Feb/2026:19:02:00 +0000] "GET /wp-content/themes/apper/assets/js/third/magnific-popup.min.js?ver=2.0.15 HTTP/1.1" 304 0 "-" "Mozilla/5.0 (Windows NT 10.0; Win64; x64) AppleWebKit/537.36 (KHTML, like Gecko) Chrome/138.0.0.0 Safari/537.36"
222.167.251.246 - - [23/Feb/2026:19:02:00 +0000] "GET /wp-content/plugins/google-site-kit/dist/assets/js/googlesitekit-events-provider-contact-form-7-40476021fb6e59177033.js HTTP/1.1" 200 5268 "-" "Mozilla/5.0 (Windows NT 10.0; Win64; x64) AppleWebKit/537.36 (KHTML, like Gecko) Chrome/138.0.0.0 Safari/537.36"
172.187.168.139 - - [23/Feb/2026:19:05:58 +0000] "POST /wp-cron.php?doing_wp_cron=1771873558.3169629573822021484375 HTTP/1.1" 200 31 "-" "WordPress/6.7.1; https://companiesonthego.uk"
114.119.149.131 - - [23/Feb/2026:19:05:58 +0000] "GET /real-time-filing-alerts-avoid-1500-companies-house-penalties-with-covent-garden-virtual-office/ HTTP/1.1" 200 25754 "https://companiesonthego.uk/dividend-tax-rate-increases-how-uk-company-owners-can-minimize-the-impact-from-april-2026/" "Mozilla/5.0 (Linux; Android 7.0;) AppleWebKit/537.36 (KHTML, like Gecko) Mobile Safari/537.36 (compatible; PetalBot;+https://webmaster.petalsearch.com/site/petalbot)"
45.148.10.124 - - [23/Feb/2026:19:19:05 +0000] "GET /.env HTTP/1.1" 403 195 "-" "Mozilla/5.0 (Linux; Android 8.1.0; MI PLAY) AppleWebKit/537.36 (KHTML, like Gecko) Chrome/76.0.3809.111 Mobile Safari/537.36"
172.187.168.139 - - [23/Feb/2026:19:19:54 +0000] "POST /wp-cron.php?doing_wp_cron=1771874394.7230749130249023437500 HTTP/1.1" 200 31 "-" "WordPress/6.7.1; https://companiesonthego.uk"
40.67.183.177 - - [23/Feb/2026:19:19:55 +0000] "GET /companies-house-annual-accounts-filing-deadline-2026-complete-guide-for-businesses/ HTTP/1.1" 200 27066 "-" "Mozilla/5.0 AppleWebKit/537.36 (KHTML, like Gecko); compatible; ChatGPT-User/1.0; +https://openai.com/bot"
40.67.183.177 - - [23/Feb/2026:19:20:12 +0000] "GET / HTTP/1.1" 200 30791 "-" "Mozilla/5.0 AppleWebKit/537.36 (KHTML, like Gecko); compatible; ChatGPT-User/1.0; +https://openai.com/bot"
172.187.168.139 - - [23/Feb/2026:19:24:17 +0000] "POST /wp-cron.php?doing_wp_cron=1771874657.4697599411010742187500 HTTP/1.1" 200 31 "-" "WordPress/6.7.1; https://companiesonthego.uk"
94.8.47.25 - - [23/Feb/2026:19:24:17 +0000] "GET /how-to-check-your-companies-house-filing-deadlines-in-2-minutes-step-by-step-2026/ HTTP/1.1" 200 25580 "https://www.google.com/" "Mozilla/5.0 (Windows NT 10.0; Win64; x64) AppleWebKit/537.36 (KHTML, like Gecko) Chrome/145.0.0.0 Safari/537.36"
94.8.47.25 - - [23/Feb/2026:19:24:17 +0000] "GET /wp-content/plugins/apper-core/assets/css/acmtheme-styles.css?ver=2.0.15 HTTP/1.1" 304 0 "https://companiesonthego.uk/how-to-check-your-companies-house-filing-deadlines-in-2-minutes-step-by-step-2026/" "Mozilla/5.0 (Windows NT 10.0; Win64; x64) AppleWebKit/537.36 (KHTML, like Gecko) Chrome/145.0.0.0 Safari/537.36"
94.8.47.25 - - [23/Feb/2026:19:24:17 +0000] "GET /wp-content/plugins/apper-core/assets/vendors/fontawesome5/css/fontawesome.min.css?ver=5.x.x HTTP/1.1" 304 0 "https://companiesonthego.uk/how-to-check-your-companies-house-filing-deadlines-in-2-minutes-step-by-step-2026/" "Mozilla/5.0 (Windows NT 10.0; Win64; x64) AppleWebKit/537.36 (KHTML, like Gecko) Chrome/145.0.0.0 Safari/537.36"
94.8.47.25 - - [23/Feb/2026:19:24:17 +0000] "GET /wp-content/plugins/apper-core/includes/framework/redux-core/assets/css/extendify-utilities.css?ver=4.4.15.1 HTTP/1.1" 304 0 "https://companiesonthego.uk/how-to-check-your-companies-house-filing-deadlines-in-2-minutes-step-by-step-2026/" "Mozilla/5.0 (Windows NT 10.0; Win64; x64) AppleWebKit/537.36 (KHTML, like Gecko) Chrome/145.0.0.0 Safari/537.36"
94.8.47.25 - - [23/Feb/2026:19:24:17 +0000] "GET /wp-content/plugins/apper-core/assets/css/owl.carousel.min.css?ver=2.0.15 HTTP/1.1" 304 0 "https://companiesonthego.uk/how-to-check-your-companies-house-filing-deadlines-in-2-minutes-step-by-step-2026/" "Mozilla/5.0 (Windows NT 10.0; Win64; x64) AppleWebKit/537.36 (KHTML, like Gecko) Chrome/145.0.0.0 Safari/537.36"
94.8.47.25 - - [23/Feb/2026:19:24:17 +0000] "GET /wp-content/plugins/apper-core/assets/css/simple-line-icons.min.css?ver=6.7.1 HTTP/1.1" 304 0 "https://companiesonthego.uk/how-to-check-your-companies-house-filing-deadlines-in-2-minutes-step-by-step-2026/" "Mozilla/5.0 (Windows NT 10.0; Win64; x64) AppleWebKit/537.36 (KHTML, like Gecko) Chrome/145.0.0.0 Safari/537.36"
94.8.47.25 - - [23/Feb/2026:19:24:17 +0000] "GET /wp-content/plugins/contact-form-7/includes/css/styles.css?ver=6.0.6 HTTP/1.1" 304 0 "https://companiesonthego.uk/how-to-check-your-companies-house-filing-deadlines-in-2-minutes-step-by-step-2026/" "Mozilla/5.0 (Windows NT 10.0; Win64; x64) AppleWebKit/537.36 (KHTML, like Gecko) Chrome/145.0.0.0 Safari/537.36"
94.8.47.25 - - [23/Feb/2026:19:24:18 +0000] "GET /wp-content/themes/apper/assets/css/third/font-awesome.min.css?ver=4.7.0 HTTP/1.1" 304 0 "https://companiesonthego.uk/how-to-check-your-companies-house-filing-deadlines-in-2-minutes-step-by-step-2026/" "Mozilla/5.0 (Windows NT 10.0; Win64; x64) AppleWebKit/537.36 (KHTML, like Gecko) Chrome/145.0.0.0 Safari/537.36"
94.8.47.25 - - [23/Feb/2026:19:24:18 +0000] "GET /wp-content/themes/apper/assets/css/preloader.css?ver=2.0.15 HTTP/1.1" 304 0 "https://companiesonthego.uk/how-to-check-your-companies-house-filing-deadlines-in-2-minutes-step-by-step-2026/" "Mozilla/5.0 (Windows NT 10.0; Win64; x64) AppleWebKit/537.36 (KHTML, like Gecko) Chrome/145.0.0.0 Safari/537.36"
94.8.47.25 - - [23/Feb/2026:19:24:18 +0000] "GET /wp-content/themes/apper/assets/css/third/simple-line-icons.min.css?ver=2.4.0 HTTP/1.1" 304 0 "https://companiesonthego.uk/how-to-check-your-companies-house-filing-deadlines-in-2-minutes-step-by-step-2026/" "Mozilla/5.0 (Windows NT 10.0; Win64; x64) AppleWebKit/537.36 (KHTML, like Gecko) Chrome/145.0.0.0 Safari/537.36"
94.8.47.25 - - [23/Feb/2026:19:24:18 +0000] "GET /wp-content/themes/apper/assets/css/third/magnific-popup.min.css?ver=1.0.0 HTTP/1.1" 304 0 "https://companiesonthego.uk/how-to-check-your-companies-house-filing-deadlines-in-2-minutes-step-by-step-2026/" "Mozilla/5.0 (Windows NT 10.0; Win64; x64) AppleWebKit/537.36 (KHTML, like Gecko) Chrome/145.0.0.0 Safari/537.36"
94.8.47.25 - - [23/Feb/2026:19:24:18 +0000] "GET /wp-content/themes/apper/assets/css/style.css?ver=2.0.15 HTTP/1.1" 304 0 "https://companiesonthego.uk/how-to-check-your-companies-house-filing-deadlines-in-2-minutes-step-by-step-2026/" "Mozilla/5.0 (Windows NT 10.0; Win64; x64) AppleWebKit/537.36 (KHTML, like Gecko) Chrome/145.0.0.0 Safari/537.36"
94.8.47.25 - - [23/Feb/2026:19:24:18 +0000] "GET /wp-content/themes/apper/assets/css/third/jquery.mmenu.all.min.css?ver=6.7.1 HTTP/1.1" 304 0 "https://companiesonthego.uk/how-to-check-your-companies-house-filing-deadlines-in-2-minutes-step-by-step-2026/" "Mozilla/5.0 (Windows NT 10.0; Win64; x64) AppleWebKit/537.36 (KHTML, like Gecko) Chrome/145.0.0.0 Safari/537.36"
94.8.47.25 - - [23/Feb/2026:19:24:18 +0000] "GET /wp-includes/js/jquery/jquery.min.js?ver=3.7.1 HTTP/1.1" 304 0 "https://companiesonthego.uk/how-to-check-your-companies-house-filing-deadlines-in-2-minutes-step-by-step-2026/" "Mozilla/5.0 (Windows NT 10.0; Win64; x64) AppleWebKit/537.36 (KHTML, like Gecko) Chrome/145.0.0.0 Safari/537.36"
94.8.47.25 - - [23/Feb/2026:19:24:18 +0000] "GET /wp-includes/js/jquery/jquery-migrate.min.js?ver=3.4.1 HTTP/1.1" 304 0 "https://companiesonthego.uk/how-to-check-your-companies-house-filing-deadlines-in-2-minutes-step-by-step-2026/" "Mozilla/5.0 (Windows NT 10.0; Win64; x64) AppleWebKit/537.36 (KHTML, like Gecko) Chrome/145.0.0.0 Safari/537.36"
94.8.47.25 - - [23/Feb/2026:19:24:18 +0000] "GET /wp-content/uploads/2026/01/serious-young-businessman-looking-wrist-watch-scaled.jpg HTTP/1.1" 304 0 "https://companiesonthego.uk/how-to-check-your-companies-house-filing-deadlines-in-2-minutes-step-by-step-2026/" "Mozilla/5.0 (Windows NT 10.0; Win64; x64) AppleWebKit/537.36 (KHTML, like Gecko) Chrome/145.0.0.0 Safari/537.36"
94.8.47.25 - - [23/Feb/2026:19:24:18 +0000] "GET /wp-content/uploads/2026/01/access-connection-internet-technology-concept-768x384.jpg HTTP/1.1" 200 89350 "https://companiesonthego.uk/how-to-check-your-companies-house-filing-deadlines-in-2-minutes-step-by-step-2026/" "Mozilla/5.0 (Windows NT 10.0; Win64; x64) AppleWebKit/537.36 (KHTML, like Gecko) Chrome/145.0.0.0 Safari/537.36"
94.8.47.25 - - [23/Feb/2026:19:24:18 +0000] "GET /wp-content/uploads/2026/01/top-view-business-office-desk-background-business-buy-land-ageement-form-pencil-wood-house-beautiful-pink-flower-wooden-table-background-with-copy-space-768x512.jpg HTTP/1.1" 200 90966 "https://companiesonthego.uk/how-to-check-your-companies-house-filing-deadlines-in-2-minutes-step-by-step-2026/" "Mozilla/5.0 (Windows NT 10.0; Win64; x64) AppleWebKit/537.36 (KHTML, like Gecko) Chrome/145.0.0.0 Safari/537.36"
94.8.47.25 - - [23/Feb/2026:19:24:18 +0000] "GET /wp-content/themes/apper/assets/fonts/simple-line-icons/Simple-Line-Icons.woff2?v=2.4.0 HTTP/1.1" 304 0 "https://companiesonthego.uk/wp-content/themes/apper/assets/css/third/simple-line-icons.min.css?ver=2.4.0" "Mozilla/5.0 (Windows NT 10.0; Win64; x64) AppleWebKit/537.36 (KHTML, like Gecko) Chrome/145.0.0.0 Safari/537.36"
94.8.47.25 - - [23/Feb/2026:19:24:18 +0000] "GET /wp-content/uploads/2025/02/logo.svg HTTP/1.1" 304 0 "https://companiesonthego.uk/how-to-check-your-companies-house-filing-deadlines-in-2-minutes-step-by-step-2026/" "Mozilla/5.0 (Windows NT 10.0; Win64; x64) AppleWebKit/537.36 (KHTML, like Gecko) Chrome/145.0.0.0 Safari/537.36"
94.8.47.25 - - [23/Feb/2026:19:24:18 +0000] "GET /wp-content/uploads/2026/01/business-meeting-london-768x512.jpg HTTP/1.1" 200 87876 "https://companiesonthego.uk/how-to-check-your-companies-house-filing-deadlines-in-2-minutes-step-by-step-2026/" "Mozilla/5.0 (Windows NT 10.0; Win64; x64) AppleWebKit/537.36 (KHTML, like Gecko) Chrome/145.0.0.0 Safari/537.36"
94.8.47.25 - - [23/Feb/2026:19:24:18 +0000] "GET /wp-content/plugins/apper-core/assets/js/frontend.js?ver=2.0.15 HTTP/1.1" 304 0 "https://companiesonthego.uk/how-to-check-your-companies-house-filing-deadlines-in-2-minutes-step-by-step-2026/" "Mozilla/5.0 (Windows NT 10.0; Win64; x64) AppleWebKit/537.36 (KHTML, like Gecko) Chrome/145.0.0.0 Safari/537.36"
94.8.47.25 - - [23/Feb/2026:19:24:18 +0000] "GET /wp-includes/js/dist/hooks.min.js?ver=4d63a3d491d11ffd8ac6 HTTP/1.1" 304 0 "https://companiesonthego.uk/how-to-check-your-companies-house-filing-deadlines-in-2-minutes-step-by-step-2026/" "Mozilla/5.0 (Windows NT 10.0; Win64; x64) AppleWebKit/537.36 (KHTML, like Gecko) Chrome/145.0.0.0 Safari/537.36"
94.8.47.25 - - [23/Feb/2026:19:24:18 +0000] "GET /wp-content/themes/apper/assets/fonts/fontawesome/fontawesome-webfont.woff2?v=4.7.0 HTTP/1.1" 304 0 "https://companiesonthego.uk/wp-content/themes/apper/assets/css/third/font-awesome.min.css?ver=4.7.0" "Mozilla/5.0 (Windows NT 10.0; Win64; x64) AppleWebKit/537.36 (KHTML, like Gecko) Chrome/145.0.0.0 Safari/537.36"
94.8.47.25 - - [23/Feb/2026:19:24:18 +0000] "GET /wp-content/plugins/apper-core/assets/js/owl.carousel.min.js?ver=6.7.1 HTTP/1.1" 304 0 "https://companiesonthego.uk/how-to-check-your-companies-house-filing-deadlines-in-2-minutes-step-by-step-2026/" "Mozilla/5.0 (Windows NT 10.0; Win64; x64) AppleWebKit/537.36 (KHTML, like Gecko) Chrome/145.0.0.0 Safari/537.36"
94.8.47.25 - - [23/Feb/2026:19:24:18 +0000] "GET /wp-content/plugins/apper-core/assets/js/acm-scripts.js?ver=6.7.1 HTTP/1.1" 304 0 "https://companiesonthego.uk/how-to-check-your-companies-house-filing-deadlines-in-2-minutes-step-by-step-2026/" "Mozilla/5.0 (Windows NT 10.0; Win64; x64) AppleWebKit/537.36 (KHTML, like Gecko) Chrome/145.0.0.0 Safari/537.36"
94.8.47.25 - - [23/Feb/2026:19:24:18 +0000] "GET /wp-includes/js/dist/i18n.min.js?ver=5e580eb46a90c2b997e6 HTTP/1.1" 304 0 "https://companiesonthego.uk/how-to-check-your-companies-house-filing-deadlines-in-2-minutes-step-by-step-2026/" "Mozilla/5.0 (Windows NT 10.0; Win64; x64) AppleWebKit/537.36 (KHTML, like Gecko) Chrome/145.0.0.0 Safari/537.36"
94.8.47.25 - - [23/Feb/2026:19:24:18 +0000] "GET /wp-content/plugins/contact-form-7/includes/swv/js/index.js?ver=6.0.6 HTTP/1.1" 304 0 "https://companiesonthego.uk/how-to-check-your-companies-house-filing-deadlines-in-2-minutes-step-by-step-2026/" "Mozilla/5.0 (Windows NT 10.0; Win64; x64) AppleWebKit/537.36 (KHTML, like Gecko) Chrome/145.0.0.0 Safari/537.36"
94.8.47.25 - - [23/Feb/2026:19:24:18 +0000] "GET /wp-content/plugins/contact-form-7/includes/js/index.js?ver=6.0.6 HTTP/1.1" 304 0 "https://companiesonthego.uk/how-to-check-your-companies-house-filing-deadlines-in-2-minutes-step-by-step-2026/" "Mozilla/5.0 (Windows NT 10.0; Win64; x64) AppleWebKit/537.36 (KHTML, like Gecko) Chrome/145.0.0.0 Safari/537.36"
94.8.47.25 - - [23/Feb/2026:19:24:18 +0000] "GET /wp-includes/js/imagesloaded.min.js?ver=5.0.0 HTTP/1.1" 304 0 "https://companiesonthego.uk/how-to-check-your-companies-house-filing-deadlines-in-2-minutes-step-by-step-2026/" "Mozilla/5.0 (Windows NT 10.0; Win64; x64) AppleWebKit/537.36 (KHTML, like Gecko) Chrome/145.0.0.0 Safari/537.36"
94.8.47.25 - - [23/Feb/2026:19:24:18 +0000] "GET /wp-content/themes/apper/assets/js/third/magnific-popup.min.js?ver=2.0.15 HTTP/1.1" 304 0 "https://companiesonthego.uk/how-to-check-your-companies-house-filing-deadlines-in-2-minutes-step-by-step-2026/" "Mozilla/5.0 (Windows NT 10.0; Win64; x64) AppleWebKit/537.36 (KHTML, like Gecko) Chrome/145.0.0.0 Safari/537.36"
94.8.47.25 - - [23/Feb/2026:19:24:18 +0000] "GET /wp-content/themes/apper/assets/js/third/jquery.mmenu.min.all.js?ver=6.7.1 HTTP/1.1" 304 0 "https://companiesonthego.uk/how-to-check-your-companies-house-filing-deadlines-in-2-minutes-step-by-step-2026/" "Mozilla/5.0 (Windows NT 10.0; Win64; x64) AppleWebKit/537.36 (KHTML, like Gecko) Chrome/145.0.0.0 Safari/537.36"
94.8.47.25 - - [23/Feb/2026:19:24:18 +0000] "GET /wp-content/themes/apper/assets/js/third/lightbox.min.js?ver=2.0.15 HTTP/1.1" 304 0 "https://companiesonthego.uk/how-to-check-your-companies-house-filing-deadlines-in-2-minutes-step-by-step-2026/" "Mozilla/5.0 (Windows NT 10.0; Win64; x64) AppleWebKit/537.36 (KHTML, like Gecko) Chrome/145.0.0.0 Safari/537.36"
94.8.47.25 - - [23/Feb/2026:19:24:18 +0000] "GET /wp-content/themes/apper/assets/js/quick.js?ver=2.0.15 HTTP/1.1" 304 0 "https://companiesonthego.uk/how-to-check-your-companies-house-filing-deadlines-in-2-minutes-step-by-step-2026/" "Mozilla/5.0 (Windows NT 10.0; Win64; x64) AppleWebKit/537.36 (KHTML, like Gecko) Chrome/145.0.0.0 Safari/537.36"
94.8.47.25 - - [23/Feb/2026:19:24:18 +0000] "GET /wp-content/themes/apper/assets/js/main.min.js?ver=2.0.15 HTTP/1.1" 200 122145 "https://companiesonthego.uk/how-to-check-your-companies-house-filing-deadlines-in-2-minutes-step-by-step-2026/" "Mozilla/5.0 (Windows NT 10.0; Win64; x64) AppleWebKit/537.36 (KHTML, like Gecko) Chrome/145.0.0.0 Safari/537.36"
94.8.47.25 - - [23/Feb/2026:19:24:18 +0000] "GET /wp-includes/js/comment-reply.min.js?ver=6.7.1 HTTP/1.1" 304 0 "https://companiesonthego.uk/how-to-check-your-companies-house-filing-deadlines-in-2-minutes-step-by-step-2026/" "Mozilla/5.0 (Windows NT 10.0; Win64; x64) AppleWebKit/537.36 (KHTML, like Gecko) Chrome/145.0.0.0 Safari/537.36"
94.8.47.25 - - [23/Feb/2026:19:24:18 +0000] "GET /wp-content/plugins/google-site-kit/dist/assets/js/googlesitekit-events-provider-contact-form-7-40476021fb6e59177033.js HTTP/1.1" 304 0 "https://companiesonthego.uk/how-to-check-your-companies-house-filing-deadlines-in-2-minutes-step-by-step-2026/" "Mozilla/5.0 (Windows NT 10.0; Win64; x64) AppleWebKit/537.36 (KHTML, like Gecko) Chrome/145.0.0.0 Safari/537.36"
94.8.47.25 - - [23/Feb/2026:19:24:18 +0000] "GET /wp-content/plugins/google-site-kit/dist/assets/js/googlesitekit-events-provider-wpforms-ed443a3a3d45126a22ce.js HTTP/1.1" 200 4492 "https://companiesonthego.uk/how-to-check-your-companies-house-filing-deadlines-in-2-minutes-step-by-step-2026/" "Mozilla/5.0 (Windows NT 10.0; Win64; x64) AppleWebKit/537.36 (KHTML, like Gecko) Chrome/145.0.0.0 Safari/537.36"
94.8.47.25 - - [23/Feb/2026:19:24:18 +0000] "GET /wp-includes/js/wp-emoji-release.min.js?ver=6.7.1 HTTP/1.1" 200 18726 "https://companiesonthego.uk/how-to-check-your-companies-house-filing-deadlines-in-2-minutes-step-by-step-2026/" "Mozilla/5.0 (Windows NT 10.0; Win64; x64) AppleWebKit/537.36 (KHTML, like Gecko) Chrome/145.0.0.0 Safari/537.36"
45.124.14.64 - - [23/Feb/2026:19:24:28 +0000] "GET /robots.txt HTTP/1.1" 200 401 "-" "Mozilla/5.0 (Windows NT 6.1; U;WOW64; de;rv:11.0) Gecko Firefox/11.0"
172.187.168.139 - - [23/Feb/2026:19:30:35 +0000] "POST /wp-cron.php?doing_wp_cron=1771875034.9191660881042480468750 HTTP/1.1" 200 31 "-" "WordPress/6.7.1; https://companiesonthego.uk"
104.210.140.135 - - [23/Feb/2026:19:30:35 +0000] "GET /robots.txt HTTP/1.1" 200 401 "-" "Mozilla/5.0 (Macintosh; Intel Mac OS X 10_15_7) AppleWebKit/537.36 (KHTML, like Gecko) Chrome/131.0.0.0 Safari/537.36; compatible; OAI-SearchBot/1.0; +https://openai.com/searchbot"
172.187.168.139 - - [23/Feb/2026:19:32:50 +0000] "POST /wp-cron.php?doing_wp_cron=1771875170.6648631095886230468750 HTTP/1.1" 200 31 "-" "WordPress/6.7.1; https://companiesonthego.uk"
114.119.150.9 - - [23/Feb/2026:19:32:50 +0000] "GET /companies-house-search-guide-mobile-access-accountants/ HTTP/1.1" 200 28001 "https://companiesonthego.uk/overpaid-tax-refunds-how-to-claim-back-on-pensions-or-benefits-in-2026/" "Mozilla/5.0 (Linux; Android 7.0;) AppleWebKit/537.36 (KHTML, like Gecko) Mobile Safari/537.36 (compatible; PetalBot;+https://webmaster.petalsearch.com/site/petalbot)"
172.187.168.139 - - [23/Feb/2026:19:43:27 +0000] "POST /wp-cron.php?doing_wp_cron=1771875807.5416340827941894531250 HTTP/1.1" 200 31 "-" "WordPress/6.7.1; https://companiesonthego.uk"
159.148.62.218 - - [23/Feb/2026:19:43:28 +0000] "GET / HTTP/1.1" 200 30791 "-" "Mozilla/5.0 (Macintosh; Intel Mac OS X 10_15_7) AppleWebKit/537.36 (KHTML, like Gecko) Chrome/139.0.0.0 Safari/537.36"
159.148.62.218 - - [23/Feb/2026:19:43:28 +0000] "GET /wp-content/plugins/apper-core/assets/css/simple-line-icons.min.css?ver=6.7.1 HTTP/1.1" 200 10892 "https://companiesonthego.uk/" "Mozilla/5.0 (Macintosh; Intel Mac OS X 10_15_7) AppleWebKit/537.36 (KHTML, like Gecko) Chrome/139.0.0.0 Safari/537.36"
159.148.62.218 - - [23/Feb/2026:19:43:28 +0000] "GET /wp-content/themes/apper/assets/css/preloader.css?ver=2.0.15 HTTP/1.1" 200 4057 "https://companiesonthego.uk/" "Mozilla/5.0 (Macintosh; Intel Mac OS X 10_15_7) AppleWebKit/537.36 (KHTML, like Gecko) Chrome/139.0.0.0 Safari/537.36"
159.148.62.218 - - [23/Feb/2026:19:43:28 +0000] "GET /wp-content/plugins/apper-core/assets/vendors/fontawesome5/css/fontawesome.min.css?ver=5.x.x HTTP/1.1" 200 58935 "https://companiesonthego.uk/" "Mozilla/5.0 (Macintosh; Intel Mac OS X 10_15_7) AppleWebKit/537.36 (KHTML, like Gecko) Chrome/139.0.0.0 Safari/537.36"
159.148.62.218 - - [23/Feb/2026:19:43:28 +0000] "GET /wp-content/plugins/apper-core/includes/framework/redux-core/assets/css/extendify-utilities.css?ver=4.4.15.1 HTTP/1.1" 200 53435 "https://companiesonthego.uk/" "Mozilla/5.0 (Macintosh; Intel Mac OS X 10_15_7) AppleWebKit/537.36 (KHTML, like Gecko) Chrome/139.0.0.0 Safari/537.36"
159.148.62.218 - - [23/Feb/2026:19:43:28 +0000] "GET /wp-content/themes/apper/assets/css/third/font-awesome.min.css?ver=4.7.0 HTTP/1.1" 200 31089 "https://companiesonthego.uk/" "Mozilla/5.0 (Macintosh; Intel Mac OS X 10_15_7) AppleWebKit/537.36 (KHTML, like Gecko) Chrome/139.0.0.0 Safari/537.36"
159.148.62.218 - - [23/Feb/2026:19:43:28 +0000] "GET /wp-content/plugins/contact-form-7/includes/css/styles.css?ver=6.0.6 HTTP/1.1" 200 2894 "https://companiesonthego.uk/" "Mozilla/5.0 (Macintosh; Intel Mac OS X 10_15_7) AppleWebKit/537.36 (KHTML, like Gecko) Chrome/139.0.0.0 Safari/537.36"
159.148.62.218 - - [23/Feb/2026:19:43:28 +0000] "GET /wp-content/plugins/apper-core/assets/css/acmtheme-styles.css?ver=2.0.15 HTTP/1.1" 200 68656 "https://companiesonthego.uk/" "Mozilla/5.0 (Macintosh; Intel Mac OS X 10_15_7) AppleWebKit/537.36 (KHTML, like Gecko) Chrome/139.0.0.0 Safari/537.36"
159.148.62.218 - - [23/Feb/2026:19:43:28 +0000] "GET /wp-content/plugins/apper-core/assets/css/owl.carousel.min.css?ver=2.0.15 HTTP/1.1" 200 3351 "https://companiesonthego.uk/" "Mozilla/5.0 (Macintosh; Intel Mac OS X 10_15_7) AppleWebKit/537.36 (KHTML, like Gecko) Chrome/139.0.0.0 Safari/537.36"
159.148.62.218 - - [23/Feb/2026:19:43:28 +0000] "GET /wp-content/themes/apper/assets/css/third/magnific-popup.min.css?ver=1.0.0 HTTP/1.1" 200 5213 "https://companiesonthego.uk/" "Mozilla/5.0 (Macintosh; Intel Mac OS X 10_15_7) AppleWebKit/537.36 (KHTML, like Gecko) Chrome/139.0.0.0 Safari/537.36"
159.148.62.218 - - [23/Feb/2026:19:43:28 +0000] "GET /wp-content/themes/apper/assets/css/third/simple-line-icons.min.css?ver=2.4.0 HTTP/1.1" 200 10909 "https://companiesonthego.uk/" "Mozilla/5.0 (Macintosh; Intel Mac OS X 10_15_7) AppleWebKit/537.36 (KHTML, like Gecko) Chrome/139.0.0.0 Safari/537.36"
159.148.62.218 - - [23/Feb/2026:19:43:28 +0000] "GET /wp-content/plugins/elementor/assets/lib/animations/styles/fadeInRight.min.css?ver=3.32.5 HTTP/1.1" 200 139 "https://companiesonthego.uk/" "Mozilla/5.0 (Macintosh; Intel Mac OS X 10_15_7) AppleWebKit/537.36 (KHTML, like Gecko) Chrome/139.0.0.0 Safari/537.36"
159.148.62.218 - - [23/Feb/2026:19:43:28 +0000] "GET /wp-content/themes/apper/assets/css/third/jquery.mmenu.all.min.css?ver=6.7.1 HTTP/1.1" 200 29643 "https://companiesonthego.uk/" "Mozilla/5.0 (Macintosh; Intel Mac OS X 10_15_7) AppleWebKit/537.36 (KHTML, like Gecko) Chrome/139.0.0.0 Safari/537.36"
159.148.62.218 - - [23/Feb/2026:19:43:28 +0000] "GET /wp-content/plugins/elementor/assets/lib/eicons/css/elementor-icons.min.css?ver=5.44.0 HTTP/1.1" 200 21256 "https://companiesonthego.uk/" "Mozilla/5.0 (Macintosh; Intel Mac OS X 10_15_7) AppleWebKit/537.36 (KHTML, like Gecko) Chrome/139.0.0.0 Safari/537.36"
159.148.62.218 - - [23/Feb/2026:19:43:28 +0000] "GET /wp-content/plugins/elementor/assets/css/widget-heading.min.css?ver=3.32.5 HTTP/1.1" 200 600 "https://companiesonthego.uk/" "Mozilla/5.0 (Macintosh; Intel Mac OS X 10_15_7) AppleWebKit/537.36 (KHTML, like Gecko) Chrome/139.0.0.0 Safari/537.36"
159.148.62.218 - - [23/Feb/2026:19:43:28 +0000] "GET /wp-content/plugins/elementor/assets/lib/animations/styles/fadeInLeft.min.css?ver=3.32.5 HTTP/1.1" 200 137 "https://companiesonthego.uk/" "Mozilla/5.0 (Macintosh; Intel Mac OS X 10_15_7) AppleWebKit/537.36 (KHTML, like Gecko) Chrome/139.0.0.0 Safari/537.36"
159.148.62.218 - - [23/Feb/2026:19:43:28 +0000] "GET /wp-content/plugins/elementor/assets/css/widget-image.min.css?ver=3.32.5 HTTP/1.1" 200 254 "https://companiesonthego.uk/" "Mozilla/5.0 (Macintosh; Intel Mac OS X 10_15_7) AppleWebKit/537.36 (KHTML, like Gecko) Chrome/139.0.0.0 Safari/537.36"
159.148.62.218 - - [23/Feb/2026:19:43:28 +0000] "GET /wp-content/plugins/elementor/assets/lib/font-awesome/css/regular.min.css?ver=5.15.3 HTTP/1.1" 200 677 "https://companiesonthego.uk/" "Mozilla/5.0 (Macintosh; Intel Mac OS X 10_15_7) AppleWebKit/537.36 (KHTML, like Gecko) Chrome/139.0.0.0 Safari/537.36"
159.148.62.218 - - [23/Feb/2026:19:43:28 +0000] "GET /wp-content/plugins/elementor/assets/lib/animations/styles/fadeInUp.min.css?ver=3.32.5 HTTP/1.1" 200 130 "https://companiesonthego.uk/" "Mozilla/5.0 (Macintosh; Intel Mac OS X 10_15_7) AppleWebKit/537.36 (KHTML, like Gecko) Chrome/139.0.0.0 Safari/537.36"
159.148.62.218 - - [23/Feb/2026:19:43:28 +0000] "GET /wp-content/plugins/elementor/assets/css/widget-icon-list.min.css?ver=3.32.5 HTTP/1.1" 304 0 "https://companiesonthego.uk/" "Mozilla/5.0 (Macintosh; Intel Mac OS X 10_15_7) AppleWebKit/537.36 (KHTML, like Gecko) Chrome/139.0.0.0 Safari/537.36"
159.148.62.218 - - [23/Feb/2026:19:43:28 +0000] "GET /wp-includes/js/jquery/jquery-migrate.min.js?ver=3.4.1 HTTP/1.1" 200 13577 "https://companiesonthego.uk/" "Mozilla/5.0 (Macintosh; Intel Mac OS X 10_15_7) AppleWebKit/537.36 (KHTML, like Gecko) Chrome/139.0.0.0 Safari/537.36"
159.148.62.218 - - [23/Feb/2026:19:43:28 +0000] "GET /wp-content/plugins/elementor/assets/css/frontend.min.css?ver=3.32.5 HTTP/1.1" 200 53614 "https://companiesonthego.uk/" "Mozilla/5.0 (Macintosh; Intel Mac OS X 10_15_7) AppleWebKit/537.36 (KHTML, like Gecko) Chrome/139.0.0.0 Safari/537.36"
159.148.62.218 - - [23/Feb/2026:19:43:28 +0000] "GET /wp-content/plugins/elementor/assets/lib/font-awesome/css/fontawesome.min.css?ver=5.15.3 HTTP/1.1" 200 58071 "https://companiesonthego.uk/" "Mozilla/5.0 (Macintosh; Intel Mac OS X 10_15_7) AppleWebKit/537.36 (KHTML, like Gecko) Chrome/139.0.0.0 Safari/537.36"
159.148.62.218 - - [23/Feb/2026:19:43:28 +0000] "GET /wp-content/plugins/elementor/assets/lib/font-awesome/css/solid.min.css?ver=5.15.3 HTTP/1.1" 200 669 "https://companiesonthego.uk/" "Mozilla/5.0 (Macintosh; Intel Mac OS X 10_15_7) AppleWebKit/537.36 (KHTML, like Gecko) Chrome/139.0.0.0 Safari/537.36"
159.148.62.218 - - [23/Feb/2026:19:43:28 +0000] "GET /wp-includes/js/jquery/jquery.min.js?ver=3.7.1 HTTP/1.1" 200 87553 "https://companiesonthego.uk/" "Mozilla/5.0 (Macintosh; Intel Mac OS X 10_15_7) AppleWebKit/537.36 (KHTML, like Gecko) Chrome/139.0.0.0 Safari/537.36"
159.148.62.218 - - [23/Feb/2026:19:43:28 +0000] "GET /wp-content/uploads/2025/07/Splash_Screen_new.png HTTP/1.1" 200 30887 "https://companiesonthego.uk/" "Mozilla/5.0 (Macintosh; Intel Mac OS X 10_15_7) AppleWebKit/537.36 (KHTML, like Gecko) Chrome/139.0.0.0 Safari/537.36"
159.148.62.218 - - [23/Feb/2026:19:43:28 +0000] "GET /wp-content/themes/apper/assets/css/style.css?ver=2.0.15 HTTP/1.1" 200 197154 "https://companiesonthego.uk/" "Mozilla/5.0 (Macintosh; Intel Mac OS X 10_15_7) AppleWebKit/537.36 (KHTML, like Gecko) Chrome/139.0.0.0 Safari/537.36"
159.148.62.218 - - [23/Feb/2026:19:43:29 +0000] "GET /wp-content/uploads/2025/11/CompainesandGo2.png HTTP/1.1" 200 1033199 "https://companiesonthego.uk/" "Mozilla/5.0 (Macintosh; Intel Mac OS X 10_15_7) AppleWebKit/537.36 (KHTML, like Gecko) Chrome/139.0.0.0 Safari/537.36"
159.148.62.218 - - [23/Feb/2026:19:43:29 +0000] "GET /wp-content/plugins/apper-core/assets/images/mobile-frame.svg HTTP/1.1" 200 1663 "https://companiesonthego.uk/" "Mozilla/5.0 (Macintosh; Intel Mac OS X 10_15_7) AppleWebKit/537.36 (KHTML, like Gecko) Chrome/139.0.0.0 Safari/537.36"
159.148.62.218 - - [23/Feb/2026:19:43:29 +0000] "GET /wp-content/uploads/2025/02/app-store.svg HTTP/1.1" 200 7804 "https://companiesonthego.uk/" "Mozilla/5.0 (Macintosh; Intel Mac OS X 10_15_7) AppleWebKit/537.36 (KHTML, like Gecko) Chrome/139.0.0.0 Safari/537.36"
