66.249.92.1 - - [23/Feb/2026:14:56:33 +0000] "GET /wp-content/plugins/apper-core/assets/css/owl.carousel.min.css?ver=2.0.15 HTTP/1.1" 304 0 "https://companiesonthego.uk/privacy-policy/" "PlayStore-Google"
66.249.92.193 - - [23/Feb/2026:14:56:33 +0000] "GET /wp-content/themes/apper/assets/css/third/magnific-popup.min.css?ver=1.0.0 HTTP/1.1" 304 0 "https://companiesonthego.uk/privacy-policy/" "PlayStore-Google"
66.249.92.193 - - [23/Feb/2026:14:56:33 +0000] "GET /wp-includes/js/jquery/jquery.min.js?ver=3.7.1 HTTP/1.1" 304 0 "https://companiesonthego.uk/privacy-policy/" "PlayStore-Google"
66.249.92.128 - - [23/Feb/2026:14:56:34 +0000] "GET /wp-content/plugins/elementor/assets/lib/eicons/css/elementor-icons.min.css?ver=5.44.0 HTTP/1.1" 304 0 "https://companiesonthego.uk/privacy-policy/" "PlayStore-Google"
66.249.92.41 - - [23/Feb/2026:14:56:34 +0000] "GET /wp-content/themes/apper/assets/css/preloader.css?ver=2.0.15 HTTP/1.1" 304 0 "https://companiesonthego.uk/privacy-policy/" "PlayStore-Google"
66.249.92.129 - - [23/Feb/2026:14:56:34 +0000] "GET /wp-content/uploads/elementor/google-fonts/css/roboto.css?ver=1746523947 HTTP/1.1" 404 17481 "https://companiesonthego.uk/privacy-policy/" "PlayStore-Google"
66.249.92.2 - - [23/Feb/2026:14:56:34 +0000] "GET /wp-includes/js/jquery/jquery-migrate.min.js?ver=3.4.1 HTTP/1.1" 304 0 "https://companiesonthego.uk/privacy-policy/" "PlayStore-Google"
66.249.92.1 - - [23/Feb/2026:14:56:35 +0000] "GET /wp-content/uploads/elementor/google-fonts/css/robotoslab.css?ver=1746523952 HTTP/1.1" 404 17481 "https://companiesonthego.uk/privacy-policy/" "PlayStore-Google"
66.249.92.193 - - [23/Feb/2026:14:56:35 +0000] "GET /wp-content/plugins/contact-form-7/includes/css/styles.css?ver=6.0.6 HTTP/1.1" 304 0 "https://companiesonthego.uk/privacy-policy/" "PlayStore-Google"
66.249.92.129 - - [23/Feb/2026:14:56:35 +0000] "GET /wp-content/themes/apper/assets/css/third/font-awesome.min.css?ver=4.7.0 HTTP/1.1" 304 0 "https://companiesonthego.uk/privacy-policy/" "PlayStore-Google"
66.249.92.2 - - [23/Feb/2026:14:56:35 +0000] "GET /wp-content/plugins/elementor/assets/css/frontend.min.css?ver=3.32.5 HTTP/1.1" 304 0 "https://companiesonthego.uk/privacy-policy/" "PlayStore-Google"
66.249.92.165 - - [23/Feb/2026:14:56:35 +0000] "GET /wp-content/plugins/apper-core/assets/css/simple-line-icons.min.css?ver=6.7.1 HTTP/1.1" 200 10892 "https://companiesonthego.uk/privacy-policy/" "PlayStore-Google"
66.249.92.165 - - [23/Feb/2026:14:56:36 +0000] "GET /wp-content/plugins/apper-core/includes/framework/redux-core/assets/css/extendify-utilities.css?ver=4.4.15.1 HTTP/1.1" 304 0 "https://companiesonthego.uk/privacy-policy/" "PlayStore-Google"
66.249.92.41 - - [23/Feb/2026:14:56:36 +0000] "GET /wp-content/themes/apper/assets/css/style.css?ver=2.0.15 HTTP/1.1" 304 0 "https://companiesonthego.uk/privacy-policy/" "PlayStore-Google"
66.249.92.165 - - [23/Feb/2026:14:56:36 +0000] "GET /wp-content/themes/apper/assets/css/third/jquery.mmenu.all.min.css?ver=6.7.1 HTTP/1.1" 304 0 "https://companiesonthego.uk/privacy-policy/" "PlayStore-Google"
66.249.92.1 - - [23/Feb/2026:14:56:36 +0000] "GET /wp-content/plugins/apper-core/assets/css/acmtheme-styles.css?ver=2.0.15 HTTP/1.1" 304 0 "https://companiesonthego.uk/privacy-policy/" "PlayStore-Google"
66.249.92.42 - - [23/Feb/2026:14:56:37 +0000] "GET /wp-content/themes/apper/assets/css/third/simple-line-icons.min.css?ver=2.4.0 HTTP/1.1" 304 0 "https://companiesonthego.uk/privacy-policy/" "PlayStore-Google"
66.249.92.193 - - [23/Feb/2026:14:56:37 +0000] "GET /wp-content/plugins/apper-core/assets/js/frontend.js?ver=2.0.15 HTTP/1.1" 304 0 "https://companiesonthego.uk/privacy-policy/" "PlayStore-Google"
66.249.92.1 - - [23/Feb/2026:14:56:37 +0000] "GET /wp-content/plugins/apper-core/assets/js/acm-scripts.js?ver=6.7.1 HTTP/1.1" 304 0 "https://companiesonthego.uk/privacy-policy/" "PlayStore-Google"
66.249.92.193 - - [23/Feb/2026:14:56:38 +0000] "GET /wp-content/plugins/google-site-kit/dist/assets/js/googlesitekit-events-provider-wpforms-ed443a3a3d45126a22ce.js HTTP/1.1" 304 0 "https://companiesonthego.uk/privacy-policy/" "PlayStore-Google"
66.249.92.41 - - [23/Feb/2026:14:56:38 +0000] "GET /wp-includes/js/dist/hooks.min.js?ver=4d63a3d491d11ffd8ac6 HTTP/1.1" 304 0 "https://companiesonthego.uk/privacy-policy/" "PlayStore-Google"
66.249.92.1 - - [23/Feb/2026:14:56:39 +0000] "GET /wp-content/plugins/contact-form-7/includes/js/index.js?ver=6.0.6 HTTP/1.1" 304 0 "https://companiesonthego.uk/privacy-policy/" "PlayStore-Google"
66.249.92.41 - - [23/Feb/2026:14:56:39 +0000] "GET /wp-includes/js/dist/i18n.min.js?ver=5e580eb46a90c2b997e6 HTTP/1.1" 304 0 "https://companiesonthego.uk/privacy-policy/" "PlayStore-Google"
66.249.92.1 - - [23/Feb/2026:14:56:39 +0000] "GET /wp-content/themes/apper/assets/js/quick.js?ver=2.0.15 HTTP/1.1" 304 0 "https://companiesonthego.uk/privacy-policy/" "PlayStore-Google"
66.249.92.193 - - [23/Feb/2026:14:56:39 +0000] "GET /wp-content/themes/apper/assets/js/third/magnific-popup.min.js?ver=2.0.15 HTTP/1.1" 304 0 "https://companiesonthego.uk/privacy-policy/" "PlayStore-Google"
66.249.92.1 - - [23/Feb/2026:14:56:39 +0000] "GET /wp-content/plugins/elementor/assets/js/frontend-modules.min.js?ver=3.32.5 HTTP/1.1" 304 0 "https://companiesonthego.uk/privacy-policy/" "PlayStore-Google"
66.249.92.165 - - [23/Feb/2026:14:56:40 +0000] "GET /wp-content/plugins/google-site-kit/dist/assets/js/googlesitekit-events-provider-contact-form-7-40476021fb6e59177033.js HTTP/1.1" 304 0 "https://companiesonthego.uk/privacy-policy/" "PlayStore-Google"
66.249.92.193 - - [23/Feb/2026:14:56:40 +0000] "GET /wp-content/plugins/elementor/assets/js/frontend.min.js?ver=3.32.5 HTTP/1.1" 304 0 "https://companiesonthego.uk/privacy-policy/" "PlayStore-Google"
66.249.92.128 - - [23/Feb/2026:14:56:40 +0000] "GET /wp-content/uploads/2025/02/logo.svg HTTP/1.1" 304 0 "https://companiesonthego.uk/privacy-policy/" "PlayStore-Google"
66.249.92.1 - - [23/Feb/2026:14:56:40 +0000] "GET /wp-content/themes/apper/assets/js/third/lightbox.min.js?ver=2.0.15 HTTP/1.1" 304 0 "https://companiesonthego.uk/privacy-policy/" "PlayStore-Google"
66.249.92.193 - - [23/Feb/2026:14:56:40 +0000] "GET /wp-content/plugins/elementor/assets/js/webpack.runtime.min.js?ver=3.32.5 HTTP/1.1" 304 0 "https://companiesonthego.uk/privacy-policy/" "PlayStore-Google"
66.249.92.41 - - [23/Feb/2026:14:56:41 +0000] "GET /wp-includes/js/imagesloaded.min.js?ver=5.0.0 HTTP/1.1" 304 0 "https://companiesonthego.uk/privacy-policy/" "PlayStore-Google"
66.249.92.193 - - [23/Feb/2026:14:56:41 +0000] "GET /wp-includes/js/jquery/ui/core.min.js?ver=1.13.3 HTTP/1.1" 304 0 "https://companiesonthego.uk/privacy-policy/" "PlayStore-Google"
66.249.92.165 - - [23/Feb/2026:14:56:41 +0000] "GET /wp-content/themes/apper/assets/fonts/simple-line-icons/Simple-Line-Icons.woff2?v=2.4.0 HTTP/1.1" 304 0 "https://companiesonthego.uk/wp-content/themes/apper/assets/css/third/simple-line-icons.min.css?ver=2.4.0" "PlayStore-Google"
66.249.92.1 - - [23/Feb/2026:14:56:45 +0000] "GET /wp-content/plugins/elementor/assets/js/section-frontend-handlers.d85ab872da118940910d.bundle.min.js HTTP/1.1" 304 0 "https://companiesonthego.uk/privacy-policy/" "PlayStore-Google"
66.249.92.1 - - [23/Feb/2026:14:56:45 +0000] "GET /wp-content/plugins/elementor/assets/js/shared-frontend-handlers.4c8abccc3e268b0767b2.bundle.min.js HTTP/1.1" 304 0 "https://companiesonthego.uk/privacy-policy/" "PlayStore-Google"
66.249.92.1 - - [23/Feb/2026:14:56:46 +0000] "GET /wp-content/plugins/elementor/assets/js/text-editor.abc8f59c62f2820dc25a.bundle.min.js HTTP/1.1" 304 0 "https://companiesonthego.uk/privacy-policy/" "PlayStore-Google"
172.187.168.139 - - [23/Feb/2026:14:57:15 +0000] "POST /wp-cron.php?doing_wp_cron=1771858635.2866339683532714843750 HTTP/1.1" 200 31 "-" "WordPress/6.7.1; https://companiesonthego.uk"
2a03:2880:f800:32:: - - [23/Feb/2026:14:57:15 +0000] "GET /wp-json/wp/v2/posts/4048 HTTP/1.1" 200 21684 "-" "meta-externalagent/1.1 (+https://developers.facebook.com/docs/sharing/webmasters/crawler)"
20.169.78.136 - - [23/Feb/2026:14:57:39 +0000] "GET /corporation-tax-rates-2026-uk-new-changes-and-how-to-calculate-your-liability/ HTTP/1.1" 200 26329 "-" "Mozilla/5.0 AppleWebKit/537.36 (KHTML, like Gecko); compatible; ChatGPT-User/1.0; +https://openai.com/bot"
172.187.168.139 - - [23/Feb/2026:15:02:52 +0000] "POST /wp-cron.php?doing_wp_cron=1771858971.8027720451354980468750 HTTP/1.1" 200 31 "-" "WordPress/6.7.1; https://companiesonthego.uk"
114.119.128.132 - - [23/Feb/2026:15:02:52 +0000] "GET /author/admin/page/8/ HTTP/1.1" 200 22224 "https://companiesonthego.uk/author/admin/page/4/" "Mozilla/5.0 (Linux; Android 7.0;) AppleWebKit/537.36 (KHTML, like Gecko) Mobile Safari/537.36 (compatible; PetalBot;+https://webmaster.petalsearch.com/site/petalbot)"
172.187.168.139 - - [23/Feb/2026:15:15:33 +0000] "POST /wp-cron.php?doing_wp_cron=1771859733.8915851116180419921875 HTTP/1.1" 200 31 "-" "WordPress/6.7.1; https://companiesonthego.uk"
2a03:2880:f800:1a:: - - [23/Feb/2026:15:15:34 +0000] "GET /companies-house-filing-deadlines-2026-essential-calendar-for-accountants-and-directors/ HTTP/1.1" 200 26700 "-" "meta-externalagent/1.1 (+https://developers.facebook.com/docs/sharing/webmasters/crawler)"
172.187.168.139 - - [23/Feb/2026:15:19:36 +0000] "POST /wp-cron.php?doing_wp_cron=1771859976.0643329620361328125000 HTTP/1.1" 200 31 "-" "WordPress/6.7.1; https://companiesonthego.uk"
20.169.73.41 - - [23/Feb/2026:15:19:36 +0000] "GET /how-to-change-your-accounting-reference-date-ard-to-extend-filing-deadlines-2026/ HTTP/1.1" 200 25990 "-" "Mozilla/5.0 AppleWebKit/537.36 (KHTML, like Gecko); compatible; ChatGPT-User/1.0; +https://openai.com/bot"
172.187.168.139 - - [23/Feb/2026:15:21:05 +0000] "POST /wp-cron.php?doing_wp_cron=1771860065.1946609020233154296875 HTTP/1.1" 200 31 "-" "WordPress/6.7.1; https://companiesonthego.uk"
20.169.73.36 - - [23/Feb/2026:15:21:05 +0000] "GET / HTTP/1.1" 200 30791 "-" "Mozilla/5.0 AppleWebKit/537.36 (KHTML, like Gecko); compatible; ChatGPT-User/1.0; +https://openai.com/bot"
172.187.168.139 - - [23/Feb/2026:15:21:31 +0000] "POST /wp-cron.php?doing_wp_cron=1771860091.1241779327392578125000 HTTP/1.1" 200 31 "-" "WordPress/6.7.1; https://companiesonthego.uk"
66.249.66.195 - - [23/Feb/2026:15:21:31 +0000] "GET / HTTP/1.1" 200 30791 "-" "Mozilla/5.0 (compatible; Googlebot/2.1; +http://www.google.com/bot.html)"
172.187.168.139 - - [23/Feb/2026:15:22:42 +0000] "POST /wp-cron.php?doing_wp_cron=1771860162.6594560146331787109375 HTTP/1.1" 200 31 "-" "WordPress/6.7.1; https://companiesonthego.uk"
2a03:2880:f800:12:: - - [23/Feb/2026:15:22:42 +0000] "GET /mandatory-director-id-verification-companies-house-november-2026-deadline-guide-and-alert-tools/ HTTP/1.1" 200 27763 "-" "meta-externalagent/1.1 (+https://developers.facebook.com/docs/sharing/webmasters/crawler)"
172.187.168.139 - - [23/Feb/2026:15:25:14 +0000] "POST /wp-cron.php?doing_wp_cron=1771860314.3891570568084716796875 HTTP/1.1" 200 31 "-" "WordPress/6.7.1; https://companiesonthego.uk"
2a03:2880:f800:39:: - - [23/Feb/2026:15:25:14 +0000] "GET /companies-house-confirmation-statement-2026-complete-guide-deadline-tracker/ HTTP/1.1" 200 26177 "-" "meta-externalagent/1.1 (+https://developers.facebook.com/docs/sharing/webmasters/crawler)"
20.215.220.122 - - [23/Feb/2026:15:25:27 +0000] "GET /favorites-priority-lists-organise-50-shelton-street-clients-in-one-tap-for-accountants/ HTTP/1.1" 200 25917 "-" "Mozilla/5.0 AppleWebKit/537.36 (KHTML, like Gecko); compatible; ChatGPT-User/1.0; +https://openai.com/bot"
172.187.168.139 - - [23/Feb/2026:15:26:20 +0000] "POST /wp-cron.php?doing_wp_cron=1771860380.0211350917816162109375 HTTP/1.1" 200 31 "-" "WordPress/6.7.1; https://companiesonthego.uk"
2a03:2880:22ff:3:: - - [23/Feb/2026:15:26:20 +0000] "GET /how-to-close-a-limited-company-uk-2026-process-costs-and-compliance-tips/ HTTP/1.1" 200 26486 "-" "meta-externalagent/1.1 (+https://developers.facebook.com/docs/sharing/webmasters/crawler)"
178.128.229.129 - - [23/Feb/2026:15:26:44 +0000] "GET / HTTP/1.1" 200 30791 "-" "Mozilla/5.0 (X11; Linux x86_64) AppleWebKit/537.36 (KHTML, like Gecko) Chrome/142.0.0.0 Safari/537.36"
178.128.229.129 - - [23/Feb/2026:15:26:45 +0000] "GET /wp-content/uploads/2025/02/favicon.png HTTP/1.1" 200 16057 "https://companiesonthego.uk/" "Mozilla/5.0 (X11; Linux x86_64) AppleWebKit/537.36 (KHTML, like Gecko) Chrome/142.0.0.0 Safari/537.36"
172.187.168.139 - - [23/Feb/2026:15:29:17 +0000] "POST /wp-cron.php?doing_wp_cron=1771860557.5174570083618164062500 HTTP/1.1" 200 31 "-" "WordPress/6.7.1; https://companiesonthego.uk"
114.119.128.132 - - [23/Feb/2026:15:29:17 +0000] "GET /mtd-vat-rules-2026-what-accountants-need-to-know-for-small-business-clients/ HTTP/1.1" 200 26461 "https://companiesonthego.uk/author/admin/page/4/" "Mozilla/5.0 (Linux; Android 7.0;) AppleWebKit/537.36 (KHTML, like Gecko) Mobile Safari/537.36 (compatible; PetalBot;+https://webmaster.petalsearch.com/site/petalbot)"
20.215.220.124 - - [23/Feb/2026:15:29:30 +0000] "GET /how-to-change-your-accounting-reference-date-ard-to-extend-filing-deadlines-2026/ HTTP/1.1" 200 25972 "-" "Mozilla/5.0 AppleWebKit/537.36 (KHTML, like Gecko); compatible; ChatGPT-User/1.0; +https://openai.com/bot"
240e:974:e200:1440:59:: - - [23/Feb/2026:15:29:56 +0000] "GET /companies-house-filing-deadlines-2026-essential-calendar-for-accountants-and-directors/ HTTP/1.1" 200 26677 "-" "Mozilla/5.0 (Windows NT 10.0; Win64; x64) AppleWebKit/537.36 (KHTML, like Gecko) Chrome/139.0.0.0 Safari/537.36"
240e:974:e200:1440:59:: - - [23/Feb/2026:15:29:58 +0000] "GET /wp-content/plugins/apper-core/assets/css/owl.carousel.min.css?ver=2.0.15 HTTP/1.1" 200 3351 "https://companiesonthego.uk/companies-house-filing-deadlines-2026-essential-calendar-for-accountants-and-directors/" "Mozilla/5.0 (Windows NT 10.0; Win64; x64) AppleWebKit/537.36 (KHTML, like Gecko) Chrome/139.0.0.0 Safari/537.36"
240e:974:e200:1440:59:: - - [23/Feb/2026:15:29:58 +0000] "GET /wp-content/plugins/apper-core/assets/css/acmtheme-styles.css?ver=2.0.15 HTTP/1.1" 200 68656 "https://companiesonthego.uk/companies-house-filing-deadlines-2026-essential-calendar-for-accountants-and-directors/" "Mozilla/5.0 (Windows NT 10.0; Win64; x64) AppleWebKit/537.36 (KHTML, like Gecko) Chrome/139.0.0.0 Safari/537.36"
240e:974:e200:1440:59:: - - [23/Feb/2026:15:29:58 +0000] "GET /wp-content/themes/apper/assets/css/third/simple-line-icons.min.css?ver=2.4.0 HTTP/1.1" 200 10909 "https://companiesonthego.uk/companies-house-filing-deadlines-2026-essential-calendar-for-accountants-and-directors/" "Mozilla/5.0 (Windows NT 10.0; Win64; x64) AppleWebKit/537.36 (KHTML, like Gecko) Chrome/139.0.0.0 Safari/537.36"
240e:974:e200:1440:59:: - - [23/Feb/2026:15:29:58 +0000] "GET /wp-content/themes/apper/assets/css/third/font-awesome.min.css?ver=4.7.0 HTTP/1.1" 200 31089 "https://companiesonthego.uk/companies-house-filing-deadlines-2026-essential-calendar-for-accountants-and-directors/" "Mozilla/5.0 (Windows NT 10.0; Win64; x64) AppleWebKit/537.36 (KHTML, like Gecko) Chrome/139.0.0.0 Safari/537.36"
240e:974:e200:1440:59:: - - [23/Feb/2026:15:29:58 +0000] "GET /wp-content/themes/apper/assets/css/third/magnific-popup.min.css?ver=1.0.0 HTTP/1.1" 200 5213 "https://companiesonthego.uk/companies-house-filing-deadlines-2026-essential-calendar-for-accountants-and-directors/" "Mozilla/5.0 (Windows NT 10.0; Win64; x64) AppleWebKit/537.36 (KHTML, like Gecko) Chrome/139.0.0.0 Safari/537.36"
240e:974:e200:1440:59:: - - [23/Feb/2026:15:29:58 +0000] "GET /wp-content/plugins/contact-form-7/includes/css/styles.css?ver=6.0.6 HTTP/1.1" 200 2894 "https://companiesonthego.uk/companies-house-filing-deadlines-2026-essential-calendar-for-accountants-and-directors/" "Mozilla/5.0 (Windows NT 10.0; Win64; x64) AppleWebKit/537.36 (KHTML, like Gecko) Chrome/139.0.0.0 Safari/537.36"
240e:974:e200:1440:59:: - - [23/Feb/2026:15:29:58 +0000] "GET /wp-content/themes/apper/assets/css/third/jquery.mmenu.all.min.css?ver=6.7.1 HTTP/1.1" 200 29643 "https://companiesonthego.uk/companies-house-filing-deadlines-2026-essential-calendar-for-accountants-and-directors/" "Mozilla/5.0 (Windows NT 10.0; Win64; x64) AppleWebKit/537.36 (KHTML, like Gecko) Chrome/139.0.0.0 Safari/537.36"
240e:974:e200:1440:59:: - - [23/Feb/2026:15:29:58 +0000] "GET /wp-content/plugins/apper-core/includes/framework/redux-core/assets/css/extendify-utilities.css?ver=4.4.15.1 HTTP/1.1" 200 53435 "https://companiesonthego.uk/companies-house-filing-deadlines-2026-essential-calendar-for-accountants-and-directors/" "Mozilla/5.0 (Windows NT 10.0; Win64; x64) AppleWebKit/537.36 (KHTML, like Gecko) Chrome/139.0.0.0 Safari/537.36"
240e:974:e200:1440:59:: - - [23/Feb/2026:15:29:58 +0000] "GET /wp-content/themes/apper/assets/css/preloader.css?ver=2.0.15 HTTP/1.1" 200 4057 "https://companiesonthego.uk/companies-house-filing-deadlines-2026-essential-calendar-for-accountants-and-directors/" "Mozilla/5.0 (Windows NT 10.0; Win64; x64) AppleWebKit/537.36 (KHTML, like Gecko) Chrome/139.0.0.0 Safari/537.36"
240e:974:e200:1440:59:: - - [23/Feb/2026:15:29:58 +0000] "GET /wp-content/plugins/apper-core/assets/css/simple-line-icons.min.css?ver=6.7.1 HTTP/1.1" 200 10892 "https://companiesonthego.uk/companies-house-filing-deadlines-2026-essential-calendar-for-accountants-and-directors/" "Mozilla/5.0 (Windows NT 10.0; Win64; x64) AppleWebKit/537.36 (KHTML, like Gecko) Chrome/139.0.0.0 Safari/537.36"
240e:974:e200:1440:59:: - - [23/Feb/2026:15:29:58 +0000] "GET /wp-content/plugins/apper-core/assets/vendors/fontawesome5/css/fontawesome.min.css?ver=5.x.x HTTP/1.1" 200 58935 "https://companiesonthego.uk/companies-house-filing-deadlines-2026-essential-calendar-for-accountants-and-directors/" "Mozilla/5.0 (Windows NT 10.0; Win64; x64) AppleWebKit/537.36 (KHTML, like Gecko) Chrome/139.0.0.0 Safari/537.36"
240e:974:e200:1440:59:: - - [23/Feb/2026:15:29:58 +0000] "GET /wp-content/themes/apper/assets/css/style.css?ver=2.0.15 HTTP/1.1" 200 197154 "https://companiesonthego.uk/companies-house-filing-deadlines-2026-essential-calendar-for-accountants-and-directors/" "Mozilla/5.0 (Windows NT 10.0; Win64; x64) AppleWebKit/537.36 (KHTML, like Gecko) Chrome/139.0.0.0 Safari/537.36"
240e:974:e200:1440:59:: - - [23/Feb/2026:15:29:58 +0000] "GET /wp-includes/js/jquery/jquery.min.js?ver=3.7.1 HTTP/1.1" 304 0 "https://companiesonthego.uk/companies-house-filing-deadlines-2026-essential-calendar-for-accountants-and-directors/" "Mozilla/5.0 (Windows NT 10.0; Win64; x64) AppleWebKit/537.36 (KHTML, like Gecko) Chrome/139.0.0.0 Safari/537.36"
240e:974:e200:1440:59:: - - [23/Feb/2026:15:29:58 +0000] "GET /wp-includes/js/jquery/jquery-migrate.min.js?ver=3.4.1 HTTP/1.1" 304 0 "https://companiesonthego.uk/companies-house-filing-deadlines-2026-essential-calendar-for-accountants-and-directors/" "Mozilla/5.0 (Windows NT 10.0; Win64; x64) AppleWebKit/537.36 (KHTML, like Gecko) Chrome/139.0.0.0 Safari/537.36"
240e:974:e200:1440:59:: - - [23/Feb/2026:15:29:59 +0000] "GET /wp-content/plugins/apper-core/assets/js/frontend.js?ver=2.0.15 HTTP/1.1" 304 0 "https://companiesonthego.uk/companies-house-filing-deadlines-2026-essential-calendar-for-accountants-and-directors/" "Mozilla/5.0 (Windows NT 10.0; Win64; x64) AppleWebKit/537.36 (KHTML, like Gecko) Chrome/139.0.0.0 Safari/537.36"
240e:974:e200:1440:59:: - - [23/Feb/2026:15:29:59 +0000] "GET /wp-content/plugins/apper-core/assets/js/owl.carousel.min.js?ver=6.7.1 HTTP/1.1" 304 0 "https://companiesonthego.uk/companies-house-filing-deadlines-2026-essential-calendar-for-accountants-and-directors/" "Mozilla/5.0 (Windows NT 10.0; Win64; x64) AppleWebKit/537.36 (KHTML, like Gecko) Chrome/139.0.0.0 Safari/537.36"
240e:974:e200:1440:59:: - - [23/Feb/2026:15:29:59 +0000] "GET /wp-content/plugins/apper-core/assets/js/acm-scripts.js?ver=6.7.1 HTTP/1.1" 304 0 "https://companiesonthego.uk/companies-house-filing-deadlines-2026-essential-calendar-for-accountants-and-directors/" "Mozilla/5.0 (Windows NT 10.0; Win64; x64) AppleWebKit/537.36 (KHTML, like Gecko) Chrome/139.0.0.0 Safari/537.36"
240e:974:e200:1440:59:: - - [23/Feb/2026:15:30:00 +0000] "GET /wp-includes/js/dist/hooks.min.js?ver=4d63a3d491d11ffd8ac6 HTTP/1.1" 304 0 "https://companiesonthego.uk/companies-house-filing-deadlines-2026-essential-calendar-for-accountants-and-directors/" "Mozilla/5.0 (Windows NT 10.0; Win64; x64) AppleWebKit/537.36 (KHTML, like Gecko) Chrome/139.0.0.0 Safari/537.36"
240e:974:e200:1440:59:: - - [23/Feb/2026:15:30:00 +0000] "GET /wp-includes/js/dist/i18n.min.js?ver=5e580eb46a90c2b997e6 HTTP/1.1" 304 0 "https://companiesonthego.uk/companies-house-filing-deadlines-2026-essential-calendar-for-accountants-and-directors/" "Mozilla/5.0 (Windows NT 10.0; Win64; x64) AppleWebKit/537.36 (KHTML, like Gecko) Chrome/139.0.0.0 Safari/537.36"
240e:974:e200:1440:59:: - - [23/Feb/2026:15:30:01 +0000] "GET /wp-content/plugins/contact-form-7/includes/swv/js/index.js?ver=6.0.6 HTTP/1.1" 304 0 "https://companiesonthego.uk/companies-house-filing-deadlines-2026-essential-calendar-for-accountants-and-directors/" "Mozilla/5.0 (Windows NT 10.0; Win64; x64) AppleWebKit/537.36 (KHTML, like Gecko) Chrome/139.0.0.0 Safari/537.36"
240e:974:e200:1440:59:: - - [23/Feb/2026:15:30:01 +0000] "GET /wp-content/plugins/contact-form-7/includes/js/index.js?ver=6.0.6 HTTP/1.1" 304 0 "https://companiesonthego.uk/companies-house-filing-deadlines-2026-essential-calendar-for-accountants-and-directors/" "Mozilla/5.0 (Windows NT 10.0; Win64; x64) AppleWebKit/537.36 (KHTML, like Gecko) Chrome/139.0.0.0 Safari/537.36"
240e:974:e200:1440:59:: - - [23/Feb/2026:15:30:01 +0000] "GET /wp-includes/js/imagesloaded.min.js?ver=5.0.0 HTTP/1.1" 304 0 "https://companiesonthego.uk/companies-house-filing-deadlines-2026-essential-calendar-for-accountants-and-directors/" "Mozilla/5.0 (Windows NT 10.0; Win64; x64) AppleWebKit/537.36 (KHTML, like Gecko) Chrome/139.0.0.0 Safari/537.36"
240e:974:e200:1440:59:: - - [23/Feb/2026:15:30:01 +0000] "GET /wp-content/themes/apper/assets/js/third/jquery.mmenu.min.all.js?ver=6.7.1 HTTP/1.1" 304 0 "https://companiesonthego.uk/companies-house-filing-deadlines-2026-essential-calendar-for-accountants-and-directors/" "Mozilla/5.0 (Windows NT 10.0; Win64; x64) AppleWebKit/537.36 (KHTML, like Gecko) Chrome/139.0.0.0 Safari/537.36"
240e:974:e200:1440:59:: - - [23/Feb/2026:15:30:01 +0000] "GET /wp-includes/js/comment-reply.min.js?ver=6.7.1 HTTP/1.1" 200 3026 "https://companiesonthego.uk/companies-house-filing-deadlines-2026-essential-calendar-for-accountants-and-directors/" "Mozilla/5.0 (Windows NT 10.0; Win64; x64) AppleWebKit/537.36 (KHTML, like Gecko) Chrome/139.0.0.0 Safari/537.36"
240e:974:e200:1440:59:: - - [23/Feb/2026:15:30:01 +0000] "GET /wp-content/themes/apper/assets/js/quick.js?ver=2.0.15 HTTP/1.1" 304 0 "https://companiesonthego.uk/companies-house-filing-deadlines-2026-essential-calendar-for-accountants-and-directors/" "Mozilla/5.0 (Windows NT 10.0; Win64; x64) AppleWebKit/537.36 (KHTML, like Gecko) Chrome/139.0.0.0 Safari/537.36"
240e:974:e200:1440:59:: - - [23/Feb/2026:15:30:01 +0000] "GET /wp-content/themes/apper/assets/js/third/magnific-popup.min.js?ver=2.0.15 HTTP/1.1" 304 0 "https://companiesonthego.uk/companies-house-filing-deadlines-2026-essential-calendar-for-accountants-and-directors/" "Mozilla/5.0 (Windows NT 10.0; Win64; x64) AppleWebKit/537.36 (KHTML, like Gecko) Chrome/139.0.0.0 Safari/537.36"
240e:974:e200:1440:59:: - - [23/Feb/2026:15:30:01 +0000] "GET /wp-content/themes/apper/assets/js/third/lightbox.min.js?ver=2.0.15 HTTP/1.1" 304 0 "https://companiesonthego.uk/companies-house-filing-deadlines-2026-essential-calendar-for-accountants-and-directors/" "Mozilla/5.0 (Windows NT 10.0; Win64; x64) AppleWebKit/537.36 (KHTML, like Gecko) Chrome/139.0.0.0 Safari/537.36"
240e:974:e200:1440:59:: - - [23/Feb/2026:15:30:01 +0000] "GET /wp-content/themes/apper/assets/js/main.min.js?ver=2.0.15 HTTP/1.1" 304 0 "https://companiesonthego.uk/companies-house-filing-deadlines-2026-essential-calendar-for-accountants-and-directors/" "Mozilla/5.0 (Windows NT 10.0; Win64; x64) AppleWebKit/537.36 (KHTML, like Gecko) Chrome/139.0.0.0 Safari/537.36"
240e:974:e200:1440:59:: - - [23/Feb/2026:15:30:01 +0000] "GET /wp-content/plugins/google-site-kit/dist/assets/js/googlesitekit-events-provider-wpforms-ed443a3a3d45126a22ce.js HTTP/1.1" 304 0 "https://companiesonthego.uk/companies-house-filing-deadlines-2026-essential-calendar-for-accountants-and-directors/" "Mozilla/5.0 (Windows NT 10.0; Win64; x64) AppleWebKit/537.36 (KHTML, like Gecko) Chrome/139.0.0.0 Safari/537.36"
240e:974:e200:1440:59:: - - [23/Feb/2026:15:30:01 +0000] "GET /wp-content/plugins/google-site-kit/dist/assets/js/googlesitekit-events-provider-contact-form-7-40476021fb6e59177033.js HTTP/1.1" 200 5268 "https://companiesonthego.uk/companies-house-filing-deadlines-2026-essential-calendar-for-accountants-and-directors/" "Mozilla/5.0 (Windows NT 10.0; Win64; x64) AppleWebKit/537.36 (KHTML, like Gecko) Chrome/139.0.0.0 Safari/537.36"
240e:974:e200:1440:59:: - - [23/Feb/2026:15:30:01 +0000] "GET /wp-content/themes/apper/assets/fonts/simple-line-icons/Simple-Line-Icons.woff2?v=2.4.0 HTTP/1.1" 200 30064 "https://companiesonthego.uk/wp-content/themes/apper/assets/css/third/simple-line-icons.min.css?ver=2.4.0" "Mozilla/5.0 (Windows NT 10.0; Win64; x64) AppleWebKit/537.36 (KHTML, like Gecko) Chrome/139.0.0.0 Safari/537.36"
240e:974:e200:1440:59:: - - [23/Feb/2026:15:30:01 +0000] "GET /wp-content/themes/apper/assets/fonts/fontawesome/fontawesome-webfont.woff2?v=4.7.0 HTTP/1.1" 200 77160 "https://companiesonthego.uk/wp-content/themes/apper/assets/css/third/font-awesome.min.css?ver=4.7.0" "Mozilla/5.0 (Windows NT 10.0; Win64; x64) AppleWebKit/537.36 (KHTML, like Gecko) Chrome/139.0.0.0 Safari/537.36"
240e:974:e200:1440:59:: - - [23/Feb/2026:15:30:03 +0000] "GET /wp-includes/js/wp-emoji-release.min.js?ver=6.7.1 HTTP/1.1" 200 18726 "https://companiesonthego.uk/companies-house-filing-deadlines-2026-essential-calendar-for-accountants-and-directors/" "Mozilla/5.0 (Windows NT 10.0; Win64; x64) AppleWebKit/537.36 (KHTML, like Gecko) Chrome/139.0.0.0 Safari/537.36"
172.187.168.139 - - [23/Feb/2026:15:30:34 +0000] "POST /wp-cron.php?doing_wp_cron=1771860634.6228160858154296875000 HTTP/1.1" 200 31 "-" "WordPress/6.7.1; https://companiesonthego.uk"
2a03:2880:f800:13:: - - [23/Feb/2026:15:30:34 +0000] "GET /uk-company-register-search-secure-apps-data-deadline-tracking/ HTTP/1.1" 200 27514 "-" "meta-externalagent/1.1 (+https://developers.facebook.com/docs/sharing/webmasters/crawler)"
114.119.149.131 - - [23/Feb/2026:15:30:42 +0000] "GET /help-center/ HTTP/1.1" 200 27415 "https://companiesonthego.uk/companies-house-identity-verification-deadline-2026-must-do-steps-to-avoid-fines-and-stay-alert-with-mobile-app/" "Mozilla/5.0 (Linux; Android 7.0;) AppleWebKit/537.36 (KHTML, like Gecko) Mobile Safari/537.36 (compatible; PetalBot;+https://webmaster.petalsearch.com/site/petalbot)"
172.187.168.139 - - [23/Feb/2026:15:31:28 +0000] "POST /wp-cron.php?doing_wp_cron=1771860688.0116019248962402343750 HTTP/1.1" 200 31 "-" "WordPress/6.7.1; https://companiesonthego.uk"
52.255.111.54 - - [23/Feb/2026:15:31:28 +0000] "GET /companies-house-confirmation-statement-2026-complete-guide-deadline-tracker/ HTTP/1.1" 200 26138 "-" "Mozilla/5.0 AppleWebKit/537.36 (KHTML, like Gecko); compatible; ChatGPT-User/1.0; +https://openai.com/bot"
172.187.168.139 - - [23/Feb/2026:15:34:18 +0000] "POST /wp-cron.php?doing_wp_cron=1771860858.7983050346374511718750 HTTP/1.1" 200 31 "-" "WordPress/6.7.1; https://companiesonthego.uk"
85.208.96.201 - - [23/Feb/2026:15:34:18 +0000] "GET /robots.txt HTTP/1.1" 200 401 "-" "Mozilla/5.0 (compatible; SemrushBot/7~bl; +http://www.semrush.com/bot.html)"
85.208.96.206 - - [23/Feb/2026:15:34:21 +0000] "GET /quarterly-tax-updates-under-mtd-a-simple-workflow-for-sole-traders/ HTTP/1.1" 200 25985 "-" "Mozilla/5.0 (compatible; SemrushBot/7~bl; +http://www.semrush.com/bot.html)"
172.187.168.139 - - [23/Feb/2026:15:41:38 +0000] "POST /wp-cron.php?doing_wp_cron=1771861297.7773120403289794921875 HTTP/1.1" 200 31 "-" "WordPress/6.7.1; https://companiesonthego.uk"
66.249.66.2 - - [23/Feb/2026:15:41:38 +0000] "GET /privacy-policy/ HTTP/1.1" 200 22729 "-" "Mozilla/5.0 (compatible; Googlebot/2.1; +http://www.google.com/bot.html)"
172.187.168.139 - - [23/Feb/2026:15:46:42 +0000] "POST /wp-cron.php?doing_wp_cron=1771861602.5999529361724853515625 HTTP/1.1" 200 31 "-" "WordPress/6.7.1; https://companiesonthego.uk"
103.186.238.226 - - [23/Feb/2026:15:46:42 +0000] "GET /wp-json/wp/v2/pages/3144 HTTP/1.1" 200 40928 "-" "Mozilla/5.0 (Windows; U; Windows NT 5.01) AppleWebKit/533.17.3 (KHTML, like Gecko) Version/5.0.1 Safari/533.17.3"
172.187.168.139 - - [23/Feb/2026:15:49:35 +0000] "POST /wp-cron.php?doing_wp_cron=1771861775.4110610485076904296875 HTTP/1.1" 200 31 "-" "WordPress/6.7.1; https://companiesonthego.uk"
142.93.0.66 - - [23/Feb/2026:15:49:35 +0000] "GET / HTTP/1.1" 200 30791 "-" "Mozilla/5.0 (l9scan/2.0.33e27393e2431313e2838313; +https://leakix.net)"
142.93.0.66 - - [23/Feb/2026:15:49:37 +0000] "GET /server HTTP/1.1" 404 17481 "-" "Mozilla/5.0 (l9scan/2.0.33e27393e2431313e2838313; +https://leakix.net)"
142.93.0.66 - - [23/Feb/2026:15:49:38 +0000] "GET /server-status HTTP/1.1" 404 17481 "-" "Mozilla/5.0 (l9scan/2.0.33e27393e2431313e2838313; +https://leakix.net)"
142.93.0.66 - - [23/Feb/2026:15:49:39 +0000] "GET /about HTTP/1.1" 301 5 "-" "Mozilla/5.0 (l9scan/2.0.33e27393e2431313e2838313; +https://leakix.net)"
142.93.0.66 - - [23/Feb/2026:15:49:40 +0000] "GET /login.action HTTP/1.1" 404 17481 "-" "Mozilla/5.0 (l9scan/2.0.33e27393e2431313e2838313; +https://leakix.net)"
142.93.0.66 - - [23/Feb/2026:15:49:42 +0000] "GET /v2/_catalog HTTP/1.1" 404 17481 "-" "Mozilla/5.0 (l9scan/2.0.33e27393e2431313e2838313; +https://leakix.net)"
142.93.0.66 - - [23/Feb/2026:15:49:43 +0000] "GET /.DS_Store HTTP/1.1" 404 17481 "-" "Mozilla/5.0 (l9scan/2.0.33e27393e2431313e2838313; +https://leakix.net)"
142.93.0.66 - - [23/Feb/2026:15:49:44 +0000] "GET /.env HTTP/1.1" 403 134 "-" "Mozilla/5.0 (l9scan/2.0.33e27393e2431313e2838313; +https://leakix.net)"
142.93.0.66 - - [23/Feb/2026:15:49:47 +0000] "GET /ecp/Current/exporttool/microsoft.exchange.ediscovery.exporttool.application HTTP/1.1" 404 17481 "-" "Mozilla/5.0 (l9scan/2.0.33e27393e2431313e2838313; +https://leakix.net)"
142.93.0.66 - - [23/Feb/2026:15:49:49 +0000] "GET /.git/config HTTP/1.1" 403 134 "-" "Mozilla/5.0 (l9scan/2.0.33e27393e2431313e2838313; +https://leakix.net)"
142.93.0.66 - - [23/Feb/2026:15:49:50 +0000] "POST /graphql HTTP/1.1" 404 17481 "-" "Mozilla/5.0 (l9scan/2.0.33e27393e2431313e2838313; +https://leakix.net)"
142.93.0.66 - - [23/Feb/2026:15:49:51 +0000] "POST /api HTTP/1.1" 404 17481 "-" "Mozilla/5.0 (l9scan/2.0.33e27393e2431313e2838313; +https://leakix.net)"
142.93.0.66 - - [23/Feb/2026:15:49:52 +0000] "POST /api/graphql HTTP/1.1" 404 17481 "-" "Mozilla/5.0 (l9scan/2.0.33e27393e2431313e2838313; +https://leakix.net)"
142.93.0.66 - - [23/Feb/2026:15:49:53 +0000] "POST /graphql/api HTTP/1.1" 404 17481 "-" "Mozilla/5.0 (l9scan/2.0.33e27393e2431313e2838313; +https://leakix.net)"
142.93.0.66 - - [23/Feb/2026:15:49:54 +0000] "POST /api/gql HTTP/1.1" 404 17481 "-" "Mozilla/5.0 (l9scan/2.0.33e27393e2431313e2838313; +https://leakix.net)"
142.93.0.66 - - [23/Feb/2026:15:49:55 +0000] "GET /s/33e27393e2431313e2838313/_/;/META-INF/maven/com.atlassian.jira/jira-webapp-dist/pom.properties HTTP/1.1" 404 17481 "-" "Mozilla/5.0 (l9scan/2.0.33e27393e2431313e2838313; +https://leakix.net)"
142.93.0.66 - - [23/Feb/2026:15:49:56 +0000] "GET /config.json HTTP/1.1" 404 17481 "-" "Mozilla/5.0 (l9scan/2.0.33e27393e2431313e2838313; +https://leakix.net)"
142.93.0.66 - - [23/Feb/2026:15:49:58 +0000] "GET /telescope/requests HTTP/1.1" 404 17481 "-" "Mozilla/5.0 (l9scan/2.0.33e27393e2431313e2838313; +https://leakix.net)"
142.93.0.66 - - [23/Feb/2026:15:49:59 +0000] "GET /info.php HTTP/1.1" 404 134 "-" "Mozilla/5.0 (l9scan/2.0.33e27393e2431313e2838313; +https://leakix.net)"
142.93.0.66 - - [23/Feb/2026:15:50:00 +0000] "GET /.well-known/security.txt HTTP/1.1" 404 17481 "-" "Mozilla/5.0 (l9scan/2.0.33e27393e2431313e2838313; +https://leakix.net)"
142.93.0.66 - - [23/Feb/2026:15:50:01 +0000] "GET /actuator/env HTTP/1.1" 404 17481 "-" "Mozilla/5.0 (l9scan/2.0.33e27393e2431313e2838313; +https://leakix.net)"
142.93.0.66 - - [23/Feb/2026:15:50:03 +0000] "GET /swagger-ui.html HTTP/1.1" 404 17481 "-" "Mozilla/5.0 (l9scan/2.0.33e27393e2431313e2838313; +https://leakix.net)"
142.93.0.66 - - [23/Feb/2026:15:50:04 +0000] "GET /swagger/index.html HTTP/1.1" 404 17481 "-" "Mozilla/5.0 (l9scan/2.0.33e27393e2431313e2838313; +https://leakix.net)"
142.93.0.66 - - [23/Feb/2026:15:50:06 +0000] "GET /swagger/swagger-ui.html HTTP/1.1" 404 17481 "-" "Mozilla/5.0 (l9scan/2.0.33e27393e2431313e2838313; +https://leakix.net)"
142.93.0.66 - - [23/Feb/2026:15:50:07 +0000] "GET /webjars/swagger-ui/index.html HTTP/1.1" 404 17481 "-" "Mozilla/5.0 (l9scan/2.0.33e27393e2431313e2838313; +https://leakix.net)"
142.93.0.66 - - [23/Feb/2026:15:50:08 +0000] "GET /swagger.json HTTP/1.1" 404 17481 "-" "Mozilla/5.0 (l9scan/2.0.33e27393e2431313e2838313; +https://leakix.net)"
142.93.0.66 - - [23/Feb/2026:15:50:09 +0000] "GET /swagger/v1/swagger.json HTTP/1.1" 404 17481 "-" "Mozilla/5.0 (l9scan/2.0.33e27393e2431313e2838313; +https://leakix.net)"
142.93.0.66 - - [23/Feb/2026:15:50:10 +0000] "GET /v2/api-docs HTTP/1.1" 404 17481 "-" "Mozilla/5.0 (l9scan/2.0.33e27393e2431313e2838313; +https://leakix.net)"
142.93.0.66 - - [23/Feb/2026:15:50:11 +0000] "GET /v3/api-docs HTTP/1.1" 404 17481 "-" "Mozilla/5.0 (l9scan/2.0.33e27393e2431313e2838313; +https://leakix.net)"
142.93.0.66 - - [23/Feb/2026:15:50:12 +0000] "GET /api-docs/swagger.json HTTP/1.1" 404 17481 "-" "Mozilla/5.0 (l9scan/2.0.33e27393e2431313e2838313; +https://leakix.net)"
172.187.168.139 - - [23/Feb/2026:15:50:13 +0000] "POST /wp-cron.php?doing_wp_cron=1771861813.0223040580749511718750 HTTP/1.1" 200 31 "-" "WordPress/6.7.1; https://companiesonthego.uk"
142.93.0.66 - - [23/Feb/2026:15:50:13 +0000] "GET /api/swagger.json HTTP/1.1" 404 17481 "-" "Mozilla/5.0 (l9scan/2.0.33e27393e2431313e2838313; +https://leakix.net)"
142.93.0.66 - - [23/Feb/2026:15:50:14 +0000] "GET /@vite/env HTTP/1.1" 404 17481 "-" "Mozilla/5.0 (l9scan/2.0.33e27393e2431313e2838313; +https://leakix.net)"
142.93.0.66 - - [23/Feb/2026:15:50:15 +0000] "GET /.vscode/sftp.json HTTP/1.1" 404 17481 "-" "Mozilla/5.0 (l9scan/2.0.33e27393e2431313e2838313; +https://leakix.net)"
142.93.0.66 - - [23/Feb/2026:15:50:15 +0000] "OPTIONS / HTTP/1.1" 405 166 "-" "Mozilla/5.0 (l9scan/2.0.33e27393e2431313e2838313; +https://leakix.net)"
142.93.0.66 - - [23/Feb/2026:15:50:17 +0000] "GET /?rest_route=/wp/v2/users/ HTTP/1.1" 200 6370 "-" "Mozilla/5.0 (l9scan/2.0.33e27393e2431313e2838313; +https://leakix.net)"
142.93.0.66 - - [23/Feb/2026:15:50:18 +0000] "GET /debug/default/view?panel=config HTTP/1.1" 404 17481 "-" "Mozilla/5.0 (l9scan/2.0.33e27393e2431313e2838313; +https://leakix.net)"
3.223.134.5 - - [23/Feb/2026:15:50:45 +0000] "GET /wp-json/oembed/1.0/embed?format=xml&url=https://companiesonthego.uk/ HTTP/1.1" 200 2627 "-" "Mozilla/5.0 AppleWebKit/537.36 (KHTML, like Gecko; compatible; Amazonbot/0.1; +https://developer.amazon.com/support/amazonbot) Chrome/119.0.6045.214 Safari/537.36"
20.169.78.187 - - [23/Feb/2026:15:50:50 +0000] "GET /companies-house-fee-increases-february-2026-new-costs-for-incorporation-and-confirmation-statements/ HTTP/1.1" 200 27056 "-" "Mozilla/5.0 AppleWebKit/537.36 (KHTML, like Gecko); compatible; ChatGPT-User/1.0; +https://openai.com/bot"
172.187.168.139 - - [23/Feb/2026:15:51:20 +0000] "POST /wp-cron.php?doing_wp_cron=1771861880.3606209754943847656250 HTTP/1.1" 200 31 "-" "WordPress/6.7.1; https://companiesonthego.uk"
66.249.66.167 - - [23/Feb/2026:15:51:20 +0000] "GET /blog/page/7/ HTTP/1.1" 200 21972 "-" "Mozilla/5.0 (Linux; Android 6.0.1; Nexus 5X Build/MMB29P) AppleWebKit/537.36 (KHTML, like Gecko) Chrome/144.0.7559.132 Mobile Safari/537.36 (compatible; Googlebot/2.1; +http://www.google.com/bot.html)"
172.187.168.139 - - [23/Feb/2026:15:52:13 +0000] "POST /wp-cron.php?doing_wp_cron=1771861933.4485731124877929687500 HTTP/1.1" 200 31 "-" "WordPress/6.7.1; https://companiesonthego.uk"
143.255.209.182 - - [23/Feb/2026:15:52:13 +0000] "GET /navigating-making-tax-digital-essential-steps-for-businesses-earning-over-50000-in-2026/ HTTP/1.1" 200 26184 "-" "Mozilla/5.0 (Macintosh; U; Intel Mac OS X 10_6_0; en-US) AppleWebKit/533.4 (KHTML, like Gecko) Chrome/5.0.375.99 Safari/533.4"
172.187.168.139 - - [23/Feb/2026:15:57:05 +0000] "POST /wp-cron.php?doing_wp_cron=1771862225.0447840690612792968750 HTTP/1.1" 200 31 "-" "WordPress/6.7.1; https://companiesonthego.uk"
74.7.244.48 - - [23/Feb/2026:15:57:05 +0000] "GET /robots.txt HTTP/1.1" 200 401 "-" "Mozilla/5.0 (Macintosh; Intel Mac OS X 10_15_7) AppleWebKit/537.36 (KHTML, like Gecko) Chrome/131.0.0.0 Safari/537.36; compatible; OAI-SearchBot/1.3; robots.txt; +https://openai.com/searchbot"
2a03:2880:f800:3a:: - - [23/Feb/2026:15:57:08 +0000] "GET /priority-lists-for-accountants-track-multiple-virtual-address-companies-efficiently-uk/ HTTP/1.1" 200 25966 "-" "meta-externalagent/1.1 (+https://developers.facebook.com/docs/sharing/webmasters/crawler)"
172.187.168.139 - - [23/Feb/2026:15:57:21 +0000] "POST /wp-cron.php?doing_wp_cron=1771862241.2101640701293945312500 HTTP/1.1" 200 31 "-" "WordPress/6.7.1; https://companiesonthego.uk"
20.215.220.115 - - [23/Feb/2026:15:57:21 +0000] "GET /favorites-priority-lists-organise-50-shelton-street-clients-in-one-tap-for-accountants/ HTTP/1.1" 200 26005 "-" "Mozilla/5.0 AppleWebKit/537.36 (KHTML, like Gecko); compatible; ChatGPT-User/1.0; +https://openai.com/bot"
172.187.168.139 - - [23/Feb/2026:15:58:34 +0000] "POST /wp-cron.php?doing_wp_cron=1771862314.5697069168090820312500 HTTP/1.1" 200 31 "-" "WordPress/6.7.1; https://companiesonthego.uk"
85.208.96.201 - - [23/Feb/2026:15:58:34 +0000] "GET /navigating-making-tax-digital-essential-steps-for-businesses-earning-over-50000-in-2026/%3Cbr%20/%3E%0A%3Cb%3EDeprecated%3C/b%3E:%20%20ltrim():%20Passing%20null%20to%20parameter%20 HTTP/1.1" 301 5 "-" "Mozilla/5.0 (compatible; SemrushBot/7~bl; +http://www.semrush.com/bot.html)"
23.95.79.235 - - [23/Feb/2026:15:58:39 +0000] "GET / HTTP/1.1" 200 30791 "-" "Mozilla/5.0 (Windows NT 10.0; Win64; x64) AppleWebKit/537.36 (KHTML, like Gecko) Chrome/110.0.0.0 Safari/537.36"
185.191.171.14 - - [23/Feb/2026:15:58:39 +0000] "GET /navigating-making-tax-digital-essential-steps-for-businesses-earning-over-50000-in-2026/%3Cbr%20/%3E%3Cb%3EDeprecated%3C/b%3E:%20%20ltrim():%20Passing%20null%20to%20parameter HTTP/1.1" 404 17481 "-" "Mozilla/5.0 (compatible; SemrushBot/7~bl; +http://www.semrush.com/bot.html)"
192.81.213.155 - - [23/Feb/2026:16:11:35 +0000] "GET /wp-content/uploads/2026/01/couple-desk-working-together-from-home-1-768x512.jpg HTTP/1.1" 200 79755 "https://companiesonthego.uk/" "Mozilla/5.0 (Windows NT 10.0; Win64; x64) AppleWebKit/537.36 (KHTML, like Gecko) Chrome/120.0.0.0 Safari/537.36"
172.187.168.139 - - [23/Feb/2026:16:15:00 +0000] "POST /wp-cron.php?doing_wp_cron=1771863300.5807878971099853515625 HTTP/1.1" 200 31 "-" "WordPress/6.7.1; https://companiesonthego.uk"
35.238.66.66 - - [23/Feb/2026:16:15:01 +0000] "GET / HTTP/1.1" 200 30791 "-" "Mozilla/5.0 (compatible; DesignProbe/1.0)"
172.187.168.139 - - [23/Feb/2026:16:16:17 +0000] "POST /wp-cron.php?doing_wp_cron=1771863377.1066958904266357421875 HTTP/1.1" 200 31 "-" "WordPress/6.7.1; https://companiesonthego.uk"
68.221.75.26 - - [23/Feb/2026:16:16:17 +0000] "GET /corporation-tax-rates-2026-uk-new-changes-and-how-to-calculate-your-liability/ HTTP/1.1" 200 26384 "-" "Mozilla/5.0 AppleWebKit/537.36 (KHTML, like Gecko); compatible; ChatGPT-User/1.0; +https://openai.com/bot"
172.187.168.139 - - [23/Feb/2026:16:22:55 +0000] "POST /wp-cron.php?doing_wp_cron=1771863775.1909289360046386718750 HTTP/1.1" 200 31 "-" "WordPress/6.7.1; https://companiesonthego.uk"
17.58.57.104 - - [23/Feb/2026:16:22:55 +0000] "POST / HTTP/1.1" 200 30791 "-" "Apache-HttpClient/4.5.14 (Java/21.0.8)"
64.188.91.93 - - [23/Feb/2026:16:23:05 +0000] "POST /wp-admin/admin-ajax.php HTTP/1.1" 400 11 "-" "Mozilla/5.0 (Windows NT 10.0; Win64; x64) AppleWebKit/537.36 (KHTML, like Gecko) Chrome/131.0.0.0 Safari/537.36"
64.188.91.93 - - [23/Feb/2026:16:23:06 +0000] "POST /wp-admin/admin-post.php HTTP/1.1" 200 31 "-" "Mozilla/5.0 (Windows NT 10.0; Win64; x64) AppleWebKit/537.36 (KHTML, like Gecko) Chrome/131.0.0.0 Safari/537.36"
172.187.168.139 - - [23/Feb/2026:16:25:12 +0000] "POST /wp-cron.php?doing_wp_cron=1771863912.1323599815368652343750 HTTP/1.1" 200 31 "-" "WordPress/6.7.1; https://companiesonthego.uk"
20.169.73.177 - - [23/Feb/2026:16:25:12 +0000] "GET / HTTP/1.1" 200 30791 "-" "Mozilla/5.0 AppleWebKit/537.36 (KHTML, like Gecko); compatible; ChatGPT-User/1.0; +https://openai.com/bot"
172.187.168.139 - - [23/Feb/2026:16:25:57 +0000] "POST /wp-cron.php?doing_wp_cron=1771863957.7328341007232666015625 HTTP/1.1" 200 31 "-" "WordPress/6.7.1; https://companiesonthego.uk"
20.215.220.188 - - [23/Feb/2026:16:25:57 +0000] "GET /corporation-tax-rates-2026-uk-new-changes-and-how-to-calculate-your-liability/ HTTP/1.1" 200 26203 "-" "Mozilla/5.0 AppleWebKit/537.36 (KHTML, like Gecko); compatible; ChatGPT-User/1.0; +https://openai.com/bot"
172.187.168.139 - - [23/Feb/2026:16:36:02 +0000] "POST /wp-cron.php?doing_wp_cron=1771864562.0103130340576171875000 HTTP/1.1" 200 31 "-" "WordPress/6.7.1; https://companiesonthego.uk"
114.119.158.138 - - [23/Feb/2026:16:36:02 +0000] "GET /uk-company-register-search-secure-apps-data-deadline-tracking/ HTTP/1.1" 200 27346 "https://companiesonthego.uk/why-accountants-need-real-time-companies-house-notifications/" "Mozilla/5.0 (Linux; Android 7.0;) AppleWebKit/537.36 (KHTML, like Gecko) Mobile Safari/537.36 (compatible; PetalBot;+https://webmaster.petalsearch.com/site/petalbot)"
172.187.168.139 - - [23/Feb/2026:16:38:21 +0000] "POST /wp-cron.php?doing_wp_cron=1771864701.7580449581146240234375 HTTP/1.1" 200 31 "-" "WordPress/6.7.1; https://companiesonthego.uk"
20.194.157.181 - - [23/Feb/2026:16:38:22 +0000] "GET /companies-house-annual-accounts-filing-deadline-2026-complete-guide-for-businesses/ HTTP/1.1" 200 27019 "-" "Mozilla/5.0 AppleWebKit/537.36 (KHTML, like Gecko); compatible; ChatGPT-User/1.0; +https://openai.com/bot"
172.187.168.139 - - [23/Feb/2026:16:45:20 +0000] "POST /wp-cron.php?doing_wp_cron=1771865120.4555160999298095703125 HTTP/1.1" 200 31 "-" "WordPress/6.7.1; https://companiesonthego.uk"
109.105.210.58 - - [23/Feb/2026:16:45:20 +0000] "GET / HTTP/1.1" 200 30791 "https://www.companiesonthego.uk/" "Mozilla/5.0 (Windows NT 10.0; WOW64) AppleWebKit/537.36 (KHTML, like Gecko) Chrome/66.0.3359.117 Safari/537.36"
109.105.210.59 - - [23/Feb/2026:16:45:22 +0000] "GET / HTTP/1.1" 200 30791 "https://www.companiesonthego.uk/" "Mozilla/5.0 (Windows NT 10.0; WOW64) AppleWebKit/537.36 (KHTML, like Gecko) Chrome/66.0.3359.117 Safari/537.36"
2a10:3c0:5:1:1:7:0:5 - - [23/Feb/2026:16:45:32 +0000] "POST /mcp HTTP/1.1" 404 17481 "-" "python-httpx/0.28.1"
2a10:3c0:5:1:1:7:0:5 - - [23/Feb/2026:16:45:33 +0000] "GET /sse HTTP/1.1" 404 17481 "-" "python-httpx/0.28.1"
109.105.210.59 - - [23/Feb/2026:16:45:34 +0000] "GET / HTTP/1.1" 200 30791 "https://www.companiesonthego.uk/favicon.ico" "Mozilla/5.0 (Windows NT 10.0; WOW64) AppleWebKit/537.36 (KHTML, like Gecko) Chrome/66.0.3359.117 Safari/537.36"
109.105.210.59 - - [23/Feb/2026:16:45:36 +0000] "GET / HTTP/1.1" 200 30791 "https://www.companiesonthego.uk/favicon.ico" "Mozilla/5.0 (Windows NT 10.0; WOW64) AppleWebKit/537.36 (KHTML, like Gecko) Chrome/66.0.3359.117 Safari/537.36"
2a10:3c0:5:1:1:7:0:5 - - [23/Feb/2026:16:45:38 +0000] "POST /mcp HTTP/1.1" 404 17481 "-" "python-httpx/0.28.1"
2a10:3c0:5:1:1:7:0:5 - - [23/Feb/2026:16:45:39 +0000] "GET /sse HTTP/1.1" 404 17481 "-" "python-httpx/0.28.1"
109.105.210.57 - - [23/Feb/2026:16:45:41 +0000] "GET / HTTP/1.1" 200 30791 "https://www.companiesonthego.uk/favicon.ico" "Mozilla/5.0 (Windows NT 10.0; WOW64) AppleWebKit/537.36 (KHTML, like Gecko) Chrome/66.0.3359.117 Safari/537.36"
109.105.210.57 - - [23/Feb/2026:16:45:42 +0000] "GET / HTTP/1.1" 200 30791 "https://www.companiesonthego.uk/favicon.ico" "Mozilla/5.0 (Windows NT 10.0; WOW64) AppleWebKit/537.36 (KHTML, like Gecko) Chrome/66.0.3359.117 Safari/537.36"
172.187.168.139 - - [23/Feb/2026:16:46:16 +0000] "POST /wp-cron.php?doing_wp_cron=1771865176.0515620708465576171875 HTTP/1.1" 200 31 "-" "WordPress/6.7.1; https://companiesonthego.uk"
44.212.131.50 - - [23/Feb/2026:16:46:16 +0000] "GET /how-to-monitor-companies-house-data-on-the-go-free-apps/ HTTP/1.1" 200 26797 "-" "Mozilla/5.0 AppleWebKit/537.36 (KHTML, like Gecko; compatible; Amazonbot/0.1; +https://developer.amazon.com/support/amazonbot) Chrome/119.0.6045.214 Safari/537.36"
34.205.163.103 - - [23/Feb/2026:16:46:20 +0000] "GET /corporation-tax-deadlines-2026-uk-payment-filing-dates-real-time-reminders-app/ HTTP/1.1" 200 27019 "-" "Mozilla/5.0 AppleWebKit/537.36 (KHTML, like Gecko; compatible; Amazonbot/0.1; +https://developer.amazon.com/support/amazonbot) Chrome/119.0.6045.214 Safari/537.36"
172.187.168.139 - - [23/Feb/2026:16:48:27 +0000] "POST /wp-cron.php?doing_wp_cron=1771865307.6087019443511962890625 HTTP/1.1" 200 31 "-" "WordPress/6.7.1; https://companiesonthego.uk"
185.191.171.17 - - [23/Feb/2026:16:48:27 +0000] "GET /robots.txt HTTP/1.1" 200 401 "-" "Mozilla/5.0 (compatible; SemrushBot/7~bl; +http://www.semrush.com/bot.html)"
185.191.171.7 - - [23/Feb/2026:16:48:29 +0000] "GET /favorites-priority-lists-organise-50-shelton-street-clients-in-one-tap-for-accountants/ HTTP/1.1" 200 26133 "-" "Mozilla/5.0 (compatible; SemrushBot/7~bl; +http://www.semrush.com/bot.html)"
172.187.168.139 - - [23/Feb/2026:16:49:16 +0000] "POST /wp-cron.php?doing_wp_cron=1771865356.1192469596862792968750 HTTP/1.1" 200 31 "-" "WordPress/6.7.1; https://companiesonthego.uk"
66.249.66.194 - - [23/Feb/2026:16:49:16 +0000] "GET /ios-android-compliance-apps-real-time-companies-house-updates-for-mobile-business-owners-london/ HTTP/1.1" 200 25969 "-" "Mozilla/5.0 (Linux; Android 6.0.1; Nexus 5X Build/MMB29P) AppleWebKit/537.36 (KHTML, like Gecko) Chrome/144.0.7559.132 Mobile Safari/537.36 (compatible; Googlebot/2.1; +http://www.google.com/bot.html)"
172.187.168.139 - - [23/Feb/2026:16:52:01 +0000] "POST /wp-cron.php?doing_wp_cron=1771865521.1408510208129882812500 HTTP/1.1" 200 31 "-" "WordPress/6.7.1; https://companiesonthego.uk"
51.68.107.150 - - [23/Feb/2026:16:52:01 +0000] "GET /robots.txt HTTP/1.1" 200 401 "-" "Mozilla/5.0 (compatible; MJ12bot/v2.0.4; http://mj12bot.com/)"
172.187.168.139 - - [23/Feb/2026:17:05:42 +0000] "POST /wp-cron.php?doing_wp_cron=1771866342.5262310504913330078125 HTTP/1.1" 200 31 "-" "WordPress/6.7.1; https://companiesonthego.uk"
68.221.75.23 - - [23/Feb/2026:17:05:43 +0000] "GET / HTTP/1.1" 200 30791 "-" "Mozilla/5.0 AppleWebKit/537.36 (KHTML, like Gecko); compatible; ChatGPT-User/1.0; +https://openai.com/bot"
172.187.168.139 - - [23/Feb/2026:17:09:01 +0000] "POST /wp-cron.php?doing_wp_cron=1771866541.4608130455017089843750 HTTP/1.1" 200 31 "-" "WordPress/6.7.1; https://companiesonthego.uk"
15.204.14.110 - - [23/Feb/2026:17:09:01 +0000] "GET /blog-verify HTTP/1.1" 404 17481 "-" "Mozilla/5.0 (Windows NT 10.0; Win64; x64) AppleWebKit/537.36 (KHTML, like Gecko) Chrome/127.0.0.0 Safari/537.36"
172.187.168.139 - - [23/Feb/2026:17:16:38 +0000] "POST /wp-cron.php?doing_wp_cron=1771866997.7870569229125976562500 HTTP/1.1" 200 31 "-" "WordPress/6.7.1; https://companiesonthego.uk"
185.191.171.7 - - [23/Feb/2026:17:16:38 +0000] "GET /real-time-filing-alerts-companies-house-search-save-tax-with-clean-compliance-uk/ HTTP/1.1" 200 25983 "-" "Mozilla/5.0 (compatible; SemrushBot/7~bl; +http://www.semrush.com/bot.html)"
172.187.168.139 - - [23/Feb/2026:17:21:04 +0000] "POST /wp-cron.php?doing_wp_cron=1771867264.8431839942932128906250 HTTP/1.1" 200 31 "-" "WordPress/6.7.1; https://companiesonthego.uk"
68.221.67.162 - - [23/Feb/2026:17:21:05 +0000] "GET /companies-house-late-filing-penalties-2026-how-much-youll-pay-how-to-avoid-them/ HTTP/1.1" 200 26106 "-" "Mozilla/5.0 AppleWebKit/537.36 (KHTML, like Gecko); compatible; ChatGPT-User/1.0; +https://openai.com/bot"
66.249.93.201 - - [23/Feb/2026:17:22:41 +0000] "GET /.well-known/traffic-advice HTTP/1.1" 404 17481 "-" "Chrome Privacy Preserving Prefetch Proxy"
172.187.168.139 - - [23/Feb/2026:17:22:41 +0000] "POST /wp-cron.php?doing_wp_cron=1771867360.9037940502166748046875 HTTP/1.1" 200 31 "-" "WordPress/6.7.1; https://companiesonthego.uk"
2001:4860:7:633::fd - - [23/Feb/2026:17:22:41 +0000] "GET /instant-overdue-filing-alerts-prevent-strike-off-for-covent-garden-startup-secretaries/ HTTP/1.1" 200 25887 "https://www.google.com/" "Mozilla/5.0 (Windows NT 10.0; Win64; x64) AppleWebKit/537.36 (KHTML, like Gecko) Chrome/145.0.0.0 Safari/537.36"
34.105.219.249 - - [23/Feb/2026:17:22:41 +0000] "GET /instant-overdue-filing-alerts-prevent-strike-off-for-covent-garden-startup-secretaries HTTP/1.1" 301 5 "-" "Mozilla/5.0 (Windows NT 10.0; Win64; x64) AppleWebKit/537.36 (KHTML, like Gecko) Chrome/102.0.5005.197 Safari/537.36"
34.105.219.249 - - [23/Feb/2026:17:22:41 +0000] "GET /instant-overdue-filing-alerts-prevent-strike-off-for-covent-garden-startup-secretaries/ HTTP/1.1" 200 25973 "-" "Mozilla/5.0 (Windows NT 10.0; Win64; x64) AppleWebKit/537.36 (KHTML, like Gecko) Chrome/102.0.5005.197 Safari/537.36"
18.97.9.102 - - [23/Feb/2026:17:22:46 +0000] "GET /uk-limited-company-compliance-deadlines-2026-confirmation-statement-accounts-tax/ HTTP/1.1" 200 27071 "-" "Mozilla/5.0 AppleWebKit/537.36 (KHTML, like Gecko; compatible; PerplexityBot/1.0; +https://perplexity.ai/perplexitybot)"
