172.187.168.139 - - [23/Feb/2026:02:32:08 +0000] "POST /wp-cron.php?doing_wp_cron=1771813928.0903809070587158203125 HTTP/1.1" 200 31 "-" "WordPress/6.8.3; https://demo-doccurelanding-wp.dreamstechnologies.com"
136.119.129.236 - - [23/Feb/2026:02:32:08 +0000] "HEAD /ai-in-healthcare-separating-hype-from-reality HTTP/1.1" 301 0 "-" "Mozilla/5.0 (X11; Linux x86_64) AppleWebKit/537.36 (KHTML, like Gecko) Chrome/136.0.0.0 Safari/537.36"
34.56.168.230 - - [23/Feb/2026:02:32:08 +0000] "HEAD /category/business-operations HTTP/1.1" 301 0 "-" "Mozilla/5.0 (X11; Linux x86_64) AppleWebKit/537.36 (KHTML, like Gecko) Chrome/136.0.0.0 Safari/537.36"
136.119.129.236 - - [23/Feb/2026:02:32:08 +0000] "GET /ai-in-healthcare-separating-hype-from-reality HTTP/1.1" 301 5 "-" "Mozilla/5.0 (X11; Linux x86_64) AppleWebKit/537.36 (KHTML, like Gecko) Chrome/136.0.0.0 Safari/537.36"
34.56.168.230 - - [23/Feb/2026:02:32:08 +0000] "GET /category/business-operations HTTP/1.1" 301 5 "-" "Mozilla/5.0 (X11; Linux x86_64) AppleWebKit/537.36 (KHTML, like Gecko) Chrome/136.0.0.0 Safari/537.36"
34.56.168.230 - - [23/Feb/2026:02:32:19 +0000] "HEAD /category/clinical-practice HTTP/1.1" 301 0 "-" "Mozilla/5.0 AppleWebKit/537.36 (KHTML, like Gecko); compatible; ShapBot/0.1.0"
34.56.168.230 - - [23/Feb/2026:02:32:19 +0000] "GET /category/clinical-practice HTTP/1.1" 301 5 "-" "Mozilla/5.0 AppleWebKit/537.36 (KHTML, like Gecko); compatible; ShapBot/0.1.0"
34.60.131.171 - - [23/Feb/2026:02:32:19 +0000] "HEAD /category/patient-engagement HTTP/1.1" 301 0 "-" "Mozilla/5.0 (X11; Linux x86_64) AppleWebKit/537.36 (KHTML, like Gecko) Chrome/136.0.0.0 Safari/537.36"
34.60.131.171 - - [23/Feb/2026:02:32:19 +0000] "GET /category/patient-engagement HTTP/1.1" 301 5 "-" "Mozilla/5.0 (X11; Linux x86_64) AppleWebKit/537.36 (KHTML, like Gecko) Chrome/136.0.0.0 Safari/537.36"
172.187.168.139 - - [23/Feb/2026:02:35:07 +0000] "POST /wp-cron.php?doing_wp_cron=1771814107.5205569267272949218750 HTTP/1.1" 200 31 "-" "WordPress/6.8.3; https://demo-doccurelanding-wp.dreamstechnologies.com"
34.56.168.230 - - [23/Feb/2026:02:35:07 +0000] "HEAD /category/healthcare-technology HTTP/1.1" 301 0 "-" "Mozilla/5.0 AppleWebKit/537.36 (KHTML, like Gecko); compatible; ShapBot/0.1.0"
34.56.168.230 - - [23/Feb/2026:02:35:07 +0000] "GET /category/healthcare-technology HTTP/1.1" 301 5 "-" "Mozilla/5.0 AppleWebKit/537.36 (KHTML, like Gecko); compatible; ShapBot/0.1.0"
34.173.239.49 - - [23/Feb/2026:02:35:11 +0000] "HEAD /improving-medication-adherence-strategies-that-work HTTP/1.1" 301 0 "-" "Mozilla/5.0 AppleWebKit/537.36 (KHTML, like Gecko); compatible; ShapBot/0.1.0"
34.173.239.49 - - [23/Feb/2026:02:35:11 +0000] "GET /improving-medication-adherence-strategies-that-work HTTP/1.1" 301 5 "-" "Mozilla/5.0 AppleWebKit/537.36 (KHTML, like Gecko); compatible; ShapBot/0.1.0"
34.63.170.141 - - [23/Feb/2026:02:35:15 +0000] "HEAD /remote-patient-monitoring-roi-analysis-for-clinics HTTP/1.1" 301 0 "-" "Mozilla/5.0 AppleWebKit/537.36 (KHTML, like Gecko); compatible; ShapBot/0.1.0"
34.63.170.141 - - [23/Feb/2026:02:35:15 +0000] "HEAD /rural-healthcare-economics-making-telemedicine-sustainable HTTP/1.1" 301 0 "-" "Mozilla/5.0 AppleWebKit/537.36 (KHTML, like Gecko); compatible; ShapBot/0.1.0"
34.63.170.141 - - [23/Feb/2026:02:35:15 +0000] "GET /remote-patient-monitoring-roi-analysis-for-clinics HTTP/1.1" 301 5 "-" "Mozilla/5.0 AppleWebKit/537.36 (KHTML, like Gecko); compatible; ShapBot/0.1.0"
34.63.170.141 - - [23/Feb/2026:02:35:15 +0000] "GET /rural-healthcare-economics-making-telemedicine-sustainable HTTP/1.1" 301 5 "-" "Mozilla/5.0 AppleWebKit/537.36 (KHTML, like Gecko); compatible; ShapBot/0.1.0"
172.187.168.139 - - [23/Feb/2026:02:35:46 +0000] "POST /wp-cron.php?doing_wp_cron=1771814146.4969830513000488281250 HTTP/1.1" 200 31 "-" "WordPress/6.8.3; https://demo-doccurelanding-wp.dreamstechnologies.com"
34.60.131.171 - - [23/Feb/2026:02:35:46 +0000] "HEAD /telemedicine-compliance-checklist-hipaa-gdpr-and-beyond HTTP/1.1" 301 0 "-" "Mozilla/5.0 AppleWebKit/537.36 (KHTML, like Gecko); compatible; ShapBot/0.1.0"
34.60.131.171 - - [23/Feb/2026:02:35:46 +0000] "GET /telemedicine-compliance-checklist-hipaa-gdpr-and-beyond HTTP/1.1" 301 5 "-" "Mozilla/5.0 AppleWebKit/537.36 (KHTML, like Gecko); compatible; ShapBot/0.1.0"
34.60.131.171 - - [23/Feb/2026:02:35:55 +0000] "HEAD /family-centric-healthcare-why-its-the-future-of-practice-growth HTTP/1.1" 301 0 "-" "Mozilla/5.0 AppleWebKit/537.36 (KHTML, like Gecko); compatible; ShapBot/0.1.0"
34.60.131.171 - - [23/Feb/2026:02:35:55 +0000] "GET /family-centric-healthcare-why-its-the-future-of-practice-growth HTTP/1.1" 301 5 "-" "Mozilla/5.0 AppleWebKit/537.36 (KHTML, like Gecko); compatible; ShapBot/0.1.0"
136.119.129.236 - - [23/Feb/2026:02:36:12 +0000] "HEAD /integrating-traditional-and-modern-medicine-a-practical-guide HTTP/1.1" 301 0 "-" "Mozilla/5.0 AppleWebKit/537.36 (KHTML, like Gecko); compatible; ShapBot/0.1.0"
136.119.129.236 - - [23/Feb/2026:02:36:13 +0000] "GET /integrating-traditional-and-modern-medicine-a-practical-guide HTTP/1.1" 301 5 "-" "Mozilla/5.0 AppleWebKit/537.36 (KHTML, like Gecko); compatible; ShapBot/0.1.0"
34.60.131.171 - - [23/Feb/2026:02:36:13 +0000] "HEAD /hl7-fhir-explained-why-interoperability-matters-for-your-practice HTTP/1.1" 301 0 "-" "Mozilla/5.0 AppleWebKit/537.36 (KHTML, like Gecko); compatible; ShapBot/0.1.0"
34.60.131.171 - - [23/Feb/2026:02:36:13 +0000] "GET /hl7-fhir-explained-why-interoperability-matters-for-your-practice HTTP/1.1" 301 5 "-" "Mozilla/5.0 AppleWebKit/537.36 (KHTML, like Gecko); compatible; ShapBot/0.1.0"
172.187.168.139 - - [23/Feb/2026:02:36:43 +0000] "POST /wp-cron.php?doing_wp_cron=1771814203.4664978981018066406250 HTTP/1.1" 200 31 "-" "WordPress/6.8.3; https://demo-doccurelanding-wp.dreamstechnologies.com"
34.60.131.171 - - [23/Feb/2026:02:36:43 +0000] "HEAD /ownership-vs-subscription-the-true-cost-of-healthcare-software HTTP/1.1" 301 0 "-" "Mozilla/5.0 AppleWebKit/537.36 (KHTML, like Gecko); compatible; ShapBot/0.1.0"
34.60.131.171 - - [23/Feb/2026:02:36:43 +0000] "GET /ownership-vs-subscription-the-true-cost-of-healthcare-software HTTP/1.1" 301 5 "-" "Mozilla/5.0 AppleWebKit/537.36 (KHTML, like Gecko); compatible; ShapBot/0.1.0"
172.187.168.139 - - [23/Feb/2026:02:42:26 +0000] "POST /wp-cron.php?doing_wp_cron=1771814546.8156099319458007812500 HTTP/1.1" 200 31 "-" "WordPress/6.8.3; https://demo-doccurelanding-wp.dreamstechnologies.com"
34.56.168.230 - - [23/Feb/2026:02:42:26 +0000] "HEAD /articles/iot-remote-patient-monitoring-the-285b-hospital-at-home-revolution HTTP/1.1" 301 0 "-" "Mozilla/5.0 AppleWebKit/537.36 (KHTML, like Gecko); compatible; ShapBot/0.1.0"
34.56.168.230 - - [23/Feb/2026:02:42:27 +0000] "GET /articles/iot-remote-patient-monitoring-the-285b-hospital-at-home-revolution HTTP/1.1" 301 5 "-" "Mozilla/5.0 AppleWebKit/537.36 (KHTML, like Gecko); compatible; ShapBot/0.1.0"
172.187.168.139 - - [23/Feb/2026:02:42:43 +0000] "POST /wp-cron.php?doing_wp_cron=1771814563.4941968917846679687500 HTTP/1.1" 200 31 "-" "WordPress/6.8.3; https://demo-doccurelanding-wp.dreamstechnologies.com"
34.60.131.171 - - [23/Feb/2026:02:42:43 +0000] "HEAD /articles/virtual-reality-in-healthcare-the-51b-immersive-medicine-revolution HTTP/1.1" 301 0 "-" "Mozilla/5.0 AppleWebKit/537.36 (KHTML, like Gecko); compatible; ShapBot/0.1.0"
23.236.55.230 - - [23/Feb/2026:02:42:43 +0000] "HEAD /articles/genomic-medicine-platforms-the-420b-personalized-healthcare-future HTTP/1.1" 301 0 "-" "Mozilla/5.0 AppleWebKit/537.36 (KHTML, like Gecko); compatible; ShapBot/0.1.0"
34.60.131.171 - - [23/Feb/2026:02:42:43 +0000] "GET /articles/virtual-reality-in-healthcare-the-51b-immersive-medicine-revolution HTTP/1.1" 301 5 "-" "Mozilla/5.0 AppleWebKit/537.36 (KHTML, like Gecko); compatible; ShapBot/0.1.0"
23.236.55.230 - - [23/Feb/2026:02:42:43 +0000] "GET /articles/genomic-medicine-platforms-the-420b-personalized-healthcare-future HTTP/1.1" 301 5 "-" "Mozilla/5.0 AppleWebKit/537.36 (KHTML, like Gecko); compatible; ShapBot/0.1.0"
23.236.55.230 - - [23/Feb/2026:02:43:14 +0000] "HEAD /case-studies/heading-insurance-integration-claims-processing-transformation HTTP/1.1" 301 0 "-" "Mozilla/5.0 AppleWebKit/537.36 (KHTML, like Gecko); compatible; ShapBot/0.1.0"
23.236.55.230 - - [23/Feb/2026:02:43:14 +0000] "GET /case-studies/heading-insurance-integration-claims-processing-transformation HTTP/1.1" 301 5 "-" "Mozilla/5.0 AppleWebKit/537.36 (KHTML, like Gecko); compatible; ShapBot/0.1.0"
172.187.168.139 - - [23/Feb/2026:02:52:38 +0000] "POST /wp-cron.php?doing_wp_cron=1771815158.6852951049804687500000 HTTP/1.1" 200 31 "-" "WordPress/6.8.3; https://demo-doccurelanding-wp.dreamstechnologies.com"
52.167.144.174 - - [23/Feb/2026:02:52:38 +0000] "GET /for-home-healthcare-providers/ HTTP/1.1" 200 16519 "-" "Mozilla/5.0 AppleWebKit/537.36 (KHTML, like Gecko; compatible; bingbot/2.0; +http://www.bing.com/bingbot.htm) Chrome/116.0.1938.76 Safari/537.36"
172.187.168.139 - - [23/Feb/2026:02:52:51 +0000] "POST /wp-cron.php?doing_wp_cron=1771815171.5539228916168212890625 HTTP/1.1" 200 31 "-" "WordPress/6.8.3; https://demo-doccurelanding-wp.dreamstechnologies.com"
2a03:2880:f800:45:: - - [23/Feb/2026:02:52:51 +0000] "GET /for-patients/ HTTP/1.1" 200 16470 "-" "meta-externalagent/1.1 (+https://developers.facebook.com/docs/sharing/webmasters/crawler)"
172.187.168.139 - - [23/Feb/2026:02:55:34 +0000] "POST /wp-cron.php?doing_wp_cron=1771815334.5697669982910156250000 HTTP/1.1" 200 31 "-" "WordPress/6.8.3; https://demo-doccurelanding-wp.dreamstechnologies.com"
34.60.131.171 - - [23/Feb/2026:02:55:34 +0000] "HEAD /articles/blockchain-healthcare-records-the-2028-trust-revolution HTTP/1.1" 301 0 "-" "Mozilla/5.0 AppleWebKit/537.36 (KHTML, like Gecko); compatible; ShapBot/0.1.0"
34.60.131.171 - - [23/Feb/2026:02:55:34 +0000] "GET /articles/blockchain-healthcare-records-the-2028-trust-revolution HTTP/1.1" 301 5 "-" "Mozilla/5.0 AppleWebKit/537.36 (KHTML, like Gecko); compatible; ShapBot/0.1.0"
172.187.168.139 - - [23/Feb/2026:02:55:42 +0000] "POST /wp-cron.php?doing_wp_cron=1771815342.1937758922576904296875 HTTP/1.1" 200 31 "-" "WordPress/6.8.3; https://demo-doccurelanding-wp.dreamstechnologies.com"
34.56.168.230 - - [23/Feb/2026:02:55:42 +0000] "HEAD /case-studies/dizbi-healthcare-multi-system-medicine-integration HTTP/1.1" 301 0 "-" "Mozilla/5.0 AppleWebKit/537.36 (KHTML, like Gecko); compatible; ShapBot/0.1.0"
34.56.168.230 - - [23/Feb/2026:02:55:42 +0000] "GET /case-studies/dizbi-healthcare-multi-system-medicine-integration HTTP/1.1" 301 5 "-" "Mozilla/5.0 AppleWebKit/537.36 (KHTML, like Gecko); compatible; ShapBot/0.1.0"
136.119.129.236 - - [23/Feb/2026:02:56:05 +0000] "HEAD /case-studies/heading-gene-clinic-dubai-family-centric-preventive-care HTTP/1.1" 301 0 "-" "Mozilla/5.0 AppleWebKit/537.36 (KHTML, like Gecko); compatible; ShapBot/0.1.0"
136.119.129.236 - - [23/Feb/2026:02:56:05 +0000] "GET /case-studies/heading-gene-clinic-dubai-family-centric-preventive-care HTTP/1.1" 301 5 "-" "Mozilla/5.0 AppleWebKit/537.36 (KHTML, like Gecko); compatible; ShapBot/0.1.0"
34.60.131.171 - - [23/Feb/2026:02:56:12 +0000] "HEAD /case-studies/kvoni-telehealth-rural-healthcare-transformation HTTP/1.1" 301 0 "-" "Mozilla/5.0 AppleWebKit/537.36 (KHTML, like Gecko); compatible; ShapBot/0.1.0"
34.60.131.171 - - [23/Feb/2026:02:56:13 +0000] "GET /case-studies/kvoni-telehealth-rural-healthcare-transformation HTTP/1.1" 301 5 "-" "Mozilla/5.0 AppleWebKit/537.36 (KHTML, like Gecko); compatible; ShapBot/0.1.0"
172.187.168.139 - - [23/Feb/2026:02:56:54 +0000] "POST /wp-cron.php?doing_wp_cron=1771815414.6769111156463623046875 HTTP/1.1" 200 31 "-" "WordPress/6.8.3; https://demo-doccurelanding-wp.dreamstechnologies.com"
34.63.117.220 - - [23/Feb/2026:02:56:54 +0000] "HEAD /articles/the-ai-physician-partnership-healthcares-next-evolution-2027-2030 HTTP/1.1" 301 0 "-" "Mozilla/5.0 AppleWebKit/537.36 (KHTML, like Gecko); compatible; ShapBot/0.1.0"
34.63.117.220 - - [23/Feb/2026:02:56:54 +0000] "GET /articles/the-ai-physician-partnership-healthcares-next-evolution-2027-2030 HTTP/1.1" 301 5 "-" "Mozilla/5.0 AppleWebKit/537.36 (KHTML, like Gecko); compatible; ShapBot/0.1.0"
172.187.168.139 - - [23/Feb/2026:03:05:57 +0000] "POST /wp-cron.php?doing_wp_cron=1771815957.6507980823516845703125 HTTP/1.1" 200 31 "-" "WordPress/6.8.3; https://demo-doccurelanding-wp.dreamstechnologies.com"
2a03:2880:f800:19:: - - [23/Feb/2026:03:05:57 +0000] "GET /category-sitemap.xml HTTP/1.1" 200 1294 "-" "meta-externalagent/1.1 (+https://developers.facebook.com/docs/sharing/webmasters/crawler)"
172.187.168.139 - - [23/Feb/2026:03:11:43 +0000] "POST /wp-cron.php?doing_wp_cron=1771816303.0104649066925048828125 HTTP/1.1" 200 31 "-" "WordPress/6.8.3; https://demo-doccurelanding-wp.dreamstechnologies.com"
2a03:2880:f800:1a:: - - [23/Feb/2026:03:11:43 +0000] "GET /improving-medication-adherence-strategies-that-work/ HTTP/1.1" 200 18669 "-" "meta-externalagent/1.1 (+https://developers.facebook.com/docs/sharing/webmasters/crawler)"
172.187.168.139 - - [23/Feb/2026:03:13:53 +0000] "POST /wp-cron.php?doing_wp_cron=1771816433.0649890899658203125000 HTTP/1.1" 200 31 "-" "WordPress/6.8.3; https://demo-doccurelanding-wp.dreamstechnologies.com"
2a03:2880:f800:15:: - - [23/Feb/2026:03:13:53 +0000] "GET /telemedicine/ HTTP/1.1" 200 21939 "-" "meta-externalagent/1.1 (+https://developers.facebook.com/docs/sharing/webmasters/crawler)"
172.187.168.139 - - [23/Feb/2026:03:21:53 +0000] "POST /wp-cron.php?doing_wp_cron=1771816913.4941589832305908203125 HTTP/1.1" 200 31 "-" "WordPress/6.8.3; https://demo-doccurelanding-wp.dreamstechnologies.com"
2a03:2880:f800:a:: - - [23/Feb/2026:03:21:53 +0000] "GET /pharmacy-integration/ HTTP/1.1" 200 16649 "-" "meta-externalagent/1.1 (+https://developers.facebook.com/docs/sharing/webmasters/crawler)"
172.187.168.139 - - [23/Feb/2026:03:26:52 +0000] "POST /wp-cron.php?doing_wp_cron=1771817212.2705099582672119140625 HTTP/1.1" 200 31 "-" "WordPress/6.8.3; https://demo-doccurelanding-wp.dreamstechnologies.com"
2a03:2880:f800:29:: - - [23/Feb/2026:03:26:52 +0000] "GET /staff-management/ HTTP/1.1" 200 16847 "-" "meta-externalagent/1.1 (+https://developers.facebook.com/docs/sharing/webmasters/crawler)"
172.187.168.139 - - [23/Feb/2026:03:30:10 +0000] "POST /wp-cron.php?doing_wp_cron=1771817410.3456230163574218750000 HTTP/1.1" 200 31 "-" "WordPress/6.8.3; https://demo-doccurelanding-wp.dreamstechnologies.com"
2a03:2880:f800:e:: - - [23/Feb/2026:03:30:10 +0000] "GET /author-sitemap.xml HTTP/1.1" 200 802 "-" "meta-externalagent/1.1 (+https://developers.facebook.com/docs/sharing/webmasters/crawler)"
2a03:2880:f800:36:: - - [23/Feb/2026:03:30:35 +0000] "GET /elderly-care/ HTTP/1.1" 200 37819 "-" "meta-externalagent/1.1 (+https://developers.facebook.com/docs/sharing/webmasters/crawler)"
172.187.168.139 - - [23/Feb/2026:03:34:10 +0000] "POST /wp-cron.php?doing_wp_cron=1771817650.7348830699920654296875 HTTP/1.1" 200 31 "-" "WordPress/6.8.3; https://demo-doccurelanding-wp.dreamstechnologies.com"
2a03:2880:f800:8:: - - [23/Feb/2026:03:34:11 +0000] "GET /page-sitemap.xml HTTP/1.1" 200 61647 "-" "meta-externalagent/1.1 (+https://developers.facebook.com/docs/sharing/webmasters/crawler)"
172.187.168.139 - - [23/Feb/2026:04:33:42 +0000] "POST /wp-cron.php?doing_wp_cron=1771821222.7759580612182617187500 HTTP/1.1" 200 31 "-" "WordPress/6.8.3; https://demo-doccurelanding-wp.dreamstechnologies.com"
2a03:2880:f800:42:: - - [23/Feb/2026:04:33:43 +0000] "GET /sample-page/ HTTP/1.1" 200 29673 "-" "meta-externalagent/1.1 (+https://developers.facebook.com/docs/sharing/webmasters/crawler)"
172.187.168.139 - - [23/Feb/2026:04:44:38 +0000] "POST /wp-cron.php?doing_wp_cron=1771821878.7874410152435302734375 HTTP/1.1" 200 31 "-" "WordPress/6.8.3; https://demo-doccurelanding-wp.dreamstechnologies.com"
2a03:2880:f800:32:: - - [23/Feb/2026:04:44:38 +0000] "GET /articles/iot-remote-patient-monitoring-the-285b-hospital-at-home-revolution/ HTTP/1.1" 200 19411 "-" "meta-externalagent/1.1 (+https://developers.facebook.com/docs/sharing/webmasters/crawler)"
172.187.168.139 - - [23/Feb/2026:05:27:23 +0000] "POST /wp-cron.php?doing_wp_cron=1771824443.9200880527496337890625 HTTP/1.1" 200 31 "-" "WordPress/6.8.3; https://demo-doccurelanding-wp.dreamstechnologies.com"
2a03:2880:f800:3f:: - - [23/Feb/2026:05:27:24 +0000] "GET /category/healthcare-technology/ HTTP/1.1" 200 18457 "-" "meta-externalagent/1.1 (+https://developers.facebook.com/docs/sharing/webmasters/crawler)"
172.187.168.139 - - [23/Feb/2026:05:41:51 +0000] "POST /wp-cron.php?doing_wp_cron=1771825311.5227770805358886718750 HTTP/1.1" 200 31 "-" "WordPress/6.8.3; https://demo-doccurelanding-wp.dreamstechnologies.com"
2a03:2880:f800:3a:: - - [23/Feb/2026:05:41:51 +0000] "GET / HTTP/1.1" 200 32471 "-" "meta-externalagent/1.1 (+https://developers.facebook.com/docs/sharing/webmasters/crawler)"
172.187.168.139 - - [23/Feb/2026:05:44:09 +0000] "POST /wp-cron.php?doing_wp_cron=1771825449.1041738986968994140625 HTTP/1.1" 200 31 "-" "WordPress/6.8.3; https://demo-doccurelanding-wp.dreamstechnologies.com"
2a03:2880:f800:16:: - - [23/Feb/2026:05:44:09 +0000] "GET /pediatric-care-old/ HTTP/1.1" 200 22056 "-" "meta-externalagent/1.1 (+https://developers.facebook.com/docs/sharing/webmasters/crawler)"
172.187.168.139 - - [23/Feb/2026:05:46:47 +0000] "POST /wp-cron.php?doing_wp_cron=1771825607.7966558933258056640625 HTTP/1.1" 200 31 "-" "WordPress/6.8.3; https://demo-doccurelanding-wp.dreamstechnologies.com"
2a03:2880:f800:25:: - - [23/Feb/2026:05:46:48 +0000] "GET /for-traditional-medicine-practitioners/ HTTP/1.1" 200 16525 "-" "meta-externalagent/1.1 (+https://developers.facebook.com/docs/sharing/webmasters/crawler)"
172.187.168.139 - - [23/Feb/2026:05:52:18 +0000] "POST /wp-cron.php?doing_wp_cron=1771825938.3149719238281250000000 HTTP/1.1" 200 31 "-" "WordPress/6.8.3; https://demo-doccurelanding-wp.dreamstechnologies.com"
2a03:2880:f800:6:: - - [23/Feb/2026:05:52:18 +0000] "GET /about-us-old/ HTTP/1.1" 200 21108 "-" "meta-externalagent/1.1 (+https://developers.facebook.com/docs/sharing/webmasters/crawler)"
172.187.168.139 - - [23/Feb/2026:06:03:20 +0000] "POST /wp-cron.php?doing_wp_cron=1771826600.0108990669250488281250 HTTP/1.1" 200 31 "-" "WordPress/6.8.3; https://demo-doccurelanding-wp.dreamstechnologies.com"
2a03:2880:f800:7:: - - [23/Feb/2026:06:03:20 +0000] "GET /research-institutions/ HTTP/1.1" 200 22316 "-" "meta-externalagent/1.1 (+https://developers.facebook.com/docs/sharing/webmasters/crawler)"
172.187.168.139 - - [23/Feb/2026:06:30:47 +0000] "POST /wp-cron.php?doing_wp_cron=1771828247.3269410133361816406250 HTTP/1.1" 200 31 "-" "WordPress/6.8.3; https://demo-doccurelanding-wp.dreamstechnologies.com"
2a03:2880:f800:29:: - - [23/Feb/2026:06:30:47 +0000] "GET /mental-health-services/ HTTP/1.1" 200 22968 "-" "meta-externalagent/1.1 (+https://developers.facebook.com/docs/sharing/webmasters/crawler)"
172.187.168.139 - - [23/Feb/2026:06:33:31 +0000] "POST /wp-cron.php?doing_wp_cron=1771828411.8646590709686279296875 HTTP/1.1" 200 31 "-" "WordPress/6.8.3; https://demo-doccurelanding-wp.dreamstechnologies.com"
2a03:2880:f800:3a:: - - [23/Feb/2026:06:33:32 +0000] "GET /for-hospitals-clinics/ HTTP/1.1" 200 26429 "-" "meta-externalagent/1.1 (+https://developers.facebook.com/docs/sharing/webmasters/crawler)"
172.187.168.139 - - [23/Feb/2026:06:40:29 +0000] "POST /wp-cron.php?doing_wp_cron=1771828829.5942940711975097656250 HTTP/1.1" 200 31 "-" "WordPress/6.8.3; https://demo-doccurelanding-wp.dreamstechnologies.com"
2a03:2880:f800:11:: - - [23/Feb/2026:06:40:29 +0000] "GET /laboratory-integration/ HTTP/1.1" 200 16620 "-" "meta-externalagent/1.1 (+https://developers.facebook.com/docs/sharing/webmasters/crawler)"
172.187.168.139 - - [23/Feb/2026:06:40:46 +0000] "POST /wp-cron.php?doing_wp_cron=1771828846.0343310832977294921875 HTTP/1.1" 200 31 "-" "WordPress/6.8.3; https://demo-doccurelanding-wp.dreamstechnologies.com"
2a03:2880:f800:32:: - - [23/Feb/2026:06:40:46 +0000] "GET /article-sitemap.xml HTTP/1.1" 200 1678 "-" "meta-externalagent/1.1 (+https://developers.facebook.com/docs/sharing/webmasters/crawler)"
172.187.168.139 - - [23/Feb/2026:06:44:50 +0000] "POST /wp-cron.php?doing_wp_cron=1771829090.6608710289001464843750 HTTP/1.1" 200 31 "-" "WordPress/6.8.3; https://demo-doccurelanding-wp.dreamstechnologies.com"
2a03:2880:f800:20:: - - [23/Feb/2026:06:44:50 +0000] "GET /articles/genomic-medicine-platforms-the-420b-personalized-healthcare-future/ HTTP/1.1" 200 19526 "-" "meta-externalagent/1.1 (+https://developers.facebook.com/docs/sharing/webmasters/crawler)"
172.187.168.139 - - [23/Feb/2026:06:47:08 +0000] "POST /wp-cron.php?doing_wp_cron=1771829228.3242659568786621093750 HTTP/1.1" 200 31 "-" "WordPress/6.8.3; https://demo-doccurelanding-wp.dreamstechnologies.com"
2a03:2880:f800:2d:: - - [23/Feb/2026:06:47:08 +0000] "GET /articles/virtual-reality-in-healthcare-the-51b-immersive-medicine-revolution/ HTTP/1.1" 200 19908 "-" "meta-externalagent/1.1 (+https://developers.facebook.com/docs/sharing/webmasters/crawler)"
172.187.168.139 - - [23/Feb/2026:07:00:27 +0000] "POST /wp-cron.php?doing_wp_cron=1771830027.4613490104675292968750 HTTP/1.1" 200 31 "-" "WordPress/6.8.3; https://demo-doccurelanding-wp.dreamstechnologies.com"
2a03:2880:f800:3c:: - - [23/Feb/2026:07:00:27 +0000] "GET /blogs-insights/ HTTP/1.1" 200 20124 "-" "meta-externalagent/1.1 (+https://developers.facebook.com/docs/sharing/webmasters/crawler)"
172.187.168.139 - - [23/Feb/2026:07:40:18 +0000] "POST /wp-cron.php?doing_wp_cron=1771832418.3760609626770019531250 HTTP/1.1" 200 31 "-" "WordPress/6.8.3; https://demo-doccurelanding-wp.dreamstechnologies.com"
2a03:2880:f800:16:: - - [23/Feb/2026:07:40:18 +0000] "GET /for-patients-families/ HTTP/1.1" 200 24480 "-" "meta-externalagent/1.1 (+https://developers.facebook.com/docs/sharing/webmasters/crawler)"
172.187.168.139 - - [23/Feb/2026:07:43:15 +0000] "POST /wp-cron.php?doing_wp_cron=1771832595.3616700172424316406250 HTTP/1.1" 200 31 "-" "WordPress/6.8.3; https://demo-doccurelanding-wp.dreamstechnologies.com"
2a03:2880:f800:34:: - - [23/Feb/2026:07:43:15 +0000] "GET /appointment-booking/ HTTP/1.1" 200 17186 "-" "meta-externalagent/1.1 (+https://developers.facebook.com/docs/sharing/webmasters/crawler)"
172.187.168.139 - - [23/Feb/2026:08:02:45 +0000] "POST /wp-cron.php?doing_wp_cron=1771833765.3559598922729492187500 HTTP/1.1" 200 31 "-" "WordPress/6.8.3; https://demo-doccurelanding-wp.dreamstechnologies.com"
2a03:2880:f800:24:: - - [23/Feb/2026:08:02:45 +0000] "GET /remote-patient-monitoring/ HTTP/1.1" 200 23187 "-" "meta-externalagent/1.1 (+https://developers.facebook.com/docs/sharing/webmasters/crawler)"
172.187.168.139 - - [23/Feb/2026:08:05:11 +0000] "POST /wp-cron.php?doing_wp_cron=1771833911.1533830165863037109375 HTTP/1.1" 200 31 "-" "WordPress/6.8.3; https://demo-doccurelanding-wp.dreamstechnologies.com"
2a03:2880:f800:1e:: - - [23/Feb/2026:08:05:11 +0000] "GET /ai-assisted-diagnostics/ HTTP/1.1" 200 17179 "-" "meta-externalagent/1.1 (+https://developers.facebook.com/docs/sharing/webmasters/crawler)"
172.187.168.139 - - [23/Feb/2026:08:31:49 +0000] "POST /wp-cron.php?doing_wp_cron=1771835509.7092680931091308593750 HTTP/1.1" 200 31 "-" "WordPress/6.8.3; https://demo-doccurelanding-wp.dreamstechnologies.com"
47.128.44.219 - - [23/Feb/2026:08:31:49 +0000] "GET /robots.txt HTTP/1.1" 200 214 "-" "Mozilla/5.0 (Linux; Android 5.0) AppleWebKit/537.36 (KHTML, like Gecko) Mobile Safari/537.36 (compatible; Bytespider; [email protected])"
172.187.168.139 - - [23/Feb/2026:08:34:20 +0000] "POST /wp-cron.php?doing_wp_cron=1771835660.3874950408935546875000 HTTP/1.1" 200 31 "-" "WordPress/6.8.3; https://demo-doccurelanding-wp.dreamstechnologies.com"
2a03:2880:f800:42:: - - [23/Feb/2026:08:34:21 +0000] "GET /chronic-disease-management/ HTTP/1.1" 200 32580 "-" "meta-externalagent/1.1 (+https://developers.facebook.com/docs/sharing/webmasters/crawler)"
172.187.168.139 - - [23/Feb/2026:08:38:10 +0000] "POST /wp-cron.php?doing_wp_cron=1771835890.1870889663696289062500 HTTP/1.1" 200 31 "-" "WordPress/6.8.3; https://demo-doccurelanding-wp.dreamstechnologies.com"
2a03:2880:f800:2c:: - - [23/Feb/2026:08:38:10 +0000] "GET /predictive-health-analytics/ HTTP/1.1" 200 17704 "-" "meta-externalagent/1.1 (+https://developers.facebook.com/docs/sharing/webmasters/crawler)"
172.187.168.139 - - [23/Feb/2026:08:43:16 +0000] "POST /wp-cron.php?doing_wp_cron=1771836196.0856769084930419921875 HTTP/1.1" 200 31 "-" "WordPress/6.8.3; https://demo-doccurelanding-wp.dreamstechnologies.com"
2a03:2880:f800:18:: - - [23/Feb/2026:08:43:16 +0000] "GET /research-institutions-old/ HTTP/1.1" 200 21210 "-" "meta-externalagent/1.1 (+https://developers.facebook.com/docs/sharing/webmasters/crawler)"
172.187.168.139 - - [23/Feb/2026:08:43:54 +0000] "POST /wp-cron.php?doing_wp_cron=1771836234.7661468982696533203125 HTTP/1.1" 200 31 "-" "WordPress/6.8.3; https://demo-doccurelanding-wp.dreamstechnologies.com"
2a03:2880:f800:3:: - - [23/Feb/2026:08:43:54 +0000] "GET /category/clinical-practice/ HTTP/1.1" 200 18422 "-" "meta-externalagent/1.1 (+https://developers.facebook.com/docs/sharing/webmasters/crawler)"
172.187.168.139 - - [23/Feb/2026:08:47:51 +0000] "POST /wp-cron.php?doing_wp_cron=1771836471.7209370136260986328125 HTTP/1.1" 200 31 "-" "WordPress/6.8.3; https://demo-doccurelanding-wp.dreamstechnologies.com"
2a03:2880:f800:3a:: - - [23/Feb/2026:08:47:52 +0000] "GET /by-industry/ HTTP/1.1" 200 21872 "-" "meta-externalagent/1.1 (+https://developers.facebook.com/docs/sharing/webmasters/crawler)"
2a03:2880:f800:35:: - - [23/Feb/2026:08:48:06 +0000] "GET /ownership-vs-subscription-the-true-cost-of-healthcare-software/ HTTP/1.1" 200 18491 "-" "meta-externalagent/1.1 (+https://developers.facebook.com/docs/sharing/webmasters/crawler)"
172.187.168.139 - - [23/Feb/2026:08:50:30 +0000] "POST /wp-cron.php?doing_wp_cron=1771836630.1354079246520996093750 HTTP/1.1" 200 31 "-" "WordPress/6.8.3; https://demo-doccurelanding-wp.dreamstechnologies.com"
47.128.96.191 - - [23/Feb/2026:08:50:30 +0000] "GET /book-a-demo/ HTTP/1.1" 200 19763 "-" "Mozilla/5.0 (Linux; Android 5.0) AppleWebKit/537.36 (KHTML, like Gecko) Mobile Safari/537.36 (compatible; TikTokSpider; [email protected])"
47.128.96.191 - - [23/Feb/2026:08:50:34 +0000] "GET /wp-content/uploads/elementor/css/post-617.css?ver=1764935812 HTTP/1.1" 200 1119 "https://demo-doccurelanding-wp.dreamstechnologies.com/book-a-demo/" "Mozilla/5.0 (Linux; Android 5.0) AppleWebKit/537.36 (KHTML, like Gecko) Mobile Safari/537.36 (compatible; TikTokSpider; [email protected])"
47.128.96.191 - - [23/Feb/2026:08:50:34 +0000] "GET /wp-content/uploads/elementor/css/post-7.css?ver=1764932169 HTTP/1.1" 200 1168 "https://demo-doccurelanding-wp.dreamstechnologies.com/book-a-demo/" "Mozilla/5.0 (Linux; Android 5.0) AppleWebKit/537.36 (KHTML, like Gecko) Mobile Safari/537.36 (compatible; TikTokSpider; [email protected])"
47.128.96.191 - - [23/Feb/2026:08:50:34 +0000] "GET /wp-content/plugins/elementor/assets/css/widget-heading.min.css?ver=3.33.1 HTTP/1.1" 200 560 "https://demo-doccurelanding-wp.dreamstechnologies.com/book-a-demo/" "Mozilla/5.0 (Linux; Android 5.0) AppleWebKit/537.36 (KHTML, like Gecko) Mobile Safari/537.36 (compatible; TikTokSpider; [email protected])"
47.128.96.191 - - [23/Feb/2026:08:50:35 +0000] "GET /wp-content/uploads/2025/11/demo-icon-02.svg HTTP/1.1" 200 66751 "https://demo-doccurelanding-wp.dreamstechnologies.com/book-a-demo/" "Mozilla/5.0 (Linux; Android 5.0) AppleWebKit/537.36 (KHTML, like Gecko) Mobile Safari/537.36 (compatible; TikTokSpider; [email protected])"
47.128.96.191 - - [23/Feb/2026:08:50:35 +0000] "GET /wp-content/uploads/2025/11/demo-icon-03.svg HTTP/1.1" 200 64512 "https://demo-doccurelanding-wp.dreamstechnologies.com/book-a-demo/" "Mozilla/5.0 (Linux; Android 5.0) AppleWebKit/537.36 (KHTML, like Gecko) Mobile Safari/537.36 (compatible; TikTokSpider; [email protected])"
47.128.96.191 - - [23/Feb/2026:08:50:35 +0000] "GET /wp-content/uploads/2025/11/demo-icon-04.svg HTTP/1.1" 200 30196 "https://demo-doccurelanding-wp.dreamstechnologies.com/book-a-demo/" "Mozilla/5.0 (Linux; Android 5.0) AppleWebKit/537.36 (KHTML, like Gecko) Mobile Safari/537.36 (compatible; TikTokSpider; [email protected])"
47.128.96.191 - - [23/Feb/2026:08:50:35 +0000] "GET /wp-content/uploads/2025/11/demo-icon-01.svg HTTP/1.1" 200 54079 "https://demo-doccurelanding-wp.dreamstechnologies.com/book-a-demo/" "Mozilla/5.0 (Linux; Android 5.0) AppleWebKit/537.36 (KHTML, like Gecko) Mobile Safari/537.36 (compatible; TikTokSpider; [email protected])"
47.128.96.191 - - [23/Feb/2026:08:50:35 +0000] "GET /wp-content/uploads/2025/11/demo-icon-06.svg HTTP/1.1" 200 46436 "https://demo-doccurelanding-wp.dreamstechnologies.com/book-a-demo/" "Mozilla/5.0 (Linux; Android 5.0) AppleWebKit/537.36 (KHTML, like Gecko) Mobile Safari/537.36 (compatible; TikTokSpider; [email protected])"
47.128.96.191 - - [23/Feb/2026:08:50:35 +0000] "GET /wp-content/uploads/2025/11/demo-icon-05.svg HTTP/1.1" 200 34452 "https://demo-doccurelanding-wp.dreamstechnologies.com/book-a-demo/" "Mozilla/5.0 (Linux; Android 5.0) AppleWebKit/537.36 (KHTML, like Gecko) Mobile Safari/537.36 (compatible; TikTokSpider; [email protected])"
172.187.168.139 - - [23/Feb/2026:08:58:20 +0000] "POST /wp-cron.php?doing_wp_cron=1771837100.2428369522094726562500 HTTP/1.1" 200 31 "-" "WordPress/6.8.3; https://demo-doccurelanding-wp.dreamstechnologies.com"
2a03:2880:f800:40:: - - [23/Feb/2026:08:58:20 +0000] "GET /for-laboratories-old/ HTTP/1.1" 200 22359 "-" "meta-externalagent/1.1 (+https://developers.facebook.com/docs/sharing/webmasters/crawler)"
172.187.168.139 - - [23/Feb/2026:09:02:30 +0000] "POST /wp-cron.php?doing_wp_cron=1771837350.4540519714355468750000 HTTP/1.1" 200 31 "-" "WordPress/6.8.3; https://demo-doccurelanding-wp.dreamstechnologies.com"
2a03:2880:f800:42:: - - [23/Feb/2026:09:02:30 +0000] "GET /remote-patient-monitoring-roi-analysis-for-clinics/ HTTP/1.1" 200 18551 "-" "meta-externalagent/1.1 (+https://developers.facebook.com/docs/sharing/webmasters/crawler)"
172.187.168.139 - - [23/Feb/2026:09:04:30 +0000] "POST /wp-cron.php?doing_wp_cron=1771837470.8842380046844482421875 HTTP/1.1" 200 31 "-" "WordPress/6.8.3; https://demo-doccurelanding-wp.dreamstechnologies.com"
2a03:2880:f800:5:: - - [23/Feb/2026:09:04:31 +0000] "GET /family-centric-healthcare-why-its-the-future-of-practice-growth/ HTTP/1.1" 200 18551 "-" "meta-externalagent/1.1 (+https://developers.facebook.com/docs/sharing/webmasters/crawler)"
172.187.168.139 - - [23/Feb/2026:09:04:56 +0000] "POST /wp-cron.php?doing_wp_cron=1771837496.8358809947967529296875 HTTP/1.1" 200 31 "-" "WordPress/6.8.3; https://demo-doccurelanding-wp.dreamstechnologies.com"
2a03:2880:f800:: - - [23/Feb/2026:09:04:57 +0000] "GET /for-home-healthcare-providers/ HTTP/1.1" 200 16514 "-" "meta-externalagent/1.1 (+https://developers.facebook.com/docs/sharing/webmasters/crawler)"
172.187.168.139 - - [23/Feb/2026:09:08:04 +0000] "POST /wp-cron.php?doing_wp_cron=1771837684.8006739616394042968750 HTTP/1.1" 200 31 "-" "WordPress/6.8.3; https://demo-doccurelanding-wp.dreamstechnologies.com"
47.128.96.197 - - [23/Feb/2026:09:08:04 +0000] "GET /robots.txt HTTP/1.1" 200 214 "-" "Go-http-client/2.0"
172.187.168.139 - - [23/Feb/2026:09:12:35 +0000] "POST /wp-cron.php?doing_wp_cron=1771837954.9587640762329101562500 HTTP/1.1" 200 31 "-" "WordPress/6.8.3; https://demo-doccurelanding-wp.dreamstechnologies.com"
2a03:2880:f800:3b:: - - [23/Feb/2026:09:12:35 +0000] "GET /about-us/ HTTP/1.1" 200 20358 "-" "meta-externalagent/1.1 (+https://developers.facebook.com/docs/sharing/webmasters/crawler)"
172.187.168.139 - - [23/Feb/2026:09:16:32 +0000] "POST /wp-cron.php?doing_wp_cron=1771838192.7260529994964599609375 HTTP/1.1" 200 31 "-" "WordPress/6.8.3; https://demo-doccurelanding-wp.dreamstechnologies.com"
2a03:2880:f800:42:: - - [23/Feb/2026:09:16:32 +0000] "GET /telemedicine-compliance-checklist-hipaa-gdpr-and-beyond/ HTTP/1.1" 200 18656 "-" "meta-externalagent/1.1 (+https://developers.facebook.com/docs/sharing/webmasters/crawler)"
172.187.168.139 - - [23/Feb/2026:09:19:43 +0000] "POST /wp-cron.php?doing_wp_cron=1771838383.3727319240570068359375 HTTP/1.1" 200 31 "-" "WordPress/6.8.3; https://demo-doccurelanding-wp.dreamstechnologies.com"
2a03:2880:f800:a:: - - [23/Feb/2026:09:19:43 +0000] "GET /corporate-healthcare-old/ HTTP/1.1" 200 16807 "-" "meta-externalagent/1.1 (+https://developers.facebook.com/docs/sharing/webmasters/crawler)"
172.187.168.139 - - [23/Feb/2026:09:23:25 +0000] "POST /wp-cron.php?doing_wp_cron=1771838605.7985239028930664062500 HTTP/1.1" 200 31 "-" "WordPress/6.8.3; https://demo-doccurelanding-wp.dreamstechnologies.com"
2a03:2880:f800:3a:: - - [23/Feb/2026:09:23:26 +0000] "GET /elderly-care-old/ HTTP/1.1" 200 31824 "-" "meta-externalagent/1.1 (+https://developers.facebook.com/docs/sharing/webmasters/crawler)"
172.187.168.139 - - [23/Feb/2026:09:24:08 +0000] "POST /wp-cron.php?doing_wp_cron=1771838648.1318919658660888671875 HTTP/1.1" 200 31 "-" "WordPress/6.8.3; https://demo-doccurelanding-wp.dreamstechnologies.com"
2a03:2880:f800:41:: - - [23/Feb/2026:09:24:08 +0000] "GET /iot-medical-devices/ HTTP/1.1" 200 16839 "-" "meta-externalagent/1.1 (+https://developers.facebook.com/docs/sharing/webmasters/crawler)"
172.187.168.139 - - [23/Feb/2026:09:25:42 +0000] "POST /wp-cron.php?doing_wp_cron=1771838742.8675870895385742187500 HTTP/1.1" 200 31 "-" "WordPress/6.8.3; https://demo-doccurelanding-wp.dreamstechnologies.com"
2a03:2880:f800:a:: - - [23/Feb/2026:09:25:43 +0000] "GET /ai-vital-sign-monitoring/ HTTP/1.1" 200 18139 "-" "meta-externalagent/1.1 (+https://developers.facebook.com/docs/sharing/webmasters/crawler)"
172.187.168.139 - - [23/Feb/2026:10:14:21 +0000] "POST /wp-cron.php?doing_wp_cron=1771841661.6115920543670654296875 HTTP/1.1" 200 31 "-" "WordPress/6.8.3; https://demo-doccurelanding-wp.dreamstechnologies.com"
2a03:2880:f800:a:: - - [23/Feb/2026:10:14:22 +0000] "GET /insurance-companies-old/ HTTP/1.1" 200 21072 "-" "meta-externalagent/1.1 (+https://developers.facebook.com/docs/sharing/webmasters/crawler)"
172.187.168.139 - - [23/Feb/2026:10:14:56 +0000] "POST /wp-cron.php?doing_wp_cron=1771841696.1697509288787841796875 HTTP/1.1" 200 31 "-" "WordPress/6.8.3; https://demo-doccurelanding-wp.dreamstechnologies.com"
2a03:2880:f800:: - - [23/Feb/2026:10:14:56 +0000] "GET /post-sitemap.xml HTTP/1.1" 200 2662 "-" "meta-externalagent/1.1 (+https://developers.facebook.com/docs/sharing/webmasters/crawler)"
172.187.168.139 - - [23/Feb/2026:10:21:03 +0000] "POST /wp-cron.php?doing_wp_cron=1771842063.5603859424591064453125 HTTP/1.1" 200 31 "-" "WordPress/6.8.3; https://demo-doccurelanding-wp.dreamstechnologies.com"
2a03:2880:f800:9:: - - [23/Feb/2026:10:21:03 +0000] "GET /integrating-traditional-and-modern-medicine-a-practical-guide/ HTTP/1.1" 200 18569 "-" "meta-externalagent/1.1 (+https://developers.facebook.com/docs/sharing/webmasters/crawler)"
172.187.168.139 - - [23/Feb/2026:10:27:40 +0000] "POST /wp-cron.php?doing_wp_cron=1771842460.2303359508514404296875 HTTP/1.1" 200 31 "-" "WordPress/6.8.3; https://demo-doccurelanding-wp.dreamstechnologies.com"
2a03:2880:f800:20:: - - [23/Feb/2026:10:27:40 +0000] "GET /sitemap_index.xml HTTP/1.1" 200 1259 "-" "meta-externalagent/1.1 (+https://developers.facebook.com/docs/sharing/webmasters/crawler)"
172.187.168.139 - - [23/Feb/2026:10:33:41 +0000] "POST /wp-cron.php?doing_wp_cron=1771842821.8434090614318847656250 HTTP/1.1" 200 31 "-" "WordPress/6.8.3; https://demo-doccurelanding-wp.dreamstechnologies.com"
2a03:2880:f800:4:: - - [23/Feb/2026:10:33:42 +0000] "GET /category/business-operations/ HTTP/1.1" 200 18266 "-" "meta-externalagent/1.1 (+https://developers.facebook.com/docs/sharing/webmasters/crawler)"
172.187.168.139 - - [23/Feb/2026:11:17:47 +0000] "POST /wp-cron.php?doing_wp_cron=1771845467.2141211032867431640625 HTTP/1.1" 200 31 "-" "WordPress/6.8.3; https://demo-doccurelanding-wp.dreamstechnologies.com"
2a03:2880:f800:8:: - - [23/Feb/2026:11:17:47 +0000] "GET /medical-tourism/ HTTP/1.1" 200 22242 "-" "meta-externalagent/1.1 (+https://developers.facebook.com/docs/sharing/webmasters/crawler)"
172.187.168.139 - - [23/Feb/2026:11:24:35 +0000] "POST /wp-cron.php?doing_wp_cron=1771845875.3337950706481933593750 HTTP/1.1" 200 31 "-" "WordPress/6.8.3; https://demo-doccurelanding-wp.dreamstechnologies.com"
2a03:2880:f800:22:: - - [23/Feb/2026:11:24:35 +0000] "GET /payment-gateways/ HTTP/1.1" 200 16734 "-" "meta-externalagent/1.1 (+https://developers.facebook.com/docs/sharing/webmasters/crawler)"
172.187.168.139 - - [23/Feb/2026:11:40:24 +0000] "POST /wp-cron.php?doing_wp_cron=1771846824.5592451095581054687500 HTTP/1.1" 200 31 "-" "WordPress/6.8.3; https://demo-doccurelanding-wp.dreamstechnologies.com"
2a03:2880:f800:c:: - - [23/Feb/2026:11:40:24 +0000] "GET /business-value-roi/ HTTP/1.1" 200 19390 "-" "meta-externalagent/1.1 (+https://developers.facebook.com/docs/sharing/webmasters/crawler)"
172.187.168.139 - - [23/Feb/2026:11:44:23 +0000] "POST /wp-cron.php?doing_wp_cron=1771847063.6913270950317382812500 HTTP/1.1" 200 31 "-" "WordPress/6.8.3; https://demo-doccurelanding-wp.dreamstechnologies.com"
2a03:2880:f800:5:: - - [23/Feb/2026:11:44:23 +0000] "GET /resources/ HTTP/1.1" 200 16214 "-" "meta-externalagent/1.1 (+https://developers.facebook.com/docs/sharing/webmasters/crawler)"
172.187.168.139 - - [23/Feb/2026:11:58:25 +0000] "POST /wp-cron.php?doing_wp_cron=1771847905.1645309925079345703125 HTTP/1.1" 200 31 "-" "WordPress/6.8.3; https://demo-doccurelanding-wp.dreamstechnologies.com"
2a03:2880:f800:3d:: - - [23/Feb/2026:11:58:25 +0000] "GET /remote-patient-monitoring-old/ HTTP/1.1" 200 21816 "-" "meta-externalagent/1.1 (+https://developers.facebook.com/docs/sharing/webmasters/crawler)"
172.187.168.139 - - [23/Feb/2026:12:02:54 +0000] "POST /wp-cron.php?doing_wp_cron=1771848174.4776310920715332031250 HTTP/1.1" 200 31 "-" "WordPress/6.8.3; https://demo-doccurelanding-wp.dreamstechnologies.com"
2a03:2880:f800:36:: - - [23/Feb/2026:12:02:54 +0000] "GET /stress-hrv-analysis/ HTTP/1.1" 200 17476 "-" "meta-externalagent/1.1 (+https://developers.facebook.com/docs/sharing/webmasters/crawler)"
172.187.168.139 - - [23/Feb/2026:12:30:35 +0000] "POST /wp-cron.php?doing_wp_cron=1771849835.1469979286193847656250 HTTP/1.1" 200 31 "-" "WordPress/6.8.3; https://demo-doccurelanding-wp.dreamstechnologies.com"
2a03:2880:f800:2c:: - - [23/Feb/2026:12:30:35 +0000] "GET /corporate-healthcare-old-2/ HTTP/1.1" 200 23968 "-" "meta-externalagent/1.1 (+https://developers.facebook.com/docs/sharing/webmasters/crawler)"
172.187.168.139 - - [23/Feb/2026:12:40:36 +0000] "POST /wp-cron.php?doing_wp_cron=1771850436.9140079021453857421875 HTTP/1.1" 200 31 "-" "WordPress/6.8.3; https://demo-doccurelanding-wp.dreamstechnologies.com"
2a03:2880:f800:5:: - - [23/Feb/2026:12:40:37 +0000] "GET /post-operative-care/ HTTP/1.1" 200 23078 "-" "meta-externalagent/1.1 (+https://developers.facebook.com/docs/sharing/webmasters/crawler)"
172.187.168.139 - - [23/Feb/2026:12:49:51 +0000] "POST /wp-cron.php?doing_wp_cron=1771850991.2187139987945556640625 HTTP/1.1" 200 31 "-" "WordPress/6.8.3; https://demo-doccurelanding-wp.dreamstechnologies.com"
2a03:2880:f800:2d:: - - [23/Feb/2026:12:49:51 +0000] "GET /for-laboratories/ HTTP/1.1" 200 24252 "-" "meta-externalagent/1.1 (+https://developers.facebook.com/docs/sharing/webmasters/crawler)"
172.187.168.139 - - [23/Feb/2026:12:54:00 +0000] "POST /wp-cron.php?doing_wp_cron=1771851240.3867371082305908203125 HTTP/1.1" 200 31 "-" "WordPress/6.8.3; https://demo-doccurelanding-wp.dreamstechnologies.com"
2a03:2880:f800:25:: - - [23/Feb/2026:12:54:00 +0000] "GET /screen-sharing/ HTTP/1.1" 200 16466 "-" "meta-externalagent/1.1 (+https://developers.facebook.com/docs/sharing/webmasters/crawler)"
172.187.168.139 - - [23/Feb/2026:12:55:33 +0000] "POST /wp-cron.php?doing_wp_cron=1771851333.1493380069732666015625 HTTP/1.1" 200 31 "-" "WordPress/6.8.3; https://demo-doccurelanding-wp.dreamstechnologies.com"
2a03:2880:f800:e:: - - [23/Feb/2026:12:55:33 +0000] "GET /business-benefits/ HTTP/1.1" 200 19483 "-" "meta-externalagent/1.1 (+https://developers.facebook.com/docs/sharing/webmasters/crawler)"
172.187.168.139 - - [23/Feb/2026:13:21:15 +0000] "POST /wp-cron.php?doing_wp_cron=1771852875.2768681049346923828125 HTTP/1.1" 200 31 "-" "WordPress/6.8.3; https://demo-doccurelanding-wp.dreamstechnologies.com"
2a03:2880:f800:23:: - - [23/Feb/2026:13:21:15 +0000] "GET /e-prescriptions/ HTTP/1.1" 200 16546 "-" "meta-externalagent/1.1 (+https://developers.facebook.com/docs/sharing/webmasters/crawler)"
172.187.168.139 - - [23/Feb/2026:13:33:44 +0000] "POST /wp-cron.php?doing_wp_cron=1771853624.7849760055541992187500 HTTP/1.1" 200 31 "-" "WordPress/6.8.3; https://demo-doccurelanding-wp.dreamstechnologies.com"
2a03:2880:f800:2b:: - - [23/Feb/2026:13:33:45 +0000] "GET /rural-healthcare/ HTTP/1.1" 200 24724 "-" "meta-externalagent/1.1 (+https://developers.facebook.com/docs/sharing/webmasters/crawler)"
172.187.168.139 - - [23/Feb/2026:13:36:42 +0000] "POST /wp-cron.php?doing_wp_cron=1771853802.1818709373474121093750 HTTP/1.1" 200 31 "-" "WordPress/6.8.3; https://demo-doccurelanding-wp.dreamstechnologies.com"
2a03:2880:f800:3e:: - - [23/Feb/2026:13:36:42 +0000] "GET /preventive-healthcare/ HTTP/1.1" 200 23829 "-" "meta-externalagent/1.1 (+https://developers.facebook.com/docs/sharing/webmasters/crawler)"
172.187.168.139 - - [23/Feb/2026:13:43:21 +0000] "POST /wp-cron.php?doing_wp_cron=1771854201.7750909328460693359375 HTTP/1.1" 200 31 "-" "WordPress/6.8.3; https://demo-doccurelanding-wp.dreamstechnologies.com"
2a03:2880:f800:13:: - - [23/Feb/2026:13:43:22 +0000] "GET /for-solo-practitioners/ HTTP/1.1" 200 22589 "-" "meta-externalagent/1.1 (+https://developers.facebook.com/docs/sharing/webmasters/crawler)"
172.187.168.139 - - [23/Feb/2026:14:04:33 +0000] "POST /wp-cron.php?doing_wp_cron=1771855473.5411529541015625000000 HTTP/1.1" 200 31 "-" "WordPress/6.8.3; https://demo-doccurelanding-wp.dreamstechnologies.com"
2a03:2880:f800:1:: - - [23/Feb/2026:14:04:33 +0000] "GET /multi-specialty-hospitals/ HTTP/1.1" 200 22339 "-" "meta-externalagent/1.1 (+https://developers.facebook.com/docs/sharing/webmasters/crawler)"
172.187.168.139 - - [23/Feb/2026:14:08:58 +0000] "POST /wp-cron.php?doing_wp_cron=1771855738.5242619514465332031250 HTTP/1.1" 200 31 "-" "WordPress/6.8.3; https://demo-doccurelanding-wp.dreamstechnologies.com"
2a03:2880:f800:1b:: - - [23/Feb/2026:14:08:58 +0000] "GET /case-studies/dizbi-healthcare-multi-system-medicine-integration/ HTTP/1.1" 200 18941 "-" "meta-externalagent/1.1 (+https://developers.facebook.com/docs/sharing/webmasters/crawler)"
172.187.168.139 - - [23/Feb/2026:14:23:18 +0000] "POST /wp-cron.php?doing_wp_cron=1771856598.7725310325622558593750 HTTP/1.1" 200 31 "-" "WordPress/6.8.3; https://demo-doccurelanding-wp.dreamstechnologies.com"
2a03:2880:f800:44:: - - [23/Feb/2026:14:23:19 +0000] "GET /for-pharmacies-old/ HTTP/1.1" 200 22539 "-" "meta-externalagent/1.1 (+https://developers.facebook.com/docs/sharing/webmasters/crawler)"
172.187.168.139 - - [23/Feb/2026:14:24:21 +0000] "POST /wp-cron.php?doing_wp_cron=1771856661.3505599498748779296875 HTTP/1.1" 200 31 "-" "WordPress/6.8.3; https://demo-doccurelanding-wp.dreamstechnologies.com"
2a03:2880:f800:2f:: - - [23/Feb/2026:14:24:21 +0000] "GET /hl7-fhir-explained-why-interoperability-matters-for-your-practice/ HTTP/1.1" 200 18862 "-" "meta-externalagent/1.1 (+https://developers.facebook.com/docs/sharing/webmasters/crawler)"
172.187.168.139 - - [23/Feb/2026:14:41:19 +0000] "POST /wp-cron.php?doing_wp_cron=1771857679.5036299228668212890625 HTTP/1.1" 200 31 "-" "WordPress/6.8.3; https://demo-doccurelanding-wp.dreamstechnologies.com"
2a03:2880:f800:24:: - - [23/Feb/2026:14:41:19 +0000] "GET /case_study-sitemap.xml HTTP/1.1" 200 1451 "-" "meta-externalagent/1.1 (+https://developers.facebook.com/docs/sharing/webmasters/crawler)"
172.187.168.139 - - [23/Feb/2026:14:49:07 +0000] "POST /wp-cron.php?doing_wp_cron=1771858147.5129690170288085937500 HTTP/1.1" 200 31 "-" "WordPress/6.8.3; https://demo-doccurelanding-wp.dreamstechnologies.com"
2a03:2880:f800:45:: - - [23/Feb/2026:14:49:07 +0000] "GET /rural-healthcare-old/ HTTP/1.1" 200 23135 "-" "meta-externalagent/1.1 (+https://developers.facebook.com/docs/sharing/webmasters/crawler)"
172.187.168.139 - - [23/Feb/2026:15:02:22 +0000] "POST /wp-cron.php?doing_wp_cron=1771858942.1136250495910644531250 HTTP/1.1" 200 31 "-" "WordPress/6.8.3; https://demo-doccurelanding-wp.dreamstechnologies.com"
2a03:2880:f800:21:: - - [23/Feb/2026:15:02:22 +0000] "GET /government-healthcare-old/ HTTP/1.1" 200 19369 "-" "meta-externalagent/1.1 (+https://developers.facebook.com/docs/sharing/webmasters/crawler)"
172.187.168.139 - - [23/Feb/2026:15:06:53 +0000] "POST /wp-cron.php?doing_wp_cron=1771859213.8373150825500488281250 HTTP/1.1" 200 31 "-" "WordPress/6.8.3; https://demo-doccurelanding-wp.dreamstechnologies.com"
2a03:2880:f800:34:: - - [23/Feb/2026:15:06:54 +0000] "GET /book-a-demo/ HTTP/1.1" 200 19723 "-" "meta-externalagent/1.1 (+https://developers.facebook.com/docs/sharing/webmasters/crawler)"
172.187.168.139 - - [23/Feb/2026:15:18:04 +0000] "POST /wp-cron.php?doing_wp_cron=1771859884.8801219463348388671875 HTTP/1.1" 200 31 "-" "WordPress/6.8.3; https://demo-doccurelanding-wp.dreamstechnologies.com"
2a03:2880:f800:6:: - - [23/Feb/2026:15:18:05 +0000] "GET /case-studies/heading-gene-clinic-dubai-family-centric-preventive-care/ HTTP/1.1" 200 18864 "-" "meta-externalagent/1.1 (+https://developers.facebook.com/docs/sharing/webmasters/crawler)"
172.187.168.139 - - [23/Feb/2026:15:20:49 +0000] "POST /wp-cron.php?doing_wp_cron=1771860049.2123639583587646484375 HTTP/1.1" 200 31 "-" "WordPress/6.8.3; https://demo-doccurelanding-wp.dreamstechnologies.com"
2a03:2880:f800:3e:: - - [23/Feb/2026:15:20:49 +0000] "GET /add-on-modules-old/ HTTP/1.1" 200 20187 "-" "meta-externalagent/1.1 (+https://developers.facebook.com/docs/sharing/webmasters/crawler)"
2a03:2880:f800:40:: - - [23/Feb/2026:15:21:27 +0000] "GET /research-article/ HTTP/1.1" 200 17966 "-" "meta-externalagent/1.1 (+https://developers.facebook.com/docs/sharing/webmasters/crawler)"
172.187.168.139 - - [23/Feb/2026:15:51:47 +0000] "POST /wp-cron.php?doing_wp_cron=1771861907.0558700561523437500000 HTTP/1.1" 200 31 "-" "WordPress/6.8.3; https://demo-doccurelanding-wp.dreamstechnologies.com"
2a03:2880:f800:16:: - - [23/Feb/2026:15:51:47 +0000] "GET /government-health-portals/ HTTP/1.1" 200 16733 "-" "meta-externalagent/1.1 (+https://developers.facebook.com/docs/sharing/webmasters/crawler)"
172.187.168.139 - - [23/Feb/2026:19:43:44 +0000] "POST /wp-cron.php?doing_wp_cron=1771875824.0562679767608642578125 HTTP/1.1" 200 31 "-" "WordPress/6.8.3; https://demo-doccurelanding-wp.dreamstechnologies.com"
2a03:2880:3ff:71:: - - [23/Feb/2026:19:43:44 +0000] "GET /robots.txt HTTP/1.1" 200 214 "-" "facebookexternalhit/1.1 (+http://www.facebook.com/externalhit_uatext.php)"
172.187.168.139 - - [23/Feb/2026:23:19:46 +0000] "POST /wp-cron.php?doing_wp_cron=1771888786.3102331161499023437500 HTTP/1.1" 200 31 "-" "WordPress/6.8.3; https://demo-doccurelanding-wp.dreamstechnologies.com"
2a03:2880:f800:28:: - - [23/Feb/2026:23:19:46 +0000] "GET /medical-report-upload/ HTTP/1.1" 200 16619 "-" "meta-externalagent/1.1 (+https://developers.facebook.com/docs/sharing/webmasters/crawler)"
172.187.168.139 - - [23/Feb/2026:23:24:40 +0000] "POST /wp-cron.php?doing_wp_cron=1771889080.8135008811950683593750 HTTP/1.1" 200 31 "-" "WordPress/6.8.3; https://demo-doccurelanding-wp.dreamstechnologies.com"
2a03:2880:f800:a:: - - [23/Feb/2026:23:24:41 +0000] "GET /mental-health-services-old/ HTTP/1.1" 200 22192 "-" "meta-externalagent/1.1 (+https://developers.facebook.com/docs/sharing/webmasters/crawler)"
172.187.168.139 - - [23/Feb/2026:23:37:49 +0000] "POST /wp-cron.php?doing_wp_cron=1771889869.1489269733428955078125 HTTP/1.1" 200 31 "-" "WordPress/6.8.3; https://demo-doccurelanding-wp.dreamstechnologies.com"
2a03:2880:f800:20:: - - [23/Feb/2026:23:37:49 +0000] "GET /client-testimonials/ HTTP/1.1" 200 24385 "-" "meta-externalagent/1.1 (+https://developers.facebook.com/docs/sharing/webmasters/crawler)"
172.187.168.139 - - [23/Feb/2026:23:41:22 +0000] "POST /wp-cron.php?doing_wp_cron=1771890082.2916119098663330078125 HTTP/1.1" 200 31 "-" "WordPress/6.8.3; https://demo-doccurelanding-wp.dreamstechnologies.com"
2a03:2880:f800:29:: - - [23/Feb/2026:23:41:23 +0000] "GET /ai-innovation-old/ HTTP/1.1" 200 27818 "-" "meta-externalagent/1.1 (+https://developers.facebook.com/docs/sharing/webmasters/crawler)"
172.187.168.139 - - [23/Feb/2026:23:42:32 +0000] "POST /wp-cron.php?doing_wp_cron=1771890151.9621400833129882812500 HTTP/1.1" 200 31 "-" "WordPress/6.8.3; https://demo-doccurelanding-wp.dreamstechnologies.com"
2a03:2880:f800:3b:: - - [23/Feb/2026:23:42:32 +0000] "GET /articles/blockchain-healthcare-records-the-2028-trust-revolution/ HTTP/1.1" 200 18919 "-" "meta-externalagent/1.1 (+https://developers.facebook.com/docs/sharing/webmasters/crawler)"