File: //var/log/nginx/dev-dreamslms-wp_access.log.1
172.187.168.139 - - [23/Feb/2026:02:38:43 +0000] "POST /wp-cron.php?doing_wp_cron=1771814323.9177849292755126953125 HTTP/1.1" 200 31 "-" "WordPress/6.9; https://dev-dreamslms-wp.dreamstechnologies.com"
5.35.38.15 - - [23/Feb/2026:02:38:43 +0000] "GET /brango-casino-bonuses-overview/ HTTP/1.1" 200 30071 "https://dev-dreamslms-wp.dreamstechnologies.com/" "Mozilla/5.0 (Macintosh; Intel Mac OS X 12_5) AppleWebKit/537.36 (KHTML, like Gecko) Chrome/114.0.0.0 Safari/537.36 Edg/114.0.1264.71"
5.35.38.15 - - [23/Feb/2026:02:38:45 +0000] "GET /wp-login.php HTTP/1.1" 200 2572 "https://dev-dreamslms-wp.dreamstechnologies.com/brango-casino-bonuses-overview/" "Mozilla/5.0 (Windows NT 6.3; Win64; x64) AppleWebKit/537.36 (KHTML, like Gecko) Chrome/103.0.0.0 Safari/537.36"
5.35.38.15 - - [23/Feb/2026:02:38:46 +0000] "GET /wp-login.php HTTP/1.1" 200 2572 "https://dev-dreamslms-wp.dreamstechnologies.com/wp-login.php" "Mozilla/5.0 (Windows NT 6.3; Win64; x64) AppleWebKit/537.36 (KHTML, like Gecko) Chrome/103.0.0.0 Safari/537.36"
5.35.38.15 - - [23/Feb/2026:02:38:46 +0000] "GET /wp-includes/css/dashicons.min.css?ver=6.9 HTTP/1.1" 304 0 "https://dev-dreamslms-wp.dreamstechnologies.com/wp-login.php" "Mozilla/5.0 (Windows NT 10.0; Win64; x64) AppleWebKit/537.36 (KHTML, like Gecko) Chrome/143.0.0.0 Safari/537.36"
5.35.38.15 - - [23/Feb/2026:02:38:46 +0000] "GET /wp-includes/css/buttons.min.css?ver=6.9 HTTP/1.1" 304 0 "https://dev-dreamslms-wp.dreamstechnologies.com/wp-login.php" "Mozilla/5.0 (Windows NT 10.0; Win64; x64) AppleWebKit/537.36 (KHTML, like Gecko) Chrome/143.0.0.0 Safari/537.36"
5.35.38.15 - - [23/Feb/2026:02:38:46 +0000] "GET /wp-admin/css/forms.min.css?ver=6.9 HTTP/1.1" 304 0 "https://dev-dreamslms-wp.dreamstechnologies.com/wp-login.php" "Mozilla/5.0 (Windows NT 10.0; Win64; x64) AppleWebKit/537.36 (KHTML, like Gecko) Chrome/143.0.0.0 Safari/537.36"
5.35.38.15 - - [23/Feb/2026:02:38:46 +0000] "GET /wp-admin/css/l10n.min.css?ver=6.9 HTTP/1.1" 304 0 "https://dev-dreamslms-wp.dreamstechnologies.com/wp-login.php" "Mozilla/5.0 (Windows NT 10.0; Win64; x64) AppleWebKit/537.36 (KHTML, like Gecko) Chrome/143.0.0.0 Safari/537.36"
5.35.38.15 - - [23/Feb/2026:02:38:46 +0000] "GET /wp-admin/css/login.min.css?ver=6.9 HTTP/1.1" 304 0 "https://dev-dreamslms-wp.dreamstechnologies.com/wp-login.php" "Mozilla/5.0 (Windows NT 10.0; Win64; x64) AppleWebKit/537.36 (KHTML, like Gecko) Chrome/143.0.0.0 Safari/537.36"
5.35.38.15 - - [23/Feb/2026:02:38:48 +0000] "POST /wp-login.php HTTP/1.1" 200 2724 "https://dev-dreamslms-wp.dreamstechnologies.com/wp-login.php" "Mozilla/5.0 (Windows NT 6.3; Win64; x64) AppleWebKit/537.36 (KHTML, like Gecko) Chrome/103.0.0.0 Safari/537.36"
172.187.168.139 - - [23/Feb/2026:02:41:30 +0000] "POST /wp-cron.php?doing_wp_cron=1771814490.0483670234680175781250 HTTP/1.1" 200 31 "-" "WordPress/6.9; https://dev-dreamslms-wp.dreamstechnologies.com"
5.35.38.15 - - [23/Feb/2026:02:41:30 +0000] "GET /scarab-wins-casino-play-now/ HTTP/1.1" 200 27663 "https://dev-dreamslms-wp.dreamstechnologies.com/" "Mozilla/5.0 (Macintosh; Intel Mac OS X 12_5) AppleWebKit/537.36 (KHTML, like Gecko) Chrome/114.0.0.0 Safari/537.36 Edg/114.0.1264.71"
5.35.38.15 - - [23/Feb/2026:02:41:31 +0000] "GET /wp-login.php HTTP/1.1" 200 2572 "https://dev-dreamslms-wp.dreamstechnologies.com/scarab-wins-casino-play-now/" "Mozilla/5.0 (Windows NT 6.3; Win64; x64) AppleWebKit/537.36 (KHTML, like Gecko) Chrome/103.0.0.0 Safari/537.36"
5.35.38.15 - - [23/Feb/2026:02:41:32 +0000] "GET /wp-login.php HTTP/1.1" 200 2572 "https://dev-dreamslms-wp.dreamstechnologies.com/wp-login.php" "Mozilla/5.0 (Windows NT 6.3; Win64; x64) AppleWebKit/537.36 (KHTML, like Gecko) Chrome/103.0.0.0 Safari/537.36"
5.35.38.15 - - [23/Feb/2026:02:41:33 +0000] "POST /wp-login.php HTTP/1.1" 200 2724 "https://dev-dreamslms-wp.dreamstechnologies.com/wp-login.php" "Mozilla/5.0 (Windows NT 6.3; Win64; x64) AppleWebKit/537.36 (KHTML, like Gecko) Chrome/103.0.0.0 Safari/537.36"
172.187.168.139 - - [23/Feb/2026:02:42:47 +0000] "POST /wp-cron.php?doing_wp_cron=1771814567.4056010246276855468750 HTTP/1.1" 200 31 "-" "WordPress/6.9; https://dev-dreamslms-wp.dreamstechnologies.com"
5.35.38.15 - - [23/Feb/2026:02:42:47 +0000] "GET /roseville-casino-play-now-for-real-wins/ HTTP/1.1" 200 25910 "https://dev-dreamslms-wp.dreamstechnologies.com/" "Mozilla/5.0 (Macintosh; Intel Mac OS X 12_5) AppleWebKit/537.36 (KHTML, like Gecko) Chrome/114.0.0.0 Safari/537.36 Edg/114.0.1264.71"
5.35.38.15 - - [23/Feb/2026:02:42:48 +0000] "GET /wp-login.php HTTP/1.1" 200 2572 "https://dev-dreamslms-wp.dreamstechnologies.com/roseville-casino-play-now-for-real-wins/" "Mozilla/5.0 (Windows NT 6.3; Win64; x64) AppleWebKit/537.36 (KHTML, like Gecko) Chrome/103.0.0.0 Safari/537.36"
5.35.38.15 - - [23/Feb/2026:02:42:49 +0000] "GET /wp-login.php HTTP/1.1" 200 2572 "https://dev-dreamslms-wp.dreamstechnologies.com/wp-login.php" "Mozilla/5.0 (Windows NT 6.3; Win64; x64) AppleWebKit/537.36 (KHTML, like Gecko) Chrome/103.0.0.0 Safari/537.36"
5.35.38.15 - - [23/Feb/2026:02:42:51 +0000] "POST /wp-login.php HTTP/1.1" 200 2724 "https://dev-dreamslms-wp.dreamstechnologies.com/wp-login.php" "Mozilla/5.0 (Windows NT 6.3; Win64; x64) AppleWebKit/537.36 (KHTML, like Gecko) Chrome/103.0.0.0 Safari/537.36"
5.35.38.15 - - [23/Feb/2026:02:43:12 +0000] "GET /spin-mobile-casino-experience/ HTTP/1.1" 200 30650 "https://dev-dreamslms-wp.dreamstechnologies.com/" "Mozilla/5.0 (Macintosh; Intel Mac OS X 12_5) AppleWebKit/537.36 (KHTML, like Gecko) Chrome/114.0.0.0 Safari/537.36 Edg/114.0.1264.71"
5.35.38.15 - - [23/Feb/2026:02:43:13 +0000] "GET /wp-login.php HTTP/1.1" 200 2572 "https://dev-dreamslms-wp.dreamstechnologies.com/spin-mobile-casino-experience/" "Mozilla/5.0 (Windows NT 6.3; Win64; x64) AppleWebKit/537.36 (KHTML, like Gecko) Chrome/103.0.0.0 Safari/537.36"
5.35.38.15 - - [23/Feb/2026:02:43:14 +0000] "GET /wp-login.php HTTP/1.1" 200 2572 "https://dev-dreamslms-wp.dreamstechnologies.com/wp-login.php" "Mozilla/5.0 (Windows NT 6.3; Win64; x64) AppleWebKit/537.36 (KHTML, like Gecko) Chrome/103.0.0.0 Safari/537.36"
5.35.38.15 - - [23/Feb/2026:02:43:15 +0000] "POST /wp-login.php HTTP/1.1" 200 2724 "https://dev-dreamslms-wp.dreamstechnologies.com/wp-login.php" "Mozilla/5.0 (Windows NT 6.3; Win64; x64) AppleWebKit/537.36 (KHTML, like Gecko) Chrome/103.0.0.0 Safari/537.36"
172.187.168.139 - - [23/Feb/2026:04:47:13 +0000] "POST /wp-cron.php?doing_wp_cron=1771822033.1117351055145263671875 HTTP/1.1" 200 31 "-" "WordPress/6.9; https://dev-dreamslms-wp.dreamstechnologies.com"
135.181.180.59 - - [23/Feb/2026:04:47:13 +0000] "GET /robots.txt HTTP/1.1" 200 354 "-" "Mozilla/5.0 (compatible; MJ12bot/v1.4.8; http://mj12bot.com/)"
135.181.180.59 - - [23/Feb/2026:04:47:16 +0000] "GET /course-category/angular/?redirect_to=https://dev-dreamslms-wp.dreamstechnologies.com/course-category/angular/ HTTP/1.1" 200 22772 "-" "Mozilla/5.0 (compatible; MJ12bot/v1.4.8; http://mj12bot.com/)"
135.181.180.59 - - [23/Feb/2026:04:47:19 +0000] "GET /course-category/bootstrap/?redirect_to=https://dev-dreamslms-wp.dreamstechnologies.com/course-category/bootstrap/ HTTP/1.1" 200 22780 "-" "Mozilla/5.0 (compatible; MJ12bot/v1.4.8; http://mj12bot.com/)"
135.181.180.59 - - [23/Feb/2026:04:47:22 +0000] "GET /course-category/bootstrap/?tutor-course-filter-category=47 HTTP/1.1" 200 22753 "-" "Mozilla/5.0 (compatible; MJ12bot/v1.4.8; http://mj12bot.com/)"
135.181.180.59 - - [23/Feb/2026:04:47:25 +0000] "GET /course-category/bootstrap/?tutor-course-filter-category=47/feed/ HTTP/1.1" 200 22769 "-" "Mozilla/5.0 (compatible; MJ12bot/v1.4.8; http://mj12bot.com/)"
135.181.180.59 - - [23/Feb/2026:04:47:28 +0000] "GET /course-category/css3/?tutor-course-filter-category=53 HTTP/1.1" 200 22770 "-" "Mozilla/5.0 (compatible; MJ12bot/v1.4.8; http://mj12bot.com/)"
172.187.168.139 - - [23/Feb/2026:04:47:32 +0000] "POST /wp-cron.php?doing_wp_cron=1771822052.0680129528045654296875 HTTP/1.1" 200 31 "-" "WordPress/6.9; https://dev-dreamslms-wp.dreamstechnologies.com"
135.181.180.59 - - [23/Feb/2026:04:47:32 +0000] "GET /course-category/css3/?tutor-course-filter-category=53/feed/ HTTP/1.1" 200 22781 "-" "Mozilla/5.0 (compatible; MJ12bot/v1.4.8; http://mj12bot.com/)"
135.181.180.59 - - [23/Feb/2026:04:47:35 +0000] "GET /course-category/docker-development/?redirect_to=https://dev-dreamslms-wp.dreamstechnologies.com/course-category/docker-development/ HTTP/1.1" 200 22485 "-" "Mozilla/5.0 (compatible; MJ12bot/v1.4.8; http://mj12bot.com/)"
135.181.180.59 - - [23/Feb/2026:04:47:43 +0000] "GET /course-category/docker-development/?tutor-course-filter-category=20 HTTP/1.1" 200 22444 "-" "Mozilla/5.0 (compatible; MJ12bot/v1.4.8; http://mj12bot.com/)"
135.181.180.59 - - [23/Feb/2026:04:47:46 +0000] "GET /course-category/docker-development/?tutor-course-filter-category=20/feed/ HTTP/1.1" 200 22459 "-" "Mozilla/5.0 (compatible; MJ12bot/v1.4.8; http://mj12bot.com/)"
135.181.180.59 - - [23/Feb/2026:04:47:54 +0000] "GET /course-category/gatsby/?redirect_to=https://dev-dreamslms-wp.dreamstechnologies.com/course-category/gatsby/ HTTP/1.1" 200 21864 "-" "Mozilla/5.0 (compatible; MJ12bot/v1.4.8; http://mj12bot.com/)"
135.181.180.59 - - [23/Feb/2026:04:47:57 +0000] "GET /course-category/gatsby/?tutor-course-filter-category=52 HTTP/1.1" 200 21833 "-" "Mozilla/5.0 (compatible; MJ12bot/v1.4.8; http://mj12bot.com/)"
135.181.180.59 - - [23/Feb/2026:04:47:59 +0000] "GET /course-category/gatsby/?tutor-course-filter-category=52/feed/ HTTP/1.1" 200 21847 "-" "Mozilla/5.0 (compatible; MJ12bot/v1.4.8; http://mj12bot.com/)"
135.181.180.59 - - [23/Feb/2026:04:48:03 +0000] "GET /course-category/graphql/?redirect_to=https://dev-dreamslms-wp.dreamstechnologies.com/course-category/graphql/ HTTP/1.1" 200 22322 "-" "Mozilla/5.0 (compatible; MJ12bot/v1.4.8; http://mj12bot.com/)"
135.181.180.59 - - [23/Feb/2026:04:48:08 +0000] "GET /course-category/graphql/?tutor-course-filter-category=49 HTTP/1.1" 200 22288 "-" "Mozilla/5.0 (compatible; MJ12bot/v1.4.8; http://mj12bot.com/)"
135.181.180.59 - - [23/Feb/2026:04:48:11 +0000] "GET /course-category/graphql/?tutor-course-filter-category=49/feed/ HTTP/1.1" 200 22304 "-" "Mozilla/5.0 (compatible; MJ12bot/v1.4.8; http://mj12bot.com/)"
135.181.180.59 - - [23/Feb/2026:04:48:15 +0000] "GET /course-category/javascript/?redirect_to=https://dev-dreamslms-wp.dreamstechnologies.com/course-category/javascript/ HTTP/1.1" 200 23404 "-" "Mozilla/5.0 (compatible; MJ12bot/v1.4.8; http://mj12bot.com/)"
135.181.180.59 - - [23/Feb/2026:04:48:18 +0000] "GET /course-category/javascript/?tutor-course-filter-category=46 HTTP/1.1" 200 23378 "-" "Mozilla/5.0 (compatible; MJ12bot/v1.4.8; http://mj12bot.com/)"
135.181.180.59 - - [23/Feb/2026:04:48:21 +0000] "GET /course-category/javascript/?tutor-course-filter-category=46/feed/ HTTP/1.1" 200 23390 "-" "Mozilla/5.0 (compatible; MJ12bot/v1.4.8; http://mj12bot.com/)"
135.181.180.59 - - [23/Feb/2026:04:48:24 +0000] "GET /course-category/node-js-frontend/?redirect_to=https://dev-dreamslms-wp.dreamstechnologies.com/course-category/node-js-frontend/ HTTP/1.1" 200 22882 "-" "Mozilla/5.0 (compatible; MJ12bot/v1.4.8; http://mj12bot.com/)"
135.181.180.59 - - [23/Feb/2026:04:48:27 +0000] "GET /course-category/node-js-frontend/?tutor-course-filter-category=21 HTTP/1.1" 200 22844 "-" "Mozilla/5.0 (compatible; MJ12bot/v1.4.8; http://mj12bot.com/)"
172.187.168.139 - - [23/Feb/2026:04:48:30 +0000] "POST /wp-cron.php?doing_wp_cron=1771822110.1169049739837646484375 HTTP/1.1" 200 31 "-" "WordPress/6.9; https://dev-dreamslms-wp.dreamstechnologies.com"
135.181.180.59 - - [23/Feb/2026:04:48:30 +0000] "GET /course-category/node-js-frontend/?tutor-course-filter-category=21/feed/ HTTP/1.1" 200 22857 "-" "Mozilla/5.0 (compatible; MJ12bot/v1.4.8; http://mj12bot.com/)"
135.181.180.59 - - [23/Feb/2026:04:48:32 +0000] "GET /course-category/node/?redirect_to=https://dev-dreamslms-wp.dreamstechnologies.com/course-category/node/ HTTP/1.1" 200 22852 "-" "Mozilla/5.0 (compatible; MJ12bot/v1.4.8; http://mj12bot.com/)"
135.181.180.59 - - [23/Feb/2026:04:48:36 +0000] "GET /course-category/node/?tutor-course-filter-category=55 HTTP/1.1" 200 22819 "-" "Mozilla/5.0 (compatible; MJ12bot/v1.4.8; http://mj12bot.com/)"
135.181.180.59 - - [23/Feb/2026:04:48:42 +0000] "GET /course-category/node/?tutor-course-filter-category=55/feed/ HTTP/1.1" 200 22836 "-" "Mozilla/5.0 (compatible; MJ12bot/v1.4.8; http://mj12bot.com/)"
135.181.180.59 - - [23/Feb/2026:04:48:45 +0000] "GET /course-category/python-development/?redirect_to=https://dev-dreamslms-wp.dreamstechnologies.com/course-category/python-development/ HTTP/1.1" 200 22911 "-" "Mozilla/5.0 (compatible; MJ12bot/v1.4.8; http://mj12bot.com/)"
135.181.180.59 - - [23/Feb/2026:04:48:48 +0000] "GET /course-category/python-development/?tutor-course-filter-category=23 HTTP/1.1" 200 22874 "-" "Mozilla/5.0 (compatible; MJ12bot/v1.4.8; http://mj12bot.com/)"
135.181.180.59 - - [23/Feb/2026:04:49:01 +0000] "GET /course-category/react-native/?redirect_to=https://dev-dreamslms-wp.dreamstechnologies.com/course-category/react-native/ HTTP/1.1" 200 22471 "-" "Mozilla/5.0 (compatible; MJ12bot/v1.4.8; http://mj12bot.com/)"
135.181.180.59 - - [23/Feb/2026:04:49:04 +0000] "GET /course-category/react-native/?tutor-course-filter-category=56 HTTP/1.1" 200 22444 "-" "Mozilla/5.0 (compatible; MJ12bot/v1.4.8; http://mj12bot.com/)"
135.181.180.59 - - [23/Feb/2026:04:49:07 +0000] "GET /course-category/react-native/?tutor-course-filter-category=56/feed/ HTTP/1.1" 200 22458 "-" "Mozilla/5.0 (compatible; MJ12bot/v1.4.8; http://mj12bot.com/)"
135.181.180.59 - - [23/Feb/2026:04:49:10 +0000] "GET /course-category/react/?tutor-course-filter-category=48 HTTP/1.1" 200 22827 "-" "Mozilla/5.0 (compatible; MJ12bot/v1.4.8; http://mj12bot.com/)"
135.181.180.59 - - [23/Feb/2026:04:49:13 +0000] "GET /course-category/react/?tutor-course-filter-category=48/feed/ HTTP/1.1" 200 22840 "-" "Mozilla/5.0 (compatible; MJ12bot/v1.4.8; http://mj12bot.com/)"
135.181.180.59 - - [23/Feb/2026:04:49:16 +0000] "GET /course-category/swift-development/?redirect_to=https://dev-dreamslms-wp.dreamstechnologies.com/course-category/swift-development/ HTTP/1.1" 200 21701 "-" "Mozilla/5.0 (compatible; MJ12bot/v1.4.8; http://mj12bot.com/)"
135.181.180.59 - - [23/Feb/2026:04:49:19 +0000] "GET /course-category/swift-development/?tutor-course-filter-category=22 HTTP/1.1" 200 21670 "-" "Mozilla/5.0 (compatible; MJ12bot/v1.4.8; http://mj12bot.com/)"
135.181.180.59 - - [23/Feb/2026:04:49:23 +0000] "GET /course-category/swift-development/?tutor-course-filter-category=22/feed/ HTTP/1.1" 200 21683 "-" "Mozilla/5.0 (compatible; MJ12bot/v1.4.8; http://mj12bot.com/)"
135.181.180.59 - - [23/Feb/2026:04:49:26 +0000] "GET /course-category/ux-ui-designer/?redirect_to=https://dev-dreamslms-wp.dreamstechnologies.com/course-category/ux-ui-designer/ HTTP/1.1" 200 21880 "-" "Mozilla/5.0 (compatible; MJ12bot/v1.4.8; http://mj12bot.com/)"
135.181.180.59 - - [23/Feb/2026:04:49:29 +0000] "GET /course-category/ux-ui-designer/?tutor-course-filter-category=31 HTTP/1.1" 200 21850 "-" "Mozilla/5.0 (compatible; MJ12bot/v1.4.8; http://mj12bot.com/)"
172.187.168.139 - - [23/Feb/2026:04:49:32 +0000] "POST /wp-cron.php?doing_wp_cron=1771822172.2220718860626220703125 HTTP/1.1" 200 31 "-" "WordPress/6.9; https://dev-dreamslms-wp.dreamstechnologies.com"
135.181.180.59 - - [23/Feb/2026:04:49:32 +0000] "GET /course-category/ux-ui-designer/?tutor-course-filter-category=31/feed/ HTTP/1.1" 200 21863 "-" "Mozilla/5.0 (compatible; MJ12bot/v1.4.8; http://mj12bot.com/)"
135.181.180.59 - - [23/Feb/2026:04:49:35 +0000] "GET /course-category/wordpress/?redirect_to=https://dev-dreamslms-wp.dreamstechnologies.com/course-category/wordpress/ HTTP/1.1" 200 22921 "-" "Mozilla/5.0 (compatible; MJ12bot/v1.4.8; http://mj12bot.com/)"
135.181.180.59 - - [23/Feb/2026:04:49:38 +0000] "GET /course-category/wordpress/?tutor-course-filter-category=54 HTTP/1.1" 200 22889 "-" "Mozilla/5.0 (compatible; MJ12bot/v1.4.8; http://mj12bot.com/)"
135.181.180.59 - - [23/Feb/2026:04:49:40 +0000] "GET /course-category/wordpress/?tutor-course-filter-category=54/feed/ HTTP/1.1" 200 22900 "-" "Mozilla/5.0 (compatible; MJ12bot/v1.4.8; http://mj12bot.com/)"
135.181.180.59 - - [23/Feb/2026:04:49:44 +0000] "GET /courses/?current_page=2 HTTP/1.1" 200 27881 "-" "Mozilla/5.0 (compatible; MJ12bot/v1.4.8; http://mj12bot.com/)"
135.181.180.59 - - [23/Feb/2026:04:49:47 +0000] "GET /courses/?current_page=2&redirect_to=https://dev-dreamslms-wp.dreamstechnologies.com/courses/ HTTP/1.1" 200 27933 "-" "Mozilla/5.0 (compatible; MJ12bot/v1.4.8; http://mj12bot.com/)"
135.181.180.59 - - [23/Feb/2026:04:49:50 +0000] "GET /courses/?redirect_to=https://dev-dreamslms-wp.dreamstechnologies.com/courses/ HTTP/1.1" 200 27938 "-" "Mozilla/5.0 (compatible; MJ12bot/v1.4.8; http://mj12bot.com/)"
172.187.168.139 - - [23/Feb/2026:06:40:50 +0000] "POST /wp-cron.php?doing_wp_cron=1771828850.1450788974761962890625 HTTP/1.1" 200 31 "-" "WordPress/6.9; https://dev-dreamslms-wp.dreamstechnologies.com"
2001:41d0:303:c26::1 - - [23/Feb/2026:06:40:50 +0000] "GET /robots.txt HTTP/1.1" 200 354 "-" "Mozilla/5.0 (compatible; MJ12bot/v1.4.8; http://mj12bot.com/)"
2001:41d0:303:c26::1 - - [23/Feb/2026:06:40:52 +0000] "GET /%D0%B7%D0%B5%D1%80%D0%BA%D0%B0%D0%BB%D0%BE-2026-kraken-%D1%81%D1%81%D1%8B%D0%BB%D0%BA%D0%B0-onion/ HTTP/1.1" 200 22491 "-" "Mozilla/5.0 (compatible; MJ12bot/v1.4.8; http://mj12bot.com/)"
2001:41d0:303:c26::1 - - [23/Feb/2026:06:40:55 +0000] "GET /%D0%B7%D0%B5%D1%80%D0%BA%D0%B0%D0%BB%D0%BE-2026-kraken-%D1%81%D1%81%D1%8B%D0%BB%D0%BA%D0%B0-onion/feed/ HTTP/1.1" 200 1021 "-" "Mozilla/5.0 (compatible; MJ12bot/v1.4.8; http://mj12bot.com/)"
2001:41d0:303:c26::1 - - [23/Feb/2026:06:40:57 +0000] "GET /register/?redirect_to=https://dev-dreamslms-wp.dreamstechnologies.com/register/ HTTP/1.1" 200 17396 "-" "Mozilla/5.0 (compatible; MJ12bot/v1.4.8; http://mj12bot.com/)"
172.187.168.139 - - [23/Feb/2026:07:48:01 +0000] "POST /wp-cron.php?doing_wp_cron=1771832881.6163320541381835937500 HTTP/1.1" 200 31 "-" "WordPress/6.9; https://dev-dreamslms-wp.dreamstechnologies.com"
203.18.218.75 - - [23/Feb/2026:07:48:01 +0000] "GET /wp-login.php HTTP/1.1" 200 2572 "-" "Mozilla/5.0 (X11; Linux x86_64) AppleWebKit/537.36 (KHTML, like Gecko) Chrome/134.0.0.0 Safari/537.36"
203.18.218.75 - - [23/Feb/2026:07:48:03 +0000] "POST /wp-login.php HTTP/1.1" 200 2708 "-" "Mozilla/5.0 (X11; Linux x86_64) AppleWebKit/537.36 (KHTML, like Gecko) Chrome/134.0.0.0 Safari/537.36"
203.18.218.75 - - [23/Feb/2026:07:48:04 +0000] "GET /wp-admin/ HTTP/1.1" 302 5 "-" "Mozilla/5.0 (X11; Linux x86_64) AppleWebKit/537.36 (KHTML, like Gecko) Chrome/134.0.0.0 Safari/537.36"
203.18.218.75 - - [23/Feb/2026:07:48:05 +0000] "GET /wp-login.php?redirect_to=https%3A%2F%2Fdev-dreamslms-wp.dreamstechnologies.com%2Fwp-admin%2F&reauth=1 HTTP/1.1" 200 2583 "-" "Mozilla/5.0 (X11; Linux x86_64) AppleWebKit/537.36 (KHTML, like Gecko) Chrome/134.0.0.0 Safari/537.36"
172.187.168.139 - - [23/Feb/2026:07:48:07 +0000] "POST /wp-admin/admin-ajax.php?action=wp_1_wc_privacy_cleanup&nonce=3a9a7956bb HTTP/1.1" 200 31 "-" "WordPress/6.9; https://dev-dreamslms-wp.dreamstechnologies.com"
66.249.70.164 - - [23/Feb/2026:09:51:06 +0000] "GET /wp-content/plugins/tutor/assets/images/addons/tutor-certificate/thumbnail.png HTTP/1.1" 200 1315 "-" "Googlebot-Image/1.0"
172.187.168.139 - - [23/Feb/2026:10:28:56 +0000] "POST /wp-cron.php?doing_wp_cron=1771842536.2479679584503173828125 HTTP/1.1" 200 31 "-" "WordPress/6.9; https://dev-dreamslms-wp.dreamstechnologies.com"
65.108.125.120 - - [23/Feb/2026:10:28:56 +0000] "GET /robots.txt HTTP/1.1" 200 354 "-" "Mozilla/5.0 (compatible; MJ12bot/v1.4.8; http://mj12bot.com/)"
65.108.125.120 - - [23/Feb/2026:10:28:59 +0000] "GET /course-category/css3/?redirect_to=https://dev-dreamslms-wp.dreamstechnologies.com/course-category/css3/ HTTP/1.1" 200 22791 "-" "Mozilla/5.0 (compatible; MJ12bot/v1.4.8; http://mj12bot.com/)"
172.187.168.139 - - [23/Feb/2026:15:39:07 +0000] "POST /wp-cron.php?doing_wp_cron=1771861147.0752460956573486328125 HTTP/1.1" 200 31 "-" "WordPress/6.9; https://dev-dreamslms-wp.dreamstechnologies.com"
185.192.71.7 - - [23/Feb/2026:15:39:07 +0000] "GET /wp-login.php HTTP/1.1" 200 2571 "-" "Mozilla/5.0 (Windows NT 10.0; WOW64) AppleWebKit/537.36 (KHTML, like Gecko) Chrome/88.0.4324.190 Safari/537.36"
185.192.71.7 - - [23/Feb/2026:15:39:07 +0000] "GET /wp-admin/css/forms.min.css?ver=6.9 HTTP/1.1" 200 28101 "https://dev-dreamslms-wp.dreamstechnologies.com/wp-login.php" "Mozilla/5.0 (Windows NT 10.0; WOW64) AppleWebKit/537.36 (KHTML, like Gecko) Chrome/88.0.4324.190 Safari/537.36"
185.192.71.7 - - [23/Feb/2026:15:39:07 +0000] "GET /wp-includes/css/buttons.min.css?ver=6.9 HTTP/1.1" 200 6061 "https://dev-dreamslms-wp.dreamstechnologies.com/wp-login.php" "Mozilla/5.0 (Windows NT 10.0; WOW64) AppleWebKit/537.36 (KHTML, like Gecko) Chrome/88.0.4324.190 Safari/537.36"
185.192.71.7 - - [23/Feb/2026:15:39:07 +0000] "GET /wp-includes/css/dashicons.min.css?ver=6.9 HTTP/1.1" 200 59004 "https://dev-dreamslms-wp.dreamstechnologies.com/wp-login.php" "Mozilla/5.0 (Windows NT 10.0; WOW64) AppleWebKit/537.36 (KHTML, like Gecko) Chrome/88.0.4324.190 Safari/537.36"
185.192.71.7 - - [23/Feb/2026:15:39:07 +0000] "GET /wp-admin/css/login.min.css?ver=6.9 HTTP/1.1" 200 6381 "https://dev-dreamslms-wp.dreamstechnologies.com/wp-login.php" "Mozilla/5.0 (Windows NT 10.0; WOW64) AppleWebKit/537.36 (KHTML, like Gecko) Chrome/88.0.4324.190 Safari/537.36"
185.192.71.7 - - [23/Feb/2026:15:39:07 +0000] "GET /wp-admin/css/l10n.min.css?ver=6.9 HTTP/1.1" 200 3200 "https://dev-dreamslms-wp.dreamstechnologies.com/wp-login.php" "Mozilla/5.0 (Windows NT 10.0; WOW64) AppleWebKit/537.36 (KHTML, like Gecko) Chrome/88.0.4324.190 Safari/537.36"
185.192.71.7 - - [23/Feb/2026:15:39:07 +0000] "GET /wp-includes/js/wp-util.min.js?ver=6.9 HTTP/1.1" 200 1426 "https://dev-dreamslms-wp.dreamstechnologies.com/wp-login.php" "Mozilla/5.0 (Windows NT 10.0; WOW64) AppleWebKit/537.36 (KHTML, like Gecko) Chrome/88.0.4324.190 Safari/537.36"
185.192.71.7 - - [23/Feb/2026:15:39:07 +0000] "GET /wp-includes/js/underscore.min.js?ver=1.13.7 HTTP/1.1" 200 18905 "https://dev-dreamslms-wp.dreamstechnologies.com/wp-login.php" "Mozilla/5.0 (Windows NT 10.0; WOW64) AppleWebKit/537.36 (KHTML, like Gecko) Chrome/88.0.4324.190 Safari/537.36"
185.192.71.7 - - [23/Feb/2026:15:39:07 +0000] "GET /wp-includes/js/dist/a11y.min.js?ver=cb460b4676c94bd228ed HTTP/1.1" 200 2212 "https://dev-dreamslms-wp.dreamstechnologies.com/wp-login.php" "Mozilla/5.0 (Windows NT 10.0; WOW64) AppleWebKit/537.36 (KHTML, like Gecko) Chrome/88.0.4324.190 Safari/537.36"
185.192.71.7 - - [23/Feb/2026:15:39:07 +0000] "GET /wp-includes/js/zxcvbn-async.min.js?ver=1.0 HTTP/1.1" 200 351 "https://dev-dreamslms-wp.dreamstechnologies.com/wp-login.php" "Mozilla/5.0 (Windows NT 10.0; WOW64) AppleWebKit/537.36 (KHTML, like Gecko) Chrome/88.0.4324.190 Safari/537.36"
185.192.71.7 - - [23/Feb/2026:15:39:07 +0000] "GET /wp-includes/js/dist/dom-ready.min.js?ver=f77871ff7694fffea381 HTTP/1.1" 200 457 "https://dev-dreamslms-wp.dreamstechnologies.com/wp-login.php" "Mozilla/5.0 (Windows NT 10.0; WOW64) AppleWebKit/537.36 (KHTML, like Gecko) Chrome/88.0.4324.190 Safari/537.36"
185.192.71.7 - - [23/Feb/2026:15:39:07 +0000] "GET /wp-includes/js/dist/i18n.min.js?ver=c26c3dc7bed366793375 HTTP/1.1" 200 5314 "https://dev-dreamslms-wp.dreamstechnologies.com/wp-login.php" "Mozilla/5.0 (Windows NT 10.0; WOW64) AppleWebKit/537.36 (KHTML, like Gecko) Chrome/88.0.4324.190 Safari/537.36"
185.192.71.7 - - [23/Feb/2026:15:39:07 +0000] "GET /wp-admin/js/password-strength-meter.min.js?ver=6.9 HTTP/1.1" 200 1123 "https://dev-dreamslms-wp.dreamstechnologies.com/wp-login.php" "Mozilla/5.0 (Windows NT 10.0; WOW64) AppleWebKit/537.36 (KHTML, like Gecko) Chrome/88.0.4324.190 Safari/537.36"
185.192.71.7 - - [23/Feb/2026:15:39:07 +0000] "GET /wp-admin/js/user-profile.min.js?ver=6.9 HTTP/1.1" 200 7997 "https://dev-dreamslms-wp.dreamstechnologies.com/wp-login.php" "Mozilla/5.0 (Windows NT 10.0; WOW64) AppleWebKit/537.36 (KHTML, like Gecko) Chrome/88.0.4324.190 Safari/537.36"
185.192.71.7 - - [23/Feb/2026:15:39:07 +0000] "GET /wp-includes/js/dist/hooks.min.js?ver=dd5603f07f9220ed27f1 HTTP/1.1" 200 5661 "https://dev-dreamslms-wp.dreamstechnologies.com/wp-login.php" "Mozilla/5.0 (Windows NT 10.0; WOW64) AppleWebKit/537.36 (KHTML, like Gecko) Chrome/88.0.4324.190 Safari/537.36"
185.192.71.7 - - [23/Feb/2026:15:39:07 +0000] "GET /wp-includes/js/jquery/jquery-migrate.min.js?ver=3.4.1 HTTP/1.1" 200 13577 "https://dev-dreamslms-wp.dreamstechnologies.com/wp-login.php" "Mozilla/5.0 (Windows NT 10.0; WOW64) AppleWebKit/537.36 (KHTML, like Gecko) Chrome/88.0.4324.190 Safari/537.36"
185.192.71.7 - - [23/Feb/2026:15:39:07 +0000] "GET /wp-includes/js/clipboard.min.js?ver=2.0.11 HTTP/1.1" 200 9009 "https://dev-dreamslms-wp.dreamstechnologies.com/wp-login.php" "Mozilla/5.0 (Windows NT 10.0; WOW64) AppleWebKit/537.36 (KHTML, like Gecko) Chrome/88.0.4324.190 Safari/537.36"
185.192.71.7 - - [23/Feb/2026:15:39:07 +0000] "GET /wp-includes/js/jquery/jquery.min.js?ver=3.7.1 HTTP/1.1" 200 87553 "https://dev-dreamslms-wp.dreamstechnologies.com/wp-login.php" "Mozilla/5.0 (Windows NT 10.0; WOW64) AppleWebKit/537.36 (KHTML, like Gecko) Chrome/88.0.4324.190 Safari/537.36"
185.192.71.7 - - [23/Feb/2026:15:39:07 +0000] "GET /wp-admin/images/wordpress-logo.svg?ver=20131107 HTTP/1.1" 200 1521 "https://dev-dreamslms-wp.dreamstechnologies.com/wp-admin/css/login.min.css?ver=6.9" "Mozilla/5.0 (Windows NT 10.0; WOW64) AppleWebKit/537.36 (KHTML, like Gecko) Chrome/88.0.4324.190 Safari/537.36"
185.192.71.7 - - [23/Feb/2026:15:39:07 +0000] "GET /wp-content/uploads/2023/02/favicon.svg HTTP/1.1" 200 2914 "https://dev-dreamslms-wp.dreamstechnologies.com/wp-login.php" "Mozilla/5.0 (Windows NT 10.0; WOW64) AppleWebKit/537.36 (KHTML, like Gecko) Chrome/88.0.4324.190 Safari/537.36"
185.192.71.7 - - [23/Feb/2026:15:39:07 +0000] "GET /wp-includes/js/zxcvbn.min.js HTTP/1.1" 200 822237 "https://dev-dreamslms-wp.dreamstechnologies.com/wp-login.php" "Mozilla/5.0 (Windows NT 10.0; WOW64) AppleWebKit/537.36 (KHTML, like Gecko) Chrome/88.0.4324.190 Safari/537.36"
185.192.71.7 - - [23/Feb/2026:15:39:11 +0000] "POST /wp-login.php HTTP/1.1" 200 2714 "https://dev-dreamslms-wp.dreamstechnologies.com/wp-login.php" "Mozilla/5.0 (Windows NT 10.0; WOW64) AppleWebKit/537.36 (KHTML, like Gecko) Chrome/88.0.4324.190 Safari/537.36"
45.154.98.121 - - [23/Feb/2026:19:07:36 +0000] "GET /wp-content/plugins/fix/up.php HTTP/1.1" 404 196 "-" "Mozilla/5.0 (Windows NT 10.0; Win64; x64) AppleWebKit/537.36 (KHTML, like Gecko) Chrome/85.0.4183.102 Safari/537.36"
45.154.98.121 - - [23/Feb/2026:19:07:37 +0000] "POST /wp-plain.php HTTP/1.1" 404 196 "www.google.com" "Mozilla/5.0 (Linux; Android 7.0; SM-G892A Bulid/NRD90M; wv) AppleWebKit/537.36 (KHTML, like Gecko) Version/4.0 Chrome/60.0.3112.107 Moblie Safari/537.36"
45.154.98.121 - - [23/Feb/2026:19:07:37 +0000] "GET /qdjeshuc.php?Fox=d3wL7 HTTP/1.1" 404 196 "www.google.com" "Mozilla/5.0 (Linux; Android 7.0; SM-G892A Bulid/NRD90M; wv) AppleWebKit/537.36 (KHTML, like Gecko) Version/4.0 Chrome/60.0.3112.107 Moblie Safari/537.36"
172.187.168.139 - - [23/Feb/2026:19:39:40 +0000] "POST /wp-cron.php?doing_wp_cron=1771875580.8343150615692138671875 HTTP/1.1" 200 31 "-" "WordPress/6.9; https://dev-dreamslms-wp.dreamstechnologies.com"
20.109.154.61 - - [23/Feb/2026:19:39:40 +0000] "GET /wp-content/plugins/kalrav-ai-agent/readme.txt HTTP/1.1" 404 15107 "-" "Mozilla/5.0 (Windows NT 10.0; Win64; x64) AppleWebKit/537.36 (KHTML, like Gecko) Chrome/104.0.0.0 Safari/537.36"
20.109.154.61 - - [23/Feb/2026:19:39:42 +0000] "GET /wp-content/plugins/wpvivid-backuprestore/readme.txt HTTP/1.1" 404 15107 "-" "Mozilla/5.0 (iPhone; CPU iPhone OS 18_0 like Mac OS X) AppleWebKit/605.1.15 (KHTML, like Gecko) Version/18.0 Mobile/15E148 Safari/604.1"
20.109.154.61 - - [23/Feb/2026:19:39:45 +0000] "GET /wp-content/plugins/cimy-user-extra-fields/readme.txt HTTP/1.1" 404 15107 "-" "Mozilla/5.0 (iPhone; CPU iPhone OS 17_2 like Mac OS X) AppleWebKit/605.1.15 (KHTML, like Gecko) Version/17.2 Mobile/15E148 Safari/604.1"
20.109.154.61 - - [23/Feb/2026:19:39:47 +0000] "GET /wp-content/plugins/profile-builder/readme.txt HTTP/1.1" 404 15107 "-" "Mozilla/5.0 (Linux; Android 10; K) AppleWebKit/537.36 (KHTML, like Gecko) Chrome/131.0.0.0 Mobile Safari/537.36"
20.109.154.61 - - [23/Feb/2026:19:39:49 +0000] "GET /wp-content/plugins/lastudio-element-kit/readme.txt HTTP/1.1" 404 15107 "-" "Mozilla/5.0 (Linux; Android 12; Pixel 6) AppleWebKit/537.36 (KHTML, like Gecko) Chrome/99.0.4844.58 Mobile Safari/537.36"
20.109.154.61 - - [23/Feb/2026:19:39:51 +0000] "GET /wp-content/plugins/login-customizer/readme.txt HTTP/1.1" 404 15107 "-" "Mozilla/5.0 (Windows NT 10.0; Win64; x64) AppleWebKit/537.36 (KHTML, like Gecko) Chrome/101.0.4951.64 Safari/537.36 Edg/101.0.1210.47"
20.109.154.61 - - [23/Feb/2026:19:39:53 +0000] "GET /wp-content/plugins/academy/readme.txt HTTP/1.1" 404 15107 "-" "Mozilla/5.0 (Macintosh; Intel Mac OS X 10_15_7) AppleWebKit/537.36 (KHTML, like Gecko) Chrome/131.0.0.0 Safari/537.36"
20.109.154.61 - - [23/Feb/2026:19:39:56 +0000] "GET /wp-content/plugins/directorist-social-login/assets/public/css/main.css HTTP/1.1" 404 15107 "-" "Mozilla/5.0 (Linux; Android 12; Pixel 6) AppleWebKit/537.36 (KHTML, like Gecko) Chrome/99.0.4844.58 Mobile Safari/537.36"
20.109.154.61 - - [23/Feb/2026:19:39:58 +0000] "GET /wp-content/plugins/acf-frontend-form-element/readme.txt HTTP/1.1" 404 15107 "-" "Mozilla/5.0 (Linux; Android 10; K) AppleWebKit/537.36 (KHTML, like Gecko) Chrome/131.0.0.0 Mobile Safari/537.36"
20.109.154.61 - - [23/Feb/2026:19:40:00 +0000] "GET /wp-content/themes/workreap/style.css HTTP/1.1" 404 15107 "-" "Mozilla/5.0 (Linux; Android 10; K) AppleWebKit/537.36 (KHTML, like Gecko) Chrome/131.0.0.0 Mobile Safari/537.36"
20.109.154.61 - - [23/Feb/2026:19:40:02 +0000] "GET /wp-content/themes/energia/style.css HTTP/1.1" 404 15107 "-" "Mozilla/5.0 (Macintosh; Intel Mac OS X 10_15_7) AppleWebKit/537.36 (KHTML, like Gecko) Chrome/133.0.0.0 Safari/537.36"
20.109.154.61 - - [23/Feb/2026:19:40:04 +0000] "GET /wp-content/plugins/modular-connector/readme.txt HTTP/1.1" 404 15107 "-" "Mozilla/5.0 (Windows NT 10.0; Win64; x64) AppleWebKit/537.36 (KHTML, like Gecko) Chrome/101.0.4951.64 Safari/537.36 Edg/101.0.1210.47"
20.109.154.61 - - [23/Feb/2026:19:40:06 +0000] "GET /wp-content/plugins/branda-white-labeling/readme.txt HTTP/1.1" 404 15107 "-" "Mozilla/5.0 (Macintosh; Intel Mac OS X 10_15_7) AppleWebKit/537.36 (KHTML, like Gecko) Chrome/131.0.0.0 Safari/537.36"
20.109.154.61 - - [23/Feb/2026:19:40:09 +0000] "GET / HTTP/1.1" 200 36571 "-" "Mozilla/5.0 (Windows NT 10.0; Win64; x64) AppleWebKit/537.36 (KHTML, like Gecko) Chrome/104.0.0.0 Safari/537.36"
20.109.154.61 - - [23/Feb/2026:19:40:11 +0000] "GET /wp-content/themes/doccure/style.css HTTP/1.1" 404 15107 "-" "Mozilla/5.0 (iPhone; CPU iPhone OS 17_2 like Mac OS X) AppleWebKit/605.1.15 (KHTML, like Gecko) Version/17.2 Mobile/15E148 Safari/604.1"
172.187.168.139 - - [23/Feb/2026:20:10:05 +0000] "POST /wp-cron.php?doing_wp_cron=1771877405.8288149833679199218750 HTTP/1.1" 200 31 "-" "WordPress/6.9; https://dev-dreamslms-wp.dreamstechnologies.com"
20.109.154.61 - - [23/Feb/2026:20:10:05 +0000] "GET / HTTP/1.1" 200 36571 "-" "Mozilla/5.0 (Macintosh; Intel Mac OS X 10_15_7) AppleWebKit/537.36 (KHTML, like Gecko) Chrome/124.0.0.0 Safari/537.36"
172.187.168.139 - - [23/Feb/2026:22:00:36 +0000] "POST /wp-cron.php?doing_wp_cron=1771884036.7962720394134521484375 HTTP/1.1" 200 31 "-" "WordPress/6.9; https://dev-dreamslms-wp.dreamstechnologies.com"
5.35.38.15 - - [23/Feb/2026:22:00:36 +0000] "GET /wp-login.php HTTP/1.1" 200 2571 "https://dev-dreamslms-wp.dreamstechnologies.com/" "Mozilla/5.0 (Macintosh; Intel Mac OS X 12_5) AppleWebKit/537.36 (KHTML, like Gecko) Chrome/114.0.0.0 Safari/537.36 OPR/89.0.4447.51"
5.35.38.15 - - [23/Feb/2026:22:00:38 +0000] "GET /wp-login.php HTTP/1.1" 200 2571 "https://dev-dreamslms-wp.dreamstechnologies.com/wp-login.php" "Mozilla/5.0 (Windows NT 6.3; Win64; x64) AppleWebKit/537.36 (KHTML, like Gecko) Chrome/103.0.0.0 Safari/537.36"
5.35.38.15 - - [23/Feb/2026:22:00:38 +0000] "GET /wp-includes/css/dashicons.min.css?ver=6.9 HTTP/1.1" 304 0 "https://dev-dreamslms-wp.dreamstechnologies.com/wp-login.php" "Mozilla/5.0 (Windows NT 10.0; Win64; x64) AppleWebKit/537.36 (KHTML, like Gecko) Chrome/143.0.0.0 Safari/537.36"
5.35.38.15 - - [23/Feb/2026:22:00:38 +0000] "GET /wp-includes/css/buttons.min.css?ver=6.9 HTTP/1.1" 304 0 "https://dev-dreamslms-wp.dreamstechnologies.com/wp-login.php" "Mozilla/5.0 (Windows NT 10.0; Win64; x64) AppleWebKit/537.36 (KHTML, like Gecko) Chrome/143.0.0.0 Safari/537.36"
5.35.38.15 - - [23/Feb/2026:22:00:38 +0000] "GET /wp-admin/css/forms.min.css?ver=6.9 HTTP/1.1" 304 0 "https://dev-dreamslms-wp.dreamstechnologies.com/wp-login.php" "Mozilla/5.0 (Windows NT 10.0; Win64; x64) AppleWebKit/537.36 (KHTML, like Gecko) Chrome/143.0.0.0 Safari/537.36"
5.35.38.15 - - [23/Feb/2026:22:00:38 +0000] "GET /wp-admin/css/l10n.min.css?ver=6.9 HTTP/1.1" 304 0 "https://dev-dreamslms-wp.dreamstechnologies.com/wp-login.php" "Mozilla/5.0 (Windows NT 10.0; Win64; x64) AppleWebKit/537.36 (KHTML, like Gecko) Chrome/143.0.0.0 Safari/537.36"
5.35.38.15 - - [23/Feb/2026:22:00:38 +0000] "GET /wp-admin/css/login.min.css?ver=6.9 HTTP/1.1" 304 0 "https://dev-dreamslms-wp.dreamstechnologies.com/wp-login.php" "Mozilla/5.0 (Windows NT 10.0; Win64; x64) AppleWebKit/537.36 (KHTML, like Gecko) Chrome/143.0.0.0 Safari/537.36"
5.35.38.15 - - [23/Feb/2026:22:00:40 +0000] "POST /wp-login.php HTTP/1.1" 200 2724 "https://dev-dreamslms-wp.dreamstechnologies.com/wp-login.php" "Mozilla/5.0 (Windows NT 6.3; Win64; x64) AppleWebKit/537.36 (KHTML, like Gecko) Chrome/103.0.0.0 Safari/537.36"
172.187.168.139 - - [23/Feb/2026:22:15:05 +0000] "POST /wp-cron.php?doing_wp_cron=1771884905.0651779174804687500000 HTTP/1.1" 200 31 "-" "WordPress/6.9; https://dev-dreamslms-wp.dreamstechnologies.com"
146.103.112.41 - - [23/Feb/2026:22:15:05 +0000] "GET /wp-login.php HTTP/1.1" 200 2571 "-" "Mozilla/5.0 (Macintosh; Intel Mac OS X 10_15_7) AppleWebKit/537.36 (KHTML, like Gecko) Chrome/142.0.0.0 Safari/537.36"
146.103.112.41 - - [23/Feb/2026:22:15:07 +0000] "POST /wp-login.php HTTP/1.1" 200 2714 "-" "Mozilla/5.0 (Macintosh; Intel Mac OS X 10_15_7) AppleWebKit/537.36 (KHTML, like Gecko) Chrome/142.0.0.0 Safari/537.36"
172.187.168.139 - - [23/Feb/2026:22:42:29 +0000] "POST /wp-cron.php?doing_wp_cron=1771886549.3211929798126220703125 HTTP/1.1" 200 31 "-" "WordPress/6.9; https://dev-dreamslms-wp.dreamstechnologies.com"
2a01:4f8:13a:1f0a::2 - - [23/Feb/2026:22:42:29 +0000] "GET /robots.txt HTTP/1.1" 200 354 "-" "Mozilla/5.0 (compatible; MJ12bot/v1.4.8; http://mj12bot.com/)"
2a01:4f8:13a:1f0a::2 - - [23/Feb/2026:22:42:32 +0000] "GET /course-category/angular/?redirect_to=https://dev-dreamslms-wp.dreamstechnologies.com/course-category/angular/ HTTP/1.1" 200 22767 "-" "Mozilla/5.0 (compatible; MJ12bot/v1.4.8; http://mj12bot.com/)"
2a01:4f8:13a:1f0a::2 - - [23/Feb/2026:22:42:36 +0000] "GET /course-category/bootstrap/?redirect_to=https://dev-dreamslms-wp.dreamstechnologies.com/course-category/bootstrap/ HTTP/1.1" 200 22777 "-" "Mozilla/5.0 (compatible; MJ12bot/v1.4.8; http://mj12bot.com/)"
2a01:4f8:13a:1f0a::2 - - [23/Feb/2026:22:42:39 +0000] "GET /course-category/bootstrap/?tutor-course-filter-category=47 HTTP/1.1" 200 22750 "-" "Mozilla/5.0 (compatible; MJ12bot/v1.4.8; http://mj12bot.com/)"
2a01:4f8:13a:1f0a::2 - - [23/Feb/2026:22:42:42 +0000] "GET /course-category/bootstrap/?tutor-course-filter-category=47/feed/ HTTP/1.1" 200 22766 "-" "Mozilla/5.0 (compatible; MJ12bot/v1.4.8; http://mj12bot.com/)"
2a01:4f8:13a:1f0a::2 - - [23/Feb/2026:22:42:45 +0000] "GET /course-category/css3/?tutor-course-filter-category=53 HTTP/1.1" 200 22765 "-" "Mozilla/5.0 (compatible; MJ12bot/v1.4.8; http://mj12bot.com/)"
2a01:4f8:13a:1f0a::2 - - [23/Feb/2026:22:42:48 +0000] "GET /course-category/css3/?tutor-course-filter-category=53/feed/ HTTP/1.1" 200 22780 "-" "Mozilla/5.0 (compatible; MJ12bot/v1.4.8; http://mj12bot.com/)"
2a01:4f8:13a:1f0a::2 - - [23/Feb/2026:22:42:52 +0000] "GET /course-category/docker-development/?redirect_to=https://dev-dreamslms-wp.dreamstechnologies.com/course-category/docker-development/ HTTP/1.1" 200 22478 "-" "Mozilla/5.0 (compatible; MJ12bot/v1.4.8; http://mj12bot.com/)"
2a01:4f8:13a:1f0a::2 - - [23/Feb/2026:22:42:55 +0000] "GET /course-category/docker-development/?tutor-course-filter-category=20 HTTP/1.1" 200 22437 "-" "Mozilla/5.0 (compatible; MJ12bot/v1.4.8; http://mj12bot.com/)"
2a01:4f8:13a:1f0a::2 - - [23/Feb/2026:22:42:58 +0000] "GET /course-category/docker-development/?tutor-course-filter-category=20/feed/ HTTP/1.1" 200 22452 "-" "Mozilla/5.0 (compatible; MJ12bot/v1.4.8; http://mj12bot.com/)"
2a01:4f8:13a:1f0a::2 - - [23/Feb/2026:22:43:01 +0000] "GET /course-category/gatsby/?redirect_to=https://dev-dreamslms-wp.dreamstechnologies.com/course-category/gatsby/ HTTP/1.1" 200 21856 "-" "Mozilla/5.0 (compatible; MJ12bot/v1.4.8; http://mj12bot.com/)"
2a01:4f8:13a:1f0a::2 - - [23/Feb/2026:22:43:04 +0000] "GET /course-category/gatsby/?tutor-course-filter-category=52 HTTP/1.1" 200 21828 "-" "Mozilla/5.0 (compatible; MJ12bot/v1.4.8; http://mj12bot.com/)"
2a01:4f8:13a:1f0a::2 - - [23/Feb/2026:22:43:07 +0000] "GET /course-category/gatsby/?tutor-course-filter-category=52/feed/ HTTP/1.1" 200 21842 "-" "Mozilla/5.0 (compatible; MJ12bot/v1.4.8; http://mj12bot.com/)"
2a01:4f8:13a:1f0a::2 - - [23/Feb/2026:22:43:11 +0000] "GET /course-category/graphql/?redirect_to=https://dev-dreamslms-wp.dreamstechnologies.com/course-category/graphql/ HTTP/1.1" 200 22317 "-" "Mozilla/5.0 (compatible; MJ12bot/v1.4.8; http://mj12bot.com/)"
2a01:4f8:13a:1f0a::2 - - [23/Feb/2026:22:43:14 +0000] "GET /course-category/graphql/?tutor-course-filter-category=49 HTTP/1.1" 200 22283 "-" "Mozilla/5.0 (compatible; MJ12bot/v1.4.8; http://mj12bot.com/)"
2a01:4f8:13a:1f0a::2 - - [23/Feb/2026:22:43:17 +0000] "GET /course-category/graphql/?tutor-course-filter-category=49/feed/ HTTP/1.1" 200 22299 "-" "Mozilla/5.0 (compatible; MJ12bot/v1.4.8; http://mj12bot.com/)"
2a01:4f8:13a:1f0a::2 - - [23/Feb/2026:22:43:20 +0000] "GET /course-category/javascript/?redirect_to=https://dev-dreamslms-wp.dreamstechnologies.com/course-category/javascript/ HTTP/1.1" 200 23396 "-" "Mozilla/5.0 (compatible; MJ12bot/v1.4.8; http://mj12bot.com/)"
2a01:4f8:13a:1f0a::2 - - [23/Feb/2026:22:43:23 +0000] "GET /course-category/javascript/?tutor-course-filter-category=46 HTTP/1.1" 200 23370 "-" "Mozilla/5.0 (compatible; MJ12bot/v1.4.8; http://mj12bot.com/)"
2a01:4f8:13a:1f0a::2 - - [23/Feb/2026:22:43:26 +0000] "GET /course-category/javascript/?tutor-course-filter-category=46/feed/ HTTP/1.1" 200 23382 "-" "Mozilla/5.0 (compatible; MJ12bot/v1.4.8; http://mj12bot.com/)"
172.187.168.139 - - [23/Feb/2026:22:43:30 +0000] "POST /wp-cron.php?doing_wp_cron=1771886610.0737869739532470703125 HTTP/1.1" 200 31 "-" "WordPress/6.9; https://dev-dreamslms-wp.dreamstechnologies.com"
2a01:4f8:13a:1f0a::2 - - [23/Feb/2026:22:43:30 +0000] "GET /course-category/node-js-frontend/?redirect_to=https://dev-dreamslms-wp.dreamstechnologies.com/course-category/node-js-frontend/ HTTP/1.1" 200 22881 "-" "Mozilla/5.0 (compatible; MJ12bot/v1.4.8; http://mj12bot.com/)"
2a01:4f8:13a:1f0a::2 - - [23/Feb/2026:22:43:33 +0000] "GET /course-category/node-js-frontend/?tutor-course-filter-category=21 HTTP/1.1" 200 22844 "-" "Mozilla/5.0 (compatible; MJ12bot/v1.4.8; http://mj12bot.com/)"
2a01:4f8:13a:1f0a::2 - - [23/Feb/2026:22:43:36 +0000] "GET /course-category/node-js-frontend/?tutor-course-filter-category=21/feed/ HTTP/1.1" 200 22857 "-" "Mozilla/5.0 (compatible; MJ12bot/v1.4.8; http://mj12bot.com/)"
2a01:4f8:13a:1f0a::2 - - [23/Feb/2026:22:43:39 +0000] "GET /course-category/node/?redirect_to=https://dev-dreamslms-wp.dreamstechnologies.com/course-category/node/ HTTP/1.1" 200 22848 "-" "Mozilla/5.0 (compatible; MJ12bot/v1.4.8; http://mj12bot.com/)"
2a01:4f8:13a:1f0a::2 - - [23/Feb/2026:22:43:42 +0000] "GET /course-category/node/?tutor-course-filter-category=55 HTTP/1.1" 200 22817 "-" "Mozilla/5.0 (compatible; MJ12bot/v1.4.8; http://mj12bot.com/)"
2a01:4f8:13a:1f0a::2 - - [23/Feb/2026:22:43:45 +0000] "GET /course-category/node/?tutor-course-filter-category=55/feed/ HTTP/1.1" 200 22832 "-" "Mozilla/5.0 (compatible; MJ12bot/v1.4.8; http://mj12bot.com/)"
2a01:4f8:13a:1f0a::2 - - [23/Feb/2026:22:43:48 +0000] "GET /course-category/python-development/?redirect_to=https://dev-dreamslms-wp.dreamstechnologies.com/course-category/python-development/ HTTP/1.1" 200 22903 "-" "Mozilla/5.0 (compatible; MJ12bot/v1.4.8; http://mj12bot.com/)"
2a01:4f8:13a:1f0a::2 - - [23/Feb/2026:22:43:51 +0000] "GET /course-category/python-development/?tutor-course-filter-category=23 HTTP/1.1" 200 22868 "-" "Mozilla/5.0 (compatible; MJ12bot/v1.4.8; http://mj12bot.com/)"
2a01:4f8:13a:1f0a::2 - - [23/Feb/2026:22:43:54 +0000] "GET /course-category/react-native/?redirect_to=https://dev-dreamslms-wp.dreamstechnologies.com/course-category/react-native/ HTTP/1.1" 200 22448 "-" "Mozilla/5.0 (compatible; MJ12bot/v1.4.8; http://mj12bot.com/)"
2a01:4f8:13a:1f0a::2 - - [23/Feb/2026:22:43:57 +0000] "GET /course-category/react-native/?tutor-course-filter-category=56 HTTP/1.1" 200 22423 "-" "Mozilla/5.0 (compatible; MJ12bot/v1.4.8; http://mj12bot.com/)"
2a01:4f8:13a:1f0a::2 - - [23/Feb/2026:22:44:01 +0000] "GET /course-category/react-native/?tutor-course-filter-category=56/feed/ HTTP/1.1" 200 22437 "-" "Mozilla/5.0 (compatible; MJ12bot/v1.4.8; http://mj12bot.com/)"
2a01:4f8:13a:1f0a::2 - - [23/Feb/2026:22:44:04 +0000] "GET /course-category/react/?tutor-course-filter-category=48 HTTP/1.1" 200 22822 "-" "Mozilla/5.0 (compatible; MJ12bot/v1.4.8; http://mj12bot.com/)"
2a01:4f8:13a:1f0a::2 - - [23/Feb/2026:22:44:06 +0000] "GET /course-category/react/?tutor-course-filter-category=48/feed/ HTTP/1.1" 200 22835 "-" "Mozilla/5.0 (compatible; MJ12bot/v1.4.8; http://mj12bot.com/)"
2a01:4f8:13a:1f0a::2 - - [23/Feb/2026:22:44:09 +0000] "GET /course-category/swift-development/?redirect_to=https://dev-dreamslms-wp.dreamstechnologies.com/course-category/swift-development/ HTTP/1.1" 200 21702 "-" "Mozilla/5.0 (compatible; MJ12bot/v1.4.8; http://mj12bot.com/)"
2a01:4f8:13a:1f0a::2 - - [23/Feb/2026:22:44:12 +0000] "GET /course-category/swift-development/?tutor-course-filter-category=22 HTTP/1.1" 200 21672 "-" "Mozilla/5.0 (compatible; MJ12bot/v1.4.8; http://mj12bot.com/)"
2a01:4f8:13a:1f0a::2 - - [23/Feb/2026:22:44:15 +0000] "GET /course-category/swift-development/?tutor-course-filter-category=22/feed/ HTTP/1.1" 200 21685 "-" "Mozilla/5.0 (compatible; MJ12bot/v1.4.8; http://mj12bot.com/)"
2a01:4f8:13a:1f0a::2 - - [23/Feb/2026:22:44:18 +0000] "GET /course-category/ux-ui-designer/?redirect_to=https://dev-dreamslms-wp.dreamstechnologies.com/course-category/ux-ui-designer/ HTTP/1.1" 200 21880 "-" "Mozilla/5.0 (compatible; MJ12bot/v1.4.8; http://mj12bot.com/)"
2a01:4f8:13a:1f0a::2 - - [23/Feb/2026:22:44:21 +0000] "GET /course-category/ux-ui-designer/?tutor-course-filter-category=31 HTTP/1.1" 200 21846 "-" "Mozilla/5.0 (compatible; MJ12bot/v1.4.8; http://mj12bot.com/)"
2a01:4f8:13a:1f0a::2 - - [23/Feb/2026:22:44:24 +0000] "GET /course-category/ux-ui-designer/?tutor-course-filter-category=31/feed/ HTTP/1.1" 200 21861 "-" "Mozilla/5.0 (compatible; MJ12bot/v1.4.8; http://mj12bot.com/)"
2a01:4f8:13a:1f0a::2 - - [23/Feb/2026:22:44:27 +0000] "GET /course-category/wordpress/?redirect_to=https://dev-dreamslms-wp.dreamstechnologies.com/course-category/wordpress/ HTTP/1.1" 200 22914 "-" "Mozilla/5.0 (compatible; MJ12bot/v1.4.8; http://mj12bot.com/)"
172.187.168.139 - - [23/Feb/2026:22:44:31 +0000] "POST /wp-cron.php?doing_wp_cron=1771886671.4357190132141113281250 HTTP/1.1" 200 31 "-" "WordPress/6.9; https://dev-dreamslms-wp.dreamstechnologies.com"
2a01:4f8:13a:1f0a::2 - - [23/Feb/2026:22:44:31 +0000] "GET /course-category/wordpress/?tutor-course-filter-category=54 HTTP/1.1" 200 22882 "-" "Mozilla/5.0 (compatible; MJ12bot/v1.4.8; http://mj12bot.com/)"
2a01:4f8:13a:1f0a::2 - - [23/Feb/2026:22:44:34 +0000] "GET /course-category/wordpress/?tutor-course-filter-category=54/feed/ HTTP/1.1" 200 22893 "-" "Mozilla/5.0 (compatible; MJ12bot/v1.4.8; http://mj12bot.com/)"
2a01:4f8:13a:1f0a::2 - - [23/Feb/2026:22:44:37 +0000] "GET /courses/?current_page=2 HTTP/1.1" 200 27869 "-" "Mozilla/5.0 (compatible; MJ12bot/v1.4.8; http://mj12bot.com/)"
2a01:4f8:13a:1f0a::2 - - [23/Feb/2026:22:44:40 +0000] "GET /courses/?current_page=2&redirect_to=https://dev-dreamslms-wp.dreamstechnologies.com/courses/ HTTP/1.1" 200 27922 "-" "Mozilla/5.0 (compatible; MJ12bot/v1.4.8; http://mj12bot.com/)"
2a01:4f8:13a:1f0a::2 - - [23/Feb/2026:22:44:44 +0000] "GET /courses/?redirect_to=https://dev-dreamslms-wp.dreamstechnologies.com/courses/ HTTP/1.1" 200 27924 "-" "Mozilla/5.0 (compatible; MJ12bot/v1.4.8; http://mj12bot.com/)"
172.187.168.139 - - [23/Feb/2026:22:56:03 +0000] "POST /wp-cron.php?doing_wp_cron=1771887363.7726180553436279296875 HTTP/1.1" 200 31 "-" "WordPress/6.9; https://dev-dreamslms-wp.dreamstechnologies.com"
205.210.31.101 - - [23/Feb/2026:22:56:03 +0000] "GET / HTTP/1.1" 200 36571 "-" "Hello from Palo Alto Networks, find out more about our scans in https://docs-cortex.paloaltonetworks.com/r/1/Cortex-Xpanse/Scanning-activity"
172.187.168.139 - - [23/Feb/2026:23:22:07 +0000] "POST /wp-cron.php?doing_wp_cron=1771888927.3731489181518554687500 HTTP/1.1" 200 31 "-" "WordPress/6.9; https://dev-dreamslms-wp.dreamstechnologies.com"
135.181.180.59 - - [23/Feb/2026:23:22:07 +0000] "GET /robots.txt HTTP/1.1" 200 354 "-" "Mozilla/5.0 (compatible; MJ12bot/v1.4.8; http://mj12bot.com/)"
135.181.180.59 - - [23/Feb/2026:23:22:10 +0000] "GET /%D0%B7%D0%B5%D1%80%D0%BA%D0%B0%D0%BB%D0%BE-2026-kraken-%D1%81%D1%81%D1%8B%D0%BB%D0%BA%D0%B0-onion/ HTTP/1.1" 200 22491 "-" "Mozilla/5.0 (compatible; MJ12bot/v1.4.8; http://mj12bot.com/)"
135.181.180.59 - - [23/Feb/2026:23:22:13 +0000] "GET /%D0%B7%D0%B5%D1%80%D0%BA%D0%B0%D0%BB%D0%BE-2026-kraken-%D1%81%D1%81%D1%8B%D0%BB%D0%BA%D0%B0-onion/feed/ HTTP/1.1" 200 1021 "-" "Mozilla/5.0 (compatible; MJ12bot/v1.4.8; http://mj12bot.com/)"