File: //var/log/nginx/dev-kofejob-wp_access.log.1
172.187.168.139 - - [23/Feb/2026:00:00:39 +0000] "POST /wp-cron.php?doing_wp_cron=1771804839.8811089992523193359375 HTTP/1.1" 200 31 "-" "WordPress/6.9; https://dev-kofejob-wp.dreamstechnologies.com"
213.188.94.19 - - [23/Feb/2026:00:00:39 +0000] "GET / HTTP/1.1" 200 19609 "-" "Mozilla/5.0 (Macintosh; Intel Mac OS X 10_15_7) AppleWebKit/537.36 (KHTML, like Gecko) Chrome/142.0.0.0 Safari/537.36"
172.187.168.139 - - [23/Feb/2026:00:03:20 +0000] "POST /wp-cron.php?doing_wp_cron=1771805000.5410621166229248046875 HTTP/1.1" 200 31 "-" "WordPress/6.9; https://dev-kofejob-wp.dreamstechnologies.com"
200.25.47.110 - - [23/Feb/2026:00:03:20 +0000] "POST /xmlrpc.php HTTP/1.1" 200 415 "-" "Mozilla/5.0 (Windows NT 10.0; Win64; x64) AppleWebKit/537.36 (KHTML, like Gecko) Chrome/114.0.0.0 Safari/537.36"
200.25.47.110 - - [23/Feb/2026:00:03:22 +0000] "POST /xmlrpc.php HTTP/1.1" 200 415 "-" "Mozilla/5.0 (Windows NT 10.0; Win64; x64) AppleWebKit/537.36 (KHTML, like Gecko) Chrome/114.0.0.0 Safari/537.36"
172.187.168.139 - - [23/Feb/2026:00:13:29 +0000] "POST /wp-cron.php?doing_wp_cron=1771805609.0025870800018310546875 HTTP/1.1" 200 31 "-" "WordPress/6.9; https://dev-kofejob-wp.dreamstechnologies.com"
89.124.67.159 - - [23/Feb/2026:00:13:29 +0000] "POST /xmlrpc.php HTTP/1.1" 200 415 "-" "Python-xmlrpc/3.11"
89.124.67.159 - - [23/Feb/2026:00:13:30 +0000] "POST /xmlrpc.php HTTP/1.1" 200 415 "-" "Python-xmlrpc/3.11"
89.124.67.159 - - [23/Feb/2026:00:13:36 +0000] "POST /xmlrpc.php HTTP/1.1" 200 415 "-" "Python-xmlrpc/3.11"
165.73.242.8 - - [23/Feb/2026:00:13:37 +0000] "POST /xmlrpc.php HTTP/1.1" 200 415 "-" "Mozilla/5.0 (Windows NT 10.0; Win64; x64) AppleWebKit/537.36 (KHTML, like Gecko) Chrome/114.0.0.0 Safari/537.36"
165.73.242.8 - - [23/Feb/2026:00:13:39 +0000] "POST /xmlrpc.php HTTP/1.1" 200 415 "-" "Mozilla/5.0 (Windows NT 10.0; Win64; x64) AppleWebKit/537.36 (KHTML, like Gecko) Chrome/114.0.0.0 Safari/537.36"
89.124.67.159 - - [23/Feb/2026:00:13:40 +0000] "POST /xmlrpc.php HTTP/1.1" 200 415 "-" "Python-xmlrpc/3.11"
89.124.67.159 - - [23/Feb/2026:00:13:41 +0000] "POST /xmlrpc.php HTTP/1.1" 200 415 "-" "Python-xmlrpc/3.11"
89.124.67.159 - - [23/Feb/2026:00:13:45 +0000] "POST /xmlrpc.php HTTP/1.1" 200 415 "-" "Python-xmlrpc/3.11"
89.124.67.159 - - [23/Feb/2026:00:13:45 +0000] "POST /xmlrpc.php HTTP/1.1" 200 415 "-" "Python-xmlrpc/3.11"
89.124.67.159 - - [23/Feb/2026:00:13:47 +0000] "POST /xmlrpc.php HTTP/1.1" 200 415 "-" "Python-xmlrpc/3.11"
172.187.168.139 - - [23/Feb/2026:00:20:31 +0000] "POST /wp-cron.php?doing_wp_cron=1771806031.0530929565429687500000 HTTP/1.1" 200 31 "-" "WordPress/6.9; https://dev-kofejob-wp.dreamstechnologies.com"
5.181.0.254 - - [23/Feb/2026:00:20:31 +0000] "GET /xmlrpc.php HTTP/1.1" 405 53 "-" "python-requests/2.32.3"
5.181.0.254 - - [23/Feb/2026:00:20:32 +0000] "POST /xmlrpc.php HTTP/1.1" 200 415 "-" "python-requests/2.32.3"
172.187.168.139 - - [23/Feb/2026:00:28:38 +0000] "POST /wp-cron.php?doing_wp_cron=1771806518.2065029144287109375000 HTTP/1.1" 200 31 "-" "WordPress/6.9; https://dev-kofejob-wp.dreamstechnologies.com"
128.1.218.152 - - [23/Feb/2026:00:28:38 +0000] "POST /xmlrpc.php HTTP/1.1" 200 415 "-" "Mozilla/5.0 (Windows NT 10.0; Win64; x64) AppleWebKit/537.36 (KHTML, like Gecko) Chrome/114.0.0.0 Safari/537.36"
128.1.218.152 - - [23/Feb/2026:00:28:40 +0000] "POST /xmlrpc.php HTTP/1.1" 200 415 "-" "Mozilla/5.0 (Windows NT 10.0; Win64; x64) AppleWebKit/537.36 (KHTML, like Gecko) Chrome/114.0.0.0 Safari/537.36"
172.187.168.139 - - [23/Feb/2026:00:58:39 +0000] "POST /wp-cron.php?doing_wp_cron=1771808319.5208659172058105468750 HTTP/1.1" 200 31 "-" "WordPress/6.9; https://dev-kofejob-wp.dreamstechnologies.com"
18.199.250.161 - - [23/Feb/2026:00:58:39 +0000] "GET /xmlrpc.php HTTP/1.1" 405 53 "-" "WP-CheckerPoster/3.0"
18.199.250.161 - - [23/Feb/2026:00:58:40 +0000] "POST /xmlrpc.php HTTP/1.1" 200 415 "-" "WP-CheckerPoster/3.0"
172.187.168.139 - - [23/Feb/2026:01:03:26 +0000] "POST /wp-cron.php?doing_wp_cron=1771808606.5650029182434082031250 HTTP/1.1" 200 31 "-" "WordPress/6.9; https://dev-kofejob-wp.dreamstechnologies.com"
98.97.79.117 - - [23/Feb/2026:01:03:26 +0000] "POST /xmlrpc.php HTTP/1.1" 200 415 "-" "Mozilla/5.0 (Windows NT 10.0; Win64; x64; rv:123.0) Gecko/20100101 Firefox/123.0"
172.187.168.139 - - [23/Feb/2026:01:03:44 +0000] "POST /wp-cron.php?doing_wp_cron=1771808624.8279709815979003906250 HTTP/1.1" 200 31 "-" "WordPress/6.9; https://dev-kofejob-wp.dreamstechnologies.com"
200.25.47.110 - - [23/Feb/2026:01:03:44 +0000] "POST /xmlrpc.php HTTP/1.1" 200 415 "-" "Mozilla/5.0 (Windows NT 10.0; Win64; x64) AppleWebKit/537.36 (KHTML, like Gecko) Chrome/114.0.0.0 Safari/537.36"
200.25.47.110 - - [23/Feb/2026:01:03:47 +0000] "POST /xmlrpc.php HTTP/1.1" 200 415 "-" "Mozilla/5.0 (Windows NT 10.0; Win64; x64) AppleWebKit/537.36 (KHTML, like Gecko) Chrome/114.0.0.0 Safari/537.36"
172.187.168.139 - - [23/Feb/2026:01:12:22 +0000] "POST /wp-cron.php?doing_wp_cron=1771809142.0212669372558593750000 HTTP/1.1" 200 31 "-" "WordPress/6.9; https://dev-kofejob-wp.dreamstechnologies.com"
165.73.242.8 - - [23/Feb/2026:01:12:22 +0000] "POST /xmlrpc.php HTTP/1.1" 200 415 "-" "Mozilla/5.0 (Windows NT 10.0; Win64; x64) AppleWebKit/537.36 (KHTML, like Gecko) Chrome/114.0.0.0 Safari/537.36"
165.73.242.8 - - [23/Feb/2026:01:12:25 +0000] "POST /xmlrpc.php HTTP/1.1" 200 415 "-" "Mozilla/5.0 (Windows NT 10.0; Win64; x64) AppleWebKit/537.36 (KHTML, like Gecko) Chrome/114.0.0.0 Safari/537.36"
172.187.168.139 - - [23/Feb/2026:01:13:32 +0000] "POST /wp-cron.php?doing_wp_cron=1771809212.5254940986633300781250 HTTP/1.1" 200 31 "-" "WordPress/6.9; https://dev-kofejob-wp.dreamstechnologies.com"
5.181.0.254 - - [23/Feb/2026:01:13:32 +0000] "GET /xmlrpc.php HTTP/1.1" 405 53 "-" "-"
5.181.0.254 - - [23/Feb/2026:01:13:33 +0000] "POST /xmlrpc.php HTTP/1.1" 200 415 "-" "Python-xmlrpc/3.13"
172.187.168.139 - - [23/Feb/2026:01:32:11 +0000] "POST /wp-cron.php?doing_wp_cron=1771810331.5546050071716308593750 HTTP/1.1" 200 31 "-" "WordPress/6.9; https://dev-kofejob-wp.dreamstechnologies.com"
128.1.218.152 - - [23/Feb/2026:01:32:11 +0000] "POST /xmlrpc.php HTTP/1.1" 200 415 "-" "Mozilla/5.0 (Windows NT 10.0; Win64; x64) AppleWebKit/537.36 (KHTML, like Gecko) Chrome/114.0.0.0 Safari/537.36"
128.1.218.152 - - [23/Feb/2026:01:32:14 +0000] "POST /xmlrpc.php HTTP/1.1" 200 415 "-" "Mozilla/5.0 (Windows NT 10.0; Win64; x64) AppleWebKit/537.36 (KHTML, like Gecko) Chrome/114.0.0.0 Safari/537.36"
172.187.168.139 - - [23/Feb/2026:02:04:59 +0000] "POST /wp-cron.php?doing_wp_cron=1771812299.8136129379272460937500 HTTP/1.1" 200 31 "-" "WordPress/6.9; https://dev-kofejob-wp.dreamstechnologies.com"
200.25.47.110 - - [23/Feb/2026:02:04:59 +0000] "POST /xmlrpc.php HTTP/1.1" 200 415 "-" "Mozilla/5.0 (Windows NT 10.0; Win64; x64) AppleWebKit/537.36 (KHTML, like Gecko) Chrome/114.0.0.0 Safari/537.36"
200.25.47.110 - - [23/Feb/2026:02:05:02 +0000] "POST /xmlrpc.php HTTP/1.1" 200 415 "-" "Mozilla/5.0 (Windows NT 10.0; Win64; x64) AppleWebKit/537.36 (KHTML, like Gecko) Chrome/114.0.0.0 Safari/537.36"
172.187.168.139 - - [23/Feb/2026:02:10:56 +0000] "POST /wp-cron.php?doing_wp_cron=1771812656.7926869392395019531250 HTTP/1.1" 200 31 "-" "WordPress/6.9; https://dev-kofejob-wp.dreamstechnologies.com"
165.73.242.8 - - [23/Feb/2026:02:10:56 +0000] "POST /xmlrpc.php HTTP/1.1" 200 415 "-" "Mozilla/5.0 (Windows NT 10.0; Win64; x64) AppleWebKit/537.36 (KHTML, like Gecko) Chrome/114.0.0.0 Safari/537.36"
165.73.242.8 - - [23/Feb/2026:02:10:58 +0000] "POST /xmlrpc.php HTTP/1.1" 200 415 "-" "Mozilla/5.0 (Windows NT 10.0; Win64; x64) AppleWebKit/537.36 (KHTML, like Gecko) Chrome/114.0.0.0 Safari/537.36"
172.187.168.139 - - [23/Feb/2026:02:34:08 +0000] "POST /wp-cron.php?doing_wp_cron=1771814048.7218480110168457031250 HTTP/1.1" 200 31 "-" "WordPress/6.9; https://dev-kofejob-wp.dreamstechnologies.com"
128.1.218.152 - - [23/Feb/2026:02:34:08 +0000] "POST /xmlrpc.php HTTP/1.1" 200 415 "-" "Mozilla/5.0 (Windows NT 10.0; Win64; x64) AppleWebKit/537.36 (KHTML, like Gecko) Chrome/114.0.0.0 Safari/537.36"
172.187.168.139 - - [23/Feb/2026:02:38:55 +0000] "POST /wp-cron.php?doing_wp_cron=1771814335.1959691047668457031250 HTTP/1.1" 200 31 "-" "WordPress/6.9; https://dev-kofejob-wp.dreamstechnologies.com"
5.35.38.15 - - [23/Feb/2026:02:38:55 +0000] "GET /betfair-casino-and-slots-experience/ HTTP/1.1" 200 23179 "https://dev-kofejob-wp.dreamstechnologies.com/" "Mozilla/5.0 (Macintosh; Intel Mac OS X 12.5; rv:114.0) Gecko/20100101 Firefox/114.0"
5.35.38.15 - - [23/Feb/2026:02:38:56 +0000] "GET /wp-login.php HTTP/1.1" 200 2472 "https://dev-kofejob-wp.dreamstechnologies.com/betfair-casino-and-slots-experience/" "Mozilla/5.0 (Windows NT 6.3; Win64; x64) AppleWebKit/537.36 (KHTML, like Gecko) Chrome/103.0.0.0 Safari/537.36"
5.35.38.15 - - [23/Feb/2026:02:38:57 +0000] "GET /wp-login.php HTTP/1.1" 200 2472 "https://dev-kofejob-wp.dreamstechnologies.com/wp-login.php" "Mozilla/5.0 (Windows NT 6.3; Win64; x64) AppleWebKit/537.36 (KHTML, like Gecko) Chrome/103.0.0.0 Safari/537.36"
5.35.38.15 - - [23/Feb/2026:02:38:57 +0000] "GET /wp-includes/css/dashicons.min.css?ver=6.9 HTTP/1.1" 304 0 "https://dev-kofejob-wp.dreamstechnologies.com/wp-login.php" "Mozilla/5.0 (Windows NT 10.0; Win64; x64) AppleWebKit/537.36 (KHTML, like Gecko) Chrome/143.0.0.0 Safari/537.36"
5.35.38.15 - - [23/Feb/2026:02:38:57 +0000] "GET /wp-includes/css/buttons.min.css?ver=6.9 HTTP/1.1" 304 0 "https://dev-kofejob-wp.dreamstechnologies.com/wp-login.php" "Mozilla/5.0 (Windows NT 10.0; Win64; x64) AppleWebKit/537.36 (KHTML, like Gecko) Chrome/143.0.0.0 Safari/537.36"
5.35.38.15 - - [23/Feb/2026:02:38:57 +0000] "GET /wp-admin/css/forms.min.css?ver=6.9 HTTP/1.1" 200 28101 "https://dev-kofejob-wp.dreamstechnologies.com/wp-login.php" "Mozilla/5.0 (Windows NT 10.0; Win64; x64) AppleWebKit/537.36 (KHTML, like Gecko) Chrome/143.0.0.0 Safari/537.36"
5.35.38.15 - - [23/Feb/2026:02:38:57 +0000] "GET /wp-admin/css/l10n.min.css?ver=6.9 HTTP/1.1" 304 0 "https://dev-kofejob-wp.dreamstechnologies.com/wp-login.php" "Mozilla/5.0 (Windows NT 10.0; Win64; x64) AppleWebKit/537.36 (KHTML, like Gecko) Chrome/143.0.0.0 Safari/537.36"
5.35.38.15 - - [23/Feb/2026:02:38:58 +0000] "GET /wp-admin/css/login.min.css?ver=6.9 HTTP/1.1" 304 0 "https://dev-kofejob-wp.dreamstechnologies.com/wp-login.php" "Mozilla/5.0 (Windows NT 10.0; Win64; x64) AppleWebKit/537.36 (KHTML, like Gecko) Chrome/143.0.0.0 Safari/537.36"
5.35.38.15 - - [23/Feb/2026:02:38:59 +0000] "POST /wp-login.php HTTP/1.1" 200 2638 "https://dev-kofejob-wp.dreamstechnologies.com/wp-login.php" "Mozilla/5.0 (Windows NT 6.3; Win64; x64) AppleWebKit/537.36 (KHTML, like Gecko) Chrome/103.0.0.0 Safari/537.36"
172.187.168.139 - - [23/Feb/2026:02:43:00 +0000] "POST /wp-cron.php?doing_wp_cron=1771814580.2719380855560302734375 HTTP/1.1" 200 31 "-" "WordPress/6.9; https://dev-kofejob-wp.dreamstechnologies.com"
5.35.38.15 - - [23/Feb/2026:02:43:00 +0000] "GET /betflare-casino-fast-payouts-instant-wins/ HTTP/1.1" 200 23675 "https://dev-kofejob-wp.dreamstechnologies.com/" "Mozilla/5.0 (Macintosh; Intel Mac OS X 12.5; rv:114.0) Gecko/20100101 Firefox/114.0"
5.35.38.15 - - [23/Feb/2026:02:43:01 +0000] "GET /wp-login.php HTTP/1.1" 200 2472 "https://dev-kofejob-wp.dreamstechnologies.com/betflare-casino-fast-payouts-instant-wins/" "Mozilla/5.0 (Windows NT 6.3; Win64; x64) AppleWebKit/537.36 (KHTML, like Gecko) Chrome/103.0.0.0 Safari/537.36"
5.35.38.15 - - [23/Feb/2026:02:43:02 +0000] "GET /wp-login.php HTTP/1.1" 200 2472 "https://dev-kofejob-wp.dreamstechnologies.com/wp-login.php" "Mozilla/5.0 (Windows NT 6.3; Win64; x64) AppleWebKit/537.36 (KHTML, like Gecko) Chrome/103.0.0.0 Safari/537.36"
5.35.38.15 - - [23/Feb/2026:02:43:03 +0000] "POST /wp-login.php HTTP/1.1" 200 2638 "https://dev-kofejob-wp.dreamstechnologies.com/wp-login.php" "Mozilla/5.0 (Windows NT 6.3; Win64; x64) AppleWebKit/537.36 (KHTML, like Gecko) Chrome/103.0.0.0 Safari/537.36"
172.187.168.139 - - [23/Feb/2026:02:43:51 +0000] "POST /wp-cron.php?doing_wp_cron=1771814631.3302230834960937500000 HTTP/1.1" 200 31 "-" "WordPress/6.9; https://dev-kofejob-wp.dreamstechnologies.com"
5.35.38.15 - - [23/Feb/2026:02:43:51 +0000] "GET /sector-777-casino-no-deposit-bonus-2023-1/ HTTP/1.1" 200 22455 "https://dev-kofejob-wp.dreamstechnologies.com/" "Mozilla/5.0 (Macintosh; Intel Mac OS X 12.5; rv:114.0) Gecko/20100101 Firefox/114.0"
5.35.38.15 - - [23/Feb/2026:02:43:52 +0000] "GET /wp-login.php HTTP/1.1" 200 2472 "https://dev-kofejob-wp.dreamstechnologies.com/sector-777-casino-no-deposit-bonus-2023-1/" "Mozilla/5.0 (Windows NT 6.3; Win64; x64) AppleWebKit/537.36 (KHTML, like Gecko) Chrome/103.0.0.0 Safari/537.36"
5.35.38.15 - - [23/Feb/2026:02:43:53 +0000] "GET /wp-login.php HTTP/1.1" 200 2472 "https://dev-kofejob-wp.dreamstechnologies.com/wp-login.php" "Mozilla/5.0 (Windows NT 6.3; Win64; x64) AppleWebKit/537.36 (KHTML, like Gecko) Chrome/103.0.0.0 Safari/537.36"
5.35.38.15 - - [23/Feb/2026:02:43:54 +0000] "POST /wp-login.php HTTP/1.1" 200 2638 "https://dev-kofejob-wp.dreamstechnologies.com/wp-login.php" "Mozilla/5.0 (Windows NT 6.3; Win64; x64) AppleWebKit/537.36 (KHTML, like Gecko) Chrome/103.0.0.0 Safari/537.36"
172.187.168.139 - - [23/Feb/2026:02:44:58 +0000] "POST /wp-cron.php?doing_wp_cron=1771814698.1519589424133300781250 HTTP/1.1" 200 31 "-" "WordPress/6.9; https://dev-kofejob-wp.dreamstechnologies.com"
5.35.38.15 - - [23/Feb/2026:02:44:58 +0000] "GET /slot-vader-casino-experience/ HTTP/1.1" 200 24663 "https://dev-kofejob-wp.dreamstechnologies.com/" "Mozilla/5.0 (Macintosh; Intel Mac OS X 12.5; rv:114.0) Gecko/20100101 Firefox/114.0"
5.35.38.15 - - [23/Feb/2026:02:44:59 +0000] "GET /wp-login.php HTTP/1.1" 200 2472 "https://dev-kofejob-wp.dreamstechnologies.com/slot-vader-casino-experience/" "Mozilla/5.0 (Windows NT 6.3; Win64; x64) AppleWebKit/537.36 (KHTML, like Gecko) Chrome/103.0.0.0 Safari/537.36"
5.35.38.15 - - [23/Feb/2026:02:44:59 +0000] "GET /wp-login.php HTTP/1.1" 200 2472 "https://dev-kofejob-wp.dreamstechnologies.com/wp-login.php" "Mozilla/5.0 (Windows NT 6.3; Win64; x64) AppleWebKit/537.36 (KHTML, like Gecko) Chrome/103.0.0.0 Safari/537.36"
5.35.38.15 - - [23/Feb/2026:02:45:01 +0000] "POST /wp-login.php HTTP/1.1" 200 2638 "https://dev-kofejob-wp.dreamstechnologies.com/wp-login.php" "Mozilla/5.0 (Windows NT 6.3; Win64; x64) AppleWebKit/537.36 (KHTML, like Gecko) Chrome/103.0.0.0 Safari/537.36"
172.187.168.139 - - [23/Feb/2026:03:06:14 +0000] "POST /wp-cron.php?doing_wp_cron=1771815974.7649660110473632812500 HTTP/1.1" 200 31 "-" "WordPress/6.9; https://dev-kofejob-wp.dreamstechnologies.com"
200.25.47.110 - - [23/Feb/2026:03:06:14 +0000] "POST /xmlrpc.php HTTP/1.1" 200 415 "-" "Mozilla/5.0 (Windows NT 10.0; Win64; x64) AppleWebKit/537.36 (KHTML, like Gecko) Chrome/114.0.0.0 Safari/537.36"
200.25.47.110 - - [23/Feb/2026:03:06:17 +0000] "POST /xmlrpc.php HTTP/1.1" 200 415 "-" "Mozilla/5.0 (Windows NT 10.0; Win64; x64) AppleWebKit/537.36 (KHTML, like Gecko) Chrome/114.0.0.0 Safari/537.36"
172.187.168.139 - - [23/Feb/2026:03:10:47 +0000] "POST /wp-cron.php?doing_wp_cron=1771816247.8404769897460937500000 HTTP/1.1" 200 31 "-" "WordPress/6.9; https://dev-kofejob-wp.dreamstechnologies.com"
165.73.242.8 - - [23/Feb/2026:03:10:47 +0000] "POST /xmlrpc.php HTTP/1.1" 200 415 "-" "Mozilla/5.0 (Windows NT 10.0; Win64; x64) AppleWebKit/537.36 (KHTML, like Gecko) Chrome/114.0.0.0 Safari/537.36"
165.73.242.8 - - [23/Feb/2026:03:10:49 +0000] "POST /xmlrpc.php HTTP/1.1" 200 415 "-" "Mozilla/5.0 (Windows NT 10.0; Win64; x64) AppleWebKit/537.36 (KHTML, like Gecko) Chrome/114.0.0.0 Safari/537.36"
172.187.168.139 - - [23/Feb/2026:03:47:07 +0000] "POST /wp-cron.php?doing_wp_cron=1771818427.6029670238494873046875 HTTP/1.1" 200 31 "-" "WordPress/6.9; https://dev-kofejob-wp.dreamstechnologies.com"
68.183.178.46 - - [23/Feb/2026:03:47:07 +0000] "GET /wp-login.php HTTP/1.1" 200 2472 "-" "Mozila/5.0"
68.183.178.46 - - [23/Feb/2026:03:47:08 +0000] "POST /wp-login.php HTTP/1.1" 200 2638 "-" "Mozila/5.0"
68.183.178.46 - - [23/Feb/2026:03:47:10 +0000] "GET /wp-admin/ HTTP/1.1" 302 5 "-" "Mozila/5.0"
68.183.178.46 - - [23/Feb/2026:03:47:11 +0000] "GET /wp-login.php?redirect_to=https%3A%2F%2Fdev-kofejob-wp.dreamstechnologies.com%2Fwp-admin%2F&reauth=1 HTTP/1.1" 200 2480 "-" "Mozila/5.0"
128.1.218.152 - - [23/Feb/2026:03:47:16 +0000] "POST /xmlrpc.php HTTP/1.1" 200 415 "-" "Mozilla/5.0 (Windows NT 10.0; Win64; x64) AppleWebKit/537.36 (KHTML, like Gecko) Chrome/114.0.0.0 Safari/537.36"
128.1.218.152 - - [23/Feb/2026:03:47:18 +0000] "POST /xmlrpc.php HTTP/1.1" 200 415 "-" "Mozilla/5.0 (Windows NT 10.0; Win64; x64) AppleWebKit/537.36 (KHTML, like Gecko) Chrome/114.0.0.0 Safari/537.36"
172.187.168.139 - - [23/Feb/2026:03:58:01 +0000] "POST /wp-cron.php?doing_wp_cron=1771819081.9165270328521728515625 HTTP/1.1" 200 31 "-" "WordPress/6.9; https://dev-kofejob-wp.dreamstechnologies.com"
165.73.242.8 - - [23/Feb/2026:03:58:01 +0000] "POST /xmlrpc.php HTTP/1.1" 200 415 "-" "Mozilla/5.0 (Windows NT 10.0; Win64; x64) AppleWebKit/537.36 (KHTML, like Gecko) Chrome/114.0.0.0 Safari/537.36"
165.73.242.8 - - [23/Feb/2026:03:58:05 +0000] "POST /xmlrpc.php HTTP/1.1" 200 415 "-" "Mozilla/5.0 (Windows NT 10.0; Win64; x64) AppleWebKit/537.36 (KHTML, like Gecko) Chrome/114.0.0.0 Safari/537.36"
172.187.168.139 - - [23/Feb/2026:04:05:59 +0000] "POST /wp-cron.php?doing_wp_cron=1771819559.9138720035552978515625 HTTP/1.1" 200 31 "-" "WordPress/6.9; https://dev-kofejob-wp.dreamstechnologies.com"
200.25.47.110 - - [23/Feb/2026:04:05:59 +0000] "POST /xmlrpc.php HTTP/1.1" 200 415 "-" "Mozilla/5.0 (Windows NT 10.0; Win64; x64) AppleWebKit/537.36 (KHTML, like Gecko) Chrome/114.0.0.0 Safari/537.36"
200.25.47.110 - - [23/Feb/2026:04:06:02 +0000] "POST /xmlrpc.php HTTP/1.1" 200 415 "-" "Mozilla/5.0 (Windows NT 10.0; Win64; x64) AppleWebKit/537.36 (KHTML, like Gecko) Chrome/114.0.0.0 Safari/537.36"
52.167.144.58 - - [23/Feb/2026:04:13:00 +0000] "GET /robots.txt HTTP/1.1" 200 66 "-" "Mozilla/5.0 AppleWebKit/537.36 (KHTML, like Gecko; compatible; bingbot/2.0; +http://www.bing.com/bingbot.htm) Chrome/116.0.1938.76 Safari/537.36"
172.187.168.139 - - [23/Feb/2026:04:13:09 +0000] "POST /wp-cron.php?doing_wp_cron=1771819989.5599989891052246093750 HTTP/1.1" 200 31 "-" "WordPress/6.9; https://dev-kofejob-wp.dreamstechnologies.com"
40.77.167.13 - - [23/Feb/2026:04:13:09 +0000] "GET /betflare-casino-fast-payouts-instant-wins/ HTTP/1.1" 200 23675 "-" "Mozilla/5.0 AppleWebKit/537.36 (KHTML, like Gecko; compatible; bingbot/2.0; +http://www.bing.com/bingbot.htm) Chrome/116.0.1938.76 Safari/537.36"
172.187.168.139 - - [23/Feb/2026:04:16:50 +0000] "POST /wp-cron.php?doing_wp_cron=1771820209.9787468910217285156250 HTTP/1.1" 200 31 "-" "WordPress/6.9; https://dev-kofejob-wp.dreamstechnologies.com"
40.77.167.13 - - [23/Feb/2026:04:16:50 +0000] "GET /limited-online-deuces-wild-1h-country/ HTTP/1.1" 200 18236 "-" "Mozilla/5.0 AppleWebKit/537.36 (KHTML, like Gecko; compatible; bingbot/2.0; +http://www.bing.com/bingbot.htm) Chrome/116.0.1938.76 Safari/537.36"
172.187.168.139 - - [23/Feb/2026:04:58:38 +0000] "POST /wp-cron.php?doing_wp_cron=1771822718.3803570270538330078125 HTTP/1.1" 200 31 "-" "WordPress/6.9; https://dev-kofejob-wp.dreamstechnologies.com"
170.168.173.182 - - [23/Feb/2026:04:58:38 +0000] "POST /xmlrpc.php HTTP/1.1" 200 415 "-" "Wget/1.21.4"
170.168.173.182 - - [23/Feb/2026:04:58:39 +0000] "POST /xmlrpc.php HTTP/1.1" 200 415 "-" "curl/7.88.1"
170.168.173.182 - - [23/Feb/2026:04:58:41 +0000] "POST /xmlrpc.php HTTP/1.1" 200 415 "-" "curl/8.6.0"
83.142.54.69 - - [23/Feb/2026:04:58:42 +0000] "GET /wp-login.php HTTP/1.1" 200 2472 "-" "curl/8.6.0"
165.73.242.8 - - [23/Feb/2026:04:59:22 +0000] "POST /xmlrpc.php HTTP/1.1" 200 415 "-" "Mozilla/5.0 (Windows NT 10.0; Win64; x64) AppleWebKit/537.36 (KHTML, like Gecko) Chrome/114.0.0.0 Safari/537.36"
165.73.242.8 - - [23/Feb/2026:04:59:25 +0000] "POST /xmlrpc.php HTTP/1.1" 200 415 "-" "Mozilla/5.0 (Windows NT 10.0; Win64; x64) AppleWebKit/537.36 (KHTML, like Gecko) Chrome/114.0.0.0 Safari/537.36"
172.187.168.139 - - [23/Feb/2026:05:05:34 +0000] "POST /wp-cron.php?doing_wp_cron=1771823134.6973810195922851562500 HTTP/1.1" 200 31 "-" "WordPress/6.9; https://dev-kofejob-wp.dreamstechnologies.com"
200.25.47.110 - - [23/Feb/2026:05:05:34 +0000] "POST /xmlrpc.php HTTP/1.1" 200 415 "-" "Mozilla/5.0 (Windows NT 10.0; Win64; x64) AppleWebKit/537.36 (KHTML, like Gecko) Chrome/114.0.0.0 Safari/537.36"
200.25.47.110 - - [23/Feb/2026:05:05:37 +0000] "POST /xmlrpc.php HTTP/1.1" 200 415 "-" "Mozilla/5.0 (Windows NT 10.0; Win64; x64) AppleWebKit/537.36 (KHTML, like Gecko) Chrome/114.0.0.0 Safari/537.36"
172.187.168.139 - - [23/Feb/2026:05:07:52 +0000] "POST /wp-cron.php?doing_wp_cron=1771823272.6507019996643066406250 HTTP/1.1" 200 31 "-" "WordPress/6.9; https://dev-kofejob-wp.dreamstechnologies.com"
103.13.204.122 - - [23/Feb/2026:05:07:52 +0000] "POST /xmlrpc.php HTTP/1.1" 200 415 "-" "XML-RPC for PHP 4.11.1"
172.187.168.139 - - [23/Feb/2026:05:32:13 +0000] "POST /wp-cron.php?doing_wp_cron=1771824732.9554579257965087890625 HTTP/1.1" 200 31 "-" "WordPress/6.9; https://dev-kofejob-wp.dreamstechnologies.com"
34.56.208.222 - - [23/Feb/2026:05:32:13 +0000] "POST /wp-login.php HTTP/1.1" 200 2629 "-" "Mozilla/5.0 (Windows NT 10.0; Win64; x64; rv:135.0) Gecko/20100101 Firefox/135.0"
172.187.168.139 - - [23/Feb/2026:05:59:17 +0000] "POST /wp-cron.php?doing_wp_cron=1771826356.9097270965576171875000 HTTP/1.1" 200 31 "-" "WordPress/6.9; https://dev-kofejob-wp.dreamstechnologies.com"
165.73.242.8 - - [23/Feb/2026:05:59:17 +0000] "POST /xmlrpc.php HTTP/1.1" 200 415 "-" "Mozilla/5.0 (Windows NT 10.0; Win64; x64) AppleWebKit/537.36 (KHTML, like Gecko) Chrome/114.0.0.0 Safari/537.36"
165.73.242.8 - - [23/Feb/2026:05:59:21 +0000] "POST /xmlrpc.php HTTP/1.1" 200 415 "-" "Mozilla/5.0 (Windows NT 10.0; Win64; x64) AppleWebKit/537.36 (KHTML, like Gecko) Chrome/114.0.0.0 Safari/537.36"
172.187.168.139 - - [23/Feb/2026:06:05:47 +0000] "POST /wp-cron.php?doing_wp_cron=1771826747.5068430900573730468750 HTTP/1.1" 200 31 "-" "WordPress/6.9; https://dev-kofejob-wp.dreamstechnologies.com"
200.25.47.110 - - [23/Feb/2026:06:05:47 +0000] "POST /xmlrpc.php HTTP/1.1" 200 415 "-" "Mozilla/5.0 (Windows NT 10.0; Win64; x64) AppleWebKit/537.36 (KHTML, like Gecko) Chrome/114.0.0.0 Safari/537.36"
200.25.47.110 - - [23/Feb/2026:06:05:50 +0000] "POST /xmlrpc.php HTTP/1.1" 200 415 "-" "Mozilla/5.0 (Windows NT 10.0; Win64; x64) AppleWebKit/537.36 (KHTML, like Gecko) Chrome/114.0.0.0 Safari/537.36"
172.187.168.139 - - [23/Feb/2026:06:11:50 +0000] "POST /wp-cron.php?doing_wp_cron=1771827110.9220759868621826171875 HTTP/1.1" 200 31 "-" "WordPress/6.9; https://dev-kofejob-wp.dreamstechnologies.com"
165.73.242.8 - - [23/Feb/2026:06:11:50 +0000] "POST /xmlrpc.php HTTP/1.1" 200 415 "-" "Mozilla/5.0 (Windows NT 10.0; Win64; x64) AppleWebKit/537.36 (KHTML, like Gecko) Chrome/114.0.0.0 Safari/537.36"
165.73.242.8 - - [23/Feb/2026:06:11:52 +0000] "POST /xmlrpc.php HTTP/1.1" 200 415 "-" "Mozilla/5.0 (Windows NT 10.0; Win64; x64) AppleWebKit/537.36 (KHTML, like Gecko) Chrome/114.0.0.0 Safari/537.36"
172.187.168.139 - - [23/Feb/2026:06:58:13 +0000] "POST /wp-cron.php?doing_wp_cron=1771829893.8423559665679931640625 HTTP/1.1" 200 31 "-" "WordPress/6.9; https://dev-kofejob-wp.dreamstechnologies.com"
128.1.218.152 - - [23/Feb/2026:06:58:13 +0000] "POST /xmlrpc.php HTTP/1.1" 200 415 "-" "Mozilla/5.0 (Windows NT 10.0; Win64; x64) AppleWebKit/537.36 (KHTML, like Gecko) Chrome/114.0.0.0 Safari/537.36"
128.1.218.152 - - [23/Feb/2026:06:58:15 +0000] "POST /xmlrpc.php HTTP/1.1" 200 415 "-" "Mozilla/5.0 (Windows NT 10.0; Win64; x64) AppleWebKit/537.36 (KHTML, like Gecko) Chrome/114.0.0.0 Safari/537.36"
172.187.168.139 - - [23/Feb/2026:07:05:57 +0000] "POST /wp-cron.php?doing_wp_cron=1771830357.0476589202880859375000 HTTP/1.1" 200 31 "-" "WordPress/6.9; https://dev-kofejob-wp.dreamstechnologies.com"
200.25.47.110 - - [23/Feb/2026:07:05:57 +0000] "POST /xmlrpc.php HTTP/1.1" 200 415 "-" "Mozilla/5.0 (Windows NT 10.0; Win64; x64) AppleWebKit/537.36 (KHTML, like Gecko) Chrome/114.0.0.0 Safari/537.36"
200.25.47.110 - - [23/Feb/2026:07:05:59 +0000] "POST /xmlrpc.php HTTP/1.1" 200 415 "-" "Mozilla/5.0 (Windows NT 10.0; Win64; x64) AppleWebKit/537.36 (KHTML, like Gecko) Chrome/114.0.0.0 Safari/537.36"
172.187.168.139 - - [23/Feb/2026:07:12:43 +0000] "POST /wp-cron.php?doing_wp_cron=1771830763.4982309341430664062500 HTTP/1.1" 200 31 "-" "WordPress/6.9; https://dev-kofejob-wp.dreamstechnologies.com"
165.73.242.8 - - [23/Feb/2026:07:12:43 +0000] "POST /xmlrpc.php HTTP/1.1" 200 415 "-" "Mozilla/5.0 (Windows NT 10.0; Win64; x64) AppleWebKit/537.36 (KHTML, like Gecko) Chrome/114.0.0.0 Safari/537.36"
165.73.242.8 - - [23/Feb/2026:07:12:54 +0000] "POST /xmlrpc.php HTTP/1.1" 200 415 "-" "Mozilla/5.0 (Windows NT 10.0; Win64; x64) AppleWebKit/537.36 (KHTML, like Gecko) Chrome/114.0.0.0 Safari/537.36"
84.20.4.13 - - [23/Feb/2026:07:13:14 +0000] "POST /xmlrpc.php HTTP/1.1" 200 415 "-" "Mozilla/5.0 (Macintosh; Intel Mac OS X 10_15_1) AppleWebKit/537.36 (KHTML, like Gecko) Chrome/80.0.3987.132 Safari/537.36"
172.187.168.139 - - [23/Feb/2026:08:05:28 +0000] "POST /wp-cron.php?doing_wp_cron=1771833928.2375509738922119140625 HTTP/1.1" 200 31 "-" "WordPress/6.9; https://dev-kofejob-wp.dreamstechnologies.com"
200.25.47.110 - - [23/Feb/2026:08:05:28 +0000] "POST /xmlrpc.php HTTP/1.1" 200 415 "-" "Mozilla/5.0 (Windows NT 10.0; Win64; x64) AppleWebKit/537.36 (KHTML, like Gecko) Chrome/114.0.0.0 Safari/537.36"
200.25.47.110 - - [23/Feb/2026:08:05:30 +0000] "POST /xmlrpc.php HTTP/1.1" 200 415 "-" "Mozilla/5.0 (Windows NT 10.0; Win64; x64) AppleWebKit/537.36 (KHTML, like Gecko) Chrome/114.0.0.0 Safari/537.36"
172.187.168.139 - - [23/Feb/2026:08:12:55 +0000] "POST /wp-cron.php?doing_wp_cron=1771834375.6995229721069335937500 HTTP/1.1" 200 31 "-" "WordPress/6.9; https://dev-kofejob-wp.dreamstechnologies.com"
165.73.242.8 - - [23/Feb/2026:08:12:55 +0000] "POST /xmlrpc.php HTTP/1.1" 200 415 "-" "Mozilla/5.0 (Windows NT 10.0; Win64; x64) AppleWebKit/537.36 (KHTML, like Gecko) Chrome/114.0.0.0 Safari/537.36"
165.73.242.8 - - [23/Feb/2026:08:13:08 +0000] "POST /xmlrpc.php HTTP/1.1" 200 415 "-" "Mozilla/5.0 (Windows NT 10.0; Win64; x64) AppleWebKit/537.36 (KHTML, like Gecko) Chrome/114.0.0.0 Safari/537.36"
172.187.168.139 - - [23/Feb/2026:08:34:09 +0000] "POST /wp-cron.php?doing_wp_cron=1771835649.2887570858001708984375 HTTP/1.1" 200 31 "-" "WordPress/6.9; https://dev-kofejob-wp.dreamstechnologies.com"
89.124.67.159 - - [23/Feb/2026:08:34:09 +0000] "POST /xmlrpc.php HTTP/1.1" 200 415 "-" "Python-xmlrpc/3.11"
89.124.67.159 - - [23/Feb/2026:08:34:10 +0000] "POST /xmlrpc.php HTTP/1.1" 200 415 "-" "Python-xmlrpc/3.11"
89.124.67.159 - - [23/Feb/2026:08:34:15 +0000] "POST /xmlrpc.php HTTP/1.1" 200 415 "-" "Python-xmlrpc/3.11"
89.124.67.159 - - [23/Feb/2026:08:34:17 +0000] "POST /xmlrpc.php HTTP/1.1" 200 415 "-" "Python-xmlrpc/3.11"
172.187.168.139 - - [23/Feb/2026:08:49:33 +0000] "POST /wp-cron.php?doing_wp_cron=1771836573.3486371040344238281250 HTTP/1.1" 200 31 "-" "WordPress/6.9; https://dev-kofejob-wp.dreamstechnologies.com"
109.61.85.44 - - [23/Feb/2026:08:49:33 +0000] "POST /xmlrpc.php HTTP/1.1" 200 415 "-" "Mozilla/5.0 (Windows NT 10.0; WOW64) AppleWebKit/537.36 (KHTML, like Gecko) Chrome/80.0.3987.132 Safari/537.36"
172.187.168.139 - - [23/Feb/2026:08:57:55 +0000] "POST /wp-cron.php?doing_wp_cron=1771837075.0767819881439208984375 HTTP/1.1" 200 31 "-" "WordPress/6.9; https://dev-kofejob-wp.dreamstechnologies.com"
83.143.112.14 - - [23/Feb/2026:08:57:55 +0000] "GET / HTTP/1.1" 200 19609 "-" "Mozilla/5.0"
172.187.168.139 - - [23/Feb/2026:08:59:16 +0000] "POST /wp-cron.php?doing_wp_cron=1771837156.7738459110260009765625 HTTP/1.1" 200 31 "-" "WordPress/6.9; https://dev-kofejob-wp.dreamstechnologies.com"
128.1.218.152 - - [23/Feb/2026:08:59:16 +0000] "POST /xmlrpc.php HTTP/1.1" 200 415 "-" "Mozilla/5.0 (Windows NT 10.0; Win64; x64) AppleWebKit/537.36 (KHTML, like Gecko) Chrome/114.0.0.0 Safari/537.36"
128.1.218.152 - - [23/Feb/2026:08:59:18 +0000] "POST /xmlrpc.php HTTP/1.1" 200 415 "-" "Mozilla/5.0 (Windows NT 10.0; Win64; x64) AppleWebKit/537.36 (KHTML, like Gecko) Chrome/114.0.0.0 Safari/537.36"
172.187.168.139 - - [23/Feb/2026:09:05:45 +0000] "POST /wp-cron.php?doing_wp_cron=1771837545.3043088912963867187500 HTTP/1.1" 200 31 "-" "WordPress/6.9; https://dev-kofejob-wp.dreamstechnologies.com"
200.25.47.110 - - [23/Feb/2026:09:05:45 +0000] "POST /xmlrpc.php HTTP/1.1" 200 415 "-" "Mozilla/5.0 (Windows NT 10.0; Win64; x64) AppleWebKit/537.36 (KHTML, like Gecko) Chrome/114.0.0.0 Safari/537.36"
200.25.47.110 - - [23/Feb/2026:09:05:47 +0000] "POST /xmlrpc.php HTTP/1.1" 200 415 "-" "Mozilla/5.0 (Windows NT 10.0; Win64; x64) AppleWebKit/537.36 (KHTML, like Gecko) Chrome/114.0.0.0 Safari/537.36"
172.187.168.139 - - [23/Feb/2026:09:13:09 +0000] "POST /wp-cron.php?doing_wp_cron=1771837989.2000820636749267578125 HTTP/1.1" 200 31 "-" "WordPress/6.9; https://dev-kofejob-wp.dreamstechnologies.com"
165.73.242.8 - - [23/Feb/2026:09:13:09 +0000] "POST /xmlrpc.php HTTP/1.1" 200 415 "-" "Mozilla/5.0 (Windows NT 10.0; Win64; x64) AppleWebKit/537.36 (KHTML, like Gecko) Chrome/114.0.0.0 Safari/537.36"
165.73.242.8 - - [23/Feb/2026:09:13:12 +0000] "POST /xmlrpc.php HTTP/1.1" 200 415 "-" "Mozilla/5.0 (Windows NT 10.0; Win64; x64) AppleWebKit/537.36 (KHTML, like Gecko) Chrome/114.0.0.0 Safari/537.36"
172.187.168.139 - - [23/Feb/2026:09:22:07 +0000] "POST /wp-cron.php?doing_wp_cron=1771838526.9666719436645507812500 HTTP/1.1" 200 31 "-" "WordPress/6.9; https://dev-kofejob-wp.dreamstechnologies.com"
66.249.64.14 - - [23/Feb/2026:09:22:07 +0000] "GET /winning-strategies-proven-methods-to-beat-the-odds/ HTTP/1.1" 200 17474 "-" "Mozilla/5.0 (Linux; Android 6.0.1; Nexus 5X Build/MMB29P) AppleWebKit/537.36 (KHTML, like Gecko) Chrome/144.0.7559.132 Mobile Safari/537.36 (compatible; Googlebot/2.1; +http://www.google.com/bot.html)"
172.187.168.139 - - [23/Feb/2026:09:38:29 +0000] "POST /wp-cron.php?doing_wp_cron=1771839509.1558170318603515625000 HTTP/1.1" 200 31 "-" "WordPress/6.9; https://dev-kofejob-wp.dreamstechnologies.com"
165.73.242.8 - - [23/Feb/2026:09:38:29 +0000] "POST /xmlrpc.php HTTP/1.1" 200 415 "-" "Mozilla/5.0 (Windows NT 10.0; Win64; x64) AppleWebKit/537.36 (KHTML, like Gecko) Chrome/114.0.0.0 Safari/537.36"
165.73.242.8 - - [23/Feb/2026:09:38:31 +0000] "POST /xmlrpc.php HTTP/1.1" 200 415 "-" "Mozilla/5.0 (Windows NT 10.0; Win64; x64) AppleWebKit/537.36 (KHTML, like Gecko) Chrome/114.0.0.0 Safari/537.36"
106.105.12.178 - - [23/Feb/2026:09:38:48 +0000] "POST /xmlrpc.php HTTP/1.1" 200 415 "-" "Mozilla/5.0 (Windows NT 10.0; Win64; x64) AppleWebKit/537.36 (KHTML, like Gecko) Chrome/123.0.0.0 Safari/537.36"
66.249.64.15 - - [23/Feb/2026:10:00:06 +0000] "GET /robots.txt HTTP/1.1" 200 66 "-" "Mozilla/5.0 (compatible; Googlebot/2.1; +http://www.google.com/bot.html)"
172.187.168.139 - - [23/Feb/2026:10:00:07 +0000] "POST /wp-cron.php?doing_wp_cron=1771840807.0809030532836914062500 HTTP/1.1" 200 31 "-" "WordPress/6.9; https://dev-kofejob-wp.dreamstechnologies.com"
66.249.64.15 - - [23/Feb/2026:10:00:07 +0000] "GET /famous-casinos-around-the-world-discover-the-best-2/ HTTP/1.1" 200 17286 "-" "Mozilla/5.0 (Linux; Android 6.0.1; Nexus 5X Build/MMB29P) AppleWebKit/537.36 (KHTML, like Gecko) Chrome/144.0.7559.132 Mobile Safari/537.36 (compatible; Googlebot/2.1; +http://www.google.com/bot.html)"
172.187.168.139 - - [23/Feb/2026:10:05:26 +0000] "POST /wp-cron.php?doing_wp_cron=1771841126.0402970314025878906250 HTTP/1.1" 200 31 "-" "WordPress/6.9; https://dev-kofejob-wp.dreamstechnologies.com"
200.25.47.110 - - [23/Feb/2026:10:05:26 +0000] "POST /xmlrpc.php HTTP/1.1" 200 415 "-" "Mozilla/5.0 (Windows NT 10.0; Win64; x64) AppleWebKit/537.36 (KHTML, like Gecko) Chrome/114.0.0.0 Safari/537.36"
200.25.47.110 - - [23/Feb/2026:10:05:28 +0000] "POST /xmlrpc.php HTTP/1.1" 200 415 "-" "Mozilla/5.0 (Windows NT 10.0; Win64; x64) AppleWebKit/537.36 (KHTML, like Gecko) Chrome/114.0.0.0 Safari/537.36"
172.187.168.139 - - [23/Feb/2026:10:14:11 +0000] "POST /wp-cron.php?doing_wp_cron=1771841651.8786909580230712890625 HTTP/1.1" 200 31 "-" "WordPress/6.9; https://dev-kofejob-wp.dreamstechnologies.com"
157.66.56.19 - - [23/Feb/2026:10:14:11 +0000] "GET /wp-login.php HTTP/1.1" 200 2472 "-" "Mozila/5.0"
157.66.56.19 - - [23/Feb/2026:10:14:13 +0000] "POST /wp-login.php HTTP/1.1" 200 2638 "-" "Mozila/5.0"
157.66.56.19 - - [23/Feb/2026:10:14:14 +0000] "GET /wp-admin/ HTTP/1.1" 302 5 "-" "Mozila/5.0"
157.66.56.19 - - [23/Feb/2026:10:14:15 +0000] "GET /wp-login.php?redirect_to=https%3A%2F%2Fdev-kofejob-wp.dreamstechnologies.com%2Fwp-admin%2F&reauth=1 HTTP/1.1" 200 2480 "-" "Mozila/5.0"
172.187.168.139 - - [23/Feb/2026:10:21:04 +0000] "POST /wp-cron.php?doing_wp_cron=1771842064.2573080062866210937500 HTTP/1.1" 200 31 "-" "WordPress/6.9; https://dev-kofejob-wp.dreamstechnologies.com"
66.249.64.15 - - [23/Feb/2026:10:21:04 +0000] "GET /tag/project/ HTTP/1.1" 200 14915 "-" "Mozilla/5.0 (Linux; Android 6.0.1; Nexus 5X Build/MMB29P) AppleWebKit/537.36 (KHTML, like Gecko) Chrome/144.0.7559.132 Mobile Safari/537.36 (compatible; Googlebot/2.1; +http://www.google.com/bot.html)"
172.187.168.139 - - [23/Feb/2026:10:38:22 +0000] "POST /wp-cron.php?doing_wp_cron=1771843102.1009531021118164062500 HTTP/1.1" 200 31 "-" "WordPress/6.9; https://dev-kofejob-wp.dreamstechnologies.com"
165.73.242.8 - - [23/Feb/2026:10:38:22 +0000] "POST /xmlrpc.php HTTP/1.1" 200 415 "-" "Mozilla/5.0 (Windows NT 10.0; Win64; x64) AppleWebKit/537.36 (KHTML, like Gecko) Chrome/114.0.0.0 Safari/537.36"
165.73.242.8 - - [23/Feb/2026:10:38:24 +0000] "POST /xmlrpc.php HTTP/1.1" 200 415 "-" "Mozilla/5.0 (Windows NT 10.0; Win64; x64) AppleWebKit/537.36 (KHTML, like Gecko) Chrome/114.0.0.0 Safari/537.36"
172.187.168.139 - - [23/Feb/2026:11:00:29 +0000] "POST /wp-cron.php?doing_wp_cron=1771844429.8252320289611816406250 HTTP/1.1" 200 31 "-" "WordPress/6.9; https://dev-kofejob-wp.dreamstechnologies.com"
129.227.39.119 - - [23/Feb/2026:11:00:29 +0000] "POST /xmlrpc.php HTTP/1.1" 200 415 "-" "Mozilla/5.0 (Windows NT 10.0; Win64; x64) AppleWebKit/537.36 (KHTML, like Gecko) Chrome/114.0.0.0 Safari/537.36"
129.227.39.119 - - [23/Feb/2026:11:00:32 +0000] "POST /xmlrpc.php HTTP/1.1" 200 415 "-" "Mozilla/5.0 (Windows NT 10.0; Win64; x64) AppleWebKit/537.36 (KHTML, like Gecko) Chrome/114.0.0.0 Safari/537.36"
172.187.168.139 - - [23/Feb/2026:11:03:49 +0000] "POST /wp-cron.php?doing_wp_cron=1771844629.8935279846191406250000 HTTP/1.1" 200 31 "-" "WordPress/6.9; https://dev-kofejob-wp.dreamstechnologies.com"
128.1.179.147 - - [23/Feb/2026:11:03:49 +0000] "POST /xmlrpc.php HTTP/1.1" 200 415 "-" "Mozilla/5.0 (Windows NT 10.0; Win64; x64) AppleWebKit/537.36 (KHTML, like Gecko) Chrome/114.0.0.0 Safari/537.36"
128.1.179.147 - - [23/Feb/2026:11:03:52 +0000] "POST /xmlrpc.php HTTP/1.1" 200 415 "-" "Mozilla/5.0 (Windows NT 10.0; Win64; x64) AppleWebKit/537.36 (KHTML, like Gecko) Chrome/114.0.0.0 Safari/537.36"
172.187.168.139 - - [23/Feb/2026:11:27:09 +0000] "POST /wp-cron.php?doing_wp_cron=1771846029.8016929626464843750000 HTTP/1.1" 200 31 "-" "WordPress/6.9; https://dev-kofejob-wp.dreamstechnologies.com"
66.249.64.9 - - [23/Feb/2026:11:27:09 +0000] "GET /kasina-v-priebehu-asu-aky-bol-ich-historicky-vyvoj/ HTTP/1.1" 200 17349 "-" "Mozilla/5.0 (Linux; Android 6.0.1; Nexus 5X Build/MMB29P) AppleWebKit/537.36 (KHTML, like Gecko) Chrome/144.0.7559.132 Mobile Safari/537.36 (compatible; Googlebot/2.1; +http://www.google.com/bot.html)"
172.187.168.139 - - [23/Feb/2026:11:27:15 +0000] "POST /wp-admin/admin-ajax.php?action=wp_1_wc_privacy_cleanup&nonce=c8f4bb6c96 HTTP/1.1" 200 31 "-" "WordPress/6.9; https://dev-kofejob-wp.dreamstechnologies.com"
66.249.64.8 - - [23/Feb/2026:11:27:17 +0000] "GET /wp-content/themes/kofejob/assets/css/theme-woocommerce.css?ver=6.9 HTTP/1.1" 200 117739 "https://dev-kofejob-wp.dreamstechnologies.com/kasina-v-priebehu-asu-aky-bol-ich-historicky-vyvoj/" "Mozilla/5.0 (Linux; Android 6.0.1; Nexus 5X Build/MMB29P) AppleWebKit/537.36 (KHTML, like Gecko) Chrome/144.0.7559.132 Mobile Safari/537.36 (compatible; Googlebot/2.1; +http://www.google.com/bot.html)"
172.187.168.139 - - [23/Feb/2026:11:36:04 +0000] "POST /wp-cron.php?doing_wp_cron=1771846564.1841909885406494140625 HTTP/1.1" 200 31 "-" "WordPress/6.9; https://dev-kofejob-wp.dreamstechnologies.com"
66.249.64.15 - - [23/Feb/2026:11:36:04 +0000] "GET /wp-content/* HTTP/1.1" 404 11198 "-" "Mozilla/5.0 (Linux; Android 6.0.1; Nexus 5X Build/MMB29P) AppleWebKit/537.36 (KHTML, like Gecko) Chrome/144.0.7559.132 Mobile Safari/537.36 (compatible; Googlebot/2.1; +http://www.google.com/bot.html)"
172.187.168.139 - - [23/Feb/2026:11:38:54 +0000] "POST /wp-cron.php?doing_wp_cron=1771846734.9083390235900878906250 HTTP/1.1" 200 31 "-" "WordPress/6.9; https://dev-kofejob-wp.dreamstechnologies.com"
77.94.115.242 - - [23/Feb/2026:11:38:54 +0000] "GET / HTTP/1.1" 200 19609 "-" "Mozilla/5.0 (Windows NT 10.0; Win64; x64) AppleWebKit/537.36 (KHTML, like Gecko) Chrome/120.0.0.0 Safari/537.36"
138.0.64.168 - - [23/Feb/2026:11:38:57 +0000] "GET /wp-login.php HTTP/1.1" 200 2472 "-" "Mozilla/5.0 (Windows NT 10.0; Win64; x64) AppleWebKit/537.36 (KHTML, like Gecko) Chrome/120.0.0.0 Safari/537.36"
138.0.64.168 - - [23/Feb/2026:11:38:59 +0000] "POST /wp-login.php HTTP/1.1" 200 2629 "https://dev-kofejob-wp.dreamstechnologies.com/wp-login.php" "Mozilla/5.0 (Windows NT 10.0; Win64; x64) AppleWebKit/537.36 (KHTML, like Gecko) Chrome/120.0.0.0 Safari/537.36"
2605:59c8:710c:f010:50a2:5c44:2008:8a8d - - [23/Feb/2026:11:39:07 +0000] "POST /wp-login.php HTTP/1.1" 200 2629 "https://dev-kofejob-wp.dreamstechnologies.com/wp-login.php" "Mozilla/5.0 (Windows NT 10.0; Win64; x64) AppleWebKit/537.36 (KHTML, like Gecko) Chrome/120.0.0.0 Safari/537.36"
122.129.65.25 - - [23/Feb/2026:11:39:17 +0000] "POST /wp-login.php HTTP/1.1" 200 2629 "https://dev-kofejob-wp.dreamstechnologies.com/wp-login.php" "Mozilla/5.0 (Windows NT 10.0; Win64; x64) AppleWebKit/537.36 (KHTML, like Gecko) Chrome/120.0.0.0 Safari/537.36"
103.49.200.35 - - [23/Feb/2026:11:39:21 +0000] "POST /xmlrpc.php HTTP/1.1" 200 415 "-" "WordPress/5.0; https://dev-kofejob-wp.dreamstechnologies.com"
102.221.34.103 - - [23/Feb/2026:11:39:21 +0000] "POST /xmlrpc.php HTTP/1.1" 200 415 "-" "Mozilla/5.0 (Windows NT 10.0; Win64; x64) AppleWebKit/537.36 (KHTML, like Gecko) Chrome/114.0.0.0 Safari/537.36"
102.221.34.103 - - [23/Feb/2026:11:39:24 +0000] "POST /xmlrpc.php HTTP/1.1" 200 415 "-" "Mozilla/5.0 (Windows NT 10.0; Win64; x64) AppleWebKit/537.36 (KHTML, like Gecko) Chrome/114.0.0.0 Safari/537.36"
172.187.168.139 - - [23/Feb/2026:11:42:28 +0000] "POST /wp-cron.php?doing_wp_cron=1771846948.6878159046173095703125 HTTP/1.1" 200 31 "-" "WordPress/6.9; https://dev-kofejob-wp.dreamstechnologies.com"
129.227.39.119 - - [23/Feb/2026:11:42:28 +0000] "POST /xmlrpc.php HTTP/1.1" 200 415 "-" "Mozilla/5.0 (Windows NT 10.0; Win64; x64) AppleWebKit/537.36 (KHTML, like Gecko) Chrome/114.0.0.0 Safari/537.36"
129.227.39.119 - - [23/Feb/2026:11:42:31 +0000] "POST /xmlrpc.php HTTP/1.1" 200 415 "-" "Mozilla/5.0 (Windows NT 10.0; Win64; x64) AppleWebKit/537.36 (KHTML, like Gecko) Chrome/114.0.0.0 Safari/537.36"
198.44.159.69 - - [23/Feb/2026:11:43:09 +0000] "POST /xmlrpc.php HTTP/1.1" 200 415 "-" "Mozilla/5.0 (Windows NT 6.1; Win64; x64) AppleWebKit/537.36 (KHTML, like Gecko) Chrome/80.0.3987.149 Safari/537.36"
198.44.159.69 - - [23/Feb/2026:11:43:11 +0000] "POST /xmlrpc.php HTTP/1.1" 200 415 "-" "Mozilla/5.0 (Windows NT 6.1; Win64; x64) AppleWebKit/537.36 (KHTML, like Gecko) Chrome/80.0.3987.149 Safari/537.36"
198.44.159.69 - - [23/Feb/2026:11:43:14 +0000] "POST /xmlrpc.php HTTP/1.1" 200 415 "-" "Mozilla/5.0 (Windows NT 6.1; Win64; x64) AppleWebKit/537.36 (KHTML, like Gecko) Chrome/80.0.3987.149 Safari/537.36"
198.44.159.69 - - [23/Feb/2026:11:43:17 +0000] "POST /xmlrpc.php HTTP/1.1" 200 415 "-" "Mozilla/5.0 (Windows NT 6.1; Win64; x64) AppleWebKit/537.36 (KHTML, like Gecko) Chrome/80.0.3987.149 Safari/537.36"
98.98.33.53 - - [23/Feb/2026:11:43:22 +0000] "POST /xmlrpc.php HTTP/1.1" 200 415 "-" "Mozilla/5.0 (Windows NT 10.0; Win64; x64) AppleWebKit/537.36 (KHTML, like Gecko) Chrome/114.0.0.0 Safari/537.36"
98.98.33.53 - - [23/Feb/2026:11:43:24 +0000] "POST /xmlrpc.php HTTP/1.1" 200 415 "-" "Mozilla/5.0 (Windows NT 10.0; Win64; x64) AppleWebKit/537.36 (KHTML, like Gecko) Chrome/114.0.0.0 Safari/537.36"
172.187.168.139 - - [23/Feb/2026:11:51:09 +0000] "POST /wp-cron.php?doing_wp_cron=1771847469.4297120571136474609375 HTTP/1.1" 200 31 "-" "WordPress/6.9; https://dev-kofejob-wp.dreamstechnologies.com"
66.249.64.14 - - [23/Feb/2026:11:51:09 +0000] "GET /pokorite-mir-azartnyh-igr-prodvinutye-tehniki-igry/ HTTP/1.1" 200 17932 "-" "Mozilla/5.0 (Linux; Android 6.0.1; Nexus 5X Build/MMB29P) AppleWebKit/537.36 (KHTML, like Gecko) Chrome/144.0.7559.132 Mobile Safari/537.36 (compatible; Googlebot/2.1; +http://www.google.com/bot.html)"
172.187.168.139 - - [23/Feb/2026:11:55:01 +0000] "POST /wp-cron.php?doing_wp_cron=1771847700.9557769298553466796875 HTTP/1.1" 200 31 "-" "WordPress/6.9; https://dev-kofejob-wp.dreamstechnologies.com"
129.227.39.119 - - [23/Feb/2026:11:55:01 +0000] "POST /xmlrpc.php HTTP/1.1" 200 415 "-" "Mozilla/5.0 (Windows NT 10.0; Win64; x64) AppleWebKit/537.36 (KHTML, like Gecko) Chrome/114.0.0.0 Safari/537.36"
129.227.39.119 - - [23/Feb/2026:11:55:03 +0000] "POST /xmlrpc.php HTTP/1.1" 200 415 "-" "Mozilla/5.0 (Windows NT 10.0; Win64; x64) AppleWebKit/537.36 (KHTML, like Gecko) Chrome/114.0.0.0 Safari/537.36"
172.187.168.139 - - [23/Feb/2026:11:57:53 +0000] "POST /wp-cron.php?doing_wp_cron=1771847873.0289080142974853515625 HTTP/1.1" 200 31 "-" "WordPress/6.9; https://dev-kofejob-wp.dreamstechnologies.com"
129.227.39.119 - - [23/Feb/2026:11:57:53 +0000] "POST /xmlrpc.php HTTP/1.1" 200 415 "-" "Mozilla/5.0 (Windows NT 10.0; Win64; x64) AppleWebKit/537.36 (KHTML, like Gecko) Chrome/114.0.0.0 Safari/537.36"
129.227.39.119 - - [23/Feb/2026:11:57:55 +0000] "POST /xmlrpc.php HTTP/1.1" 200 415 "-" "Mozilla/5.0 (Windows NT 10.0; Win64; x64) AppleWebKit/537.36 (KHTML, like Gecko) Chrome/114.0.0.0 Safari/537.36"
172.187.168.139 - - [23/Feb/2026:12:05:07 +0000] "POST /wp-cron.php?doing_wp_cron=1771848307.6379899978637695312500 HTTP/1.1" 200 31 "-" "WordPress/6.9; https://dev-kofejob-wp.dreamstechnologies.com"
128.1.179.147 - - [23/Feb/2026:12:05:07 +0000] "POST /xmlrpc.php HTTP/1.1" 200 415 "-" "Mozilla/5.0 (Windows NT 10.0; Win64; x64) AppleWebKit/537.36 (KHTML, like Gecko) Chrome/114.0.0.0 Safari/537.36"
128.1.179.147 - - [23/Feb/2026:12:05:10 +0000] "POST /xmlrpc.php HTTP/1.1" 200 415 "-" "Mozilla/5.0 (Windows NT 10.0; Win64; x64) AppleWebKit/537.36 (KHTML, like Gecko) Chrome/114.0.0.0 Safari/537.36"
172.187.168.139 - - [23/Feb/2026:12:12:56 +0000] "POST /wp-cron.php?doing_wp_cron=1771848776.1232559680938720703125 HTTP/1.1" 200 31 "-" "WordPress/6.9; https://dev-kofejob-wp.dreamstechnologies.com"
102.221.34.103 - - [23/Feb/2026:12:12:56 +0000] "POST /xmlrpc.php HTTP/1.1" 200 415 "-" "Mozilla/5.0 (Windows NT 10.0; Win64; x64) AppleWebKit/537.36 (KHTML, like Gecko) Chrome/114.0.0.0 Safari/537.36"
102.221.34.103 - - [23/Feb/2026:12:12:58 +0000] "POST /xmlrpc.php HTTP/1.1" 200 415 "-" "Mozilla/5.0 (Windows NT 10.0; Win64; x64) AppleWebKit/537.36 (KHTML, like Gecko) Chrome/114.0.0.0 Safari/537.36"
172.187.168.139 - - [23/Feb/2026:12:18:17 +0000] "POST /wp-cron.php?doing_wp_cron=1771849097.8403539657592773437500 HTTP/1.1" 200 31 "-" "WordPress/6.9; https://dev-kofejob-wp.dreamstechnologies.com"
66.249.64.13 - - [23/Feb/2026:12:18:17 +0000] "GET /tag/developer/ HTTP/1.1" 200 14906 "-" "Mozilla/5.0 (Linux; Android 6.0.1; Nexus 5X Build/MMB29P) AppleWebKit/537.36 (KHTML, like Gecko) Chrome/144.0.7559.132 Mobile Safari/537.36 (compatible; Googlebot/2.1; +http://www.google.com/bot.html)"
172.187.168.139 - - [23/Feb/2026:12:23:23 +0000] "POST /wp-cron.php?doing_wp_cron=1771849403.2147209644317626953125 HTTP/1.1" 200 31 "-" "WordPress/6.9; https://dev-kofejob-wp.dreamstechnologies.com"
102.221.34.103 - - [23/Feb/2026:12:23:23 +0000] "POST /xmlrpc.php HTTP/1.1" 200 415 "-" "Mozilla/5.0 (Windows NT 10.0; Win64; x64) AppleWebKit/537.36 (KHTML, like Gecko) Chrome/114.0.0.0 Safari/537.36"
102.221.34.103 - - [23/Feb/2026:12:23:25 +0000] "POST /xmlrpc.php HTTP/1.1" 200 415 "-" "Mozilla/5.0 (Windows NT 10.0; Win64; x64) AppleWebKit/537.36 (KHTML, like Gecko) Chrome/114.0.0.0 Safari/537.36"
172.187.168.139 - - [23/Feb/2026:12:50:35 +0000] "POST /wp-cron.php?doing_wp_cron=1771851035.3954849243164062500000 HTTP/1.1" 200 31 "-" "WordPress/6.9; https://dev-kofejob-wp.dreamstechnologies.com"
98.98.33.53 - - [23/Feb/2026:12:50:35 +0000] "POST /xmlrpc.php HTTP/1.1" 200 415 "-" "Mozilla/5.0 (Windows NT 10.0; Win64; x64) AppleWebKit/537.36 (KHTML, like Gecko) Chrome/114.0.0.0 Safari/537.36"
98.98.33.53 - - [23/Feb/2026:12:50:37 +0000] "POST /xmlrpc.php HTTP/1.1" 200 415 "-" "Mozilla/5.0 (Windows NT 10.0; Win64; x64) AppleWebKit/537.36 (KHTML, like Gecko) Chrome/114.0.0.0 Safari/537.36"
172.187.168.139 - - [23/Feb/2026:12:55:06 +0000] "POST /wp-cron.php?doing_wp_cron=1771851306.2989509105682373046875 HTTP/1.1" 200 31 "-" "WordPress/6.9; https://dev-kofejob-wp.dreamstechnologies.com"
66.249.64.15 - - [23/Feb/2026:12:55:06 +0000] "GET /ontdek-de-geheimen-van-winnende-strategieen-bij-casinos/ HTTP/1.1" 200 16212 "-" "Mozilla/5.0 (Linux; Android 6.0.1; Nexus 5X Build/MMB29P) AppleWebKit/537.36 (KHTML, like Gecko) Chrome/144.0.7559.132 Mobile Safari/537.36 (compatible; Googlebot/2.1; +http://www.google.com/bot.html)"
172.187.168.139 - - [23/Feb/2026:12:58:22 +0000] "POST /wp-cron.php?doing_wp_cron=1771851502.8753969669342041015625 HTTP/1.1" 200 31 "-" "WordPress/6.9; https://dev-kofejob-wp.dreamstechnologies.com"
129.227.39.119 - - [23/Feb/2026:12:58:22 +0000] "POST /xmlrpc.php HTTP/1.1" 200 415 "-" "Mozilla/5.0 (Windows NT 10.0; Win64; x64) AppleWebKit/537.36 (KHTML, like Gecko) Chrome/114.0.0.0 Safari/537.36"
129.227.39.119 - - [23/Feb/2026:12:58:25 +0000] "POST /xmlrpc.php HTTP/1.1" 200 415 "-" "Mozilla/5.0 (Windows NT 10.0; Win64; x64) AppleWebKit/537.36 (KHTML, like Gecko) Chrome/114.0.0.0 Safari/537.36"
172.187.168.139 - - [23/Feb/2026:13:04:47 +0000] "POST /wp-cron.php?doing_wp_cron=1771851887.7018299102783203125000 HTTP/1.1" 200 31 "-" "WordPress/6.9; https://dev-kofejob-wp.dreamstechnologies.com"
128.1.179.147 - - [23/Feb/2026:13:04:47 +0000] "POST /xmlrpc.php HTTP/1.1" 200 415 "-" "Mozilla/5.0 (Windows NT 10.0; Win64; x64) AppleWebKit/537.36 (KHTML, like Gecko) Chrome/114.0.0.0 Safari/537.36"
128.1.179.147 - - [23/Feb/2026:13:04:50 +0000] "POST /xmlrpc.php HTTP/1.1" 200 415 "-" "Mozilla/5.0 (Windows NT 10.0; Win64; x64) AppleWebKit/537.36 (KHTML, like Gecko) Chrome/114.0.0.0 Safari/537.36"
172.187.168.139 - - [23/Feb/2026:13:08:45 +0000] "POST /wp-cron.php?doing_wp_cron=1771852125.7302908897399902343750 HTTP/1.1" 200 31 "-" "WordPress/6.9; https://dev-kofejob-wp.dreamstechnologies.com"
194.58.71.16 - - [23/Feb/2026:13:08:45 +0000] "POST /xmlrpc.php HTTP/1.1" 200 415 "-" "Mozilla/5.0 (Windows NT 6.1) AppleWebKit/537.36 (KHTML, like Gecko) Chrome/62.0.3202.94 Safari/537.36"
194.58.71.16 - - [23/Feb/2026:13:08:47 +0000] "POST /xmlrpc.php HTTP/1.1" 200 415 "-" "Mozilla/5.0 (Windows NT 6.1) AppleWebKit/537.36 (KHTML, like Gecko) Chrome/62.0.3202.94 Safari/537.36"
172.187.168.139 - - [23/Feb/2026:13:09:46 +0000] "POST /wp-cron.php?doing_wp_cron=1771852186.0856769084930419921875 HTTP/1.1" 200 31 "-" "WordPress/6.9; https://dev-kofejob-wp.dreamstechnologies.com"
194.58.71.16 - - [23/Feb/2026:13:09:46 +0000] "POST /xmlrpc.php HTTP/1.1" 200 415 "-" "Mozilla/5.0 (Windows NT 6.1) AppleWebKit/537.36 (KHTML, like Gecko) Chrome/62.0.3202.94 Safari/537.36"
194.58.71.16 - - [23/Feb/2026:13:09:47 +0000] "POST /xmlrpc.php HTTP/1.1" 200 415 "-" "Mozilla/5.0 (Windows NT 6.1) AppleWebKit/537.36 (KHTML, like Gecko) Chrome/62.0.3202.94 Safari/537.36"
172.187.168.139 - - [23/Feb/2026:13:24:18 +0000] "POST /wp-cron.php?doing_wp_cron=1771853058.6142539978027343750000 HTTP/1.1" 200 31 "-" "WordPress/6.9; https://dev-kofejob-wp.dreamstechnologies.com"
102.221.34.103 - - [23/Feb/2026:13:24:18 +0000] "POST /xmlrpc.php HTTP/1.1" 200 415 "-" "Mozilla/5.0 (Windows NT 10.0; Win64; x64) AppleWebKit/537.36 (KHTML, like Gecko) Chrome/114.0.0.0 Safari/537.36"
102.221.34.103 - - [23/Feb/2026:13:24:20 +0000] "POST /xmlrpc.php HTTP/1.1" 200 415 "-" "Mozilla/5.0 (Windows NT 10.0; Win64; x64) AppleWebKit/537.36 (KHTML, like Gecko) Chrome/114.0.0.0 Safari/537.36"
172.187.168.139 - - [23/Feb/2026:13:44:32 +0000] "POST /wp-cron.php?doing_wp_cron=1771854272.5907459259033203125000 HTTP/1.1" 200 31 "-" "WordPress/6.9; https://dev-kofejob-wp.dreamstechnologies.com"
98.98.33.53 - - [23/Feb/2026:13:44:32 +0000] "POST /xmlrpc.php HTTP/1.1" 200 415 "-" "Mozilla/5.0 (Windows NT 10.0; Win64; x64) AppleWebKit/537.36 (KHTML, like Gecko) Chrome/114.0.0.0 Safari/537.36"
98.98.33.53 - - [23/Feb/2026:13:44:35 +0000] "POST /xmlrpc.php HTTP/1.1" 200 415 "-" "Mozilla/5.0 (Windows NT 10.0; Win64; x64) AppleWebKit/537.36 (KHTML, like Gecko) Chrome/114.0.0.0 Safari/537.36"
172.187.168.139 - - [23/Feb/2026:13:58:30 +0000] "POST /wp-cron.php?doing_wp_cron=1771855110.5251228809356689453125 HTTP/1.1" 200 31 "-" "WordPress/6.9; https://dev-kofejob-wp.dreamstechnologies.com"
128.1.227.244 - - [23/Feb/2026:13:58:30 +0000] "POST /xmlrpc.php HTTP/1.1" 200 415 "-" "Mozilla/5.0 (Windows NT 10.0; Win64; x64) AppleWebKit/537.36 (KHTML, like Gecko) Chrome/114.0.0.0 Safari/537.36"
128.1.227.244 - - [23/Feb/2026:13:58:33 +0000] "POST /xmlrpc.php HTTP/1.1" 200 415 "-" "Mozilla/5.0 (Windows NT 10.0; Win64; x64) AppleWebKit/537.36 (KHTML, like Gecko) Chrome/114.0.0.0 Safari/537.36"
