172.187.168.139 - - [23/Feb/2026:14:04:31 +0000] "POST /wp-cron.php?doing_wp_cron=1771855471.8362059593200683593750 HTTP/1.1" 200 31 "-" "WordPress/6.9; https://dev-kofejob-wp.dreamstechnologies.com"
128.1.179.147 - - [23/Feb/2026:14:04:31 +0000] "POST /xmlrpc.php HTTP/1.1" 200 415 "-" "Mozilla/5.0 (Windows NT 10.0; Win64; x64) AppleWebKit/537.36 (KHTML, like Gecko) Chrome/114.0.0.0 Safari/537.36"
128.1.179.147 - - [23/Feb/2026:14:04:34 +0000] "POST /xmlrpc.php HTTP/1.1" 200 415 "-" "Mozilla/5.0 (Windows NT 10.0; Win64; x64) AppleWebKit/537.36 (KHTML, like Gecko) Chrome/114.0.0.0 Safari/537.36"
172.187.168.139 - - [23/Feb/2026:14:09:14 +0000] "POST /wp-cron.php?doing_wp_cron=1771855754.7162089347839355468750 HTTP/1.1" 200 31 "-" "WordPress/6.9; https://dev-kofejob-wp.dreamstechnologies.com"
62.93.176.90 - - [23/Feb/2026:14:09:14 +0000] "POST /xmlrpc.php HTTP/1.1" 200 415 "-" "Mozilla/5.0 (Windows NT 10.0) AppleWebKit/537.36 (KHTML, like Gecko) Chrome/114.0.0.0 Safari/537.36"
62.93.176.90 - - [23/Feb/2026:14:09:17 +0000] "POST /xmlrpc.php HTTP/1.1" 200 415 "-" "Mozilla/5.0 (Windows NT 10.0) AppleWebKit/537.36 (KHTML, like Gecko) Chrome/114.0.0.0 Safari/537.36"
62.93.176.90 - - [23/Feb/2026:14:09:20 +0000] "POST /xmlrpc.php HTTP/1.1" 200 415 "-" "Mozilla/5.0 (Windows NT 10.0) AppleWebKit/537.36 (KHTML, like Gecko) Chrome/114.0.0.0 Safari/537.36"
62.93.176.90 - - [23/Feb/2026:14:09:23 +0000] "POST /xmlrpc.php HTTP/1.1" 200 415 "-" "Mozilla/5.0 (Windows NT 10.0) AppleWebKit/537.36 (KHTML, like Gecko) Chrome/114.0.0.0 Safari/537.36"
172.187.168.139 - - [23/Feb/2026:14:21:21 +0000] "POST /wp-cron.php?doing_wp_cron=1771856481.7683138847351074218750 HTTP/1.1" 200 31 "-" "WordPress/6.9; https://dev-kofejob-wp.dreamstechnologies.com"
102.221.34.103 - - [23/Feb/2026:14:21:21 +0000] "POST /xmlrpc.php HTTP/1.1" 200 415 "-" "Mozilla/5.0 (Windows NT 10.0; Win64; x64) AppleWebKit/537.36 (KHTML, like Gecko) Chrome/114.0.0.0 Safari/537.36"
102.221.34.103 - - [23/Feb/2026:14:21:24 +0000] "POST /xmlrpc.php HTTP/1.1" 200 415 "-" "Mozilla/5.0 (Windows NT 10.0; Win64; x64) AppleWebKit/537.36 (KHTML, like Gecko) Chrome/114.0.0.0 Safari/537.36"
172.187.168.139 - - [23/Feb/2026:14:30:31 +0000] "POST /wp-cron.php?doing_wp_cron=1771857031.4436509609222412109375 HTTP/1.1" 200 31 "-" "WordPress/6.9; https://dev-kofejob-wp.dreamstechnologies.com"
83.143.112.14 - - [23/Feb/2026:14:30:31 +0000] "GET / HTTP/1.1" 200 19608 "-" "Mozilla/5.0 (Windows NT 10.0; Win64; x64; rv:147.0) Gecko/20100101 Firefox/147.0"
83.143.112.14 - - [23/Feb/2026:14:30:37 +0000] "GET /wp-content/themes/kofejob//assets/css/smoke.min.css?ver=6.9 HTTP/1.1" 200 3421 "https://dev-kofejob-wp.dreamstechnologies.com/" "Mozilla/5.0 (Windows NT 10.0; Win64; x64; rv:147.0) Gecko/20100101 Firefox/147.0"
83.143.112.14 - - [23/Feb/2026:14:30:37 +0000] "GET /wp-content/themes/kofejob//assets/css/pretty-checkbox.min.css?ver=6.9 HTTP/1.1" 200 19349 "https://dev-kofejob-wp.dreamstechnologies.com/" "Mozilla/5.0 (Windows NT 10.0; Win64; x64; rv:147.0) Gecko/20100101 Firefox/147.0"
83.143.112.14 - - [23/Feb/2026:14:30:37 +0000] "GET /wp-content/themes/kofejob//assets/css/owl.carousel.min.css?ver=6.9 HTTP/1.1" 200 3351 "https://dev-kofejob-wp.dreamstechnologies.com/" "Mozilla/5.0 (Windows NT 10.0; Win64; x64; rv:147.0) Gecko/20100101 Firefox/147.0"
83.143.112.14 - - [23/Feb/2026:14:30:37 +0000] "GET /wp-content/plugins/woocommerce/assets/css/select2.css?ver=10.4.3 HTTP/1.1" 200 14621 "https://dev-kofejob-wp.dreamstechnologies.com/" "Mozilla/5.0 (Windows NT 10.0; Win64; x64; rv:147.0) Gecko/20100101 Firefox/147.0"
83.143.112.14 - - [23/Feb/2026:14:30:37 +0000] "GET /wp-content/plugins/woocommerce/assets/css/woocommerce.css?ver=10.4.3 HTTP/1.1" 200 86378 "https://dev-kofejob-wp.dreamstechnologies.com/" "Mozilla/5.0 (Windows NT 10.0; Win64; x64; rv:147.0) Gecko/20100101 Firefox/147.0"
83.143.112.14 - - [23/Feb/2026:14:30:37 +0000] "GET /wp-content/themes/kofejob/assets/css/theme-woocommerce.css?ver=6.9 HTTP/1.1" 200 117739 "https://dev-kofejob-wp.dreamstechnologies.com/" "Mozilla/5.0 (Windows NT 10.0; Win64; x64; rv:147.0) Gecko/20100101 Firefox/147.0"
83.143.112.14 - - [23/Feb/2026:14:30:37 +0000] "GET /wp-content/uploads/2021/01/Subscribe-images.svg HTTP/1.1" 200 19459 "https://dev-kofejob-wp.dreamstechnologies.com/" "Mozilla/5.0 (Windows NT 10.0; Win64; x64; rv:147.0) Gecko/20100101 Firefox/147.0"
83.143.112.14 - - [23/Feb/2026:14:30:37 +0000] "GET /wp-content/themes/kofejob/assets/css/block-styles.css?ver=1.0 HTTP/1.1" 200 175 "https://dev-kofejob-wp.dreamstechnologies.com/" "Mozilla/5.0 (Windows NT 10.0; Win64; x64; rv:147.0) Gecko/20100101 Firefox/147.0"
83.143.112.14 - - [23/Feb/2026:14:30:37 +0000] "GET /wp-content/themes/kofejob//assets/css/toastr.min.css?ver=6.9 HTTP/1.1" 200 5420 "https://dev-kofejob-wp.dreamstechnologies.com/" "Mozilla/5.0 (Windows NT 10.0; Win64; x64; rv:147.0) Gecko/20100101 Firefox/147.0"
83.143.112.14 - - [23/Feb/2026:14:30:37 +0000] "GET /wp-content/themes/kofejob//assets/css/jquery.datetimepicker.min.css?ver=6.9 HTTP/1.1" 200 16503 "https://dev-kofejob-wp.dreamstechnologies.com/" "Mozilla/5.0 (Windows NT 10.0; Win64; x64; rv:147.0) Gecko/20100101 Firefox/147.0"
83.143.112.14 - - [23/Feb/2026:14:30:37 +0000] "GET /wp-content/themes/kofejob/assets/css/owl.theme.default.min.css?ver=6.9 HTTP/1.1" 200 1013 "https://dev-kofejob-wp.dreamstechnologies.com/" "Mozilla/5.0 (Windows NT 10.0; Win64; x64; rv:147.0) Gecko/20100101 Firefox/147.0"
83.143.112.14 - - [23/Feb/2026:14:30:37 +0000] "GET /wp-content/themes/kofejob/assets/css/all.min.css?ver=6.9 HTTP/1.1" 200 59251 "https://dev-kofejob-wp.dreamstechnologies.com/" "Mozilla/5.0 (Windows NT 10.0; Win64; x64; rv:147.0) Gecko/20100101 Firefox/147.0"
83.143.112.14 - - [23/Feb/2026:14:30:37 +0000] "GET /wp-content/plugins/woocommerce/assets/client/blocks/wc-blocks.css?ver=wc-10.4.3 HTTP/1.1" 200 14006 "https://dev-kofejob-wp.dreamstechnologies.com/" "Mozilla/5.0 (Windows NT 10.0; Win64; x64; rv:147.0) Gecko/20100101 Firefox/147.0"
83.143.112.14 - - [23/Feb/2026:14:30:37 +0000] "GET /wp-includes/css/dist/block-library/style.min.css?ver=6.9 HTTP/1.1" 200 119695 "https://dev-kofejob-wp.dreamstechnologies.com/" "Mozilla/5.0 (Windows NT 10.0; Win64; x64; rv:147.0) Gecko/20100101 Firefox/147.0"
83.143.112.14 - - [23/Feb/2026:14:30:37 +0000] "GET /wp-content/themes/kofejob/assets/css/animate.min.css?ver=6.9 HTTP/1.1" 200 71750 "https://dev-kofejob-wp.dreamstechnologies.com/" "Mozilla/5.0 (Windows NT 10.0; Win64; x64; rv:147.0) Gecko/20100101 Firefox/147.0"
83.143.112.14 - - [23/Feb/2026:14:30:37 +0000] "GET /wp-content/themes/kofejob//assets/css/ion-rangeslider.min.css?ver=6.9 HTTP/1.1" 200 11084 "https://dev-kofejob-wp.dreamstechnologies.com/" "Mozilla/5.0 (Windows NT 10.0; Win64; x64; rv:147.0) Gecko/20100101 Firefox/147.0"
83.143.112.14 - - [23/Feb/2026:14:30:37 +0000] "GET /wp-content/themes/kofejob/assets/css/jquery-confirm.css?ver=6.9 HTTP/1.1" 200 28129 "https://dev-kofejob-wp.dreamstechnologies.com/" "Mozilla/5.0 (Windows NT 10.0; Win64; x64; rv:147.0) Gecko/20100101 Firefox/147.0"
83.143.112.14 - - [23/Feb/2026:14:30:37 +0000] "GET /wp-content/themes/kofejob/assets/css/responsive.css?ver=6.9 HTTP/1.1" 200 68424 "https://dev-kofejob-wp.dreamstechnologies.com/" "Mozilla/5.0 (Windows NT 10.0; Win64; x64; rv:147.0) Gecko/20100101 Firefox/147.0"
83.143.112.14 - - [23/Feb/2026:14:30:37 +0000] "GET /wp-content/themes/kofejob/assets/css/default-css.css?ver=6.9 HTTP/1.1" 200 133098 "https://dev-kofejob-wp.dreamstechnologies.com/" "Mozilla/5.0 (Windows NT 10.0; Win64; x64; rv:147.0) Gecko/20100101 Firefox/147.0"
83.143.112.14 - - [23/Feb/2026:14:30:37 +0000] "GET /wp-content/plugins/woocommerce/assets/css/woocommerce-layout.css?ver=10.4.3 HTTP/1.1" 200 19727 "https://dev-kofejob-wp.dreamstechnologies.com/" "Mozilla/5.0 (Windows NT 10.0; Win64; x64; rv:147.0) Gecko/20100101 Firefox/147.0"
83.143.112.14 - - [23/Feb/2026:14:30:37 +0000] "GET /wp-content/themes/kofejob//assets/css/richtext.min.css?ver=6.9 HTTP/1.1" 200 6871 "https://dev-kofejob-wp.dreamstechnologies.com/" "Mozilla/5.0 (Windows NT 10.0; Win64; x64; rv:147.0) Gecko/20100101 Firefox/147.0"
83.143.112.14 - - [23/Feb/2026:14:30:37 +0000] "GET /wp-content/plugins/contact-form-7/includes/css/styles.css?ver=6.1.4 HTTP/1.1" 200 2947 "https://dev-kofejob-wp.dreamstechnologies.com/" "Mozilla/5.0 (Windows NT 10.0; Win64; x64; rv:147.0) Gecko/20100101 Firefox/147.0"
83.143.112.14 - - [23/Feb/2026:14:30:37 +0000] "GET /wp-content/themes/kofejob//assets/css/bootstrap.min.css?ver=6.9 HTTP/1.1" 200 163872 "https://dev-kofejob-wp.dreamstechnologies.com/" "Mozilla/5.0 (Windows NT 10.0; Win64; x64; rv:147.0) Gecko/20100101 Firefox/147.0"
83.143.112.14 - - [23/Feb/2026:14:30:37 +0000] "GET /wp-content/themes/kofejob/assets/css/theme.css?ver=6.9 HTTP/1.1" 200 330676 "https://dev-kofejob-wp.dreamstechnologies.com/" "Mozilla/5.0 (Windows NT 10.0; Win64; x64; rv:147.0) Gecko/20100101 Firefox/147.0"
83.143.112.14 - - [23/Feb/2026:14:30:37 +0000] "GET /wp-content/uploads/2021/01/icon2.svg HTTP/1.1" 200 5908 "https://dev-kofejob-wp.dreamstechnologies.com/" "Mozilla/5.0 (Windows NT 10.0; Win64; x64; rv:147.0) Gecko/20100101 Firefox/147.0"
83.143.112.14 - - [23/Feb/2026:14:30:37 +0000] "GET /wp-content/uploads/2021/01/header-banner.svg HTTP/1.1" 200 96487 "https://dev-kofejob-wp.dreamstechnologies.com/" "Mozilla/5.0 (Windows NT 10.0; Win64; x64; rv:147.0) Gecko/20100101 Firefox/147.0"
83.143.112.14 - - [23/Feb/2026:14:30:37 +0000] "GET /wp-content/uploads/2021/01/icon1.svg HTTP/1.1" 200 3580 "https://dev-kofejob-wp.dreamstechnologies.com/" "Mozilla/5.0 (Windows NT 10.0; Win64; x64; rv:147.0) Gecko/20100101 Firefox/147.0"
83.143.112.14 - - [23/Feb/2026:14:30:37 +0000] "GET /wp-content/uploads/2022/09/work-bg.png HTTP/1.1" 200 34612 "https://dev-kofejob-wp.dreamstechnologies.com/" "Mozilla/5.0 (Windows NT 10.0; Win64; x64; rv:147.0) Gecko/20100101 Firefox/147.0"
83.143.112.14 - - [23/Feb/2026:14:30:37 +0000] "GET /wp-content/uploads/2021/01/logo-kofesvg.svg HTTP/1.1" 200 22529 "https://dev-kofejob-wp.dreamstechnologies.com/" "Mozilla/5.0 (Windows NT 10.0; Win64; x64; rv:147.0) Gecko/20100101 Firefox/147.0"
83.143.112.14 - - [23/Feb/2026:14:30:37 +0000] "GET /wp-content/uploads/2021/01/icon3.svg HTTP/1.1" 200 5763 "https://dev-kofejob-wp.dreamstechnologies.com/" "Mozilla/5.0 (Windows NT 10.0; Win64; x64; rv:147.0) Gecko/20100101 Firefox/147.0"
83.143.112.14 - - [23/Feb/2026:14:30:37 +0000] "GET /wp-content/uploads/2022/09/project-02.jpg HTTP/1.1" 200 33603 "https://dev-kofejob-wp.dreamstechnologies.com/" "Mozilla/5.0 (Windows NT 10.0; Win64; x64; rv:147.0) Gecko/20100101 Firefox/147.0"
83.143.112.14 - - [23/Feb/2026:14:30:37 +0000] "GET /wp-content/uploads/2022/10/avatar-10.jpg HTTP/1.1" 200 38339 "https://dev-kofejob-wp.dreamstechnologies.com/" "Mozilla/5.0 (Windows NT 10.0; Win64; x64; rv:147.0) Gecko/20100101 Firefox/147.0"
83.143.112.14 - - [23/Feb/2026:14:30:38 +0000] "GET /wp-content/uploads/2022/09/project-03.jpg HTTP/1.1" 200 57264 "https://dev-kofejob-wp.dreamstechnologies.com/" "Mozilla/5.0 (Windows NT 10.0; Win64; x64; rv:147.0) Gecko/20100101 Firefox/147.0"
83.143.112.14 - - [23/Feb/2026:14:30:37 +0000] "GET /wp-content/uploads/2022/09/project-04.jpg HTTP/1.1" 200 28275 "https://dev-kofejob-wp.dreamstechnologies.com/" "Mozilla/5.0 (Windows NT 10.0; Win64; x64; rv:147.0) Gecko/20100101 Firefox/147.0"
83.143.112.14 - - [23/Feb/2026:14:30:38 +0000] "GET /wp-content/uploads/2022/10/avatar-12.jpg HTTP/1.1" 200 41808 "https://dev-kofejob-wp.dreamstechnologies.com/" "Mozilla/5.0 (Windows NT 10.0; Win64; x64; rv:147.0) Gecko/20100101 Firefox/147.0"
83.143.112.14 - - [23/Feb/2026:14:30:38 +0000] "GET /wp-content/uploads/2022/09/project-01.jpg HTTP/1.1" 200 25445 "https://dev-kofejob-wp.dreamstechnologies.com/" "Mozilla/5.0 (Windows NT 10.0; Win64; x64; rv:147.0) Gecko/20100101 Firefox/147.0"
83.143.112.14 - - [23/Feb/2026:14:30:38 +0000] "GET /wp-content/uploads/2022/09/project-bg.png HTTP/1.1" 200 34694 "https://dev-kofejob-wp.dreamstechnologies.com/" "Mozilla/5.0 (Windows NT 10.0; Win64; x64; rv:147.0) Gecko/20100101 Firefox/147.0"
83.143.112.14 - - [23/Feb/2026:14:30:38 +0000] "GET /wp-content/uploads/2022/10/avatar-7.jpg HTTP/1.1" 200 47933 "https://dev-kofejob-wp.dreamstechnologies.com/" "Mozilla/5.0 (Windows NT 10.0; Win64; x64; rv:147.0) Gecko/20100101 Firefox/147.0"
83.143.112.14 - - [23/Feb/2026:14:30:38 +0000] "GET /wp-content/uploads/2022/10/avatar-11.jpg HTTP/1.1" 200 42215 "https://dev-kofejob-wp.dreamstechnologies.com/" "Mozilla/5.0 (Windows NT 10.0; Win64; x64; rv:147.0) Gecko/20100101 Firefox/147.0"
83.143.112.14 - - [23/Feb/2026:14:30:38 +0000] "GET /wp-content/uploads/2022/10/avatar-3.jpg HTTP/1.1" 200 37926 "https://dev-kofejob-wp.dreamstechnologies.com/" "Mozilla/5.0 (Windows NT 10.0; Win64; x64; rv:147.0) Gecko/20100101 Firefox/147.0"
83.143.112.14 - - [23/Feb/2026:14:30:38 +0000] "GET /wp-content/uploads/2022/10/avatar-8.jpg HTTP/1.1" 200 13766 "https://dev-kofejob-wp.dreamstechnologies.com/" "Mozilla/5.0 (Windows NT 10.0; Win64; x64; rv:147.0) Gecko/20100101 Firefox/147.0"
83.143.112.14 - - [23/Feb/2026:14:30:38 +0000] "GET /wp-content/uploads/2022/10/avatar-9.jpg HTTP/1.1" 200 45559 "https://dev-kofejob-wp.dreamstechnologies.com/" "Mozilla/5.0 (Windows NT 10.0; Win64; x64; rv:147.0) Gecko/20100101 Firefox/147.0"
83.143.112.14 - - [23/Feb/2026:14:30:38 +0000] "GET /wp-content/uploads/2022/10/avatar-5.jpg HTTP/1.1" 200 28927 "https://dev-kofejob-wp.dreamstechnologies.com/" "Mozilla/5.0 (Windows NT 10.0; Win64; x64; rv:147.0) Gecko/20100101 Firefox/147.0"
83.143.112.14 - - [23/Feb/2026:14:30:40 +0000] "GET /wp-content/themes/kofejob//assets/js/counter.js?ver=6.9 HTTP/1.1" 200 3079 "https://dev-kofejob-wp.dreamstechnologies.com/" "Mozilla/5.0 (Windows NT 10.0; Win64; x64; rv:147.0) Gecko/20100101 Firefox/147.0"
83.143.112.14 - - [23/Feb/2026:14:30:40 +0000] "GET /wp-content/themes/kofejob//assets/js/jquery-confirm.js?ver=6.9 HTTP/1.1" 200 22888 "https://dev-kofejob-wp.dreamstechnologies.com/" "Mozilla/5.0 (Windows NT 10.0; Win64; x64; rv:147.0) Gecko/20100101 Firefox/147.0"
83.143.112.14 - - [23/Feb/2026:14:30:40 +0000] "GET /wp-content/themes/kofejob//assets/js/ion.rangeslider.min.js?ver=6.9 HTTP/1.1" 200 41171 "https://dev-kofejob-wp.dreamstechnologies.com/" "Mozilla/5.0 (Windows NT 10.0; Win64; x64; rv:147.0) Gecko/20100101 Firefox/147.0"
83.143.112.14 - - [23/Feb/2026:14:30:40 +0000] "GET /wp-content/themes/kofejob//assets/js/stats.js?ver=6.9 HTTP/1.1" 200 711 "https://dev-kofejob-wp.dreamstechnologies.com/" "Mozilla/5.0 (Windows NT 10.0; Win64; x64; rv:147.0) Gecko/20100101 Firefox/147.0"
83.143.112.14 - - [23/Feb/2026:14:30:40 +0000] "GET /wp-content/themes/kofejob//assets/js/protip.min.js?ver=6.9 HTTP/1.1" 200 33738 "https://dev-kofejob-wp.dreamstechnologies.com/" "Mozilla/5.0 (Windows NT 10.0; Win64; x64; rv:147.0) Gecko/20100101 Firefox/147.0"
83.143.112.14 - - [23/Feb/2026:14:30:40 +0000] "GET /wp-content/themes/kofejob//assets/js/custom-script-profile.js?ver=6.9 HTTP/1.1" 200 122974 "https://dev-kofejob-wp.dreamstechnologies.com/" "Mozilla/5.0 (Windows NT 10.0; Win64; x64; rv:147.0) Gecko/20100101 Firefox/147.0"
83.143.112.14 - - [23/Feb/2026:14:30:40 +0000] "GET /wp-content/themes/kofejob//assets/js/smoke.min.js?ver=6.9 HTTP/1.1" 200 17970 "https://dev-kofejob-wp.dreamstechnologies.com/" "Mozilla/5.0 (Windows NT 10.0; Win64; x64; rv:147.0) Gecko/20100101 Firefox/147.0"
83.143.112.14 - - [23/Feb/2026:14:30:40 +0000] "GET /wp-content/themes/kofejob//assets/js/jquery.richtext.min.js?ver=6.9 HTTP/1.1" 200 35663 "https://dev-kofejob-wp.dreamstechnologies.com/" "Mozilla/5.0 (Windows NT 10.0; Win64; x64; rv:147.0) Gecko/20100101 Firefox/147.0"
83.143.112.14 - - [23/Feb/2026:14:30:40 +0000] "GET /wp-content/themes/kofejob//assets/js/jquery.nicescroll.min.js?ver=6.9 HTTP/1.1" 200 60010 "https://dev-kofejob-wp.dreamstechnologies.com/" "Mozilla/5.0 (Windows NT 10.0; Win64; x64; rv:147.0) Gecko/20100101 Firefox/147.0"
83.143.112.14 - - [23/Feb/2026:14:30:40 +0000] "GET /wp-content/themes/kofejob//assets/js/custom-script.js?ver=6.9 HTTP/1.1" 200 55153 "https://dev-kofejob-wp.dreamstechnologies.com/" "Mozilla/5.0 (Windows NT 10.0; Win64; x64; rv:147.0) Gecko/20100101 Firefox/147.0"
83.143.112.14 - - [23/Feb/2026:14:30:40 +0000] "GET /wp-content/themes/kofejob//assets/js/select2.full.min.js?ver=6.9 HTTP/1.1" 200 70740 "https://dev-kofejob-wp.dreamstechnologies.com/" "Mozilla/5.0 (Windows NT 10.0; Win64; x64; rv:147.0) Gecko/20100101 Firefox/147.0"
83.143.112.14 - - [23/Feb/2026:14:30:40 +0000] "GET /wp-includes/js/jquery/ui/sortable.min.js?ver=1.13.3 HTTP/1.1" 200 25504 "https://dev-kofejob-wp.dreamstechnologies.com/" "Mozilla/5.0 (Windows NT 10.0; Win64; x64; rv:147.0) Gecko/20100101 Firefox/147.0"
83.143.112.14 - - [23/Feb/2026:14:30:40 +0000] "GET /wp-content/plugins/contact-form-7/includes/swv/js/index.js?ver=6.1.4 HTTP/1.1" 200 12512 "https://dev-kofejob-wp.dreamstechnologies.com/" "Mozilla/5.0 (Windows NT 10.0; Win64; x64; rv:147.0) Gecko/20100101 Firefox/147.0"
83.143.112.14 - - [23/Feb/2026:14:30:40 +0000] "GET /wp-content/themes/kofejob//assets/js/bootstrap.bundle.min.js?ver=6.9 HTTP/1.1" 200 80821 "https://dev-kofejob-wp.dreamstechnologies.com/" "Mozilla/5.0 (Windows NT 10.0; Win64; x64; rv:147.0) Gecko/20100101 Firefox/147.0"
83.143.112.14 - - [23/Feb/2026:14:30:40 +0000] "GET /wp-includes/js/masonry.min.js?ver=4.2.2 HTTP/1.1" 200 24138 "https://dev-kofejob-wp.dreamstechnologies.com/" "Mozilla/5.0 (Windows NT 10.0; Win64; x64; rv:147.0) Gecko/20100101 Firefox/147.0"
83.143.112.14 - - [23/Feb/2026:14:30:40 +0000] "GET /wp-content/themes/kofejob//assets/js/jquery.waypoints.min.js?ver=6.9 HTTP/1.1" 200 9028 "https://dev-kofejob-wp.dreamstechnologies.com/" "Mozilla/5.0 (Windows NT 10.0; Win64; x64; rv:147.0) Gecko/20100101 Firefox/147.0"
83.143.112.14 - - [23/Feb/2026:14:30:40 +0000] "GET /wp-content/themes/kofejob//assets/js/rating.js?ver=6.9 HTTP/1.1" 200 2688 "https://dev-kofejob-wp.dreamstechnologies.com/" "Mozilla/5.0 (Windows NT 10.0; Win64; x64; rv:147.0) Gecko/20100101 Firefox/147.0"
83.143.112.14 - - [23/Feb/2026:14:30:40 +0000] "GET /wp-content/themes/kofejob//assets/js/toastr.min.js?ver=6.9 HTTP/1.1" 200 3695 "https://dev-kofejob-wp.dreamstechnologies.com/" "Mozilla/5.0 (Windows NT 10.0; Win64; x64; rv:147.0) Gecko/20100101 Firefox/147.0"
83.143.112.14 - - [23/Feb/2026:14:30:40 +0000] "GET /wp-content/themes/kofejob//assets/js/jquery.datetimepicker.full.js?ver=1 HTTP/1.1" 200 110169 "https://dev-kofejob-wp.dreamstechnologies.com/" "Mozilla/5.0 (Windows NT 10.0; Win64; x64; rv:147.0) Gecko/20100101 Firefox/147.0"
83.143.112.14 - - [23/Feb/2026:14:30:40 +0000] "GET /wp-content/plugins/woocommerce/assets/js/frontend/order-attribution.min.js?ver=10.4.3 HTTP/1.1" 200 2346 "https://dev-kofejob-wp.dreamstechnologies.com/" "Mozilla/5.0 (Windows NT 10.0; Win64; x64; rv:147.0) Gecko/20100101 Firefox/147.0"
83.143.112.14 - - [23/Feb/2026:14:30:40 +0000] "GET /wp-content/themes/kofejob//assets/js/jquery.imageview.js?ver=6.9 HTTP/1.1" 200 1654 "https://dev-kofejob-wp.dreamstechnologies.com/" "Mozilla/5.0 (Windows NT 10.0; Win64; x64; rv:147.0) Gecko/20100101 Firefox/147.0"
83.143.112.14 - - [23/Feb/2026:14:30:40 +0000] "GET /wp-content/plugins/contact-form-7/includes/js/index.js?ver=6.1.4 HTTP/1.1" 200 13452 "https://dev-kofejob-wp.dreamstechnologies.com/" "Mozilla/5.0 (Windows NT 10.0; Win64; x64; rv:147.0) Gecko/20100101 Firefox/147.0"
83.143.112.14 - - [23/Feb/2026:14:30:40 +0000] "GET /wp-content/themes/kofejob//assets/js/chart.min.js?ver=6.9 HTTP/1.1" 200 172812 "https://dev-kofejob-wp.dreamstechnologies.com/" "Mozilla/5.0 (Windows NT 10.0; Win64; x64; rv:147.0) Gecko/20100101 Firefox/147.0"
83.143.112.14 - - [23/Feb/2026:14:30:40 +0000] "GET /wp-content/themes/kofejob//assets/js/isotope.js?ver=6.9 HTTP/1.1" 200 35445 "https://dev-kofejob-wp.dreamstechnologies.com/" "Mozilla/5.0 (Windows NT 10.0; Win64; x64; rv:147.0) Gecko/20100101 Firefox/147.0"
83.143.112.14 - - [23/Feb/2026:14:30:40 +0000] "GET /wp-content/themes/kofejob/assets/plugins/theia-sticky-sidebar/theia-sticky-sidebar.js?ver=6.9 HTTP/1.1" 200 16379 "https://dev-kofejob-wp.dreamstechnologies.com/" "Mozilla/5.0 (Windows NT 10.0; Win64; x64; rv:147.0) Gecko/20100101 Firefox/147.0"
83.143.112.14 - - [23/Feb/2026:14:30:40 +0000] "GET /wp-includes/js/jquery/ui/mouse.min.js?ver=1.13.3 HTTP/1.1" 200 3428 "https://dev-kofejob-wp.dreamstechnologies.com/" "Mozilla/5.0 (Windows NT 10.0; Win64; x64; rv:147.0) Gecko/20100101 Firefox/147.0"
83.143.112.14 - - [23/Feb/2026:14:30:40 +0000] "GET /wp-content/themes/kofejob//assets/js/jquery.flexslider.js?ver=6.9 HTTP/1.1" 200 23057 "https://dev-kofejob-wp.dreamstechnologies.com/" "Mozilla/5.0 (Windows NT 10.0; Win64; x64; rv:147.0) Gecko/20100101 Firefox/147.0"
83.143.112.14 - - [23/Feb/2026:14:30:40 +0000] "GET /wp-includes/js/dist/hooks.min.js?ver=dd5603f07f9220ed27f1 HTTP/1.1" 200 5661 "https://dev-kofejob-wp.dreamstechnologies.com/" "Mozilla/5.0 (Windows NT 10.0; Win64; x64; rv:147.0) Gecko/20100101 Firefox/147.0"
83.143.112.14 - - [23/Feb/2026:14:30:40 +0000] "GET /wp-content/themes/kofejob//assets/js/youtube-popup-jquery.js?ver=6.9 HTTP/1.1" 200 1749 "https://dev-kofejob-wp.dreamstechnologies.com/" "Mozilla/5.0 (Windows NT 10.0; Win64; x64; rv:147.0) Gecko/20100101 Firefox/147.0"
83.143.112.14 - - [23/Feb/2026:14:30:40 +0000] "GET /wp-content/plugins/woocommerce/assets/js/frontend/add-to-cart.min.js?ver=10.4.3 HTTP/1.1" 200 4350 "https://dev-kofejob-wp.dreamstechnologies.com/" "Mozilla/5.0 (Windows NT 10.0; Win64; x64; rv:147.0) Gecko/20100101 Firefox/147.0"
83.143.112.14 - - [23/Feb/2026:14:30:40 +0000] "GET /wp-content/themes/kofejob//assets/js/owl.carousel.min.js?ver=6.9 HTTP/1.1" 200 44342 "https://dev-kofejob-wp.dreamstechnologies.com/" "Mozilla/5.0 (Windows NT 10.0; Win64; x64; rv:147.0) Gecko/20100101 Firefox/147.0"
83.143.112.14 - - [23/Feb/2026:14:30:40 +0000] "GET /wp-content/plugins/woocommerce/assets/js/js-cookie/js.cookie.min.js?ver=2.1.4-wc.10.4.3 HTTP/1.1" 200 1720 "https://dev-kofejob-wp.dreamstechnologies.com/" "Mozilla/5.0 (Windows NT 10.0; Win64; x64; rv:147.0) Gecko/20100101 Firefox/147.0"
83.143.112.14 - - [23/Feb/2026:14:30:40 +0000] "GET /wp-includes/js/dist/i18n.min.js?ver=c26c3dc7bed366793375 HTTP/1.1" 200 5314 "https://dev-kofejob-wp.dreamstechnologies.com/" "Mozilla/5.0 (Windows NT 10.0; Win64; x64; rv:147.0) Gecko/20100101 Firefox/147.0"
83.143.112.14 - - [23/Feb/2026:14:30:40 +0000] "GET /wp-content/themes/kofejob/assets/plugins/theia-sticky-sidebar/ResizeSensor.js?ver=6.9 HTTP/1.1" 200 5955 "https://dev-kofejob-wp.dreamstechnologies.com/" "Mozilla/5.0 (Windows NT 10.0; Win64; x64; rv:147.0) Gecko/20100101 Firefox/147.0"
83.143.112.14 - - [23/Feb/2026:14:30:40 +0000] "GET /wp-content/plugins/woocommerce/assets/js/frontend/woocommerce.min.js?ver=10.4.3 HTTP/1.1" 200 4131 "https://dev-kofejob-wp.dreamstechnologies.com/" "Mozilla/5.0 (Windows NT 10.0; Win64; x64; rv:147.0) Gecko/20100101 Firefox/147.0"
83.143.112.14 - - [23/Feb/2026:14:30:40 +0000] "GET /wp-includes/js/jquery/ui/core.min.js?ver=1.13.3 HTTP/1.1" 200 21464 "https://dev-kofejob-wp.dreamstechnologies.com/" "Mozilla/5.0 (Windows NT 10.0; Win64; x64; rv:147.0) Gecko/20100101 Firefox/147.0"
83.143.112.14 - - [23/Feb/2026:14:30:40 +0000] "GET /wp-content/plugins/woocommerce/assets/js/jquery-blockui/jquery.blockUI.min.js?ver=2.7.0-wc.10.4.3 HTTP/1.1" 200 9636 "https://dev-kofejob-wp.dreamstechnologies.com/" "Mozilla/5.0 (Windows NT 10.0; Win64; x64; rv:147.0) Gecko/20100101 Firefox/147.0"
83.143.112.14 - - [23/Feb/2026:14:30:40 +0000] "GET /wp-content/plugins/woocommerce/assets/js/sourcebuster/sourcebuster.min.js?ver=10.4.3 HTTP/1.1" 200 15315 "https://dev-kofejob-wp.dreamstechnologies.com/" "Mozilla/5.0 (Windows NT 10.0; Win64; x64; rv:147.0) Gecko/20100101 Firefox/147.0"
83.143.112.14 - - [23/Feb/2026:14:30:40 +0000] "GET /wp-includes/js/jquery/jquery.min.js?ver=3.7.1 HTTP/1.1" 200 87553 "https://dev-kofejob-wp.dreamstechnologies.com/" "Mozilla/5.0 (Windows NT 10.0; Win64; x64; rv:147.0) Gecko/20100101 Firefox/147.0"
83.143.112.14 - - [23/Feb/2026:14:30:40 +0000] "GET /wp-content/plugins/kofejob-core/assets/js/frontend.js?ver=1.7.20 HTTP/1.1" 200 4990 "https://dev-kofejob-wp.dreamstechnologies.com/" "Mozilla/5.0 (Windows NT 10.0; Win64; x64; rv:147.0) Gecko/20100101 Firefox/147.0"
83.143.112.14 - - [23/Feb/2026:14:30:40 +0000] "GET /wp-content/themes/kofejob/assets/js/dropzone.js?ver=1 HTTP/1.1" 200 48148 "https://dev-kofejob-wp.dreamstechnologies.com/" "Mozilla/5.0 (Windows NT 10.0; Win64; x64; rv:147.0) Gecko/20100101 Firefox/147.0"
83.143.112.14 - - [23/Feb/2026:14:30:40 +0000] "GET /wp-includes/js/jquery/jquery-migrate.min.js?ver=3.4.1 HTTP/1.1" 200 13577 "https://dev-kofejob-wp.dreamstechnologies.com/" "Mozilla/5.0 (Windows NT 10.0; Win64; x64; rv:147.0) Gecko/20100101 Firefox/147.0"
83.143.112.14 - - [23/Feb/2026:14:30:41 +0000] "GET /wp-content/themes/kofejob/assets/images/bg/footer-bg.png HTTP/1.1" 200 23055 "https://dev-kofejob-wp.dreamstechnologies.com/wp-content/themes/kofejob/assets/css/theme.css?ver=6.9" "Mozilla/5.0 (Windows NT 10.0; Win64; x64; rv:147.0) Gecko/20100101 Firefox/147.0"
83.143.112.14 - - [23/Feb/2026:14:30:41 +0000] "GET /wp-content/plugins/woocommerce/assets/css/woocommerce-smallscreen.css?ver=10.4.3 HTTP/1.1" 200 7527 "https://dev-kofejob-wp.dreamstechnologies.com/" "Mozilla/5.0 (Windows NT 10.0; Win64; x64; rv:147.0) Gecko/20100101 Firefox/147.0"
83.143.112.14 - - [23/Feb/2026:14:30:42 +0000] "GET /wp-includes/js/imagesloaded.min.js?ver=5.0.0 HTTP/1.1" 200 5520 "https://dev-kofejob-wp.dreamstechnologies.com/" "Mozilla/5.0 (Windows NT 10.0; Win64; x64; rv:147.0) Gecko/20100101 Firefox/147.0"
83.143.112.14 - - [23/Feb/2026:14:30:44 +0000] "GET /wp-content/themes/kofejob/assets/fonts/fa-solid-900.woff2 HTTP/1.1" 200 78268 "https://dev-kofejob-wp.dreamstechnologies.com/wp-content/themes/kofejob/assets/css/all.min.css?ver=6.9" "Mozilla/5.0 (Windows NT 10.0; Win64; x64; rv:147.0) Gecko/20100101 Firefox/147.0"
83.143.112.14 - - [23/Feb/2026:14:30:44 +0000] "GET /wp-content/themes/kofejob/assets/fonts/CircularStd-Medium.woff2 HTTP/1.1" 200 35368 "https://dev-kofejob-wp.dreamstechnologies.com/wp-content/themes/kofejob/assets/css/theme.css?ver=6.9" "Mozilla/5.0 (Windows NT 10.0; Win64; x64; rv:147.0) Gecko/20100101 Firefox/147.0"
83.143.112.14 - - [23/Feb/2026:14:30:44 +0000] "GET /wp-content/themes/kofejob/assets/fonts/fa-brands-400.woff2 HTTP/1.1" 200 76736 "https://dev-kofejob-wp.dreamstechnologies.com/wp-content/themes/kofejob/assets/css/all.min.css?ver=6.9" "Mozilla/5.0 (Windows NT 10.0; Win64; x64; rv:147.0) Gecko/20100101 Firefox/147.0"
83.143.112.14 - - [23/Feb/2026:14:30:44 +0000] "GET /wp-content/themes/kofejob/assets/fonts/CircularStd-Book.woff2 HTTP/1.1" 200 32000 "https://dev-kofejob-wp.dreamstechnologies.com/wp-content/themes/kofejob/assets/css/theme.css?ver=6.9" "Mozilla/5.0 (Windows NT 10.0; Win64; x64; rv:147.0) Gecko/20100101 Firefox/147.0"
83.143.112.14 - - [23/Feb/2026:14:30:44 +0000] "GET /wp-content/themes/kofejob/assets/fonts/CircularStd-Bold.woff2 HTTP/1.1" 200 35860 "https://dev-kofejob-wp.dreamstechnologies.com/wp-content/themes/kofejob/assets/css/theme.css?ver=6.9" "Mozilla/5.0 (Windows NT 10.0; Win64; x64; rv:147.0) Gecko/20100101 Firefox/147.0"
83.143.112.14 - - [23/Feb/2026:14:30:45 +0000] "GET /robots.txt HTTP/1.1" 200 66 "-" "Mozilla/5.0 (Windows NT 10.0; Win64; x64; rv:147.0) Gecko/20100101 Firefox/147.0"
83.143.112.14 - - [23/Feb/2026:14:30:46 +0000] "GET /sitemap.xml HTTP/1.1" 301 5 "-" "Mozilla/5.0 (Windows NT 10.0; Win64; x64; rv:147.0) Gecko/20100101 Firefox/147.0"
83.143.112.14 - - [23/Feb/2026:14:30:47 +0000] "GET /wp-includes/js/wp-emoji-release.min.js?ver=6.9 HTTP/1.1" 200 22762 "https://dev-kofejob-wp.dreamstechnologies.com/" "Mozilla/5.0 (Windows NT 10.0; Win64; x64; rv:147.0) Gecko/20100101 Firefox/147.0"
83.143.112.14 - - [23/Feb/2026:14:30:49 +0000] "GET /wp-json/contact-form-7/v1/contact-forms/3400/feedback/schema HTTP/1.1" 200 345 "https://dev-kofejob-wp.dreamstechnologies.com/" "Mozilla/5.0 (Windows NT 10.0; Win64; x64; rv:147.0) Gecko/20100101 Firefox/147.0"
83.143.112.14 - - [23/Feb/2026:14:30:49 +0000] "GET /wp-json/contact-form-7/v1/contact-forms/3400/refill HTTP/1.1" 200 12 "https://dev-kofejob-wp.dreamstechnologies.com/" "Mozilla/5.0 (Windows NT 10.0; Win64; x64; rv:147.0) Gecko/20100101 Firefox/147.0"
83.143.112.14 - - [23/Feb/2026:14:30:49 +0000] "GET /wp-sitemap.xml HTTP/1.1" 200 3441 "-" "Mozilla/5.0 (Windows NT 10.0; Win64; x64; rv:147.0) Gecko/20100101 Firefox/147.0"
172.187.168.139 - - [23/Feb/2026:14:34:29 +0000] "POST /wp-cron.php?doing_wp_cron=1771857269.8209710121154785156250 HTTP/1.1" 200 31 "-" "WordPress/6.9; https://dev-kofejob-wp.dreamstechnologies.com"
194.58.71.16 - - [23/Feb/2026:14:34:29 +0000] "POST /xmlrpc.php HTTP/1.1" 200 415 "-" "Mozilla/5.0 (Windows NT 6.1) AppleWebKit/537.36 (KHTML, like Gecko) Chrome/62.0.3202.94 Safari/537.36"
194.58.71.16 - - [23/Feb/2026:14:34:31 +0000] "POST /xmlrpc.php HTTP/1.1" 200 415 "-" "Mozilla/5.0 (Windows NT 6.1) AppleWebKit/537.36 (KHTML, like Gecko) Chrome/62.0.3202.94 Safari/537.36"
194.58.71.16 - - [23/Feb/2026:14:35:10 +0000] "POST /xmlrpc.php HTTP/1.1" 200 415 "-" "Mozilla/5.0 (Windows NT 6.1) AppleWebKit/537.36 (KHTML, like Gecko) Chrome/62.0.3202.94 Safari/537.36"
194.58.71.16 - - [23/Feb/2026:14:35:12 +0000] "POST /xmlrpc.php HTTP/1.1" 200 415 "-" "Mozilla/5.0 (Windows NT 6.1) AppleWebKit/537.36 (KHTML, like Gecko) Chrome/62.0.3202.94 Safari/537.36"
172.187.168.139 - - [23/Feb/2026:14:39:21 +0000] "POST /wp-cron.php?doing_wp_cron=1771857561.5034000873565673828125 HTTP/1.1" 200 31 "-" "WordPress/6.9; https://dev-kofejob-wp.dreamstechnologies.com"
98.98.9.58 - - [23/Feb/2026:14:39:21 +0000] "POST /xmlrpc.php HTTP/1.1" 200 415 "-" "Mozilla/5.0 (Windows NT 10.0; Win64; x64) AppleWebKit/537.36 (KHTML, like Gecko) Chrome/114.0.0.0 Safari/537.36"
98.98.9.58 - - [23/Feb/2026:14:39:24 +0000] "POST /xmlrpc.php HTTP/1.1" 200 415 "-" "Mozilla/5.0 (Windows NT 10.0; Win64; x64) AppleWebKit/537.36 (KHTML, like Gecko) Chrome/114.0.0.0 Safari/537.36"
172.187.168.139 - - [23/Feb/2026:14:46:08 +0000] "POST /wp-cron.php?doing_wp_cron=1771857968.3095040321350097656250 HTTP/1.1" 200 31 "-" "WordPress/6.9; https://dev-kofejob-wp.dreamstechnologies.com"
66.249.64.15 - - [23/Feb/2026:14:46:08 +0000] "GET /desmitificando-mitos-sobre-los-casinos-que-te/ HTTP/1.1" 200 17066 "-" "Mozilla/5.0 (Linux; Android 6.0.1; Nexus 5X Build/MMB29P) AppleWebKit/537.36 (KHTML, like Gecko) Chrome/144.0.7559.132 Mobile Safari/537.36 (compatible; Googlebot/2.1; +http://www.google.com/bot.html)"
172.187.168.139 - - [23/Feb/2026:14:51:47 +0000] "POST /wp-cron.php?doing_wp_cron=1771858306.9496960639953613281250 HTTP/1.1" 200 31 "-" "WordPress/6.9; https://dev-kofejob-wp.dreamstechnologies.com"
98.98.33.53 - - [23/Feb/2026:14:51:47 +0000] "POST /xmlrpc.php HTTP/1.1" 200 415 "-" "Mozilla/5.0 (Windows NT 10.0; Win64; x64) AppleWebKit/537.36 (KHTML, like Gecko) Chrome/114.0.0.0 Safari/537.36"
98.98.33.53 - - [23/Feb/2026:14:51:50 +0000] "POST /xmlrpc.php HTTP/1.1" 200 415 "-" "Mozilla/5.0 (Windows NT 10.0; Win64; x64) AppleWebKit/537.36 (KHTML, like Gecko) Chrome/114.0.0.0 Safari/537.36"
172.187.168.139 - - [23/Feb/2026:14:54:59 +0000] "POST /wp-cron.php?doing_wp_cron=1771858499.8923740386962890625000 HTTP/1.1" 200 31 "-" "WordPress/6.9; https://dev-kofejob-wp.dreamstechnologies.com"
152.233.20.155 - - [23/Feb/2026:14:54:59 +0000] "POST /xmlrpc.php HTTP/1.1" 200 415 "-" "Mozilla/5.0 (X11; Linux x86_64) AppleWebKit/537.36 (KHTML, like Gecko) Chrome/114.0.0.0 Safari/537.36 Vivaldi/5.3.2679.68"
172.187.168.139 - - [23/Feb/2026:15:04:28 +0000] "POST /wp-cron.php?doing_wp_cron=1771859067.9685111045837402343750 HTTP/1.1" 200 31 "-" "WordPress/6.9; https://dev-kofejob-wp.dreamstechnologies.com"
87.221.198.24 - - [23/Feb/2026:15:04:28 +0000] "GET / HTTP/1.1" 200 19608 "-" "Mozilla/5.0 (Windows NT 10.0; Win64; x64) AppleWebKit/537.36 (KHTML, like Gecko) Chrome/120.0.0.0 Safari/537.36"
172.187.168.139 - - [23/Feb/2026:15:04:31 +0000] "POST /wp-cron.php?doing_wp_cron=1771859071.8739299774169921875000 HTTP/1.1" 200 31 "-" "WordPress/6.9; https://dev-kofejob-wp.dreamstechnologies.com"
197.200.31.253 - - [23/Feb/2026:15:04:31 +0000] "GET /wp-login.php HTTP/1.1" 200 2471 "-" "Mozilla/5.0 (Windows NT 10.0; Win64; x64) AppleWebKit/537.36 (KHTML, like Gecko) Chrome/120.0.0.0 Safari/537.36"
128.1.179.147 - - [23/Feb/2026:15:04:32 +0000] "POST /xmlrpc.php HTTP/1.1" 200 415 "-" "Mozilla/5.0 (Windows NT 10.0; Win64; x64) AppleWebKit/537.36 (KHTML, like Gecko) Chrome/114.0.0.0 Safari/537.36"
197.200.31.253 - - [23/Feb/2026:15:04:33 +0000] "POST /wp-login.php HTTP/1.1" 200 2629 "https://dev-kofejob-wp.dreamstechnologies.com/wp-login.php" "Mozilla/5.0 (Windows NT 10.0; Win64; x64) AppleWebKit/537.36 (KHTML, like Gecko) Chrome/120.0.0.0 Safari/537.36"
128.1.179.147 - - [23/Feb/2026:15:04:34 +0000] "POST /xmlrpc.php HTTP/1.1" 200 415 "-" "Mozilla/5.0 (Windows NT 10.0; Win64; x64) AppleWebKit/537.36 (KHTML, like Gecko) Chrome/114.0.0.0 Safari/537.36"
103.111.12.18 - - [23/Feb/2026:15:04:43 +0000] "POST /wp-login.php HTTP/1.1" 200 2629 "https://dev-kofejob-wp.dreamstechnologies.com/wp-login.php" "Mozilla/5.0 (Windows NT 10.0; Win64; x64) AppleWebKit/537.36 (KHTML, like Gecko) Chrome/120.0.0.0 Safari/537.36"
188.163.2.58 - - [23/Feb/2026:15:04:51 +0000] "POST /wp-login.php HTTP/1.1" 200 2629 "https://dev-kofejob-wp.dreamstechnologies.com/wp-login.php" "Mozilla/5.0 (Windows NT 10.0; Win64; x64) AppleWebKit/537.36 (KHTML, like Gecko) Chrome/120.0.0.0 Safari/537.36"
172.187.168.139 - - [23/Feb/2026:15:21:35 +0000] "POST /wp-cron.php?doing_wp_cron=1771860095.6710090637207031250000 HTTP/1.1" 200 31 "-" "WordPress/6.9; https://dev-kofejob-wp.dreamstechnologies.com"
141.136.173.146 - - [23/Feb/2026:15:21:35 +0000] "POST /xmlrpc.php HTTP/1.1" 200 4124 "https://dev-kofejob-wp.dreamstechnologies.com/" "Mozilla/5.0 (Windows NT 10.0; Win64; x64; rv:127.0) Gecko/20100101 Firefox/127.0"
141.136.173.146 - - [23/Feb/2026:15:21:37 +0000] "POST /xmlrpc.php HTTP/1.1" 200 415 "https://dev-kofejob-wp.dreamstechnologies.com/" "Mozilla/5.0 (Macintosh; Intel Mac OS X 14_0) AppleWebKit/537.36 (KHTML, like Gecko) Chrome/126.0.6478.78 Safari/537.36 Brave/1.67.123"
141.136.173.146 - - [23/Feb/2026:15:21:38 +0000] "POST /xmlrpc.php HTTP/1.1" 200 415 "https://dev-kofejob-wp.dreamstechnologies.com/" "Mozilla/5.0 (Windows NT 10.0; Win64; x64) AppleWebKit/537.36 (KHTML, like Gecko) Chrome/126.0.6478.78 Safari/537.36 Brave/1.67.123"
172.187.168.139 - - [23/Feb/2026:15:22:35 +0000] "POST /wp-cron.php?doing_wp_cron=1771860155.7712750434875488281250 HTTP/1.1" 200 31 "-" "WordPress/6.9; https://dev-kofejob-wp.dreamstechnologies.com"
102.221.34.103 - - [23/Feb/2026:15:22:35 +0000] "POST /xmlrpc.php HTTP/1.1" 200 415 "-" "Mozilla/5.0 (Windows NT 10.0; Win64; x64) AppleWebKit/537.36 (KHTML, like Gecko) Chrome/114.0.0.0 Safari/537.36"
102.221.34.103 - - [23/Feb/2026:15:22:37 +0000] "POST /xmlrpc.php HTTP/1.1" 200 415 "-" "Mozilla/5.0 (Windows NT 10.0; Win64; x64) AppleWebKit/537.36 (KHTML, like Gecko) Chrome/114.0.0.0 Safari/537.36"
172.187.168.139 - - [23/Feb/2026:15:33:21 +0000] "POST /wp-cron.php?doing_wp_cron=1771860801.0546159744262695312500 HTTP/1.1" 200 31 "-" "WordPress/6.9; https://dev-kofejob-wp.dreamstechnologies.com"
91.230.225.182 - - [23/Feb/2026:15:33:21 +0000] "GET /wp-login.php HTTP/1.1" 200 2471 "-" "Mozilla/5.0 (Windows NT 10.0; WOW64) AppleWebKit/537.36 (KHTML, like Gecko) Chrome/88.0.4324.190 Safari/537.36"
91.230.225.182 - - [23/Feb/2026:15:33:21 +0000] "GET /wp-admin/css/l10n.min.css?ver=6.9 HTTP/1.1" 200 3200 "https://dev-kofejob-wp.dreamstechnologies.com/wp-login.php" "Mozilla/5.0 (Windows NT 10.0; WOW64) AppleWebKit/537.36 (KHTML, like Gecko) Chrome/88.0.4324.190 Safari/537.36"
91.230.225.182 - - [23/Feb/2026:15:33:21 +0000] "GET /wp-includes/css/buttons.min.css?ver=6.9 HTTP/1.1" 200 6061 "https://dev-kofejob-wp.dreamstechnologies.com/wp-login.php" "Mozilla/5.0 (Windows NT 10.0; WOW64) AppleWebKit/537.36 (KHTML, like Gecko) Chrome/88.0.4324.190 Safari/537.36"
91.230.225.182 - - [23/Feb/2026:15:33:21 +0000] "GET /wp-admin/css/login.min.css?ver=6.9 HTTP/1.1" 200 6381 "https://dev-kofejob-wp.dreamstechnologies.com/wp-login.php" "Mozilla/5.0 (Windows NT 10.0; WOW64) AppleWebKit/537.36 (KHTML, like Gecko) Chrome/88.0.4324.190 Safari/537.36"
91.230.225.182 - - [23/Feb/2026:15:33:21 +0000] "GET /wp-admin/css/forms.min.css?ver=6.9 HTTP/1.1" 200 28101 "https://dev-kofejob-wp.dreamstechnologies.com/wp-login.php" "Mozilla/5.0 (Windows NT 10.0; WOW64) AppleWebKit/537.36 (KHTML, like Gecko) Chrome/88.0.4324.190 Safari/537.36"
91.230.225.182 - - [23/Feb/2026:15:33:21 +0000] "GET /wp-includes/css/dashicons.min.css?ver=6.9 HTTP/1.1" 200 59004 "https://dev-kofejob-wp.dreamstechnologies.com/wp-login.php" "Mozilla/5.0 (Windows NT 10.0; WOW64) AppleWebKit/537.36 (KHTML, like Gecko) Chrome/88.0.4324.190 Safari/537.36"
91.230.225.182 - - [23/Feb/2026:15:33:21 +0000] "GET /wp-admin/js/user-profile.min.js?ver=6.9 HTTP/1.1" 200 7997 "https://dev-kofejob-wp.dreamstechnologies.com/wp-login.php" "Mozilla/5.0 (Windows NT 10.0; WOW64) AppleWebKit/537.36 (KHTML, like Gecko) Chrome/88.0.4324.190 Safari/537.36"
91.230.225.182 - - [23/Feb/2026:15:33:21 +0000] "GET /wp-includes/js/wp-util.min.js?ver=6.9 HTTP/1.1" 200 1426 "https://dev-kofejob-wp.dreamstechnologies.com/wp-login.php" "Mozilla/5.0 (Windows NT 10.0; WOW64) AppleWebKit/537.36 (KHTML, like Gecko) Chrome/88.0.4324.190 Safari/537.36"
91.230.225.182 - - [23/Feb/2026:15:33:21 +0000] "GET /wp-includes/js/dist/i18n.min.js?ver=c26c3dc7bed366793375 HTTP/1.1" 200 5314 "https://dev-kofejob-wp.dreamstechnologies.com/wp-login.php" "Mozilla/5.0 (Windows NT 10.0; WOW64) AppleWebKit/537.36 (KHTML, like Gecko) Chrome/88.0.4324.190 Safari/537.36"
91.230.225.182 - - [23/Feb/2026:15:33:21 +0000] "GET /wp-includes/js/dist/a11y.min.js?ver=cb460b4676c94bd228ed HTTP/1.1" 200 2212 "https://dev-kofejob-wp.dreamstechnologies.com/wp-login.php" "Mozilla/5.0 (Windows NT 10.0; WOW64) AppleWebKit/537.36 (KHTML, like Gecko) Chrome/88.0.4324.190 Safari/537.36"
91.230.225.182 - - [23/Feb/2026:15:33:21 +0000] "GET /wp-includes/js/dist/dom-ready.min.js?ver=f77871ff7694fffea381 HTTP/1.1" 200 457 "https://dev-kofejob-wp.dreamstechnologies.com/wp-login.php" "Mozilla/5.0 (Windows NT 10.0; WOW64) AppleWebKit/537.36 (KHTML, like Gecko) Chrome/88.0.4324.190 Safari/537.36"
91.230.225.182 - - [23/Feb/2026:15:33:21 +0000] "GET /wp-includes/js/zxcvbn-async.min.js?ver=1.0 HTTP/1.1" 200 351 "https://dev-kofejob-wp.dreamstechnologies.com/wp-login.php" "Mozilla/5.0 (Windows NT 10.0; WOW64) AppleWebKit/537.36 (KHTML, like Gecko) Chrome/88.0.4324.190 Safari/537.36"
91.230.225.182 - - [23/Feb/2026:15:33:21 +0000] "GET /wp-includes/js/jquery/jquery-migrate.min.js?ver=3.4.1 HTTP/1.1" 200 13577 "https://dev-kofejob-wp.dreamstechnologies.com/wp-login.php" "Mozilla/5.0 (Windows NT 10.0; WOW64) AppleWebKit/537.36 (KHTML, like Gecko) Chrome/88.0.4324.190 Safari/537.36"
91.230.225.182 - - [23/Feb/2026:15:33:21 +0000] "GET /wp-includes/js/underscore.min.js?ver=1.13.7 HTTP/1.1" 200 18905 "https://dev-kofejob-wp.dreamstechnologies.com/wp-login.php" "Mozilla/5.0 (Windows NT 10.0; WOW64) AppleWebKit/537.36 (KHTML, like Gecko) Chrome/88.0.4324.190 Safari/537.36"
91.230.225.182 - - [23/Feb/2026:15:33:21 +0000] "GET /wp-includes/js/dist/hooks.min.js?ver=dd5603f07f9220ed27f1 HTTP/1.1" 200 5661 "https://dev-kofejob-wp.dreamstechnologies.com/wp-login.php" "Mozilla/5.0 (Windows NT 10.0; WOW64) AppleWebKit/537.36 (KHTML, like Gecko) Chrome/88.0.4324.190 Safari/537.36"
91.230.225.182 - - [23/Feb/2026:15:33:21 +0000] "GET /wp-admin/js/password-strength-meter.min.js?ver=6.9 HTTP/1.1" 200 1123 "https://dev-kofejob-wp.dreamstechnologies.com/wp-login.php" "Mozilla/5.0 (Windows NT 10.0; WOW64) AppleWebKit/537.36 (KHTML, like Gecko) Chrome/88.0.4324.190 Safari/537.36"
91.230.225.182 - - [23/Feb/2026:15:33:21 +0000] "GET /wp-includes/js/jquery/jquery.min.js?ver=3.7.1 HTTP/1.1" 200 87553 "https://dev-kofejob-wp.dreamstechnologies.com/wp-login.php" "Mozilla/5.0 (Windows NT 10.0; WOW64) AppleWebKit/537.36 (KHTML, like Gecko) Chrome/88.0.4324.190 Safari/537.36"
91.230.225.182 - - [23/Feb/2026:15:33:21 +0000] "GET /wp-includes/js/clipboard.min.js?ver=2.0.11 HTTP/1.1" 200 9009 "https://dev-kofejob-wp.dreamstechnologies.com/wp-login.php" "Mozilla/5.0 (Windows NT 10.0; WOW64) AppleWebKit/537.36 (KHTML, like Gecko) Chrome/88.0.4324.190 Safari/537.36"
91.230.225.182 - - [23/Feb/2026:15:33:21 +0000] "GET /wp-admin/images/wordpress-logo.svg?ver=20131107 HTTP/1.1" 200 1521 "https://dev-kofejob-wp.dreamstechnologies.com/wp-admin/css/login.min.css?ver=6.9" "Mozilla/5.0 (Windows NT 10.0; WOW64) AppleWebKit/537.36 (KHTML, like Gecko) Chrome/88.0.4324.190 Safari/537.36"
91.230.225.182 - - [23/Feb/2026:15:33:21 +0000] "GET /wp-content/uploads/2021/01/favicon.png HTTP/1.1" 200 2250 "https://dev-kofejob-wp.dreamstechnologies.com/wp-login.php" "Mozilla/5.0 (Windows NT 10.0; WOW64) AppleWebKit/537.36 (KHTML, like Gecko) Chrome/88.0.4324.190 Safari/537.36"
91.230.225.182 - - [23/Feb/2026:15:33:21 +0000] "GET /wp-includes/js/zxcvbn.min.js HTTP/1.1" 200 822237 "https://dev-kofejob-wp.dreamstechnologies.com/wp-login.php" "Mozilla/5.0 (Windows NT 10.0; WOW64) AppleWebKit/537.36 (KHTML, like Gecko) Chrome/88.0.4324.190 Safari/537.36"
91.230.225.182 - - [23/Feb/2026:15:33:25 +0000] "POST /wp-login.php HTTP/1.1" 200 2629 "https://dev-kofejob-wp.dreamstechnologies.com/wp-login.php" "Mozilla/5.0 (Windows NT 10.0; WOW64) AppleWebKit/537.36 (KHTML, like Gecko) Chrome/88.0.4324.190 Safari/537.36"
172.187.168.139 - - [23/Feb/2026:15:39:00 +0000] "POST /wp-cron.php?doing_wp_cron=1771861140.2011160850524902343750 HTTP/1.1" 200 31 "-" "WordPress/6.9; https://dev-kofejob-wp.dreamstechnologies.com"
98.98.9.58 - - [23/Feb/2026:15:39:00 +0000] "POST /xmlrpc.php HTTP/1.1" 200 415 "-" "Mozilla/5.0 (Windows NT 10.0; Win64; x64) AppleWebKit/537.36 (KHTML, like Gecko) Chrome/114.0.0.0 Safari/537.36"
98.98.9.58 - - [23/Feb/2026:15:39:02 +0000] "POST /xmlrpc.php HTTP/1.1" 200 415 "-" "Mozilla/5.0 (Windows NT 10.0; Win64; x64) AppleWebKit/537.36 (KHTML, like Gecko) Chrome/114.0.0.0 Safari/537.36"
172.187.168.139 - - [23/Feb/2026:15:44:10 +0000] "POST /wp-cron.php?doing_wp_cron=1771861450.0427410602569580078125 HTTP/1.1" 200 31 "-" "WordPress/6.9; https://dev-kofejob-wp.dreamstechnologies.com"
193.124.65.179 - - [23/Feb/2026:15:44:10 +0000] "POST /xmlrpc.php HTTP/1.1" 200 415 "-" "Mozilla/5.0 (X11; Linux x86_64) AppleWebKit/537.36 (KHTML, like Gecko) Chrome/114.0.0.0 Safari/537.36 OPR/89.0.4447.51"
193.124.65.179 - - [23/Feb/2026:15:44:11 +0000] "POST /xmlrpc.php HTTP/1.1" 200 415 "-" "Mozilla/5.0 (X11; Linux x86_64) AppleWebKit/537.36 (KHTML, like Gecko) Chrome/114.0.0.0 Safari/537.36 OPR/89.0.4447.51"
98.98.33.53 - - [23/Feb/2026:15:44:14 +0000] "POST /xmlrpc.php HTTP/1.1" 200 415 "-" "Mozilla/5.0 (Windows NT 10.0; Win64; x64) AppleWebKit/537.36 (KHTML, like Gecko) Chrome/114.0.0.0 Safari/537.36"
98.98.33.53 - - [23/Feb/2026:15:44:20 +0000] "POST /xmlrpc.php HTTP/1.1" 200 415 "-" "Mozilla/5.0 (Windows NT 10.0; Win64; x64) AppleWebKit/537.36 (KHTML, like Gecko) Chrome/114.0.0.0 Safari/537.36"
172.187.168.139 - - [23/Feb/2026:15:45:09 +0000] "POST /wp-cron.php?doing_wp_cron=1771861509.8699450492858886718750 HTTP/1.1" 200 31 "-" "WordPress/6.9; https://dev-kofejob-wp.dreamstechnologies.com"
193.124.65.179 - - [23/Feb/2026:15:45:09 +0000] "POST /xmlrpc.php HTTP/1.1" 200 415 "-" "Mozilla/5.0 (X11; Linux x86_64) AppleWebKit/537.36 (KHTML, like Gecko) Chrome/114.0.0.0 Safari/537.36 OPR/89.0.4447.51"
193.124.65.179 - - [23/Feb/2026:15:45:11 +0000] "POST /xmlrpc.php HTTP/1.1" 200 415 "-" "Mozilla/5.0 (X11; Linux x86_64) AppleWebKit/537.36 (KHTML, like Gecko) Chrome/114.0.0.0 Safari/537.36 OPR/89.0.4447.51"
172.187.168.139 - - [23/Feb/2026:15:53:41 +0000] "POST /wp-cron.php?doing_wp_cron=1771862021.8437850475311279296875 HTTP/1.1" 200 31 "-" "WordPress/6.9; https://dev-kofejob-wp.dreamstechnologies.com"
15.220.64.243 - - [23/Feb/2026:15:53:41 +0000] "POST /xmlrpc.php HTTP/1.1" 200 415 "-" "Mozilla/5.0 (Windows NT 10.0; Win64; x64) AppleWebKit/537.36 (KHTML, like Gecko) Chrome/64.0.3282.140 Safari/537.36 Edge/18.17763"
15.220.64.243 - - [23/Feb/2026:15:53:47 +0000] "POST /xmlrpc.php HTTP/1.1" 200 415 "-" "Mozilla/5.0 (Windows NT 10.0; Win64; x64) AppleWebKit/537.36 (KHTML, like Gecko) Chrome/64.0.3282.140 Safari/537.36 Edge/18.17763"
15.220.64.243 - - [23/Feb/2026:15:53:53 +0000] "POST /xmlrpc.php HTTP/1.1" 200 415 "-" "Mozilla/5.0 (Windows NT 10.0; Win64; x64) AppleWebKit/537.36 (KHTML, like Gecko) Chrome/64.0.3282.140 Safari/537.36 Edge/18.17763"
15.220.64.243 - - [23/Feb/2026:15:53:57 +0000] "POST /xmlrpc.php HTTP/1.1" 200 415 "-" "Mozilla/5.0 (Windows NT 10.0; Win64; x64) AppleWebKit/537.36 (KHTML, like Gecko) Chrome/64.0.3282.140 Safari/537.36 Edge/18.17763"
172.187.168.139 - - [23/Feb/2026:15:59:10 +0000] "POST /wp-cron.php?doing_wp_cron=1771862350.5992269515991210937500 HTTP/1.1" 200 31 "-" "WordPress/6.9; https://dev-kofejob-wp.dreamstechnologies.com"
15.220.169.237 - - [23/Feb/2026:15:59:10 +0000] "POST /xmlrpc.php HTTP/1.1" 200 415 "-" "Mozilla/5.0 (Macintosh; Intel Mac OS X 10_13_6) AppleWebKit/537.36 (KHTML, like Gecko) Chrome/80.0.3987.122 Safari/537.36"
15.220.169.237 - - [23/Feb/2026:15:59:12 +0000] "POST /xmlrpc.php HTTP/1.1" 200 415 "-" "Mozilla/5.0 (Macintosh; Intel Mac OS X 10_13_6) AppleWebKit/537.36 (KHTML, like Gecko) Chrome/80.0.3987.122 Safari/537.36"
51.20.76.17 - - [23/Feb/2026:15:59:12 +0000] "POST /xmlrpc.php HTTP/1.1" 200 415 "-" "Mozilla/5.0 (Windows NT 10.0; Win64; x64) AppleWebKit/537.36 (KHTML, like Gecko) Chrome/131.0.0.0 Safari/537.36"
15.220.169.237 - - [23/Feb/2026:15:59:13 +0000] "POST /xmlrpc.php HTTP/1.1" 200 415 "-" "Mozilla/5.0 (Macintosh; Intel Mac OS X 10_13_6) AppleWebKit/537.36 (KHTML, like Gecko) Chrome/80.0.3987.122 Safari/537.36"
15.220.169.237 - - [23/Feb/2026:15:59:15 +0000] "POST /xmlrpc.php HTTP/1.1" 200 415 "-" "Mozilla/5.0 (Macintosh; Intel Mac OS X 10_13_6) AppleWebKit/537.36 (KHTML, like Gecko) Chrome/80.0.3987.122 Safari/537.36"
51.20.76.17 - - [23/Feb/2026:15:59:18 +0000] "POST /xmlrpc.php HTTP/1.1" 200 415 "-" "Mozilla/5.0 (Windows NT 10.0; Win64; x64) AppleWebKit/537.36 (KHTML, like Gecko) Chrome/131.0.0.0 Safari/537.36"
51.20.76.17 - - [23/Feb/2026:15:59:23 +0000] "POST /xmlrpc.php HTTP/1.1" 200 415 "-" "Mozilla/5.0 (Windows NT 10.0; Win64; x64) AppleWebKit/537.36 (KHTML, like Gecko) Chrome/131.0.0.0 Safari/537.36"
51.20.76.17 - - [23/Feb/2026:15:59:28 +0000] "POST /xmlrpc.php HTTP/1.1" 200 415 "-" "Mozilla/5.0 (Windows NT 10.0; Win64; x64) AppleWebKit/537.36 (KHTML, like Gecko) Chrome/131.0.0.0 Safari/537.36"
172.187.168.139 - - [23/Feb/2026:16:07:55 +0000] "POST /wp-cron.php?doing_wp_cron=1771862875.4132061004638671875000 HTTP/1.1" 200 31 "-" "WordPress/6.9; https://dev-kofejob-wp.dreamstechnologies.com"
216.48.98.212 - - [23/Feb/2026:16:07:55 +0000] "POST /xmlrpc.php HTTP/1.1" 200 415 "-" "Mozilla/5.0 (Windows NT 10.0; Win64; x64) AppleWebKit/537.36 (KHTML, like Gecko) Chrome/120.0.0.0 Safari/537.36"
172.187.168.139 - - [23/Feb/2026:16:16:05 +0000] "POST /wp-cron.php?doing_wp_cron=1771863365.0843820571899414062500 HTTP/1.1" 200 31 "-" "WordPress/6.9; https://dev-kofejob-wp.dreamstechnologies.com"
15.220.152.81 - anasshahzad23 [23/Feb/2026:16:16:05 +0000] "POST /xmlrpc.php HTTP/1.1" 200 415 "-" "Mozilla/5.0 (Windows NT 6.1) AppleWebKit/537.36 (KHTML, like Gecko) Chrome/80.0.3987.132 Safari/537.36"
15.220.152.81 - anasshahzad23 [23/Feb/2026:16:16:10 +0000] "POST /xmlrpc.php HTTP/1.1" 200 415 "-" "Mozilla/5.0 (Windows NT 6.1) AppleWebKit/537.36 (KHTML, like Gecko) Chrome/80.0.3987.132 Safari/537.36"
15.220.152.81 - anasshahzad23 [23/Feb/2026:16:16:15 +0000] "POST /xmlrpc.php HTTP/1.1" 200 415 "-" "Mozilla/5.0 (Windows NT 6.1) AppleWebKit/537.36 (KHTML, like Gecko) Chrome/80.0.3987.132 Safari/537.36"
15.220.152.81 - anasshahzad23 [23/Feb/2026:16:16:20 +0000] "POST /xmlrpc.php HTTP/1.1" 200 415 "-" "Mozilla/5.0 (Windows NT 6.1) AppleWebKit/537.36 (KHTML, like Gecko) Chrome/80.0.3987.132 Safari/537.36"
172.187.168.139 - - [23/Feb/2026:16:22:54 +0000] "POST /wp-cron.php?doing_wp_cron=1771863774.7176918983459472656250 HTTP/1.1" 200 31 "-" "WordPress/6.9; https://dev-kofejob-wp.dreamstechnologies.com"
102.221.34.103 - - [23/Feb/2026:16:22:54 +0000] "POST /xmlrpc.php HTTP/1.1" 200 415 "-" "Mozilla/5.0 (Windows NT 10.0; Win64; x64) AppleWebKit/537.36 (KHTML, like Gecko) Chrome/114.0.0.0 Safari/537.36"
102.221.34.103 - - [23/Feb/2026:16:22:58 +0000] "POST /xmlrpc.php HTTP/1.1" 200 415 "-" "Mozilla/5.0 (Windows NT 10.0; Win64; x64) AppleWebKit/537.36 (KHTML, like Gecko) Chrome/114.0.0.0 Safari/537.36"
172.187.168.139 - - [23/Feb/2026:16:31:13 +0000] "POST /wp-cron.php?doing_wp_cron=1771864273.1268711090087890625000 HTTP/1.1" 200 31 "-" "WordPress/6.9; https://dev-kofejob-wp.dreamstechnologies.com"
102.221.34.103 - - [23/Feb/2026:16:31:13 +0000] "POST /xmlrpc.php HTTP/1.1" 200 415 "-" "Mozilla/5.0 (Windows NT 10.0; Win64; x64) AppleWebKit/537.36 (KHTML, like Gecko) Chrome/114.0.0.0 Safari/537.36"
102.221.34.103 - - [23/Feb/2026:16:31:15 +0000] "POST /xmlrpc.php HTTP/1.1" 200 415 "-" "Mozilla/5.0 (Windows NT 10.0; Win64; x64) AppleWebKit/537.36 (KHTML, like Gecko) Chrome/114.0.0.0 Safari/537.36"
172.187.168.139 - - [23/Feb/2026:16:38:38 +0000] "POST /wp-cron.php?doing_wp_cron=1771864718.3946440219879150390625 HTTP/1.1" 200 31 "-" "WordPress/6.9; https://dev-kofejob-wp.dreamstechnologies.com"
89.124.67.159 - - [23/Feb/2026:16:38:38 +0000] "POST /xmlrpc.php HTTP/1.1" 200 415 "-" "Python-xmlrpc/3.11"
