89.124.67.159 - - [23/Feb/2026:16:38:39 +0000] "POST /xmlrpc.php HTTP/1.1" 200 415 "-" "Python-xmlrpc/3.11"
216.48.99.209 - - [23/Feb/2026:16:38:41 +0000] "POST /xmlrpc.php HTTP/1.1" 200 415 "-" "Python-xmlrpc/3.11"
216.48.99.192 - - [23/Feb/2026:16:38:45 +0000] "POST /xmlrpc.php HTTP/1.1" 200 415 "-" "Python-xmlrpc/3.11"
216.48.98.186 - - [23/Feb/2026:16:38:47 +0000] "POST /xmlrpc.php HTTP/1.1" 200 415 "-" "Python-xmlrpc/3.11"
216.48.98.252 - - [23/Feb/2026:16:38:50 +0000] "POST /xmlrpc.php HTTP/1.1" 200 415 "-" "Python-xmlrpc/3.11"
38.2.67.79 - - [23/Feb/2026:16:38:55 +0000] "POST /xmlrpc.php HTTP/1.1" 200 415 "-" "Python-xmlrpc/3.11"
216.48.99.147 - - [23/Feb/2026:16:39:03 +0000] "POST /xmlrpc.php HTTP/1.1" 200 415 "-" "Python-xmlrpc/3.11"
89.124.67.159 - - [23/Feb/2026:16:39:09 +0000] "POST /xmlrpc.php HTTP/1.1" 200 415 "-" "Python-xmlrpc/3.11"
89.124.67.159 - - [23/Feb/2026:16:39:11 +0000] "POST /xmlrpc.php HTTP/1.1" 200 415 "-" "Python-xmlrpc/3.11"
52.31.213.154 - - [23/Feb/2026:16:39:18 +0000] "POST /xmlrpc.php HTTP/1.1" 200 415 "-" "Mozilla/5.0 (X11; Linux x86_64) AppleWebKit/537.36 (KHTML, like Gecko) Chrome/114.0.0.0 Safari/537.36 Vivaldi/5.3.2679.68"
52.31.213.154 - - [23/Feb/2026:16:39:23 +0000] "POST /xmlrpc.php HTTP/1.1" 200 415 "-" "Mozilla/5.0 (X11; Linux x86_64) AppleWebKit/537.36 (KHTML, like Gecko) Chrome/114.0.0.0 Safari/537.36 Vivaldi/5.3.2679.68"
52.31.213.154 - - [23/Feb/2026:16:39:27 +0000] "POST /xmlrpc.php HTTP/1.1" 200 415 "-" "Mozilla/5.0 (X11; Linux x86_64) AppleWebKit/537.36 (KHTML, like Gecko) Chrome/114.0.0.0 Safari/537.36 Vivaldi/5.3.2679.68"
172.187.168.139 - - [23/Feb/2026:16:39:30 +0000] "POST /wp-cron.php?doing_wp_cron=1771864770.7046389579772949218750 HTTP/1.1" 200 31 "-" "WordPress/6.9; https://dev-kofejob-wp.dreamstechnologies.com"
52.31.213.154 - - [23/Feb/2026:16:39:30 +0000] "POST /xmlrpc.php HTTP/1.1" 200 415 "-" "Mozilla/5.0 (X11; Linux x86_64) AppleWebKit/537.36 (KHTML, like Gecko) Chrome/114.0.0.0 Safari/537.36 Vivaldi/5.3.2679.68"
162.128.128.39 - - [23/Feb/2026:16:39:37 +0000] "POST /xmlrpc.php HTTP/1.1" 200 415 "-" "Mozilla/5.0 (Windows NT 10.0; Win64; x64) AppleWebKit/537.36 (KHTML, like Gecko) Chrome/114.0.0.0 Safari/537.36"
162.128.128.39 - - [23/Feb/2026:16:39:40 +0000] "POST /xmlrpc.php HTTP/1.1" 200 415 "-" "Mozilla/5.0 (Windows NT 10.0; Win64; x64) AppleWebKit/537.36 (KHTML, like Gecko) Chrome/114.0.0.0 Safari/537.36"
172.187.168.139 - - [23/Feb/2026:16:41:04 +0000] "POST /wp-cron.php?doing_wp_cron=1771864864.3454279899597167968750 HTTP/1.1" 200 31 "-" "WordPress/6.9; https://dev-kofejob-wp.dreamstechnologies.com"
152.233.20.80 - - [23/Feb/2026:16:41:04 +0000] "POST /xmlrpc.php HTTP/1.1" 200 415 "-" "Mozilla/5.0 (Windows NT 10.0; Win64; x64) AppleWebKit/537.36 (KHTML, like Gecko) Chrome/79.0.3945.130 Safari/537.36 OPR/66.0.3515.115"
152.233.20.80 - - [23/Feb/2026:16:41:08 +0000] "POST /xmlrpc.php HTTP/1.1" 200 415 "-" "Mozilla/5.0 (Windows NT 10.0; Win64; x64) AppleWebKit/537.36 (KHTML, like Gecko) Chrome/79.0.3945.130 Safari/537.36 OPR/66.0.3515.115"
152.233.20.80 - - [23/Feb/2026:16:41:11 +0000] "POST /xmlrpc.php HTTP/1.1" 200 415 "-" "Mozilla/5.0 (Windows NT 10.0; Win64; x64) AppleWebKit/537.36 (KHTML, like Gecko) Chrome/79.0.3945.130 Safari/537.36 OPR/66.0.3515.115"
152.233.20.80 - - [23/Feb/2026:16:41:14 +0000] "POST /xmlrpc.php HTTP/1.1" 200 415 "-" "Mozilla/5.0 (Windows NT 10.0; Win64; x64) AppleWebKit/537.36 (KHTML, like Gecko) Chrome/79.0.3945.130 Safari/537.36 OPR/66.0.3515.115"
172.187.168.139 - - [23/Feb/2026:16:42:59 +0000] "POST /wp-cron.php?doing_wp_cron=1771864979.4349191188812255859375 HTTP/1.1" 200 31 "-" "WordPress/6.9; https://dev-kofejob-wp.dreamstechnologies.com"
52.31.213.154 - - [23/Feb/2026:16:42:59 +0000] "POST /xmlrpc.php HTTP/1.1" 200 415 "-" "Mozilla/5.0 (Windows NT 10.0) AppleWebKit/537.36 (KHTML, like Gecko) Chrome/114.0.0.0 Safari/537.36"
52.31.213.154 - - [23/Feb/2026:16:43:06 +0000] "POST /xmlrpc.php HTTP/1.1" 200 415 "-" "Mozilla/5.0 (Windows NT 10.0) AppleWebKit/537.36 (KHTML, like Gecko) Chrome/114.0.0.0 Safari/537.36"
52.31.213.154 - - [23/Feb/2026:16:43:11 +0000] "POST /xmlrpc.php HTTP/1.1" 200 415 "-" "Mozilla/5.0 (Windows NT 10.0) AppleWebKit/537.36 (KHTML, like Gecko) Chrome/114.0.0.0 Safari/537.36"
52.31.213.154 - - [23/Feb/2026:16:43:15 +0000] "POST /xmlrpc.php HTTP/1.1" 200 415 "-" "Mozilla/5.0 (Windows NT 10.0) AppleWebKit/537.36 (KHTML, like Gecko) Chrome/114.0.0.0 Safari/537.36"
172.187.168.139 - - [23/Feb/2026:16:55:40 +0000] "POST /wp-cron.php?doing_wp_cron=1771865740.5813539028167724609375 HTTP/1.1" 200 31 "-" "WordPress/6.9; https://dev-kofejob-wp.dreamstechnologies.com"
98.98.33.53 - - [23/Feb/2026:16:55:40 +0000] "POST /xmlrpc.php HTTP/1.1" 200 415 "-" "Mozilla/5.0 (Windows NT 10.0; Win64; x64) AppleWebKit/537.36 (KHTML, like Gecko) Chrome/114.0.0.0 Safari/537.36"
98.98.33.53 - - [23/Feb/2026:16:55:48 +0000] "POST /xmlrpc.php HTTP/1.1" 200 415 "-" "Mozilla/5.0 (Windows NT 10.0; Win64; x64) AppleWebKit/537.36 (KHTML, like Gecko) Chrome/114.0.0.0 Safari/537.36"
172.187.168.139 - - [23/Feb/2026:17:39:19 +0000] "POST /wp-cron.php?doing_wp_cron=1771868359.8107700347900390625000 HTTP/1.1" 200 31 "-" "WordPress/6.9; https://dev-kofejob-wp.dreamstechnologies.com"
162.128.128.39 - - [23/Feb/2026:17:39:19 +0000] "POST /xmlrpc.php HTTP/1.1" 200 415 "-" "Mozilla/5.0 (Windows NT 10.0; Win64; x64) AppleWebKit/537.36 (KHTML, like Gecko) Chrome/114.0.0.0 Safari/537.36"
162.128.128.39 - - [23/Feb/2026:17:39:21 +0000] "POST /xmlrpc.php HTTP/1.1" 200 415 "-" "Mozilla/5.0 (Windows NT 10.0; Win64; x64) AppleWebKit/537.36 (KHTML, like Gecko) Chrome/114.0.0.0 Safari/537.36"
172.187.168.139 - - [23/Feb/2026:17:41:11 +0000] "POST /wp-cron.php?doing_wp_cron=1771868471.0754809379577636718750 HTTP/1.1" 200 31 "-" "WordPress/6.9; https://dev-kofejob-wp.dreamstechnologies.com"
89.124.67.159 - - [23/Feb/2026:17:41:11 +0000] "POST /xmlrpc.php HTTP/1.1" 200 415 "-" "Python-xmlrpc/3.11"
89.124.67.159 - - [23/Feb/2026:17:41:12 +0000] "POST /xmlrpc.php HTTP/1.1" 200 415 "-" "Python-xmlrpc/3.11"
89.124.67.159 - - [23/Feb/2026:17:41:17 +0000] "POST /xmlrpc.php HTTP/1.1" 200 415 "-" "Python-xmlrpc/3.11"
89.124.67.159 - - [23/Feb/2026:17:41:18 +0000] "POST /xmlrpc.php HTTP/1.1" 200 415 "-" "Python-xmlrpc/3.11"
172.187.168.139 - - [23/Feb/2026:17:49:15 +0000] "POST /wp-cron.php?doing_wp_cron=1771868954.9909460544586181640625 HTTP/1.1" 200 31 "-" "WordPress/6.9; https://dev-kofejob-wp.dreamstechnologies.com"
66.249.64.14 - - [23/Feb/2026:17:49:15 +0000] "GET /exploring-the-differences-between-online-and-2/ HTTP/1.1" 200 17495 "-" "Mozilla/5.0 (Linux; Android 6.0.1; Nexus 5X Build/MMB29P) AppleWebKit/537.36 (KHTML, like Gecko) Chrome/144.0.7559.132 Mobile Safari/537.36 (compatible; Googlebot/2.1; +http://www.google.com/bot.html)"
172.187.168.139 - - [23/Feb/2026:17:52:48 +0000] "POST /wp-cron.php?doing_wp_cron=1771869168.3845760822296142578125 HTTP/1.1" 200 31 "-" "WordPress/6.9; https://dev-kofejob-wp.dreamstechnologies.com"
98.98.33.53 - - [23/Feb/2026:17:52:48 +0000] "POST /xmlrpc.php HTTP/1.1" 200 415 "-" "Mozilla/5.0 (Windows NT 10.0; Win64; x64) AppleWebKit/537.36 (KHTML, like Gecko) Chrome/114.0.0.0 Safari/537.36"
98.98.33.53 - - [23/Feb/2026:17:52:53 +0000] "POST /xmlrpc.php HTTP/1.1" 200 415 "-" "Mozilla/5.0 (Windows NT 10.0; Win64; x64) AppleWebKit/537.36 (KHTML, like Gecko) Chrome/114.0.0.0 Safari/537.36"
172.187.168.139 - - [23/Feb/2026:17:53:37 +0000] "POST /wp-cron.php?doing_wp_cron=1771869216.9766869544982910156250 HTTP/1.1" 200 31 "-" "WordPress/6.9; https://dev-kofejob-wp.dreamstechnologies.com"
89.124.67.159 - - [23/Feb/2026:17:53:37 +0000] "POST /xmlrpc.php HTTP/1.1" 200 415 "-" "Python-xmlrpc/3.11"
89.124.67.159 - - [23/Feb/2026:17:53:38 +0000] "POST /xmlrpc.php HTTP/1.1" 200 415 "-" "Python-xmlrpc/3.11"
149.54.24.254 - - [23/Feb/2026:17:53:40 +0000] "POST /xmlrpc.php HTTP/1.1" 200 415 "-" "Python-xmlrpc/3.11"
149.54.56.233 - - [23/Feb/2026:17:53:45 +0000] "POST /xmlrpc.php HTTP/1.1" 200 415 "-" "Python-xmlrpc/3.11"
111.125.153.88 - - [23/Feb/2026:17:53:50 +0000] "POST /xmlrpc.php HTTP/1.1" 200 415 "-" "Python-xmlrpc/3.11"
202.3.76.197 - - [23/Feb/2026:17:53:54 +0000] "POST /xmlrpc.php HTTP/1.1" 200 415 "-" "Python-xmlrpc/3.11"
149.54.56.230 - - [23/Feb/2026:17:54:04 +0000] "POST /xmlrpc.php HTTP/1.1" 200 415 "-" "Python-xmlrpc/3.11"
180.94.88.29 - - [23/Feb/2026:17:54:14 +0000] "POST /xmlrpc.php HTTP/1.1" 200 415 "-" "Python-xmlrpc/3.11"
89.124.67.159 - - [23/Feb/2026:17:54:19 +0000] "POST /xmlrpc.php HTTP/1.1" 200 415 "-" "Python-xmlrpc/3.11"
89.124.67.159 - - [23/Feb/2026:17:54:20 +0000] "POST /xmlrpc.php HTTP/1.1" 200 415 "-" "Python-xmlrpc/3.11"
172.187.168.139 - - [23/Feb/2026:17:55:19 +0000] "POST /wp-cron.php?doing_wp_cron=1771869319.4045810699462890625000 HTTP/1.1" 200 31 "-" "WordPress/6.9; https://dev-kofejob-wp.dreamstechnologies.com"
149.22.86.10 - - [23/Feb/2026:17:55:19 +0000] "POST /xmlrpc.php HTTP/1.1" 200 415 "-" "Mozilla/5.0 (Windows NT 6.1; Win64; x64) AppleWebKit/537.36 (KHTML, like Gecko) Chrome/79.0.3945.130 Safari/537.36"
172.187.168.139 - - [23/Feb/2026:18:08:18 +0000] "POST /wp-cron.php?doing_wp_cron=1771870098.8719201087951660156250 HTTP/1.1" 200 31 "-" "WordPress/6.9; https://dev-kofejob-wp.dreamstechnologies.com"
194.180.237.22 - - [23/Feb/2026:18:08:18 +0000] "POST /xmlrpc.php HTTP/1.1" 200 415 "-" "Mozilla/5.0 (Macintosh; Intel Mac OS X 10_14_5) AppleWebKit/539.35 (KHTML, like Gecko111) Chrome/95.5 Safari/537.56"
172.187.168.139 - - [23/Feb/2026:18:19:27 +0000] "POST /wp-cron.php?doing_wp_cron=1771870767.1792809963226318359375 HTTP/1.1" 200 31 "-" "WordPress/6.9; https://dev-kofejob-wp.dreamstechnologies.com"
96.0.24.204 - - [23/Feb/2026:18:19:27 +0000] "POST /xmlrpc.php HTTP/1.1" 200 415 "-" "Mozilla/5.0 (Windows NT 10.0; WOW64; x64) AppleWebKit/537.36 (KHTML, like Gecko) Chrome/114.0.0.0 Safari/537.36 OPR/89.0.4447.51"
172.187.168.139 - - [23/Feb/2026:18:19:32 +0000] "POST /wp-cron.php?doing_wp_cron=1771870772.3618569374084472656250 HTTP/1.1" 200 31 "-" "WordPress/6.9; https://dev-kofejob-wp.dreamstechnologies.com"
96.0.24.204 - - [23/Feb/2026:18:19:32 +0000] "POST /xmlrpc.php HTTP/1.1" 200 415 "-" "Mozilla/5.0 (Windows NT 10.0; WOW64; x64) AppleWebKit/537.36 (KHTML, like Gecko) Chrome/114.0.0.0 Safari/537.36 OPR/89.0.4447.51"
96.0.24.204 - - [23/Feb/2026:18:19:36 +0000] "POST /xmlrpc.php HTTP/1.1" 200 415 "-" "Mozilla/5.0 (Windows NT 10.0; WOW64; x64) AppleWebKit/537.36 (KHTML, like Gecko) Chrome/114.0.0.0 Safari/537.36 OPR/89.0.4447.51"
96.0.24.204 - - [23/Feb/2026:18:19:39 +0000] "POST /xmlrpc.php HTTP/1.1" 200 415 "-" "Mozilla/5.0 (Windows NT 10.0; WOW64; x64) AppleWebKit/537.36 (KHTML, like Gecko) Chrome/114.0.0.0 Safari/537.36 OPR/89.0.4447.51"
172.187.168.139 - - [23/Feb/2026:18:33:11 +0000] "POST /wp-cron.php?doing_wp_cron=1771871591.5005729198455810546875 HTTP/1.1" 200 31 "-" "WordPress/6.9; https://dev-kofejob-wp.dreamstechnologies.com"
77.247.111.106 - - [23/Feb/2026:18:33:11 +0000] "POST /xmlrpc.php HTTP/1.1" 200 415 "-" "Mozilla/5.0 (Macintosh; Intel Mac OS X 10_13_6) AppleWebKit/537.36 (KHTML, like Gecko) Chrome/80.0.3987.122 Safari/537.36"
77.247.111.106 - - [23/Feb/2026:18:33:15 +0000] "POST /xmlrpc.php HTTP/1.1" 200 415 "-" "Mozilla/5.0 (Macintosh; Intel Mac OS X 10_13_6) AppleWebKit/537.36 (KHTML, like Gecko) Chrome/80.0.3987.122 Safari/537.36"
77.247.111.106 - - [23/Feb/2026:18:33:19 +0000] "POST /xmlrpc.php HTTP/1.1" 200 415 "-" "Mozilla/5.0 (Macintosh; Intel Mac OS X 10_13_6) AppleWebKit/537.36 (KHTML, like Gecko) Chrome/80.0.3987.122 Safari/537.36"
77.247.111.106 - - [23/Feb/2026:18:33:23 +0000] "POST /xmlrpc.php HTTP/1.1" 200 415 "-" "Mozilla/5.0 (Macintosh; Intel Mac OS X 10_13_6) AppleWebKit/537.36 (KHTML, like Gecko) Chrome/80.0.3987.122 Safari/537.36"
172.187.168.139 - - [23/Feb/2026:18:39:17 +0000] "POST /wp-cron.php?doing_wp_cron=1771871957.5825459957122802734375 HTTP/1.1" 200 31 "-" "WordPress/6.9; https://dev-kofejob-wp.dreamstechnologies.com"
156.59.62.164 - - [23/Feb/2026:18:39:17 +0000] "POST /xmlrpc.php HTTP/1.1" 200 415 "-" "Mozilla/5.0 (Windows NT 10.0; Win64; x64) AppleWebKit/537.36 (KHTML, like Gecko) Chrome/114.0.0.0 Safari/537.36"
156.59.62.164 - - [23/Feb/2026:18:39:19 +0000] "POST /xmlrpc.php HTTP/1.1" 200 415 "-" "Mozilla/5.0 (Windows NT 10.0; Win64; x64) AppleWebKit/537.36 (KHTML, like Gecko) Chrome/114.0.0.0 Safari/537.36"
172.187.168.139 - - [23/Feb/2026:18:58:14 +0000] "POST /wp-cron.php?doing_wp_cron=1771873094.8445940017700195312500 HTTP/1.1" 200 31 "-" "WordPress/6.9; https://dev-kofejob-wp.dreamstechnologies.com"
152.233.20.7 - - [23/Feb/2026:18:58:14 +0000] "POST /xmlrpc.php HTTP/1.1" 200 415 "-" "Mozilla/5.0 (X11; Linux x86_64) AppleWebKit/537.36 (KHTML, like Gecko) Chrome/80.0.3987.116 Safari/537.36"
172.187.168.139 - - [23/Feb/2026:18:58:30 +0000] "POST /wp-cron.php?doing_wp_cron=1771873110.2826991081237792968750 HTTP/1.1" 200 31 "-" "WordPress/6.9; https://dev-kofejob-wp.dreamstechnologies.com"
152.233.20.7 - - [23/Feb/2026:18:58:30 +0000] "POST /xmlrpc.php HTTP/1.1" 200 415 "-" "Mozilla/5.0 (X11; Linux x86_64) AppleWebKit/537.36 (KHTML, like Gecko) Chrome/80.0.3987.116 Safari/537.36"
152.233.20.7 - - [23/Feb/2026:18:58:39 +0000] "POST /xmlrpc.php HTTP/1.1" 200 415 "-" "Mozilla/5.0 (X11; Linux x86_64) AppleWebKit/537.36 (KHTML, like Gecko) Chrome/80.0.3987.116 Safari/537.36"
152.233.20.7 - - [23/Feb/2026:18:58:46 +0000] "POST /xmlrpc.php HTTP/1.1" 200 415 "-" "Mozilla/5.0 (X11; Linux x86_64) AppleWebKit/537.36 (KHTML, like Gecko) Chrome/80.0.3987.116 Safari/537.36"
172.187.168.139 - - [23/Feb/2026:19:00:20 +0000] "POST /wp-cron.php?doing_wp_cron=1771873220.9030649662017822265625 HTTP/1.1" 200 31 "-" "WordPress/6.9; https://dev-kofejob-wp.dreamstechnologies.com"
84.233.178.190 - - [23/Feb/2026:19:00:20 +0000] "POST /xmlrpc.php HTTP/1.1" 200 415 "-" "Mozilla/5.0 (Windows NT 10.0; Win64; x64) AppleWebKit/537.36 (KHTML, like Gecko) Chrome/64.0.3282.140 Safari/537.36 Edge/18.17763"
98.98.33.53 - - [23/Feb/2026:19:00:25 +0000] "POST /xmlrpc.php HTTP/1.1" 200 415 "-" "Mozilla/5.0 (Windows NT 10.0; Win64; x64) AppleWebKit/537.36 (KHTML, like Gecko) Chrome/114.0.0.0 Safari/537.36"
84.233.178.190 - - [23/Feb/2026:19:00:28 +0000] "POST /xmlrpc.php HTTP/1.1" 200 415 "-" "Mozilla/5.0 (Windows NT 10.0; Win64; x64) AppleWebKit/537.36 (KHTML, like Gecko) Chrome/64.0.3282.140 Safari/537.36 Edge/18.17763"
172.187.168.139 - - [23/Feb/2026:19:00:32 +0000] "POST /wp-cron.php?doing_wp_cron=1771873232.2272450923919677734375 HTTP/1.1" 200 31 "-" "WordPress/6.9; https://dev-kofejob-wp.dreamstechnologies.com"
98.98.33.53 - - [23/Feb/2026:19:00:32 +0000] "POST /xmlrpc.php HTTP/1.1" 200 415 "-" "Mozilla/5.0 (Windows NT 10.0; Win64; x64) AppleWebKit/537.36 (KHTML, like Gecko) Chrome/114.0.0.0 Safari/537.36"
84.233.178.190 - - [23/Feb/2026:19:00:34 +0000] "POST /xmlrpc.php HTTP/1.1" 200 415 "-" "Mozilla/5.0 (Windows NT 10.0; Win64; x64) AppleWebKit/537.36 (KHTML, like Gecko) Chrome/64.0.3282.140 Safari/537.36 Edge/18.17763"
84.233.178.190 - - [23/Feb/2026:19:00:36 +0000] "POST /xmlrpc.php HTTP/1.1" 200 415 "-" "Mozilla/5.0 (Windows NT 10.0; Win64; x64) AppleWebKit/537.36 (KHTML, like Gecko) Chrome/64.0.3282.140 Safari/537.36 Edge/18.17763"
172.187.168.139 - - [23/Feb/2026:19:06:23 +0000] "POST /wp-cron.php?doing_wp_cron=1771873583.5454769134521484375000 HTTP/1.1" 200 31 "-" "WordPress/6.9; https://dev-kofejob-wp.dreamstechnologies.com"
102.221.34.103 - - [23/Feb/2026:19:06:23 +0000] "POST /xmlrpc.php HTTP/1.1" 200 415 "-" "Mozilla/5.0 (Windows NT 10.0; Win64; x64) AppleWebKit/537.36 (KHTML, like Gecko) Chrome/114.0.0.0 Safari/537.36"
102.221.34.103 - - [23/Feb/2026:19:06:25 +0000] "POST /xmlrpc.php HTTP/1.1" 200 415 "-" "Mozilla/5.0 (Windows NT 10.0; Win64; x64) AppleWebKit/537.36 (KHTML, like Gecko) Chrome/114.0.0.0 Safari/537.36"
45.154.98.121 - - [23/Feb/2026:19:07:39 +0000] "GET /wp-content/plugins/fix/up.php HTTP/1.1" 404 196 "-" "Mozilla/5.0 (Windows NT 10.0; Win64; x64) AppleWebKit/537.36 (KHTML, like Gecko) Chrome/85.0.4183.102 Safari/537.36"
45.154.98.121 - - [23/Feb/2026:19:07:39 +0000] "POST /wp-plain.php HTTP/1.1" 404 196 "www.google.com" "Mozilla/5.0 (Linux; Android 7.0; SM-G892A Bulid/NRD90M; wv) AppleWebKit/537.36 (KHTML, like Gecko) Version/4.0 Chrome/60.0.3112.107 Moblie Safari/537.36"
45.154.98.121 - - [23/Feb/2026:19:07:39 +0000] "GET /urwftdxh.php?Fox=d3wL7 HTTP/1.1" 404 196 "www.google.com" "Mozilla/5.0 (Linux; Android 7.0; SM-G892A Bulid/NRD90M; wv) AppleWebKit/537.36 (KHTML, like Gecko) Version/4.0 Chrome/60.0.3112.107 Moblie Safari/537.36"
172.187.168.139 - - [23/Feb/2026:19:19:56 +0000] "POST /wp-cron.php?doing_wp_cron=1771874396.2149980068206787109375 HTTP/1.1" 200 31 "-" "WordPress/6.9; https://dev-kofejob-wp.dreamstechnologies.com"
79.127.164.159 - - [23/Feb/2026:19:19:56 +0000] "POST /xmlrpc.php HTTP/1.1" 200 415 "-" "Mozilla/5.0 (Windows NT 10.0; WOW64) AppleWebKit/537.36 (KHTML, like Gecko) Chrome/80.0.3987.132 Safari/537.36"
79.127.164.159 - - [23/Feb/2026:19:20:05 +0000] "POST /xmlrpc.php HTTP/1.1" 200 415 "-" "Mozilla/5.0 (Windows NT 10.0; WOW64) AppleWebKit/537.36 (KHTML, like Gecko) Chrome/80.0.3987.132 Safari/537.36"
66.249.64.7 - - [23/Feb/2026:19:20:10 +0000] "GET /unlocking-the-basics-of-gambling-a-beginner-x27-s/ HTTP/1.1" 200 17556 "-" "Mozilla/5.0 (Linux; Android 6.0.1; Nexus 5X Build/MMB29P) AppleWebKit/537.36 (KHTML, like Gecko) Chrome/144.0.7559.132 Mobile Safari/537.36 (compatible; Googlebot/2.1; +http://www.google.com/bot.html)"
79.127.164.159 - - [23/Feb/2026:19:20:14 +0000] "POST /xmlrpc.php HTTP/1.1" 200 415 "-" "Mozilla/5.0 (Windows NT 10.0; WOW64) AppleWebKit/537.36 (KHTML, like Gecko) Chrome/80.0.3987.132 Safari/537.36"
79.127.164.159 - - [23/Feb/2026:19:20:17 +0000] "POST /xmlrpc.php HTTP/1.1" 200 415 "-" "Mozilla/5.0 (Windows NT 10.0; WOW64) AppleWebKit/537.36 (KHTML, like Gecko) Chrome/80.0.3987.132 Safari/537.36"
172.187.168.139 - - [23/Feb/2026:19:24:27 +0000] "POST /wp-cron.php?doing_wp_cron=1771874666.9775540828704833984375 HTTP/1.1" 200 31 "-" "WordPress/6.9; https://dev-kofejob-wp.dreamstechnologies.com"
79.127.164.159 - - [23/Feb/2026:19:24:27 +0000] "POST /xmlrpc.php HTTP/1.1" 200 415 "-" "Mozilla/5.0 (Windows NT 10.0; Win64; x64) AppleWebKit/537.36 (KHTML, like Gecko) Chrome/70.0.3538.102 Safari/537.36 Edge/18.18362"
172.187.168.139 - - [23/Feb/2026:19:24:36 +0000] "POST /wp-cron.php?doing_wp_cron=1771874676.4082870483398437500000 HTTP/1.1" 200 31 "-" "WordPress/6.9; https://dev-kofejob-wp.dreamstechnologies.com"
79.127.164.159 - - [23/Feb/2026:19:24:36 +0000] "POST /xmlrpc.php HTTP/1.1" 200 415 "-" "Mozilla/5.0 (Windows NT 10.0; Win64; x64) AppleWebKit/537.36 (KHTML, like Gecko) Chrome/70.0.3538.102 Safari/537.36 Edge/18.18362"
79.127.164.159 - - [23/Feb/2026:19:24:43 +0000] "POST /xmlrpc.php HTTP/1.1" 200 415 "-" "Mozilla/5.0 (Windows NT 10.0; Win64; x64) AppleWebKit/537.36 (KHTML, like Gecko) Chrome/70.0.3538.102 Safari/537.36 Edge/18.18362"
79.127.164.159 - - [23/Feb/2026:19:24:49 +0000] "POST /xmlrpc.php HTTP/1.1" 200 415 "-" "Mozilla/5.0 (Windows NT 10.0; Win64; x64) AppleWebKit/537.36 (KHTML, like Gecko) Chrome/70.0.3538.102 Safari/537.36 Edge/18.18362"
172.187.168.139 - - [23/Feb/2026:19:39:55 +0000] "POST /wp-cron.php?doing_wp_cron=1771875595.4932909011840820312500 HTTP/1.1" 200 31 "-" "WordPress/6.9; https://dev-kofejob-wp.dreamstechnologies.com"
156.59.62.164 - - [23/Feb/2026:19:39:55 +0000] "POST /xmlrpc.php HTTP/1.1" 200 415 "-" "Mozilla/5.0 (Windows NT 10.0; Win64; x64) AppleWebKit/537.36 (KHTML, like Gecko) Chrome/114.0.0.0 Safari/537.36"
156.59.62.164 - - [23/Feb/2026:19:39:57 +0000] "POST /xmlrpc.php HTTP/1.1" 200 415 "-" "Mozilla/5.0 (Windows NT 10.0; Win64; x64) AppleWebKit/537.36 (KHTML, like Gecko) Chrome/114.0.0.0 Safari/537.36"
172.187.168.139 - - [23/Feb/2026:19:47:45 +0000] "POST /wp-cron.php?doing_wp_cron=1771876065.2797369956970214843750 HTTP/1.1" 200 31 "-" "WordPress/6.9; https://dev-kofejob-wp.dreamstechnologies.com"
15.220.152.81 - - [23/Feb/2026:19:47:45 +0000] "POST /xmlrpc.php HTTP/1.1" 200 415 "-" "Mozilla/5.0 (Windows NT 10.0; Win64; x64) AppleWebKit/537.36 (KHTML, like Gecko) Chrome/114.0.0.0 Safari/537.36"
15.220.152.81 - - [23/Feb/2026:19:47:48 +0000] "POST /xmlrpc.php HTTP/1.1" 200 415 "-" "Mozilla/5.0 (Windows NT 10.0; Win64; x64) AppleWebKit/537.36 (KHTML, like Gecko) Chrome/114.0.0.0 Safari/537.36"
15.220.152.81 - - [23/Feb/2026:19:47:49 +0000] "POST /xmlrpc.php HTTP/1.1" 200 415 "-" "Mozilla/5.0 (Windows NT 10.0; Win64; x64) AppleWebKit/537.36 (KHTML, like Gecko) Chrome/114.0.0.0 Safari/537.36"
15.220.152.81 - - [23/Feb/2026:19:47:52 +0000] "POST /xmlrpc.php HTTP/1.1" 200 415 "-" "Mozilla/5.0 (Windows NT 10.0; Win64; x64) AppleWebKit/537.36 (KHTML, like Gecko) Chrome/114.0.0.0 Safari/537.36"
172.187.168.139 - - [23/Feb/2026:20:01:30 +0000] "POST /wp-cron.php?doing_wp_cron=1771876890.7622768878936767578125 HTTP/1.1" 200 31 "-" "WordPress/6.9; https://dev-kofejob-wp.dreamstechnologies.com"
98.98.33.57 - - [23/Feb/2026:20:01:30 +0000] "POST /xmlrpc.php HTTP/1.1" 200 415 "-" "Mozilla/5.0 (Windows NT 10.0; Win64; x64) AppleWebKit/537.36 (KHTML, like Gecko) Chrome/114.0.0.0 Safari/537.36"
98.98.33.57 - - [23/Feb/2026:20:01:32 +0000] "POST /xmlrpc.php HTTP/1.1" 200 415 "-" "Mozilla/5.0 (Windows NT 10.0; Win64; x64) AppleWebKit/537.36 (KHTML, like Gecko) Chrome/114.0.0.0 Safari/537.36"
172.187.168.139 - - [23/Feb/2026:20:15:43 +0000] "POST /wp-cron.php?doing_wp_cron=1771877743.5962269306182861328125 HTTP/1.1" 200 31 "-" "WordPress/6.9; https://dev-kofejob-wp.dreamstechnologies.com"
152.233.20.53 - - [23/Feb/2026:20:15:43 +0000] "POST /xmlrpc.php HTTP/1.1" 200 415 "-" "Mozilla/5.0 (Windows NT 10.0; Win64; x64) AppleWebKit/537.36 (KHTML, like Gecko) Chrome/108.0.0.0 Safari/537.36"
152.233.20.53 - - [23/Feb/2026:20:15:53 +0000] "POST /xmlrpc.php HTTP/1.1" 200 415 "-" "Mozilla/5.0 (Windows NT 10.0; Win64; x64) AppleWebKit/537.36 (KHTML, like Gecko) Chrome/108.0.0.0 Safari/537.36"
152.233.20.53 - - [23/Feb/2026:20:16:00 +0000] "POST /xmlrpc.php HTTP/1.1" 200 415 "-" "Mozilla/5.0 (Windows NT 10.0; Win64; x64) AppleWebKit/537.36 (KHTML, like Gecko) Chrome/108.0.0.0 Safari/537.36"
152.233.20.53 - - [23/Feb/2026:20:16:04 +0000] "POST /xmlrpc.php HTTP/1.1" 200 415 "-" "Mozilla/5.0 (Windows NT 10.0; Win64; x64) AppleWebKit/537.36 (KHTML, like Gecko) Chrome/108.0.0.0 Safari/537.36"
172.187.168.139 - - [23/Feb/2026:20:19:23 +0000] "POST /wp-cron.php?doing_wp_cron=1771877963.4478209018707275390625 HTTP/1.1" 200 31 "-" "WordPress/6.9; https://dev-kofejob-wp.dreamstechnologies.com"
152.233.20.53 - - [23/Feb/2026:20:19:23 +0000] "POST /xmlrpc.php HTTP/1.1" 200 415 "-" "Mozilla/5.0 (Macintosh; Intel Mac OS X 10_14_6) AppleWebKit/537.36 (KHTML, like Gecko) Chrome/80.0.3987.132 Safari/537.36"
172.187.168.139 - - [23/Feb/2026:20:19:36 +0000] "POST /wp-cron.php?doing_wp_cron=1771877976.1198759078979492187500 HTTP/1.1" 200 31 "-" "WordPress/6.9; https://dev-kofejob-wp.dreamstechnologies.com"
152.233.20.53 - - [23/Feb/2026:20:19:36 +0000] "POST /xmlrpc.php HTTP/1.1" 200 415 "-" "Mozilla/5.0 (Macintosh; Intel Mac OS X 10_14_6) AppleWebKit/537.36 (KHTML, like Gecko) Chrome/80.0.3987.132 Safari/537.36"
152.233.20.53 - - [23/Feb/2026:20:19:43 +0000] "POST /xmlrpc.php HTTP/1.1" 200 415 "-" "Mozilla/5.0 (Macintosh; Intel Mac OS X 10_14_6) AppleWebKit/537.36 (KHTML, like Gecko) Chrome/80.0.3987.132 Safari/537.36"
152.233.20.53 - - [23/Feb/2026:20:19:46 +0000] "POST /xmlrpc.php HTTP/1.1" 200 415 "-" "Mozilla/5.0 (Macintosh; Intel Mac OS X 10_14_6) AppleWebKit/537.36 (KHTML, like Gecko) Chrome/80.0.3987.132 Safari/537.36"
172.187.168.139 - - [23/Feb/2026:20:20:54 +0000] "POST /wp-cron.php?doing_wp_cron=1771878054.7095088958740234375000 HTTP/1.1" 200 31 "-" "WordPress/6.9; https://dev-kofejob-wp.dreamstechnologies.com"
18.203.84.147 - - [23/Feb/2026:20:20:54 +0000] "POST /xmlrpc.php HTTP/1.1" 200 415 "-" "Mozilla/5.0 (Windows NT 10.0; Win64; x64) AppleWebKit/537.36 (KHTML, like Gecko) Chrome/80.0.3987.87 Safari/537.36"
18.203.84.147 - - [23/Feb/2026:20:21:00 +0000] "POST /xmlrpc.php HTTP/1.1" 200 415 "-" "Mozilla/5.0 (Windows NT 10.0; Win64; x64) AppleWebKit/537.36 (KHTML, like Gecko) Chrome/80.0.3987.87 Safari/537.36"
18.203.84.147 - - [23/Feb/2026:20:21:05 +0000] "POST /xmlrpc.php HTTP/1.1" 200 415 "-" "Mozilla/5.0 (Windows NT 10.0; Win64; x64) AppleWebKit/537.36 (KHTML, like Gecko) Chrome/80.0.3987.87 Safari/537.36"
18.195.155.157 - - [23/Feb/2026:20:21:12 +0000] "POST /xmlrpc.php HTTP/1.1" 200 415 "-" "Mozilla/5.0 (Windows NT 10.0; Win64; x64) AppleWebKit/537.36 (KHTML, like Gecko) Chrome/80.0.3987.87 Safari/537.36"
172.187.168.139 - - [23/Feb/2026:20:27:43 +0000] "POST /wp-cron.php?doing_wp_cron=1771878463.4563889503479003906250 HTTP/1.1" 200 31 "-" "WordPress/6.9; https://dev-kofejob-wp.dreamstechnologies.com"
18.195.155.157 - - [23/Feb/2026:20:27:43 +0000] "POST /xmlrpc.php HTTP/1.1" 200 415 "-" "Mozilla/5.0 (Windows NT 10.0; Win64; x64) AppleWebKit/537.36 (KHTML, like Gecko) Chrome/114.0.0.0 Safari/537.36 Edg/114.0.1264.71"
18.195.155.157 - - [23/Feb/2026:20:27:51 +0000] "POST /xmlrpc.php HTTP/1.1" 200 415 "-" "Mozilla/5.0 (Windows NT 10.0; Win64; x64) AppleWebKit/537.36 (KHTML, like Gecko) Chrome/114.0.0.0 Safari/537.36 Edg/114.0.1264.71"
18.195.155.157 - - [23/Feb/2026:20:27:57 +0000] "POST /xmlrpc.php HTTP/1.1" 200 415 "-" "Mozilla/5.0 (Windows NT 10.0; Win64; x64) AppleWebKit/537.36 (KHTML, like Gecko) Chrome/114.0.0.0 Safari/537.36 Edg/114.0.1264.71"
18.195.155.157 - - [23/Feb/2026:20:27:59 +0000] "POST /xmlrpc.php HTTP/1.1" 200 415 "-" "Mozilla/5.0 (Windows NT 10.0; Win64; x64) AppleWebKit/537.36 (KHTML, like Gecko) Chrome/114.0.0.0 Safari/537.36 Edg/114.0.1264.71"
66.249.64.9 - - [23/Feb/2026:20:40:09 +0000] "GET /wp-includes/js/wp-emoji-release.min.js?ver=6.9 HTTP/1.1" 200 22762 "-" "Mozilla/5.0 (Linux; Android 6.0.1; Nexus 5X Build/MMB29P) AppleWebKit/537.36 (KHTML, like Gecko) Chrome/144.0.7559.132 Mobile Safari/537.36 (compatible; Googlebot/2.1; +http://www.google.com/bot.html)"
172.187.168.139 - - [23/Feb/2026:20:41:15 +0000] "POST /wp-cron.php?doing_wp_cron=1771879275.6195149421691894531250 HTTP/1.1" 200 31 "-" "WordPress/6.9; https://dev-kofejob-wp.dreamstechnologies.com"
156.59.62.164 - - [23/Feb/2026:20:41:15 +0000] "POST /xmlrpc.php HTTP/1.1" 200 415 "-" "Mozilla/5.0 (Windows NT 10.0; Win64; x64) AppleWebKit/537.36 (KHTML, like Gecko) Chrome/114.0.0.0 Safari/537.36"
156.59.62.164 - - [23/Feb/2026:20:41:17 +0000] "POST /xmlrpc.php HTTP/1.1" 200 415 "-" "Mozilla/5.0 (Windows NT 10.0; Win64; x64) AppleWebKit/537.36 (KHTML, like Gecko) Chrome/114.0.0.0 Safari/537.36"
172.187.168.139 - - [23/Feb/2026:20:41:30 +0000] "POST /wp-cron.php?doing_wp_cron=1771879290.7672820091247558593750 HTTP/1.1" 200 31 "-" "WordPress/6.9; https://dev-kofejob-wp.dreamstechnologies.com"
152.233.16.4 - - [23/Feb/2026:20:41:30 +0000] "POST /xmlrpc.php HTTP/1.1" 200 415 "-" "Mozilla/5.0 (Windows NT 10.0; Win64; x64) AppleWebKit/537.36 (KHTML, like Gecko) Chrome/80.0.3987.149 Safari/537.36"
152.233.16.4 - - [23/Feb/2026:20:41:30 +0000] "POST /xmlrpc.php HTTP/1.1" 200 415 "-" "Mozilla/5.0 (Windows NT 10.0; Win64; x64) AppleWebKit/537.36 (KHTML, like Gecko) Chrome/70.0.3538.102 Safari/537.36 Edge/18.18362"
152.233.16.4 - - [23/Feb/2026:20:41:35 +0000] "POST /xmlrpc.php HTTP/1.1" 200 415 "-" "Mozilla/5.0 (Windows NT 10.0; Win64; x64) AppleWebKit/537.36 (KHTML, like Gecko) Chrome/80.0.3987.149 Safari/537.36"
152.233.16.4 - - [23/Feb/2026:20:41:37 +0000] "POST /xmlrpc.php HTTP/1.1" 200 415 "-" "Mozilla/5.0 (Windows NT 10.0; Win64; x64) AppleWebKit/537.36 (KHTML, like Gecko) Chrome/70.0.3538.102 Safari/537.36 Edge/18.18362"
152.233.16.4 - - [23/Feb/2026:20:41:38 +0000] "POST /xmlrpc.php HTTP/1.1" 200 415 "-" "Mozilla/5.0 (Windows NT 10.0; Win64; x64) AppleWebKit/537.36 (KHTML, like Gecko) Chrome/80.0.3987.149 Safari/537.36"
152.233.16.4 - - [23/Feb/2026:20:41:41 +0000] "POST /xmlrpc.php HTTP/1.1" 200 415 "-" "Mozilla/5.0 (Windows NT 10.0; Win64; x64) AppleWebKit/537.36 (KHTML, like Gecko) Chrome/80.0.3987.149 Safari/537.36"
152.233.16.4 - - [23/Feb/2026:20:41:45 +0000] "POST /xmlrpc.php HTTP/1.1" 200 415 "-" "Mozilla/5.0 (Windows NT 10.0; Win64; x64) AppleWebKit/537.36 (KHTML, like Gecko) Chrome/70.0.3538.102 Safari/537.36 Edge/18.18362"
152.233.16.4 - - [23/Feb/2026:20:41:48 +0000] "POST /xmlrpc.php HTTP/1.1" 200 415 "-" "Mozilla/5.0 (Windows NT 10.0; Win64; x64) AppleWebKit/537.36 (KHTML, like Gecko) Chrome/70.0.3538.102 Safari/537.36 Edge/18.18362"
172.187.168.139 - - [23/Feb/2026:20:47:01 +0000] "POST /wp-cron.php?doing_wp_cron=1771879621.7137091159820556640625 HTTP/1.1" 200 31 "-" "WordPress/6.9; https://dev-kofejob-wp.dreamstechnologies.com"
13.154.16.99 - - [23/Feb/2026:20:47:01 +0000] "POST /xmlrpc.php HTTP/1.1" 200 415 "-" "Mozilla/5.0 (Macintosh; Intel Mac OS X 10_15_1) AppleWebKit/537.36 (KHTML, like Gecko) Chrome/80.0.3987.132 Safari/537.36"
13.154.16.99 - - [23/Feb/2026:20:47:06 +0000] "POST /xmlrpc.php HTTP/1.1" 200 415 "-" "Mozilla/5.0 (Macintosh; Intel Mac OS X 10_15_1) AppleWebKit/537.36 (KHTML, like Gecko) Chrome/80.0.3987.132 Safari/537.36"
13.154.16.99 - - [23/Feb/2026:20:47:11 +0000] "POST /xmlrpc.php HTTP/1.1" 200 415 "-" "Mozilla/5.0 (Macintosh; Intel Mac OS X 10_15_1) AppleWebKit/537.36 (KHTML, like Gecko) Chrome/80.0.3987.132 Safari/537.36"
13.154.16.99 - - [23/Feb/2026:20:47:15 +0000] "POST /xmlrpc.php HTTP/1.1" 200 415 "-" "Mozilla/5.0 (Macintosh; Intel Mac OS X 10_15_1) AppleWebKit/537.36 (KHTML, like Gecko) Chrome/80.0.3987.132 Safari/537.36"
172.187.168.139 - - [23/Feb/2026:20:49:56 +0000] "POST /wp-cron.php?doing_wp_cron=1771879796.3603980541229248046875 HTTP/1.1" 200 31 "-" "WordPress/6.9; https://dev-kofejob-wp.dreamstechnologies.com"
89.124.67.159 - - [23/Feb/2026:20:49:56 +0000] "POST /xmlrpc.php HTTP/1.1" 200 415 "-" "Python-xmlrpc/3.11"
89.124.67.159 - - [23/Feb/2026:20:49:58 +0000] "POST /xmlrpc.php HTTP/1.1" 200 415 "-" "Python-xmlrpc/3.11"
89.124.67.159 - - [23/Feb/2026:20:50:02 +0000] "POST /xmlrpc.php HTTP/1.1" 200 415 "-" "Python-xmlrpc/3.11"
89.124.67.159 - - [23/Feb/2026:20:50:04 +0000] "POST /xmlrpc.php HTTP/1.1" 200 415 "-" "Python-xmlrpc/3.11"
172.187.168.139 - - [23/Feb/2026:21:05:23 +0000] "POST /wp-cron.php?doing_wp_cron=1771880723.8002281188964843750000 HTTP/1.1" 200 31 "-" "WordPress/6.9; https://dev-kofejob-wp.dreamstechnologies.com"
89.124.67.159 - - [23/Feb/2026:21:05:23 +0000] "POST /xmlrpc.php HTTP/1.1" 200 415 "-" "Python-xmlrpc/3.11"
89.124.67.159 - - [23/Feb/2026:21:05:25 +0000] "POST /xmlrpc.php HTTP/1.1" 200 415 "-" "Python-xmlrpc/3.11"
172.187.168.139 - - [23/Feb/2026:21:05:29 +0000] "POST /wp-cron.php?doing_wp_cron=1771880729.2775130271911621093750 HTTP/1.1" 200 31 "-" "WordPress/6.9; https://dev-kofejob-wp.dreamstechnologies.com"
89.124.67.159 - - [23/Feb/2026:21:05:29 +0000] "POST /xmlrpc.php HTTP/1.1" 200 415 "-" "Python-xmlrpc/3.11"
89.124.67.159 - - [23/Feb/2026:21:05:30 +0000] "POST /xmlrpc.php HTTP/1.1" 200 415 "-" "Python-xmlrpc/3.11"
172.187.168.139 - - [23/Feb/2026:21:25:27 +0000] "POST /wp-cron.php?doing_wp_cron=1771881926.9208059310913085937500 HTTP/1.1" 200 31 "-" "WordPress/6.9; https://dev-kofejob-wp.dreamstechnologies.com"
15.161.97.165 - - [23/Feb/2026:21:25:27 +0000] "POST /xmlrpc.php HTTP/1.1" 200 415 "-" "Mozilla/5.0 (Macintosh; Intel Mac OS X 10_15_1) AppleWebKit/537.36 (KHTML, like Gecko) Chrome/80.0.3987.132 Safari/537.36"
15.161.97.165 - - [23/Feb/2026:21:25:28 +0000] "POST /xmlrpc.php HTTP/1.1" 200 415 "-" "Mozilla/5.0 (Macintosh; Intel Mac OS X 10_15_1) AppleWebKit/537.36 (KHTML, like Gecko) Chrome/80.0.3987.132 Safari/537.36"
172.187.168.139 - - [23/Feb/2026:21:25:30 +0000] "POST /wp-cron.php?doing_wp_cron=1771881930.7885050773620605468750 HTTP/1.1" 200 31 "-" "WordPress/6.9; https://dev-kofejob-wp.dreamstechnologies.com"
15.161.97.165 - - [23/Feb/2026:21:25:30 +0000] "POST /xmlrpc.php HTTP/1.1" 200 415 "-" "Mozilla/5.0 (Macintosh; Intel Mac OS X 10_15_1) AppleWebKit/537.36 (KHTML, like Gecko) Chrome/80.0.3987.132 Safari/537.36"
15.161.97.165 - - [23/Feb/2026:21:25:32 +0000] "POST /xmlrpc.php HTTP/1.1" 200 415 "-" "Mozilla/5.0 (Macintosh; Intel Mac OS X 10_15_1) AppleWebKit/537.36 (KHTML, like Gecko) Chrome/80.0.3987.132 Safari/537.36"
172.187.168.139 - - [23/Feb/2026:21:28:29 +0000] "POST /wp-cron.php?doing_wp_cron=1771882109.0359981060028076171875 HTTP/1.1" 200 31 "-" "WordPress/6.9; https://dev-kofejob-wp.dreamstechnologies.com"
15.161.97.165 - - [23/Feb/2026:21:28:29 +0000] "POST /xmlrpc.php HTTP/1.1" 200 415 "-" "Mozilla/5.0 (Windows NT 6.1; Win64; x64) AppleWebKit/537.36 (KHTML, like Gecko) Chrome/79.0.3945.130 Safari/537.36"
15.161.97.165 - - [23/Feb/2026:21:28:30 +0000] "POST /xmlrpc.php HTTP/1.1" 200 415 "-" "Mozilla/5.0 (Windows NT 6.1; Win64; x64) AppleWebKit/537.36 (KHTML, like Gecko) Chrome/79.0.3945.130 Safari/537.36"
15.161.97.165 - - [23/Feb/2026:21:28:32 +0000] "POST /xmlrpc.php HTTP/1.1" 200 415 "-" "Mozilla/5.0 (Windows NT 6.1; Win64; x64) AppleWebKit/537.36 (KHTML, like Gecko) Chrome/79.0.3945.130 Safari/537.36"
15.161.97.165 - - [23/Feb/2026:21:28:33 +0000] "POST /xmlrpc.php HTTP/1.1" 200 415 "-" "Mozilla/5.0 (Windows NT 6.1; Win64; x64) AppleWebKit/537.36 (KHTML, like Gecko) Chrome/79.0.3945.130 Safari/537.36"
172.187.168.139 - - [23/Feb/2026:21:33:23 +0000] "POST /wp-cron.php?doing_wp_cron=1771882402.9921169281005859375000 HTTP/1.1" 200 31 "-" "WordPress/6.9; https://dev-kofejob-wp.dreamstechnologies.com"
79.127.164.196 - - [23/Feb/2026:21:33:23 +0000] "POST /xmlrpc.php HTTP/1.1" 200 415 "-" "Mozilla/5.0 (Windows NT 10.0; WOW64) AppleWebKit/537.36 (KHTML, like Gecko) Chrome/114.0.0.0 YaBrowser/22.7.0 Yowser/2.5 Safari/537.36"
172.187.168.139 - - [23/Feb/2026:21:33:37 +0000] "POST /wp-cron.php?doing_wp_cron=1771882417.7023539543151855468750 HTTP/1.1" 200 31 "-" "WordPress/6.9; https://dev-kofejob-wp.dreamstechnologies.com"
79.127.164.196 - - [23/Feb/2026:21:33:37 +0000] "POST /xmlrpc.php HTTP/1.1" 200 415 "-" "Mozilla/5.0 (Windows NT 10.0; WOW64) AppleWebKit/537.36 (KHTML, like Gecko) Chrome/114.0.0.0 YaBrowser/22.7.0 Yowser/2.5 Safari/537.36"
79.127.164.196 - - [23/Feb/2026:21:33:48 +0000] "POST /xmlrpc.php HTTP/1.1" 200 415 "-" "Mozilla/5.0 (Windows NT 10.0; WOW64) AppleWebKit/537.36 (KHTML, like Gecko) Chrome/114.0.0.0 YaBrowser/22.7.0 Yowser/2.5 Safari/537.36"
79.127.164.196 - - [23/Feb/2026:21:33:59 +0000] "POST /xmlrpc.php HTTP/1.1" 200 415 "-" "Mozilla/5.0 (Windows NT 10.0; WOW64) AppleWebKit/537.36 (KHTML, like Gecko) Chrome/114.0.0.0 YaBrowser/22.7.0 Yowser/2.5 Safari/537.36"
172.187.168.139 - - [23/Feb/2026:21:39:58 +0000] "POST /wp-cron.php?doing_wp_cron=1771882798.3398079872131347656250 HTTP/1.1" 200 31 "-" "WordPress/6.9; https://dev-kofejob-wp.dreamstechnologies.com"
89.222.112.77 - anasshahzad23 [23/Feb/2026:21:39:58 +0000] "POST /xmlrpc.php HTTP/1.1" 200 415 "-" "Mozilla/5.0 (Windows NT 6.1) AppleWebKit/537.36 (KHTML, like Gecko) Chrome/80.0.3987.132 Safari/537.36"
89.222.112.77 - anasshahzad23 [23/Feb/2026:21:40:11 +0000] "POST /xmlrpc.php HTTP/1.1" 200 415 "-" "Mozilla/5.0 (Windows NT 6.1) AppleWebKit/537.36 (KHTML, like Gecko) Chrome/80.0.3987.132 Safari/537.36"
89.222.112.77 - anasshahzad23 [23/Feb/2026:21:40:20 +0000] "POST /xmlrpc.php HTTP/1.1" 200 415 "-" "Mozilla/5.0 (Windows NT 6.1) AppleWebKit/537.36 (KHTML, like Gecko) Chrome/80.0.3987.132 Safari/537.36"
89.222.112.77 - anasshahzad23 [23/Feb/2026:21:40:26 +0000] "POST /xmlrpc.php HTTP/1.1" 200 415 "-" "Mozilla/5.0 (Windows NT 6.1) AppleWebKit/537.36 (KHTML, like Gecko) Chrome/80.0.3987.132 Safari/537.36"
172.187.168.139 - - [23/Feb/2026:21:42:03 +0000] "POST /wp-cron.php?doing_wp_cron=1771882923.0360910892486572265625 HTTP/1.1" 200 31 "-" "WordPress/6.9; https://dev-kofejob-wp.dreamstechnologies.com"
156.59.62.164 - - [23/Feb/2026:21:42:03 +0000] "POST /xmlrpc.php HTTP/1.1" 200 415 "-" "Mozilla/5.0 (Windows NT 10.0; Win64; x64) AppleWebKit/537.36 (KHTML, like Gecko) Chrome/114.0.0.0 Safari/537.36"
156.59.62.164 - - [23/Feb/2026:21:42:05 +0000] "POST /xmlrpc.php HTTP/1.1" 200 415 "-" "Mozilla/5.0 (Windows NT 10.0; Win64; x64) AppleWebKit/537.36 (KHTML, like Gecko) Chrome/114.0.0.0 Safari/537.36"
172.187.168.139 - - [23/Feb/2026:22:01:25 +0000] "POST /wp-cron.php?doing_wp_cron=1771884085.1719028949737548828125 HTTP/1.1" 200 31 "-" "WordPress/6.9; https://dev-kofejob-wp.dreamstechnologies.com"
152.233.4.182 - - [23/Feb/2026:22:01:25 +0000] "POST /xmlrpc.php HTTP/1.1" 200 415 "-" "Mozilla/5.0 (X11; Linux x86_64) AppleWebKit/537.36 (KHTML, like Gecko) Chrome/114.0.0.0 Safari/537.36"
152.233.4.182 - - [23/Feb/2026:22:01:27 +0000] "POST /xmlrpc.php HTTP/1.1" 200 415 "-" "Mozilla/5.0 (X11; Linux x86_64) AppleWebKit/537.36 (KHTML, like Gecko) Chrome/114.0.0.0 Safari/537.36"
172.187.168.139 - - [23/Feb/2026:22:01:29 +0000] "POST /wp-cron.php?doing_wp_cron=1771884089.9182589054107666015625 HTTP/1.1" 200 31 "-" "WordPress/6.9; https://dev-kofejob-wp.dreamstechnologies.com"
152.233.4.182 - - [23/Feb/2026:22:01:29 +0000] "POST /xmlrpc.php HTTP/1.1" 200 415 "-" "Mozilla/5.0 (X11; Linux x86_64) AppleWebKit/537.36 (KHTML, like Gecko) Chrome/114.0.0.0 Safari/537.36"
152.233.4.182 - - [23/Feb/2026:22:01:32 +0000] "POST /xmlrpc.php HTTP/1.1" 200 415 "-" "Mozilla/5.0 (X11; Linux x86_64) AppleWebKit/537.36 (KHTML, like Gecko) Chrome/114.0.0.0 Safari/537.36"
172.187.168.139 - - [23/Feb/2026:22:04:19 +0000] "POST /wp-cron.php?doing_wp_cron=1771884259.4701519012451171875000 HTTP/1.1" 200 31 "-" "WordPress/6.9; https://dev-kofejob-wp.dreamstechnologies.com"
152.233.4.182 - - [23/Feb/2026:22:04:19 +0000] "POST /xmlrpc.php HTTP/1.1" 200 415 "-" "Mozilla/5.0 (Windows NT 10.0; Win64; x64) AppleWebKit/537.36 (KHTML, like Gecko) Chrome/79.0.3945.130 Safari/537.36 OPR/66.0.3515.115"
152.233.4.182 - - [23/Feb/2026:22:04:21 +0000] "POST /xmlrpc.php HTTP/1.1" 200 415 "-" "Mozilla/5.0 (Windows NT 10.0; Win64; x64) AppleWebKit/537.36 (KHTML, like Gecko) Chrome/79.0.3945.130 Safari/537.36 OPR/66.0.3515.115"
152.233.4.182 - - [23/Feb/2026:22:04:22 +0000] "POST /xmlrpc.php HTTP/1.1" 200 415 "-" "Mozilla/5.0 (Windows NT 10.0; Win64; x64) AppleWebKit/537.36 (KHTML, like Gecko) Chrome/79.0.3945.130 Safari/537.36 OPR/66.0.3515.115"
152.233.4.182 - - [23/Feb/2026:22:04:24 +0000] "POST /xmlrpc.php HTTP/1.1" 200 415 "-" "Mozilla/5.0 (Windows NT 10.0; Win64; x64) AppleWebKit/537.36 (KHTML, like Gecko) Chrome/79.0.3945.130 Safari/537.36 OPR/66.0.3515.115"
172.187.168.139 - - [23/Feb/2026:22:06:25 +0000] "POST /wp-cron.php?doing_wp_cron=1771884385.4694108963012695312500 HTTP/1.1" 200 31 "-" "WordPress/6.9; https://dev-kofejob-wp.dreamstechnologies.com"
89.222.112.77 - - [23/Feb/2026:22:06:25 +0000] "POST /xmlrpc.php HTTP/1.1" 200 415 "-" "Mozilla/5.0 (Windows NT 10.0; WOW64) AppleWebKit/537.36 (KHTML, like Gecko) Chrome/80.0.3987.132 Safari/537.36"
89.222.112.77 - - [23/Feb/2026:22:06:27 +0000] "POST /xmlrpc.php HTTP/1.1" 200 415 "-" "Mozilla/5.0 (Windows NT 10.0; WOW64) AppleWebKit/537.36 (KHTML, like Gecko) Chrome/80.0.3987.132 Safari/537.36"
98.98.33.86 - - [23/Feb/2026:22:06:28 +0000] "POST /xmlrpc.php HTTP/1.1" 200 415 "-" "Mozilla/5.0 (Windows NT 10.0; Win64; x64) AppleWebKit/537.36 (KHTML, like Gecko) Chrome/114.0.0.0 Safari/537.36"
172.187.168.139 - - [23/Feb/2026:22:06:29 +0000] "POST /wp-cron.php?doing_wp_cron=1771884389.1406660079956054687500 HTTP/1.1" 200 31 "-" "WordPress/6.9; https://dev-kofejob-wp.dreamstechnologies.com"
89.222.112.77 - - [23/Feb/2026:22:06:29 +0000] "POST /xmlrpc.php HTTP/1.1" 200 415 "-" "Mozilla/5.0 (Windows NT 10.0; WOW64) AppleWebKit/537.36 (KHTML, like Gecko) Chrome/80.0.3987.132 Safari/537.36"
98.98.33.86 - - [23/Feb/2026:22:06:29 +0000] "POST /xmlrpc.php HTTP/1.1" 200 415 "-" "Mozilla/5.0 (Windows NT 10.0; Win64; x64) AppleWebKit/537.36 (KHTML, like Gecko) Chrome/114.0.0.0 Safari/537.36"
89.222.112.77 - - [23/Feb/2026:22:06:30 +0000] "POST /xmlrpc.php HTTP/1.1" 200 415 "-" "Mozilla/5.0 (Windows NT 10.0; WOW64) AppleWebKit/537.36 (KHTML, like Gecko) Chrome/80.0.3987.132 Safari/537.36"
172.187.168.139 - - [23/Feb/2026:22:13:57 +0000] "POST /wp-cron.php?doing_wp_cron=1771884837.1188480854034423828125 HTTP/1.1" 200 31 "-" "WordPress/6.9; https://dev-kofejob-wp.dreamstechnologies.com"
16.63.125.109 - - [23/Feb/2026:22:13:57 +0000] "POST /xmlrpc.php HTTP/1.1" 200 415 "-" "Mozilla/5.0 (Windows NT 10.0; Win64; x64) AppleWebKit/537.36 (KHTML, like Gecko) Chrome/114.0.0.0 Safari/537.36 Vivaldi/5.3.2679.68"
16.63.125.109 - - [23/Feb/2026:22:14:05 +0000] "POST /xmlrpc.php HTTP/1.1" 200 415 "-" "Mozilla/5.0 (Windows NT 10.0; Win64; x64) AppleWebKit/537.36 (KHTML, like Gecko) Chrome/114.0.0.0 Safari/537.36 Vivaldi/5.3.2679.68"
16.63.125.109 - - [23/Feb/2026:22:14:11 +0000] "POST /xmlrpc.php HTTP/1.1" 200 415 "-" "Mozilla/5.0 (Windows NT 10.0; Win64; x64) AppleWebKit/537.36 (KHTML, like Gecko) Chrome/114.0.0.0 Safari/537.36 Vivaldi/5.3.2679.68"
16.63.125.109 - - [23/Feb/2026:22:14:15 +0000] "POST /xmlrpc.php HTTP/1.1" 200 415 "-" "Mozilla/5.0 (Windows NT 10.0; Win64; x64) AppleWebKit/537.36 (KHTML, like Gecko) Chrome/114.0.0.0 Safari/537.36 Vivaldi/5.3.2679.68"
172.187.168.139 - - [23/Feb/2026:22:15:02 +0000] "POST /wp-cron.php?doing_wp_cron=1771884901.9761369228363037109375 HTTP/1.1" 200 31 "-" "WordPress/6.9; https://dev-kofejob-wp.dreamstechnologies.com"
146.103.112.41 - - [23/Feb/2026:22:15:02 +0000] "GET /wp-login.php HTTP/1.1" 200 2471 "-" "Mozilla/5.0 (Windows NT 10.0; Win64; x64) AppleWebKit/537.36 (KHTML, like Gecko) Chrome/116.0.0.0 Safari/537.36"
146.103.112.41 - - [23/Feb/2026:22:15:03 +0000] "POST /wp-login.php HTTP/1.1" 200 2629 "-" "Mozilla/5.0 (Windows NT 10.0; Win64; x64) AppleWebKit/537.36 (KHTML, like Gecko) Chrome/116.0.0.0 Safari/537.36"
172.187.168.139 - - [23/Feb/2026:22:19:30 +0000] "POST /wp-cron.php?doing_wp_cron=1771885170.7766950130462646484375 HTTP/1.1" 200 31 "-" "WordPress/6.9; https://dev-kofejob-wp.dreamstechnologies.com"
89.124.67.159 - - [23/Feb/2026:22:19:30 +0000] "POST /xmlrpc.php HTTP/1.1" 200 415 "-" "Python-xmlrpc/3.11"
89.124.67.159 - - [23/Feb/2026:22:19:32 +0000] "POST /xmlrpc.php HTTP/1.1" 200 415 "-" "Python-xmlrpc/3.11"
89.124.67.159 - - [23/Feb/2026:22:19:36 +0000] "POST /xmlrpc.php HTTP/1.1" 200 415 "-" "Python-xmlrpc/3.11"
89.124.67.159 - - [23/Feb/2026:22:19:37 +0000] "POST /xmlrpc.php HTTP/1.1" 200 415 "-" "Python-xmlrpc/3.11"
172.187.168.139 - - [23/Feb/2026:22:26:53 +0000] "POST /wp-cron.php?doing_wp_cron=1771885612.9926419258117675781250 HTTP/1.1" 200 31 "-" "WordPress/6.9; https://dev-kofejob-wp.dreamstechnologies.com"
45.147.161.231 - - [23/Feb/2026:22:26:53 +0000] "POST /xmlrpc.php HTTP/1.1" 200 415 "-" "Mozilla/5.0 (Windows NT 6.1) AppleWebKit/537.36 (KHTML, like Gecko) Chrome/80.0.3987.132 Safari/537.36"
45.147.161.231 - - [23/Feb/2026:22:26:55 +0000] "POST /xmlrpc.php HTTP/1.1" 200 415 "-" "Mozilla/5.0 (Windows NT 6.1) AppleWebKit/537.36 (KHTML, like Gecko) Chrome/80.0.3987.132 Safari/537.36"
45.147.161.231 - - [23/Feb/2026:22:26:57 +0000] "POST /xmlrpc.php HTTP/1.1" 200 415 "-" "Mozilla/5.0 (Windows NT 6.1) AppleWebKit/537.36 (KHTML, like Gecko) Chrome/80.0.3987.132 Safari/537.36"
45.147.161.231 - - [23/Feb/2026:22:26:59 +0000] "POST /xmlrpc.php HTTP/1.1" 200 415 "-" "Mozilla/5.0 (Windows NT 6.1) AppleWebKit/537.36 (KHTML, like Gecko) Chrome/80.0.3987.132 Safari/537.36"
172.187.168.139 - - [23/Feb/2026:22:27:57 +0000] "POST /wp-cron.php?doing_wp_cron=1771885677.0584940910339355468750 HTTP/1.1" 200 31 "-" "WordPress/6.9; https://dev-kofejob-wp.dreamstechnologies.com"
13.38.136.37 - - [23/Feb/2026:22:27:57 +0000] "POST /xmlrpc.php HTTP/1.1" 200 415 "-" "Mozilla/5.0 (Macintosh; Intel Mac OS X 10_15_1) AppleWebKit/537.36 (KHTML, like Gecko) Chrome/80.0.3987.132 Safari/537.36"
13.38.136.37 - - [23/Feb/2026:22:28:05 +0000] "POST /xmlrpc.php HTTP/1.1" 200 415 "-" "Mozilla/5.0 (Macintosh; Intel Mac OS X 10_15_1) AppleWebKit/537.36 (KHTML, like Gecko) Chrome/80.0.3987.132 Safari/537.36"
13.38.136.37 - - [23/Feb/2026:22:28:12 +0000] "POST /xmlrpc.php HTTP/1.1" 200 415 "-" "Mozilla/5.0 (Macintosh; Intel Mac OS X 10_15_1) AppleWebKit/537.36 (KHTML, like Gecko) Chrome/80.0.3987.132 Safari/537.36"
13.38.136.37 - - [23/Feb/2026:22:28:16 +0000] "POST /xmlrpc.php HTTP/1.1" 200 415 "-" "Mozilla/5.0 (Macintosh; Intel Mac OS X 10_15_1) AppleWebKit/537.36 (KHTML, like Gecko) Chrome/80.0.3987.132 Safari/537.36"
172.187.168.139 - - [23/Feb/2026:22:34:48 +0000] "POST /wp-cron.php?doing_wp_cron=1771886088.0158810615539550781250 HTTP/1.1" 200 31 "-" "WordPress/6.9; https://dev-kofejob-wp.dreamstechnologies.com"
13.38.136.37 - - [23/Feb/2026:22:34:48 +0000] "POST /xmlrpc.php HTTP/1.1" 200 415 "-" "Mozilla/5.0 (Windows NT 10.0; WOW64) AppleWebKit/537.36 (KHTML, like Gecko) Chrome/114.0.0.0 YaBrowser/22.7.0 Yowser/2.5 Safari/537.36"
13.38.136.37 - - [23/Feb/2026:22:34:55 +0000] "POST /xmlrpc.php HTTP/1.1" 200 415 "-" "Mozilla/5.0 (Windows NT 10.0; WOW64) AppleWebKit/537.36 (KHTML, like Gecko) Chrome/114.0.0.0 YaBrowser/22.7.0 Yowser/2.5 Safari/537.36"
13.38.136.37 - - [23/Feb/2026:22:35:01 +0000] "POST /xmlrpc.php HTTP/1.1" 200 415 "-" "Mozilla/5.0 (Windows NT 10.0; WOW64) AppleWebKit/537.36 (KHTML, like Gecko) Chrome/114.0.0.0 YaBrowser/22.7.0 Yowser/2.5 Safari/537.36"
13.38.136.37 - - [23/Feb/2026:22:35:06 +0000] "POST /xmlrpc.php HTTP/1.1" 200 415 "-" "Mozilla/5.0 (Windows NT 10.0; WOW64) AppleWebKit/537.36 (KHTML, like Gecko) Chrome/114.0.0.0 YaBrowser/22.7.0 Yowser/2.5 Safari/537.36"
172.187.168.139 - - [23/Feb/2026:22:40:47 +0000] "POST /wp-cron.php?doing_wp_cron=1771886447.9116249084472656250000 HTTP/1.1" 200 31 "-" "WordPress/6.9; https://dev-kofejob-wp.dreamstechnologies.com"
62.12.118.37 - - [23/Feb/2026:22:40:47 +0000] "POST /xmlrpc.php HTTP/1.1" 200 415 "-" "Mozilla/5.0 (Windows NT 10.0; Win64; x64) AppleWebKit/537.36 (KHTML, like Gecko) Chrome/114.0.0.0 Safari/537.36"
62.12.118.37 - - [23/Feb/2026:22:40:49 +0000] "POST /xmlrpc.php HTTP/1.1" 200 415 "-" "Mozilla/5.0 (Windows NT 10.0; Win64; x64) AppleWebKit/537.36 (KHTML, like Gecko) Chrome/114.0.0.0 Safari/537.36"
172.187.168.139 - - [23/Feb/2026:22:46:55 +0000] "POST /wp-cron.php?doing_wp_cron=1771886815.1156110763549804687500 HTTP/1.1" 200 31 "-" "WordPress/6.9; https://dev-kofejob-wp.dreamstechnologies.com"
96.0.24.232 - - [23/Feb/2026:22:46:55 +0000] "POST /xmlrpc.php HTTP/1.1" 200 415 "-" "Mozilla/5.0 (Windows NT 10.0; WOW64) AppleWebKit/537.36 (KHTML, like Gecko) Chrome/114.0.0.0 Safari/537.36 Vivaldi/5.3.2679.68"
96.0.24.232 - - [23/Feb/2026:22:46:56 +0000] "POST /xmlrpc.php HTTP/1.1" 200 415 "-" "Mozilla/5.0 (Windows NT 10.0; WOW64) AppleWebKit/537.36 (KHTML, like Gecko) Chrome/114.0.0.0 Safari/537.36 Vivaldi/5.3.2679.68"
96.0.24.232 - - [23/Feb/2026:22:46:58 +0000] "POST /xmlrpc.php HTTP/1.1" 200 415 "-" "Mozilla/5.0 (Windows NT 10.0; WOW64) AppleWebKit/537.36 (KHTML, like Gecko) Chrome/114.0.0.0 Safari/537.36 Vivaldi/5.3.2679.68"
96.0.24.232 - - [23/Feb/2026:22:46:59 +0000] "POST /xmlrpc.php HTTP/1.1" 200 415 "-" "Mozilla/5.0 (Windows NT 10.0; WOW64) AppleWebKit/537.36 (KHTML, like Gecko) Chrome/114.0.0.0 Safari/537.36 Vivaldi/5.3.2679.68"
172.187.168.139 - - [23/Feb/2026:22:48:35 +0000] "POST /wp-cron.php?doing_wp_cron=1771886915.8037879467010498046875 HTTP/1.1" 200 31 "-" "WordPress/6.9; https://dev-kofejob-wp.dreamstechnologies.com"
89.124.67.159 - - [23/Feb/2026:22:48:35 +0000] "POST /xmlrpc.php HTTP/1.1" 200 415 "-" "Python-xmlrpc/3.11"
89.124.67.159 - - [23/Feb/2026:22:48:37 +0000] "POST /xmlrpc.php HTTP/1.1" 200 415 "-" "Python-xmlrpc/3.11"
89.124.67.159 - - [23/Feb/2026:22:48:41 +0000] "POST /xmlrpc.php HTTP/1.1" 200 415 "-" "Python-xmlrpc/3.11"
89.124.67.159 - - [23/Feb/2026:22:48:42 +0000] "POST /xmlrpc.php HTTP/1.1" 200 415 "-" "Python-xmlrpc/3.11"
172.187.168.139 - - [23/Feb/2026:23:00:12 +0000] "POST /wp-cron.php?doing_wp_cron=1771887612.9143810272216796875000 HTTP/1.1" 200 31 "-" "WordPress/6.9; https://dev-kofejob-wp.dreamstechnologies.com"
98.98.197.215 - - [23/Feb/2026:23:00:12 +0000] "POST /xmlrpc.php HTTP/1.1" 200 415 "-" "Mozilla/5.0 (Windows NT 10.0; Win64; x64) AppleWebKit/537.36 (KHTML, like Gecko) Chrome/114.0.0.0 Safari/537.36"
98.98.197.215 - - [23/Feb/2026:23:00:14 +0000] "POST /xmlrpc.php HTTP/1.1" 200 415 "-" "Mozilla/5.0 (Windows NT 10.0; Win64; x64) AppleWebKit/537.36 (KHTML, like Gecko) Chrome/114.0.0.0 Safari/537.36"
172.187.168.139 - - [23/Feb/2026:23:00:32 +0000] "POST /wp-cron.php?doing_wp_cron=1771887632.1067240238189697265625 HTTP/1.1" 200 31 "-" "WordPress/6.9; https://dev-kofejob-wp.dreamstechnologies.com"
185.216.35.138 - - [23/Feb/2026:23:00:32 +0000] "POST /xmlrpc.php HTTP/1.1" 200 415 "-" "Mozilla/5.0 (Macintosh; Intel Mac OS X 12_5) AppleWebKit/537.36 (KHTML, like Gecko) Chrome/114.0.0.0 YaBrowser/22.7.0 Yowser/2.5 Safari/537.36"
172.187.168.139 - - [23/Feb/2026:23:01:50 +0000] "POST /wp-cron.php?doing_wp_cron=1771887710.2211210727691650390625 HTTP/1.1" 200 31 "-" "WordPress/6.9; https://dev-kofejob-wp.dreamstechnologies.com"
146.70.203.28 - - [23/Feb/2026:23:01:50 +0000] "POST /xmlrpc.php HTTP/1.1" 200 415 "-" "Mozilla/5.0 (Windows NT 10.0; Win64; x64) AppleWebKit/537.36 (KHTML, like Gecko) Chrome/80.0.3987.149 Safari/537.36"
172.187.168.139 - - [23/Feb/2026:23:13:07 +0000] "POST /wp-cron.php?doing_wp_cron=1771888387.4769999980926513671875 HTTP/1.1" 200 31 "-" "WordPress/6.9; https://dev-kofejob-wp.dreamstechnologies.com"
51.92.52.146 - - [23/Feb/2026:23:13:07 +0000] "POST /xmlrpc.php HTTP/1.1" 200 415 "-" "Mozilla/5.0 (Windows NT 10.0; Win64; x64) AppleWebKit/537.36 (KHTML, like Gecko) Chrome/114.0.0.0 Safari/537.36"
51.92.52.146 - - [23/Feb/2026:23:13:18 +0000] "POST /xmlrpc.php HTTP/1.1" 200 415 "-" "Mozilla/5.0 (Windows NT 10.0; Win64; x64) AppleWebKit/537.36 (KHTML, like Gecko) Chrome/114.0.0.0 Safari/537.36"
