14.1.106.170 - - [23/Feb/2026:09:46:47 +0000] "GET /wp-content/uploads/2025/01/list-icon-06-1.svg HTTP/1.1" 304 0 "https://doccure-wp.dreamsmarketplace.com/?client_id=1503668372.1769925006&session_id=1771839460" "Mozilla/5.0 (Windows NT 10.0; Win64; x64) AppleWebKit/537.36 (KHTML, like Gecko) Chrome/144.0.0.0 Safari/537.36"
14.1.106.170 - - [23/Feb/2026:09:46:48 +0000] "GET /wp-content/uploads/2025/01/list-icon-07-1.svg HTTP/1.1" 304 0 "https://doccure-wp.dreamsmarketplace.com/?client_id=1503668372.1769925006&session_id=1771839460" "Mozilla/5.0 (Windows NT 10.0; Win64; x64) AppleWebKit/537.36 (KHTML, like Gecko) Chrome/144.0.0.0 Safari/537.36"
14.1.106.170 - - [23/Feb/2026:09:46:48 +0000] "GET /wp-content/themes/doccure/assets/js/theme-woocommerce.js?ver=1.0.0 HTTP/1.1" 304 0 "https://doccure-wp.dreamsmarketplace.com/?client_id=1503668372.1769925006&session_id=1771839460" "Mozilla/5.0 (Windows NT 10.0; Win64; x64) AppleWebKit/537.36 (KHTML, like Gecko) Chrome/144.0.0.0 Safari/537.36"
14.1.106.170 - - [23/Feb/2026:09:46:48 +0000] "GET /wp-content/plugins/woocommerce/assets/js/sourcebuster/sourcebuster.min.js?ver=10.5.1 HTTP/1.1" 304 0 "https://doccure-wp.dreamsmarketplace.com/?client_id=1503668372.1769925006&session_id=1771839460" "Mozilla/5.0 (Windows NT 10.0; Win64; x64) AppleWebKit/537.36 (KHTML, like Gecko) Chrome/144.0.0.0 Safari/537.36"
14.1.106.170 - - [23/Feb/2026:09:46:50 +0000] "GET /wp-content/plugins/woocommerce/assets/js/frontend/order-attribution.min.js?ver=10.5.1 HTTP/1.1" 304 0 "https://doccure-wp.dreamsmarketplace.com/?client_id=1503668372.1769925006&session_id=1771839460" "Mozilla/5.0 (Windows NT 10.0; Win64; x64) AppleWebKit/537.36 (KHTML, like Gecko) Chrome/144.0.0.0 Safari/537.36"
14.1.106.170 - - [23/Feb/2026:09:46:50 +0000] "GET /wp-content/plugins/elementor/assets/js/webpack.runtime.min.js?ver=3.35.4 HTTP/1.1" 304 0 "https://doccure-wp.dreamsmarketplace.com/?client_id=1503668372.1769925006&session_id=1771839460" "Mozilla/5.0 (Windows NT 10.0; Win64; x64) AppleWebKit/537.36 (KHTML, like Gecko) Chrome/144.0.0.0 Safari/537.36"
14.1.106.170 - - [23/Feb/2026:09:46:51 +0000] "GET /wp-content/plugins/elementor/assets/js/frontend-modules.min.js?ver=3.35.4 HTTP/1.1" 304 0 "https://doccure-wp.dreamsmarketplace.com/?client_id=1503668372.1769925006&session_id=1771839460" "Mozilla/5.0 (Windows NT 10.0; Win64; x64) AppleWebKit/537.36 (KHTML, like Gecko) Chrome/144.0.0.0 Safari/537.36"
172.187.168.139 - - [23/Feb/2026:09:46:53 +0000] "POST /wp-cron.php?doing_wp_cron=1771840013.8623468875885009765625 HTTP/1.1" 200 31 "-" "WordPress/6.9.1; https://doccure-wp.dreamsmarketplace.com"
2a03:2880:f800:18:: - - [23/Feb/2026:09:46:53 +0000] "GET /?p=4814 HTTP/1.1" 301 11 "-" "meta-externalagent/1.1 (+https://developers.facebook.com/docs/sharing/webmasters/crawler)"
14.1.106.170 - - [23/Feb/2026:09:46:57 +0000] "GET /wp-includes/js/jquery/ui/core.min.js?ver=1.13.3 HTTP/1.1" 304 0 "https://doccure-wp.dreamsmarketplace.com/?client_id=1503668372.1769925006&session_id=1771839460" "Mozilla/5.0 (Windows NT 10.0; Win64; x64) AppleWebKit/537.36 (KHTML, like Gecko) Chrome/144.0.0.0 Safari/537.36"
14.1.106.170 - - [23/Feb/2026:09:47:00 +0000] "GET /wp-content/plugins/elementor/assets/js/frontend.min.js?ver=3.35.4 HTTP/1.1" 304 0 "https://doccure-wp.dreamsmarketplace.com/?client_id=1503668372.1769925006&session_id=1771839460" "Mozilla/5.0 (Windows NT 10.0; Win64; x64) AppleWebKit/537.36 (KHTML, like Gecko) Chrome/144.0.0.0 Safari/537.36"
14.1.106.170 - - [23/Feb/2026:09:47:01 +0000] "GET /wp-content/themes/doccure/assets/dashboardjs/circle-progress.min.js?ver=1.5.3 HTTP/1.1" 304 0 "https://doccure-wp.dreamsmarketplace.com/?client_id=1503668372.1769925006&session_id=1771839460" "Mozilla/5.0 (Windows NT 10.0; Win64; x64) AppleWebKit/537.36 (KHTML, like Gecko) Chrome/144.0.0.0 Safari/537.36"
14.1.106.170 - - [23/Feb/2026:09:47:02 +0000] "GET /wp-content/themes/doccure/assets/dashboardjs/doccure_callback.js?ver=1.5.3 HTTP/1.1" 304 0 "https://doccure-wp.dreamsmarketplace.com/?client_id=1503668372.1769925006&session_id=1771839460" "Mozilla/5.0 (Windows NT 10.0; Win64; x64) AppleWebKit/537.36 (KHTML, like Gecko) Chrome/144.0.0.0 Safari/537.36"
14.1.106.170 - - [23/Feb/2026:09:47:02 +0000] "GET /wp-includes/js/underscore.min.js?ver=1.13.7 HTTP/1.1" 304 0 "https://doccure-wp.dreamsmarketplace.com/?client_id=1503668372.1769925006&session_id=1771839460" "Mozilla/5.0 (Windows NT 10.0; Win64; x64) AppleWebKit/537.36 (KHTML, like Gecko) Chrome/144.0.0.0 Safari/537.36"
14.1.106.170 - - [23/Feb/2026:09:47:02 +0000] "GET /wp-includes/js/wp-util.min.js?ver=6.9.1 HTTP/1.1" 304 0 "https://doccure-wp.dreamsmarketplace.com/?client_id=1503668372.1769925006&session_id=1771839460" "Mozilla/5.0 (Windows NT 10.0; Win64; x64) AppleWebKit/537.36 (KHTML, like Gecko) Chrome/144.0.0.0 Safari/537.36"
14.1.106.170 - - [23/Feb/2026:09:47:06 +0000] "GET /wp-content/themes/doccure/assets/js/moment.min.js?ver=1.5.3 HTTP/1.1" 304 0 "https://doccure-wp.dreamsmarketplace.com/?client_id=1503668372.1769925006&session_id=1771839460" "Mozilla/5.0 (Windows NT 10.0; Win64; x64) AppleWebKit/537.36 (KHTML, like Gecko) Chrome/144.0.0.0 Safari/537.36"
14.1.106.170 - - [23/Feb/2026:09:47:06 +0000] "GET /wp-content/themes/doccure/assets/js/bootstrap-datetimepicker.min.js?ver=1.5.3 HTTP/1.1" 304 0 "https://doccure-wp.dreamsmarketplace.com/?client_id=1503668372.1769925006&session_id=1771839460" "Mozilla/5.0 (Windows NT 10.0; Win64; x64) AppleWebKit/537.36 (KHTML, like Gecko) Chrome/144.0.0.0 Safari/537.36"
14.1.106.170 - - [23/Feb/2026:09:47:08 +0000] "GET /wp-content/themes/doccure/assets/dashboardjs/script-newtheme.js?ver=1.5.3 HTTP/1.1" 304 0 "https://doccure-wp.dreamsmarketplace.com/?client_id=1503668372.1769925006&session_id=1771839460" "Mozilla/5.0 (Windows NT 10.0; Win64; x64) AppleWebKit/537.36 (KHTML, like Gecko) Chrome/144.0.0.0 Safari/537.36"
14.1.106.170 - - [23/Feb/2026:09:47:09 +0000] "GET /wp-content/plugins/woocommerce/assets/js/select2/select2.full.min.js?ver=4.0.3-wc.10.5.1 HTTP/1.1" 304 0 "https://doccure-wp.dreamsmarketplace.com/?client_id=1503668372.1769925006&session_id=1771839460" "Mozilla/5.0 (Windows NT 10.0; Win64; x64) AppleWebKit/537.36 (KHTML, like Gecko) Chrome/144.0.0.0 Safari/537.36"
14.1.106.170 - - [23/Feb/2026:09:47:10 +0000] "GET /wp-content/uploads/2025/01/speciality-01-1.jpg HTTP/1.1" 304 0 "https://doccure-wp.dreamsmarketplace.com/?client_id=1503668372.1769925006&session_id=1771839460" "Mozilla/5.0 (Windows NT 10.0; Win64; x64) AppleWebKit/537.36 (KHTML, like Gecko) Chrome/144.0.0.0 Safari/537.36"
14.1.106.170 - - [23/Feb/2026:09:47:12 +0000] "GET /wp-content/uploads/2025/01/speciality-icon-01-1.svg HTTP/1.1" 304 0 "https://doccure-wp.dreamsmarketplace.com/?client_id=1503668372.1769925006&session_id=1771839460" "Mozilla/5.0 (Windows NT 10.0; Win64; x64) AppleWebKit/537.36 (KHTML, like Gecko) Chrome/144.0.0.0 Safari/537.36"
14.1.106.170 - - [23/Feb/2026:09:47:14 +0000] "GET /wp-content/uploads/2025/01/speciality-02-1.jpg HTTP/1.1" 304 0 "https://doccure-wp.dreamsmarketplace.com/?client_id=1503668372.1769925006&session_id=1771839460" "Mozilla/5.0 (Windows NT 10.0; Win64; x64) AppleWebKit/537.36 (KHTML, like Gecko) Chrome/144.0.0.0 Safari/537.36"
14.1.106.170 - - [23/Feb/2026:09:47:29 +0000] "GET /wp-content/uploads/2025/01/speciality-03-1.jpg HTTP/1.1" 304 0 "https://doccure-wp.dreamsmarketplace.com/?client_id=1503668372.1769925006&session_id=1771839460" "Mozilla/5.0 (Windows NT 10.0; Win64; x64) AppleWebKit/537.36 (KHTML, like Gecko) Chrome/144.0.0.0 Safari/537.36"
14.1.106.170 - - [23/Feb/2026:09:47:29 +0000] "GET /wp-content/uploads/2025/01/speciality-icon-02-1.svg HTTP/1.1" 304 0 "https://doccure-wp.dreamsmarketplace.com/?client_id=1503668372.1769925006&session_id=1771839460" "Mozilla/5.0 (Windows NT 10.0; Win64; x64) AppleWebKit/537.36 (KHTML, like Gecko) Chrome/144.0.0.0 Safari/537.36"
14.1.106.170 - - [23/Feb/2026:09:47:33 +0000] "GET /wp-content/uploads/2025/01/speciality-icon-03-1.svg HTTP/1.1" 304 0 "https://doccure-wp.dreamsmarketplace.com/?client_id=1503668372.1769925006&session_id=1771839460" "Mozilla/5.0 (Windows NT 10.0; Win64; x64) AppleWebKit/537.36 (KHTML, like Gecko) Chrome/144.0.0.0 Safari/537.36"
14.1.106.170 - - [23/Feb/2026:09:47:46 +0000] "GET /wp-content/uploads/2025/01/speciality-icon-04-1.svg HTTP/1.1" 304 0 "https://doccure-wp.dreamsmarketplace.com/?client_id=1503668372.1769925006&session_id=1771839460" "Mozilla/5.0 (Windows NT 10.0; Win64; x64) AppleWebKit/537.36 (KHTML, like Gecko) Chrome/144.0.0.0 Safari/537.36"
14.1.106.170 - - [23/Feb/2026:09:47:46 +0000] "GET /wp-content/uploads/2025/01/speciality-08-1.jpg HTTP/1.1" 304 0 "https://doccure-wp.dreamsmarketplace.com/?client_id=1503668372.1769925006&session_id=1771839460" "Mozilla/5.0 (Windows NT 10.0; Win64; x64) AppleWebKit/537.36 (KHTML, like Gecko) Chrome/144.0.0.0 Safari/537.36"
14.1.106.170 - - [23/Feb/2026:09:47:46 +0000] "GET /wp-content/uploads/2025/01/speciality-04-1.jpg HTTP/1.1" 304 0 "https://doccure-wp.dreamsmarketplace.com/?client_id=1503668372.1769925006&session_id=1771839460" "Mozilla/5.0 (Windows NT 10.0; Win64; x64) AppleWebKit/537.36 (KHTML, like Gecko) Chrome/144.0.0.0 Safari/537.36"
14.1.106.170 - - [23/Feb/2026:09:47:48 +0000] "GET /wp-content/uploads/2025/01/speciality-icon-08-1.svg HTTP/1.1" 304 0 "https://doccure-wp.dreamsmarketplace.com/?client_id=1503668372.1769925006&session_id=1771839460" "Mozilla/5.0 (Windows NT 10.0; Win64; x64) AppleWebKit/537.36 (KHTML, like Gecko) Chrome/144.0.0.0 Safari/537.36"
14.1.106.170 - - [23/Feb/2026:09:47:55 +0000] "GET /wp-content/uploads/2025/01/speciality-05-1.jpg HTTP/1.1" 304 0 "https://doccure-wp.dreamsmarketplace.com/?client_id=1503668372.1769925006&session_id=1771839460" "Mozilla/5.0 (Windows NT 10.0; Win64; x64) AppleWebKit/537.36 (KHTML, like Gecko) Chrome/144.0.0.0 Safari/537.36"
14.1.106.170 - - [23/Feb/2026:09:48:12 +0000] "GET /wp-content/uploads/2025/01/speciality-icon-05-1.svg HTTP/1.1" 304 0 "https://doccure-wp.dreamsmarketplace.com/?client_id=1503668372.1769925006&session_id=1771839460" "Mozilla/5.0 (Windows NT 10.0; Win64; x64) AppleWebKit/537.36 (KHTML, like Gecko) Chrome/144.0.0.0 Safari/537.36"
14.1.106.170 - - [23/Feb/2026:09:48:12 +0000] "GET /wp-content/uploads/2025/01/speciality-06-1.jpg HTTP/1.1" 304 0 "https://doccure-wp.dreamsmarketplace.com/?client_id=1503668372.1769925006&session_id=1771839460" "Mozilla/5.0 (Windows NT 10.0; Win64; x64) AppleWebKit/537.36 (KHTML, like Gecko) Chrome/144.0.0.0 Safari/537.36"
14.1.106.170 - - [23/Feb/2026:09:48:16 +0000] "GET /wp-content/uploads/2025/01/speciality-icon-06-1.svg HTTP/1.1" 304 0 "https://doccure-wp.dreamsmarketplace.com/?client_id=1503668372.1769925006&session_id=1771839460" "Mozilla/5.0 (Windows NT 10.0; Win64; x64) AppleWebKit/537.36 (KHTML, like Gecko) Chrome/144.0.0.0 Safari/537.36"
14.1.106.170 - - [23/Feb/2026:09:48:29 +0000] "GET /wp-content/uploads/2025/01/speciality-icon-07-1.svg HTTP/1.1" 304 0 "https://doccure-wp.dreamsmarketplace.com/?client_id=1503668372.1769925006&session_id=1771839460" "Mozilla/5.0 (Windows NT 10.0; Win64; x64) AppleWebKit/537.36 (KHTML, like Gecko) Chrome/144.0.0.0 Safari/537.36"
14.1.106.170 - - [23/Feb/2026:09:48:29 +0000] "GET /wp-content/themes/doccure/assets/images/dravatar-100x100.jpg HTTP/1.1" 304 0 "https://doccure-wp.dreamsmarketplace.com/?client_id=1503668372.1769925006&session_id=1771839460" "Mozilla/5.0 (Windows NT 10.0; Win64; x64) AppleWebKit/537.36 (KHTML, like Gecko) Chrome/144.0.0.0 Safari/537.36"
14.1.106.170 - - [23/Feb/2026:09:48:29 +0000] "GET /wp-content/uploads/2025/01/speciality-07-1.jpg HTTP/1.1" 304 0 "https://doccure-wp.dreamsmarketplace.com/?client_id=1503668372.1769925006&session_id=1771839460" "Mozilla/5.0 (Windows NT 10.0; Win64; x64) AppleWebKit/537.36 (KHTML, like Gecko) Chrome/144.0.0.0 Safari/537.36"
14.1.106.170 - - [23/Feb/2026:09:48:30 +0000] "GET /wp-content/uploads/2026/02/doctor-thumb-09.jpg HTTP/1.1" 304 0 "https://doccure-wp.dreamsmarketplace.com/?client_id=1503668372.1769925006&session_id=1771839460" "Mozilla/5.0 (Windows NT 10.0; Win64; x64) AppleWebKit/537.36 (KHTML, like Gecko) Chrome/144.0.0.0 Safari/537.36"
14.1.106.170 - - [23/Feb/2026:09:48:31 +0000] "GET /wp-content/uploads/2026/02/book-doctor-12-300x285.jpg HTTP/1.1" 304 0 "https://doccure-wp.dreamsmarketplace.com/?client_id=1503668372.1769925006&session_id=1771839460" "Mozilla/5.0 (Windows NT 10.0; Win64; x64) AppleWebKit/537.36 (KHTML, like Gecko) Chrome/144.0.0.0 Safari/537.36"
14.1.106.170 - - [23/Feb/2026:09:48:56 +0000] "GET /wp-content/uploads/2025/01/book-01-1.jpg HTTP/1.1" 304 0 "https://doccure-wp.dreamsmarketplace.com/?client_id=1503668372.1769925006&session_id=1771839460" "Mozilla/5.0 (Windows NT 10.0; Win64; x64) AppleWebKit/537.36 (KHTML, like Gecko) Chrome/144.0.0.0 Safari/537.36"
14.1.106.170 - - [23/Feb/2026:09:48:56 +0000] "GET /wp-content/uploads/2025/01/book-02-1.jpg HTTP/1.1" 304 0 "https://doccure-wp.dreamsmarketplace.com/?client_id=1503668372.1769925006&session_id=1771839460" "Mozilla/5.0 (Windows NT 10.0; Win64; x64) AppleWebKit/537.36 (KHTML, like Gecko) Chrome/144.0.0.0 Safari/537.36"
14.1.106.170 - - [23/Feb/2026:09:48:56 +0000] "GET /wp-content/uploads/2021/12/doctor-05-1-300x300.jpg HTTP/1.1" 304 0 "https://doccure-wp.dreamsmarketplace.com/?client_id=1503668372.1769925006&session_id=1771839460" "Mozilla/5.0 (Windows NT 10.0; Win64; x64) AppleWebKit/537.36 (KHTML, like Gecko) Chrome/144.0.0.0 Safari/537.36"
14.1.106.170 - - [23/Feb/2026:09:49:25 +0000] "GET /wp-content/uploads/2025/01/book-03-1.jpg HTTP/1.1" 304 0 "https://doccure-wp.dreamsmarketplace.com/?client_id=1503668372.1769925006&session_id=1771839460" "Mozilla/5.0 (Windows NT 10.0; Win64; x64) AppleWebKit/537.36 (KHTML, like Gecko) Chrome/144.0.0.0 Safari/537.36"
14.1.106.170 - - [23/Feb/2026:09:50:49 +0000] "GET /wp-content/themes/doccure/assets/images/way-icon.svg HTTP/1.1" 304 0 "https://doccure-wp.dreamsmarketplace.com/?client_id=1503668372.1769925006&session_id=1771839460" "Mozilla/5.0 (Windows NT 10.0; Win64; x64) AppleWebKit/537.36 (KHTML, like Gecko) Chrome/144.0.0.0 Safari/537.36"
14.1.106.170 - - [23/Feb/2026:09:51:27 +0000] "GET /wp-content/themes/doccure/assets/images/quote-icon.svg HTTP/1.1" 304 0 "https://doccure-wp.dreamsmarketplace.com/?client_id=1503668372.1769925006&session_id=1771839460" "Mozilla/5.0 (Windows NT 10.0; Win64; x64) AppleWebKit/537.36 (KHTML, like Gecko) Chrome/144.0.0.0 Safari/537.36"
14.1.106.170 - - [23/Feb/2026:09:52:18 +0000] "GET /wp-content/uploads/2021/09/patient1.jpg HTTP/1.1" 304 0 "https://doccure-wp.dreamsmarketplace.com/?client_id=1503668372.1769925006&session_id=1771839460" "Mozilla/5.0 (Windows NT 10.0; Win64; x64) AppleWebKit/537.36 (KHTML, like Gecko) Chrome/144.0.0.0 Safari/537.36"
14.1.106.170 - - [23/Feb/2026:09:52:18 +0000] "GET /wp-content/uploads/2021/12/patient2.jpg HTTP/1.1" 304 0 "https://doccure-wp.dreamsmarketplace.com/?client_id=1503668372.1769925006&session_id=1771839460" "Mozilla/5.0 (Windows NT 10.0; Win64; x64) AppleWebKit/537.36 (KHTML, like Gecko) Chrome/144.0.0.0 Safari/537.36"
14.1.106.170 - - [23/Feb/2026:09:52:18 +0000] "GET /wp-content/uploads/2021/08/patient3.jpg HTTP/1.1" 304 0 "https://doccure-wp.dreamsmarketplace.com/?client_id=1503668372.1769925006&session_id=1771839460" "Mozilla/5.0 (Windows NT 10.0; Win64; x64) AppleWebKit/537.36 (KHTML, like Gecko) Chrome/144.0.0.0 Safari/537.36"
14.1.106.170 - - [23/Feb/2026:09:52:24 +0000] "GET /wp-content/uploads/2025/01/company-01-1.svg HTTP/1.1" 304 0 "https://doccure-wp.dreamsmarketplace.com/?client_id=1503668372.1769925006&session_id=1771839460" "Mozilla/5.0 (Windows NT 10.0; Win64; x64) AppleWebKit/537.36 (KHTML, like Gecko) Chrome/144.0.0.0 Safari/537.36"
14.1.106.170 - - [23/Feb/2026:09:52:25 +0000] "GET /wp-content/uploads/2025/01/company-02-1.svg HTTP/1.1" 304 0 "https://doccure-wp.dreamsmarketplace.com/?client_id=1503668372.1769925006&session_id=1771839460" "Mozilla/5.0 (Windows NT 10.0; Win64; x64) AppleWebKit/537.36 (KHTML, like Gecko) Chrome/144.0.0.0 Safari/537.36"
14.1.106.170 - - [23/Feb/2026:09:52:25 +0000] "GET /wp-content/uploads/2025/01/company-03-1.svg HTTP/1.1" 304 0 "https://doccure-wp.dreamsmarketplace.com/?client_id=1503668372.1769925006&session_id=1771839460" "Mozilla/5.0 (Windows NT 10.0; Win64; x64) AppleWebKit/537.36 (KHTML, like Gecko) Chrome/144.0.0.0 Safari/537.36"
14.1.106.170 - - [23/Feb/2026:09:52:26 +0000] "GET /wp-content/uploads/2025/01/company-04-1.svg HTTP/1.1" 304 0 "https://doccure-wp.dreamsmarketplace.com/?client_id=1503668372.1769925006&session_id=1771839460" "Mozilla/5.0 (Windows NT 10.0; Win64; x64) AppleWebKit/537.36 (KHTML, like Gecko) Chrome/144.0.0.0 Safari/537.36"
14.1.106.170 - - [23/Feb/2026:09:52:30 +0000] "GET /wp-content/uploads/2025/01/company-05-1.svg HTTP/1.1" 304 0 "https://doccure-wp.dreamsmarketplace.com/?client_id=1503668372.1769925006&session_id=1771839460" "Mozilla/5.0 (Windows NT 10.0; Win64; x64) AppleWebKit/537.36 (KHTML, like Gecko) Chrome/144.0.0.0 Safari/537.36"
14.1.106.170 - - [23/Feb/2026:09:52:30 +0000] "GET /wp-content/uploads/2025/01/company-06-1.svg HTTP/1.1" 304 0 "https://doccure-wp.dreamsmarketplace.com/?client_id=1503668372.1769925006&session_id=1771839460" "Mozilla/5.0 (Windows NT 10.0; Win64; x64) AppleWebKit/537.36 (KHTML, like Gecko) Chrome/144.0.0.0 Safari/537.36"
14.1.106.170 - - [23/Feb/2026:09:52:32 +0000] "GET /wp-content/uploads/2025/01/company-07-1.svg HTTP/1.1" 304 0 "https://doccure-wp.dreamsmarketplace.com/?client_id=1503668372.1769925006&session_id=1771839460" "Mozilla/5.0 (Windows NT 10.0; Win64; x64) AppleWebKit/537.36 (KHTML, like Gecko) Chrome/144.0.0.0 Safari/537.36"
14.1.106.170 - - [23/Feb/2026:09:52:33 +0000] "GET /wp-content/uploads/2025/01/company-08-1.svg HTTP/1.1" 304 0 "https://doccure-wp.dreamsmarketplace.com/?client_id=1503668372.1769925006&session_id=1771839460" "Mozilla/5.0 (Windows NT 10.0; Win64; x64) AppleWebKit/537.36 (KHTML, like Gecko) Chrome/144.0.0.0 Safari/537.36"
14.1.106.170 - - [23/Feb/2026:09:52:33 +0000] "GET /wp-content/uploads/2025/01/app-store-01-1.svg HTTP/1.1" 304 0 "https://doccure-wp.dreamsmarketplace.com/?client_id=1503668372.1769925006&session_id=1771839460" "Mozilla/5.0 (Windows NT 10.0; Win64; x64) AppleWebKit/537.36 (KHTML, like Gecko) Chrome/144.0.0.0 Safari/537.36"
14.1.106.170 - - [23/Feb/2026:09:52:34 +0000] "GET /wp-content/uploads/2025/01/google-play-01-1.svg HTTP/1.1" 304 0 "https://doccure-wp.dreamsmarketplace.com/?client_id=1503668372.1769925006&session_id=1771839460" "Mozilla/5.0 (Windows NT 10.0; Win64; x64) AppleWebKit/537.36 (KHTML, like Gecko) Chrome/144.0.0.0 Safari/537.36"
14.1.106.170 - - [23/Feb/2026:09:52:34 +0000] "GET /wp-content/uploads/2025/01/mobile-img-1.png HTTP/1.1" 304 0 "https://doccure-wp.dreamsmarketplace.com/?client_id=1503668372.1769925006&session_id=1771839460" "Mozilla/5.0 (Windows NT 10.0; Win64; x64) AppleWebKit/537.36 (KHTML, like Gecko) Chrome/144.0.0.0 Safari/537.36"
14.1.106.170 - - [23/Feb/2026:09:52:41 +0000] "GET /wp-content/uploads/2025/01/app-bg-02-1.png HTTP/1.1" 304 0 "https://doccure-wp.dreamsmarketplace.com/?client_id=1503668372.1769925006&session_id=1771839460" "Mozilla/5.0 (Windows NT 10.0; Win64; x64) AppleWebKit/537.36 (KHTML, like Gecko) Chrome/144.0.0.0 Safari/537.36"
14.1.106.170 - - [23/Feb/2026:09:52:42 +0000] "GET /wp-content/uploads/2025/01/app-bg-03-1.png HTTP/1.1" 304 0 "https://doccure-wp.dreamsmarketplace.com/?client_id=1503668372.1769925006&session_id=1771839460" "Mozilla/5.0 (Windows NT 10.0; Win64; x64) AppleWebKit/537.36 (KHTML, like Gecko) Chrome/144.0.0.0 Safari/537.36"
14.1.106.170 - - [23/Feb/2026:09:52:53 +0000] "GET /wp-content/uploads/2025/01/app-bg-04-1.png HTTP/1.1" 304 0 "https://doccure-wp.dreamsmarketplace.com/?client_id=1503668372.1769925006&session_id=1771839460" "Mozilla/5.0 (Windows NT 10.0; Win64; x64) AppleWebKit/537.36 (KHTML, like Gecko) Chrome/144.0.0.0 Safari/537.36"
14.1.106.170 - - [23/Feb/2026:09:52:53 +0000] "GET /wp-content/uploads/2025/01/download-bg-1.png HTTP/1.1" 304 0 "https://doccure-wp.dreamsmarketplace.com/?client_id=1503668372.1769925006&session_id=1771839460" "Mozilla/5.0 (Windows NT 10.0; Win64; x64) AppleWebKit/537.36 (KHTML, like Gecko) Chrome/144.0.0.0 Safari/537.36"
14.1.106.170 - - [23/Feb/2026:09:52:58 +0000] "GET /wp-content/uploads/2021/11/blog-10.jpg HTTP/1.1" 304 0 "https://doccure-wp.dreamsmarketplace.com/?client_id=1503668372.1769925006&session_id=1771839460" "Mozilla/5.0 (Windows NT 10.0; Win64; x64) AppleWebKit/537.36 (KHTML, like Gecko) Chrome/144.0.0.0 Safari/537.36"
172.187.168.139 - - [23/Feb/2026:09:53:00 +0000] "POST /wp-cron.php?doing_wp_cron=1771840380.3413379192352294921875 HTTP/1.1" 200 31 "-" "WordPress/6.9.1; https://doccure-wp.dreamsmarketplace.com"
2a03:2880:f800:15:: - - [23/Feb/2026:09:53:00 +0000] "GET /wp-json/oembed/1.0/embed?url=https%3A%2F%2Fdoccure-wp.dreamsmarketplace.com%2Fdoctors-map-view%2F HTTP/1.1" 200 2386 "-" "meta-externalagent/1.1 (+https://developers.facebook.com/docs/sharing/webmasters/crawler)"
14.1.106.170 - - [23/Feb/2026:09:53:07 +0000] "GET /wp-content/uploads/2021/09/blog-04.jpg HTTP/1.1" 304 0 "https://doccure-wp.dreamsmarketplace.com/?client_id=1503668372.1769925006&session_id=1771839460" "Mozilla/5.0 (Windows NT 10.0; Win64; x64) AppleWebKit/537.36 (KHTML, like Gecko) Chrome/144.0.0.0 Safari/537.36"
14.1.106.170 - - [23/Feb/2026:09:53:19 +0000] "GET /wp-content/uploads/2021/09/blog-02-1.jpg HTTP/1.1" 304 0 "https://doccure-wp.dreamsmarketplace.com/?client_id=1503668372.1769925006&session_id=1771839460" "Mozilla/5.0 (Windows NT 10.0; Win64; x64) AppleWebKit/537.36 (KHTML, like Gecko) Chrome/144.0.0.0 Safari/537.36"
172.187.168.139 - - [23/Feb/2026:09:54:42 +0000] "POST /wp-cron.php?doing_wp_cron=1771840481.9520030021667480468750 HTTP/1.1" 200 31 "-" "WordPress/6.9.1; https://doccure-wp.dreamsmarketplace.com"
2a03:2880:f800:17:: - - [23/Feb/2026:09:54:42 +0000] "GET /wp-json/wp/v2/categories/3 HTTP/1.1" 200 720 "-" "meta-externalagent/1.1 (+https://developers.facebook.com/docs/sharing/webmasters/crawler)"
172.187.168.139 - - [23/Feb/2026:09:55:58 +0000] "POST /wp-cron.php?doing_wp_cron=1771840558.4298300743103027343750 HTTP/1.1" 200 31 "-" "WordPress/6.9.1; https://doccure-wp.dreamsmarketplace.com"
2a03:2880:f800:2:: - - [23/Feb/2026:09:55:58 +0000] "GET /wp-json/oembed/1.0/embed?url=https%3A%2F%2Fdoccure-wp.dreamsmarketplace.com%2Fportfolios%2F HTTP/1.1" 200 2356 "-" "meta-externalagent/1.1 (+https://developers.facebook.com/docs/sharing/webmasters/crawler)"
14.1.106.170 - - [23/Feb/2026:09:56:47 +0000] "GET /wp-content/uploads/2021/09/blog-01.jpg HTTP/1.1" 304 0 "https://doccure-wp.dreamsmarketplace.com/?client_id=1503668372.1769925006&session_id=1771839460" "Mozilla/5.0 (Windows NT 10.0; Win64; x64) AppleWebKit/537.36 (KHTML, like Gecko) Chrome/144.0.0.0 Safari/537.36"
14.1.106.170 - - [23/Feb/2026:09:56:49 +0000] "GET /wp-content/themes/doccure/assets/images/footer/footer-bg-01.png HTTP/1.1" 304 0 "https://doccure-wp.dreamsmarketplace.com/?client_id=1503668372.1769925006&session_id=1771839460" "Mozilla/5.0 (Windows NT 10.0; Win64; x64) AppleWebKit/537.36 (KHTML, like Gecko) Chrome/144.0.0.0 Safari/537.36"
14.1.106.170 - - [23/Feb/2026:09:56:53 +0000] "GET /wp-content/themes/doccure/assets/images/footer/footer-bg-02.png HTTP/1.1" 304 0 "https://doccure-wp.dreamsmarketplace.com/?client_id=1503668372.1769925006&session_id=1771839460" "Mozilla/5.0 (Windows NT 10.0; Win64; x64) AppleWebKit/537.36 (KHTML, like Gecko) Chrome/144.0.0.0 Safari/537.36"
14.1.106.170 - - [23/Feb/2026:09:58:51 +0000] "GET /wp-content/themes/doccure/assets/images/footer/footer-bg-03.png HTTP/1.1" 304 0 "https://doccure-wp.dreamsmarketplace.com/?client_id=1503668372.1769925006&session_id=1771839460" "Mozilla/5.0 (Windows NT 10.0; Win64; x64) AppleWebKit/537.36 (KHTML, like Gecko) Chrome/144.0.0.0 Safari/537.36"
14.1.106.170 - - [23/Feb/2026:09:59:04 +0000] "GET /wp-content/themes/doccure/assets/images/footer/footer-bg-04.png HTTP/1.1" 304 0 "https://doccure-wp.dreamsmarketplace.com/?client_id=1503668372.1769925006&session_id=1771839460" "Mozilla/5.0 (Windows NT 10.0; Win64; x64) AppleWebKit/537.36 (KHTML, like Gecko) Chrome/144.0.0.0 Safari/537.36"
14.1.106.170 - - [23/Feb/2026:09:59:15 +0000] "GET /wp-content/themes/doccure/assets/images/footer/footer-bg-05.png HTTP/1.1" 304 0 "https://doccure-wp.dreamsmarketplace.com/?client_id=1503668372.1769925006&session_id=1771839460" "Mozilla/5.0 (Windows NT 10.0; Win64; x64) AppleWebKit/537.36 (KHTML, like Gecko) Chrome/144.0.0.0 Safari/537.36"
14.1.106.170 - - [23/Feb/2026:09:59:34 +0000] "GET /wp-content/themes/doccure/assets/images/banner-bg.png HTTP/1.1" 304 0 "https://doccure-wp.dreamsmarketplace.com/wp-content/themes/doccure/assets/css/theme.css?ver=1.4.0" "Mozilla/5.0 (Windows NT 10.0; Win64; x64) AppleWebKit/537.36 (KHTML, like Gecko) Chrome/144.0.0.0 Safari/537.36"
172.187.168.139 - - [23/Feb/2026:09:59:35 +0000] "POST /wp-cron.php?doing_wp_cron=1771840775.1885941028594970703125 HTTP/1.1" 200 31 "-" "WordPress/6.9.1; https://doccure-wp.dreamsmarketplace.com"
14.1.106.170 - - [23/Feb/2026:09:59:35 +0000] "GET /wp-json/contact-form-7/v1/contact-forms/5785/feedback/schema HTTP/1.1" 200 343 "https://doccure-wp.dreamsmarketplace.com/?client_id=1503668372.1769925006&session_id=1771839460" "Mozilla/5.0 (Windows NT 10.0; Win64; x64) AppleWebKit/537.36 (KHTML, like Gecko) Chrome/144.0.0.0 Safari/537.36"
122.175.214.137 - - [23/Feb/2026:09:59:36 +0000] "GET /wp-content/uploads/2025/01/app-bg-03-1.png HTTP/1.1" 304 0 "https://darkslategrey-mole-966668.hostingersite.com/" "Mozilla/5.0 (X11; Linux x86_64) AppleWebKit/537.36 (KHTML, like Gecko) Chrome/142.0.0.0 Safari/537.36"
122.175.214.137 - - [23/Feb/2026:09:59:36 +0000] "GET /wp-content/uploads/2025/01/app-bg-04-1.png HTTP/1.1" 304 0 "https://darkslategrey-mole-966668.hostingersite.com/" "Mozilla/5.0 (X11; Linux x86_64) AppleWebKit/537.36 (KHTML, like Gecko) Chrome/142.0.0.0 Safari/537.36"
122.175.214.137 - - [23/Feb/2026:09:59:36 +0000] "GET /wp-content/uploads/2025/01/home-banner-bg-1.png HTTP/1.1" 304 0 "https://darkslategrey-mole-966668.hostingersite.com/" "Mozilla/5.0 (X11; Linux x86_64) AppleWebKit/537.36 (KHTML, like Gecko) Chrome/142.0.0.0 Safari/537.36"
122.175.214.137 - - [23/Feb/2026:09:59:36 +0000] "GET /wp-content/uploads/2025/01/speciality-icon-06-1.svg HTTP/1.1" 304 0 "https://darkslategrey-mole-966668.hostingersite.com/" "Mozilla/5.0 (X11; Linux x86_64) AppleWebKit/537.36 (KHTML, like Gecko) Chrome/142.0.0.0 Safari/537.36"
122.175.214.137 - - [23/Feb/2026:09:59:36 +0000] "GET /wp-content/uploads/2025/01/speciality-icon-01-1.svg HTTP/1.1" 304 0 "https://darkslategrey-mole-966668.hostingersite.com/" "Mozilla/5.0 (X11; Linux x86_64) AppleWebKit/537.36 (KHTML, like Gecko) Chrome/142.0.0.0 Safari/537.36"
122.175.214.137 - - [23/Feb/2026:09:59:36 +0000] "GET /wp-content/uploads/2025/01/banner-bg-01-1.png HTTP/1.1" 304 0 "https://darkslategrey-mole-966668.hostingersite.com/" "Mozilla/5.0 (X11; Linux x86_64) AppleWebKit/537.36 (KHTML, like Gecko) Chrome/142.0.0.0 Safari/537.36"
122.175.214.137 - - [23/Feb/2026:09:59:36 +0000] "GET /wp-content/uploads/2025/01/google-play-01-1.svg HTTP/1.1" 304 0 "https://darkslategrey-mole-966668.hostingersite.com/" "Mozilla/5.0 (X11; Linux x86_64) AppleWebKit/537.36 (KHTML, like Gecko) Chrome/142.0.0.0 Safari/537.36"
122.175.214.137 - - [23/Feb/2026:09:59:36 +0000] "GET /wp-content/uploads/2025/01/app-store-01-1.svg HTTP/1.1" 304 0 "https://darkslategrey-mole-966668.hostingersite.com/" "Mozilla/5.0 (X11; Linux x86_64) AppleWebKit/537.36 (KHTML, like Gecko) Chrome/142.0.0.0 Safari/537.36"
122.175.214.137 - - [23/Feb/2026:09:59:36 +0000] "GET /wp-content/uploads/2025/01/speciality-icon-05-1.svg HTTP/1.1" 304 0 "https://darkslategrey-mole-966668.hostingersite.com/" "Mozilla/5.0 (X11; Linux x86_64) AppleWebKit/537.36 (KHTML, like Gecko) Chrome/142.0.0.0 Safari/537.36"
122.175.214.137 - - [23/Feb/2026:09:59:36 +0000] "GET /wp-content/uploads/2025/01/speciality-08-1.jpg HTTP/1.1" 304 0 "https://darkslategrey-mole-966668.hostingersite.com/" "Mozilla/5.0 (X11; Linux x86_64) AppleWebKit/537.36 (KHTML, like Gecko) Chrome/142.0.0.0 Safari/537.36"
122.175.214.137 - - [23/Feb/2026:09:59:36 +0000] "GET /wp-content/uploads/2025/01/speciality-06-1.jpg HTTP/1.1" 304 0 "https://darkslategrey-mole-966668.hostingersite.com/" "Mozilla/5.0 (X11; Linux x86_64) AppleWebKit/537.36 (KHTML, like Gecko) Chrome/142.0.0.0 Safari/537.36"
122.175.214.137 - - [23/Feb/2026:09:59:36 +0000] "GET /wp-content/uploads/2025/01/speciality-icon-02-1.svg HTTP/1.1" 304 0 "https://darkslategrey-mole-966668.hostingersite.com/" "Mozilla/5.0 (X11; Linux x86_64) AppleWebKit/537.36 (KHTML, like Gecko) Chrome/142.0.0.0 Safari/537.36"
122.175.214.137 - - [23/Feb/2026:09:59:36 +0000] "GET /wp-content/uploads/2025/01/speciality-03-1.jpg HTTP/1.1" 304 0 "https://darkslategrey-mole-966668.hostingersite.com/" "Mozilla/5.0 (X11; Linux x86_64) AppleWebKit/537.36 (KHTML, like Gecko) Chrome/142.0.0.0 Safari/537.36"
122.175.214.137 - - [23/Feb/2026:09:59:36 +0000] "GET /wp-content/uploads/2025/01/speciality-icon-08-1.svg HTTP/1.1" 304 0 "https://darkslategrey-mole-966668.hostingersite.com/" "Mozilla/5.0 (X11; Linux x86_64) AppleWebKit/537.36 (KHTML, like Gecko) Chrome/142.0.0.0 Safari/537.36"
122.175.214.137 - - [23/Feb/2026:09:59:36 +0000] "GET /wp-content/uploads/2025/01/speciality-02-1.jpg HTTP/1.1" 304 0 "https://darkslategrey-mole-966668.hostingersite.com/" "Mozilla/5.0 (X11; Linux x86_64) AppleWebKit/537.36 (KHTML, like Gecko) Chrome/142.0.0.0 Safari/537.36"
122.175.214.137 - - [23/Feb/2026:09:59:36 +0000] "GET /wp-content/uploads/2025/01/app-bg-02-1.png HTTP/1.1" 304 0 "https://darkslategrey-mole-966668.hostingersite.com/" "Mozilla/5.0 (X11; Linux x86_64) AppleWebKit/537.36 (KHTML, like Gecko) Chrome/142.0.0.0 Safari/537.36"
122.175.214.137 - - [23/Feb/2026:09:59:36 +0000] "GET /wp-content/uploads/2025/01/mobile-img-1.png HTTP/1.1" 304 0 "https://darkslategrey-mole-966668.hostingersite.com/" "Mozilla/5.0 (X11; Linux x86_64) AppleWebKit/537.36 (KHTML, like Gecko) Chrome/142.0.0.0 Safari/537.36"
122.175.214.137 - - [23/Feb/2026:09:59:36 +0000] "GET /wp-content/uploads/2025/01/speciality-icon-07-1.svg HTTP/1.1" 304 0 "https://darkslategrey-mole-966668.hostingersite.com/" "Mozilla/5.0 (X11; Linux x86_64) AppleWebKit/537.36 (KHTML, like Gecko) Chrome/142.0.0.0 Safari/537.36"
122.175.214.137 - - [23/Feb/2026:09:59:36 +0000] "GET /wp-content/uploads/2025/01/speciality-icon-04-1.svg HTTP/1.1" 304 0 "https://darkslategrey-mole-966668.hostingersite.com/" "Mozilla/5.0 (X11; Linux x86_64) AppleWebKit/537.36 (KHTML, like Gecko) Chrome/142.0.0.0 Safari/537.36"
122.175.214.137 - - [23/Feb/2026:09:59:36 +0000] "GET /wp-content/uploads/2025/01/speciality-icon-03-1.svg HTTP/1.1" 304 0 "https://darkslategrey-mole-966668.hostingersite.com/" "Mozilla/5.0 (X11; Linux x86_64) AppleWebKit/537.36 (KHTML, like Gecko) Chrome/142.0.0.0 Safari/537.36"
122.175.214.137 - - [23/Feb/2026:09:59:36 +0000] "GET /wp-content/uploads/2025/01/speciality-07-1.jpg HTTP/1.1" 304 0 "https://darkslategrey-mole-966668.hostingersite.com/" "Mozilla/5.0 (X11; Linux x86_64) AppleWebKit/537.36 (KHTML, like Gecko) Chrome/142.0.0.0 Safari/537.36"
122.175.214.137 - - [23/Feb/2026:09:59:36 +0000] "GET /wp-content/uploads/2025/01/download-bg-1.png HTTP/1.1" 304 0 "https://darkslategrey-mole-966668.hostingersite.com/" "Mozilla/5.0 (X11; Linux x86_64) AppleWebKit/537.36 (KHTML, like Gecko) Chrome/142.0.0.0 Safari/537.36"
14.1.106.170 - - [23/Feb/2026:09:59:37 +0000] "GET /wp-content/themes/doccure/assets/images/reason-bg.svg HTTP/1.1" 304 0 "https://doccure-wp.dreamsmarketplace.com/wp-content/themes/doccure/assets/css/theme-new.css?ver=1.4.0" "Mozilla/5.0 (Windows NT 10.0; Win64; x64) AppleWebKit/537.36 (KHTML, like Gecko) Chrome/144.0.0.0 Safari/537.36"
14.1.106.170 - - [23/Feb/2026:09:59:39 +0000] "GET /wp-content/themes/doccure/assets/images/testimonial-bg.jpg HTTP/1.1" 304 0 "https://doccure-wp.dreamsmarketplace.com/wp-content/themes/doccure/assets/css/theme-new.css?ver=1.4.0" "Mozilla/5.0 (Windows NT 10.0; Win64; x64) AppleWebKit/537.36 (KHTML, like Gecko) Chrome/144.0.0.0 Safari/537.36"
14.1.106.170 - - [23/Feb/2026:09:59:45 +0000] "GET /wp-includes/js/wp-emoji-release.min.js?ver=6.9.1 HTTP/1.1" 304 0 "https://doccure-wp.dreamsmarketplace.com/?client_id=1503668372.1769925006&session_id=1771839460" "Mozilla/5.0 (Windows NT 10.0; Win64; x64) AppleWebKit/537.36 (KHTML, like Gecko) Chrome/144.0.0.0 Safari/537.36"
14.1.106.170 - - [23/Feb/2026:09:59:45 +0000] "GET /wp-content/plugins/elementor/assets/js/section-frontend-handlers.d85ab872da118940910d.bundle.min.js HTTP/1.1" 304 0 "https://doccure-wp.dreamsmarketplace.com/?client_id=1503668372.1769925006&session_id=1771839460" "Mozilla/5.0 (Windows NT 10.0; Win64; x64) AppleWebKit/537.36 (KHTML, like Gecko) Chrome/144.0.0.0 Safari/537.36"
14.1.106.170 - - [23/Feb/2026:09:59:46 +0000] "GET /wp-content/plugins/elementor/assets/js/shared-frontend-handlers.03caa53373b56d3bab67.bundle.min.js HTTP/1.1" 304 0 "https://doccure-wp.dreamsmarketplace.com/?client_id=1503668372.1769925006&session_id=1771839460" "Mozilla/5.0 (Windows NT 10.0; Win64; x64) AppleWebKit/537.36 (KHTML, like Gecko) Chrome/144.0.0.0 Safari/537.36"
14.1.106.170 - - [23/Feb/2026:09:59:58 +0000] "GET /wp-content/uploads/2021/10/favicon.png HTTP/1.1" 304 0 "https://doccure-wp.dreamsmarketplace.com/?client_id=1503668372.1769925006&session_id=1771839460" "Mozilla/5.0 (Windows NT 10.0; Win64; x64) AppleWebKit/537.36 (KHTML, like Gecko) Chrome/144.0.0.0 Safari/537.36"
172.187.168.139 - - [23/Feb/2026:10:04:04 +0000] "POST /wp-cron.php?doing_wp_cron=1771841044.0337669849395751953125 HTTP/1.1" 200 31 "-" "WordPress/6.9.1; https://doccure-wp.dreamsmarketplace.com"
2a03:2880:f800:37:: - - [23/Feb/2026:10:04:04 +0000] "GET /specialities/ophthalmology/feed/ HTTP/1.1" 200 2446 "-" "meta-externalagent/1.1 (+https://developers.facebook.com/docs/sharing/webmasters/crawler)"
172.187.168.139 - - [23/Feb/2026:10:05:07 +0000] "POST /wp-cron.php?doing_wp_cron=1771841107.3072340488433837890625 HTTP/1.1" 200 31 "-" "WordPress/6.9.1; https://doccure-wp.dreamsmarketplace.com"
2a03:2880:f800:46:: - - [23/Feb/2026:10:05:07 +0000] "GET /childhood-illness/anorexia/feed/ HTTP/1.1" 200 3961 "-" "meta-externalagent/1.1 (+https://developers.facebook.com/docs/sharing/webmasters/crawler)"
172.187.168.139 - - [23/Feb/2026:10:05:37 +0000] "POST /wp-cron.php?doing_wp_cron=1771841137.8906250000000000000000 HTTP/1.1" 200 31 "-" "WordPress/6.9.1; https://doccure-wp.dreamsmarketplace.com"
2a03:2880:f800:d:: - - [23/Feb/2026:10:05:37 +0000] "GET /wp-json/wp/v2/pages/758 HTTP/1.1" 200 3987 "-" "meta-externalagent/1.1 (+https://developers.facebook.com/docs/sharing/webmasters/crawler)"
172.187.168.139 - - [23/Feb/2026:10:06:48 +0000] "POST /wp-cron.php?doing_wp_cron=1771841208.4898400306701660156250 HTTP/1.1" 200 31 "-" "WordPress/6.9.1; https://doccure-wp.dreamsmarketplace.com"
2a03:2880:f800:27:: - - [23/Feb/2026:10:06:48 +0000] "GET /wp-json/oembed/1.0/embed?url=https%3A%2F%2Fdoccure-wp.dreamsmarketplace.com%2Fprescription%2Femily-rival-3%2F HTTP/1.1" 200 2338 "-" "meta-externalagent/1.1 (+https://developers.facebook.com/docs/sharing/webmasters/crawler)"
172.187.168.139 - - [23/Feb/2026:10:13:47 +0000] "POST /wp-cron.php?doing_wp_cron=1771841627.5501499176025390625000 HTTP/1.1" 200 31 "-" "WordPress/6.9.1; https://doccure-wp.dreamsmarketplace.com"
2a03:2880:f800:42:: - - [23/Feb/2026:10:13:47 +0000] "GET /wp-json/wp/v2/pages/2 HTTP/1.1" 200 3083 "-" "meta-externalagent/1.1 (+https://developers.facebook.com/docs/sharing/webmasters/crawler)"
172.187.168.139 - - [23/Feb/2026:10:16:46 +0000] "POST /wp-cron.php?doing_wp_cron=1771841806.3815720081329345703125 HTTP/1.1" 200 31 "-" "WordPress/6.9.1; https://doccure-wp.dreamsmarketplace.com"
2a03:2880:f800:1:: - - [23/Feb/2026:10:16:46 +0000] "GET /wp-json/oembed/1.0/embed?url=https%3A%2F%2Fdoccure-wp.dreamsmarketplace.com%2Ftestimonial%2Fjennifer-robinson%2F HTTP/1.1" 200 2500 "-" "meta-externalagent/1.1 (+https://developers.facebook.com/docs/sharing/webmasters/crawler)"
172.187.168.139 - - [23/Feb/2026:10:17:21 +0000] "POST /wp-cron.php?doing_wp_cron=1771841841.7225430011749267578125 HTTP/1.1" 200 31 "-" "WordPress/6.9.1; https://doccure-wp.dreamsmarketplace.com"
2a03:2880:f800:3a:: - - [23/Feb/2026:10:17:21 +0000] "GET /wp-sitemap-posts-post-1.xml HTTP/1.1" 200 810 "-" "meta-externalagent/1.1 (+https://developers.facebook.com/docs/sharing/webmasters/crawler)"
2a03:2880:f800:1e:: - - [23/Feb/2026:10:17:32 +0000] "GET /wp-json/oembed/1.0/embed?url=https%3A%2F%2Fdoccure-wp.dreamsmarketplace.com%2Fprescription%2Fpatient-demo-2%2F HTTP/1.1" 200 2344 "-" "meta-externalagent/1.1 (+https://developers.facebook.com/docs/sharing/webmasters/crawler)"
2a03:2880:f800:: - - [23/Feb/2026:10:17:53 +0000] "GET /doctors-map-view/page/2/ HTTP/1.1" 200 18985 "-" "meta-externalagent/1.1 (+https://developers.facebook.com/docs/sharing/webmasters/crawler)"
172.187.168.139 - - [23/Feb/2026:10:22:08 +0000] "POST /wp-cron.php?doing_wp_cron=1771842128.0440011024475097656250 HTTP/1.1" 200 31 "-" "WordPress/6.9.1; https://doccure-wp.dreamsmarketplace.com"
2a03:2880:f800:25:: - - [23/Feb/2026:10:22:08 +0000] "GET /specialities/ophthalmology HTTP/1.1" 301 11 "-" "meta-externalagent/1.1 (+https://developers.facebook.com/docs/sharing/webmasters/crawler)"
172.187.168.139 - - [23/Feb/2026:10:24:01 +0000] "POST /wp-cron.php?doing_wp_cron=1771842241.0049250125885009765625 HTTP/1.1" 200 31 "-" "WordPress/6.9.1; https://doccure-wp.dreamsmarketplace.com"
2a03:2880:f800:45:: - - [23/Feb/2026:10:24:01 +0000] "GET /?p=3516 HTTP/1.1" 301 11 "-" "meta-externalagent/1.1 (+https://developers.facebook.com/docs/sharing/webmasters/crawler)"
172.187.168.139 - - [23/Feb/2026:10:24:31 +0000] "POST /wp-cron.php?doing_wp_cron=1771842271.3252079486846923828125 HTTP/1.1" 200 31 "-" "WordPress/6.9.1; https://doccure-wp.dreamsmarketplace.com"
2a03:2880:f800:42:: - - [23/Feb/2026:10:24:31 +0000] "GET /wp-json/wp/v2/pages/5756 HTTP/1.1" 200 83611 "-" "meta-externalagent/1.1 (+https://developers.facebook.com/docs/sharing/webmasters/crawler)"
172.187.168.139 - - [23/Feb/2026:10:29:15 +0000] "POST /wp-cron.php?doing_wp_cron=1771842555.3929789066314697265625 HTTP/1.1" 200 31 "-" "WordPress/6.9.1; https://doccure-wp.dreamsmarketplace.com"
2409:40f4:1012:acfc:80c:452:febd:3ced - - [23/Feb/2026:10:29:15 +0000] "GET /wp-login.php?redirect_to=https%3A%2F%2Fdoccure-wp.dreamsmarketplace.com%2Fwp-admin%2Fusers.php%3Frole%3Ddoctors&reauth=1 HTTP/1.1" 200 2447 "https://doccure-wp.dreamsmarketplace.com/wp-admin/users.php" "Mozilla/5.0 (Windows NT 10.0; Win64; x64) AppleWebKit/537.36 (KHTML, like Gecko) Chrome/145.0.0.0 Safari/537.36"
2a03:2880:f800:19:: - - [23/Feb/2026:10:29:20 +0000] "GET /testimonial/ HTTP/1.1" 200 18175 "-" "meta-externalagent/1.1 (+https://developers.facebook.com/docs/sharing/webmasters/crawler)"
2c0f:fc89:80a7:977b:98bd:4d1d:5918:a971 - - [23/Feb/2026:10:30:04 +0000] "GET /wp-content/uploads/2025/01/home-banner-bg-1.png HTTP/1.1" 200 1608405 "https://drmoustafaelnahasclinics.com/" "Mozilla/5.0 (Macintosh; Intel Mac OS X 10_15_7) AppleWebKit/537.36 (KHTML, like Gecko) Chrome/144.0.0.0 Safari/537.36"
172.187.168.139 - - [23/Feb/2026:10:30:44 +0000] "POST /wp-cron.php?doing_wp_cron=1771842643.9943149089813232421875 HTTP/1.1" 200 31 "-" "WordPress/6.9.1; https://doccure-wp.dreamsmarketplace.com"
14.1.106.170 - - [23/Feb/2026:10:30:44 +0000] "GET /blog-grid/ HTTP/1.1" 200 18099 "https://doccure-wp.dreamsmarketplace.com/landing/" "Mozilla/5.0 (Windows NT 10.0; Win64; x64) AppleWebKit/537.36 (KHTML, like Gecko) Chrome/144.0.0.0 Safari/537.36"
14.1.106.170 - - [23/Feb/2026:10:30:44 +0000] "GET /portfolio/doctors/ HTTP/1.1" 200 20484 "https://doccure-wp.dreamsmarketplace.com/landing/" "Mozilla/5.0 (Windows NT 10.0; Win64; x64) AppleWebKit/537.36 (KHTML, like Gecko) Chrome/144.0.0.0 Safari/537.36"
14.1.106.170 - - [23/Feb/2026:10:30:44 +0000] "GET /dashboard/?ref=appointment&mode=listing&identity=10 HTTP/1.1" 302 11 "https://doccure-wp.dreamsmarketplace.com/landing/" "Mozilla/5.0 (Windows NT 10.0; Win64; x64) AppleWebKit/537.36 (KHTML, like Gecko) Chrome/144.0.0.0 Safari/537.36"
172.187.168.139 - - [23/Feb/2026:10:30:45 +0000] "POST /wp-cron.php?doing_wp_cron=1771842645.0712609291076660156250 HTTP/1.1" 200 31 "-" "WordPress/6.9.1; https://doccure-wp.dreamsmarketplace.com"
14.1.106.170 - - [23/Feb/2026:10:30:45 +0000] "GET /faq/ HTTP/1.1" 200 19820 "https://doccure-wp.dreamsmarketplace.com/landing/" "Mozilla/5.0 (Windows NT 10.0; Win64; x64) AppleWebKit/537.36 (KHTML, like Gecko) Chrome/144.0.0.0 Safari/537.36"
14.1.106.170 - - [23/Feb/2026:10:30:45 +0000] "GET /wp-content/themes/doccure/assets/css/fontawesome/webfonts/fa-regular-400.woff2 HTTP/1.1" 304 0 "https://doccure-wp.dreamsmarketplace.com/wp-content/themes/doccure/assets/css/fontawesome/css/all.min.css?ver=6.7.4" "Mozilla/5.0 (Windows NT 10.0; Win64; x64) AppleWebKit/537.36 (KHTML, like Gecko) Chrome/144.0.0.0 Safari/537.36"
14.1.106.170 - - [23/Feb/2026:10:30:46 +0000] "GET /wp-content/plugins/elementor/assets/lib/swiper/v8/css/swiper.min.css?ver=8.4.5 HTTP/1.1" 200 16471 "https://doccure-wp.dreamsmarketplace.com/portfolio/doctors/" "Mozilla/5.0 (Windows NT 10.0; Win64; x64) AppleWebKit/537.36 (KHTML, like Gecko) Chrome/144.0.0.0 Safari/537.36"
14.1.106.170 - - [23/Feb/2026:10:30:46 +0000] "GET /wp-content/plugins/elementor/assets/css/conditionals/e-swiper.min.css?ver=3.35.4 HTTP/1.1" 200 5486 "https://doccure-wp.dreamsmarketplace.com/portfolio/doctors/" "Mozilla/5.0 (Windows NT 10.0; Win64; x64) AppleWebKit/537.36 (KHTML, like Gecko) Chrome/144.0.0.0 Safari/537.36"
14.1.106.170 - - [23/Feb/2026:10:30:46 +0000] "GET /wp-content/plugins/elementor/assets/css/widget-image-gallery.min.css?ver=3.35.4 HTTP/1.1" 200 2419 "https://doccure-wp.dreamsmarketplace.com/portfolio/doctors/" "Mozilla/5.0 (Windows NT 10.0; Win64; x64) AppleWebKit/537.36 (KHTML, like Gecko) Chrome/144.0.0.0 Safari/537.36"
14.1.106.170 - - [23/Feb/2026:10:30:47 +0000] "GET /wp-json/contact-form-7/v1/contact-forms/5785/feedback/schema HTTP/1.1" 200 343 "https://doccure-wp.dreamsmarketplace.com/blog-grid/" "Mozilla/5.0 (Windows NT 10.0; Win64; x64) AppleWebKit/537.36 (KHTML, like Gecko) Chrome/144.0.0.0 Safari/537.36"
14.1.106.170 - - [23/Feb/2026:10:30:47 +0000] "GET /specialities/urology/ HTTP/1.1" 200 19611 "https://doccure-wp.dreamsmarketplace.com/landing/" "Mozilla/5.0 (Windows NT 10.0; Win64; x64) AppleWebKit/537.36 (KHTML, like Gecko) Chrome/144.0.0.0 Safari/537.36"
14.1.106.170 - - [23/Feb/2026:10:30:48 +0000] "GET / HTTP/1.1" 200 29344 "https://doccure-wp.dreamsmarketplace.com/landing/" "Mozilla/5.0 (Windows NT 10.0; Win64; x64) AppleWebKit/537.36 (KHTML, like Gecko) Chrome/144.0.0.0 Safari/537.36"
14.1.106.170 - - [23/Feb/2026:10:30:48 +0000] "GET /dashboard/?ref=appointment&mode=listing&identity=11 HTTP/1.1" 302 11 "https://doccure-wp.dreamsmarketplace.com/landing/" "Mozilla/5.0 (Windows NT 10.0; Win64; x64) AppleWebKit/537.36 (KHTML, like Gecko) Chrome/144.0.0.0 Safari/537.36"
14.1.106.170 - - [23/Feb/2026:10:30:49 +0000] "GET /blog/ HTTP/1.1" 200 19190 "https://doccure-wp.dreamsmarketplace.com/landing/" "Mozilla/5.0 (Windows NT 10.0; Win64; x64) AppleWebKit/537.36 (KHTML, like Gecko) Chrome/144.0.0.0 Safari/537.36"
111.119.161.9 - - [23/Feb/2026:10:30:49 +0000] "GET /portfolio/doctors/ HTTP/1.1" 200 20484 "https://www.google.com/" "Mozilla/5.0 (Windows NT 10.0; Win64; x64) AppleWebKit/537.36 (KHTML, like Gecko) Chrome/144.0.0.0 Safari/537.36"
14.1.106.170 - - [23/Feb/2026:10:30:49 +0000] "GET /benefits-of-online-doctor-booking/ HTTP/1.1" 200 22060 "https://doccure-wp.dreamsmarketplace.com/landing/" "Mozilla/5.0 (Windows NT 10.0; Win64; x64) AppleWebKit/537.36 (KHTML, like Gecko) Chrome/144.0.0.0 Safari/537.36"
111.119.161.9 - - [23/Feb/2026:10:30:51 +0000] "GET /wp-content/plugins/contact-form-7/includes/css/styles.css?ver=6.1.5 HTTP/1.1" 304 0 "https://doccure-wp.dreamsmarketplace.com/portfolio/doctors/" "Mozilla/5.0 (Windows NT 10.0; Win64; x64) AppleWebKit/537.36 (KHTML, like Gecko) Chrome/144.0.0.0 Safari/537.36"
111.119.161.9 - - [23/Feb/2026:10:30:51 +0000] "GET /wp-content/themes/doccure/assets/css/feather.css?ver=1.0.0 HTTP/1.1" 304 0 "https://doccure-wp.dreamsmarketplace.com/portfolio/doctors/" "Mozilla/5.0 (Windows NT 10.0; Win64; x64) AppleWebKit/537.36 (KHTML, like Gecko) Chrome/144.0.0.0 Safari/537.36"
111.119.161.9 - - [23/Feb/2026:10:30:51 +0000] "GET /wp-content/themes/doccure/assets/css/bootstrap/bootstrap.min.css?ver=5.3.0 HTTP/1.1" 304 0 "https://doccure-wp.dreamsmarketplace.com/portfolio/doctors/" "Mozilla/5.0 (Windows NT 10.0; Win64; x64) AppleWebKit/537.36 (KHTML, like Gecko) Chrome/144.0.0.0 Safari/537.36"
111.119.161.9 - - [23/Feb/2026:10:30:51 +0000] "GET /wp-content/themes/doccure/assets/css/slick.css?ver=1.0.0 HTTP/1.1" 304 0 "https://doccure-wp.dreamsmarketplace.com/portfolio/doctors/" "Mozilla/5.0 (Windows NT 10.0; Win64; x64) AppleWebKit/537.36 (KHTML, like Gecko) Chrome/144.0.0.0 Safari/537.36"
111.119.161.9 - - [23/Feb/2026:10:30:51 +0000] "GET /wp-content/themes/doccure/assets/plugins/datatables/datatables.min.css?ver=1.0.0 HTTP/1.1" 304 0 "https://doccure-wp.dreamsmarketplace.com/portfolio/doctors/" "Mozilla/5.0 (Windows NT 10.0; Win64; x64) AppleWebKit/537.36 (KHTML, like Gecko) Chrome/144.0.0.0 Safari/537.36"
111.119.161.9 - - [23/Feb/2026:10:30:51 +0000] "GET /wp-content/plugins/doccure/assets/css/view-prescription-modal.css?ver=1.5.3 HTTP/1.1" 304 0 "https://doccure-wp.dreamsmarketplace.com/portfolio/doctors/" "Mozilla/5.0 (Windows NT 10.0; Win64; x64) AppleWebKit/537.36 (KHTML, like Gecko) Chrome/144.0.0.0 Safari/537.36"
111.119.161.9 - - [23/Feb/2026:10:30:51 +0000] "GET /wp-content/themes/doccure/assets/css/magnific-popup.css?ver=1.1.0 HTTP/1.1" 304 0 "https://doccure-wp.dreamsmarketplace.com/portfolio/doctors/" "Mozilla/5.0 (Windows NT 10.0; Win64; x64) AppleWebKit/537.36 (KHTML, like Gecko) Chrome/144.0.0.0 Safari/537.36"
111.119.161.9 - - [23/Feb/2026:10:30:51 +0000] "GET /wp-content/themes/doccure/style.css?ver=6.9.1 HTTP/1.1" 304 0 "https://doccure-wp.dreamsmarketplace.com/portfolio/doctors/" "Mozilla/5.0 (Windows NT 10.0; Win64; x64) AppleWebKit/537.36 (KHTML, like Gecko) Chrome/144.0.0.0 Safari/537.36"
111.119.161.9 - - [23/Feb/2026:10:30:51 +0000] "GET /wp-content/themes/doccure/assets/css/aos.css?ver=1.0.0 HTTP/1.1" 304 0 "https://doccure-wp.dreamsmarketplace.com/portfolio/doctors/" "Mozilla/5.0 (Windows NT 10.0; Win64; x64) AppleWebKit/537.36 (KHTML, like Gecko) Chrome/144.0.0.0 Safari/537.36"
111.119.161.9 - - [23/Feb/2026:10:30:51 +0000] "GET /wp-content/themes/doccure/assets/css/iconsax.css?ver=1.0.0 HTTP/1.1" 304 0 "https://doccure-wp.dreamsmarketplace.com/portfolio/doctors/" "Mozilla/5.0 (Windows NT 10.0; Win64; x64) AppleWebKit/537.36 (KHTML, like Gecko) Chrome/144.0.0.0 Safari/537.36"
111.119.161.9 - - [23/Feb/2026:10:30:51 +0000] "GET /wp-content/themes/doccure/assets/css/owl.carousel.min.css?ver=1.0.0 HTTP/1.1" 304 0 "https://doccure-wp.dreamsmarketplace.com/portfolio/doctors/" "Mozilla/5.0 (Windows NT 10.0; Win64; x64) AppleWebKit/537.36 (KHTML, like Gecko) Chrome/144.0.0.0 Safari/537.36"
111.119.161.9 - - [23/Feb/2026:10:30:51 +0000] "GET /wp-content/themes/doccure/assets/css/responsive.css?ver=1.5.3 HTTP/1.1" 304 0 "https://doccure-wp.dreamsmarketplace.com/portfolio/doctors/" "Mozilla/5.0 (Windows NT 10.0; Win64; x64) AppleWebKit/537.36 (KHTML, like Gecko) Chrome/144.0.0.0 Safari/537.36"
111.119.161.9 - - [23/Feb/2026:10:30:51 +0000] "GET /wp-content/themes/doccure/assets/css/fontawesome/css/all.min.css?ver=6.7.4 HTTP/1.1" 304 0 "https://doccure-wp.dreamsmarketplace.com/portfolio/doctors/" "Mozilla/5.0 (Windows NT 10.0; Win64; x64) AppleWebKit/537.36 (KHTML, like Gecko) Chrome/144.0.0.0 Safari/537.36"
111.119.161.9 - - [23/Feb/2026:10:30:51 +0000] "GET /wp-content/themes/doccure/assets/css/v4-shims.min.css?ver=5.11.2 HTTP/1.1" 304 0 "https://doccure-wp.dreamsmarketplace.com/portfolio/doctors/" "Mozilla/5.0 (Windows NT 10.0; Win64; x64) AppleWebKit/537.36 (KHTML, like Gecko) Chrome/144.0.0.0 Safari/537.36"
111.119.161.9 - - [23/Feb/2026:10:30:51 +0000] "GET /wp-content/themes/doccure/assets/css/theme-woocommerce.css?ver=1.0.0 HTTP/1.1" 304 0 "https://doccure-wp.dreamsmarketplace.com/portfolio/doctors/" "Mozilla/5.0 (Windows NT 10.0; Win64; x64) AppleWebKit/537.36 (KHTML, like Gecko) Chrome/144.0.0.0 Safari/537.36"
111.119.161.9 - - [23/Feb/2026:10:30:51 +0000] "GET /wp-content/plugins/elementor/assets/css/conditionals/e-swiper.min.css?ver=3.35.4 HTTP/1.1" 200 5486 "https://doccure-wp.dreamsmarketplace.com/portfolio/doctors/" "Mozilla/5.0 (Windows NT 10.0; Win64; x64) AppleWebKit/537.36 (KHTML, like Gecko) Chrome/144.0.0.0 Safari/537.36"
111.119.161.9 - - [23/Feb/2026:10:30:51 +0000] "GET /wp-content/themes/doccure/assets/css/theme-new.css?ver=1.4.0 HTTP/1.1" 304 0 "https://doccure-wp.dreamsmarketplace.com/portfolio/doctors/" "Mozilla/5.0 (Windows NT 10.0; Win64; x64) AppleWebKit/537.36 (KHTML, like Gecko) Chrome/144.0.0.0 Safari/537.36"
111.119.161.9 - - [23/Feb/2026:10:30:51 +0000] "GET /wp-content/themes/doccure/assets/css/dashboard.css?ver=6.9.1 HTTP/1.1" 304 0 "https://doccure-wp.dreamsmarketplace.com/portfolio/doctors/" "Mozilla/5.0 (Windows NT 10.0; Win64; x64) AppleWebKit/537.36 (KHTML, like Gecko) Chrome/144.0.0.0 Safari/537.36"
111.119.161.9 - - [23/Feb/2026:10:30:51 +0000] "GET /wp-content/themes/doccure/assets/css/animate.min.css?ver=4.1.1 HTTP/1.1" 304 0 "https://doccure-wp.dreamsmarketplace.com/portfolio/doctors/" "Mozilla/5.0 (Windows NT 10.0; Win64; x64) AppleWebKit/537.36 (KHTML, like Gecko) Chrome/144.0.0.0 Safari/537.36"
