111.119.161.6 - - [23/Feb/2026:10:35:26 +0000] "GET /wp-content/themes/doccure/assets/images/footer/footer-bg-04.png HTTP/1.1" 200 437052 "https://doccure-wp.dreamsmarketplace.com/services/patient-ward/" "Mozilla/5.0 (Windows NT 10.0; Win64; x64) AppleWebKit/537.36 (KHTML, like Gecko) Chrome/144.0.0.0 Safari/537.36"
111.119.161.6 - - [23/Feb/2026:10:35:26 +0000] "GET /wp-content/themes/doccure/assets/css/fontawesome/webfonts/fa-brands-400.woff2 HTTP/1.1" 200 118684 "https://doccure-wp.dreamsmarketplace.com/wp-content/themes/doccure/assets/css/fontawesome/css/all.min.css?ver=6.7.4" "Mozilla/5.0 (Windows NT 10.0; Win64; x64) AppleWebKit/537.36 (KHTML, like Gecko) Chrome/144.0.0.0 Safari/537.36"
111.119.161.6 - - [23/Feb/2026:10:35:26 +0000] "GET /wp-content/themes/doccure/assets/css/fontawesome/webfonts/fa-solid-900.woff2 HTTP/1.1" 200 158220 "https://doccure-wp.dreamsmarketplace.com/wp-content/themes/doccure/assets/css/fontawesome/css/all.min.css?ver=6.7.4" "Mozilla/5.0 (Windows NT 10.0; Win64; x64) AppleWebKit/537.36 (KHTML, like Gecko) Chrome/144.0.0.0 Safari/537.36"
111.119.161.6 - - [23/Feb/2026:10:35:26 +0000] "GET /wp-content/themes/doccure/assets/fonts/iconsax.ttf?yjegnn HTTP/1.1" 200 1359552 "https://doccure-wp.dreamsmarketplace.com/wp-content/themes/doccure/assets/css/iconsax.css?ver=1.0.0" "Mozilla/5.0 (Windows NT 10.0; Win64; x64) AppleWebKit/537.36 (KHTML, like Gecko) Chrome/144.0.0.0 Safari/537.36"
58.27.225.4 - - [23/Feb/2026:10:35:26 +0000] "GET /wp-content/uploads/2021/08/feature6.jpg HTTP/1.1" 304 0 "https://doccure-wp.dreamsmarketplace.com/services/" "Mozilla/5.0 (Windows NT 10.0; Win64; x64) AppleWebKit/537.36 (KHTML, like Gecko) Chrome/144.0.0.0 Safari/537.36"
58.27.225.4 - - [23/Feb/2026:10:35:26 +0000] "GET /wp-content/uploads/2022/08/feature-02-2-1.jpg HTTP/1.1" 304 0 "https://doccure-wp.dreamsmarketplace.com/services/" "Mozilla/5.0 (Windows NT 10.0; Win64; x64) AppleWebKit/537.36 (KHTML, like Gecko) Chrome/144.0.0.0 Safari/537.36"
58.27.225.4 - - [23/Feb/2026:10:35:26 +0000] "GET /wp-content/uploads/2022/06/feature-03-2-1.jpg HTTP/1.1" 304 0 "https://doccure-wp.dreamsmarketplace.com/services/" "Mozilla/5.0 (Windows NT 10.0; Win64; x64) AppleWebKit/537.36 (KHTML, like Gecko) Chrome/144.0.0.0 Safari/537.36"
111.119.161.6 - - [23/Feb/2026:10:35:27 +0000] "GET /wp-includes/js/wp-emoji-release.min.js?ver=6.9.1 HTTP/1.1" 200 22762 "https://doccure-wp.dreamsmarketplace.com/services/patient-ward/" "Mozilla/5.0 (Windows NT 10.0; Win64; x64) AppleWebKit/537.36 (KHTML, like Gecko) Chrome/144.0.0.0 Safari/537.36"
111.119.161.6 - - [23/Feb/2026:10:35:29 +0000] "GET /wp-content/plugins/elementor/assets/js/section-frontend-handlers.d85ab872da118940910d.bundle.min.js HTTP/1.1" 200 449 "https://doccure-wp.dreamsmarketplace.com/services/patient-ward/" "Mozilla/5.0 (Windows NT 10.0; Win64; x64) AppleWebKit/537.36 (KHTML, like Gecko) Chrome/144.0.0.0 Safari/537.36"
111.119.161.6 - - [23/Feb/2026:10:35:29 +0000] "GET /wp-content/plugins/elementor/assets/js/shared-frontend-handlers.03caa53373b56d3bab67.bundle.min.js HTTP/1.1" 200 8481 "https://doccure-wp.dreamsmarketplace.com/services/patient-ward/" "Mozilla/5.0 (Windows NT 10.0; Win64; x64) AppleWebKit/537.36 (KHTML, like Gecko) Chrome/144.0.0.0 Safari/537.36"
111.119.161.6 - - [23/Feb/2026:10:35:29 +0000] "GET /wp-content/plugins/elementor/assets/js/text-editor.45609661e409413f1cef.bundle.min.js HTTP/1.1" 200 1348 "https://doccure-wp.dreamsmarketplace.com/services/patient-ward/" "Mozilla/5.0 (Windows NT 10.0; Win64; x64) AppleWebKit/537.36 (KHTML, like Gecko) Chrome/144.0.0.0 Safari/537.36"
58.27.225.4 - - [23/Feb/2026:10:35:29 +0000] "GET /wp-json/contact-form-7/v1/contact-forms/5785/feedback/schema HTTP/1.1" 200 343 "https://doccure-wp.dreamsmarketplace.com/services/" "Mozilla/5.0 (Windows NT 10.0; Win64; x64) AppleWebKit/537.36 (KHTML, like Gecko) Chrome/144.0.0.0 Safari/537.36"
111.119.161.6 - - [23/Feb/2026:10:35:30 +0000] "GET /wp-json/contact-form-7/v1/contact-forms/5785/feedback/schema HTTP/1.1" 200 343 "https://doccure-wp.dreamsmarketplace.com/services/patient-ward/" "Mozilla/5.0 (Windows NT 10.0; Win64; x64) AppleWebKit/537.36 (KHTML, like Gecko) Chrome/144.0.0.0 Safari/537.36"
111.119.161.6 - - [23/Feb/2026:10:35:30 +0000] "GET /wp-content/uploads/2021/10/favicon.png HTTP/1.1" 200 489 "https://doccure-wp.dreamsmarketplace.com/services/patient-ward/" "Mozilla/5.0 (Windows NT 10.0; Win64; x64) AppleWebKit/537.36 (KHTML, like Gecko) Chrome/144.0.0.0 Safari/537.36"
14.1.106.170 - - [23/Feb/2026:10:35:36 +0000] "GET /wp-content/uploads/2022/01/doctor-thumb-09-255x250.jpg HTTP/1.1" 304 0 "https://doccure-wp.dreamsmarketplace.com/specialities/neurology/" "Mozilla/5.0 (Windows NT 10.0; Win64; x64) AppleWebKit/537.36 (KHTML, like Gecko) Chrome/144.0.0.0 Safari/537.36"
14.1.106.170 - - [23/Feb/2026:10:35:36 +0000] "GET /wp-content/uploads/2022/01/doctor-thumb-09.jpg HTTP/1.1" 304 0 "https://doccure-wp.dreamsmarketplace.com/specialities/neurology/" "Mozilla/5.0 (Windows NT 10.0; Win64; x64) AppleWebKit/537.36 (KHTML, like Gecko) Chrome/144.0.0.0 Safari/537.36"
14.1.106.170 - - [23/Feb/2026:10:35:36 +0000] "GET /wp-content/uploads/2022/05/book-doctor-11-255x250.jpg HTTP/1.1" 304 0 "https://doccure-wp.dreamsmarketplace.com/specialities/neurology/" "Mozilla/5.0 (Windows NT 10.0; Win64; x64) AppleWebKit/537.36 (KHTML, like Gecko) Chrome/144.0.0.0 Safari/537.36"
14.1.106.170 - - [23/Feb/2026:10:35:36 +0000] "GET /wp-content/uploads/2026/02/book-doctor-12.jpg HTTP/1.1" 200 29898 "https://doccure-wp.dreamsmarketplace.com/doctors/ruby-perrin/" "Mozilla/5.0 (Windows NT 10.0; Win64; x64) AppleWebKit/537.36 (KHTML, like Gecko) Chrome/144.0.0.0 Safari/537.36"
14.1.106.170 - - [23/Feb/2026:10:35:36 +0000] "GET /wp-content/uploads/2026/02/book-doctor-12-255x250.jpg HTTP/1.1" 200 10374 "https://doccure-wp.dreamsmarketplace.com/doctors/ruby-perrin/" "Mozilla/5.0 (Windows NT 10.0; Win64; x64) AppleWebKit/537.36 (KHTML, like Gecko) Chrome/144.0.0.0 Safari/537.36"
14.1.106.170 - - [23/Feb/2026:10:35:37 +0000] "GET /wp-json/contact-form-7/v1/contact-forms/5785/feedback/schema HTTP/1.1" 200 343 "https://doccure-wp.dreamsmarketplace.com/doctors/ruby-perrin/" "Mozilla/5.0 (Windows NT 10.0; Win64; x64) AppleWebKit/537.36 (KHTML, like Gecko) Chrome/144.0.0.0 Safari/537.36"
14.1.106.170 - - [23/Feb/2026:10:35:38 +0000] "GET /wp-content/plugins/elementor/assets/css/widget-heading.min.css?ver=3.35.4 HTTP/1.1" 200 560 "https://doccure-wp.dreamsmarketplace.com/services/patient-ward/" "Mozilla/5.0 (Windows NT 10.0; Win64; x64) AppleWebKit/537.36 (KHTML, like Gecko) Chrome/144.0.0.0 Safari/537.36"
14.1.106.170 - - [23/Feb/2026:10:35:38 +0000] "GET /wp-content/plugins/elementor/assets/css/widget-image.min.css?ver=3.35.4 HTTP/1.1" 200 214 "https://doccure-wp.dreamsmarketplace.com/services/patient-ward/" "Mozilla/5.0 (Windows NT 10.0; Win64; x64) AppleWebKit/537.36 (KHTML, like Gecko) Chrome/144.0.0.0 Safari/537.36"
14.1.106.170 - - [23/Feb/2026:10:35:39 +0000] "GET /wp-content/uploads/elementor/css/post-4689.css?ver=1771411397 HTTP/1.1" 404 17167 "https://doccure-wp.dreamsmarketplace.com/services/patient-ward/" "Mozilla/5.0 (Windows NT 10.0; Win64; x64) AppleWebKit/537.36 (KHTML, like Gecko) Chrome/144.0.0.0 Safari/537.36"
14.1.106.170 - - [23/Feb/2026:10:35:40 +0000] "GET /wp-content/plugins/elementor/assets/js/text-editor.45609661e409413f1cef.bundle.min.js HTTP/1.1" 200 1348 "https://doccure-wp.dreamsmarketplace.com/services/patient-ward/" "Mozilla/5.0 (Windows NT 10.0; Win64; x64) AppleWebKit/537.36 (KHTML, like Gecko) Chrome/144.0.0.0 Safari/537.36"
14.1.106.170 - - [23/Feb/2026:10:35:40 +0000] "GET /wp-content/uploads/2022/03/clinic-11.jpg HTTP/1.1" 200 33461 "https://doccure-wp.dreamsmarketplace.com/about-us/" "Mozilla/5.0 (Windows NT 10.0; Win64; x64) AppleWebKit/537.36 (KHTML, like Gecko) Chrome/144.0.0.0 Safari/537.36"
14.1.106.170 - - [23/Feb/2026:10:35:40 +0000] "GET /wp-content/uploads/2022/03/clinic-18-1.jpg HTTP/1.1" 200 33039 "https://doccure-wp.dreamsmarketplace.com/about-us/" "Mozilla/5.0 (Windows NT 10.0; Win64; x64) AppleWebKit/537.36 (KHTML, like Gecko) Chrome/144.0.0.0 Safari/537.36"
14.1.106.170 - - [23/Feb/2026:10:35:40 +0000] "GET /wp-content/uploads/2021/09/doctor-05-1-300x300.jpg HTTP/1.1" 200 11176 "https://doccure-wp.dreamsmarketplace.com/about-us/" "Mozilla/5.0 (Windows NT 10.0; Win64; x64) AppleWebKit/537.36 (KHTML, like Gecko) Chrome/144.0.0.0 Safari/537.36"
14.1.106.170 - - [23/Feb/2026:10:35:40 +0000] "GET /wp-content/uploads/2022/06/feature-03-2-1.jpg HTTP/1.1" 200 64538 "https://doccure-wp.dreamsmarketplace.com/about-us/" "Mozilla/5.0 (Windows NT 10.0; Win64; x64) AppleWebKit/537.36 (KHTML, like Gecko) Chrome/144.0.0.0 Safari/537.36"
14.1.106.170 - - [23/Feb/2026:10:35:40 +0000] "GET /wp-content/uploads/2021/09/feature-3.jpg HTTP/1.1" 200 60403 "https://doccure-wp.dreamsmarketplace.com/about-us/" "Mozilla/5.0 (Windows NT 10.0; Win64; x64) AppleWebKit/537.36 (KHTML, like Gecko) Chrome/144.0.0.0 Safari/537.36"
14.1.106.170 - - [23/Feb/2026:10:35:40 +0000] "GET /wp-content/themes/doccure/assets/images/shape-11.png HTTP/1.1" 200 14500 "https://doccure-wp.dreamsmarketplace.com/wp-content/themes/doccure/assets/css/theme.css?ver=1.4.0" "Mozilla/5.0 (Windows NT 10.0; Win64; x64) AppleWebKit/537.36 (KHTML, like Gecko) Chrome/144.0.0.0 Safari/537.36"
14.1.106.170 - - [23/Feb/2026:10:35:46 +0000] "GET /wp-json/contact-form-7/v1/contact-forms/5785/feedback/schema HTTP/1.1" 200 343 "https://doccure-wp.dreamsmarketplace.com/blog/" "Mozilla/5.0 (Windows NT 10.0; Win64; x64) AppleWebKit/537.36 (KHTML, like Gecko) Chrome/144.0.0.0 Safari/537.36"
14.1.106.170 - - [23/Feb/2026:10:35:48 +0000] "GET /wp-json/contact-form-7/v1/contact-forms/5785/feedback/schema HTTP/1.1" 200 343 "https://doccure-wp.dreamsmarketplace.com/services/patient-ward/" "Mozilla/5.0 (Windows NT 10.0; Win64; x64) AppleWebKit/537.36 (KHTML, like Gecko) Chrome/144.0.0.0 Safari/537.36"
14.1.106.170 - - [23/Feb/2026:10:35:49 +0000] "GET /wp-json/contact-form-7/v1/contact-forms/5785/feedback/schema HTTP/1.1" 200 343 "https://doccure-wp.dreamsmarketplace.com/about-us/" "Mozilla/5.0 (Windows NT 10.0; Win64; x64) AppleWebKit/537.36 (KHTML, like Gecko) Chrome/144.0.0.0 Safari/537.36"
14.1.106.170 - - [23/Feb/2026:10:35:50 +0000] "GET /wp-json/contact-form-7/v1/contact-forms/5785/feedback/schema HTTP/1.1" 200 343 "https://doccure-wp.dreamsmarketplace.com/" "Mozilla/5.0 (Windows NT 10.0; Win64; x64) AppleWebKit/537.36 (KHTML, like Gecko) Chrome/144.0.0.0 Safari/537.36"
14.1.106.170 - - [23/Feb/2026:10:35:52 +0000] "GET /wp-json/contact-form-7/v1/contact-forms/5785/feedback/schema HTTP/1.1" 200 343 "https://doccure-wp.dreamsmarketplace.com/" "Mozilla/5.0 (Windows NT 10.0; Win64; x64) AppleWebKit/537.36 (KHTML, like Gecko) Chrome/144.0.0.0 Safari/537.36"
14.1.106.170 - - [23/Feb/2026:10:35:57 +0000] "GET /wp-content/uploads/2022/05/book-doctor-11.jpg HTTP/1.1" 304 0 "https://doccure-wp.dreamsmarketplace.com/specialities/neurology/" "Mozilla/5.0 (Windows NT 10.0; Win64; x64) AppleWebKit/537.36 (KHTML, like Gecko) Chrome/144.0.0.0 Safari/537.36"
14.1.106.170 - - [23/Feb/2026:10:35:58 +0000] "GET /wp-json/contact-form-7/v1/contact-forms/5785/feedback/schema HTTP/1.1" 200 343 "https://doccure-wp.dreamsmarketplace.com/specialities/neurology/" "Mozilla/5.0 (Windows NT 10.0; Win64; x64) AppleWebKit/537.36 (KHTML, like Gecko) Chrome/144.0.0.0 Safari/537.36"
14.1.106.170 - - [23/Feb/2026:10:36:25 +0000] "GET /wp-content/uploads/2022/08/feature-02-2-1.jpg HTTP/1.1" 200 63966 "https://doccure-wp.dreamsmarketplace.com/services/" "Mozilla/5.0 (Windows NT 10.0; Win64; x64) AppleWebKit/537.36 (KHTML, like Gecko) Chrome/144.0.0.0 Safari/537.36"
14.1.106.170 - - [23/Feb/2026:10:36:27 +0000] "GET /wp-content/uploads/2021/08/feature6.jpg HTTP/1.1" 200 60123 "https://doccure-wp.dreamsmarketplace.com/services/" "Mozilla/5.0 (Windows NT 10.0; Win64; x64) AppleWebKit/537.36 (KHTML, like Gecko) Chrome/144.0.0.0 Safari/537.36"
172.187.168.139 - - [23/Feb/2026:10:37:12 +0000] "POST /wp-cron.php?doing_wp_cron=1771843032.1444880962371826171875 HTTP/1.1" 200 31 "-" "WordPress/6.9.1; https://doccure-wp.dreamsmarketplace.com"
14.1.106.170 - - [23/Feb/2026:10:37:12 +0000] "GET /wp-json/contact-form-7/v1/contact-forms/5785/feedback/schema HTTP/1.1" 200 343 "https://doccure-wp.dreamsmarketplace.com/services/" "Mozilla/5.0 (Windows NT 10.0; Win64; x64) AppleWebKit/537.36 (KHTML, like Gecko) Chrome/144.0.0.0 Safari/537.36"
172.187.168.139 - - [23/Feb/2026:10:38:11 +0000] "POST /wp-cron.php?doing_wp_cron=1771843091.8100509643554687500000 HTTP/1.1" 200 31 "-" "WordPress/6.9.1; https://doccure-wp.dreamsmarketplace.com"
14.1.106.170 - - [23/Feb/2026:10:38:11 +0000] "GET /login HTTP/1.1" 200 18509 "https://doccure-wp.dreamsmarketplace.com/about-us/" "Mozilla/5.0 (Windows NT 10.0; Win64; x64) AppleWebKit/537.36 (KHTML, like Gecko) Chrome/144.0.0.0 Safari/537.36"
14.1.106.170 - - [23/Feb/2026:10:38:12 +0000] "GET /wp-content/themes/doccure/assets/images/login-banner.png HTTP/1.1" 304 0 "https://doccure-wp.dreamsmarketplace.com/login" "Mozilla/5.0 (Windows NT 10.0; Win64; x64) AppleWebKit/537.36 (KHTML, like Gecko) Chrome/144.0.0.0 Safari/537.36"
172.187.168.139 - - [23/Feb/2026:10:38:14 +0000] "POST /wp-cron.php?doing_wp_cron=1771843094.1928811073303222656250 HTTP/1.1" 200 31 "-" "WordPress/6.9.1; https://doccure-wp.dreamsmarketplace.com"
14.1.106.170 - - [23/Feb/2026:10:38:14 +0000] "GET /wp-json/contact-form-7/v1/contact-forms/5785/feedback/schema HTTP/1.1" 200 343 "https://doccure-wp.dreamsmarketplace.com/login" "Mozilla/5.0 (Windows NT 10.0; Win64; x64) AppleWebKit/537.36 (KHTML, like Gecko) Chrome/144.0.0.0 Safari/537.36"
14.1.106.170 - - [23/Feb/2026:10:38:59 +0000] "POST /wp-admin/admin-ajax.php HTTP/1.1" 200 175 "https://doccure-wp.dreamsmarketplace.com/login" "Mozilla/5.0 (Windows NT 10.0; Win64; x64) AppleWebKit/537.36 (KHTML, like Gecko) Chrome/144.0.0.0 Safari/537.36"
172.187.168.139 - - [23/Feb/2026:10:39:38 +0000] "POST /wp-cron.php?doing_wp_cron=1771843178.4198050498962402343750 HTTP/1.1" 200 31 "-" "WordPress/6.9.1; https://doccure-wp.dreamsmarketplace.com"
14.1.106.170 - - [23/Feb/2026:10:39:38 +0000] "GET /dashboard/?ref=insights&identity=132 HTTP/1.1" 200 15969 "https://doccure-wp.dreamsmarketplace.com/login" "Mozilla/5.0 (Windows NT 10.0; Win64; x64) AppleWebKit/537.36 (KHTML, like Gecko) Chrome/144.0.0.0 Safari/537.36"
14.1.106.170 - - [23/Feb/2026:10:39:47 +0000] "GET /wp-content/themes/doccure/assets/css/basictable.css?ver=1.5.3 HTTP/1.1" 304 0 "https://doccure-wp.dreamsmarketplace.com/dashboard/?ref=insights&identity=132" "Mozilla/5.0 (Windows NT 10.0; Win64; x64) AppleWebKit/537.36 (KHTML, like Gecko) Chrome/144.0.0.0 Safari/537.36"
14.1.106.170 - - [23/Feb/2026:10:39:47 +0000] "GET /wp-content/themes/doccure/assets/css/frontenddashboard.css?ver=1.5.3 HTTP/1.1" 304 0 "https://doccure-wp.dreamsmarketplace.com/dashboard/?ref=insights&identity=132" "Mozilla/5.0 (Windows NT 10.0; Win64; x64) AppleWebKit/537.36 (KHTML, like Gecko) Chrome/144.0.0.0 Safari/537.36"
14.1.106.170 - - [23/Feb/2026:10:39:47 +0000] "GET /wp-content/themes/doccure/assets/images/icon-01.png HTTP/1.1" 304 0 "https://doccure-wp.dreamsmarketplace.com/dashboard/?ref=insights&identity=132" "Mozilla/5.0 (Windows NT 10.0; Win64; x64) AppleWebKit/537.36 (KHTML, like Gecko) Chrome/144.0.0.0 Safari/537.36"
14.1.106.170 - - [23/Feb/2026:10:39:47 +0000] "GET /wp-content/themes/doccure/assets/images/icon-03.png HTTP/1.1" 200 917 "https://doccure-wp.dreamsmarketplace.com/dashboard/?ref=insights&identity=132" "Mozilla/5.0 (Windows NT 10.0; Win64; x64) AppleWebKit/537.36 (KHTML, like Gecko) Chrome/144.0.0.0 Safari/537.36"
172.187.168.139 - - [23/Feb/2026:10:41:07 +0000] "POST /wp-cron.php?doing_wp_cron=1771843267.9242899417877197265625 HTTP/1.1" 200 31 "-" "WordPress/6.9.1; https://doccure-wp.dreamsmarketplace.com"
14.1.106.170 - - [23/Feb/2026:10:41:07 +0000] "GET /register HTTP/1.1" 200 16702 "https://doccure-wp.dreamsmarketplace.com/blog/" "Mozilla/5.0 (Windows NT 10.0; Win64; x64) AppleWebKit/537.36 (KHTML, like Gecko) Chrome/144.0.0.0 Safari/537.36"
172.187.168.139 - - [23/Feb/2026:10:41:17 +0000] "POST /wp-cron.php?doing_wp_cron=1771843277.8851659297943115234375 HTTP/1.1" 200 31 "-" "WordPress/6.9.1; https://doccure-wp.dreamsmarketplace.com"
14.1.106.170 - - [23/Feb/2026:10:41:17 +0000] "GET /register HTTP/1.1" 200 16702 "https://doccure-wp.dreamsmarketplace.com/blog/" "Mozilla/5.0 (Windows NT 10.0; Win64; x64) AppleWebKit/537.36 (KHTML, like Gecko) Chrome/144.0.0.0 Safari/537.36"
2a03:2880:f800:28:: - - [23/Feb/2026:10:41:22 +0000] "GET /diseases/skin-allergies/feed/ HTTP/1.1" 200 3983 "-" "meta-externalagent/1.1 (+https://developers.facebook.com/docs/sharing/webmasters/crawler)"
14.1.106.170 - - [23/Feb/2026:10:41:48 +0000] "GET /wp-content/uploads/2026/02/user-03-1.jpg HTTP/1.1" 304 0 "https://doccure-wp.dreamsmarketplace.com/dashboard/?ref=insights&identity=132" "Mozilla/5.0 (Windows NT 10.0; Win64; x64) AppleWebKit/537.36 (KHTML, like Gecko) Chrome/144.0.0.0 Safari/537.36"
14.1.106.170 - - [23/Feb/2026:10:41:51 +0000] "GET /wp-content/uploads/2021/12/doctor-05-1-100x100.jpg HTTP/1.1" 304 0 "https://doccure-wp.dreamsmarketplace.com/register" "Mozilla/5.0 (Windows NT 10.0; Win64; x64) AppleWebKit/537.36 (KHTML, like Gecko) Chrome/144.0.0.0 Safari/537.36"
14.1.106.170 - - [23/Feb/2026:10:41:51 +0000] "GET /wp-content/themes/doccure/assets/images/Background-doc_dashboard.png HTTP/1.1" 304 0 "https://doccure-wp.dreamsmarketplace.com/wp-content/themes/doccure/assets/css/theme-new.css?ver=1.4.0" "Mozilla/5.0 (Windows NT 10.0; Win64; x64) AppleWebKit/537.36 (KHTML, like Gecko) Chrome/144.0.0.0 Safari/537.36"
14.1.106.170 - - [23/Feb/2026:10:41:52 +0000] "GET /wp-json/contact-form-7/v1/contact-forms/5785/feedback/schema HTTP/1.1" 200 343 "https://doccure-wp.dreamsmarketplace.com/register" "Mozilla/5.0 (Windows NT 10.0; Win64; x64) AppleWebKit/537.36 (KHTML, like Gecko) Chrome/144.0.0.0 Safari/537.36"
172.187.168.139 - - [23/Feb/2026:10:42:26 +0000] "POST /wp-cron.php?doing_wp_cron=1771843346.1590039730072021484375 HTTP/1.1" 200 31 "-" "WordPress/6.9.1; https://doccure-wp.dreamsmarketplace.com"
14.1.106.170 - - [23/Feb/2026:10:42:26 +0000] "GET /dashboard/?ref=insights&identity=132 HTTP/1.1" 200 15969 "https://doccure-wp.dreamsmarketplace.com/register" "Mozilla/5.0 (Windows NT 10.0; Win64; x64) AppleWebKit/537.36 (KHTML, like Gecko) Chrome/144.0.0.0 Safari/537.36"
14.1.106.170 - - [23/Feb/2026:10:42:57 +0000] "GET /wp-login.php?action=logout&redirect_to=https%3A%2F%2Fdoccure-wp.dreamsmarketplace.com%2F&_wpnonce=49930f9ed2 HTTP/1.1" 302 11 "https://doccure-wp.dreamsmarketplace.com/dashboard/?ref=insights&identity=132" "Mozilla/5.0 (Windows NT 10.0; Win64; x64) AppleWebKit/537.36 (KHTML, like Gecko) Chrome/144.0.0.0 Safari/537.36"
14.1.106.170 - - [23/Feb/2026:10:42:58 +0000] "GET / HTTP/1.1" 200 29344 "https://doccure-wp.dreamsmarketplace.com/dashboard/?ref=insights&identity=132" "Mozilla/5.0 (Windows NT 10.0; Win64; x64) AppleWebKit/537.36 (KHTML, like Gecko) Chrome/144.0.0.0 Safari/537.36"
14.1.106.170 - - [23/Feb/2026:10:43:05 +0000] "GET /wp-json/contact-form-7/v1/contact-forms/5785/feedback/schema HTTP/1.1" 200 343 "https://doccure-wp.dreamsmarketplace.com/" "Mozilla/5.0 (Windows NT 10.0; Win64; x64) AppleWebKit/537.36 (KHTML, like Gecko) Chrome/144.0.0.0 Safari/537.36"
172.187.168.139 - - [23/Feb/2026:10:43:32 +0000] "POST /wp-cron.php?doing_wp_cron=1771843412.9196720123291015625000 HTTP/1.1" 200 31 "-" "WordPress/6.9.1; https://doccure-wp.dreamsmarketplace.com"
14.1.106.170 - - [23/Feb/2026:10:43:32 +0000] "GET /login HTTP/1.1" 200 18509 "https://doccure-wp.dreamsmarketplace.com/" "Mozilla/5.0 (Windows NT 10.0; Win64; x64) AppleWebKit/537.36 (KHTML, like Gecko) Chrome/144.0.0.0 Safari/537.36"
14.1.106.170 - - [23/Feb/2026:10:43:35 +0000] "GET /wp-json/contact-form-7/v1/contact-forms/5785/feedback/schema HTTP/1.1" 200 343 "https://doccure-wp.dreamsmarketplace.com/login" "Mozilla/5.0 (Windows NT 10.0; Win64; x64) AppleWebKit/537.36 (KHTML, like Gecko) Chrome/144.0.0.0 Safari/537.36"
14.1.106.170 - - [23/Feb/2026:10:43:47 +0000] "POST /wp-admin/admin-ajax.php HTTP/1.1" 200 175 "https://doccure-wp.dreamsmarketplace.com/login" "Mozilla/5.0 (Windows NT 10.0; Win64; x64) AppleWebKit/537.36 (KHTML, like Gecko) Chrome/144.0.0.0 Safari/537.36"
14.1.106.170 - - [23/Feb/2026:10:43:50 +0000] "GET /dashboard/?ref=insights&identity=62 HTTP/1.1" 200 19138 "https://doccure-wp.dreamsmarketplace.com/login" "Mozilla/5.0 (Windows NT 10.0; Win64; x64) AppleWebKit/537.36 (KHTML, like Gecko) Chrome/144.0.0.0 Safari/537.36"
2a03:2880:f800:22:: - - [23/Feb/2026:10:43:52 +0000] "GET /home-2/feed/ HTTP/1.1" 200 777 "-" "meta-externalagent/1.1 (+https://developers.facebook.com/docs/sharing/webmasters/crawler)"
14.1.106.170 - - [23/Feb/2026:10:43:53 +0000] "GET /wp-content/uploads/2026/02/user-03-1-255x250.jpg HTTP/1.1" 200 12783 "https://doccure-wp.dreamsmarketplace.com/dashboard/?ref=insights&identity=62" "Mozilla/5.0 (Windows NT 10.0; Win64; x64) AppleWebKit/537.36 (KHTML, like Gecko) Chrome/144.0.0.0 Safari/537.36"
14.1.106.170 - - [23/Feb/2026:10:43:53 +0000] "GET /wp-content/uploads/2022/05/book-doctor-10.jpg HTTP/1.1" 304 0 "https://doccure-wp.dreamsmarketplace.com/dashboard/?ref=insights&identity=62" "Mozilla/5.0 (Windows NT 10.0; Win64; x64) AppleWebKit/537.36 (KHTML, like Gecko) Chrome/144.0.0.0 Safari/537.36"
14.1.106.170 - - [23/Feb/2026:10:43:54 +0000] "GET /wp-content/themes/doccure/assets/images/patient-sidebar-bg.jpg HTTP/1.1" 200 39548 "https://doccure-wp.dreamsmarketplace.com/wp-content/themes/doccure/assets/css/dashboard.css?ver=6.9.1" "Mozilla/5.0 (Windows NT 10.0; Win64; x64) AppleWebKit/537.36 (KHTML, like Gecko) Chrome/144.0.0.0 Safari/537.36"
14.1.106.170 - - [23/Feb/2026:10:43:54 +0000] "GET /wp-content/themes/doccure/assets/images/dravatar-40x40.jpg HTTP/1.1" 200 7751 "https://doccure-wp.dreamsmarketplace.com/dashboard/?ref=insights&identity=62" "Mozilla/5.0 (Windows NT 10.0; Win64; x64) AppleWebKit/537.36 (KHTML, like Gecko) Chrome/144.0.0.0 Safari/537.36"
14.1.106.170 - - [23/Feb/2026:10:43:55 +0000] "GET /wp-json/contact-form-7/v1/contact-forms/5785/feedback/schema HTTP/1.1" 200 343 "https://doccure-wp.dreamsmarketplace.com/dashboard/?ref=insights&identity=62" "Mozilla/5.0 (Windows NT 10.0; Win64; x64) AppleWebKit/537.36 (KHTML, like Gecko) Chrome/144.0.0.0 Safari/537.36"
172.187.168.139 - - [23/Feb/2026:10:44:20 +0000] "POST /wp-cron.php?doing_wp_cron=1771843460.3967819213867187500000 HTTP/1.1" 200 31 "-" "WordPress/6.9.1; https://doccure-wp.dreamsmarketplace.com"
2a03:2880:f800:12:: - - [23/Feb/2026:10:44:20 +0000] "GET /laboratory-tests/li/feed/ HTTP/1.1" 200 3951 "-" "meta-externalagent/1.1 (+https://developers.facebook.com/docs/sharing/webmasters/crawler)"
2a03:2880:f800:3f:: - - [23/Feb/2026:10:44:51 +0000] "GET /wp-json/wp/v2/pages/4306 HTTP/1.1" 200 1856 "-" "meta-externalagent/1.1 (+https://developers.facebook.com/docs/sharing/webmasters/crawler)"
2a06:98c0:3600::103 - - [23/Feb/2026:10:46:29 +0000] "GET /landing/assets/img/responsive-img.png HTTP/1.1" 200 67031 "-" "Mozilla/5.0 (Windows NT 10.0; Win64; x64; rv:109.0) Gecko/20100101 Firefox/115.0"
2a06:98c0:3600::103 - - [23/Feb/2026:10:46:57 +0000] "GET /landing/assets/img/responsive-img.png HTTP/1.1" 200 67031 "-" "Mozilla/5.0 (Windows NT 10.0; Win64; x64; rv:109.0) Gecko/20100101 Firefox/115.0"
2a03:2880:f800:28:: - - [23/Feb/2026:10:48:14 +0000] "GET /specialities/neurology/feed/ HTTP/1.1" 200 2897 "-" "meta-externalagent/1.1 (+https://developers.facebook.com/docs/sharing/webmasters/crawler)"
172.187.168.139 - - [23/Feb/2026:10:48:14 +0000] "POST /wp-cron.php?doing_wp_cron=1771843694.5182230472564697265625 HTTP/1.1" 200 31 "-" "WordPress/6.9.1; https://doccure-wp.dreamsmarketplace.com"
2a03:2880:18ff:4e:: - - [23/Feb/2026:10:48:14 +0000] "GET /robots.txt HTTP/1.1" 200 426 "-" "facebookexternalhit/1.1 (+http://www.facebook.com/externalhit_uatext.php)"
172.187.168.139 - - [23/Feb/2026:10:49:15 +0000] "POST /wp-cron.php?doing_wp_cron=1771843755.4063880443572998046875 HTTP/1.1" 200 31 "-" "WordPress/6.9.1; https://doccure-wp.dreamsmarketplace.com"
2a03:2880:f800:44:: - - [23/Feb/2026:10:49:15 +0000] "GET /specialities/ultrasound/ HTTP/1.1" 200 18550 "-" "meta-externalagent/1.1 (+https://developers.facebook.com/docs/sharing/webmasters/crawler)"
2401:4900:1f3d:bf3d:154d:65b1:d2f4:cf6e - - [23/Feb/2026:10:51:12 +0000] "GET /landing/ HTTP/1.1" 304 0 "https://preview.themeforest.net/" "Mozilla/5.0 (Windows NT 10.0; Win64; x64) AppleWebKit/537.36 (KHTML, like Gecko) Chrome/145.0.0.0 Safari/537.36"
2401:4900:1f3d:bf3d:154d:65b1:d2f4:cf6e - - [23/Feb/2026:10:51:13 +0000] "GET /landing/assets/plugins/fontawesome/webfonts/fa-solid-900.woff2 HTTP/1.1" 304 0 "https://doccure-wp.dreamsmarketplace.com/landing/assets/plugins/fontawesome/css/all.min.css" "Mozilla/5.0 (Windows NT 10.0; Win64; x64) AppleWebKit/537.36 (KHTML, like Gecko) Chrome/145.0.0.0 Safari/537.36"
2401:4900:1f3d:bf3d:154d:65b1:d2f4:cf6e - - [23/Feb/2026:10:51:14 +0000] "GET /landing/assets/img/banner-bg.jpg HTTP/1.1" 304 0 "https://doccure-wp.dreamsmarketplace.com/landing/assets/css/style.css" "Mozilla/5.0 (Windows NT 10.0; Win64; x64) AppleWebKit/537.36 (KHTML, like Gecko) Chrome/145.0.0.0 Safari/537.36"
2401:4900:1f3d:bf3d:154d:65b1:d2f4:cf6e - - [23/Feb/2026:10:51:17 +0000] "GET /landing/assets/img/home_bg1.png HTTP/1.1" 200 2983 "https://doccure-wp.dreamsmarketplace.com/landing/assets/css/style.css" "Mozilla/5.0 (Windows NT 10.0; Win64; x64) AppleWebKit/537.36 (KHTML, like Gecko) Chrome/145.0.0.0 Safari/537.36"
172.187.168.139 - - [23/Feb/2026:10:51:59 +0000] "POST /wp-cron.php?doing_wp_cron=1771843919.6016399860382080078125 HTTP/1.1" 200 31 "-" "WordPress/6.9.1; https://doccure-wp.dreamsmarketplace.com"
2a03:2880:f800:39:: - - [23/Feb/2026:10:51:59 +0000] "GET /?p=70 HTTP/1.1" 301 11 "-" "meta-externalagent/1.1 (+https://developers.facebook.com/docs/sharing/webmasters/crawler)"
172.187.168.139 - - [23/Feb/2026:10:52:40 +0000] "POST /wp-cron.php?doing_wp_cron=1771843960.4194569587707519531250 HTTP/1.1" 200 31 "-" "WordPress/6.9.1; https://doccure-wp.dreamsmarketplace.com"
157.55.39.194 - - [23/Feb/2026:10:52:40 +0000] "GET /wp-json/wp/v2/pages/1933 HTTP/1.1" 200 1816 "-" "Mozilla/5.0 AppleWebKit/537.36 (KHTML, like Gecko; compatible; bingbot/2.0; +http://www.bing.com/bingbot.htm) Chrome/116.0.1938.76 Safari/537.36"
172.187.168.139 - - [23/Feb/2026:10:53:31 +0000] "POST /wp-cron.php?doing_wp_cron=1771844011.5376760959625244140625 HTTP/1.1" 200 31 "-" "WordPress/6.9.1; https://doccure-wp.dreamsmarketplace.com"
2a03:2880:f800:2:: - - [23/Feb/2026:10:53:31 +0000] "GET /wp-json/oembed/1.0/embed?url=https%3A%2F%2Fdoccure-wp.dreamsmarketplace.com%2Fprescription%2Femily-rival-2%2F HTTP/1.1" 200 2338 "-" "meta-externalagent/1.1 (+https://developers.facebook.com/docs/sharing/webmasters/crawler)"
122.186.150.42 - - [23/Feb/2026:10:53:35 +0000] "GET /landing/ HTTP/1.1" 200 4621 "https://preview.themeforest.net/" "Mozilla/5.0 (Windows NT 10.0; Win64; x64) AppleWebKit/537.36 (KHTML, like Gecko) Chrome/145.0.0.0 Safari/537.36"
66.249.66.195 - - [23/Feb/2026:10:53:57 +0000] "GET /robots.txt HTTP/1.1" 200 426 "-" "Mozilla/5.0 (compatible; Googlebot/2.1; +http://www.google.com/bot.html)"
122.186.150.42 - - [23/Feb/2026:10:54:04 +0000] "GET / HTTP/1.1" 200 29344 "https://doccure-wp.dreamsmarketplace.com/landing/" "Mozilla/5.0 (Windows NT 10.0; Win64; x64) AppleWebKit/537.36 (KHTML, like Gecko) Chrome/145.0.0.0 Safari/537.36"
122.186.150.42 - - [23/Feb/2026:10:54:05 +0000] "GET /wp-content/uploads/elementor/css/post-5756.css?ver=1771388792 HTTP/1.1" 304 0 "https://doccure-wp.dreamsmarketplace.com/" "Mozilla/5.0 (Windows NT 10.0; Win64; x64) AppleWebKit/537.36 (KHTML, like Gecko) Chrome/145.0.0.0 Safari/537.36"
122.186.150.42 - - [23/Feb/2026:10:54:05 +0000] "GET /wp-content/uploads/2025/01/banner-user1-1.jpg HTTP/1.1" 304 0 "https://doccure-wp.dreamsmarketplace.com/" "Mozilla/5.0 (Windows NT 10.0; Win64; x64) AppleWebKit/537.36 (KHTML, like Gecko) Chrome/145.0.0.0 Safari/537.36"
122.186.150.42 - - [23/Feb/2026:10:54:07 +0000] "GET /wp-content/uploads/2025/01/banner-user2-1.jpg HTTP/1.1" 304 0 "https://doccure-wp.dreamsmarketplace.com/" "Mozilla/5.0 (Windows NT 10.0; Win64; x64) AppleWebKit/537.36 (KHTML, like Gecko) Chrome/145.0.0.0 Safari/537.36"
122.186.150.42 - - [23/Feb/2026:10:54:09 +0000] "GET /wp-content/uploads/2025/01/banner-user3-1.jpg HTTP/1.1" 304 0 "https://doccure-wp.dreamsmarketplace.com/" "Mozilla/5.0 (Windows NT 10.0; Win64; x64) AppleWebKit/537.36 (KHTML, like Gecko) Chrome/145.0.0.0 Safari/537.36"
122.186.150.42 - - [23/Feb/2026:10:54:10 +0000] "GET /wp-content/uploads/2025/01/banner-patient-3-1.jpg HTTP/1.1" 304 0 "https://doccure-wp.dreamsmarketplace.com/" "Mozilla/5.0 (Windows NT 10.0; Win64; x64) AppleWebKit/537.36 (KHTML, like Gecko) Chrome/145.0.0.0 Safari/537.36"
122.186.150.42 - - [23/Feb/2026:10:54:10 +0000] "GET /wp-content/uploads/2025/01/list-icon-02-1.svg HTTP/1.1" 304 0 "https://doccure-wp.dreamsmarketplace.com/" "Mozilla/5.0 (Windows NT 10.0; Win64; x64) AppleWebKit/537.36 (KHTML, like Gecko) Chrome/145.0.0.0 Safari/537.36"
122.186.150.42 - - [23/Feb/2026:10:54:10 +0000] "GET /wp-content/uploads/2025/01/banner-icon-2-1.png HTTP/1.1" 304 0 "https://doccure-wp.dreamsmarketplace.com/" "Mozilla/5.0 (Windows NT 10.0; Win64; x64) AppleWebKit/537.36 (KHTML, like Gecko) Chrome/145.0.0.0 Safari/537.36"
122.186.150.42 - - [23/Feb/2026:10:54:10 +0000] "GET /wp-content/uploads/2025/01/list-icon-07-1.svg HTTP/1.1" 304 0 "https://doccure-wp.dreamsmarketplace.com/" "Mozilla/5.0 (Windows NT 10.0; Win64; x64) AppleWebKit/537.36 (KHTML, like Gecko) Chrome/145.0.0.0 Safari/537.36"
122.186.150.42 - - [23/Feb/2026:10:54:10 +0000] "GET /wp-content/uploads/2025/01/banner-doctor-1.svg HTTP/1.1" 304 0 "https://doccure-wp.dreamsmarketplace.com/" "Mozilla/5.0 (Windows NT 10.0; Win64; x64) AppleWebKit/537.36 (KHTML, like Gecko) Chrome/145.0.0.0 Safari/537.36"
122.186.150.42 - - [23/Feb/2026:10:54:10 +0000] "GET /wp-content/uploads/2025/01/speciality-04-1.jpg HTTP/1.1" 304 0 "https://doccure-wp.dreamsmarketplace.com/" "Mozilla/5.0 (Windows NT 10.0; Win64; x64) AppleWebKit/537.36 (KHTML, like Gecko) Chrome/145.0.0.0 Safari/537.36"
122.186.150.42 - - [23/Feb/2026:10:54:10 +0000] "GET /wp-content/uploads/2025/01/list-icon-06-1.svg HTTP/1.1" 304 0 "https://doccure-wp.dreamsmarketplace.com/" "Mozilla/5.0 (Windows NT 10.0; Win64; x64) AppleWebKit/537.36 (KHTML, like Gecko) Chrome/145.0.0.0 Safari/537.36"
122.186.150.42 - - [23/Feb/2026:10:54:10 +0000] "GET /wp-content/uploads/2025/01/list-icon-01-1.svg HTTP/1.1" 304 0 "https://doccure-wp.dreamsmarketplace.com/" "Mozilla/5.0 (Windows NT 10.0; Win64; x64) AppleWebKit/537.36 (KHTML, like Gecko) Chrome/145.0.0.0 Safari/537.36"
122.186.150.42 - - [23/Feb/2026:10:54:10 +0000] "GET /wp-content/uploads/2025/01/banner-icon-4-1.png HTTP/1.1" 304 0 "https://doccure-wp.dreamsmarketplace.com/" "Mozilla/5.0 (Windows NT 10.0; Win64; x64) AppleWebKit/537.36 (KHTML, like Gecko) Chrome/145.0.0.0 Safari/537.36"
122.186.150.42 - - [23/Feb/2026:10:54:10 +0000] "GET /wp-content/uploads/2025/01/banner-icon-3-1.png HTTP/1.1" 304 0 "https://doccure-wp.dreamsmarketplace.com/" "Mozilla/5.0 (Windows NT 10.0; Win64; x64) AppleWebKit/537.36 (KHTML, like Gecko) Chrome/145.0.0.0 Safari/537.36"
122.186.150.42 - - [23/Feb/2026:10:54:10 +0000] "GET /wp-content/uploads/2025/01/speciality-01-1.jpg HTTP/1.1" 304 0 "https://doccure-wp.dreamsmarketplace.com/" "Mozilla/5.0 (Windows NT 10.0; Win64; x64) AppleWebKit/537.36 (KHTML, like Gecko) Chrome/145.0.0.0 Safari/537.36"
122.186.150.42 - - [23/Feb/2026:10:54:10 +0000] "GET /wp-content/uploads/2025/01/list-icon-03-1.svg HTTP/1.1" 304 0 "https://doccure-wp.dreamsmarketplace.com/" "Mozilla/5.0 (Windows NT 10.0; Win64; x64) AppleWebKit/537.36 (KHTML, like Gecko) Chrome/145.0.0.0 Safari/537.36"
122.186.150.42 - - [23/Feb/2026:10:54:10 +0000] "GET /wp-content/uploads/2025/01/list-icon-04-1.svg HTTP/1.1" 304 0 "https://doccure-wp.dreamsmarketplace.com/" "Mozilla/5.0 (Windows NT 10.0; Win64; x64) AppleWebKit/537.36 (KHTML, like Gecko) Chrome/145.0.0.0 Safari/537.36"
122.186.150.42 - - [23/Feb/2026:10:54:10 +0000] "GET /wp-content/uploads/2025/01/list-icon-05-1.svg HTTP/1.1" 304 0 "https://doccure-wp.dreamsmarketplace.com/" "Mozilla/5.0 (Windows NT 10.0; Win64; x64) AppleWebKit/537.36 (KHTML, like Gecko) Chrome/145.0.0.0 Safari/537.36"
122.186.150.42 - - [23/Feb/2026:10:54:10 +0000] "GET /wp-content/uploads/2025/01/video-1.svg HTTP/1.1" 304 0 "https://doccure-wp.dreamsmarketplace.com/" "Mozilla/5.0 (Windows NT 10.0; Win64; x64) AppleWebKit/537.36 (KHTML, like Gecko) Chrome/145.0.0.0 Safari/537.36"
122.186.150.42 - - [23/Feb/2026:10:54:10 +0000] "GET /wp-content/uploads/2025/01/banner-patient-1-1.jpg HTTP/1.1" 304 0 "https://doccure-wp.dreamsmarketplace.com/" "Mozilla/5.0 (Windows NT 10.0; Win64; x64) AppleWebKit/537.36 (KHTML, like Gecko) Chrome/145.0.0.0 Safari/537.36"
122.186.150.42 - - [23/Feb/2026:10:54:10 +0000] "GET /wp-content/uploads/2025/01/banner-patient-2-1.jpg HTTP/1.1" 304 0 "https://doccure-wp.dreamsmarketplace.com/" "Mozilla/5.0 (Windows NT 10.0; Win64; x64) AppleWebKit/537.36 (KHTML, like Gecko) Chrome/145.0.0.0 Safari/537.36"
122.186.150.42 - - [23/Feb/2026:10:54:10 +0000] "GET /wp-content/uploads/2025/01/banner-icon-1-1.png HTTP/1.1" 304 0 "https://doccure-wp.dreamsmarketplace.com/" "Mozilla/5.0 (Windows NT 10.0; Win64; x64) AppleWebKit/537.36 (KHTML, like Gecko) Chrome/145.0.0.0 Safari/537.36"
122.186.150.42 - - [23/Feb/2026:10:54:10 +0000] "GET /wp-content/uploads/2025/01/banner-icon-5-1.svg HTTP/1.1" 304 0 "https://doccure-wp.dreamsmarketplace.com/" "Mozilla/5.0 (Windows NT 10.0; Win64; x64) AppleWebKit/537.36 (KHTML, like Gecko) Chrome/145.0.0.0 Safari/537.36"
122.186.150.42 - - [23/Feb/2026:10:54:10 +0000] "GET /wp-content/uploads/2025/01/book-02-1.jpg HTTP/1.1" 304 0 "https://doccure-wp.dreamsmarketplace.com/" "Mozilla/5.0 (Windows NT 10.0; Win64; x64) AppleWebKit/537.36 (KHTML, like Gecko) Chrome/145.0.0.0 Safari/537.36"
122.186.150.42 - - [23/Feb/2026:10:54:10 +0000] "GET /wp-content/themes/doccure/assets/images/way-icon.svg HTTP/1.1" 304 0 "https://doccure-wp.dreamsmarketplace.com/" "Mozilla/5.0 (Windows NT 10.0; Win64; x64) AppleWebKit/537.36 (KHTML, like Gecko) Chrome/145.0.0.0 Safari/537.36"
122.186.150.42 - - [23/Feb/2026:10:54:10 +0000] "GET /wp-content/uploads/2025/01/company-02-1.svg HTTP/1.1" 304 0 "https://doccure-wp.dreamsmarketplace.com/" "Mozilla/5.0 (Windows NT 10.0; Win64; x64) AppleWebKit/537.36 (KHTML, like Gecko) Chrome/145.0.0.0 Safari/537.36"
122.186.150.42 - - [23/Feb/2026:10:54:10 +0000] "GET /wp-content/uploads/2026/02/book-doctor-12-300x285.jpg HTTP/1.1" 304 0 "https://doccure-wp.dreamsmarketplace.com/" "Mozilla/5.0 (Windows NT 10.0; Win64; x64) AppleWebKit/537.36 (KHTML, like Gecko) Chrome/145.0.0.0 Safari/537.36"
122.186.150.42 - - [23/Feb/2026:10:54:10 +0000] "GET /wp-content/uploads/2025/01/speciality-05-1.jpg HTTP/1.1" 304 0 "https://doccure-wp.dreamsmarketplace.com/" "Mozilla/5.0 (Windows NT 10.0; Win64; x64) AppleWebKit/537.36 (KHTML, like Gecko) Chrome/145.0.0.0 Safari/537.36"
122.186.150.42 - - [23/Feb/2026:10:54:10 +0000] "GET /wp-content/uploads/2021/08/patient3.jpg HTTP/1.1" 304 0 "https://doccure-wp.dreamsmarketplace.com/" "Mozilla/5.0 (Windows NT 10.0; Win64; x64) AppleWebKit/537.36 (KHTML, like Gecko) Chrome/145.0.0.0 Safari/537.36"
122.186.150.42 - - [23/Feb/2026:10:54:10 +0000] "GET /wp-content/uploads/2026/02/doctor-thumb-09.jpg HTTP/1.1" 304 0 "https://doccure-wp.dreamsmarketplace.com/" "Mozilla/5.0 (Windows NT 10.0; Win64; x64) AppleWebKit/537.36 (KHTML, like Gecko) Chrome/145.0.0.0 Safari/537.36"
122.186.150.42 - - [23/Feb/2026:10:54:10 +0000] "GET /wp-content/uploads/2025/01/company-01-1.svg HTTP/1.1" 304 0 "https://doccure-wp.dreamsmarketplace.com/" "Mozilla/5.0 (Windows NT 10.0; Win64; x64) AppleWebKit/537.36 (KHTML, like Gecko) Chrome/145.0.0.0 Safari/537.36"
122.186.150.42 - - [23/Feb/2026:10:54:10 +0000] "GET /wp-content/uploads/2021/12/patient2.jpg HTTP/1.1" 304 0 "https://doccure-wp.dreamsmarketplace.com/" "Mozilla/5.0 (Windows NT 10.0; Win64; x64) AppleWebKit/537.36 (KHTML, like Gecko) Chrome/145.0.0.0 Safari/537.36"
122.186.150.42 - - [23/Feb/2026:10:54:10 +0000] "GET /wp-content/themes/doccure/assets/images/dravatar-100x100.jpg HTTP/1.1" 304 0 "https://doccure-wp.dreamsmarketplace.com/" "Mozilla/5.0 (Windows NT 10.0; Win64; x64) AppleWebKit/537.36 (KHTML, like Gecko) Chrome/145.0.0.0 Safari/537.36"
122.186.150.42 - - [23/Feb/2026:10:54:10 +0000] "GET /wp-content/themes/doccure/assets/images/quote-icon.svg HTTP/1.1" 304 0 "https://doccure-wp.dreamsmarketplace.com/" "Mozilla/5.0 (Windows NT 10.0; Win64; x64) AppleWebKit/537.36 (KHTML, like Gecko) Chrome/145.0.0.0 Safari/537.36"
122.186.150.42 - - [23/Feb/2026:10:54:10 +0000] "GET /wp-content/uploads/2021/12/doctor-05-1-300x300.jpg HTTP/1.1" 304 0 "https://doccure-wp.dreamsmarketplace.com/" "Mozilla/5.0 (Windows NT 10.0; Win64; x64) AppleWebKit/537.36 (KHTML, like Gecko) Chrome/145.0.0.0 Safari/537.36"
122.186.150.42 - - [23/Feb/2026:10:54:10 +0000] "GET /wp-content/uploads/2025/01/company-04-1.svg HTTP/1.1" 304 0 "https://doccure-wp.dreamsmarketplace.com/" "Mozilla/5.0 (Windows NT 10.0; Win64; x64) AppleWebKit/537.36 (KHTML, like Gecko) Chrome/145.0.0.0 Safari/537.36"
122.186.150.42 - - [23/Feb/2026:10:54:10 +0000] "GET /wp-content/uploads/2025/01/book-01-1.jpg HTTP/1.1" 304 0 "https://doccure-wp.dreamsmarketplace.com/" "Mozilla/5.0 (Windows NT 10.0; Win64; x64) AppleWebKit/537.36 (KHTML, like Gecko) Chrome/145.0.0.0 Safari/537.36"
122.186.150.42 - - [23/Feb/2026:10:54:10 +0000] "GET /wp-content/uploads/2025/01/company-03-1.svg HTTP/1.1" 304 0 "https://doccure-wp.dreamsmarketplace.com/" "Mozilla/5.0 (Windows NT 10.0; Win64; x64) AppleWebKit/537.36 (KHTML, like Gecko) Chrome/145.0.0.0 Safari/537.36"
122.186.150.42 - - [23/Feb/2026:10:54:10 +0000] "GET /wp-content/uploads/2025/01/book-03-1.jpg HTTP/1.1" 304 0 "https://doccure-wp.dreamsmarketplace.com/" "Mozilla/5.0 (Windows NT 10.0; Win64; x64) AppleWebKit/537.36 (KHTML, like Gecko) Chrome/145.0.0.0 Safari/537.36"
122.186.150.42 - - [23/Feb/2026:10:54:10 +0000] "GET /wp-content/uploads/2025/01/company-08-1.svg HTTP/1.1" 304 0 "https://doccure-wp.dreamsmarketplace.com/" "Mozilla/5.0 (Windows NT 10.0; Win64; x64) AppleWebKit/537.36 (KHTML, like Gecko) Chrome/145.0.0.0 Safari/537.36"
122.186.150.42 - - [23/Feb/2026:10:54:10 +0000] "GET /wp-content/uploads/2025/01/company-07-1.svg HTTP/1.1" 304 0 "https://doccure-wp.dreamsmarketplace.com/" "Mozilla/5.0 (Windows NT 10.0; Win64; x64) AppleWebKit/537.36 (KHTML, like Gecko) Chrome/145.0.0.0 Safari/537.36"
122.186.150.42 - - [23/Feb/2026:10:54:10 +0000] "GET /wp-content/uploads/2025/01/company-06-1.svg HTTP/1.1" 304 0 "https://doccure-wp.dreamsmarketplace.com/" "Mozilla/5.0 (Windows NT 10.0; Win64; x64) AppleWebKit/537.36 (KHTML, like Gecko) Chrome/145.0.0.0 Safari/537.36"
122.186.150.42 - - [23/Feb/2026:10:54:10 +0000] "GET /wp-content/uploads/2025/01/company-05-1.svg HTTP/1.1" 304 0 "https://doccure-wp.dreamsmarketplace.com/" "Mozilla/5.0 (Windows NT 10.0; Win64; x64) AppleWebKit/537.36 (KHTML, like Gecko) Chrome/145.0.0.0 Safari/537.36"
122.186.150.42 - - [23/Feb/2026:10:54:10 +0000] "GET /wp-content/uploads/2021/09/patient1.jpg HTTP/1.1" 304 0 "https://doccure-wp.dreamsmarketplace.com/" "Mozilla/5.0 (Windows NT 10.0; Win64; x64) AppleWebKit/537.36 (KHTML, like Gecko) Chrome/145.0.0.0 Safari/537.36"
122.186.150.42 - - [23/Feb/2026:10:54:11 +0000] "GET /wp-content/themes/doccure/assets/images/banner-bg.png HTTP/1.1" 304 0 "https://doccure-wp.dreamsmarketplace.com/wp-content/themes/doccure/assets/css/theme.css?ver=1.4.0" "Mozilla/5.0 (Windows NT 10.0; Win64; x64) AppleWebKit/537.36 (KHTML, like Gecko) Chrome/145.0.0.0 Safari/537.36"
122.186.150.42 - - [23/Feb/2026:10:54:11 +0000] "GET /wp-content/themes/doccure/assets/images/testimonial-bg.jpg HTTP/1.1" 304 0 "https://doccure-wp.dreamsmarketplace.com/wp-content/themes/doccure/assets/css/theme-new.css?ver=1.4.0" "Mozilla/5.0 (Windows NT 10.0; Win64; x64) AppleWebKit/537.36 (KHTML, like Gecko) Chrome/145.0.0.0 Safari/537.36"
122.186.150.42 - - [23/Feb/2026:10:54:11 +0000] "GET /wp-content/themes/doccure/assets/images/reason-bg.svg HTTP/1.1" 304 0 "https://doccure-wp.dreamsmarketplace.com/wp-content/themes/doccure/assets/css/theme-new.css?ver=1.4.0" "Mozilla/5.0 (Windows NT 10.0; Win64; x64) AppleWebKit/537.36 (KHTML, like Gecko) Chrome/145.0.0.0 Safari/537.36"
172.187.168.139 - - [23/Feb/2026:10:54:16 +0000] "POST /wp-cron.php?doing_wp_cron=1771844056.3751111030578613281250 HTTP/1.1" 200 31 "-" "WordPress/6.9.1; https://doccure-wp.dreamsmarketplace.com"
122.186.150.42 - - [23/Feb/2026:10:54:16 +0000] "GET /wp-json/contact-form-7/v1/contact-forms/5785/feedback/schema HTTP/1.1" 200 343 "https://doccure-wp.dreamsmarketplace.com/" "Mozilla/5.0 (Windows NT 10.0; Win64; x64) AppleWebKit/537.36 (KHTML, like Gecko) Chrome/145.0.0.0 Safari/537.36"
122.186.150.42 - - [23/Feb/2026:10:57:01 +0000] "GET /landing/ HTTP/1.1" 200 4621 "https://preview.themeforest.net/" "Mozilla/5.0 (Windows NT 10.0; Win64; x64) AppleWebKit/537.36 (KHTML, like Gecko) Chrome/145.0.0.0 Safari/537.36"
172.187.168.139 - - [23/Feb/2026:10:57:07 +0000] "POST /wp-cron.php?doing_wp_cron=1771844227.5368530750274658203125 HTTP/1.1" 200 31 "-" "WordPress/6.9.1; https://doccure-wp.dreamsmarketplace.com"
115.244.222.166 - - [23/Feb/2026:10:57:07 +0000] "GET / HTTP/1.1" 200 29344 "https://doccure-wp.dreamsmarketplace.com/landing/" "Mozilla/5.0 (Windows NT 10.0; Win64; x64) AppleWebKit/537.36 (KHTML, like Gecko) Chrome/145.0.0.0 Safari/537.36"
115.244.222.166 - - [23/Feb/2026:10:57:10 +0000] "GET /wp-json/contact-form-7/v1/contact-forms/5785/feedback/schema HTTP/1.1" 200 343 "https://doccure-wp.dreamsmarketplace.com/" "Mozilla/5.0 (Windows NT 10.0; Win64; x64) AppleWebKit/537.36 (KHTML, like Gecko) Chrome/145.0.0.0 Safari/537.36"
172.187.168.139 - - [23/Feb/2026:10:57:25 +0000] "POST /wp-cron.php?doing_wp_cron=1771844245.9026629924774169921875 HTTP/1.1" 200 31 "-" "WordPress/6.9.1; https://doccure-wp.dreamsmarketplace.com"
115.244.222.166 - - [23/Feb/2026:10:57:25 +0000] "GET /home/ HTTP/1.1" 200 24634 "https://doccure-wp.dreamsmarketplace.com/" "Mozilla/5.0 (Windows NT 10.0; Win64; x64) AppleWebKit/537.36 (KHTML, like Gecko) Chrome/145.0.0.0 Safari/537.36"
115.244.222.166 - - [23/Feb/2026:10:57:26 +0000] "GET /wp-content/uploads/2023/07/work-03.svg HTTP/1.1" 200 8726 "https://doccure-wp.dreamsmarketplace.com/home/" "Mozilla/5.0 (Windows NT 10.0; Win64; x64) AppleWebKit/537.36 (KHTML, like Gecko) Chrome/145.0.0.0 Safari/537.36"
115.244.222.166 - - [23/Feb/2026:10:57:26 +0000] "GET /wp-content/themes/doccure/assets/images/down-arrow-img.png HTTP/1.1" 200 939 "https://doccure-wp.dreamsmarketplace.com/home/" "Mozilla/5.0 (Windows NT 10.0; Win64; x64) AppleWebKit/537.36 (KHTML, like Gecko) Chrome/145.0.0.0 Safari/537.36"
115.244.222.166 - - [23/Feb/2026:10:57:26 +0000] "GET /wp-content/themes/doccure/assets/images/header-icon.svg HTTP/1.1" 200 551 "https://doccure-wp.dreamsmarketplace.com/home/" "Mozilla/5.0 (Windows NT 10.0; Win64; x64) AppleWebKit/537.36 (KHTML, like Gecko) Chrome/145.0.0.0 Safari/537.36"
115.244.222.166 - - [23/Feb/2026:10:57:26 +0000] "GET /wp-content/uploads/2023/07/faq-img.png HTTP/1.1" 200 112081 "https://doccure-wp.dreamsmarketplace.com/home/" "Mozilla/5.0 (Windows NT 10.0; Win64; x64) AppleWebKit/537.36 (KHTML, like Gecko) Chrome/145.0.0.0 Safari/537.36"
115.244.222.166 - - [23/Feb/2026:10:57:26 +0000] "GET /wp-content/uploads/2023/07/banner-img3.png HTTP/1.1" 200 24993 "https://doccure-wp.dreamsmarketplace.com/home/" "Mozilla/5.0 (Windows NT 10.0; Win64; x64) AppleWebKit/537.36 (KHTML, like Gecko) Chrome/145.0.0.0 Safari/537.36"
115.244.222.166 - - [23/Feb/2026:10:57:26 +0000] "GET /wp-content/uploads/2023/07/banner-img.png HTTP/1.1" 200 79024 "https://doccure-wp.dreamsmarketplace.com/home/" "Mozilla/5.0 (Windows NT 10.0; Win64; x64) AppleWebKit/537.36 (KHTML, like Gecko) Chrome/145.0.0.0 Safari/537.36"
115.244.222.166 - - [23/Feb/2026:10:57:26 +0000] "GET /wp-content/uploads/2024/06/partners-6.svg HTTP/1.1" 200 4692 "https://doccure-wp.dreamsmarketplace.com/home/" "Mozilla/5.0 (Windows NT 10.0; Win64; x64) AppleWebKit/537.36 (KHTML, like Gecko) Chrome/145.0.0.0 Safari/537.36"
115.244.222.166 - - [23/Feb/2026:10:57:26 +0000] "GET /wp-content/uploads/2023/07/banner-img1.png HTTP/1.1" 200 1322 "https://doccure-wp.dreamsmarketplace.com/home/" "Mozilla/5.0 (Windows NT 10.0; Win64; x64) AppleWebKit/537.36 (KHTML, like Gecko) Chrome/145.0.0.0 Safari/537.36"
115.244.222.166 - - [23/Feb/2026:10:57:26 +0000] "GET /wp-content/uploads/2023/07/banner-img2.png HTTP/1.1" 200 11547 "https://doccure-wp.dreamsmarketplace.com/home/" "Mozilla/5.0 (Windows NT 10.0; Win64; x64) AppleWebKit/537.36 (KHTML, like Gecko) Chrome/145.0.0.0 Safari/537.36"
115.244.222.166 - - [23/Feb/2026:10:57:26 +0000] "GET /wp-content/uploads/2024/06/partners-2.svg HTTP/1.1" 200 4397 "https://doccure-wp.dreamsmarketplace.com/home/" "Mozilla/5.0 (Windows NT 10.0; Win64; x64) AppleWebKit/537.36 (KHTML, like Gecko) Chrome/145.0.0.0 Safari/537.36"
115.244.222.166 - - [23/Feb/2026:10:57:26 +0000] "GET /wp-content/uploads/2024/06/partners-3.svg HTTP/1.1" 200 4052 "https://doccure-wp.dreamsmarketplace.com/home/" "Mozilla/5.0 (Windows NT 10.0; Win64; x64) AppleWebKit/537.36 (KHTML, like Gecko) Chrome/145.0.0.0 Safari/537.36"
115.244.222.166 - - [23/Feb/2026:10:57:26 +0000] "GET /wp-content/uploads/2023/07/work-01.svg HTTP/1.1" 200 7310 "https://doccure-wp.dreamsmarketplace.com/home/" "Mozilla/5.0 (Windows NT 10.0; Win64; x64) AppleWebKit/537.36 (KHTML, like Gecko) Chrome/145.0.0.0 Safari/537.36"
115.244.222.166 - - [23/Feb/2026:10:57:27 +0000] "GET /wp-content/uploads/2023/07/work-02.svg HTTP/1.1" 200 9185 "https://doccure-wp.dreamsmarketplace.com/home/" "Mozilla/5.0 (Windows NT 10.0; Win64; x64) AppleWebKit/537.36 (KHTML, like Gecko) Chrome/145.0.0.0 Safari/537.36"
115.244.222.166 - - [23/Feb/2026:10:57:27 +0000] "GET /wp-content/uploads/2023/07/work-img.png HTTP/1.1" 200 65514 "https://doccure-wp.dreamsmarketplace.com/home/" "Mozilla/5.0 (Windows NT 10.0; Win64; x64) AppleWebKit/537.36 (KHTML, like Gecko) Chrome/145.0.0.0 Safari/537.36"
115.244.222.166 - - [23/Feb/2026:10:57:27 +0000] "GET /wp-content/themes/doccure/assets/images/doctor-shape-img1.png HTTP/1.1" 200 2780 "https://doccure-wp.dreamsmarketplace.com/wp-content/themes/doccure/assets/css/theme.css?ver=1.4.0" "Mozilla/5.0 (Windows NT 10.0; Win64; x64) AppleWebKit/537.36 (KHTML, like Gecko) Chrome/145.0.0.0 Safari/537.36"
115.244.222.166 - - [23/Feb/2026:10:57:27 +0000] "GET /wp-content/uploads/2023/07/smiling-icon.svg HTTP/1.1" 200 51950 "https://doccure-wp.dreamsmarketplace.com/home/" "Mozilla/5.0 (Windows NT 10.0; Win64; x64) AppleWebKit/537.36 (KHTML, like Gecko) Chrome/145.0.0.0 Safari/537.36"
115.244.222.166 - - [23/Feb/2026:10:57:27 +0000] "GET /wp-content/themes/doccure/assets/images/doctor-shape-img2.png HTTP/1.1" 200 2751 "https://doccure-wp.dreamsmarketplace.com/wp-content/themes/doccure/assets/css/theme.css?ver=1.4.0" "Mozilla/5.0 (Windows NT 10.0; Win64; x64) AppleWebKit/537.36 (KHTML, like Gecko) Chrome/145.0.0.0 Safari/537.36"
115.244.222.166 - - [23/Feb/2026:10:57:27 +0000] "GET /wp-content/uploads/2024/06/partners-1.svg HTTP/1.1" 200 6343 "https://doccure-wp.dreamsmarketplace.com/home/" "Mozilla/5.0 (Windows NT 10.0; Win64; x64) AppleWebKit/537.36 (KHTML, like Gecko) Chrome/145.0.0.0 Safari/537.36"
115.244.222.166 - - [23/Feb/2026:10:57:27 +0000] "GET /wp-content/uploads/2024/06/partners-4.svg HTTP/1.1" 200 11400 "https://doccure-wp.dreamsmarketplace.com/home/" "Mozilla/5.0 (Windows NT 10.0; Win64; x64) AppleWebKit/537.36 (KHTML, like Gecko) Chrome/145.0.0.0 Safari/537.36"
115.244.222.166 - - [23/Feb/2026:10:57:27 +0000] "GET /wp-content/uploads/2024/06/partners-5.svg HTTP/1.1" 200 7065 "https://doccure-wp.dreamsmarketplace.com/home/" "Mozilla/5.0 (Windows NT 10.0; Win64; x64) AppleWebKit/537.36 (KHTML, like Gecko) Chrome/145.0.0.0 Safari/537.36"
115.244.222.166 - - [23/Feb/2026:10:57:27 +0000] "GET /wp-content/uploads/2023/07/work-04.svg HTTP/1.1" 200 8108 "https://doccure-wp.dreamsmarketplace.com/home/" "Mozilla/5.0 (Windows NT 10.0; Win64; x64) AppleWebKit/537.36 (KHTML, like Gecko) Chrome/145.0.0.0 Safari/537.36"
115.244.222.166 - - [23/Feb/2026:10:57:27 +0000] "GET /wp-content/themes/doccure/assets/css/fonts/Feather.ttf?sdxovp HTTP/1.1" 304 0 "https://doccure-wp.dreamsmarketplace.com/wp-content/themes/doccure/assets/css/feather.css?ver=1.0.0" "Mozilla/5.0 (Windows NT 10.0; Win64; x64) AppleWebKit/537.36 (KHTML, like Gecko) Chrome/145.0.0.0 Safari/537.36"
115.244.222.166 - - [23/Feb/2026:10:57:27 +0000] "GET /wp-json/contact-form-7/v1/contact-forms/5785/feedback/schema HTTP/1.1" 200 343 "https://doccure-wp.dreamsmarketplace.com/home/" "Mozilla/5.0 (Windows NT 10.0; Win64; x64) AppleWebKit/537.36 (KHTML, like Gecko) Chrome/145.0.0.0 Safari/537.36"
2a03:2880:f800:3a:: - - [23/Feb/2026:10:57:31 +0000] "GET /wp-json/oembed/1.0/embed?url=https%3A%2F%2Fdoccure-wp.dreamsmarketplace.com%2Fbook-appointment%2F HTTP/1.1" 200 2386 "-" "meta-externalagent/1.1 (+https://developers.facebook.com/docs/sharing/webmasters/crawler)"
115.244.222.166 - - [23/Feb/2026:10:57:34 +0000] "GET /login HTTP/1.1" 200 18509 "https://doccure-wp.dreamsmarketplace.com/" "Mozilla/5.0 (Windows NT 10.0; Win64; x64) AppleWebKit/537.36 (KHTML, like Gecko) Chrome/145.0.0.0 Safari/537.36"
