27.147.224.117 - - [23/Feb/2026:13:23:02 +0000] "GET /wp-content/uploads/2025/01/speciality-04-1.jpg HTTP/1.1" 200 80057 "https://doccure-wp.dreamsmarketplace.com/" "Mozilla/5.0 (Windows NT 10.0; Win64; x64) AppleWebKit/537.36 (KHTML, like Gecko) Chrome/145.0.0.0 Safari/537.36 Edg/145.0.0.0"
27.147.224.117 - - [23/Feb/2026:13:23:02 +0000] "GET /wp-content/uploads/2025/01/speciality-icon-06-1.svg HTTP/1.1" 200 8651 "https://doccure-wp.dreamsmarketplace.com/" "Mozilla/5.0 (Windows NT 10.0; Win64; x64) AppleWebKit/537.36 (KHTML, like Gecko) Chrome/145.0.0.0 Safari/537.36 Edg/145.0.0.0"
27.147.224.117 - - [23/Feb/2026:13:23:02 +0000] "GET /wp-content/uploads/2025/01/speciality-icon-07-1.svg HTTP/1.1" 200 7355 "https://doccure-wp.dreamsmarketplace.com/" "Mozilla/5.0 (Windows NT 10.0; Win64; x64) AppleWebKit/537.36 (KHTML, like Gecko) Chrome/145.0.0.0 Safari/537.36 Edg/145.0.0.0"
27.147.224.117 - - [23/Feb/2026:13:23:02 +0000] "GET /wp-content/uploads/2021/12/doctor-05-1-300x300.jpg HTTP/1.1" 200 11176 "https://doccure-wp.dreamsmarketplace.com/" "Mozilla/5.0 (Windows NT 10.0; Win64; x64) AppleWebKit/537.36 (KHTML, like Gecko) Chrome/145.0.0.0 Safari/537.36 Edg/145.0.0.0"
27.147.224.117 - - [23/Feb/2026:13:23:02 +0000] "GET /wp-content/uploads/2025/01/speciality-icon-08-1.svg HTTP/1.1" 200 10680 "https://doccure-wp.dreamsmarketplace.com/" "Mozilla/5.0 (Windows NT 10.0; Win64; x64) AppleWebKit/537.36 (KHTML, like Gecko) Chrome/145.0.0.0 Safari/537.36 Edg/145.0.0.0"
27.147.224.117 - - [23/Feb/2026:13:23:02 +0000] "GET /wp-content/themes/doccure/assets/images/dravatar-100x100.jpg HTTP/1.1" 200 7751 "https://doccure-wp.dreamsmarketplace.com/" "Mozilla/5.0 (Windows NT 10.0; Win64; x64) AppleWebKit/537.36 (KHTML, like Gecko) Chrome/145.0.0.0 Safari/537.36 Edg/145.0.0.0"
27.147.224.117 - - [23/Feb/2026:13:23:02 +0000] "GET /wp-content/uploads/2026/02/book-doctor-12-300x285.jpg HTTP/1.1" 200 12848 "https://doccure-wp.dreamsmarketplace.com/" "Mozilla/5.0 (Windows NT 10.0; Win64; x64) AppleWebKit/537.36 (KHTML, like Gecko) Chrome/145.0.0.0 Safari/537.36 Edg/145.0.0.0"
27.147.224.117 - - [23/Feb/2026:13:23:02 +0000] "GET /wp-content/themes/doccure/assets/images/quote-icon.svg HTTP/1.1" 200 1637 "https://doccure-wp.dreamsmarketplace.com/" "Mozilla/5.0 (Windows NT 10.0; Win64; x64) AppleWebKit/537.36 (KHTML, like Gecko) Chrome/145.0.0.0 Safari/537.36 Edg/145.0.0.0"
27.147.224.117 - - [23/Feb/2026:13:23:02 +0000] "GET /wp-content/uploads/2025/01/company-01-1.svg HTTP/1.1" 200 5600 "https://doccure-wp.dreamsmarketplace.com/" "Mozilla/5.0 (Windows NT 10.0; Win64; x64) AppleWebKit/537.36 (KHTML, like Gecko) Chrome/145.0.0.0 Safari/537.36 Edg/145.0.0.0"
27.147.224.117 - - [23/Feb/2026:13:23:02 +0000] "GET /wp-content/uploads/2021/09/patient1.jpg HTTP/1.1" 200 24873 "https://doccure-wp.dreamsmarketplace.com/" "Mozilla/5.0 (Windows NT 10.0; Win64; x64) AppleWebKit/537.36 (KHTML, like Gecko) Chrome/145.0.0.0 Safari/537.36 Edg/145.0.0.0"
27.147.224.117 - - [23/Feb/2026:13:23:02 +0000] "GET /wp-content/uploads/2026/02/doctor-thumb-09.jpg HTTP/1.1" 200 26229 "https://doccure-wp.dreamsmarketplace.com/" "Mozilla/5.0 (Windows NT 10.0; Win64; x64) AppleWebKit/537.36 (KHTML, like Gecko) Chrome/145.0.0.0 Safari/537.36 Edg/145.0.0.0"
27.147.224.117 - - [23/Feb/2026:13:23:02 +0000] "GET /wp-content/themes/doccure/assets/images/way-icon.svg HTTP/1.1" 200 3466 "https://doccure-wp.dreamsmarketplace.com/" "Mozilla/5.0 (Windows NT 10.0; Win64; x64) AppleWebKit/537.36 (KHTML, like Gecko) Chrome/145.0.0.0 Safari/537.36 Edg/145.0.0.0"
27.147.224.117 - - [23/Feb/2026:13:23:02 +0000] "GET /wp-content/uploads/2021/12/patient2.jpg HTTP/1.1" 200 33184 "https://doccure-wp.dreamsmarketplace.com/" "Mozilla/5.0 (Windows NT 10.0; Win64; x64) AppleWebKit/537.36 (KHTML, like Gecko) Chrome/145.0.0.0 Safari/537.36 Edg/145.0.0.0"
27.147.224.117 - - [23/Feb/2026:13:23:02 +0000] "GET /wp-content/uploads/2021/08/patient3.jpg HTTP/1.1" 200 20246 "https://doccure-wp.dreamsmarketplace.com/" "Mozilla/5.0 (Windows NT 10.0; Win64; x64) AppleWebKit/537.36 (KHTML, like Gecko) Chrome/145.0.0.0 Safari/537.36 Edg/145.0.0.0"
27.147.224.117 - - [23/Feb/2026:13:23:02 +0000] "GET /wp-content/uploads/2025/01/company-02-1.svg HTTP/1.1" 200 3851 "https://doccure-wp.dreamsmarketplace.com/" "Mozilla/5.0 (Windows NT 10.0; Win64; x64) AppleWebKit/537.36 (KHTML, like Gecko) Chrome/145.0.0.0 Safari/537.36 Edg/145.0.0.0"
27.147.224.117 - - [23/Feb/2026:13:23:02 +0000] "GET /wp-content/uploads/2025/01/company-06-1.svg HTTP/1.1" 200 6562 "https://doccure-wp.dreamsmarketplace.com/" "Mozilla/5.0 (Windows NT 10.0; Win64; x64) AppleWebKit/537.36 (KHTML, like Gecko) Chrome/145.0.0.0 Safari/537.36 Edg/145.0.0.0"
27.147.224.117 - - [23/Feb/2026:13:23:02 +0000] "GET /wp-content/uploads/2025/01/company-03-1.svg HTTP/1.1" 200 4666 "https://doccure-wp.dreamsmarketplace.com/" "Mozilla/5.0 (Windows NT 10.0; Win64; x64) AppleWebKit/537.36 (KHTML, like Gecko) Chrome/145.0.0.0 Safari/537.36 Edg/145.0.0.0"
27.147.224.117 - - [23/Feb/2026:13:23:02 +0000] "GET /wp-content/uploads/2025/01/company-07-1.svg HTTP/1.1" 200 6375 "https://doccure-wp.dreamsmarketplace.com/" "Mozilla/5.0 (Windows NT 10.0; Win64; x64) AppleWebKit/537.36 (KHTML, like Gecko) Chrome/145.0.0.0 Safari/537.36 Edg/145.0.0.0"
27.147.224.117 - - [23/Feb/2026:13:23:02 +0000] "GET /wp-content/uploads/2025/01/company-05-1.svg HTTP/1.1" 200 45014 "https://doccure-wp.dreamsmarketplace.com/" "Mozilla/5.0 (Windows NT 10.0; Win64; x64) AppleWebKit/537.36 (KHTML, like Gecko) Chrome/145.0.0.0 Safari/537.36 Edg/145.0.0.0"
27.147.224.117 - - [23/Feb/2026:13:23:02 +0000] "GET /wp-content/uploads/2021/09/blog-02-1.jpg HTTP/1.1" 200 590997 "https://doccure-wp.dreamsmarketplace.com/" "Mozilla/5.0 (Windows NT 10.0; Win64; x64) AppleWebKit/537.36 (KHTML, like Gecko) Chrome/145.0.0.0 Safari/537.36 Edg/145.0.0.0"
27.147.224.117 - - [23/Feb/2026:13:23:02 +0000] "GET /wp-content/uploads/2025/01/company-04-1.svg HTTP/1.1" 200 12093 "https://doccure-wp.dreamsmarketplace.com/" "Mozilla/5.0 (Windows NT 10.0; Win64; x64) AppleWebKit/537.36 (KHTML, like Gecko) Chrome/145.0.0.0 Safari/537.36 Edg/145.0.0.0"
27.147.224.117 - - [23/Feb/2026:13:23:02 +0000] "GET /wp-content/uploads/2025/01/app-store-01-1.svg HTTP/1.1" 200 19093 "https://doccure-wp.dreamsmarketplace.com/" "Mozilla/5.0 (Windows NT 10.0; Win64; x64) AppleWebKit/537.36 (KHTML, like Gecko) Chrome/145.0.0.0 Safari/537.36 Edg/145.0.0.0"
27.147.224.117 - - [23/Feb/2026:13:23:02 +0000] "GET /wp-content/uploads/2025/01/google-play-01-1.svg HTTP/1.1" 200 15483 "https://doccure-wp.dreamsmarketplace.com/" "Mozilla/5.0 (Windows NT 10.0; Win64; x64) AppleWebKit/537.36 (KHTML, like Gecko) Chrome/145.0.0.0 Safari/537.36 Edg/145.0.0.0"
27.147.224.117 - - [23/Feb/2026:13:23:02 +0000] "GET /wp-content/uploads/2025/01/company-08-1.svg HTTP/1.1" 200 3955 "https://doccure-wp.dreamsmarketplace.com/" "Mozilla/5.0 (Windows NT 10.0; Win64; x64) AppleWebKit/537.36 (KHTML, like Gecko) Chrome/145.0.0.0 Safari/537.36 Edg/145.0.0.0"
27.147.224.117 - - [23/Feb/2026:13:23:02 +0000] "GET /wp-content/uploads/2025/01/app-bg-04-1.png HTTP/1.1" 200 46862 "https://doccure-wp.dreamsmarketplace.com/" "Mozilla/5.0 (Windows NT 10.0; Win64; x64) AppleWebKit/537.36 (KHTML, like Gecko) Chrome/145.0.0.0 Safari/537.36 Edg/145.0.0.0"
27.147.224.117 - - [23/Feb/2026:13:23:02 +0000] "GET /wp-content/uploads/2025/01/download-bg-1.png HTTP/1.1" 200 80236 "https://doccure-wp.dreamsmarketplace.com/" "Mozilla/5.0 (Windows NT 10.0; Win64; x64) AppleWebKit/537.36 (KHTML, like Gecko) Chrome/145.0.0.0 Safari/537.36 Edg/145.0.0.0"
27.147.224.117 - - [23/Feb/2026:13:23:02 +0000] "GET /wp-content/uploads/2021/09/blog-01.jpg HTTP/1.1" 200 418500 "https://doccure-wp.dreamsmarketplace.com/" "Mozilla/5.0 (Windows NT 10.0; Win64; x64) AppleWebKit/537.36 (KHTML, like Gecko) Chrome/145.0.0.0 Safari/537.36 Edg/145.0.0.0"
27.147.224.117 - - [23/Feb/2026:13:23:02 +0000] "GET /wp-content/uploads/2025/01/app-bg-02-1.png HTTP/1.1" 200 29932 "https://doccure-wp.dreamsmarketplace.com/" "Mozilla/5.0 (Windows NT 10.0; Win64; x64) AppleWebKit/537.36 (KHTML, like Gecko) Chrome/145.0.0.0 Safari/537.36 Edg/145.0.0.0"
27.147.224.117 - - [23/Feb/2026:13:23:02 +0000] "GET /wp-content/uploads/2025/01/mobile-img-1.png HTTP/1.1" 200 33148 "https://doccure-wp.dreamsmarketplace.com/" "Mozilla/5.0 (Windows NT 10.0; Win64; x64) AppleWebKit/537.36 (KHTML, like Gecko) Chrome/145.0.0.0 Safari/537.36 Edg/145.0.0.0"
27.147.224.117 - - [23/Feb/2026:13:23:02 +0000] "GET /wp-content/uploads/2025/01/app-bg-03-1.png HTTP/1.1" 200 12494 "https://doccure-wp.dreamsmarketplace.com/" "Mozilla/5.0 (Windows NT 10.0; Win64; x64) AppleWebKit/537.36 (KHTML, like Gecko) Chrome/145.0.0.0 Safari/537.36 Edg/145.0.0.0"
27.147.224.117 - - [23/Feb/2026:13:23:02 +0000] "GET /wp-content/themes/doccure/assets/images/footer/footer-bg-03.png HTTP/1.1" 200 258311 "https://doccure-wp.dreamsmarketplace.com/" "Mozilla/5.0 (Windows NT 10.0; Win64; x64) AppleWebKit/537.36 (KHTML, like Gecko) Chrome/145.0.0.0 Safari/537.36 Edg/145.0.0.0"
27.147.224.117 - - [23/Feb/2026:13:23:02 +0000] "GET /wp-content/themes/doccure/assets/images/footer/footer-bg-05.png HTTP/1.1" 200 278498 "https://doccure-wp.dreamsmarketplace.com/" "Mozilla/5.0 (Windows NT 10.0; Win64; x64) AppleWebKit/537.36 (KHTML, like Gecko) Chrome/145.0.0.0 Safari/537.36 Edg/145.0.0.0"
27.147.224.117 - - [23/Feb/2026:13:23:02 +0000] "GET /wp-content/themes/doccure/assets/css/fontawesome/webfonts/fa-solid-900.woff2 HTTP/1.1" 200 158220 "https://doccure-wp.dreamsmarketplace.com/wp-content/themes/doccure/assets/css/fontawesome/css/all.min.css?ver=6.7.4" "Mozilla/5.0 (Windows NT 10.0; Win64; x64) AppleWebKit/537.36 (KHTML, like Gecko) Chrome/145.0.0.0 Safari/537.36 Edg/145.0.0.0"
27.147.224.117 - - [23/Feb/2026:13:23:02 +0000] "GET /wp-content/themes/doccure/assets/css/fontawesome/webfonts/fa-brands-400.woff2 HTTP/1.1" 200 118684 "https://doccure-wp.dreamsmarketplace.com/wp-content/themes/doccure/assets/css/fontawesome/css/all.min.css?ver=6.7.4" "Mozilla/5.0 (Windows NT 10.0; Win64; x64) AppleWebKit/537.36 (KHTML, like Gecko) Chrome/145.0.0.0 Safari/537.36 Edg/145.0.0.0"
27.147.224.117 - - [23/Feb/2026:13:23:02 +0000] "GET /wp-content/themes/doccure/assets/images/reason-bg.svg HTTP/1.1" 200 80479 "https://doccure-wp.dreamsmarketplace.com/wp-content/themes/doccure/assets/css/theme-new.css?ver=1.4.0" "Mozilla/5.0 (Windows NT 10.0; Win64; x64) AppleWebKit/537.36 (KHTML, like Gecko) Chrome/145.0.0.0 Safari/537.36 Edg/145.0.0.0"
27.147.224.117 - - [23/Feb/2026:13:23:02 +0000] "GET /wp-content/uploads/2021/09/blog-04.jpg HTTP/1.1" 200 378870 "https://doccure-wp.dreamsmarketplace.com/" "Mozilla/5.0 (Windows NT 10.0; Win64; x64) AppleWebKit/537.36 (KHTML, like Gecko) Chrome/145.0.0.0 Safari/537.36 Edg/145.0.0.0"
27.147.224.117 - - [23/Feb/2026:13:23:02 +0000] "GET /wp-content/themes/doccure/assets/images/footer/footer-bg-04.png HTTP/1.1" 200 437052 "https://doccure-wp.dreamsmarketplace.com/" "Mozilla/5.0 (Windows NT 10.0; Win64; x64) AppleWebKit/537.36 (KHTML, like Gecko) Chrome/145.0.0.0 Safari/537.36 Edg/145.0.0.0"
27.147.224.117 - - [23/Feb/2026:13:23:02 +0000] "GET /wp-content/uploads/2025/01/banner-doctor-1.svg HTTP/1.1" 200 1246833 "https://doccure-wp.dreamsmarketplace.com/" "Mozilla/5.0 (Windows NT 10.0; Win64; x64) AppleWebKit/537.36 (KHTML, like Gecko) Chrome/145.0.0.0 Safari/537.36 Edg/145.0.0.0"
27.147.224.117 - - [23/Feb/2026:13:23:02 +0000] "GET /wp-content/uploads/2025/01/book-03-1.jpg HTTP/1.1" 200 229390 "https://doccure-wp.dreamsmarketplace.com/" "Mozilla/5.0 (Windows NT 10.0; Win64; x64) AppleWebKit/537.36 (KHTML, like Gecko) Chrome/145.0.0.0 Safari/537.36 Edg/145.0.0.0"
27.147.224.117 - - [23/Feb/2026:13:23:02 +0000] "GET /wp-content/themes/doccure/assets/fonts/iconsax.ttf?yjegnn HTTP/1.1" 200 1359552 "https://doccure-wp.dreamsmarketplace.com/wp-content/themes/doccure/assets/css/iconsax.css?ver=1.0.0" "Mozilla/5.0 (Windows NT 10.0; Win64; x64) AppleWebKit/537.36 (KHTML, like Gecko) Chrome/145.0.0.0 Safari/537.36 Edg/145.0.0.0"
27.147.224.117 - - [23/Feb/2026:13:23:02 +0000] "GET /wp-content/uploads/2025/01/book-01-1.jpg HTTP/1.1" 200 413153 "https://doccure-wp.dreamsmarketplace.com/" "Mozilla/5.0 (Windows NT 10.0; Win64; x64) AppleWebKit/537.36 (KHTML, like Gecko) Chrome/145.0.0.0 Safari/537.36 Edg/145.0.0.0"
27.147.224.117 - - [23/Feb/2026:13:23:02 +0000] "GET /wp-content/uploads/2021/11/blog-10.jpg HTTP/1.1" 200 420628 "https://doccure-wp.dreamsmarketplace.com/" "Mozilla/5.0 (Windows NT 10.0; Win64; x64) AppleWebKit/537.36 (KHTML, like Gecko) Chrome/145.0.0.0 Safari/537.36 Edg/145.0.0.0"
27.147.224.117 - - [23/Feb/2026:13:23:02 +0000] "GET /wp-content/uploads/2025/01/home-banner-bg-1.png HTTP/1.1" 200 1608405 "https://doccure-wp.dreamsmarketplace.com/" "Mozilla/5.0 (Windows NT 10.0; Win64; x64) AppleWebKit/537.36 (KHTML, like Gecko) Chrome/145.0.0.0 Safari/537.36 Edg/145.0.0.0"
27.147.224.117 - - [23/Feb/2026:13:23:03 +0000] "GET /wp-content/plugins/elementor/assets/js/section-frontend-handlers.d85ab872da118940910d.bundle.min.js HTTP/1.1" 200 449 "https://doccure-wp.dreamsmarketplace.com/" "Mozilla/5.0 (Windows NT 10.0; Win64; x64) AppleWebKit/537.36 (KHTML, like Gecko) Chrome/145.0.0.0 Safari/537.36 Edg/145.0.0.0"
27.147.224.117 - - [23/Feb/2026:13:23:03 +0000] "GET /wp-content/plugins/elementor/assets/js/shared-frontend-handlers.03caa53373b56d3bab67.bundle.min.js HTTP/1.1" 200 8481 "https://doccure-wp.dreamsmarketplace.com/" "Mozilla/5.0 (Windows NT 10.0; Win64; x64) AppleWebKit/537.36 (KHTML, like Gecko) Chrome/145.0.0.0 Safari/537.36 Edg/145.0.0.0"
27.147.224.117 - - [23/Feb/2026:13:23:03 +0000] "GET /wp-includes/js/wp-emoji-release.min.js?ver=6.9.1 HTTP/1.1" 200 22762 "https://doccure-wp.dreamsmarketplace.com/" "Mozilla/5.0 (Windows NT 10.0; Win64; x64) AppleWebKit/537.36 (KHTML, like Gecko) Chrome/145.0.0.0 Safari/537.36 Edg/145.0.0.0"
27.147.224.117 - - [23/Feb/2026:13:23:04 +0000] "GET /wp-json/contact-form-7/v1/contact-forms/5785/feedback/schema HTTP/1.1" 200 343 "https://doccure-wp.dreamsmarketplace.com/" "Mozilla/5.0 (Windows NT 10.0; Win64; x64) AppleWebKit/537.36 (KHTML, like Gecko) Chrome/145.0.0.0 Safari/537.36 Edg/145.0.0.0"
27.147.224.117 - - [23/Feb/2026:13:23:04 +0000] "GET /wp-content/uploads/2021/10/favicon.png HTTP/1.1" 200 489 "https://doccure-wp.dreamsmarketplace.com/" "Mozilla/5.0 (Windows NT 10.0; Win64; x64) AppleWebKit/537.36 (KHTML, like Gecko) Chrome/145.0.0.0 Safari/537.36 Edg/145.0.0.0"
172.187.168.139 - - [23/Feb/2026:13:23:17 +0000] "POST /wp-cron.php?doing_wp_cron=1771852997.9194910526275634765625 HTTP/1.1" 200 31 "-" "WordPress/6.9.1; https://doccure-wp.dreamsmarketplace.com"
27.147.224.117 - - [23/Feb/2026:13:23:17 +0000] "GET /home-2/ HTTP/1.1" 200 25161 "https://doccure-wp.dreamsmarketplace.com/" "Mozilla/5.0 (Windows NT 10.0; Win64; x64) AppleWebKit/537.36 (KHTML, like Gecko) Chrome/145.0.0.0 Safari/537.36 Edg/145.0.0.0"
27.147.224.117 - - [23/Feb/2026:13:23:18 +0000] "GET /wp-content/plugins/elementor/assets/lib/font-awesome/css/regular.min.css?ver=5.15.3 HTTP/1.1" 200 677 "https://doccure-wp.dreamsmarketplace.com/home-2/" "Mozilla/5.0 (Windows NT 10.0; Win64; x64) AppleWebKit/537.36 (KHTML, like Gecko) Chrome/145.0.0.0 Safari/537.36 Edg/145.0.0.0"
27.147.224.117 - - [23/Feb/2026:13:23:18 +0000] "GET /wp-content/plugins/elementor/assets/lib/font-awesome/css/fontawesome.min.css?ver=5.15.3 HTTP/1.1" 200 58071 "https://doccure-wp.dreamsmarketplace.com/home-2/" "Mozilla/5.0 (Windows NT 10.0; Win64; x64) AppleWebKit/537.36 (KHTML, like Gecko) Chrome/145.0.0.0 Safari/537.36 Edg/145.0.0.0"
27.147.224.117 - - [23/Feb/2026:13:23:18 +0000] "GET /wp-content/plugins/elementor/assets/lib/font-awesome/css/solid.min.css?ver=5.15.3 HTTP/1.1" 200 669 "https://doccure-wp.dreamsmarketplace.com/home-2/" "Mozilla/5.0 (Windows NT 10.0; Win64; x64) AppleWebKit/537.36 (KHTML, like Gecko) Chrome/145.0.0.0 Safari/537.36 Edg/145.0.0.0"
27.147.224.117 - - [23/Feb/2026:13:23:18 +0000] "GET /wp-content/uploads/2021/10/doctor-1.jpg HTTP/1.1" 200 37390 "https://doccure-wp.dreamsmarketplace.com/home-2/" "Mozilla/5.0 (Windows NT 10.0; Win64; x64) AppleWebKit/537.36 (KHTML, like Gecko) Chrome/145.0.0.0 Safari/537.36 Edg/145.0.0.0"
27.147.224.117 - - [23/Feb/2026:13:23:18 +0000] "GET /wp-content/uploads/2022/12/feature-06.jpg HTTP/1.1" 200 54863 "https://doccure-wp.dreamsmarketplace.com/home-2/" "Mozilla/5.0 (Windows NT 10.0; Win64; x64) AppleWebKit/537.36 (KHTML, like Gecko) Chrome/145.0.0.0 Safari/537.36 Edg/145.0.0.0"
27.147.224.117 - - [23/Feb/2026:13:23:18 +0000] "GET /wp-content/uploads/2022/12/feature-03.jpg HTTP/1.1" 200 43817 "https://doccure-wp.dreamsmarketplace.com/home-2/" "Mozilla/5.0 (Windows NT 10.0; Win64; x64) AppleWebKit/537.36 (KHTML, like Gecko) Chrome/145.0.0.0 Safari/537.36 Edg/145.0.0.0"
27.147.224.117 - - [23/Feb/2026:13:23:19 +0000] "GET /wp-content/uploads/elementor/css/post-70.css?ver=1771397587 HTTP/1.1" 404 17162 "https://doccure-wp.dreamsmarketplace.com/home-2/" "Mozilla/5.0 (Windows NT 10.0; Win64; x64) AppleWebKit/537.36 (KHTML, like Gecko) Chrome/145.0.0.0 Safari/537.36 Edg/145.0.0.0"
27.147.224.117 - - [23/Feb/2026:13:23:19 +0000] "GET /wp-includes/js/comment-reply.min.js?ver=6.9.1 HTTP/1.1" 200 3026 "https://doccure-wp.dreamsmarketplace.com/home-2/" "Mozilla/5.0 (Windows NT 10.0; Win64; x64) AppleWebKit/537.36 (KHTML, like Gecko) Chrome/145.0.0.0 Safari/537.36 Edg/145.0.0.0"
27.147.224.117 - - [23/Feb/2026:13:23:20 +0000] "GET /wp-content/themes/doccure/assets/css/fontawesome/webfonts/fa-regular-400.woff2 HTTP/1.1" 200 25472 "https://doccure-wp.dreamsmarketplace.com/wp-content/themes/doccure/assets/css/fontawesome/css/all.min.css?ver=6.7.4" "Mozilla/5.0 (Windows NT 10.0; Win64; x64) AppleWebKit/537.36 (KHTML, like Gecko) Chrome/145.0.0.0 Safari/537.36 Edg/145.0.0.0"
27.147.224.117 - - [23/Feb/2026:13:23:20 +0000] "GET /wp-content/uploads/2021/11/banner-bg.png HTTP/1.1" 200 245276 "https://doccure-wp.dreamsmarketplace.com/home-2/" "Mozilla/5.0 (Windows NT 10.0; Win64; x64) AppleWebKit/537.36 (KHTML, like Gecko) Chrome/145.0.0.0 Safari/537.36 Edg/145.0.0.0"
27.147.224.117 - - [23/Feb/2026:13:23:21 +0000] "GET /wp-json/contact-form-7/v1/contact-forms/5785/feedback/schema HTTP/1.1" 200 343 "https://doccure-wp.dreamsmarketplace.com/home-2/" "Mozilla/5.0 (Windows NT 10.0; Win64; x64) AppleWebKit/537.36 (KHTML, like Gecko) Chrome/145.0.0.0 Safari/537.36 Edg/145.0.0.0"
17.246.19.6 - - [23/Feb/2026:13:23:25 +0000] "GET /wp-content/uploads/2025/01/banner-user1-1.jpg HTTP/1.1" 200 61943 "-" "Mozilla/5.0 (Macintosh; Intel Mac OS X 10_15_7) AppleWebKit/605.1.15 (KHTML, like Gecko) Version/17.4 Safari/605.1.15 (Applebot/0.1; +http://www.apple.com/go/applebot)"
172.187.168.139 - - [23/Feb/2026:13:25:36 +0000] "POST /wp-cron.php?doing_wp_cron=1771853136.8607089519500732421875 HTTP/1.1" 200 31 "-" "WordPress/6.9.1; https://doccure-wp.dreamsmarketplace.com"
115.244.222.166 - - [23/Feb/2026:13:25:36 +0000] "GET /home-5/ HTTP/1.1" 200 24976 "https://doccure-wp.dreamsmarketplace.com/home-4/" "Mozilla/5.0 (Windows NT 10.0; Win64; x64) AppleWebKit/537.36 (KHTML, like Gecko) Chrome/145.0.0.0 Safari/537.36"
172.187.168.139 - - [23/Feb/2026:13:26:58 +0000] "POST /wp-cron.php?doing_wp_cron=1771853218.5721509456634521484375 HTTP/1.1" 200 31 "-" "WordPress/6.9.1; https://doccure-wp.dreamsmarketplace.com"
2a03:2880:f800:23:: - - [23/Feb/2026:13:26:58 +0000] "GET /wp-json/wp/v2/testimonials/4679 HTTP/1.1" 200 1560 "-" "meta-externalagent/1.1 (+https://developers.facebook.com/docs/sharing/webmasters/crawler)"
2401:4900:8fc1:1aa2:907b:3e83:c608:3839 - - [23/Feb/2026:13:27:01 +0000] "GET /dashboard/?ref=appointment&mode=listing&identity=10 HTTP/1.1" 302 11 "https://doccure-wp.dreamsmarketplace.com/landing/" "Mozilla/5.0 (Macintosh; Intel Mac OS X 10_15_7) AppleWebKit/537.36 (KHTML, like Gecko) Chrome/145.0.0.0 Safari/537.36"
2401:4900:8fc1:1aa2:907b:3e83:c608:3839 - - [23/Feb/2026:13:27:03 +0000] "GET / HTTP/1.1" 200 29347 "https://doccure-wp.dreamsmarketplace.com/landing/" "Mozilla/5.0 (Macintosh; Intel Mac OS X 10_15_7) AppleWebKit/537.36 (KHTML, like Gecko) Chrome/145.0.0.0 Safari/537.36"
2401:4900:8fc1:1aa2:907b:3e83:c608:3839 - - [23/Feb/2026:13:27:06 +0000] "GET /wp-json/contact-form-7/v1/contact-forms/5785/feedback/schema HTTP/1.1" 200 343 "https://doccure-wp.dreamsmarketplace.com/" "Mozilla/5.0 (Macintosh; Intel Mac OS X 10_15_7) AppleWebKit/537.36 (KHTML, like Gecko) Chrome/145.0.0.0 Safari/537.36"
172.187.168.139 - - [23/Feb/2026:13:27:16 +0000] "POST /wp-cron.php?doing_wp_cron=1771853236.7037060260772705078125 HTTP/1.1" 200 31 "-" "WordPress/6.9.1; https://doccure-wp.dreamsmarketplace.com"
2401:4900:8fc1:1aa2:907b:3e83:c608:3839 - - [23/Feb/2026:13:27:16 +0000] "GET /contact-us/ HTTP/1.1" 200 20831 "https://doccure-wp.dreamsmarketplace.com/" "Mozilla/5.0 (Macintosh; Intel Mac OS X 10_15_7) AppleWebKit/537.36 (KHTML, like Gecko) Chrome/145.0.0.0 Safari/537.36"
2401:4900:8fc1:1aa2:907b:3e83:c608:3839 - - [23/Feb/2026:13:27:17 +0000] "GET /wp-content/plugins/elementor/assets/lib/font-awesome/css/solid.min.css?ver=5.15.3 HTTP/1.1" 304 0 "https://doccure-wp.dreamsmarketplace.com/contact-us/" "Mozilla/5.0 (Macintosh; Intel Mac OS X 10_15_7) AppleWebKit/537.36 (KHTML, like Gecko) Chrome/145.0.0.0 Safari/537.36"
2401:4900:8fc1:1aa2:907b:3e83:c608:3839 - - [23/Feb/2026:13:27:17 +0000] "GET /wp-content/plugins/elementor/assets/lib/font-awesome/css/fontawesome.min.css?ver=5.15.3 HTTP/1.1" 304 0 "https://doccure-wp.dreamsmarketplace.com/contact-us/" "Mozilla/5.0 (Macintosh; Intel Mac OS X 10_15_7) AppleWebKit/537.36 (KHTML, like Gecko) Chrome/145.0.0.0 Safari/537.36"
2401:4900:8fc1:1aa2:907b:3e83:c608:3839 - - [23/Feb/2026:13:27:17 +0000] "GET /wp-content/plugins/elementor/assets/css/widget-google_maps.min.css?ver=3.35.4 HTTP/1.1" 200 261 "https://doccure-wp.dreamsmarketplace.com/contact-us/" "Mozilla/5.0 (Macintosh; Intel Mac OS X 10_15_7) AppleWebKit/537.36 (KHTML, like Gecko) Chrome/145.0.0.0 Safari/537.36"
2401:4900:8fc1:1aa2:907b:3e83:c608:3839 - - [23/Feb/2026:13:27:17 +0000] "GET /wp-content/plugins/elementor/assets/lib/font-awesome/css/regular.min.css?ver=5.15.3 HTTP/1.1" 304 0 "https://doccure-wp.dreamsmarketplace.com/contact-us/" "Mozilla/5.0 (Macintosh; Intel Mac OS X 10_15_7) AppleWebKit/537.36 (KHTML, like Gecko) Chrome/145.0.0.0 Safari/537.36"
2401:4900:8fc1:1aa2:907b:3e83:c608:3839 - - [23/Feb/2026:13:27:18 +0000] "GET /wp-content/uploads/elementor/css/post-241.css?ver=1771412009 HTTP/1.1" 404 17166 "https://doccure-wp.dreamsmarketplace.com/contact-us/" "Mozilla/5.0 (Macintosh; Intel Mac OS X 10_15_7) AppleWebKit/537.36 (KHTML, like Gecko) Chrome/145.0.0.0 Safari/537.36"
2401:4900:8fc1:1aa2:907b:3e83:c608:3839 - - [23/Feb/2026:13:27:20 +0000] "GET /wp-json/contact-form-7/v1/contact-forms/5785/feedback/schema HTTP/1.1" 200 343 "https://doccure-wp.dreamsmarketplace.com/contact-us/" "Mozilla/5.0 (Macintosh; Intel Mac OS X 10_15_7) AppleWebKit/537.36 (KHTML, like Gecko) Chrome/145.0.0.0 Safari/537.36"
2401:4900:8fc1:1aa2:907b:3e83:c608:3839 - - [23/Feb/2026:13:27:20 +0000] "GET /wp-json/contact-form-7/v1/contact-forms/244/feedback/schema HTTP/1.1" 200 937 "https://doccure-wp.dreamsmarketplace.com/contact-us/" "Mozilla/5.0 (Macintosh; Intel Mac OS X 10_15_7) AppleWebKit/537.36 (KHTML, like Gecko) Chrome/145.0.0.0 Safari/537.36"
172.187.168.139 - - [23/Feb/2026:13:28:54 +0000] "POST /wp-cron.php?doing_wp_cron=1771853334.2396910190582275390625 HTTP/1.1" 200 31 "-" "WordPress/6.9.1; https://doccure-wp.dreamsmarketplace.com"
2401:4900:8fc1:1aa2:907b:3e83:c608:3839 - - [23/Feb/2026:13:28:54 +0000] "GET /login?client_id=1136354961.1771343353&session_id=1771852182 HTTP/1.1" 200 18557 "https://themeforest.net/" "Mozilla/5.0 (Macintosh; Intel Mac OS X 10_15_7) AppleWebKit/537.36 (KHTML, like Gecko) Chrome/145.0.0.0 Safari/537.36"
2401:4900:8fc1:1aa2:907b:3e83:c608:3839 - - [23/Feb/2026:13:28:55 +0000] "GET /wp-content/themes/doccure/assets/images/login-banner.png HTTP/1.1" 304 0 "https://doccure-wp.dreamsmarketplace.com/login?client_id=1136354961.1771343353&session_id=1771852182" "Mozilla/5.0 (Macintosh; Intel Mac OS X 10_15_7) AppleWebKit/537.36 (KHTML, like Gecko) Chrome/145.0.0.0 Safari/537.36"
2401:4900:8fc1:1aa2:907b:3e83:c608:3839 - - [23/Feb/2026:13:28:56 +0000] "GET /wp-json/contact-form-7/v1/contact-forms/5785/feedback/schema HTTP/1.1" 200 343 "https://doccure-wp.dreamsmarketplace.com/login?client_id=1136354961.1771343353&session_id=1771852182" "Mozilla/5.0 (Macintosh; Intel Mac OS X 10_15_7) AppleWebKit/537.36 (KHTML, like Gecko) Chrome/145.0.0.0 Safari/537.36"
2401:4900:8fc1:1aa2:907b:3e83:c608:3839 - - [23/Feb/2026:13:29:02 +0000] "POST /wp-admin/admin-ajax.php HTTP/1.1" 200 175 "https://doccure-wp.dreamsmarketplace.com/login?client_id=1136354961.1771343353&session_id=1771852182" "Mozilla/5.0 (Macintosh; Intel Mac OS X 10_15_7) AppleWebKit/537.36 (KHTML, like Gecko) Chrome/145.0.0.0 Safari/537.36"
2401:4900:8fc1:1aa2:907b:3e83:c608:3839 - - [23/Feb/2026:13:29:04 +0000] "GET /dashboard/?ref=insights&identity=62 HTTP/1.1" 200 19142 "https://doccure-wp.dreamsmarketplace.com/login?client_id=1136354961.1771343353&session_id=1771852182" "Mozilla/5.0 (Macintosh; Intel Mac OS X 10_15_7) AppleWebKit/537.36 (KHTML, like Gecko) Chrome/145.0.0.0 Safari/537.36"
2401:4900:8fc1:1aa2:907b:3e83:c608:3839 - - [23/Feb/2026:13:29:05 +0000] "GET /wp-content/themes/doccure/assets/css/frontenddashboard.css?ver=1.5.3 HTTP/1.1" 304 0 "https://doccure-wp.dreamsmarketplace.com/dashboard/?ref=insights&identity=62" "Mozilla/5.0 (Macintosh; Intel Mac OS X 10_15_7) AppleWebKit/537.36 (KHTML, like Gecko) Chrome/145.0.0.0 Safari/537.36"
2401:4900:8fc1:1aa2:907b:3e83:c608:3839 - - [23/Feb/2026:13:29:05 +0000] "GET /wp-content/themes/doccure/assets/css/basictable.css?ver=1.5.3 HTTP/1.1" 304 0 "https://doccure-wp.dreamsmarketplace.com/dashboard/?ref=insights&identity=62" "Mozilla/5.0 (Macintosh; Intel Mac OS X 10_15_7) AppleWebKit/537.36 (KHTML, like Gecko) Chrome/145.0.0.0 Safari/537.36"
2401:4900:8fc1:1aa2:907b:3e83:c608:3839 - - [23/Feb/2026:13:29:05 +0000] "GET /wp-content/uploads/2026/02/user-03-1-255x250.jpg HTTP/1.1" 200 12783 "https://doccure-wp.dreamsmarketplace.com/dashboard/?ref=insights&identity=62" "Mozilla/5.0 (Macintosh; Intel Mac OS X 10_15_7) AppleWebKit/537.36 (KHTML, like Gecko) Chrome/145.0.0.0 Safari/537.36"
2401:4900:8fc1:1aa2:907b:3e83:c608:3839 - - [23/Feb/2026:13:29:05 +0000] "GET /wp-content/uploads/2022/05/book-doctor-10.jpg HTTP/1.1" 200 24723 "https://doccure-wp.dreamsmarketplace.com/dashboard/?ref=insights&identity=62" "Mozilla/5.0 (Macintosh; Intel Mac OS X 10_15_7) AppleWebKit/537.36 (KHTML, like Gecko) Chrome/145.0.0.0 Safari/537.36"
2401:4900:8fc1:1aa2:907b:3e83:c608:3839 - - [23/Feb/2026:13:29:06 +0000] "GET /wp-content/uploads/2026/02/book-doctor-12.jpg HTTP/1.1" 304 0 "https://doccure-wp.dreamsmarketplace.com/dashboard/?ref=insights&identity=62" "Mozilla/5.0 (Macintosh; Intel Mac OS X 10_15_7) AppleWebKit/537.36 (KHTML, like Gecko) Chrome/145.0.0.0 Safari/537.36"
2401:4900:8fc1:1aa2:907b:3e83:c608:3839 - - [23/Feb/2026:13:29:06 +0000] "GET /wp-content/themes/doccure/assets/images/patient-sidebar-bg.jpg HTTP/1.1" 200 39548 "https://doccure-wp.dreamsmarketplace.com/wp-content/themes/doccure/assets/css/dashboard.css?ver=6.9.1" "Mozilla/5.0 (Macintosh; Intel Mac OS X 10_15_7) AppleWebKit/537.36 (KHTML, like Gecko) Chrome/145.0.0.0 Safari/537.36"
2401:4900:8fc1:1aa2:907b:3e83:c608:3839 - - [23/Feb/2026:13:29:06 +0000] "GET /wp-content/themes/doccure/assets/images/dravatar-40x40.jpg HTTP/1.1" 200 7751 "https://doccure-wp.dreamsmarketplace.com/dashboard/?ref=insights&identity=62" "Mozilla/5.0 (Macintosh; Intel Mac OS X 10_15_7) AppleWebKit/537.36 (KHTML, like Gecko) Chrome/145.0.0.0 Safari/537.36"
2401:4900:8fc1:1aa2:907b:3e83:c608:3839 - - [23/Feb/2026:13:29:06 +0000] "GET /wp-content/uploads/2021/12/doctor-05-1.jpg HTTP/1.1" 304 0 "https://doccure-wp.dreamsmarketplace.com/dashboard/?ref=insights&identity=62" "Mozilla/5.0 (Macintosh; Intel Mac OS X 10_15_7) AppleWebKit/537.36 (KHTML, like Gecko) Chrome/145.0.0.0 Safari/537.36"
2401:4900:8fc1:1aa2:907b:3e83:c608:3839 - - [23/Feb/2026:13:29:06 +0000] "GET /wp-content/uploads/2021/09/doctor-05-1.jpg HTTP/1.1" 200 18648 "https://doccure-wp.dreamsmarketplace.com/dashboard/?ref=insights&identity=62" "Mozilla/5.0 (Macintosh; Intel Mac OS X 10_15_7) AppleWebKit/537.36 (KHTML, like Gecko) Chrome/145.0.0.0 Safari/537.36"
2401:4900:8fc1:1aa2:907b:3e83:c608:3839 - - [23/Feb/2026:13:29:06 +0000] "GET /wp-json/contact-form-7/v1/contact-forms/5785/feedback/schema HTTP/1.1" 200 343 "https://doccure-wp.dreamsmarketplace.com/dashboard/?ref=insights&identity=62" "Mozilla/5.0 (Macintosh; Intel Mac OS X 10_15_7) AppleWebKit/537.36 (KHTML, like Gecko) Chrome/145.0.0.0 Safari/537.36"
172.187.168.139 - - [23/Feb/2026:13:29:15 +0000] "POST /wp-cron.php?doing_wp_cron=1771853355.3557329177856445312500 HTTP/1.1" 200 31 "-" "WordPress/6.9.1; https://doccure-wp.dreamsmarketplace.com"
2401:4900:8fc1:1aa2:907b:3e83:c608:3839 - - [23/Feb/2026:13:29:15 +0000] "GET /dashboard/?ref=chat&identity=62 HTTP/1.1" 200 20932 "https://doccure-wp.dreamsmarketplace.com/dashboard/?ref=insights&identity=62" "Mozilla/5.0 (Macintosh; Intel Mac OS X 10_15_7) AppleWebKit/537.36 (KHTML, like Gecko) Chrome/145.0.0.0 Safari/537.36"
2401:4900:8fc1:1aa2:907b:3e83:c608:3839 - - [23/Feb/2026:13:29:16 +0000] "GET /wp-content/uploads/2026/02/book-doctor-12-100x100.jpg HTTP/1.1" 200 3329 "https://doccure-wp.dreamsmarketplace.com/dashboard/?ref=chat&identity=62" "Mozilla/5.0 (Macintosh; Intel Mac OS X 10_15_7) AppleWebKit/537.36 (KHTML, like Gecko) Chrome/145.0.0.0 Safari/537.36"
2401:4900:8fc1:1aa2:907b:3e83:c608:3839 - - [23/Feb/2026:13:29:16 +0000] "GET /wp-content/uploads/2022/05/book-doctor-10-100x100.jpg HTTP/1.1" 200 2827 "https://doccure-wp.dreamsmarketplace.com/dashboard/?ref=chat&identity=62" "Mozilla/5.0 (Macintosh; Intel Mac OS X 10_15_7) AppleWebKit/537.36 (KHTML, like Gecko) Chrome/145.0.0.0 Safari/537.36"
2401:4900:8fc1:1aa2:907b:3e83:c608:3839 - - [23/Feb/2026:13:29:16 +0000] "GET /wp-content/uploads/2021/09/doctor-05-1-100x100.jpg HTTP/1.1" 200 2655 "https://doccure-wp.dreamsmarketplace.com/dashboard/?ref=chat&identity=62" "Mozilla/5.0 (Macintosh; Intel Mac OS X 10_15_7) AppleWebKit/537.36 (KHTML, like Gecko) Chrome/145.0.0.0 Safari/537.36"
2401:4900:8fc1:1aa2:907b:3e83:c608:3839 - - [23/Feb/2026:13:29:16 +0000] "GET /wp-content/uploads/2022/05/book-doctor-11-100x100.jpg HTTP/1.1" 200 2687 "https://doccure-wp.dreamsmarketplace.com/dashboard/?ref=chat&identity=62" "Mozilla/5.0 (Macintosh; Intel Mac OS X 10_15_7) AppleWebKit/537.36 (KHTML, like Gecko) Chrome/145.0.0.0 Safari/537.36"
2401:4900:8fc1:1aa2:907b:3e83:c608:3839 - - [23/Feb/2026:13:29:16 +0000] "GET /wp-content/uploads/2022/05/doctor-thumb-08-100x100.jpg HTTP/1.1" 200 3324 "https://doccure-wp.dreamsmarketplace.com/dashboard/?ref=chat&identity=62" "Mozilla/5.0 (Macintosh; Intel Mac OS X 10_15_7) AppleWebKit/537.36 (KHTML, like Gecko) Chrome/145.0.0.0 Safari/537.36"
2401:4900:8fc1:1aa2:907b:3e83:c608:3839 - - [23/Feb/2026:13:29:16 +0000] "GET /wp-content/uploads/2022/01/doctor-thumb-09-100x100.jpg HTTP/1.1" 200 2559 "https://doccure-wp.dreamsmarketplace.com/dashboard/?ref=chat&identity=62" "Mozilla/5.0 (Macintosh; Intel Mac OS X 10_15_7) AppleWebKit/537.36 (KHTML, like Gecko) Chrome/145.0.0.0 Safari/537.36"
2401:4900:8fc1:1aa2:907b:3e83:c608:3839 - - [23/Feb/2026:13:29:16 +0000] "GET /wp-content/themes/doccure/assets/images/message-img.png HTTP/1.1" 200 992 "https://doccure-wp.dreamsmarketplace.com/dashboard/?ref=chat&identity=62" "Mozilla/5.0 (Macintosh; Intel Mac OS X 10_15_7) AppleWebKit/537.36 (KHTML, like Gecko) Chrome/145.0.0.0 Safari/537.36"
2401:4900:8fc1:1aa2:907b:3e83:c608:3839 - - [23/Feb/2026:13:29:16 +0000] "GET /wp-content/uploads/2026/02/doctor-thumb-09-100x100.jpg HTTP/1.1" 200 2559 "https://doccure-wp.dreamsmarketplace.com/dashboard/?ref=chat&identity=62" "Mozilla/5.0 (Macintosh; Intel Mac OS X 10_15_7) AppleWebKit/537.36 (KHTML, like Gecko) Chrome/145.0.0.0 Safari/537.36"
2401:4900:8fc1:1aa2:907b:3e83:c608:3839 - - [23/Feb/2026:13:29:16 +0000] "GET /wp-content/uploads/2021/12/doctor-05-1-100x100.jpg HTTP/1.1" 304 0 "https://doccure-wp.dreamsmarketplace.com/dashboard/?ref=chat&identity=62" "Mozilla/5.0 (Macintosh; Intel Mac OS X 10_15_7) AppleWebKit/537.36 (KHTML, like Gecko) Chrome/145.0.0.0 Safari/537.36"
2401:4900:8fc1:1aa2:907b:3e83:c608:3839 - - [23/Feb/2026:13:29:17 +0000] "GET /wp-json/contact-form-7/v1/contact-forms/5785/feedback/schema HTTP/1.1" 200 343 "https://doccure-wp.dreamsmarketplace.com/dashboard/?ref=chat&identity=62" "Mozilla/5.0 (Macintosh; Intel Mac OS X 10_15_7) AppleWebKit/537.36 (KHTML, like Gecko) Chrome/145.0.0.0 Safari/537.36"
172.187.168.139 - - [23/Feb/2026:13:32:13 +0000] "POST /wp-cron.php?doing_wp_cron=1771853533.6146290302276611328125 HTTP/1.1" 200 31 "-" "WordPress/6.9.1; https://doccure-wp.dreamsmarketplace.com"
2a03:2880:f800:3d:: - - [23/Feb/2026:13:32:13 +0000] "GET /sample-page/feed/ HTTP/1.1" 200 787 "-" "meta-externalagent/1.1 (+https://developers.facebook.com/docs/sharing/webmasters/crawler)"
2a03:2880:f800:28:: - - [23/Feb/2026:13:33:00 +0000] "GET /book-appointment/?doctor=5984 HTTP/1.1" 200 25862 "-" "meta-externalagent/1.1 (+https://developers.facebook.com/docs/sharing/webmasters/crawler)"
172.187.168.139 - - [23/Feb/2026:13:37:42 +0000] "POST /wp-cron.php?doing_wp_cron=1771853862.4643869400024414062500 HTTP/1.1" 200 31 "-" "WordPress/6.9.1; https://doccure-wp.dreamsmarketplace.com"
2a03:2880:f800:2c:: - - [23/Feb/2026:13:37:42 +0000] "GET /wp-sitemap-posts-prescription-1.xml HTTP/1.1" 200 2771 "-" "meta-externalagent/1.1 (+https://developers.facebook.com/docs/sharing/webmasters/crawler)"
172.187.168.139 - - [23/Feb/2026:13:39:02 +0000] "POST /wp-cron.php?doing_wp_cron=1771853942.1915640830993652343750 HTTP/1.1" 200 31 "-" "WordPress/6.9.1; https://doccure-wp.dreamsmarketplace.com"
2a03:2880:f800:41:: - - [23/Feb/2026:13:39:02 +0000] "GET /wp-json/wp/v2/pages/73 HTTP/1.1" 200 2731 "-" "meta-externalagent/1.1 (+https://developers.facebook.com/docs/sharing/webmasters/crawler)"
172.187.168.139 - - [23/Feb/2026:13:39:27 +0000] "POST /wp-cron.php?doing_wp_cron=1771853967.2568359375000000000000 HTTP/1.1" 200 31 "-" "WordPress/6.9.1; https://doccure-wp.dreamsmarketplace.com"
66.249.66.37 - - [23/Feb/2026:13:39:27 +0000] "GET /robots.txt HTTP/1.1" 200 426 "-" "Mozilla/5.0 (compatible; Googlebot/2.1; +http://www.google.com/bot.html)"
66.249.66.38 - - [23/Feb/2026:13:39:28 +0000] "GET /doctors/olga-barlow/ HTTP/1.1" 200 23613 "-" "Mozilla/5.0 (Linux; Android 6.0.1; Nexus 5X Build/MMB29P) AppleWebKit/537.36 (KHTML, like Gecko) Chrome/144.0.7559.132 Mobile Safari/537.36 (compatible; Googlebot/2.1; +http://www.google.com/bot.html)"
172.187.168.139 - - [23/Feb/2026:13:41:10 +0000] "POST /wp-cron.php?doing_wp_cron=1771854070.9009308815002441406250 HTTP/1.1" 200 31 "-" "WordPress/6.9.1; https://doccure-wp.dreamsmarketplace.com"
2a03:2880:f800:11:: - - [23/Feb/2026:13:41:10 +0000] "GET /wp-sitemap-taxonomies-languages-1.xml HTTP/1.1" 200 462 "-" "meta-externalagent/1.1 (+https://developers.facebook.com/docs/sharing/webmasters/crawler)"
172.187.168.139 - - [23/Feb/2026:13:42:00 +0000] "POST /wp-cron.php?doing_wp_cron=1771854120.3436589241027832031250 HTTP/1.1" 200 31 "-" "WordPress/6.9.1; https://doccure-wp.dreamsmarketplace.com"
2a03:2880:f800:8:: - - [23/Feb/2026:13:42:00 +0000] "GET /wp-sitemap-taxonomies-diseases-1.xml HTTP/1.1" 200 395 "-" "meta-externalagent/1.1 (+https://developers.facebook.com/docs/sharing/webmasters/crawler)"
14.96.60.74 - - [23/Feb/2026:13:43:13 +0000] "GET /landing/ HTTP/1.1" 200 4621 "https://preview.themeforest.net/" "Mozilla/5.0 (Windows NT 10.0; Win64; x64) AppleWebKit/537.36 (KHTML, like Gecko) Chrome/145.0.0.0 Safari/537.36"
14.96.60.74 - - [23/Feb/2026:13:43:14 +0000] "GET /landing/assets/plugins/fontawesome/webfonts/fa-solid-900.woff2 HTTP/1.1" 304 0 "https://doccure-wp.dreamsmarketplace.com/landing/assets/plugins/fontawesome/css/all.min.css" "Mozilla/5.0 (Windows NT 10.0; Win64; x64) AppleWebKit/537.36 (KHTML, like Gecko) Chrome/145.0.0.0 Safari/537.36"
172.187.168.139 - - [23/Feb/2026:13:43:43 +0000] "POST /wp-cron.php?doing_wp_cron=1771854223.8447320461273193359375 HTTP/1.1" 200 31 "-" "WordPress/6.9.1; https://doccure-wp.dreamsmarketplace.com"
2a03:2880:f800:39:: - - [23/Feb/2026:13:43:43 +0000] "GET /wp-json/oembed/1.0/embed?url=https%3A%2F%2Fdoccure-wp.dreamsmarketplace.com%2Fmy-account%2F HTTP/1.1" 200 2356 "-" "meta-externalagent/1.1 (+https://developers.facebook.com/docs/sharing/webmasters/crawler)"
172.187.168.139 - - [23/Feb/2026:13:46:40 +0000] "POST /wp-cron.php?doing_wp_cron=1771854400.1152250766754150390625 HTTP/1.1" 200 31 "-" "WordPress/6.9.1; https://doccure-wp.dreamsmarketplace.com"
2a03:2880:f800:42:: - - [23/Feb/2026:13:46:40 +0000] "GET /?p=4405 HTTP/1.1" 301 11 "-" "meta-externalagent/1.1 (+https://developers.facebook.com/docs/sharing/webmasters/crawler)"
66.249.66.166 - - [23/Feb/2026:13:47:42 +0000] "GET /wp-content/themes/doccure/assets/css/datetimepicker.css?ver=1.5.3 HTTP/1.1" 200 16573 "https://doccure-wp.dreamsmarketplace.com/doctors/olga-barlow/" "Mozilla/5.0 (Linux; Android 6.0.1; Nexus 5X Build/MMB29P) AppleWebKit/537.36 (KHTML, like Gecko) Chrome/144.0.7559.132 Mobile Safari/537.36 (compatible; Googlebot/2.1; +http://www.google.com/bot.html)"
66.249.66.165 - - [23/Feb/2026:13:47:42 +0000] "GET /wp-content/themes/doccure/assets/css/prettyPhoto.css?ver=1.5.3 HTTP/1.1" 200 19905 "https://doccure-wp.dreamsmarketplace.com/doctors/olga-barlow/" "Mozilla/5.0 (Linux; Android 6.0.1; Nexus 5X Build/MMB29P) AppleWebKit/537.36 (KHTML, like Gecko) Chrome/144.0.7559.132 Mobile Safari/537.36 (compatible; Googlebot/2.1; +http://www.google.com/bot.html)"
66.249.66.13 - - [23/Feb/2026:13:47:42 +0000] "GET /wp-content/themes/doccure/assets/dashboardjs/fullcalendar/lib/main.min.css?ver=1.5.3 HTTP/1.1" 200 24939 "https://doccure-wp.dreamsmarketplace.com/doctors/olga-barlow/" "Mozilla/5.0 (Linux; Android 6.0.1; Nexus 5X Build/MMB29P) AppleWebKit/537.36 (KHTML, like Gecko) Chrome/144.0.7559.132 Mobile Safari/537.36 (compatible; Googlebot/2.1; +http://www.google.com/bot.html)"
66.249.66.13 - - [23/Feb/2026:13:47:43 +0000] "GET /wp-content/themes/doccure/assets/css/scrollbar.css?ver=1.5.3 HTTP/1.1" 200 43562 "https://doccure-wp.dreamsmarketplace.com/doctors/olga-barlow/" "Mozilla/5.0 (Linux; Android 6.0.1; Nexus 5X Build/MMB29P) AppleWebKit/537.36 (KHTML, like Gecko) Chrome/144.0.7559.132 Mobile Safari/537.36 (compatible; Googlebot/2.1; +http://www.google.com/bot.html)"
66.249.66.195 - - [23/Feb/2026:13:47:43 +0000] "GET /wp-content/plugins/doccure/public/js/doccure_chat_module.js?ver=1.5.3 HTTP/1.1" 200 17317 "https://doccure-wp.dreamsmarketplace.com/doctors/olga-barlow/" "Mozilla/5.0 (Linux; Android 6.0.1; Nexus 5X Build/MMB29P) AppleWebKit/537.36 (KHTML, like Gecko) Chrome/144.0.7559.132 Mobile Safari/537.36 (compatible; Googlebot/2.1; +http://www.google.com/bot.html)"
66.249.66.167 - - [23/Feb/2026:13:47:43 +0000] "GET /wp-content/themes/doccure/assets/dashboardjs/scrollbar.min.js?ver=1.5.3 HTTP/1.1" 200 45479 "https://doccure-wp.dreamsmarketplace.com/doctors/olga-barlow/" "Mozilla/5.0 (Linux; Android 6.0.1; Nexus 5X Build/MMB29P) AppleWebKit/537.36 (KHTML, like Gecko) Chrome/144.0.7559.132 Mobile Safari/537.36 (compatible; Googlebot/2.1; +http://www.google.com/bot.html)"
66.249.66.167 - - [23/Feb/2026:13:47:43 +0000] "GET /wp-includes/js/dist/vendor/moment.min.js?ver=2.30.1 HTTP/1.1" 200 58812 "https://doccure-wp.dreamsmarketplace.com/doctors/olga-barlow/" "Mozilla/5.0 (Linux; Android 6.0.1; Nexus 5X Build/MMB29P) AppleWebKit/537.36 (KHTML, like Gecko) Chrome/144.0.7559.132 Mobile Safari/537.36 (compatible; Googlebot/2.1; +http://www.google.com/bot.html)"
66.249.66.13 - - [23/Feb/2026:13:47:43 +0000] "GET /wp-content/themes/doccure/assets/dashboardjs/jrate.js?ver=1.5.3 HTTP/1.1" 200 12584 "https://doccure-wp.dreamsmarketplace.com/doctors/olga-barlow/" "Mozilla/5.0 (Linux; Android 6.0.1; Nexus 5X Build/MMB29P) AppleWebKit/537.36 (KHTML, like Gecko) Chrome/144.0.7559.132 Mobile Safari/537.36 (compatible; Googlebot/2.1; +http://www.google.com/bot.html)"
66.249.66.43 - - [23/Feb/2026:13:47:44 +0000] "GET /wp-content/themes/doccure/assets/dashboardjs/fullcalendar/lib/main.min.js?ver=1.5.3 HTTP/1.1" 200 249530 "https://doccure-wp.dreamsmarketplace.com/doctors/olga-barlow/" "Mozilla/5.0 (Linux; Android 6.0.1; Nexus 5X Build/MMB29P) AppleWebKit/537.36 (KHTML, like Gecko) Chrome/144.0.7559.132 Mobile Safari/537.36 (compatible; Googlebot/2.1; +http://www.google.com/bot.html)"
66.249.66.166 - - [23/Feb/2026:13:47:44 +0000] "GET /wp-includes/js/jquery/ui/core.min.js?ver=1.13.3 HTTP/1.1" 200 21464 "https://doccure-wp.dreamsmarketplace.com/doctors/olga-barlow/" "Mozilla/5.0 (Linux; Android 6.0.1; Nexus 5X Build/MMB29P) AppleWebKit/537.36 (KHTML, like Gecko) Chrome/144.0.7559.132 Mobile Safari/537.36 (compatible; Googlebot/2.1; +http://www.google.com/bot.html)"
66.249.66.196 - - [23/Feb/2026:13:47:44 +0000] "GET /wp-includes/js/jquery/ui/mouse.min.js?ver=1.13.3 HTTP/1.1" 200 3428 "https://doccure-wp.dreamsmarketplace.com/doctors/olga-barlow/" "Mozilla/5.0 (Linux; Android 6.0.1; Nexus 5X Build/MMB29P) AppleWebKit/537.36 (KHTML, like Gecko) Chrome/144.0.7559.132 Mobile Safari/537.36 (compatible; Googlebot/2.1; +http://www.google.com/bot.html)"
66.249.66.12 - - [23/Feb/2026:13:47:44 +0000] "GET /wp-includes/js/jquery/ui/slider.min.js?ver=1.13.3 HTTP/1.1" 304 0 "https://doccure-wp.dreamsmarketplace.com/doctors/olga-barlow/" "Mozilla/5.0 (Linux; Android 6.0.1; Nexus 5X Build/MMB29P) AppleWebKit/537.36 (KHTML, like Gecko) Chrome/144.0.7559.132 Mobile Safari/537.36 (compatible; Googlebot/2.1; +http://www.google.com/bot.html)"
66.249.66.166 - - [23/Feb/2026:13:47:45 +0000] "GET /wp-content/themes/doccure/assets/dashboardjs/linkify/linkify.min.js?ver=6.9.1 HTTP/1.1" 200 19574 "https://doccure-wp.dreamsmarketplace.com/doctors/olga-barlow/" "Mozilla/5.0 (Linux; Android 6.0.1; Nexus 5X Build/MMB29P) AppleWebKit/537.36 (KHTML, like Gecko) Chrome/144.0.7559.132 Mobile Safari/537.36 (compatible; Googlebot/2.1; +http://www.google.com/bot.html)"
66.249.66.195 - - [23/Feb/2026:13:47:45 +0000] "GET /wp-content/themes/doccure/assets/dashboardjs/linkify/linkify-string.min.js?ver=6.9.1 HTTP/1.1" 200 1118 "https://doccure-wp.dreamsmarketplace.com/doctors/olga-barlow/" "Mozilla/5.0 (Linux; Android 6.0.1; Nexus 5X Build/MMB29P) AppleWebKit/537.36 (KHTML, like Gecko) Chrome/144.0.7559.132 Mobile Safari/537.36 (compatible; Googlebot/2.1; +http://www.google.com/bot.html)"
66.249.66.167 - - [23/Feb/2026:13:47:45 +0000] "GET /wp-content/themes/doccure/assets/dashboardjs/linkify///linkify-jquery.min.js?ver=6.9.1 HTTP/1.1" 200 3234 "https://doccure-wp.dreamsmarketplace.com/doctors/olga-barlow/" "Mozilla/5.0 (Linux; Android 6.0.1; Nexus 5X Build/MMB29P) AppleWebKit/537.36 (KHTML, like Gecko) Chrome/144.0.7559.132 Mobile Safari/537.36 (compatible; Googlebot/2.1; +http://www.google.com/bot.html)"
66.249.66.43 - - [23/Feb/2026:13:47:45 +0000] "GET /wp-content/plugins/woocommerce/assets/js/prettyPhoto/jquery.prettyPhoto.min.js?ver=3.1.6-wc.10.5.1 HTTP/1.1" 200 21612 "https://doccure-wp.dreamsmarketplace.com/doctors/olga-barlow/" "Mozilla/5.0 (Linux; Android 6.0.1; Nexus 5X Build/MMB29P) AppleWebKit/537.36 (KHTML, like Gecko) Chrome/144.0.7559.132 Mobile Safari/537.36 (compatible; Googlebot/2.1; +http://www.google.com/bot.html)"
172.187.168.139 - - [23/Feb/2026:13:51:35 +0000] "POST /wp-cron.php?doing_wp_cron=1771854695.3905720710754394531250 HTTP/1.1" 200 31 "-" "WordPress/6.9.1; https://doccure-wp.dreamsmarketplace.com"
2a03:2880:f800:a:: - - [23/Feb/2026:13:51:35 +0000] "GET /wp-sitemap-taxonomies-childhood_illness-1.xml HTTP/1.1" 200 487 "-" "meta-externalagent/1.1 (+https://developers.facebook.com/docs/sharing/webmasters/crawler)"
172.187.168.139 - - [23/Feb/2026:13:53:49 +0000] "POST /wp-cron.php?doing_wp_cron=1771854829.6813490390777587890625 HTTP/1.1" 200 31 "-" "WordPress/6.9.1; https://doccure-wp.dreamsmarketplace.com"
2a03:2880:f800:5:: - - [23/Feb/2026:13:53:49 +0000] "GET /wp-json/oembed/1.0/embed?url=https%3A%2F%2Fdoccure-wp.dreamsmarketplace.com%2Fprescription%2Femily-rival%2F HTTP/1.1" 200 2334 "-" "meta-externalagent/1.1 (+https://developers.facebook.com/docs/sharing/webmasters/crawler)"
172.187.168.139 - - [23/Feb/2026:13:59:22 +0000] "POST /wp-cron.php?doing_wp_cron=1771855162.2907691001892089843750 HTTP/1.1" 200 31 "-" "WordPress/6.9.1; https://doccure-wp.dreamsmarketplace.com"
2a03:2880:f800:34:: - - [23/Feb/2026:13:59:22 +0000] "GET /wp-json/oembed/1.0/embed?url=https%3A%2F%2Fdoccure-wp.dreamsmarketplace.com%2Fprescription%2Filyas-kusak%2F HTTP/1.1" 200 2365 "-" "meta-externalagent/1.1 (+https://developers.facebook.com/docs/sharing/webmasters/crawler)"
94.66.186.120 - - [23/Feb/2026:13:59:48 +0000] "GET /landing/ HTTP/1.1" 200 4621 "https://preview.themeforest.net/" "Mozilla/5.0 (X11; Linux x86_64; rv:147.0) Gecko/20100101 Firefox/147.0"
94.66.186.120 - - [23/Feb/2026:13:59:49 +0000] "GET /landing/assets/img/p4.png HTTP/1.1" 200 7955 "https://doccure-wp.dreamsmarketplace.com/landing/" "Mozilla/5.0 (X11; Linux x86_64; rv:147.0) Gecko/20100101 Firefox/147.0"
94.66.186.120 - - [23/Feb/2026:13:59:49 +0000] "GET /landing/assets/css/animate.css HTTP/1.1" 200 56365 "https://doccure-wp.dreamsmarketplace.com/landing/" "Mozilla/5.0 (X11; Linux x86_64; rv:147.0) Gecko/20100101 Firefox/147.0"
94.66.186.120 - - [23/Feb/2026:13:59:49 +0000] "GET /landing/assets/css/feather.css HTTP/1.1" 200 13391 "https://doccure-wp.dreamsmarketplace.com/landing/" "Mozilla/5.0 (X11; Linux x86_64; rv:147.0) Gecko/20100101 Firefox/147.0"
94.66.186.120 - - [23/Feb/2026:13:59:49 +0000] "GET /landing/assets/img/bg-image5.png HTTP/1.1" 200 8930 "https://doccure-wp.dreamsmarketplace.com/landing/" "Mozilla/5.0 (X11; Linux x86_64; rv:147.0) Gecko/20100101 Firefox/147.0"
94.66.186.120 - - [23/Feb/2026:13:59:49 +0000] "GET /landing/assets/plugins/fontawesome/css/fontawesome.min.css HTTP/1.1" 200 55415 "https://doccure-wp.dreamsmarketplace.com/landing/" "Mozilla/5.0 (X11; Linux x86_64; rv:147.0) Gecko/20100101 Firefox/147.0"
94.66.186.120 - - [23/Feb/2026:13:59:49 +0000] "GET /landing/assets/img/bg-image4.png HTTP/1.1" 200 11651 "https://doccure-wp.dreamsmarketplace.com/landing/" "Mozilla/5.0 (X11; Linux x86_64; rv:147.0) Gecko/20100101 Firefox/147.0"
94.66.186.120 - - [23/Feb/2026:13:59:49 +0000] "GET /landing/assets/img/logo-01.svg HTTP/1.1" 200 4334 "https://doccure-wp.dreamsmarketplace.com/landing/" "Mozilla/5.0 (X11; Linux x86_64; rv:147.0) Gecko/20100101 Firefox/147.0"
94.66.186.120 - - [23/Feb/2026:13:59:49 +0000] "GET /landing/assets/css/style.css HTTP/1.1" 200 55854 "https://doccure-wp.dreamsmarketplace.com/landing/" "Mozilla/5.0 (X11; Linux x86_64; rv:147.0) Gecko/20100101 Firefox/147.0"
94.66.186.120 - - [23/Feb/2026:13:59:49 +0000] "GET /landing/assets/img/Elementor_Home3.png HTTP/1.1" 200 96330 "https://doccure-wp.dreamsmarketplace.com/landing/" "Mozilla/5.0 (X11; Linux x86_64; rv:147.0) Gecko/20100101 Firefox/147.0"
94.66.186.120 - - [23/Feb/2026:13:59:49 +0000] "GET /landing/assets/js/bootstrap.bundle.min.js HTTP/1.1" 200 78129 "https://doccure-wp.dreamsmarketplace.com/landing/" "Mozilla/5.0 (X11; Linux x86_64; rv:147.0) Gecko/20100101 Firefox/147.0"
94.66.186.120 - - [23/Feb/2026:13:59:49 +0000] "GET /landing/assets/plugins/fontawesome/css/all.min.css HTTP/1.1" 200 56842 "https://doccure-wp.dreamsmarketplace.com/landing/" "Mozilla/5.0 (X11; Linux x86_64; rv:147.0) Gecko/20100101 Firefox/147.0"
94.66.186.120 - - [23/Feb/2026:13:59:49 +0000] "GET /landing/assets/img/Elementor_Home1.png HTTP/1.1" 200 130524 "https://doccure-wp.dreamsmarketplace.com/landing/" "Mozilla/5.0 (X11; Linux x86_64; rv:147.0) Gecko/20100101 Firefox/147.0"
94.66.186.120 - - [23/Feb/2026:13:59:49 +0000] "GET /landing/assets/img/doctor_page1.png HTTP/1.1" 200 13390 "https://doccure-wp.dreamsmarketplace.com/landing/" "Mozilla/5.0 (X11; Linux x86_64; rv:147.0) Gecko/20100101 Firefox/147.0"
94.66.186.120 - - [23/Feb/2026:13:59:49 +0000] "GET /landing/assets/img/bg-image1.png HTTP/1.1" 200 2814 "https://doccure-wp.dreamsmarketplace.com/landing/" "Mozilla/5.0 (X11; Linux x86_64; rv:147.0) Gecko/20100101 Firefox/147.0"
94.66.186.120 - - [23/Feb/2026:13:59:49 +0000] "GET /landing/assets/js/wow.min.js HTTP/1.1" 200 8426 "https://doccure-wp.dreamsmarketplace.com/landing/" "Mozilla/5.0 (X11; Linux x86_64; rv:147.0) Gecko/20100101 Firefox/147.0"
94.66.186.120 - - [23/Feb/2026:13:59:49 +0000] "GET /landing/assets/js/jquery-3.6.0.min.js HTTP/1.1" 200 89501 "https://doccure-wp.dreamsmarketplace.com/landing/" "Mozilla/5.0 (X11; Linux x86_64; rv:147.0) Gecko/20100101 Firefox/147.0"
94.66.186.120 - - [23/Feb/2026:13:59:49 +0000] "GET /landing/assets/img/doctor_page2.png HTTP/1.1" 200 19166 "https://doccure-wp.dreamsmarketplace.com/landing/" "Mozilla/5.0 (X11; Linux x86_64; rv:147.0) Gecko/20100101 Firefox/147.0"
94.66.186.120 - - [23/Feb/2026:13:59:49 +0000] "GET /landing/assets/img/patient_page5.png HTTP/1.1" 200 10431 "https://doccure-wp.dreamsmarketplace.com/landing/" "Mozilla/5.0 (X11; Linux x86_64; rv:147.0) Gecko/20100101 Firefox/147.0"
94.66.186.120 - - [23/Feb/2026:13:59:49 +0000] "GET /landing/assets/img/banner-img.png HTTP/1.1" 200 38508 "https://doccure-wp.dreamsmarketplace.com/landing/" "Mozilla/5.0 (X11; Linux x86_64; rv:147.0) Gecko/20100101 Firefox/147.0"
94.66.186.120 - - [23/Feb/2026:13:59:49 +0000] "GET /landing/assets/img/doctor_page3.png HTTP/1.1" 200 11096 "https://doccure-wp.dreamsmarketplace.com/landing/" "Mozilla/5.0 (X11; Linux x86_64; rv:147.0) Gecko/20100101 Firefox/147.0"
