115.244.222.166 - - [23/Feb/2026:10:57:35 +0000] "GET /wp-content/themes/doccure/assets/images/login-banner.png HTTP/1.1" 304 0 "https://doccure-wp.dreamsmarketplace.com/login" "Mozilla/5.0 (Windows NT 10.0; Win64; x64) AppleWebKit/537.36 (KHTML, like Gecko) Chrome/145.0.0.0 Safari/537.36"
115.244.222.166 - - [23/Feb/2026:10:57:36 +0000] "GET /wp-json/contact-form-7/v1/contact-forms/5785/feedback/schema HTTP/1.1" 200 343 "https://doccure-wp.dreamsmarketplace.com/login" "Mozilla/5.0 (Windows NT 10.0; Win64; x64) AppleWebKit/537.36 (KHTML, like Gecko) Chrome/145.0.0.0 Safari/537.36"
115.244.222.166 - - [23/Feb/2026:10:57:38 +0000] "GET /login HTTP/1.1" 200 18509 "https://doccure-wp.dreamsmarketplace.com/home/" "Mozilla/5.0 (Windows NT 10.0; Win64; x64) AppleWebKit/537.36 (KHTML, like Gecko) Chrome/145.0.0.0 Safari/537.36"
115.244.222.166 - - [23/Feb/2026:10:57:39 +0000] "GET /wp-json/contact-form-7/v1/contact-forms/5785/feedback/schema HTTP/1.1" 200 343 "https://doccure-wp.dreamsmarketplace.com/login" "Mozilla/5.0 (Windows NT 10.0; Win64; x64) AppleWebKit/537.36 (KHTML, like Gecko) Chrome/145.0.0.0 Safari/537.36"
115.244.222.166 - - [23/Feb/2026:10:57:46 +0000] "POST /wp-admin/admin-ajax.php HTTP/1.1" 200 102 "https://doccure-wp.dreamsmarketplace.com/login" "Mozilla/5.0 (Windows NT 10.0; Win64; x64) AppleWebKit/537.36 (KHTML, like Gecko) Chrome/145.0.0.0 Safari/537.36"
115.244.222.166 - - [23/Feb/2026:10:57:48 +0000] "POST /wp-admin/admin-ajax.php HTTP/1.1" 200 102 "https://doccure-wp.dreamsmarketplace.com/login" "Mozilla/5.0 (Windows NT 10.0; Win64; x64) AppleWebKit/537.36 (KHTML, like Gecko) Chrome/145.0.0.0 Safari/537.36"
2a03:2880:f800:19:: - - [23/Feb/2026:10:57:54 +0000] "GET /wp-json/oembed/1.0/embed?url=https%3A%2F%2Fdoccure-wp.dreamsmarketplace.com%2Fservice%2F HTTP/1.1" 200 2341 "-" "meta-externalagent/1.1 (+https://developers.facebook.com/docs/sharing/webmasters/crawler)"
172.187.168.139 - - [23/Feb/2026:11:00:08 +0000] "POST /wp-cron.php?doing_wp_cron=1771844408.8603429794311523437500 HTTP/1.1" 200 31 "-" "WordPress/6.9.1; https://doccure-wp.dreamsmarketplace.com"
2a03:2880:f800:2a:: - - [23/Feb/2026:11:00:08 +0000] "GET /test/booking.html HTTP/1.1" 404 17144 "-" "meta-externalagent/1.1 (+https://developers.facebook.com/docs/sharing/webmasters/crawler)"
172.187.168.139 - - [23/Feb/2026:11:02:02 +0000] "POST /wp-cron.php?doing_wp_cron=1771844522.5618948936462402343750 HTTP/1.1" 200 31 "-" "WordPress/6.9.1; https://doccure-wp.dreamsmarketplace.com"
2a03:2880:f800:1c:: - - [23/Feb/2026:11:02:02 +0000] "GET /wp-json/wp/v2/pages/5876 HTTP/1.1" 200 1861 "-" "meta-externalagent/1.1 (+https://developers.facebook.com/docs/sharing/webmasters/crawler)"
155.117.163.103 - - [23/Feb/2026:11:03:19 +0000] "GET /wp-content/themes/doccure/assets/images/dravatar-255x250.jpg HTTP/1.1" 200 7751 "https://doccure-wp.dreamstechnologies.com/" "Mozilla/5.0 (Windows NT 10.0; Win64; x64) AppleWebKit/537.36 (KHTML, like Gecko) Chrome/108.0.0.0 Safari/537.36"
172.187.168.139 - - [23/Feb/2026:11:04:08 +0000] "POST /wp-cron.php?doing_wp_cron=1771844648.1676909923553466796875 HTTP/1.1" 200 31 "-" "WordPress/6.9.1; https://doccure-wp.dreamsmarketplace.com"
122.186.150.42 - - [23/Feb/2026:11:04:08 +0000] "GET /home/ HTTP/1.1" 200 24634 "https://doccure-wp.dreamsmarketplace.com/login" "Mozilla/5.0 (Windows NT 10.0; Win64; x64) AppleWebKit/537.36 (KHTML, like Gecko) Chrome/145.0.0.0 Safari/537.36"
122.186.150.42 - - [23/Feb/2026:11:04:10 +0000] "GET /wp-json/contact-form-7/v1/contact-forms/5785/feedback/schema HTTP/1.1" 200 343 "https://doccure-wp.dreamsmarketplace.com/home/" "Mozilla/5.0 (Windows NT 10.0; Win64; x64) AppleWebKit/537.36 (KHTML, like Gecko) Chrome/145.0.0.0 Safari/537.36"
172.187.168.139 - - [23/Feb/2026:11:04:16 +0000] "POST /wp-cron.php?doing_wp_cron=1771844656.2195370197296142578125 HTTP/1.1" 200 31 "-" "WordPress/6.9.1; https://doccure-wp.dreamsmarketplace.com"
122.186.150.42 - - [23/Feb/2026:11:04:16 +0000] "GET /home-2/ HTTP/1.1" 200 25159 "https://doccure-wp.dreamsmarketplace.com/home/" "Mozilla/5.0 (Windows NT 10.0; Win64; x64) AppleWebKit/537.36 (KHTML, like Gecko) Chrome/145.0.0.0 Safari/537.36"
122.186.150.42 - - [23/Feb/2026:11:04:17 +0000] "GET /wp-content/plugins/elementor/assets/lib/font-awesome/css/fontawesome.min.css?ver=5.15.3 HTTP/1.1" 304 0 "https://doccure-wp.dreamsmarketplace.com/home-2/" "Mozilla/5.0 (Windows NT 10.0; Win64; x64) AppleWebKit/537.36 (KHTML, like Gecko) Chrome/145.0.0.0 Safari/537.36"
122.186.150.42 - - [23/Feb/2026:11:04:17 +0000] "GET /wp-content/uploads/2021/10/doctor-1.jpg HTTP/1.1" 304 0 "https://doccure-wp.dreamsmarketplace.com/home-2/" "Mozilla/5.0 (Windows NT 10.0; Win64; x64) AppleWebKit/537.36 (KHTML, like Gecko) Chrome/145.0.0.0 Safari/537.36"
122.186.150.42 - - [23/Feb/2026:11:04:17 +0000] "GET /wp-content/plugins/elementor/assets/lib/font-awesome/css/solid.min.css?ver=5.15.3 HTTP/1.1" 304 0 "https://doccure-wp.dreamsmarketplace.com/home-2/" "Mozilla/5.0 (Windows NT 10.0; Win64; x64) AppleWebKit/537.36 (KHTML, like Gecko) Chrome/145.0.0.0 Safari/537.36"
122.186.150.42 - - [23/Feb/2026:11:04:17 +0000] "GET /wp-content/plugins/elementor/assets/lib/font-awesome/css/regular.min.css?ver=5.15.3 HTTP/1.1" 304 0 "https://doccure-wp.dreamsmarketplace.com/home-2/" "Mozilla/5.0 (Windows NT 10.0; Win64; x64) AppleWebKit/537.36 (KHTML, like Gecko) Chrome/145.0.0.0 Safari/537.36"
122.186.150.42 - - [23/Feb/2026:11:04:17 +0000] "GET /wp-content/uploads/2022/12/feature-03.jpg HTTP/1.1" 304 0 "https://doccure-wp.dreamsmarketplace.com/home-2/" "Mozilla/5.0 (Windows NT 10.0; Win64; x64) AppleWebKit/537.36 (KHTML, like Gecko) Chrome/145.0.0.0 Safari/537.36"
122.186.150.42 - - [23/Feb/2026:11:04:18 +0000] "GET /wp-content/uploads/2022/12/feature-06.jpg HTTP/1.1" 304 0 "https://doccure-wp.dreamsmarketplace.com/home-2/" "Mozilla/5.0 (Windows NT 10.0; Win64; x64) AppleWebKit/537.36 (KHTML, like Gecko) Chrome/145.0.0.0 Safari/537.36"
122.186.150.42 - - [23/Feb/2026:11:04:18 +0000] "GET /wp-content/uploads/elementor/css/post-70.css?ver=1771397587 HTTP/1.1" 404 17165 "https://doccure-wp.dreamsmarketplace.com/home-2/" "Mozilla/5.0 (Windows NT 10.0; Win64; x64) AppleWebKit/537.36 (KHTML, like Gecko) Chrome/145.0.0.0 Safari/537.36"
122.186.150.42 - - [23/Feb/2026:11:04:18 +0000] "GET /wp-includes/js/comment-reply.min.js?ver=6.9.1 HTTP/1.1" 304 0 "https://doccure-wp.dreamsmarketplace.com/home-2/" "Mozilla/5.0 (Windows NT 10.0; Win64; x64) AppleWebKit/537.36 (KHTML, like Gecko) Chrome/145.0.0.0 Safari/537.36"
122.186.150.42 - - [23/Feb/2026:11:04:19 +0000] "GET /wp-content/uploads/2021/11/banner-bg.png HTTP/1.1" 304 0 "https://doccure-wp.dreamsmarketplace.com/home-2/" "Mozilla/5.0 (Windows NT 10.0; Win64; x64) AppleWebKit/537.36 (KHTML, like Gecko) Chrome/145.0.0.0 Safari/537.36"
122.186.150.42 - - [23/Feb/2026:11:04:19 +0000] "GET /wp-json/contact-form-7/v1/contact-forms/5785/feedback/schema HTTP/1.1" 200 343 "https://doccure-wp.dreamsmarketplace.com/home-2/" "Mozilla/5.0 (Windows NT 10.0; Win64; x64) AppleWebKit/537.36 (KHTML, like Gecko) Chrome/145.0.0.0 Safari/537.36"
122.186.150.42 - - [23/Feb/2026:11:04:25 +0000] "GET /home-3/ HTTP/1.1" 200 24863 "https://doccure-wp.dreamsmarketplace.com/home-2/" "Mozilla/5.0 (Windows NT 10.0; Win64; x64) AppleWebKit/537.36 (KHTML, like Gecko) Chrome/145.0.0.0 Safari/537.36"
122.186.150.42 - - [23/Feb/2026:11:04:26 +0000] "GET /wp-content/plugins/elementor/assets/css/widget-image.min.css?ver=3.35.4 HTTP/1.1" 304 0 "https://doccure-wp.dreamsmarketplace.com/home-3/" "Mozilla/5.0 (Windows NT 10.0; Win64; x64) AppleWebKit/537.36 (KHTML, like Gecko) Chrome/145.0.0.0 Safari/537.36"
122.186.150.42 - - [23/Feb/2026:11:04:26 +0000] "GET /wp-content/uploads/2022/03/clinic-14.jpg HTTP/1.1" 304 0 "https://doccure-wp.dreamsmarketplace.com/home-3/" "Mozilla/5.0 (Windows NT 10.0; Win64; x64) AppleWebKit/537.36 (KHTML, like Gecko) Chrome/145.0.0.0 Safari/537.36"
122.186.150.42 - - [23/Feb/2026:11:04:26 +0000] "GET /wp-content/uploads/2023/04/banner-img.png HTTP/1.1" 304 0 "https://doccure-wp.dreamsmarketplace.com/home-3/" "Mozilla/5.0 (Windows NT 10.0; Win64; x64) AppleWebKit/537.36 (KHTML, like Gecko) Chrome/145.0.0.0 Safari/537.36"
122.186.150.42 - - [23/Feb/2026:11:04:26 +0000] "GET /wp-content/uploads/2022/04/appoinment-img.png HTTP/1.1" 304 0 "https://doccure-wp.dreamsmarketplace.com/home-3/" "Mozilla/5.0 (Windows NT 10.0; Win64; x64) AppleWebKit/537.36 (KHTML, like Gecko) Chrome/145.0.0.0 Safari/537.36"
122.186.150.42 - - [23/Feb/2026:11:04:27 +0000] "GET /wp-content/uploads/2022/04/banner-check.png HTTP/1.1" 304 0 "https://doccure-wp.dreamsmarketplace.com/home-3/" "Mozilla/5.0 (Windows NT 10.0; Win64; x64) AppleWebKit/537.36 (KHTML, like Gecko) Chrome/145.0.0.0 Safari/537.36"
122.186.150.42 - - [23/Feb/2026:11:04:27 +0000] "GET /wp-content/uploads/elementor/css/post-5074.css?ver=1771396069 HTTP/1.1" 404 17174 "https://doccure-wp.dreamsmarketplace.com/home-3/" "Mozilla/5.0 (Windows NT 10.0; Win64; x64) AppleWebKit/537.36 (KHTML, like Gecko) Chrome/145.0.0.0 Safari/537.36"
122.186.150.42 - - [23/Feb/2026:11:04:28 +0000] "GET /wp-content/uploads/2022/03/clinic-13.jpg HTTP/1.1" 304 0 "https://doccure-wp.dreamsmarketplace.com/home-3/" "Mozilla/5.0 (Windows NT 10.0; Win64; x64) AppleWebKit/537.36 (KHTML, like Gecko) Chrome/145.0.0.0 Safari/537.36"
122.186.150.42 - - [23/Feb/2026:11:04:28 +0000] "GET /wp-content/uploads/2022/03/clinic-17.jpg HTTP/1.1" 304 0 "https://doccure-wp.dreamsmarketplace.com/home-3/" "Mozilla/5.0 (Windows NT 10.0; Win64; x64) AppleWebKit/537.36 (KHTML, like Gecko) Chrome/145.0.0.0 Safari/537.36"
122.186.150.42 - - [23/Feb/2026:11:04:28 +0000] "GET /wp-content/themes/doccure/assets/images/best-doctor-check.png HTTP/1.1" 304 0 "https://doccure-wp.dreamsmarketplace.com/home-3/" "Mozilla/5.0 (Windows NT 10.0; Win64; x64) AppleWebKit/537.36 (KHTML, like Gecko) Chrome/145.0.0.0 Safari/537.36"
122.186.150.42 - - [23/Feb/2026:11:04:28 +0000] "GET /wp-content/themes/doccure/assets/images/icon2.png HTTP/1.1" 304 0 "https://doccure-wp.dreamsmarketplace.com/home-3/" "Mozilla/5.0 (Windows NT 10.0; Win64; x64) AppleWebKit/537.36 (KHTML, like Gecko) Chrome/145.0.0.0 Safari/537.36"
122.186.150.42 - - [23/Feb/2026:11:04:28 +0000] "GET /wp-content/themes/doccure/assets/images/doctor-img.jpg HTTP/1.1" 304 0 "https://doccure-wp.dreamsmarketplace.com/wp-content/themes/doccure/assets/css/theme.css?ver=1.4.0" "Mozilla/5.0 (Windows NT 10.0; Win64; x64) AppleWebKit/537.36 (KHTML, like Gecko) Chrome/145.0.0.0 Safari/537.36"
122.186.150.42 - - [23/Feb/2026:11:04:28 +0000] "GET /wp-content/uploads/2022/03/clinic-16.jpg HTTP/1.1" 304 0 "https://doccure-wp.dreamsmarketplace.com/home-3/" "Mozilla/5.0 (Windows NT 10.0; Win64; x64) AppleWebKit/537.36 (KHTML, like Gecko) Chrome/145.0.0.0 Safari/537.36"
122.186.150.42 - - [23/Feb/2026:11:04:28 +0000] "GET /wp-content/themes/doccure/assets/images/shape-9.png HTTP/1.1" 304 0 "https://doccure-wp.dreamsmarketplace.com/wp-content/themes/doccure/assets/css/theme.css?ver=1.4.0" "Mozilla/5.0 (Windows NT 10.0; Win64; x64) AppleWebKit/537.36 (KHTML, like Gecko) Chrome/145.0.0.0 Safari/537.36"
122.186.150.42 - - [23/Feb/2026:11:04:28 +0000] "GET /wp-content/uploads/2022/04/phone-call.png HTTP/1.1" 304 0 "https://doccure-wp.dreamsmarketplace.com/home-3/" "Mozilla/5.0 (Windows NT 10.0; Win64; x64) AppleWebKit/537.36 (KHTML, like Gecko) Chrome/145.0.0.0 Safari/537.36"
122.186.150.42 - - [23/Feb/2026:11:04:28 +0000] "GET /wp-content/plugins/elementor/assets/js/text-editor.45609661e409413f1cef.bundle.min.js HTTP/1.1" 304 0 "https://doccure-wp.dreamsmarketplace.com/home-3/" "Mozilla/5.0 (Windows NT 10.0; Win64; x64) AppleWebKit/537.36 (KHTML, like Gecko) Chrome/145.0.0.0 Safari/537.36"
122.186.150.42 - - [23/Feb/2026:11:04:29 +0000] "GET /wp-json/contact-form-7/v1/contact-forms/5785/feedback/schema HTTP/1.1" 200 343 "https://doccure-wp.dreamsmarketplace.com/home-3/" "Mozilla/5.0 (Windows NT 10.0; Win64; x64) AppleWebKit/537.36 (KHTML, like Gecko) Chrome/145.0.0.0 Safari/537.36"
122.186.150.42 - - [23/Feb/2026:11:04:36 +0000] "GET /home-4/ HTTP/1.1" 200 24126 "https://doccure-wp.dreamsmarketplace.com/home-3/" "Mozilla/5.0 (Windows NT 10.0; Win64; x64) AppleWebKit/537.36 (KHTML, like Gecko) Chrome/145.0.0.0 Safari/537.36"
122.186.150.42 - - [23/Feb/2026:11:04:37 +0000] "GET /wp-content/uploads/2022/05/doctor-thumb-08.jpg HTTP/1.1" 304 0 "https://doccure-wp.dreamsmarketplace.com/home-4/" "Mozilla/5.0 (Windows NT 10.0; Win64; x64) AppleWebKit/537.36 (KHTML, like Gecko) Chrome/145.0.0.0 Safari/537.36"
122.186.150.42 - - [23/Feb/2026:11:04:38 +0000] "GET /wp-content/uploads/2021/09/doctor-05-1-300x300.jpg HTTP/1.1" 304 0 "https://doccure-wp.dreamsmarketplace.com/home-4/" "Mozilla/5.0 (Windows NT 10.0; Win64; x64) AppleWebKit/537.36 (KHTML, like Gecko) Chrome/145.0.0.0 Safari/537.36"
122.186.150.42 - - [23/Feb/2026:11:04:38 +0000] "GET /wp-content/uploads/elementor/css/post-5075.css?ver=1771388825 HTTP/1.1" 404 17201 "https://doccure-wp.dreamsmarketplace.com/home-4/" "Mozilla/5.0 (Windows NT 10.0; Win64; x64) AppleWebKit/537.36 (KHTML, like Gecko) Chrome/145.0.0.0 Safari/537.36"
122.186.150.42 - - [23/Feb/2026:11:04:39 +0000] "GET /wp-content/plugins/elementor/assets/lib/font-awesome/webfonts/fa-solid-900.woff2 HTTP/1.1" 200 78196 "https://doccure-wp.dreamsmarketplace.com/wp-content/plugins/elementor/assets/lib/font-awesome/css/solid.min.css?ver=5.15.3" "Mozilla/5.0 (Windows NT 10.0; Win64; x64) AppleWebKit/537.36 (KHTML, like Gecko) Chrome/145.0.0.0 Safari/537.36"
122.186.150.42 - - [23/Feb/2026:11:04:39 +0000] "GET /wp-content/uploads/2022/03/banner-6.jpg HTTP/1.1" 200 206318 "https://doccure-wp.dreamsmarketplace.com/home-4/" "Mozilla/5.0 (Windows NT 10.0; Win64; x64) AppleWebKit/537.36 (KHTML, like Gecko) Chrome/145.0.0.0 Safari/537.36"
122.186.150.42 - - [23/Feb/2026:11:04:40 +0000] "GET /wp-json/contact-form-7/v1/contact-forms/5785/feedback/schema HTTP/1.1" 200 343 "https://doccure-wp.dreamsmarketplace.com/home-4/" "Mozilla/5.0 (Windows NT 10.0; Win64; x64) AppleWebKit/537.36 (KHTML, like Gecko) Chrome/145.0.0.0 Safari/537.36"
122.186.150.42 - - [23/Feb/2026:11:04:48 +0000] "GET /home-5/ HTTP/1.1" 200 24973 "https://doccure-wp.dreamsmarketplace.com/home-4/" "Mozilla/5.0 (Windows NT 10.0; Win64; x64) AppleWebKit/537.36 (KHTML, like Gecko) Chrome/145.0.0.0 Safari/537.36"
122.186.150.42 - - [23/Feb/2026:11:04:49 +0000] "GET /wp-content/uploads/2022/03/clinic-15.jpg HTTP/1.1" 304 0 "https://doccure-wp.dreamsmarketplace.com/home-5/" "Mozilla/5.0 (Windows NT 10.0; Win64; x64) AppleWebKit/537.36 (KHTML, like Gecko) Chrome/145.0.0.0 Safari/537.36"
122.186.150.42 - - [23/Feb/2026:11:04:50 +0000] "GET /wp-content/uploads/2022/03/clinic-12.jpg HTTP/1.1" 304 0 "https://doccure-wp.dreamsmarketplace.com/home-5/" "Mozilla/5.0 (Windows NT 10.0; Win64; x64) AppleWebKit/537.36 (KHTML, like Gecko) Chrome/145.0.0.0 Safari/537.36"
122.186.150.42 - - [23/Feb/2026:11:04:50 +0000] "GET /wp-content/uploads/elementor/css/post-5076.css?ver=1771397795 HTTP/1.1" 404 17181 "https://doccure-wp.dreamsmarketplace.com/home-5/" "Mozilla/5.0 (Windows NT 10.0; Win64; x64) AppleWebKit/537.36 (KHTML, like Gecko) Chrome/145.0.0.0 Safari/537.36"
122.186.150.42 - - [23/Feb/2026:11:04:50 +0000] "GET /wp-content/uploads/2022/03/clinic-18-1.jpg HTTP/1.1" 304 0 "https://doccure-wp.dreamsmarketplace.com/home-5/" "Mozilla/5.0 (Windows NT 10.0; Win64; x64) AppleWebKit/537.36 (KHTML, like Gecko) Chrome/145.0.0.0 Safari/537.36"
122.186.150.42 - - [23/Feb/2026:11:04:51 +0000] "GET /wp-content/uploads/2022/03/clinic-11.jpg HTTP/1.1" 304 0 "https://doccure-wp.dreamsmarketplace.com/home-5/" "Mozilla/5.0 (Windows NT 10.0; Win64; x64) AppleWebKit/537.36 (KHTML, like Gecko) Chrome/145.0.0.0 Safari/537.36"
122.186.150.42 - - [23/Feb/2026:11:04:51 +0000] "GET /wp-content/themes/doccure/assets/images/shape-11.png HTTP/1.1" 304 0 "https://doccure-wp.dreamsmarketplace.com/wp-content/themes/doccure/assets/css/theme.css?ver=1.4.0" "Mozilla/5.0 (Windows NT 10.0; Win64; x64) AppleWebKit/537.36 (KHTML, like Gecko) Chrome/145.0.0.0 Safari/537.36"
122.186.150.42 - - [23/Feb/2026:11:04:51 +0000] "GET /wp-content/uploads/2022/03/banner-5.jpg HTTP/1.1" 304 0 "https://doccure-wp.dreamsmarketplace.com/home-5/" "Mozilla/5.0 (Windows NT 10.0; Win64; x64) AppleWebKit/537.36 (KHTML, like Gecko) Chrome/145.0.0.0 Safari/537.36"
122.186.150.42 - - [23/Feb/2026:11:04:52 +0000] "GET /wp-json/contact-form-7/v1/contact-forms/5785/feedback/schema HTTP/1.1" 200 343 "https://doccure-wp.dreamsmarketplace.com/home-5/" "Mozilla/5.0 (Windows NT 10.0; Win64; x64) AppleWebKit/537.36 (KHTML, like Gecko) Chrome/145.0.0.0 Safari/537.36"
172.187.168.139 - - [23/Feb/2026:11:12:06 +0000] "POST /wp-cron.php?doing_wp_cron=1771845126.0063929557800292968750 HTTP/1.1" 200 31 "-" "WordPress/6.9.1; https://doccure-wp.dreamsmarketplace.com"
2a03:2880:f800:36:: - - [23/Feb/2026:11:12:06 +0000] "GET /wp-sitemap-taxonomies-category-1.xml HTTP/1.1" 200 379 "-" "meta-externalagent/1.1 (+https://developers.facebook.com/docs/sharing/webmasters/crawler)"
172.187.168.139 - - [23/Feb/2026:11:13:36 +0000] "POST /wp-cron.php?doing_wp_cron=1771845216.7505779266357421875000 HTTP/1.1" 200 31 "-" "WordPress/6.9.1; https://doccure-wp.dreamsmarketplace.com"
2a03:2880:f800:2b:: - - [23/Feb/2026:11:13:36 +0000] "GET /wp-json/oembed/1.0/embed?url=https%3A%2F%2Fdoccure-wp.dreamsmarketplace.com%2Ftestimonial%2Fdenise-stevens%2F HTTP/1.1" 200 2485 "-" "meta-externalagent/1.1 (+https://developers.facebook.com/docs/sharing/webmasters/crawler)"
2a03:2880:f800:1:: - - [23/Feb/2026:11:14:01 +0000] "GET /?p=4679 HTTP/1.1" 301 11 "-" "meta-externalagent/1.1 (+https://developers.facebook.com/docs/sharing/webmasters/crawler)"
172.187.168.139 - - [23/Feb/2026:11:17:14 +0000] "POST /wp-cron.php?doing_wp_cron=1771845434.1963939666748046875000 HTTP/1.1" 200 31 "-" "WordPress/6.9.1; https://doccure-wp.dreamsmarketplace.com"
2a03:2880:f800:11:: - - [23/Feb/2026:11:17:14 +0000] "GET /specialities/cardiologist HTTP/1.1" 301 11 "-" "meta-externalagent/1.1 (+https://developers.facebook.com/docs/sharing/webmasters/crawler)"
172.187.168.139 - - [23/Feb/2026:11:19:43 +0000] "POST /wp-cron.php?doing_wp_cron=1771845583.5633130073547363281250 HTTP/1.1" 200 31 "-" "WordPress/6.9.1; https://doccure-wp.dreamsmarketplace.com"
2a03:2880:f800:42:: - - [23/Feb/2026:11:19:43 +0000] "GET /wp-sitemap-posts-testimonials-1.xml HTTP/1.1" 200 760 "-" "meta-externalagent/1.1 (+https://developers.facebook.com/docs/sharing/webmasters/crawler)"
172.187.168.139 - - [23/Feb/2026:11:20:14 +0000] "POST /wp-cron.php?doing_wp_cron=1771845614.8747930526733398437500 HTTP/1.1" 200 31 "-" "WordPress/6.9.1; https://doccure-wp.dreamsmarketplace.com"
2a03:2880:f800:33:: - - [23/Feb/2026:11:20:14 +0000] "GET /?p=73 HTTP/1.1" 301 11 "-" "meta-externalagent/1.1 (+https://developers.facebook.com/docs/sharing/webmasters/crawler)"
2a03:2880:f800:40:: - - [23/Feb/2026:11:20:36 +0000] "GET /wp-json/wp/v2/pages/1801 HTTP/1.1" 200 1862 "-" "meta-externalagent/1.1 (+https://developers.facebook.com/docs/sharing/webmasters/crawler)"
2401:4900:1f3d:bf3d:154d:65b1:d2f4:cf6e - - [23/Feb/2026:11:25:09 +0000] "GET /wp-content/themes/doccure/assets/js/bootstrap/bootstrap.bundle.min.js.map HTTP/1.1" 200 332090 "-" "Mozilla/5.0 (Windows NT 10.0; Win64; x64) AppleWebKit/537.36 (KHTML, like Gecko) Chrome/145.0.0.0 Safari/537.36"
2401:4900:1f3d:bf3d:154d:65b1:d2f4:cf6e - - [23/Feb/2026:11:25:09 +0000] "GET /wp-content/themes/doccure/assets/css/bootstrap/bootstrap.min.css.map HTTP/1.1" 200 589892 "-" "Mozilla/5.0 (Windows NT 10.0; Win64; x64) AppleWebKit/537.36 (KHTML, like Gecko) Chrome/145.0.0.0 Safari/537.36"
172.187.168.139 - - [23/Feb/2026:11:25:10 +0000] "POST /wp-cron.php?doing_wp_cron=1771845910.1262838840484619140625 HTTP/1.1" 200 31 "-" "WordPress/6.9.1; https://doccure-wp.dreamsmarketplace.com"
2401:4900:1f3d:bf3d:154d:65b1:d2f4:cf6e - - [23/Feb/2026:11:25:10 +0000] "GET /wp-content/themes/doccure/assets/js/moment.min.js.map HTTP/1.1" 404 17165 "-" "Mozilla/5.0 (Windows NT 10.0; Win64; x64) AppleWebKit/537.36 (KHTML, like Gecko) Chrome/145.0.0.0 Safari/537.36"
2401:4900:1f3d:bf3d:154d:65b1:d2f4:cf6e - - [23/Feb/2026:11:25:10 +0000] "GET /wp-content/themes/doccure/assets/js/popper.min.js.map HTTP/1.1" 404 17158 "-" "Mozilla/5.0 (Windows NT 10.0; Win64; x64) AppleWebKit/537.36 (KHTML, like Gecko) Chrome/145.0.0.0 Safari/537.36"
2401:4900:1f3d:bf3d:154d:65b1:d2f4:cf6e - - [23/Feb/2026:11:25:11 +0000] "GET /wp-content/themes/doccure/assets/theia-sticky-sidebar/maps/ResizeSensor.js.map HTTP/1.1" 404 17170 "-" "Mozilla/5.0 (Windows NT 10.0; Win64; x64) AppleWebKit/537.36 (KHTML, like Gecko) Chrome/145.0.0.0 Safari/537.36"
172.187.168.139 - - [23/Feb/2026:11:25:11 +0000] "POST /wp-cron.php?doing_wp_cron=1771845911.4708440303802490234375 HTTP/1.1" 200 31 "-" "WordPress/6.9.1; https://doccure-wp.dreamsmarketplace.com"
2401:4900:1f3d:bf3d:154d:65b1:d2f4:cf6e - - [23/Feb/2026:11:25:11 +0000] "GET /wp-content/themes/doccure/assets/theia-sticky-sidebar/maps/theia-sticky-sidebar.js.map HTTP/1.1" 404 17169 "-" "Mozilla/5.0 (Windows NT 10.0; Win64; x64) AppleWebKit/537.36 (KHTML, like Gecko) Chrome/145.0.0.0 Safari/537.36"
172.187.168.139 - - [23/Feb/2026:11:26:11 +0000] "POST /wp-cron.php?doing_wp_cron=1771845971.6972520351409912109375 HTTP/1.1" 200 31 "-" "WordPress/6.9.1; https://doccure-wp.dreamsmarketplace.com"
2a03:2880:f800:3:: - - [23/Feb/2026:11:26:11 +0000] "GET /?p=241 HTTP/1.1" 301 11 "-" "meta-externalagent/1.1 (+https://developers.facebook.com/docs/sharing/webmasters/crawler)"
172.187.168.139 - - [23/Feb/2026:11:26:15 +0000] "POST /wp-cron.php?doing_wp_cron=1771845975.6207890510559082031250 HTTP/1.1" 200 31 "-" "WordPress/6.9.1; https://doccure-wp.dreamsmarketplace.com"
2a03:2880:f800:3a:: - - [23/Feb/2026:11:26:15 +0000] "GET /privacy-policy-2/feed/ HTTP/1.1" 200 795 "-" "meta-externalagent/1.1 (+https://developers.facebook.com/docs/sharing/webmasters/crawler)"
172.187.168.139 - - [23/Feb/2026:11:31:22 +0000] "POST /wp-cron.php?doing_wp_cron=1771846282.3333659172058105468750 HTTP/1.1" 200 31 "-" "WordPress/6.9.1; https://doccure-wp.dreamsmarketplace.com"
2a03:2880:f800:3d:: - - [23/Feb/2026:11:31:22 +0000] "GET /test/search.html HTTP/1.1" 404 17138 "-" "meta-externalagent/1.1 (+https://developers.facebook.com/docs/sharing/webmasters/crawler)"
172.187.168.139 - - [23/Feb/2026:11:32:30 +0000] "POST /wp-cron.php?doing_wp_cron=1771846350.5268859863281250000000 HTTP/1.1" 200 31 "-" "WordPress/6.9.1; https://doccure-wp.dreamsmarketplace.com"
2a03:2880:f800:1e:: - - [23/Feb/2026:11:32:30 +0000] "GET /wp-json/oembed/1.0/embed?url=https%3A%2F%2Fdoccure-wp.dreamsmarketplace.com%2Fregister%2F HTTP/1.1" 200 2346 "-" "meta-externalagent/1.1 (+https://developers.facebook.com/docs/sharing/webmasters/crawler)"
172.187.168.139 - - [23/Feb/2026:11:34:40 +0000] "POST /wp-cron.php?doing_wp_cron=1771846480.2600591182708740234375 HTTP/1.1" 200 31 "-" "WordPress/6.9.1; https://doccure-wp.dreamsmarketplace.com"
17.246.23.210 - - [23/Feb/2026:11:34:40 +0000] "GET /robots.txt HTTP/1.1" 200 426 "-" "Mozilla/5.0 (Macintosh; Intel Mac OS X 10_15_7) AppleWebKit/605.1.15 (KHTML, like Gecko) Version/17.4 Safari/605.1.15 (Applebot/0.1; +http://www.apple.com/go/applebot)"
17.246.23.210 - - [23/Feb/2026:11:34:40 +0000] "GET /wp-content/uploads/2025/01/banner-patient-1-1.jpg HTTP/1.1" 200 5731 "-" "Mozilla/5.0 (Macintosh; Intel Mac OS X 10_15_7) AppleWebKit/605.1.15 (KHTML, like Gecko) Version/17.4 Safari/605.1.15 (Applebot/0.1; +http://www.apple.com/go/applebot)"
172.187.168.139 - - [23/Feb/2026:11:47:18 +0000] "POST /wp-cron.php?doing_wp_cron=1771847238.4522149562835693359375 HTTP/1.1" 200 31 "-" "WordPress/6.9.1; https://doccure-wp.dreamsmarketplace.com"
66.249.66.68 - - [23/Feb/2026:11:47:18 +0000] "GET /tag/medical/ HTTP/1.1" 200 18423 "-" "Mozilla/5.0 (Linux; Android 6.0.1; Nexus 5X Build/MMB29P) AppleWebKit/537.36 (KHTML, like Gecko) Chrome/144.0.7559.132 Mobile Safari/537.36 (compatible; Googlebot/2.1; +http://www.google.com/bot.html)"
98.89.254.180 - - [23/Feb/2026:11:47:38 +0000] "GET /robots.txt HTTP/1.1" 200 426 "-" "Mozilla/5.0 (Macintosh; Intel Mac OS X 10_10_1) AppleWebKit/600.2.5 (KHTML, like Gecko) Version/8.0.2 Safari/600.2.5 (Gort)"
66.249.66.4 - - [23/Feb/2026:11:47:50 +0000] "GET /wp-content/themes/doccure/assets/css/aos.css?ver=1.0.0 HTTP/1.1" 200 26053 "https://doccure-wp.dreamsmarketplace.com/tag/medical/" "Mozilla/5.0 (Linux; Android 6.0.1; Nexus 5X Build/MMB29P) AppleWebKit/537.36 (KHTML, like Gecko) Chrome/144.0.7559.132 Mobile Safari/537.36 (compatible; Googlebot/2.1; +http://www.google.com/bot.html)"
172.187.168.139 - - [23/Feb/2026:11:50:41 +0000] "POST /wp-cron.php?doing_wp_cron=1771847441.8404629230499267578125 HTTP/1.1" 200 31 "-" "WordPress/6.9.1; https://doccure-wp.dreamsmarketplace.com"
2a03:2880:f800:2a:: - - [23/Feb/2026:11:50:41 +0000] "GET /?p=4646 HTTP/1.1" 301 11 "-" "meta-externalagent/1.1 (+https://developers.facebook.com/docs/sharing/webmasters/crawler)"
172.187.168.139 - - [23/Feb/2026:11:51:36 +0000] "POST /wp-cron.php?doing_wp_cron=1771847496.8826320171356201171875 HTTP/1.1" 200 31 "-" "WordPress/6.9.1; https://doccure-wp.dreamsmarketplace.com"
2a03:2880:f800:3:: - - [23/Feb/2026:11:51:36 +0000] "GET /wp-json/wp/v2/categories/5 HTTP/1.1" 200 720 "-" "meta-externalagent/1.1 (+https://developers.facebook.com/docs/sharing/webmasters/crawler)"
172.187.168.139 - - [23/Feb/2026:11:54:11 +0000] "POST /wp-cron.php?doing_wp_cron=1771847650.9499530792236328125000 HTTP/1.1" 200 31 "-" "WordPress/6.9.1; https://doccure-wp.dreamsmarketplace.com"
2a03:2880:f800:8:: - - [23/Feb/2026:11:54:11 +0000] "GET /?p=4683 HTTP/1.1" 301 11 "-" "meta-externalagent/1.1 (+https://developers.facebook.com/docs/sharing/webmasters/crawler)"
172.187.168.139 - - [23/Feb/2026:11:56:04 +0000] "POST /wp-cron.php?doing_wp_cron=1771847764.2224900722503662109375 HTTP/1.1" 200 31 "-" "WordPress/6.9.1; https://doccure-wp.dreamsmarketplace.com"
2a03:2880:f800:2c:: - - [23/Feb/2026:11:56:04 +0000] "GET /childhood-illness/polio/feed/ HTTP/1.1" 200 3965 "-" "meta-externalagent/1.1 (+https://developers.facebook.com/docs/sharing/webmasters/crawler)"
172.187.168.139 - - [23/Feb/2026:12:01:42 +0000] "POST /wp-cron.php?doing_wp_cron=1771848102.8077409267425537109375 HTTP/1.1" 200 31 "-" "WordPress/6.9.1; https://doccure-wp.dreamsmarketplace.com"
2a03:2880:f800:1a:: - - [23/Feb/2026:12:01:42 +0000] "GET /wp-json/oembed/1.0/embed?url=https%3A%2F%2Fdoccure-wp.dreamsmarketplace.com%2Flogin%2F HTTP/1.1" 200 2331 "-" "meta-externalagent/1.1 (+https://developers.facebook.com/docs/sharing/webmasters/crawler)"
2a03:2880:f800:18:: - - [23/Feb/2026:12:01:56 +0000] "GET /specialities/urology/feed/ HTTP/1.1" 200 2300 "-" "meta-externalagent/1.1 (+https://developers.facebook.com/docs/sharing/webmasters/crawler)"
172.187.168.139 - - [23/Feb/2026:12:02:27 +0000] "POST /wp-cron.php?doing_wp_cron=1771848147.1704800128936767578125 HTTP/1.1" 200 31 "-" "WordPress/6.9.1; https://doccure-wp.dreamsmarketplace.com"
2a03:2880:f800:11:: - - [23/Feb/2026:12:02:27 +0000] "GET /wp-json/wp/v2/pages/4574 HTTP/1.1" 200 1854 "-" "meta-externalagent/1.1 (+https://developers.facebook.com/docs/sharing/webmasters/crawler)"
172.187.168.139 - - [23/Feb/2026:12:03:19 +0000] "POST /wp-cron.php?doing_wp_cron=1771848199.5817809104919433593750 HTTP/1.1" 200 31 "-" "WordPress/6.9.1; https://doccure-wp.dreamsmarketplace.com"
2a03:2880:f800:4:: - - [23/Feb/2026:12:03:19 +0000] "GET /?p=5234 HTTP/1.1" 301 11 "-" "meta-externalagent/1.1 (+https://developers.facebook.com/docs/sharing/webmasters/crawler)"
172.187.168.139 - - [23/Feb/2026:12:09:11 +0000] "POST /wp-cron.php?doing_wp_cron=1771848551.8303179740905761718750 HTTP/1.1" 200 31 "-" "WordPress/6.9.1; https://doccure-wp.dreamsmarketplace.com"
2a03:2880:f800:17:: - - [23/Feb/2026:12:09:11 +0000] "GET /category/doctor/feed/ HTTP/1.1" 200 7493 "-" "meta-externalagent/1.1 (+https://developers.facebook.com/docs/sharing/webmasters/crawler)"
172.187.168.139 - - [23/Feb/2026:12:10:34 +0000] "POST /wp-cron.php?doing_wp_cron=1771848634.1100909709930419921875 HTTP/1.1" 200 31 "-" "WordPress/6.9.1; https://doccure-wp.dreamsmarketplace.com"
2a03:2880:f800:2c:: - - [23/Feb/2026:12:10:34 +0000] "GET /?p=5076 HTTP/1.1" 301 11 "-" "meta-externalagent/1.1 (+https://developers.facebook.com/docs/sharing/webmasters/crawler)"
17.246.19.157 - - [23/Feb/2026:12:17:18 +0000] "GET /wp-content/uploads/2021/09/feature1.jpg HTTP/1.1" 200 75773 "-" "Mozilla/5.0 (Macintosh; Intel Mac OS X 10_15_7) AppleWebKit/605.1.15 (KHTML, like Gecko) Version/17.4 Safari/605.1.15 (Applebot/0.1; +http://www.apple.com/go/applebot)"
172.187.168.139 - - [23/Feb/2026:12:25:59 +0000] "POST /wp-cron.php?doing_wp_cron=1771849559.1279590129852294921875 HTTP/1.1" 200 31 "-" "WordPress/6.9.1; https://doccure-wp.dreamsmarketplace.com"
2a03:2880:f800:11:: - - [23/Feb/2026:12:25:59 +0000] "GET /register HTTP/1.1" 200 18961 "-" "meta-externalagent/1.1 (+https://developers.facebook.com/docs/sharing/webmasters/crawler)"
172.187.168.139 - - [23/Feb/2026:12:26:20 +0000] "POST /wp-cron.php?doing_wp_cron=1771849580.7812891006469726562500 HTTP/1.1" 200 31 "-" "WordPress/6.9.1; https://doccure-wp.dreamsmarketplace.com"
17.241.219.250 - - [23/Feb/2026:12:26:20 +0000] "GET /robots.txt HTTP/1.1" 200 426 "-" "Mozilla/5.0 (Macintosh; Intel Mac OS X 10_15_7) AppleWebKit/605.1.15 (KHTML, like Gecko) Version/17.4 Safari/605.1.15 (Applebot/0.1; +http://www.apple.com/go/applebot)"
17.241.219.250 - - [23/Feb/2026:12:26:21 +0000] "GET /wp-content/uploads/2025/01/speciality-02-1.jpg HTTP/1.1" 200 73191 "-" "Mozilla/5.0 (Macintosh; Intel Mac OS X 10_15_7) AppleWebKit/605.1.15 (KHTML, like Gecko) Version/17.4 Safari/605.1.15 (Applebot/0.1; +http://www.apple.com/go/applebot)"
172.187.168.139 - - [23/Feb/2026:12:27:31 +0000] "POST /wp-cron.php?doing_wp_cron=1771849651.7580559253692626953125 HTTP/1.1" 200 31 "-" "WordPress/6.9.1; https://doccure-wp.dreamsmarketplace.com"
2a03:2880:f800:35:: - - [23/Feb/2026:12:27:31 +0000] "GET /wp-json/oembed/1.0/embed?url=https%3A%2F%2Fdoccure-wp.dreamsmarketplace.com%2Fprescription%2Fjoan-gardner-4%2F HTTP/1.1" 200 2343 "-" "meta-externalagent/1.1 (+https://developers.facebook.com/docs/sharing/webmasters/crawler)"
172.187.168.139 - - [23/Feb/2026:12:31:01 +0000] "POST /wp-cron.php?doing_wp_cron=1771849861.2101171016693115234375 HTTP/1.1" 200 31 "-" "WordPress/6.9.1; https://doccure-wp.dreamsmarketplace.com"
2a03:2880:f800:3:: - - [23/Feb/2026:12:31:01 +0000] "GET /wp-json/oembed/1.0/embed?url=https%3A%2F%2Fdoccure-wp.dreamsmarketplace.com%2Fhome%2F HTTP/1.1" 200 2332 "-" "meta-externalagent/1.1 (+https://developers.facebook.com/docs/sharing/webmasters/crawler)"
172.187.168.139 - - [23/Feb/2026:12:38:08 +0000] "POST /wp-cron.php?doing_wp_cron=1771850288.5268580913543701171875 HTTP/1.1" 200 31 "-" "WordPress/6.9.1; https://doccure-wp.dreamsmarketplace.com"
2a03:2880:f800:3a:: - - [23/Feb/2026:12:38:08 +0000] "GET /wp-sitemap-users-1.xml HTTP/1.1" 200 1613 "-" "meta-externalagent/1.1 (+https://developers.facebook.com/docs/sharing/webmasters/crawler)"
172.187.168.139 - - [23/Feb/2026:12:49:48 +0000] "POST /wp-cron.php?doing_wp_cron=1771850988.5657670497894287109375 HTTP/1.1" 200 31 "-" "WordPress/6.9.1; https://doccure-wp.dreamsmarketplace.com"
2a03:2880:f800:21:: - - [23/Feb/2026:12:49:48 +0000] "GET /login HTTP/1.1" 200 18512 "-" "meta-externalagent/1.1 (+https://developers.facebook.com/docs/sharing/webmasters/crawler)"
172.187.168.139 - - [23/Feb/2026:12:50:38 +0000] "POST /wp-cron.php?doing_wp_cron=1771851038.3701961040496826171875 HTTP/1.1" 200 31 "-" "WordPress/6.9.1; https://doccure-wp.dreamsmarketplace.com"
2a03:2880:f800:3f:: - - [23/Feb/2026:12:50:38 +0000] "GET /wp-json/oembed/1.0/embed?url=https%3A%2F%2Fdoccure-wp.dreamsmarketplace.com%2Fhospital%2F HTTP/1.1" 200 2346 "-" "meta-externalagent/1.1 (+https://developers.facebook.com/docs/sharing/webmasters/crawler)"
172.187.168.139 - - [23/Feb/2026:12:53:54 +0000] "POST /wp-cron.php?doing_wp_cron=1771851234.1655869483947753906250 HTTP/1.1" 200 31 "-" "WordPress/6.9.1; https://doccure-wp.dreamsmarketplace.com"
2a03:2880:f800:32:: - - [23/Feb/2026:12:53:54 +0000] "GET /wp-json/oembed/1.0/embed?url=https%3A%2F%2Fdoccure-wp.dreamsmarketplace.com%2Fprescription%2Fdaniel-griffing%2F HTTP/1.1" 200 2352 "-" "meta-externalagent/1.1 (+https://developers.facebook.com/docs/sharing/webmasters/crawler)"
172.187.168.139 - - [23/Feb/2026:12:54:55 +0000] "POST /wp-cron.php?doing_wp_cron=1771851295.2921240329742431640625 HTTP/1.1" 200 31 "-" "WordPress/6.9.1; https://doccure-wp.dreamsmarketplace.com"
52.167.144.172 - - [23/Feb/2026:12:54:55 +0000] "GET /doctors/darren-elder/ HTTP/1.1" 200 23923 "-" "Mozilla/5.0 AppleWebKit/537.36 (KHTML, like Gecko; compatible; bingbot/2.0; +http://www.bing.com/bingbot.htm) Chrome/116.0.1938.76 Safari/537.36"
172.187.168.139 - - [23/Feb/2026:12:59:50 +0000] "POST /wp-cron.php?doing_wp_cron=1771851590.7321128845214843750000 HTTP/1.1" 200 31 "-" "WordPress/6.9.1; https://doccure-wp.dreamsmarketplace.com"
2a03:2880:f800:e:: - - [23/Feb/2026:12:59:50 +0000] "GET /wp-sitemap-taxonomies-specialities-1.xml HTTP/1.1" 200 654 "-" "meta-externalagent/1.1 (+https://developers.facebook.com/docs/sharing/webmasters/crawler)"
172.187.168.139 - - [23/Feb/2026:13:01:45 +0000] "POST /wp-cron.php?doing_wp_cron=1771851704.9538359642028808593750 HTTP/1.1" 200 31 "-" "WordPress/6.9.1; https://doccure-wp.dreamsmarketplace.com"
2a03:2880:f800:27:: - - [23/Feb/2026:13:01:45 +0000] "GET /wp-json/wp/v2/pages/1944 HTTP/1.1" 200 1812 "-" "meta-externalagent/1.1 (+https://developers.facebook.com/docs/sharing/webmasters/crawler)"
172.187.168.139 - - [23/Feb/2026:13:04:38 +0000] "POST /wp-cron.php?doing_wp_cron=1771851878.3202540874481201171875 HTTP/1.1" 200 31 "-" "WordPress/6.9.1; https://doccure-wp.dreamsmarketplace.com"
2a03:2880:f800:: - - [23/Feb/2026:13:04:38 +0000] "GET /wp-sitemap-taxonomies-post_tag-1.xml HTTP/1.1" 200 445 "-" "meta-externalagent/1.1 (+https://developers.facebook.com/docs/sharing/webmasters/crawler)"
172.187.168.139 - - [23/Feb/2026:13:09:17 +0000] "POST /wp-cron.php?doing_wp_cron=1771852157.0447480678558349609375 HTTP/1.1" 200 31 "-" "WordPress/6.9.1; https://doccure-wp.dreamsmarketplace.com"
2a03:2880:f800:b:: - - [23/Feb/2026:13:09:17 +0000] "GET /wp-json/oembed/1.0/embed?url=https%3A%2F%2Fdoccure-wp.dreamsmarketplace.com%2Fsample-page%2F HTTP/1.1" 200 2293 "-" "meta-externalagent/1.1 (+https://developers.facebook.com/docs/sharing/webmasters/crawler)"
172.187.168.139 - - [23/Feb/2026:13:10:21 +0000] "POST /wp-cron.php?doing_wp_cron=1771852220.9731030464172363281250 HTTP/1.1" 200 31 "-" "WordPress/6.9.1; https://doccure-wp.dreamsmarketplace.com"
2a03:2880:f800:38:: - - [23/Feb/2026:13:10:21 +0000] "GET /wp-json/oembed/1.0/embed?url=https%3A%2F%2Fdoccure-wp.dreamsmarketplace.com%2Fprescription%2Fpatient-demo-3%2F HTTP/1.1" 200 2343 "-" "meta-externalagent/1.1 (+https://developers.facebook.com/docs/sharing/webmasters/crawler)"
2401:4900:8fc1:1aa2:fdc9:bea4:f6cd:b2bb - - [23/Feb/2026:13:10:44 +0000] "GET /landing/ HTTP/1.1" 200 4621 "https://preview.themeforest.net/" "Mozilla/5.0 (Macintosh; Intel Mac OS X 10_15_7) AppleWebKit/537.36 (KHTML, like Gecko) Chrome/145.0.0.0 Safari/537.36"
2401:4900:8fc1:1aa2:fdc9:bea4:f6cd:b2bb - - [23/Feb/2026:13:10:45 +0000] "GET /landing/assets/css/bootstrap.min.css HTTP/1.1" 304 0 "https://doccure-wp.dreamsmarketplace.com/landing/" "Mozilla/5.0 (Macintosh; Intel Mac OS X 10_15_7) AppleWebKit/537.36 (KHTML, like Gecko) Chrome/145.0.0.0 Safari/537.36"
2401:4900:8fc1:1aa2:fdc9:bea4:f6cd:b2bb - - [23/Feb/2026:13:10:45 +0000] "GET /landing/assets/plugins/fontawesome/css/all.min.css HTTP/1.1" 304 0 "https://doccure-wp.dreamsmarketplace.com/landing/" "Mozilla/5.0 (Macintosh; Intel Mac OS X 10_15_7) AppleWebKit/537.36 (KHTML, like Gecko) Chrome/145.0.0.0 Safari/537.36"
2401:4900:8fc1:1aa2:fdc9:bea4:f6cd:b2bb - - [23/Feb/2026:13:10:45 +0000] "GET /landing/assets/css/animate.css HTTP/1.1" 304 0 "https://doccure-wp.dreamsmarketplace.com/landing/" "Mozilla/5.0 (Macintosh; Intel Mac OS X 10_15_7) AppleWebKit/537.36 (KHTML, like Gecko) Chrome/145.0.0.0 Safari/537.36"
2401:4900:8fc1:1aa2:fdc9:bea4:f6cd:b2bb - - [23/Feb/2026:13:10:45 +0000] "GET /landing/assets/img/bg-image5.png HTTP/1.1" 304 0 "https://doccure-wp.dreamsmarketplace.com/landing/" "Mozilla/5.0 (Macintosh; Intel Mac OS X 10_15_7) AppleWebKit/537.36 (KHTML, like Gecko) Chrome/145.0.0.0 Safari/537.36"
2401:4900:8fc1:1aa2:fdc9:bea4:f6cd:b2bb - - [23/Feb/2026:13:10:45 +0000] "GET /landing/assets/img/banner-img.png HTTP/1.1" 304 0 "https://doccure-wp.dreamsmarketplace.com/landing/" "Mozilla/5.0 (Macintosh; Intel Mac OS X 10_15_7) AppleWebKit/537.36 (KHTML, like Gecko) Chrome/145.0.0.0 Safari/537.36"
2401:4900:8fc1:1aa2:fdc9:bea4:f6cd:b2bb - - [23/Feb/2026:13:10:45 +0000] "GET /landing/assets/js/wow.min.js HTTP/1.1" 304 0 "https://doccure-wp.dreamsmarketplace.com/landing/" "Mozilla/5.0 (Macintosh; Intel Mac OS X 10_15_7) AppleWebKit/537.36 (KHTML, like Gecko) Chrome/145.0.0.0 Safari/537.36"
2401:4900:8fc1:1aa2:fdc9:bea4:f6cd:b2bb - - [23/Feb/2026:13:10:45 +0000] "GET /landing/assets/js/feather.min.js HTTP/1.1" 304 0 "https://doccure-wp.dreamsmarketplace.com/landing/" "Mozilla/5.0 (Macintosh; Intel Mac OS X 10_15_7) AppleWebKit/537.36 (KHTML, like Gecko) Chrome/145.0.0.0 Safari/537.36"
2401:4900:8fc1:1aa2:fdc9:bea4:f6cd:b2bb - - [23/Feb/2026:13:10:45 +0000] "GET /landing/assets/js/script.js HTTP/1.1" 304 0 "https://doccure-wp.dreamsmarketplace.com/landing/" "Mozilla/5.0 (Macintosh; Intel Mac OS X 10_15_7) AppleWebKit/537.36 (KHTML, like Gecko) Chrome/145.0.0.0 Safari/537.36"
2401:4900:8fc1:1aa2:fdc9:bea4:f6cd:b2bb - - [23/Feb/2026:13:10:45 +0000] "GET /landing/assets/js/jquery-3.6.0.min.js HTTP/1.1" 304 0 "https://doccure-wp.dreamsmarketplace.com/landing/" "Mozilla/5.0 (Macintosh; Intel Mac OS X 10_15_7) AppleWebKit/537.36 (KHTML, like Gecko) Chrome/145.0.0.0 Safari/537.36"
2401:4900:8fc1:1aa2:fdc9:bea4:f6cd:b2bb - - [23/Feb/2026:13:10:45 +0000] "GET /landing/assets/plugins/fontawesome/css/fontawesome.min.css HTTP/1.1" 304 0 "https://doccure-wp.dreamsmarketplace.com/landing/" "Mozilla/5.0 (Macintosh; Intel Mac OS X 10_15_7) AppleWebKit/537.36 (KHTML, like Gecko) Chrome/145.0.0.0 Safari/537.36"
2401:4900:8fc1:1aa2:fdc9:bea4:f6cd:b2bb - - [23/Feb/2026:13:10:45 +0000] "GET /landing/assets/js/bootstrap.bundle.min.js HTTP/1.1" 304 0 "https://doccure-wp.dreamsmarketplace.com/landing/" "Mozilla/5.0 (Macintosh; Intel Mac OS X 10_15_7) AppleWebKit/537.36 (KHTML, like Gecko) Chrome/145.0.0.0 Safari/537.36"
2401:4900:8fc1:1aa2:fdc9:bea4:f6cd:b2bb - - [23/Feb/2026:13:10:45 +0000] "GET /landing/assets/img/Elementor_Home5.png HTTP/1.1" 304 0 "https://doccure-wp.dreamsmarketplace.com/landing/" "Mozilla/5.0 (Macintosh; Intel Mac OS X 10_15_7) AppleWebKit/537.36 (KHTML, like Gecko) Chrome/145.0.0.0 Safari/537.36"
2401:4900:8fc1:1aa2:fdc9:bea4:f6cd:b2bb - - [23/Feb/2026:13:10:45 +0000] "GET /landing/assets/js/smooth-scroll.min.js HTTP/1.1" 304 0 "https://doccure-wp.dreamsmarketplace.com/landing/" "Mozilla/5.0 (Macintosh; Intel Mac OS X 10_15_7) AppleWebKit/537.36 (KHTML, like Gecko) Chrome/145.0.0.0 Safari/537.36"
2401:4900:8fc1:1aa2:fdc9:bea4:f6cd:b2bb - - [23/Feb/2026:13:10:45 +0000] "GET /landing/assets/img/Elementor_Home1.png HTTP/1.1" 304 0 "https://doccure-wp.dreamsmarketplace.com/landing/" "Mozilla/5.0 (Macintosh; Intel Mac OS X 10_15_7) AppleWebKit/537.36 (KHTML, like Gecko) Chrome/145.0.0.0 Safari/537.36"
2401:4900:8fc1:1aa2:fdc9:bea4:f6cd:b2bb - - [23/Feb/2026:13:10:45 +0000] "GET /landing/assets/img/Elementor_Home2.png HTTP/1.1" 304 0 "https://doccure-wp.dreamsmarketplace.com/landing/" "Mozilla/5.0 (Macintosh; Intel Mac OS X 10_15_7) AppleWebKit/537.36 (KHTML, like Gecko) Chrome/145.0.0.0 Safari/537.36"
2401:4900:8fc1:1aa2:fdc9:bea4:f6cd:b2bb - - [23/Feb/2026:13:10:45 +0000] "GET /landing/assets/img/doctor_page1.png HTTP/1.1" 304 0 "https://doccure-wp.dreamsmarketplace.com/landing/" "Mozilla/5.0 (Macintosh; Intel Mac OS X 10_15_7) AppleWebKit/537.36 (KHTML, like Gecko) Chrome/145.0.0.0 Safari/537.36"
2401:4900:8fc1:1aa2:fdc9:bea4:f6cd:b2bb - - [23/Feb/2026:13:10:45 +0000] "GET /landing/assets/img/Elementor_Home4.png HTTP/1.1" 304 0 "https://doccure-wp.dreamsmarketplace.com/landing/" "Mozilla/5.0 (Macintosh; Intel Mac OS X 10_15_7) AppleWebKit/537.36 (KHTML, like Gecko) Chrome/145.0.0.0 Safari/537.36"
2401:4900:8fc1:1aa2:fdc9:bea4:f6cd:b2bb - - [23/Feb/2026:13:10:45 +0000] "GET /landing/assets/img/patient_page2.png HTTP/1.1" 304 0 "https://doccure-wp.dreamsmarketplace.com/landing/" "Mozilla/5.0 (Macintosh; Intel Mac OS X 10_15_7) AppleWebKit/537.36 (KHTML, like Gecko) Chrome/145.0.0.0 Safari/537.36"
2401:4900:8fc1:1aa2:fdc9:bea4:f6cd:b2bb - - [23/Feb/2026:13:10:45 +0000] "GET /landing/assets/img/doctor_page4.png HTTP/1.1" 304 0 "https://doccure-wp.dreamsmarketplace.com/landing/" "Mozilla/5.0 (Macintosh; Intel Mac OS X 10_15_7) AppleWebKit/537.36 (KHTML, like Gecko) Chrome/145.0.0.0 Safari/537.36"
2401:4900:8fc1:1aa2:fdc9:bea4:f6cd:b2bb - - [23/Feb/2026:13:10:45 +0000] "GET /landing/assets/img/doctor_page7.png HTTP/1.1" 304 0 "https://doccure-wp.dreamsmarketplace.com/landing/" "Mozilla/5.0 (Macintosh; Intel Mac OS X 10_15_7) AppleWebKit/537.36 (KHTML, like Gecko) Chrome/145.0.0.0 Safari/537.36"
2401:4900:8fc1:1aa2:fdc9:bea4:f6cd:b2bb - - [23/Feb/2026:13:10:45 +0000] "GET /landing/assets/img/bg-image4.png HTTP/1.1" 304 0 "https://doccure-wp.dreamsmarketplace.com/landing/" "Mozilla/5.0 (Macintosh; Intel Mac OS X 10_15_7) AppleWebKit/537.36 (KHTML, like Gecko) Chrome/145.0.0.0 Safari/537.36"
2401:4900:8fc1:1aa2:fdc9:bea4:f6cd:b2bb - - [23/Feb/2026:13:10:45 +0000] "GET /landing/assets/img/patient_page4.png HTTP/1.1" 304 0 "https://doccure-wp.dreamsmarketplace.com/landing/" "Mozilla/5.0 (Macintosh; Intel Mac OS X 10_15_7) AppleWebKit/537.36 (KHTML, like Gecko) Chrome/145.0.0.0 Safari/537.36"
2401:4900:8fc1:1aa2:fdc9:bea4:f6cd:b2bb - - [23/Feb/2026:13:10:45 +0000] "GET /landing/assets/css/style.css HTTP/1.1" 304 0 "https://doccure-wp.dreamsmarketplace.com/landing/" "Mozilla/5.0 (Macintosh; Intel Mac OS X 10_15_7) AppleWebKit/537.36 (KHTML, like Gecko) Chrome/145.0.0.0 Safari/537.36"
2401:4900:8fc1:1aa2:fdc9:bea4:f6cd:b2bb - - [23/Feb/2026:13:10:45 +0000] "GET /landing/assets/img/doctor_page8.png HTTP/1.1" 304 0 "https://doccure-wp.dreamsmarketplace.com/landing/" "Mozilla/5.0 (Macintosh; Intel Mac OS X 10_15_7) AppleWebKit/537.36 (KHTML, like Gecko) Chrome/145.0.0.0 Safari/537.36"
2401:4900:8fc1:1aa2:fdc9:bea4:f6cd:b2bb - - [23/Feb/2026:13:10:45 +0000] "GET /landing/assets/css/feather.css HTTP/1.1" 304 0 "https://doccure-wp.dreamsmarketplace.com/landing/" "Mozilla/5.0 (Macintosh; Intel Mac OS X 10_15_7) AppleWebKit/537.36 (KHTML, like Gecko) Chrome/145.0.0.0 Safari/537.36"
2401:4900:8fc1:1aa2:fdc9:bea4:f6cd:b2bb - - [23/Feb/2026:13:10:45 +0000] "GET /landing/assets/img/doctor_page3.png HTTP/1.1" 304 0 "https://doccure-wp.dreamsmarketplace.com/landing/" "Mozilla/5.0 (Macintosh; Intel Mac OS X 10_15_7) AppleWebKit/537.36 (KHTML, like Gecko) Chrome/145.0.0.0 Safari/537.36"
2401:4900:8fc1:1aa2:fdc9:bea4:f6cd:b2bb - - [23/Feb/2026:13:10:45 +0000] "GET /landing/assets/img/doctor_page2.png HTTP/1.1" 304 0 "https://doccure-wp.dreamsmarketplace.com/landing/" "Mozilla/5.0 (Macintosh; Intel Mac OS X 10_15_7) AppleWebKit/537.36 (KHTML, like Gecko) Chrome/145.0.0.0 Safari/537.36"
2401:4900:8fc1:1aa2:fdc9:bea4:f6cd:b2bb - - [23/Feb/2026:13:10:45 +0000] "GET /landing/assets/img/bg-image2.png HTTP/1.1" 304 0 "https://doccure-wp.dreamsmarketplace.com/landing/" "Mozilla/5.0 (Macintosh; Intel Mac OS X 10_15_7) AppleWebKit/537.36 (KHTML, like Gecko) Chrome/145.0.0.0 Safari/537.36"
2401:4900:8fc1:1aa2:fdc9:bea4:f6cd:b2bb - - [23/Feb/2026:13:10:45 +0000] "GET /landing/assets/img/patient_page3.png HTTP/1.1" 304 0 "https://doccure-wp.dreamsmarketplace.com/landing/" "Mozilla/5.0 (Macintosh; Intel Mac OS X 10_15_7) AppleWebKit/537.36 (KHTML, like Gecko) Chrome/145.0.0.0 Safari/537.36"
2401:4900:8fc1:1aa2:fdc9:bea4:f6cd:b2bb - - [23/Feb/2026:13:10:45 +0000] "GET /landing/assets/img/footer_shape2.png HTTP/1.1" 304 0 "https://doccure-wp.dreamsmarketplace.com/landing/" "Mozilla/5.0 (Macintosh; Intel Mac OS X 10_15_7) AppleWebKit/537.36 (KHTML, like Gecko) Chrome/145.0.0.0 Safari/537.36"
2401:4900:8fc1:1aa2:fdc9:bea4:f6cd:b2bb - - [23/Feb/2026:13:10:45 +0000] "GET /landing/assets/img/dot_small.png HTTP/1.1" 304 0 "https://doccure-wp.dreamsmarketplace.com/landing/" "Mozilla/5.0 (Macintosh; Intel Mac OS X 10_15_7) AppleWebKit/537.36 (KHTML, like Gecko) Chrome/145.0.0.0 Safari/537.36"
2401:4900:8fc1:1aa2:fdc9:bea4:f6cd:b2bb - - [23/Feb/2026:13:10:45 +0000] "GET /landing/assets/img/doctor_page6.png HTTP/1.1" 304 0 "https://doccure-wp.dreamsmarketplace.com/landing/" "Mozilla/5.0 (Macintosh; Intel Mac OS X 10_15_7) AppleWebKit/537.36 (KHTML, like Gecko) Chrome/145.0.0.0 Safari/537.36"
2401:4900:8fc1:1aa2:fdc9:bea4:f6cd:b2bb - - [23/Feb/2026:13:10:45 +0000] "GET /landing/assets/img/feature_2.png HTTP/1.1" 304 0 "https://doccure-wp.dreamsmarketplace.com/landing/" "Mozilla/5.0 (Macintosh; Intel Mac OS X 10_15_7) AppleWebKit/537.36 (KHTML, like Gecko) Chrome/145.0.0.0 Safari/537.36"
2401:4900:8fc1:1aa2:fdc9:bea4:f6cd:b2bb - - [23/Feb/2026:13:10:45 +0000] "GET /landing/assets/img/Elementor_Home3.png HTTP/1.1" 304 0 "https://doccure-wp.dreamsmarketplace.com/landing/" "Mozilla/5.0 (Macintosh; Intel Mac OS X 10_15_7) AppleWebKit/537.36 (KHTML, like Gecko) Chrome/145.0.0.0 Safari/537.36"
2401:4900:8fc1:1aa2:fdc9:bea4:f6cd:b2bb - - [23/Feb/2026:13:10:45 +0000] "GET /landing/assets/img/support_girl.png HTTP/1.1" 304 0 "https://doccure-wp.dreamsmarketplace.com/landing/" "Mozilla/5.0 (Macintosh; Intel Mac OS X 10_15_7) AppleWebKit/537.36 (KHTML, like Gecko) Chrome/145.0.0.0 Safari/537.36"
2401:4900:8fc1:1aa2:fdc9:bea4:f6cd:b2bb - - [23/Feb/2026:13:10:45 +0000] "GET /landing/assets/img/p6.png HTTP/1.1" 304 0 "https://doccure-wp.dreamsmarketplace.com/landing/" "Mozilla/5.0 (Macintosh; Intel Mac OS X 10_15_7) AppleWebKit/537.36 (KHTML, like Gecko) Chrome/145.0.0.0 Safari/537.36"
2401:4900:8fc1:1aa2:fdc9:bea4:f6cd:b2bb - - [23/Feb/2026:13:10:45 +0000] "GET /landing/assets/img/patient_page6.png HTTP/1.1" 304 0 "https://doccure-wp.dreamsmarketplace.com/landing/" "Mozilla/5.0 (Macintosh; Intel Mac OS X 10_15_7) AppleWebKit/537.36 (KHTML, like Gecko) Chrome/145.0.0.0 Safari/537.36"
2401:4900:8fc1:1aa2:fdc9:bea4:f6cd:b2bb - - [23/Feb/2026:13:10:45 +0000] "GET /landing/assets/img/p3.png HTTP/1.1" 304 0 "https://doccure-wp.dreamsmarketplace.com/landing/" "Mozilla/5.0 (Macintosh; Intel Mac OS X 10_15_7) AppleWebKit/537.36 (KHTML, like Gecko) Chrome/145.0.0.0 Safari/537.36"
2401:4900:8fc1:1aa2:fdc9:bea4:f6cd:b2bb - - [23/Feb/2026:13:10:45 +0000] "GET /landing/assets/img/logo-01.svg HTTP/1.1" 304 0 "https://doccure-wp.dreamsmarketplace.com/landing/" "Mozilla/5.0 (Macintosh; Intel Mac OS X 10_15_7) AppleWebKit/537.36 (KHTML, like Gecko) Chrome/145.0.0.0 Safari/537.36"
2401:4900:8fc1:1aa2:fdc9:bea4:f6cd:b2bb - - [23/Feb/2026:13:10:45 +0000] "GET /landing/assets/img/feature_4.png HTTP/1.1" 304 0 "https://doccure-wp.dreamsmarketplace.com/landing/" "Mozilla/5.0 (Macintosh; Intel Mac OS X 10_15_7) AppleWebKit/537.36 (KHTML, like Gecko) Chrome/145.0.0.0 Safari/537.36"
2401:4900:8fc1:1aa2:fdc9:bea4:f6cd:b2bb - - [23/Feb/2026:13:10:45 +0000] "GET /landing/assets/img/bg-image1.png HTTP/1.1" 304 0 "https://doccure-wp.dreamsmarketplace.com/landing/" "Mozilla/5.0 (Macintosh; Intel Mac OS X 10_15_7) AppleWebKit/537.36 (KHTML, like Gecko) Chrome/145.0.0.0 Safari/537.36"
2401:4900:8fc1:1aa2:fdc9:bea4:f6cd:b2bb - - [23/Feb/2026:13:10:45 +0000] "GET /landing/assets/img/responsive-img.png HTTP/1.1" 304 0 "https://doccure-wp.dreamsmarketplace.com/landing/" "Mozilla/5.0 (Macintosh; Intel Mac OS X 10_15_7) AppleWebKit/537.36 (KHTML, like Gecko) Chrome/145.0.0.0 Safari/537.36"
2401:4900:8fc1:1aa2:fdc9:bea4:f6cd:b2bb - - [23/Feb/2026:13:10:45 +0000] "GET /landing/assets/img/doctor_page5.png HTTP/1.1" 304 0 "https://doccure-wp.dreamsmarketplace.com/landing/" "Mozilla/5.0 (Macintosh; Intel Mac OS X 10_15_7) AppleWebKit/537.36 (KHTML, like Gecko) Chrome/145.0.0.0 Safari/537.36"
2401:4900:8fc1:1aa2:fdc9:bea4:f6cd:b2bb - - [23/Feb/2026:13:10:45 +0000] "GET /landing/assets/img/feature_6.png HTTP/1.1" 304 0 "https://doccure-wp.dreamsmarketplace.com/landing/" "Mozilla/5.0 (Macintosh; Intel Mac OS X 10_15_7) AppleWebKit/537.36 (KHTML, like Gecko) Chrome/145.0.0.0 Safari/537.36"
2401:4900:8fc1:1aa2:fdc9:bea4:f6cd:b2bb - - [23/Feb/2026:13:10:45 +0000] "GET /landing/assets/img/patient_page5.png HTTP/1.1" 304 0 "https://doccure-wp.dreamsmarketplace.com/landing/" "Mozilla/5.0 (Macintosh; Intel Mac OS X 10_15_7) AppleWebKit/537.36 (KHTML, like Gecko) Chrome/145.0.0.0 Safari/537.36"
2401:4900:8fc1:1aa2:fdc9:bea4:f6cd:b2bb - - [23/Feb/2026:13:10:45 +0000] "GET /landing/assets/img/footer_shape1.png HTTP/1.1" 304 0 "https://doccure-wp.dreamsmarketplace.com/landing/" "Mozilla/5.0 (Macintosh; Intel Mac OS X 10_15_7) AppleWebKit/537.36 (KHTML, like Gecko) Chrome/145.0.0.0 Safari/537.36"
2401:4900:8fc1:1aa2:fdc9:bea4:f6cd:b2bb - - [23/Feb/2026:13:10:45 +0000] "GET /landing/assets/img/patient_page7.png HTTP/1.1" 304 0 "https://doccure-wp.dreamsmarketplace.com/landing/" "Mozilla/5.0 (Macintosh; Intel Mac OS X 10_15_7) AppleWebKit/537.36 (KHTML, like Gecko) Chrome/145.0.0.0 Safari/537.36"
2401:4900:8fc1:1aa2:fdc9:bea4:f6cd:b2bb - - [23/Feb/2026:13:10:45 +0000] "GET /landing/assets/img/company-logo1.png HTTP/1.1" 304 0 "https://doccure-wp.dreamsmarketplace.com/landing/" "Mozilla/5.0 (Macintosh; Intel Mac OS X 10_15_7) AppleWebKit/537.36 (KHTML, like Gecko) Chrome/145.0.0.0 Safari/537.36"
