2405:201:5015:aab8:5459:966a:203:d4f0 - - [23/Feb/2026:01:19:52 +0000] "GET /wp-content/uploads/2025/01/banner-patient-3-1.jpg HTTP/1.1" 304 0 "https://doccure-wp.dreamsmarketplace.com/" "Mozilla/5.0 (Windows NT 10.0; Win64; x64) AppleWebKit/537.36 (KHTML, like Gecko) Chrome/145.0.0.0 Safari/537.36"
2405:201:5015:aab8:5459:966a:203:d4f0 - - [23/Feb/2026:01:19:52 +0000] "GET /wp-content/uploads/2025/01/speciality-02-1.jpg HTTP/1.1" 304 0 "https://doccure-wp.dreamsmarketplace.com/" "Mozilla/5.0 (Windows NT 10.0; Win64; x64) AppleWebKit/537.36 (KHTML, like Gecko) Chrome/145.0.0.0 Safari/537.36"
2405:201:5015:aab8:5459:966a:203:d4f0 - - [23/Feb/2026:01:19:52 +0000] "GET /wp-content/themes/doccure/assets/dashboardjs/doccure_callback.js?ver=1.5.3 HTTP/1.1" 304 0 "https://doccure-wp.dreamsmarketplace.com/" "Mozilla/5.0 (Windows NT 10.0; Win64; x64) AppleWebKit/537.36 (KHTML, like Gecko) Chrome/145.0.0.0 Safari/537.36"
2405:201:5015:aab8:5459:966a:203:d4f0 - - [23/Feb/2026:01:19:52 +0000] "GET /wp-content/uploads/2025/01/speciality-08-1.jpg HTTP/1.1" 304 0 "https://doccure-wp.dreamsmarketplace.com/" "Mozilla/5.0 (Windows NT 10.0; Win64; x64) AppleWebKit/537.36 (KHTML, like Gecko) Chrome/145.0.0.0 Safari/537.36"
2405:201:5015:aab8:5459:966a:203:d4f0 - - [23/Feb/2026:01:19:52 +0000] "GET /wp-content/uploads/2025/01/speciality-03-1.jpg HTTP/1.1" 304 0 "https://doccure-wp.dreamsmarketplace.com/" "Mozilla/5.0 (Windows NT 10.0; Win64; x64) AppleWebKit/537.36 (KHTML, like Gecko) Chrome/145.0.0.0 Safari/537.36"
2405:201:5015:aab8:5459:966a:203:d4f0 - - [23/Feb/2026:01:19:52 +0000] "GET /wp-content/uploads/2025/01/speciality-icon-07-1.svg HTTP/1.1" 304 0 "https://doccure-wp.dreamsmarketplace.com/" "Mozilla/5.0 (Windows NT 10.0; Win64; x64) AppleWebKit/537.36 (KHTML, like Gecko) Chrome/145.0.0.0 Safari/537.36"
2405:201:5015:aab8:5459:966a:203:d4f0 - - [23/Feb/2026:01:19:52 +0000] "GET /wp-content/uploads/2025/01/banner-patient-1-1.jpg HTTP/1.1" 304 0 "https://doccure-wp.dreamsmarketplace.com/" "Mozilla/5.0 (Windows NT 10.0; Win64; x64) AppleWebKit/537.36 (KHTML, like Gecko) Chrome/145.0.0.0 Safari/537.36"
2405:201:5015:aab8:5459:966a:203:d4f0 - - [23/Feb/2026:01:19:52 +0000] "GET /wp-content/uploads/2025/01/book-02-1.jpg HTTP/1.1" 304 0 "https://doccure-wp.dreamsmarketplace.com/" "Mozilla/5.0 (Windows NT 10.0; Win64; x64) AppleWebKit/537.36 (KHTML, like Gecko) Chrome/145.0.0.0 Safari/537.36"
2405:201:5015:aab8:5459:966a:203:d4f0 - - [23/Feb/2026:01:19:52 +0000] "GET /wp-content/plugins/woocommerce/assets/js/frontend/order-attribution.min.js?ver=10.5.1 HTTP/1.1" 304 0 "https://doccure-wp.dreamsmarketplace.com/" "Mozilla/5.0 (Windows NT 10.0; Win64; x64) AppleWebKit/537.36 (KHTML, like Gecko) Chrome/145.0.0.0 Safari/537.36"
2405:201:5015:aab8:5459:966a:203:d4f0 - - [23/Feb/2026:01:19:52 +0000] "GET /wp-content/uploads/2025/01/speciality-icon-02-1.svg HTTP/1.1" 304 0 "https://doccure-wp.dreamsmarketplace.com/" "Mozilla/5.0 (Windows NT 10.0; Win64; x64) AppleWebKit/537.36 (KHTML, like Gecko) Chrome/145.0.0.0 Safari/537.36"
2405:201:5015:aab8:5459:966a:203:d4f0 - - [23/Feb/2026:01:19:52 +0000] "GET /wp-content/plugins/elementor/assets/js/webpack.runtime.min.js?ver=3.35.4 HTTP/1.1" 304 0 "https://doccure-wp.dreamsmarketplace.com/" "Mozilla/5.0 (Windows NT 10.0; Win64; x64) AppleWebKit/537.36 (KHTML, like Gecko) Chrome/145.0.0.0 Safari/537.36"
2405:201:5015:aab8:5459:966a:203:d4f0 - - [23/Feb/2026:01:19:52 +0000] "GET /wp-content/themes/doccure/assets/js/bootstrap-datetimepicker.min.js?ver=1.5.3 HTTP/1.1" 304 0 "https://doccure-wp.dreamsmarketplace.com/" "Mozilla/5.0 (Windows NT 10.0; Win64; x64) AppleWebKit/537.36 (KHTML, like Gecko) Chrome/145.0.0.0 Safari/537.36"
2405:201:5015:aab8:5459:966a:203:d4f0 - - [23/Feb/2026:01:19:52 +0000] "GET /wp-content/plugins/elementor/assets/js/frontend-modules.min.js?ver=3.35.4 HTTP/1.1" 304 0 "https://doccure-wp.dreamsmarketplace.com/" "Mozilla/5.0 (Windows NT 10.0; Win64; x64) AppleWebKit/537.36 (KHTML, like Gecko) Chrome/145.0.0.0 Safari/537.36"
2405:201:5015:aab8:5459:966a:203:d4f0 - - [23/Feb/2026:01:19:52 +0000] "GET /wp-content/themes/doccure/assets/images/way-icon.svg HTTP/1.1" 304 0 "https://doccure-wp.dreamsmarketplace.com/" "Mozilla/5.0 (Windows NT 10.0; Win64; x64) AppleWebKit/537.36 (KHTML, like Gecko) Chrome/145.0.0.0 Safari/537.36"
2405:201:5015:aab8:5459:966a:203:d4f0 - - [23/Feb/2026:01:19:52 +0000] "GET /wp-content/uploads/2021/08/patient3.jpg HTTP/1.1" 304 0 "https://doccure-wp.dreamsmarketplace.com/" "Mozilla/5.0 (Windows NT 10.0; Win64; x64) AppleWebKit/537.36 (KHTML, like Gecko) Chrome/145.0.0.0 Safari/537.36"
2405:201:5015:aab8:5459:966a:203:d4f0 - - [23/Feb/2026:01:19:52 +0000] "GET /wp-content/uploads/2026/02/doctor-thumb-09.jpg HTTP/1.1" 304 0 "https://doccure-wp.dreamsmarketplace.com/" "Mozilla/5.0 (Windows NT 10.0; Win64; x64) AppleWebKit/537.36 (KHTML, like Gecko) Chrome/145.0.0.0 Safari/537.36"
2405:201:5015:aab8:5459:966a:203:d4f0 - - [23/Feb/2026:01:19:52 +0000] "GET /wp-content/uploads/2025/01/company-04-1.svg HTTP/1.1" 304 0 "https://doccure-wp.dreamsmarketplace.com/" "Mozilla/5.0 (Windows NT 10.0; Win64; x64) AppleWebKit/537.36 (KHTML, like Gecko) Chrome/145.0.0.0 Safari/537.36"
2405:201:5015:aab8:5459:966a:203:d4f0 - - [23/Feb/2026:01:19:52 +0000] "GET /wp-content/uploads/2021/09/patient1.jpg HTTP/1.1" 304 0 "https://doccure-wp.dreamsmarketplace.com/" "Mozilla/5.0 (Windows NT 10.0; Win64; x64) AppleWebKit/537.36 (KHTML, like Gecko) Chrome/145.0.0.0 Safari/537.36"
2405:201:5015:aab8:5459:966a:203:d4f0 - - [23/Feb/2026:01:19:52 +0000] "GET /wp-content/uploads/2025/01/banner-patient-2-1.jpg HTTP/1.1" 304 0 "https://doccure-wp.dreamsmarketplace.com/" "Mozilla/5.0 (Windows NT 10.0; Win64; x64) AppleWebKit/537.36 (KHTML, like Gecko) Chrome/145.0.0.0 Safari/537.36"
2405:201:5015:aab8:5459:966a:203:d4f0 - - [23/Feb/2026:01:19:52 +0000] "GET /wp-content/uploads/2026/02/book-doctor-12-300x285.jpg HTTP/1.1" 304 0 "https://doccure-wp.dreamsmarketplace.com/" "Mozilla/5.0 (Windows NT 10.0; Win64; x64) AppleWebKit/537.36 (KHTML, like Gecko) Chrome/145.0.0.0 Safari/537.36"
2405:201:5015:aab8:5459:966a:203:d4f0 - - [23/Feb/2026:01:19:52 +0000] "GET /wp-content/uploads/2021/12/patient2.jpg HTTP/1.1" 304 0 "https://doccure-wp.dreamsmarketplace.com/" "Mozilla/5.0 (Windows NT 10.0; Win64; x64) AppleWebKit/537.36 (KHTML, like Gecko) Chrome/145.0.0.0 Safari/537.36"
2405:201:5015:aab8:5459:966a:203:d4f0 - - [23/Feb/2026:01:19:52 +0000] "GET /wp-content/uploads/2025/01/speciality-icon-05-1.svg HTTP/1.1" 304 0 "https://doccure-wp.dreamsmarketplace.com/" "Mozilla/5.0 (Windows NT 10.0; Win64; x64) AppleWebKit/537.36 (KHTML, like Gecko) Chrome/145.0.0.0 Safari/537.36"
2405:201:5015:aab8:5459:966a:203:d4f0 - - [23/Feb/2026:01:19:52 +0000] "GET /wp-content/uploads/2025/01/company-03-1.svg HTTP/1.1" 304 0 "https://doccure-wp.dreamsmarketplace.com/" "Mozilla/5.0 (Windows NT 10.0; Win64; x64) AppleWebKit/537.36 (KHTML, like Gecko) Chrome/145.0.0.0 Safari/537.36"
2405:201:5015:aab8:5459:966a:203:d4f0 - - [23/Feb/2026:01:19:52 +0000] "GET /wp-content/uploads/2025/01/company-07-1.svg HTTP/1.1" 304 0 "https://doccure-wp.dreamsmarketplace.com/" "Mozilla/5.0 (Windows NT 10.0; Win64; x64) AppleWebKit/537.36 (KHTML, like Gecko) Chrome/145.0.0.0 Safari/537.36"
2405:201:5015:aab8:5459:966a:203:d4f0 - - [23/Feb/2026:01:19:52 +0000] "GET /wp-content/uploads/2025/01/company-02-1.svg HTTP/1.1" 304 0 "https://doccure-wp.dreamsmarketplace.com/" "Mozilla/5.0 (Windows NT 10.0; Win64; x64) AppleWebKit/537.36 (KHTML, like Gecko) Chrome/145.0.0.0 Safari/537.36"
2405:201:5015:aab8:5459:966a:203:d4f0 - - [23/Feb/2026:01:19:52 +0000] "GET /wp-content/uploads/2025/01/company-05-1.svg HTTP/1.1" 304 0 "https://doccure-wp.dreamsmarketplace.com/" "Mozilla/5.0 (Windows NT 10.0; Win64; x64) AppleWebKit/537.36 (KHTML, like Gecko) Chrome/145.0.0.0 Safari/537.36"
2405:201:5015:aab8:5459:966a:203:d4f0 - - [23/Feb/2026:01:19:52 +0000] "GET /wp-content/uploads/2025/01/video-1.svg HTTP/1.1" 304 0 "https://doccure-wp.dreamsmarketplace.com/" "Mozilla/5.0 (Windows NT 10.0; Win64; x64) AppleWebKit/537.36 (KHTML, like Gecko) Chrome/145.0.0.0 Safari/537.36"
2405:201:5015:aab8:5459:966a:203:d4f0 - - [23/Feb/2026:01:19:52 +0000] "GET /wp-content/uploads/2025/01/banner-icon-2-1.png HTTP/1.1" 304 0 "https://doccure-wp.dreamsmarketplace.com/" "Mozilla/5.0 (Windows NT 10.0; Win64; x64) AppleWebKit/537.36 (KHTML, like Gecko) Chrome/145.0.0.0 Safari/537.36"
2405:201:5015:aab8:5459:966a:203:d4f0 - - [23/Feb/2026:01:19:52 +0000] "GET /wp-content/uploads/2025/01/banner-bg-01-1.png HTTP/1.1" 304 0 "https://doccure-wp.dreamsmarketplace.com/" "Mozilla/5.0 (Windows NT 10.0; Win64; x64) AppleWebKit/537.36 (KHTML, like Gecko) Chrome/145.0.0.0 Safari/537.36"
2405:201:5015:aab8:5459:966a:203:d4f0 - - [23/Feb/2026:01:19:52 +0000] "GET /wp-content/uploads/2025/01/speciality-icon-04-1.svg HTTP/1.1" 304 0 "https://doccure-wp.dreamsmarketplace.com/" "Mozilla/5.0 (Windows NT 10.0; Win64; x64) AppleWebKit/537.36 (KHTML, like Gecko) Chrome/145.0.0.0 Safari/537.36"
2405:201:5015:aab8:5459:966a:203:d4f0 - - [23/Feb/2026:01:19:52 +0000] "GET /wp-content/uploads/2025/01/banner-icon-4-1.png HTTP/1.1" 304 0 "https://doccure-wp.dreamsmarketplace.com/" "Mozilla/5.0 (Windows NT 10.0; Win64; x64) AppleWebKit/537.36 (KHTML, like Gecko) Chrome/145.0.0.0 Safari/537.36"
2405:201:5015:aab8:5459:966a:203:d4f0 - - [23/Feb/2026:01:19:52 +0000] "GET /wp-content/plugins/woocommerce/assets/js/sourcebuster/sourcebuster.min.js?ver=10.5.1 HTTP/1.1" 304 0 "https://doccure-wp.dreamsmarketplace.com/" "Mozilla/5.0 (Windows NT 10.0; Win64; x64) AppleWebKit/537.36 (KHTML, like Gecko) Chrome/145.0.0.0 Safari/537.36"
2405:201:5015:aab8:5459:966a:203:d4f0 - - [23/Feb/2026:01:19:52 +0000] "GET /wp-content/uploads/2025/01/home-banner-bg-1.png HTTP/1.1" 304 0 "https://doccure-wp.dreamsmarketplace.com/" "Mozilla/5.0 (Windows NT 10.0; Win64; x64) AppleWebKit/537.36 (KHTML, like Gecko) Chrome/145.0.0.0 Safari/537.36"
2405:201:5015:aab8:5459:966a:203:d4f0 - - [23/Feb/2026:01:19:52 +0000] "GET /wp-content/themes/doccure/assets/js/moment.min.js?ver=1.5.3 HTTP/1.1" 304 0 "https://doccure-wp.dreamsmarketplace.com/" "Mozilla/5.0 (Windows NT 10.0; Win64; x64) AppleWebKit/537.36 (KHTML, like Gecko) Chrome/145.0.0.0 Safari/537.36"
2405:201:5015:aab8:5459:966a:203:d4f0 - - [23/Feb/2026:01:19:52 +0000] "GET /wp-content/uploads/2025/01/speciality-icon-06-1.svg HTTP/1.1" 304 0 "https://doccure-wp.dreamsmarketplace.com/" "Mozilla/5.0 (Windows NT 10.0; Win64; x64) AppleWebKit/537.36 (KHTML, like Gecko) Chrome/145.0.0.0 Safari/537.36"
2405:201:5015:aab8:5459:966a:203:d4f0 - - [23/Feb/2026:01:19:52 +0000] "GET /wp-content/uploads/2025/01/speciality-05-1.jpg HTTP/1.1" 304 0 "https://doccure-wp.dreamsmarketplace.com/" "Mozilla/5.0 (Windows NT 10.0; Win64; x64) AppleWebKit/537.36 (KHTML, like Gecko) Chrome/145.0.0.0 Safari/537.36"
2405:201:5015:aab8:5459:966a:203:d4f0 - - [23/Feb/2026:01:19:52 +0000] "GET /wp-content/themes/doccure/assets/images/dravatar-100x100.jpg HTTP/1.1" 304 0 "https://doccure-wp.dreamsmarketplace.com/" "Mozilla/5.0 (Windows NT 10.0; Win64; x64) AppleWebKit/537.36 (KHTML, like Gecko) Chrome/145.0.0.0 Safari/537.36"
2405:201:5015:aab8:5459:966a:203:d4f0 - - [23/Feb/2026:01:19:52 +0000] "GET /wp-content/uploads/2025/01/speciality-icon-03-1.svg HTTP/1.1" 304 0 "https://doccure-wp.dreamsmarketplace.com/" "Mozilla/5.0 (Windows NT 10.0; Win64; x64) AppleWebKit/537.36 (KHTML, like Gecko) Chrome/145.0.0.0 Safari/537.36"
2405:201:5015:aab8:5459:966a:203:d4f0 - - [23/Feb/2026:01:19:52 +0000] "GET /wp-content/themes/doccure/assets/images/quote-icon.svg HTTP/1.1" 304 0 "https://doccure-wp.dreamsmarketplace.com/" "Mozilla/5.0 (Windows NT 10.0; Win64; x64) AppleWebKit/537.36 (KHTML, like Gecko) Chrome/145.0.0.0 Safari/537.36"
2405:201:5015:aab8:5459:966a:203:d4f0 - - [23/Feb/2026:01:19:52 +0000] "GET /wp-content/uploads/2025/01/speciality-icon-01-1.svg HTTP/1.1" 304 0 "https://doccure-wp.dreamsmarketplace.com/" "Mozilla/5.0 (Windows NT 10.0; Win64; x64) AppleWebKit/537.36 (KHTML, like Gecko) Chrome/145.0.0.0 Safari/537.36"
2405:201:5015:aab8:5459:966a:203:d4f0 - - [23/Feb/2026:01:19:52 +0000] "GET /wp-content/uploads/2025/01/book-03-1.jpg HTTP/1.1" 304 0 "https://doccure-wp.dreamsmarketplace.com/" "Mozilla/5.0 (Windows NT 10.0; Win64; x64) AppleWebKit/537.36 (KHTML, like Gecko) Chrome/145.0.0.0 Safari/537.36"
2405:201:5015:aab8:5459:966a:203:d4f0 - - [23/Feb/2026:01:19:52 +0000] "GET /wp-content/uploads/2025/01/speciality-icon-08-1.svg HTTP/1.1" 304 0 "https://doccure-wp.dreamsmarketplace.com/" "Mozilla/5.0 (Windows NT 10.0; Win64; x64) AppleWebKit/537.36 (KHTML, like Gecko) Chrome/145.0.0.0 Safari/537.36"
2405:201:5015:aab8:5459:966a:203:d4f0 - - [23/Feb/2026:01:19:52 +0000] "GET /wp-content/uploads/2025/01/google-play-01-1.svg HTTP/1.1" 304 0 "https://doccure-wp.dreamsmarketplace.com/" "Mozilla/5.0 (Windows NT 10.0; Win64; x64) AppleWebKit/537.36 (KHTML, like Gecko) Chrome/145.0.0.0 Safari/537.36"
2405:201:5015:aab8:5459:966a:203:d4f0 - - [23/Feb/2026:01:19:52 +0000] "GET /wp-content/uploads/2025/01/book-01-1.jpg HTTP/1.1" 304 0 "https://doccure-wp.dreamsmarketplace.com/" "Mozilla/5.0 (Windows NT 10.0; Win64; x64) AppleWebKit/537.36 (KHTML, like Gecko) Chrome/145.0.0.0 Safari/537.36"
2405:201:5015:aab8:5459:966a:203:d4f0 - - [23/Feb/2026:01:19:52 +0000] "GET /wp-content/uploads/2025/01/speciality-07-1.jpg HTTP/1.1" 304 0 "https://doccure-wp.dreamsmarketplace.com/" "Mozilla/5.0 (Windows NT 10.0; Win64; x64) AppleWebKit/537.36 (KHTML, like Gecko) Chrome/145.0.0.0 Safari/537.36"
2405:201:5015:aab8:5459:966a:203:d4f0 - - [23/Feb/2026:01:19:52 +0000] "GET /wp-content/uploads/2021/12/doctor-05-1-300x300.jpg HTTP/1.1" 304 0 "https://doccure-wp.dreamsmarketplace.com/" "Mozilla/5.0 (Windows NT 10.0; Win64; x64) AppleWebKit/537.36 (KHTML, like Gecko) Chrome/145.0.0.0 Safari/537.36"
2405:201:5015:aab8:5459:966a:203:d4f0 - - [23/Feb/2026:01:19:52 +0000] "GET /wp-content/themes/doccure/assets/css/fontawesome/webfonts/fa-brands-400.woff2 HTTP/1.1" 304 0 "https://doccure-wp.dreamsmarketplace.com/wp-content/themes/doccure/assets/css/fontawesome/css/all.min.css?ver=6.7.4" "Mozilla/5.0 (Windows NT 10.0; Win64; x64) AppleWebKit/537.36 (KHTML, like Gecko) Chrome/145.0.0.0 Safari/537.36"
2405:201:5015:aab8:5459:966a:203:d4f0 - - [23/Feb/2026:01:19:52 +0000] "GET /wp-content/uploads/2025/01/company-06-1.svg HTTP/1.1" 304 0 "https://doccure-wp.dreamsmarketplace.com/" "Mozilla/5.0 (Windows NT 10.0; Win64; x64) AppleWebKit/537.36 (KHTML, like Gecko) Chrome/145.0.0.0 Safari/537.36"
2405:201:5015:aab8:5459:966a:203:d4f0 - - [23/Feb/2026:01:19:52 +0000] "GET /wp-content/uploads/2025/01/app-store-01-1.svg HTTP/1.1" 304 0 "https://doccure-wp.dreamsmarketplace.com/" "Mozilla/5.0 (Windows NT 10.0; Win64; x64) AppleWebKit/537.36 (KHTML, like Gecko) Chrome/145.0.0.0 Safari/537.36"
2405:201:5015:aab8:5459:966a:203:d4f0 - - [23/Feb/2026:01:19:52 +0000] "GET /wp-content/themes/doccure/assets/fonts/iconsax.ttf?yjegnn HTTP/1.1" 304 0 "https://doccure-wp.dreamsmarketplace.com/wp-content/themes/doccure/assets/css/iconsax.css?ver=1.0.0" "Mozilla/5.0 (Windows NT 10.0; Win64; x64) AppleWebKit/537.36 (KHTML, like Gecko) Chrome/145.0.0.0 Safari/537.36"
2405:201:5015:aab8:5459:966a:203:d4f0 - - [23/Feb/2026:01:19:52 +0000] "GET /wp-content/uploads/2025/01/company-08-1.svg HTTP/1.1" 304 0 "https://doccure-wp.dreamsmarketplace.com/" "Mozilla/5.0 (Windows NT 10.0; Win64; x64) AppleWebKit/537.36 (KHTML, like Gecko) Chrome/145.0.0.0 Safari/537.36"
2405:201:5015:aab8:5459:966a:203:d4f0 - - [23/Feb/2026:01:19:52 +0000] "GET /wp-content/uploads/2025/01/mobile-img-1.png HTTP/1.1" 304 0 "https://doccure-wp.dreamsmarketplace.com/" "Mozilla/5.0 (Windows NT 10.0; Win64; x64) AppleWebKit/537.36 (KHTML, like Gecko) Chrome/145.0.0.0 Safari/537.36"
2405:201:5015:aab8:5459:966a:203:d4f0 - - [23/Feb/2026:01:19:52 +0000] "GET /wp-content/themes/doccure/assets/images/reason-bg.svg HTTP/1.1" 304 0 "https://doccure-wp.dreamsmarketplace.com/wp-content/themes/doccure/assets/css/theme-new.css?ver=1.4.0" "Mozilla/5.0 (Windows NT 10.0; Win64; x64) AppleWebKit/537.36 (KHTML, like Gecko) Chrome/145.0.0.0 Safari/537.36"
2405:201:5015:aab8:5459:966a:203:d4f0 - - [23/Feb/2026:01:19:52 +0000] "GET /wp-content/uploads/2021/09/blog-04.jpg HTTP/1.1" 304 0 "https://doccure-wp.dreamsmarketplace.com/" "Mozilla/5.0 (Windows NT 10.0; Win64; x64) AppleWebKit/537.36 (KHTML, like Gecko) Chrome/145.0.0.0 Safari/537.36"
2405:201:5015:aab8:5459:966a:203:d4f0 - - [23/Feb/2026:01:19:52 +0000] "GET /wp-content/themes/doccure/assets/images/footer/footer-bg-05.png HTTP/1.1" 304 0 "https://doccure-wp.dreamsmarketplace.com/" "Mozilla/5.0 (Windows NT 10.0; Win64; x64) AppleWebKit/537.36 (KHTML, like Gecko) Chrome/145.0.0.0 Safari/537.36"
2405:201:5015:aab8:5459:966a:203:d4f0 - - [23/Feb/2026:01:19:52 +0000] "GET /wp-content/uploads/2021/11/blog-10.jpg HTTP/1.1" 304 0 "https://doccure-wp.dreamsmarketplace.com/" "Mozilla/5.0 (Windows NT 10.0; Win64; x64) AppleWebKit/537.36 (KHTML, like Gecko) Chrome/145.0.0.0 Safari/537.36"
2405:201:5015:aab8:5459:966a:203:d4f0 - - [23/Feb/2026:01:19:52 +0000] "GET /wp-content/uploads/2021/09/blog-01.jpg HTTP/1.1" 304 0 "https://doccure-wp.dreamsmarketplace.com/" "Mozilla/5.0 (Windows NT 10.0; Win64; x64) AppleWebKit/537.36 (KHTML, like Gecko) Chrome/145.0.0.0 Safari/537.36"
2405:201:5015:aab8:5459:966a:203:d4f0 - - [23/Feb/2026:01:19:52 +0000] "GET /wp-content/themes/doccure/assets/images/banner-bg.png HTTP/1.1" 304 0 "https://doccure-wp.dreamsmarketplace.com/wp-content/themes/doccure/assets/css/theme.css?ver=1.4.0" "Mozilla/5.0 (Windows NT 10.0; Win64; x64) AppleWebKit/537.36 (KHTML, like Gecko) Chrome/145.0.0.0 Safari/537.36"
2405:201:5015:aab8:5459:966a:203:d4f0 - - [23/Feb/2026:01:19:52 +0000] "GET /wp-content/uploads/2025/01/app-bg-03-1.png HTTP/1.1" 304 0 "https://doccure-wp.dreamsmarketplace.com/" "Mozilla/5.0 (Windows NT 10.0; Win64; x64) AppleWebKit/537.36 (KHTML, like Gecko) Chrome/145.0.0.0 Safari/537.36"
2405:201:5015:aab8:5459:966a:203:d4f0 - - [23/Feb/2026:01:19:52 +0000] "GET /wp-content/themes/doccure/assets/images/footer/footer-bg-03.png HTTP/1.1" 304 0 "https://doccure-wp.dreamsmarketplace.com/" "Mozilla/5.0 (Windows NT 10.0; Win64; x64) AppleWebKit/537.36 (KHTML, like Gecko) Chrome/145.0.0.0 Safari/537.36"
2405:201:5015:aab8:5459:966a:203:d4f0 - - [23/Feb/2026:01:19:52 +0000] "GET /wp-content/uploads/2025/01/app-bg-04-1.png HTTP/1.1" 304 0 "https://doccure-wp.dreamsmarketplace.com/" "Mozilla/5.0 (Windows NT 10.0; Win64; x64) AppleWebKit/537.36 (KHTML, like Gecko) Chrome/145.0.0.0 Safari/537.36"
2405:201:5015:aab8:5459:966a:203:d4f0 - - [23/Feb/2026:01:19:52 +0000] "GET /wp-content/themes/doccure/assets/images/footer/footer-bg-04.png HTTP/1.1" 304 0 "https://doccure-wp.dreamsmarketplace.com/" "Mozilla/5.0 (Windows NT 10.0; Win64; x64) AppleWebKit/537.36 (KHTML, like Gecko) Chrome/145.0.0.0 Safari/537.36"
2405:201:5015:aab8:5459:966a:203:d4f0 - - [23/Feb/2026:01:19:52 +0000] "GET /wp-content/themes/doccure/assets/css/fontawesome/webfonts/fa-solid-900.woff2 HTTP/1.1" 304 0 "https://doccure-wp.dreamsmarketplace.com/wp-content/themes/doccure/assets/css/fontawesome/css/all.min.css?ver=6.7.4" "Mozilla/5.0 (Windows NT 10.0; Win64; x64) AppleWebKit/537.36 (KHTML, like Gecko) Chrome/145.0.0.0 Safari/537.36"
2405:201:5015:aab8:5459:966a:203:d4f0 - - [23/Feb/2026:01:19:52 +0000] "GET /wp-content/uploads/2025/01/app-bg-02-1.png HTTP/1.1" 304 0 "https://doccure-wp.dreamsmarketplace.com/" "Mozilla/5.0 (Windows NT 10.0; Win64; x64) AppleWebKit/537.36 (KHTML, like Gecko) Chrome/145.0.0.0 Safari/537.36"
2405:201:5015:aab8:5459:966a:203:d4f0 - - [23/Feb/2026:01:19:52 +0000] "GET /wp-content/uploads/2025/01/download-bg-1.png HTTP/1.1" 304 0 "https://doccure-wp.dreamsmarketplace.com/" "Mozilla/5.0 (Windows NT 10.0; Win64; x64) AppleWebKit/537.36 (KHTML, like Gecko) Chrome/145.0.0.0 Safari/537.36"
2405:201:5015:aab8:5459:966a:203:d4f0 - - [23/Feb/2026:01:19:52 +0000] "GET /wp-content/themes/doccure/assets/images/footer/footer-bg-02.png HTTP/1.1" 304 0 "https://doccure-wp.dreamsmarketplace.com/" "Mozilla/5.0 (Windows NT 10.0; Win64; x64) AppleWebKit/537.36 (KHTML, like Gecko) Chrome/145.0.0.0 Safari/537.36"
2405:201:5015:aab8:5459:966a:203:d4f0 - - [23/Feb/2026:01:19:52 +0000] "GET /wp-content/themes/doccure/assets/images/testimonial-bg.jpg HTTP/1.1" 304 0 "https://doccure-wp.dreamsmarketplace.com/wp-content/themes/doccure/assets/css/theme-new.css?ver=1.4.0" "Mozilla/5.0 (Windows NT 10.0; Win64; x64) AppleWebKit/537.36 (KHTML, like Gecko) Chrome/145.0.0.0 Safari/537.36"
2405:201:5015:aab8:5459:966a:203:d4f0 - - [23/Feb/2026:01:19:52 +0000] "GET /wp-content/uploads/2021/09/blog-02-1.jpg HTTP/1.1" 304 0 "https://doccure-wp.dreamsmarketplace.com/" "Mozilla/5.0 (Windows NT 10.0; Win64; x64) AppleWebKit/537.36 (KHTML, like Gecko) Chrome/145.0.0.0 Safari/537.36"
2405:201:5015:aab8:5459:966a:203:d4f0 - - [23/Feb/2026:01:19:52 +0000] "GET /wp-content/themes/doccure/assets/images/footer/footer-bg-01.png HTTP/1.1" 304 0 "https://doccure-wp.dreamsmarketplace.com/" "Mozilla/5.0 (Windows NT 10.0; Win64; x64) AppleWebKit/537.36 (KHTML, like Gecko) Chrome/145.0.0.0 Safari/537.36"
2405:201:5015:aab8:5459:966a:203:d4f0 - - [23/Feb/2026:01:19:53 +0000] "GET /wp-content/plugins/elementor/assets/js/shared-frontend-handlers.03caa53373b56d3bab67.bundle.min.js HTTP/1.1" 304 0 "https://doccure-wp.dreamsmarketplace.com/" "Mozilla/5.0 (Windows NT 10.0; Win64; x64) AppleWebKit/537.36 (KHTML, like Gecko) Chrome/145.0.0.0 Safari/537.36"
2405:201:5015:aab8:5459:966a:203:d4f0 - - [23/Feb/2026:01:19:53 +0000] "GET /wp-content/plugins/elementor/assets/js/section-frontend-handlers.d85ab872da118940910d.bundle.min.js HTTP/1.1" 304 0 "https://doccure-wp.dreamsmarketplace.com/" "Mozilla/5.0 (Windows NT 10.0; Win64; x64) AppleWebKit/537.36 (KHTML, like Gecko) Chrome/145.0.0.0 Safari/537.36"
2405:201:5015:aab8:5459:966a:203:d4f0 - - [23/Feb/2026:01:19:53 +0000] "GET /wp-includes/js/wp-emoji-release.min.js?ver=6.9.1 HTTP/1.1" 304 0 "https://doccure-wp.dreamsmarketplace.com/" "Mozilla/5.0 (Windows NT 10.0; Win64; x64) AppleWebKit/537.36 (KHTML, like Gecko) Chrome/145.0.0.0 Safari/537.36"
172.187.168.139 - - [23/Feb/2026:01:19:54 +0000] "POST /wp-cron.php?doing_wp_cron=1771809594.8846590518951416015625 HTTP/1.1" 200 31 "-" "WordPress/6.9.1; https://doccure-wp.dreamsmarketplace.com"
2405:201:5015:aab8:5459:966a:203:d4f0 - - [23/Feb/2026:01:19:54 +0000] "GET /wp-json/contact-form-7/v1/contact-forms/5785/feedback/schema HTTP/1.1" 200 343 "https://doccure-wp.dreamsmarketplace.com/" "Mozilla/5.0 (Windows NT 10.0; Win64; x64) AppleWebKit/537.36 (KHTML, like Gecko) Chrome/145.0.0.0 Safari/537.36"
2405:201:5015:aab8:5459:966a:203:d4f0 - - [23/Feb/2026:01:19:56 +0000] "GET /wp-content/uploads/2021/10/favicon.png HTTP/1.1" 304 0 "https://doccure-wp.dreamsmarketplace.com/" "Mozilla/5.0 (Windows NT 10.0; Win64; x64) AppleWebKit/537.36 (KHTML, like Gecko) Chrome/145.0.0.0 Safari/537.36"
2a03:2880:f800:8:: - - [23/Feb/2026:01:20:07 +0000] "GET /laboratory-tests/dengue/ HTTP/1.1" 200 18183 "-" "meta-externalagent/1.1 (+https://developers.facebook.com/docs/sharing/webmasters/crawler)"
2a03:2880:f800:40:: - - [23/Feb/2026:01:20:08 +0000] "GET /prescription/patient-demo-2/ HTTP/1.1" 200 18562 "-" "meta-externalagent/1.1 (+https://developers.facebook.com/docs/sharing/webmasters/crawler)"
172.187.168.139 - - [23/Feb/2026:01:21:11 +0000] "POST /wp-cron.php?doing_wp_cron=1771809671.6528210639953613281250 HTTP/1.1" 200 31 "-" "WordPress/6.9.1; https://doccure-wp.dreamsmarketplace.com"
2405:201:5015:aab8:5459:966a:203:d4f0 - - [23/Feb/2026:01:21:11 +0000] "GET /login HTTP/1.1" 200 18509 "https://doccure-wp.dreamsmarketplace.com/" "Mozilla/5.0 (Windows NT 10.0; Win64; x64) AppleWebKit/537.36 (KHTML, like Gecko) Chrome/145.0.0.0 Safari/537.36"
2405:201:5015:aab8:5459:966a:203:d4f0 - - [23/Feb/2026:01:21:12 +0000] "GET /wp-content/themes/doccure/assets/images/login-banner.png HTTP/1.1" 304 0 "https://doccure-wp.dreamsmarketplace.com/login" "Mozilla/5.0 (Windows NT 10.0; Win64; x64) AppleWebKit/537.36 (KHTML, like Gecko) Chrome/145.0.0.0 Safari/537.36"
172.187.168.139 - - [23/Feb/2026:01:21:14 +0000] "POST /wp-cron.php?doing_wp_cron=1771809674.0007510185241699218750 HTTP/1.1" 200 31 "-" "WordPress/6.9.1; https://doccure-wp.dreamsmarketplace.com"
2405:201:5015:aab8:5459:966a:203:d4f0 - - [23/Feb/2026:01:21:14 +0000] "GET /wp-json/contact-form-7/v1/contact-forms/5785/feedback/schema HTTP/1.1" 200 343 "https://doccure-wp.dreamsmarketplace.com/login" "Mozilla/5.0 (Windows NT 10.0; Win64; x64) AppleWebKit/537.36 (KHTML, like Gecko) Chrome/145.0.0.0 Safari/537.36"
156.195.118.255 - - [23/Feb/2026:01:24:24 +0000] "GET /wp-content/uploads/2025/01/video-1.svg HTTP/1.1" 304 0 "https://drmoustafaelnahasclinics.com/" "Mozilla/5.0 (Linux; Android 10; K) AppleWebKit/537.36 (KHTML, like Gecko) Chrome/145.0.0.0 Mobile Safari/537.36"
156.195.118.255 - - [23/Feb/2026:01:24:24 +0000] "GET /wp-content/uploads/2025/01/banner-patient-3-1.jpg HTTP/1.1" 304 0 "https://drmoustafaelnahasclinics.com/" "Mozilla/5.0 (Linux; Android 10; K) AppleWebKit/537.36 (KHTML, like Gecko) Chrome/145.0.0.0 Mobile Safari/537.36"
156.195.118.255 - - [23/Feb/2026:01:24:24 +0000] "GET /wp-content/uploads/2025/01/banner-patient-2-1.jpg HTTP/1.1" 304 0 "https://drmoustafaelnahasclinics.com/" "Mozilla/5.0 (Linux; Android 10; K) AppleWebKit/537.36 (KHTML, like Gecko) Chrome/145.0.0.0 Mobile Safari/537.36"
156.195.118.255 - - [23/Feb/2026:01:24:24 +0000] "GET /wp-content/uploads/2025/01/banner-icon-4-1.png HTTP/1.1" 304 0 "https://drmoustafaelnahasclinics.com/" "Mozilla/5.0 (Linux; Android 10; K) AppleWebKit/537.36 (KHTML, like Gecko) Chrome/145.0.0.0 Mobile Safari/537.36"
156.195.118.255 - - [23/Feb/2026:01:24:24 +0000] "GET /wp-content/uploads/2025/01/speciality-01-1.jpg HTTP/1.1" 304 0 "https://drmoustafaelnahasclinics.com/" "Mozilla/5.0 (Linux; Android 10; K) AppleWebKit/537.36 (KHTML, like Gecko) Chrome/145.0.0.0 Mobile Safari/537.36"
156.195.118.255 - - [23/Feb/2026:01:24:24 +0000] "GET /wp-content/uploads/2025/01/banner-icon-1-1.png HTTP/1.1" 304 0 "https://drmoustafaelnahasclinics.com/" "Mozilla/5.0 (Linux; Android 10; K) AppleWebKit/537.36 (KHTML, like Gecko) Chrome/145.0.0.0 Mobile Safari/537.36"
156.195.118.255 - - [23/Feb/2026:01:24:24 +0000] "GET /wp-content/uploads/2025/01/banner-patient-1-1.jpg HTTP/1.1" 304 0 "https://drmoustafaelnahasclinics.com/" "Mozilla/5.0 (Linux; Android 10; K) AppleWebKit/537.36 (KHTML, like Gecko) Chrome/145.0.0.0 Mobile Safari/537.36"
156.195.118.255 - - [23/Feb/2026:01:24:24 +0000] "GET /wp-content/uploads/2025/01/company-07-1.svg HTTP/1.1" 304 0 "https://drmoustafaelnahasclinics.com/" "Mozilla/5.0 (Linux; Android 10; K) AppleWebKit/537.36 (KHTML, like Gecko) Chrome/145.0.0.0 Mobile Safari/537.36"
156.195.118.255 - - [23/Feb/2026:01:24:24 +0000] "GET /wp-content/uploads/2025/01/banner-icon-2-1.png HTTP/1.1" 304 0 "https://drmoustafaelnahasclinics.com/" "Mozilla/5.0 (Linux; Android 10; K) AppleWebKit/537.36 (KHTML, like Gecko) Chrome/145.0.0.0 Mobile Safari/537.36"
156.195.118.255 - - [23/Feb/2026:01:24:24 +0000] "GET /wp-content/uploads/2025/01/banner-icon-3-1.png HTTP/1.1" 304 0 "https://drmoustafaelnahasclinics.com/" "Mozilla/5.0 (Linux; Android 10; K) AppleWebKit/537.36 (KHTML, like Gecko) Chrome/145.0.0.0 Mobile Safari/537.36"
156.195.118.255 - - [23/Feb/2026:01:24:24 +0000] "GET /wp-content/uploads/2025/01/speciality-icon-01-1.svg HTTP/1.1" 304 0 "https://drmoustafaelnahasclinics.com/" "Mozilla/5.0 (Linux; Android 10; K) AppleWebKit/537.36 (KHTML, like Gecko) Chrome/145.0.0.0 Mobile Safari/537.36"
156.195.118.255 - - [23/Feb/2026:01:24:24 +0000] "GET /wp-content/uploads/2025/01/banner-icon-5-1.svg HTTP/1.1" 304 0 "https://drmoustafaelnahasclinics.com/" "Mozilla/5.0 (Linux; Android 10; K) AppleWebKit/537.36 (KHTML, like Gecko) Chrome/145.0.0.0 Mobile Safari/537.36"
156.195.118.255 - - [23/Feb/2026:01:24:24 +0000] "GET /wp-content/uploads/2025/01/speciality-02-1.jpg HTTP/1.1" 304 0 "https://drmoustafaelnahasclinics.com/" "Mozilla/5.0 (Linux; Android 10; K) AppleWebKit/537.36 (KHTML, like Gecko) Chrome/145.0.0.0 Mobile Safari/537.36"
156.195.118.255 - - [23/Feb/2026:01:24:24 +0000] "GET /wp-content/uploads/2025/01/company-08-1.svg HTTP/1.1" 304 0 "https://drmoustafaelnahasclinics.com/" "Mozilla/5.0 (Linux; Android 10; K) AppleWebKit/537.36 (KHTML, like Gecko) Chrome/145.0.0.0 Mobile Safari/537.36"
156.195.118.255 - - [23/Feb/2026:01:24:24 +0000] "GET /wp-content/uploads/2025/01/speciality-icon-03-1.svg HTTP/1.1" 304 0 "https://drmoustafaelnahasclinics.com/" "Mozilla/5.0 (Linux; Android 10; K) AppleWebKit/537.36 (KHTML, like Gecko) Chrome/145.0.0.0 Mobile Safari/537.36"
156.195.118.255 - - [23/Feb/2026:01:24:24 +0000] "GET /wp-content/uploads/2025/01/speciality-icon-02-1.svg HTTP/1.1" 304 0 "https://drmoustafaelnahasclinics.com/" "Mozilla/5.0 (Linux; Android 10; K) AppleWebKit/537.36 (KHTML, like Gecko) Chrome/145.0.0.0 Mobile Safari/537.36"
156.195.118.255 - - [23/Feb/2026:01:24:24 +0000] "GET /wp-content/uploads/2025/01/speciality-03-1.jpg HTTP/1.1" 304 0 "https://drmoustafaelnahasclinics.com/" "Mozilla/5.0 (Linux; Android 10; K) AppleWebKit/537.36 (KHTML, like Gecko) Chrome/145.0.0.0 Mobile Safari/537.36"
156.195.118.255 - - [23/Feb/2026:01:24:24 +0000] "GET /wp-content/uploads/2025/01/company-05-1.svg HTTP/1.1" 304 0 "https://drmoustafaelnahasclinics.com/" "Mozilla/5.0 (Linux; Android 10; K) AppleWebKit/537.36 (KHTML, like Gecko) Chrome/145.0.0.0 Mobile Safari/537.36"
156.195.118.255 - - [23/Feb/2026:01:24:24 +0000] "GET /wp-content/uploads/2025/01/company-06-1.svg HTTP/1.1" 304 0 "https://drmoustafaelnahasclinics.com/" "Mozilla/5.0 (Linux; Android 10; K) AppleWebKit/537.36 (KHTML, like Gecko) Chrome/145.0.0.0 Mobile Safari/537.36"
156.195.118.255 - - [23/Feb/2026:01:24:24 +0000] "GET /wp-content/uploads/2025/01/speciality-04-1.jpg HTTP/1.1" 304 0 "https://drmoustafaelnahasclinics.com/" "Mozilla/5.0 (Linux; Android 10; K) AppleWebKit/537.36 (KHTML, like Gecko) Chrome/145.0.0.0 Mobile Safari/537.36"
156.195.118.255 - - [23/Feb/2026:01:24:24 +0000] "GET /wp-content/uploads/2025/01/speciality-05-1.jpg HTTP/1.1" 304 0 "https://drmoustafaelnahasclinics.com/" "Mozilla/5.0 (Linux; Android 10; K) AppleWebKit/537.36 (KHTML, like Gecko) Chrome/145.0.0.0 Mobile Safari/537.36"
156.195.118.255 - - [23/Feb/2026:01:24:24 +0000] "GET /wp-content/uploads/2025/01/speciality-icon-04-1.svg HTTP/1.1" 304 0 "https://drmoustafaelnahasclinics.com/" "Mozilla/5.0 (Linux; Android 10; K) AppleWebKit/537.36 (KHTML, like Gecko) Chrome/145.0.0.0 Mobile Safari/537.36"
156.195.118.255 - - [23/Feb/2026:01:24:24 +0000] "GET /wp-content/uploads/2025/01/speciality-icon-05-1.svg HTTP/1.1" 304 0 "https://drmoustafaelnahasclinics.com/" "Mozilla/5.0 (Linux; Android 10; K) AppleWebKit/537.36 (KHTML, like Gecko) Chrome/145.0.0.0 Mobile Safari/537.36"
156.195.118.255 - - [23/Feb/2026:01:24:24 +0000] "GET /wp-content/uploads/2025/01/company-02-1.svg HTTP/1.1" 304 0 "https://drmoustafaelnahasclinics.com/" "Mozilla/5.0 (Linux; Android 10; K) AppleWebKit/537.36 (KHTML, like Gecko) Chrome/145.0.0.0 Mobile Safari/537.36"
156.195.118.255 - - [23/Feb/2026:01:24:24 +0000] "GET /wp-content/uploads/2025/01/company-01-1.svg HTTP/1.1" 304 0 "https://drmoustafaelnahasclinics.com/" "Mozilla/5.0 (Linux; Android 10; K) AppleWebKit/537.36 (KHTML, like Gecko) Chrome/145.0.0.0 Mobile Safari/537.36"
156.195.118.255 - - [23/Feb/2026:01:24:24 +0000] "GET /wp-content/uploads/2025/01/home-banner-bg-1.png HTTP/1.1" 304 0 "https://drmoustafaelnahasclinics.com/" "Mozilla/5.0 (Linux; Android 10; K) AppleWebKit/537.36 (KHTML, like Gecko) Chrome/145.0.0.0 Mobile Safari/537.36"
156.195.118.255 - - [23/Feb/2026:01:24:24 +0000] "GET /wp-content/uploads/2025/01/company-04-1.svg HTTP/1.1" 304 0 "https://drmoustafaelnahasclinics.com/" "Mozilla/5.0 (Linux; Android 10; K) AppleWebKit/537.36 (KHTML, like Gecko) Chrome/145.0.0.0 Mobile Safari/537.36"
156.195.118.255 - - [23/Feb/2026:01:24:24 +0000] "GET /wp-content/uploads/2025/01/company-03-1.svg HTTP/1.1" 200 4666 "https://drmoustafaelnahasclinics.com/" "Mozilla/5.0 (Linux; Android 10; K) AppleWebKit/537.36 (KHTML, like Gecko) Chrome/145.0.0.0 Mobile Safari/537.36"
39.47.16.199 - - [23/Feb/2026:01:26:47 +0000] "GET /landing/ HTTP/1.1" 200 4621 "https://preview.themeforest.net/" "Mozilla/5.0 (Windows NT 10.0; Win64; x64) AppleWebKit/537.36 (KHTML, like Gecko) Chrome/145.0.0.0 Safari/537.36"
39.47.16.199 - - [23/Feb/2026:01:26:48 +0000] "GET /landing/assets/img/banner-img.png HTTP/1.1" 304 0 "https://doccure-wp.dreamsmarketplace.com/landing/" "Mozilla/5.0 (Windows NT 10.0; Win64; x64) AppleWebKit/537.36 (KHTML, like Gecko) Chrome/145.0.0.0 Safari/537.36"
39.47.16.199 - - [23/Feb/2026:01:26:49 +0000] "GET /landing/assets/js/jquery-3.6.0.min.js HTTP/1.1" 304 0 "https://doccure-wp.dreamsmarketplace.com/landing/" "Mozilla/5.0 (Windows NT 10.0; Win64; x64) AppleWebKit/537.36 (KHTML, like Gecko) Chrome/145.0.0.0 Safari/537.36"
39.47.16.199 - - [23/Feb/2026:01:26:51 +0000] "GET /landing/assets/img/bg-image2.png HTTP/1.1" 200 2546 "https://doccure-wp.dreamsmarketplace.com/landing/" "Mozilla/5.0 (Windows NT 10.0; Win64; x64) AppleWebKit/537.36 (KHTML, like Gecko) Chrome/145.0.0.0 Safari/537.36"
39.47.16.199 - - [23/Feb/2026:01:26:53 +0000] "GET /landing/assets/img/feature_5.png HTTP/1.1" 304 0 "https://doccure-wp.dreamsmarketplace.com/landing/" "Mozilla/5.0 (Windows NT 10.0; Win64; x64) AppleWebKit/537.36 (KHTML, like Gecko) Chrome/145.0.0.0 Safari/537.36"
89.46.200.97 - - [23/Feb/2026:01:28:50 +0000] "GET /wp-content/uploads/2024/09/Orthopedic-icon-3.svg HTTP/1.1" 200 2529 "https://reda82.net/" "Mozilla/5.0 (X11; Linux x86_64) AppleWebKit/537.36 (KHTML, like Gecko) Chrome/145.0.0.0 Safari/537.36"
89.46.200.97 - - [23/Feb/2026:01:28:50 +0000] "GET /wp-content/uploads/2024/09/Neurology-icon-3.svg HTTP/1.1" 200 9876 "https://reda82.net/" "Mozilla/5.0 (X11; Linux x86_64) AppleWebKit/537.36 (KHTML, like Gecko) Chrome/145.0.0.0 Safari/537.36"
89.46.200.97 - - [23/Feb/2026:01:28:50 +0000] "GET /wp-content/uploads/2024/09/Dentist-icon-3.svg HTTP/1.1" 200 6577 "https://reda82.net/" "Mozilla/5.0 (X11; Linux x86_64) AppleWebKit/537.36 (KHTML, like Gecko) Chrome/145.0.0.0 Safari/537.36"
89.46.200.97 - - [23/Feb/2026:01:28:50 +0000] "GET /wp-content/uploads/2024/09/Ophthalmology-icon-3.svg HTTP/1.1" 200 5713 "https://reda82.net/" "Mozilla/5.0 (X11; Linux x86_64) AppleWebKit/537.36 (KHTML, like Gecko) Chrome/145.0.0.0 Safari/537.36"
89.46.200.97 - - [23/Feb/2026:01:28:50 +0000] "GET /wp-content/uploads/2024/09/ultrasound-icon-3.svg HTTP/1.1" 200 2855 "https://reda82.net/" "Mozilla/5.0 (X11; Linux x86_64) AppleWebKit/537.36 (KHTML, like Gecko) Chrome/145.0.0.0 Safari/537.36"
89.46.200.97 - - [23/Feb/2026:01:28:50 +0000] "GET /wp-content/uploads/2024/09/lab-icon-3.svg HTTP/1.1" 200 5117 "https://reda82.net/" "Mozilla/5.0 (X11; Linux x86_64) AppleWebKit/537.36 (KHTML, like Gecko) Chrome/145.0.0.0 Safari/537.36"
89.46.200.97 - - [23/Feb/2026:01:29:06 +0000] "GET /wp-content/uploads/2024/09/Urology-icon-3.svg HTTP/1.1" 200 5528 "https://reda82.net/" "Mozilla/5.0 (X11; Linux x86_64) AppleWebKit/537.36 (KHTML, like Gecko) Chrome/145.0.0.0 Safari/537.36"
172.187.168.139 - - [23/Feb/2026:01:33:43 +0000] "POST /wp-cron.php?doing_wp_cron=1771810423.1747939586639404296875 HTTP/1.1" 200 31 "-" "WordPress/6.9.1; https://doccure-wp.dreamsmarketplace.com"
2a03:2880:f800:35:: - - [23/Feb/2026:01:33:43 +0000] "GET /childhood-illness/athlete/ HTTP/1.1" 200 18288 "-" "meta-externalagent/1.1 (+https://developers.facebook.com/docs/sharing/webmasters/crawler)"
89.46.200.97 - - [23/Feb/2026:01:34:16 +0000] "GET /wp-content/uploads/2023/07/work-img.png HTTP/1.1" 200 65514 "https://reda82.net/" "Mozilla/5.0 (Linux; Android 10; K) AppleWebKit/537.36 (KHTML, like Gecko) Chrome/139.0.0.0 Mobile Safari/537.36"
89.46.200.97 - - [23/Feb/2026:01:34:16 +0000] "GET /wp-content/uploads/2023/07/banner-img2.png HTTP/1.1" 200 11547 "https://reda82.net/" "Mozilla/5.0 (Linux; Android 10; K) AppleWebKit/537.36 (KHTML, like Gecko) Chrome/139.0.0.0 Mobile Safari/537.36"
89.46.200.97 - - [23/Feb/2026:01:34:16 +0000] "GET /wp-content/uploads/2023/07/smiling-icon.svg HTTP/1.1" 200 51950 "https://reda82.net/" "Mozilla/5.0 (Linux; Android 10; K) AppleWebKit/537.36 (KHTML, like Gecko) Chrome/139.0.0.0 Mobile Safari/537.36"
89.46.200.97 - - [23/Feb/2026:01:34:16 +0000] "GET /wp-content/uploads/2023/07/work-02.svg HTTP/1.1" 200 9185 "https://reda82.net/" "Mozilla/5.0 (Linux; Android 10; K) AppleWebKit/537.36 (KHTML, like Gecko) Chrome/139.0.0.0 Mobile Safari/537.36"
89.46.200.97 - - [23/Feb/2026:01:34:16 +0000] "GET /wp-content/uploads/2023/07/work-01.svg HTTP/1.1" 200 7310 "https://reda82.net/" "Mozilla/5.0 (Linux; Android 10; K) AppleWebKit/537.36 (KHTML, like Gecko) Chrome/139.0.0.0 Mobile Safari/537.36"
89.46.200.97 - - [23/Feb/2026:01:34:16 +0000] "GET /wp-content/uploads/2023/07/banner-img3.png HTTP/1.1" 200 24993 "https://reda82.net/" "Mozilla/5.0 (Linux; Android 10; K) AppleWebKit/537.36 (KHTML, like Gecko) Chrome/139.0.0.0 Mobile Safari/537.36"
89.46.200.97 - - [23/Feb/2026:01:34:16 +0000] "GET /wp-content/uploads/2023/07/banner-img.png HTTP/1.1" 200 79024 "https://reda82.net/" "Mozilla/5.0 (Linux; Android 10; K) AppleWebKit/537.36 (KHTML, like Gecko) Chrome/139.0.0.0 Mobile Safari/537.36"
89.46.200.97 - - [23/Feb/2026:01:34:16 +0000] "GET /wp-content/uploads/2023/07/work-04.svg HTTP/1.1" 200 8108 "https://reda82.net/" "Mozilla/5.0 (Linux; Android 10; K) AppleWebKit/537.36 (KHTML, like Gecko) Chrome/139.0.0.0 Mobile Safari/537.36"
89.46.200.97 - - [23/Feb/2026:01:34:16 +0000] "GET /wp-content/uploads/2023/07/banner-img1.png HTTP/1.1" 200 1322 "https://reda82.net/" "Mozilla/5.0 (Linux; Android 10; K) AppleWebKit/537.36 (KHTML, like Gecko) Chrome/139.0.0.0 Mobile Safari/537.36"
89.46.200.97 - - [23/Feb/2026:01:34:16 +0000] "GET /wp-content/uploads/2024/06/partners-1.svg HTTP/1.1" 200 6343 "https://reda82.net/" "Mozilla/5.0 (Linux; Android 10; K) AppleWebKit/537.36 (KHTML, like Gecko) Chrome/139.0.0.0 Mobile Safari/537.36"
89.46.200.97 - - [23/Feb/2026:01:34:16 +0000] "GET /wp-content/uploads/2024/06/partners-4.svg HTTP/1.1" 200 11400 "https://reda82.net/" "Mozilla/5.0 (Linux; Android 10; K) AppleWebKit/537.36 (KHTML, like Gecko) Chrome/139.0.0.0 Mobile Safari/537.36"
89.46.200.97 - - [23/Feb/2026:01:34:16 +0000] "GET /wp-content/uploads/2024/06/partners-3.svg HTTP/1.1" 200 4052 "https://reda82.net/" "Mozilla/5.0 (Linux; Android 10; K) AppleWebKit/537.36 (KHTML, like Gecko) Chrome/139.0.0.0 Mobile Safari/537.36"
89.46.200.97 - - [23/Feb/2026:01:34:16 +0000] "GET /wp-content/uploads/2024/06/partners-6.svg HTTP/1.1" 200 4692 "https://reda82.net/" "Mozilla/5.0 (Linux; Android 10; K) AppleWebKit/537.36 (KHTML, like Gecko) Chrome/139.0.0.0 Mobile Safari/537.36"
89.46.200.97 - - [23/Feb/2026:01:34:16 +0000] "GET /wp-content/uploads/2023/07/faq-img.png HTTP/1.1" 200 112081 "https://reda82.net/" "Mozilla/5.0 (Linux; Android 10; K) AppleWebKit/537.36 (KHTML, like Gecko) Chrome/139.0.0.0 Mobile Safari/537.36"
89.46.200.97 - - [23/Feb/2026:01:34:16 +0000] "GET /wp-content/uploads/2023/07/work-03.svg HTTP/1.1" 200 8726 "https://reda82.net/" "Mozilla/5.0 (Linux; Android 10; K) AppleWebKit/537.36 (KHTML, like Gecko) Chrome/139.0.0.0 Mobile Safari/537.36"
89.46.200.97 - - [23/Feb/2026:01:34:16 +0000] "GET /wp-content/uploads/2024/06/partners-5.svg HTTP/1.1" 200 7065 "https://reda82.net/" "Mozilla/5.0 (Linux; Android 10; K) AppleWebKit/537.36 (KHTML, like Gecko) Chrome/139.0.0.0 Mobile Safari/537.36"
89.46.200.97 - - [23/Feb/2026:01:34:16 +0000] "GET /wp-content/uploads/2024/06/partners-2.svg HTTP/1.1" 200 4397 "https://reda82.net/" "Mozilla/5.0 (Linux; Android 10; K) AppleWebKit/537.36 (KHTML, like Gecko) Chrome/139.0.0.0 Mobile Safari/537.36"
172.187.168.139 - - [23/Feb/2026:01:34:58 +0000] "POST /wp-cron.php?doing_wp_cron=1771810498.5312321186065673828125 HTTP/1.1" 200 31 "-" "WordPress/6.9.1; https://doccure-wp.dreamsmarketplace.com"
2a03:2880:f800:2d:: - - [23/Feb/2026:01:34:58 +0000] "GET /portfolio/services/ HTTP/1.1" 200 20433 "-" "meta-externalagent/1.1 (+https://developers.facebook.com/docs/sharing/webmasters/crawler)"
89.46.200.97 - - [23/Feb/2026:01:34:59 +0000] "GET /wp-content/uploads/2021/10/doctor-1.jpg HTTP/1.1" 200 37390 "https://reda82.net/" "Mozilla/5.0 (Linux; Android 10; K) AppleWebKit/537.36 (KHTML, like Gecko) Chrome/139.0.0.0 Mobile Safari/537.36"
89.46.200.97 - - [23/Feb/2026:01:34:59 +0000] "GET /wp-content/uploads/2022/12/feature-06.jpg HTTP/1.1" 200 54863 "https://reda82.net/" "Mozilla/5.0 (Linux; Android 10; K) AppleWebKit/537.36 (KHTML, like Gecko) Chrome/139.0.0.0 Mobile Safari/537.36"
89.46.200.97 - - [23/Feb/2026:01:34:59 +0000] "GET /wp-content/uploads/2022/12/feature-03.jpg HTTP/1.1" 200 43817 "https://reda82.net/" "Mozilla/5.0 (Linux; Android 10; K) AppleWebKit/537.36 (KHTML, like Gecko) Chrome/139.0.0.0 Mobile Safari/537.36"
89.46.200.97 - - [23/Feb/2026:01:34:59 +0000] "GET /wp-content/uploads/2021/11/banner-bg.png HTTP/1.1" 200 245276 "https://reda82.net/" "Mozilla/5.0 (Linux; Android 10; K) AppleWebKit/537.36 (KHTML, like Gecko) Chrome/139.0.0.0 Mobile Safari/537.36"
89.46.200.97 - - [23/Feb/2026:01:36:19 +0000] "GET /wp-content/uploads/2024/09/cardiology-icon-3.svg HTTP/1.1" 200 6203 "https://reda82.net/" "Mozilla/5.0 (Linux; Android 10; K) AppleWebKit/537.36 (KHTML, like Gecko) Chrome/139.0.0.0 Mobile Safari/537.36"
172.187.168.139 - - [23/Feb/2026:01:38:47 +0000] "POST /wp-cron.php?doing_wp_cron=1771810727.6141660213470458984375 HTTP/1.1" 200 31 "-" "WordPress/6.9.1; https://doccure-wp.dreamsmarketplace.com"
2a03:2880:f800:c:: - - [23/Feb/2026:01:38:47 +0000] "GET /home-5/ HTTP/1.1" 200 24973 "-" "meta-externalagent/1.1 (+https://developers.facebook.com/docs/sharing/webmasters/crawler)"
172.187.168.139 - - [23/Feb/2026:01:41:20 +0000] "POST /wp-cron.php?doing_wp_cron=1771810880.0543630123138427734375 HTTP/1.1" 200 31 "-" "WordPress/6.9.1; https://doccure-wp.dreamsmarketplace.com"
2a03:2880:f800:39:: - - [23/Feb/2026:01:41:20 +0000] "GET /portfolio/doctors/ HTTP/1.1" 200 20482 "-" "meta-externalagent/1.1 (+https://developers.facebook.com/docs/sharing/webmasters/crawler)"
172.187.168.139 - - [23/Feb/2026:01:42:28 +0000] "POST /wp-cron.php?doing_wp_cron=1771810948.5770399570465087890625 HTTP/1.1" 200 31 "-" "WordPress/6.9.1; https://doccure-wp.dreamsmarketplace.com"
2a03:2880:f800:39:: - - [23/Feb/2026:01:42:28 +0000] "GET /location/new-york/ HTTP/1.1" 200 19258 "-" "meta-externalagent/1.1 (+https://developers.facebook.com/docs/sharing/webmasters/crawler)"
172.187.168.139 - - [23/Feb/2026:02:03:23 +0000] "POST /wp-cron.php?doing_wp_cron=1771812203.5542829036712646484375 HTTP/1.1" 200 31 "-" "WordPress/6.9.1; https://doccure-wp.dreamsmarketplace.com"
2a03:2880:f800:3e:: - - [23/Feb/2026:02:03:23 +0000] "GET /prescription/patient-demo-5/ HTTP/1.1" 200 18627 "-" "meta-externalagent/1.1 (+https://developers.facebook.com/docs/sharing/webmasters/crawler)"
172.187.168.139 - - [23/Feb/2026:02:07:00 +0000] "POST /wp-cron.php?doing_wp_cron=1771812420.9426500797271728515625 HTTP/1.1" 200 31 "-" "WordPress/6.9.1; https://doccure-wp.dreamsmarketplace.com"
2a03:2880:f800:28:: - - [23/Feb/2026:02:07:00 +0000] "GET /prescription/patient-demo-6/ HTTP/1.1" 200 18582 "-" "meta-externalagent/1.1 (+https://developers.facebook.com/docs/sharing/webmasters/crawler)"
172.187.168.139 - - [23/Feb/2026:02:09:44 +0000] "POST /wp-cron.php?doing_wp_cron=1771812583.9322168827056884765625 HTTP/1.1" 200 31 "-" "WordPress/6.9.1; https://doccure-wp.dreamsmarketplace.com"
2a03:2880:f800:31:: - - [23/Feb/2026:02:09:44 +0000] "GET /prescription/joan-gardner-4/ HTTP/1.1" 200 18580 "-" "meta-externalagent/1.1 (+https://developers.facebook.com/docs/sharing/webmasters/crawler)"
172.187.168.139 - - [23/Feb/2026:02:13:59 +0000] "POST /wp-cron.php?doing_wp_cron=1771812839.1555249691009521484375 HTTP/1.1" 200 31 "-" "WordPress/6.9.1; https://doccure-wp.dreamsmarketplace.com"
2a03:2880:f800:2b:: - - [23/Feb/2026:02:13:59 +0000] "GET /checkout/ HTTP/1.1" 302 11 "-" "meta-externalagent/1.1 (+https://developers.facebook.com/docs/sharing/webmasters/crawler)"
172.187.168.139 - - [23/Feb/2026:02:22:33 +0000] "POST /wp-cron.php?doing_wp_cron=1771813353.5940999984741210937500 HTTP/1.1" 200 31 "-" "WordPress/6.9.1; https://doccure-wp.dreamsmarketplace.com"
2a03:2880:f800:36:: - - [23/Feb/2026:02:22:33 +0000] "GET /product/doctor-booking/ HTTP/1.1" 200 22080 "-" "meta-externalagent/1.1 (+https://developers.facebook.com/docs/sharing/webmasters/crawler)"
172.187.168.139 - - [23/Feb/2026:02:25:54 +0000] "POST /wp-cron.php?doing_wp_cron=1771813554.2647869586944580078125 HTTP/1.1" 200 31 "-" "WordPress/6.9.1; https://doccure-wp.dreamsmarketplace.com"
2a03:2880:f800:3d:: - - [23/Feb/2026:02:25:54 +0000] "GET /prescription/joan-gardner-2/ HTTP/1.1" 200 18651 "-" "meta-externalagent/1.1 (+https://developers.facebook.com/docs/sharing/webmasters/crawler)"
172.187.168.139 - - [23/Feb/2026:02:32:00 +0000] "POST /wp-cron.php?doing_wp_cron=1771813920.9110250473022460937500 HTTP/1.1" 200 31 "-" "WordPress/6.9.1; https://doccure-wp.dreamsmarketplace.com"
66.249.66.194 - - [23/Feb/2026:02:32:00 +0000] "GET /robots.txt HTTP/1.1" 200 426 "-" "Mozilla/5.0 (compatible; Googlebot/2.1; +http://www.google.com/bot.html)"
66.249.66.41 - - [23/Feb/2026:02:32:01 +0000] "GET /wp-content/uploads/2023/07/work-04.svg HTTP/1.1" 200 8108 "https://anaelirehabilitasyon.com/" "Mozilla/5.0 (Linux; Android 6.0.1; Nexus 5X Build/MMB29P) AppleWebKit/537.36 (KHTML, like Gecko) Chrome/144.0.7559.132 Mobile Safari/537.36 (compatible; Googlebot/2.1; +http://www.google.com/bot.html)"
172.187.168.139 - - [23/Feb/2026:02:41:36 +0000] "POST /wp-cron.php?doing_wp_cron=1771814496.6967020034790039062500 HTTP/1.1" 200 31 "-" "WordPress/6.9.1; https://doccure-wp.dreamsmarketplace.com"
2a03:2880:f800:31:: - - [23/Feb/2026:02:41:36 +0000] "GET /forgot-password/ HTTP/1.1" 200 17667 "-" "meta-externalagent/1.1 (+https://developers.facebook.com/docs/sharing/webmasters/crawler)"
172.187.168.139 - - [23/Feb/2026:02:56:22 +0000] "POST /wp-cron.php?doing_wp_cron=1771815382.4681539535522460937500 HTTP/1.1" 200 31 "-" "WordPress/6.9.1; https://doccure-wp.dreamsmarketplace.com"
157.55.39.59 - - [23/Feb/2026:02:56:22 +0000] "GET /doctors/darren-elder/ HTTP/1.1" 200 23920 "-" "Mozilla/5.0 AppleWebKit/537.36 (KHTML, like Gecko; compatible; bingbot/2.0; +http://www.bing.com/bingbot.htm) Chrome/116.0.1938.76 Safari/537.36"
172.187.168.139 - - [23/Feb/2026:03:18:27 +0000] "POST /wp-cron.php?doing_wp_cron=1771816706.9340279102325439453125 HTTP/1.1" 200 31 "-" "WordPress/6.9.1; https://doccure-wp.dreamsmarketplace.com"
66.249.66.163 - - [23/Feb/2026:03:18:27 +0000] "GET /benefits-of-online-doctor-booking/ HTTP/1.1" 200 22059 "-" "Mozilla/5.0 (Linux; Android 6.0.1; Nexus 5X Build/MMB29P) AppleWebKit/537.36 (KHTML, like Gecko) Chrome/144.0.7559.132 Mobile Safari/537.36 (compatible; Googlebot/2.1; +http://www.google.com/bot.html)"
66.249.66.164 - - [23/Feb/2026:03:18:31 +0000] "GET /wp-content/themes/doccure/assets/dashboardjs/doccure_callback.js?ver=1.5.3 HTTP/1.1" 200 99725 "https://doccure-wp.dreamsmarketplace.com/benefits-of-online-doctor-booking/" "Mozilla/5.0 (Linux; Android 6.0.1; Nexus 5X Build/MMB29P) AppleWebKit/537.36 (KHTML, like Gecko) Chrome/144.0.7559.132 Mobile Safari/537.36 (compatible; Googlebot/2.1; +http://www.google.com/bot.html)"
2603:8000:a3f0:4160:f855:1d59:743c:1808 - - [23/Feb/2026:03:32:09 +0000] "GET /landing/ HTTP/1.1" 200 4621 "https://preview.themeforest.net/" "Mozilla/5.0 (Macintosh; Intel Mac OS X 10_15_7) AppleWebKit/537.36 (KHTML, like Gecko) Chrome/144.0.0.0 Safari/537.36"
2603:8000:a3f0:4160:f855:1d59:743c:1808 - - [23/Feb/2026:03:32:10 +0000] "GET /landing/assets/js/smooth-scroll.min.js HTTP/1.1" 304 0 "https://doccure-wp.dreamsmarketplace.com/landing/" "Mozilla/5.0 (Macintosh; Intel Mac OS X 10_15_7) AppleWebKit/537.36 (KHTML, like Gecko) Chrome/144.0.0.0 Safari/537.36"
2603:8000:a3f0:4160:f855:1d59:743c:1808 - - [23/Feb/2026:03:32:10 +0000] "GET /landing/assets/img/doctor_page6.png HTTP/1.1" 304 0 "https://doccure-wp.dreamsmarketplace.com/landing/" "Mozilla/5.0 (Macintosh; Intel Mac OS X 10_15_7) AppleWebKit/537.36 (KHTML, like Gecko) Chrome/144.0.0.0 Safari/537.36"
2603:8000:a3f0:4160:f855:1d59:743c:1808 - - [23/Feb/2026:03:32:10 +0000] "GET /landing/assets/img/footer_shape1.png HTTP/1.1" 304 0 "https://doccure-wp.dreamsmarketplace.com/landing/" "Mozilla/5.0 (Macintosh; Intel Mac OS X 10_15_7) AppleWebKit/537.36 (KHTML, like Gecko) Chrome/144.0.0.0 Safari/537.36"
2603:8000:a3f0:4160:f855:1d59:743c:1808 - - [23/Feb/2026:03:32:10 +0000] "GET /landing/assets/img/patient_page3.png HTTP/1.1" 304 0 "https://doccure-wp.dreamsmarketplace.com/landing/" "Mozilla/5.0 (Macintosh; Intel Mac OS X 10_15_7) AppleWebKit/537.36 (KHTML, like Gecko) Chrome/144.0.0.0 Safari/537.36"
2603:8000:a3f0:4160:f855:1d59:743c:1808 - - [23/Feb/2026:03:32:10 +0000] "GET /landing/assets/img/doctor_page4.png HTTP/1.1" 304 0 "https://doccure-wp.dreamsmarketplace.com/landing/" "Mozilla/5.0 (Macintosh; Intel Mac OS X 10_15_7) AppleWebKit/537.36 (KHTML, like Gecko) Chrome/144.0.0.0 Safari/537.36"
2603:8000:a3f0:4160:f855:1d59:743c:1808 - - [23/Feb/2026:03:32:10 +0000] "GET /landing/assets/img/patient_page7.png HTTP/1.1" 304 0 "https://doccure-wp.dreamsmarketplace.com/landing/" "Mozilla/5.0 (Macintosh; Intel Mac OS X 10_15_7) AppleWebKit/537.36 (KHTML, like Gecko) Chrome/144.0.0.0 Safari/537.36"
