205.169.39.242 - - [23/Feb/2026:08:42:18 +0000] "GET /wp-content/uploads/2025/01/banner-user2-1.jpg HTTP/1.1" 200 57759 "https://reda82.net/" "Mozilla/5.0 (Windows NT 10.0; Win64; x64) AppleWebKit/537.36 (KHTML, like Gecko) Chrome/79.0.3945.79 Safari/537.36"
205.169.39.242 - - [23/Feb/2026:08:42:18 +0000] "GET /wp-content/uploads/2025/01/speciality-06-1.jpg HTTP/1.1" 200 77656 "https://reda82.net/" "Mozilla/5.0 (Windows NT 10.0; Win64; x64) AppleWebKit/537.36 (KHTML, like Gecko) Chrome/79.0.3945.79 Safari/537.36"
205.169.39.242 - - [23/Feb/2026:08:42:18 +0000] "GET /wp-content/uploads/2025/01/list-icon-03-1.svg HTTP/1.1" 200 919 "https://reda82.net/" "Mozilla/5.0 (Windows NT 10.0; Win64; x64) AppleWebKit/537.36 (KHTML, like Gecko) Chrome/79.0.3945.79 Safari/537.36"
205.169.39.242 - - [23/Feb/2026:08:42:18 +0000] "GET /wp-content/uploads/2025/01/banner-icon-4-1.png HTTP/1.1" 200 5878 "https://reda82.net/" "Mozilla/5.0 (Windows NT 10.0; Win64; x64) AppleWebKit/537.36 (KHTML, like Gecko) Chrome/79.0.3945.79 Safari/537.36"
205.169.39.242 - - [23/Feb/2026:08:42:18 +0000] "GET /wp-content/uploads/2025/01/speciality-08-1.jpg HTTP/1.1" 200 59307 "https://reda82.net/" "Mozilla/5.0 (Windows NT 10.0; Win64; x64) AppleWebKit/537.36 (KHTML, like Gecko) Chrome/79.0.3945.79 Safari/537.36"
205.169.39.242 - - [23/Feb/2026:08:42:18 +0000] "GET /wp-content/uploads/2025/01/company-07-1.svg HTTP/1.1" 200 6375 "https://reda82.net/" "Mozilla/5.0 (Windows NT 10.0; Win64; x64) AppleWebKit/537.36 (KHTML, like Gecko) Chrome/79.0.3945.79 Safari/537.36"
205.169.39.242 - - [23/Feb/2026:08:42:18 +0000] "GET /wp-content/uploads/2025/01/company-04-1.svg HTTP/1.1" 200 12093 "https://reda82.net/" "Mozilla/5.0 (Windows NT 10.0; Win64; x64) AppleWebKit/537.36 (KHTML, like Gecko) Chrome/79.0.3945.79 Safari/537.36"
205.169.39.242 - - [23/Feb/2026:08:42:18 +0000] "GET /wp-content/uploads/2025/01/banner-icon-1-1.png HTTP/1.1" 200 35173 "https://reda82.net/" "Mozilla/5.0 (Windows NT 10.0; Win64; x64) AppleWebKit/537.36 (KHTML, like Gecko) Chrome/79.0.3945.79 Safari/537.36"
205.169.39.242 - - [23/Feb/2026:08:42:18 +0000] "GET /wp-content/uploads/2025/01/speciality-icon-01-1.svg HTTP/1.1" 200 16368 "https://reda82.net/" "Mozilla/5.0 (Windows NT 10.0; Win64; x64) AppleWebKit/537.36 (KHTML, like Gecko) Chrome/79.0.3945.79 Safari/537.36"
205.169.39.242 - - [23/Feb/2026:08:42:18 +0000] "GET /wp-content/uploads/2025/01/list-icon-06-1.svg HTTP/1.1" 200 748 "https://reda82.net/" "Mozilla/5.0 (Windows NT 10.0; Win64; x64) AppleWebKit/537.36 (KHTML, like Gecko) Chrome/79.0.3945.79 Safari/537.36"
205.169.39.242 - - [23/Feb/2026:08:42:18 +0000] "GET /wp-content/uploads/2025/01/company-08-1.svg HTTP/1.1" 200 3955 "https://reda82.net/" "Mozilla/5.0 (Windows NT 10.0; Win64; x64) AppleWebKit/537.36 (KHTML, like Gecko) Chrome/79.0.3945.79 Safari/537.36"
205.169.39.242 - - [23/Feb/2026:08:42:18 +0000] "GET /wp-content/uploads/2025/01/company-02-1.svg HTTP/1.1" 200 3851 "https://reda82.net/" "Mozilla/5.0 (Windows NT 10.0; Win64; x64) AppleWebKit/537.36 (KHTML, like Gecko) Chrome/79.0.3945.79 Safari/537.36"
205.169.39.242 - - [23/Feb/2026:08:42:18 +0000] "GET /wp-content/uploads/2025/01/speciality-05-1.jpg HTTP/1.1" 200 91447 "https://reda82.net/" "Mozilla/5.0 (Windows NT 10.0; Win64; x64) AppleWebKit/537.36 (KHTML, like Gecko) Chrome/79.0.3945.79 Safari/537.36"
205.169.39.242 - - [23/Feb/2026:08:42:18 +0000] "GET /wp-content/uploads/2025/01/download-bg-1.png HTTP/1.1" 200 80236 "https://reda82.net/" "Mozilla/5.0 (Windows NT 10.0; Win64; x64) AppleWebKit/537.36 (KHTML, like Gecko) Chrome/79.0.3945.79 Safari/537.36"
205.169.39.242 - - [23/Feb/2026:08:42:18 +0000] "GET /wp-content/uploads/2025/01/speciality-07-1.jpg HTTP/1.1" 200 92397 "https://reda82.net/" "Mozilla/5.0 (Windows NT 10.0; Win64; x64) AppleWebKit/537.36 (KHTML, like Gecko) Chrome/79.0.3945.79 Safari/537.36"
205.169.39.242 - - [23/Feb/2026:08:42:18 +0000] "GET /wp-content/uploads/2025/01/speciality-icon-03-1.svg HTTP/1.1" 200 22720 "https://reda82.net/" "Mozilla/5.0 (Windows NT 10.0; Win64; x64) AppleWebKit/537.36 (KHTML, like Gecko) Chrome/79.0.3945.79 Safari/537.36"
205.169.39.242 - - [23/Feb/2026:08:42:18 +0000] "GET /wp-content/uploads/2025/01/banner-icon-3-1.png HTTP/1.1" 200 22042 "https://reda82.net/" "Mozilla/5.0 (Windows NT 10.0; Win64; x64) AppleWebKit/537.36 (KHTML, like Gecko) Chrome/79.0.3945.79 Safari/537.36"
205.169.39.242 - - [23/Feb/2026:08:42:18 +0000] "GET /wp-content/uploads/2025/01/list-icon-04-1.svg HTTP/1.1" 200 1065 "https://reda82.net/" "Mozilla/5.0 (Windows NT 10.0; Win64; x64) AppleWebKit/537.36 (KHTML, like Gecko) Chrome/79.0.3945.79 Safari/537.36"
205.169.39.242 - - [23/Feb/2026:08:42:18 +0000] "GET /wp-content/uploads/2025/01/speciality-01-1.jpg HTTP/1.1" 200 67730 "https://reda82.net/" "Mozilla/5.0 (Windows NT 10.0; Win64; x64) AppleWebKit/537.36 (KHTML, like Gecko) Chrome/79.0.3945.79 Safari/537.36"
205.169.39.242 - - [23/Feb/2026:08:42:18 +0000] "GET /wp-content/uploads/2025/01/banner-icon-5-1.svg HTTP/1.1" 200 428 "https://reda82.net/" "Mozilla/5.0 (Windows NT 10.0; Win64; x64) AppleWebKit/537.36 (KHTML, like Gecko) Chrome/79.0.3945.79 Safari/537.36"
205.169.39.242 - - [23/Feb/2026:08:42:18 +0000] "GET /wp-content/uploads/2025/01/speciality-02-1.jpg HTTP/1.1" 200 73191 "https://reda82.net/" "Mozilla/5.0 (Windows NT 10.0; Win64; x64) AppleWebKit/537.36 (KHTML, like Gecko) Chrome/79.0.3945.79 Safari/537.36"
205.169.39.242 - - [23/Feb/2026:08:42:18 +0000] "GET /wp-content/uploads/2025/01/list-icon-02-1.svg HTTP/1.1" 200 1597 "https://reda82.net/" "Mozilla/5.0 (Windows NT 10.0; Win64; x64) AppleWebKit/537.36 (KHTML, like Gecko) Chrome/79.0.3945.79 Safari/537.36"
205.169.39.242 - - [23/Feb/2026:08:42:18 +0000] "GET /wp-content/uploads/2025/01/list-icon-07-1.svg HTTP/1.1" 200 748 "https://reda82.net/" "Mozilla/5.0 (Windows NT 10.0; Win64; x64) AppleWebKit/537.36 (KHTML, like Gecko) Chrome/79.0.3945.79 Safari/537.36"
205.169.39.242 - - [23/Feb/2026:08:42:18 +0000] "GET /wp-content/uploads/2025/01/banner-patient-2-1.jpg HTTP/1.1" 200 5251 "https://reda82.net/" "Mozilla/5.0 (Windows NT 10.0; Win64; x64) AppleWebKit/537.36 (KHTML, like Gecko) Chrome/79.0.3945.79 Safari/537.36"
205.169.39.242 - - [23/Feb/2026:08:42:18 +0000] "GET /wp-content/uploads/2025/01/speciality-icon-05-1.svg HTTP/1.1" 200 5445 "https://reda82.net/" "Mozilla/5.0 (Windows NT 10.0; Win64; x64) AppleWebKit/537.36 (KHTML, like Gecko) Chrome/79.0.3945.79 Safari/537.36"
205.169.39.242 - - [23/Feb/2026:08:42:18 +0000] "GET /wp-content/uploads/2025/01/speciality-04-1.jpg HTTP/1.1" 200 80057 "https://reda82.net/" "Mozilla/5.0 (Windows NT 10.0; Win64; x64) AppleWebKit/537.36 (KHTML, like Gecko) Chrome/79.0.3945.79 Safari/537.36"
205.169.39.242 - - [23/Feb/2026:08:42:18 +0000] "GET /wp-content/uploads/2025/01/google-play-01-1.svg HTTP/1.1" 200 15483 "https://reda82.net/" "Mozilla/5.0 (Windows NT 10.0; Win64; x64) AppleWebKit/537.36 (KHTML, like Gecko) Chrome/79.0.3945.79 Safari/537.36"
205.169.39.242 - - [23/Feb/2026:08:42:18 +0000] "GET /wp-content/uploads/2025/01/list-icon-01-1.svg HTTP/1.1" 200 2560 "https://reda82.net/" "Mozilla/5.0 (Windows NT 10.0; Win64; x64) AppleWebKit/537.36 (KHTML, like Gecko) Chrome/79.0.3945.79 Safari/537.36"
205.169.39.242 - - [23/Feb/2026:08:42:18 +0000] "GET /wp-content/uploads/2025/01/app-bg-04-1.png HTTP/1.1" 200 46862 "https://reda82.net/" "Mozilla/5.0 (Windows NT 10.0; Win64; x64) AppleWebKit/537.36 (KHTML, like Gecko) Chrome/79.0.3945.79 Safari/537.36"
205.169.39.242 - - [23/Feb/2026:08:42:18 +0000] "GET /wp-content/uploads/2025/01/banner-patient-3-1.jpg HTTP/1.1" 200 5461 "https://reda82.net/" "Mozilla/5.0 (Windows NT 10.0; Win64; x64) AppleWebKit/537.36 (KHTML, like Gecko) Chrome/79.0.3945.79 Safari/537.36"
205.169.39.242 - - [23/Feb/2026:08:42:18 +0000] "GET /wp-content/uploads/2025/01/speciality-icon-06-1.svg HTTP/1.1" 200 8651 "https://reda82.net/" "Mozilla/5.0 (Windows NT 10.0; Win64; x64) AppleWebKit/537.36 (KHTML, like Gecko) Chrome/79.0.3945.79 Safari/537.36"
205.169.39.242 - - [23/Feb/2026:08:42:18 +0000] "GET /wp-content/uploads/2025/01/speciality-icon-08-1.svg HTTP/1.1" 200 10680 "https://reda82.net/" "Mozilla/5.0 (Windows NT 10.0; Win64; x64) AppleWebKit/537.36 (KHTML, like Gecko) Chrome/79.0.3945.79 Safari/537.36"
205.169.39.242 - - [23/Feb/2026:08:42:18 +0000] "GET /wp-content/uploads/2025/01/company-03-1.svg HTTP/1.1" 200 4666 "https://reda82.net/" "Mozilla/5.0 (Windows NT 10.0; Win64; x64) AppleWebKit/537.36 (KHTML, like Gecko) Chrome/79.0.3945.79 Safari/537.36"
205.169.39.242 - - [23/Feb/2026:08:42:18 +0000] "GET /wp-content/uploads/2025/01/speciality-icon-07-1.svg HTTP/1.1" 200 7355 "https://reda82.net/" "Mozilla/5.0 (Windows NT 10.0; Win64; x64) AppleWebKit/537.36 (KHTML, like Gecko) Chrome/79.0.3945.79 Safari/537.36"
205.169.39.242 - - [23/Feb/2026:08:42:18 +0000] "GET /wp-content/uploads/2025/01/speciality-icon-04-1.svg HTTP/1.1" 200 12836 "https://reda82.net/" "Mozilla/5.0 (Windows NT 10.0; Win64; x64) AppleWebKit/537.36 (KHTML, like Gecko) Chrome/79.0.3945.79 Safari/537.36"
205.169.39.242 - - [23/Feb/2026:08:42:18 +0000] "GET /wp-content/uploads/2025/01/company-01-1.svg HTTP/1.1" 200 5600 "https://reda82.net/" "Mozilla/5.0 (Windows NT 10.0; Win64; x64) AppleWebKit/537.36 (KHTML, like Gecko) Chrome/79.0.3945.79 Safari/537.36"
205.169.39.242 - - [23/Feb/2026:08:42:18 +0000] "GET /wp-content/uploads/2025/01/app-bg-03-1.png HTTP/1.1" 200 12494 "https://reda82.net/" "Mozilla/5.0 (Windows NT 10.0; Win64; x64) AppleWebKit/537.36 (KHTML, like Gecko) Chrome/79.0.3945.79 Safari/537.36"
205.169.39.242 - - [23/Feb/2026:08:42:18 +0000] "GET /wp-content/uploads/2025/01/speciality-03-1.jpg HTTP/1.1" 200 69424 "https://reda82.net/" "Mozilla/5.0 (Windows NT 10.0; Win64; x64) AppleWebKit/537.36 (KHTML, like Gecko) Chrome/79.0.3945.79 Safari/537.36"
205.169.39.242 - - [23/Feb/2026:08:42:18 +0000] "GET /wp-content/uploads/2025/01/list-icon-05-1.svg HTTP/1.1" 200 1745 "https://reda82.net/" "Mozilla/5.0 (Windows NT 10.0; Win64; x64) AppleWebKit/537.36 (KHTML, like Gecko) Chrome/79.0.3945.79 Safari/537.36"
205.169.39.242 - - [23/Feb/2026:08:42:18 +0000] "GET /wp-content/uploads/2025/01/app-bg-02-1.png HTTP/1.1" 200 29932 "https://reda82.net/" "Mozilla/5.0 (Windows NT 10.0; Win64; x64) AppleWebKit/537.36 (KHTML, like Gecko) Chrome/79.0.3945.79 Safari/537.36"
205.169.39.242 - - [23/Feb/2026:08:42:18 +0000] "GET /wp-content/uploads/2025/01/speciality-icon-02-1.svg HTTP/1.1" 200 9670 "https://reda82.net/" "Mozilla/5.0 (Windows NT 10.0; Win64; x64) AppleWebKit/537.36 (KHTML, like Gecko) Chrome/79.0.3945.79 Safari/537.36"
205.169.39.242 - - [23/Feb/2026:08:42:18 +0000] "GET /wp-content/uploads/2025/01/banner-icon-2-1.png HTTP/1.1" 200 25272 "https://reda82.net/" "Mozilla/5.0 (Windows NT 10.0; Win64; x64) AppleWebKit/537.36 (KHTML, like Gecko) Chrome/79.0.3945.79 Safari/537.36"
205.169.39.242 - - [23/Feb/2026:08:42:18 +0000] "GET /wp-content/uploads/2025/01/app-store-01-1.svg HTTP/1.1" 200 19093 "https://reda82.net/" "Mozilla/5.0 (Windows NT 10.0; Win64; x64) AppleWebKit/537.36 (KHTML, like Gecko) Chrome/79.0.3945.79 Safari/537.36"
205.169.39.242 - - [23/Feb/2026:08:42:18 +0000] "GET /wp-content/uploads/2025/01/mobile-img-1.png HTTP/1.1" 200 33148 "https://reda82.net/" "Mozilla/5.0 (Windows NT 10.0; Win64; x64) AppleWebKit/537.36 (KHTML, like Gecko) Chrome/79.0.3945.79 Safari/537.36"
205.169.39.242 - - [23/Feb/2026:08:42:18 +0000] "GET /wp-content/uploads/2025/01/company-05-1.svg HTTP/1.1" 200 45014 "https://reda82.net/" "Mozilla/5.0 (Windows NT 10.0; Win64; x64) AppleWebKit/537.36 (KHTML, like Gecko) Chrome/79.0.3945.79 Safari/537.36"
205.169.39.242 - - [23/Feb/2026:08:42:18 +0000] "GET /wp-content/uploads/2025/01/company-06-1.svg HTTP/1.1" 200 6562 "https://reda82.net/" "Mozilla/5.0 (Windows NT 10.0; Win64; x64) AppleWebKit/537.36 (KHTML, like Gecko) Chrome/79.0.3945.79 Safari/537.36"
205.169.39.242 - - [23/Feb/2026:08:42:18 +0000] "GET /wp-content/uploads/2025/01/book-03-1.jpg HTTP/1.1" 200 229390 "https://reda82.net/" "Mozilla/5.0 (Windows NT 10.0; Win64; x64) AppleWebKit/537.36 (KHTML, like Gecko) Chrome/79.0.3945.79 Safari/537.36"
205.169.39.242 - - [23/Feb/2026:08:42:18 +0000] "GET /wp-content/uploads/2025/01/banner-doctor-1.svg HTTP/1.1" 200 1246833 "https://reda82.net/" "Mozilla/5.0 (Windows NT 10.0; Win64; x64) AppleWebKit/537.36 (KHTML, like Gecko) Chrome/79.0.3945.79 Safari/537.36"
205.169.39.242 - - [23/Feb/2026:08:42:18 +0000] "GET /wp-content/uploads/2025/01/book-02-1.jpg HTTP/1.1" 200 225804 "https://reda82.net/" "Mozilla/5.0 (Windows NT 10.0; Win64; x64) AppleWebKit/537.36 (KHTML, like Gecko) Chrome/79.0.3945.79 Safari/537.36"
205.169.39.242 - - [23/Feb/2026:08:42:18 +0000] "GET /wp-content/uploads/2025/01/book-01-1.jpg HTTP/1.1" 200 413153 "https://reda82.net/" "Mozilla/5.0 (Windows NT 10.0; Win64; x64) AppleWebKit/537.36 (KHTML, like Gecko) Chrome/79.0.3945.79 Safari/537.36"
205.169.39.242 - - [23/Feb/2026:08:42:19 +0000] "GET /wp-content/uploads/2025/01/banner-bg-01-1.png HTTP/1.1" 200 111908 "https://reda82.net/" "Mozilla/5.0 (Windows NT 10.0; Win64; x64) AppleWebKit/537.36 (KHTML, like Gecko) Chrome/79.0.3945.79 Safari/537.36"
205.169.39.242 - - [23/Feb/2026:08:42:19 +0000] "GET /wp-content/uploads/2025/01/home-banner-bg-1.png HTTP/1.1" 200 1608405 "https://reda82.net/" "Mozilla/5.0 (Windows NT 10.0; Win64; x64) AppleWebKit/537.36 (KHTML, like Gecko) Chrome/79.0.3945.79 Safari/537.36"
172.187.168.139 - - [23/Feb/2026:08:46:12 +0000] "POST /wp-cron.php?doing_wp_cron=1771836372.9151918888092041015625 HTTP/1.1" 200 31 "-" "WordPress/6.9.1; https://doccure-wp.dreamstechnologies.com"
35.173.69.86 - - [23/Feb/2026:08:46:12 +0000] "GET / HTTP/1.1" 200 29870 "-" "FreshpingBot/1.0 (+https://freshping.io/)"
172.187.168.139 - - [23/Feb/2026:08:48:40 +0000] "POST /wp-cron.php?doing_wp_cron=1771836520.2202420234680175781250 HTTP/1.1" 200 31 "-" "WordPress/6.9.1; https://doccure-wp.dreamstechnologies.com"
14.184.14.143 - - [23/Feb/2026:08:48:40 +0000] "GET /5-great-reasons-to-use-an-online-doctor/ HTTP/1.1" 200 21927 "-" "Mozilla/5.0 (Macintosh; Intel Mac OS X 11_2_3) AppleWebKit/537.36 (KHTML, like Gecko) Brave Chrome/89.0.4389.72 Safari/537.36"
209.170.91.202 - - [23/Feb/2026:08:48:50 +0000] "GET /elementor/wp-content/uploads/2023/07/partners-3.svg HTTP/1.1" 404 17248 "https://lawmaze.co.in/" "Mozilla/5.0 (Windows NT 10.0; Win64; x64) AppleWebKit/537.36 (KHTML, like Gecko) Chrome/100.0.4896.75 Safari/537.36"
209.170.91.202 - - [23/Feb/2026:08:48:51 +0000] "GET /elementor/wp-content/uploads/2023/07/partners-5.svg HTTP/1.1" 404 17268 "https://lawmaze.co.in/" "Mozilla/5.0 (Windows NT 10.0; Win64; x64) AppleWebKit/537.36 (KHTML, like Gecko) Chrome/100.0.4896.75 Safari/537.36"
209.170.91.202 - - [23/Feb/2026:08:48:51 +0000] "GET /elementor/wp-content/uploads/2023/07/partners-4.svg HTTP/1.1" 404 17248 "https://lawmaze.co.in/" "Mozilla/5.0 (Windows NT 10.0; Win64; x64) AppleWebKit/537.36 (KHTML, like Gecko) Chrome/100.0.4896.75 Safari/537.36"
209.170.91.202 - - [23/Feb/2026:08:48:51 +0000] "GET /elementor/wp-content/uploads/2023/07/partners-2.svg HTTP/1.1" 404 17249 "https://lawmaze.co.in/" "Mozilla/5.0 (Windows NT 10.0; Win64; x64) AppleWebKit/537.36 (KHTML, like Gecko) Chrome/100.0.4896.75 Safari/537.36"
209.170.91.202 - - [23/Feb/2026:08:48:51 +0000] "GET /elementor/wp-content/uploads/2023/07/partners-1.svg HTTP/1.1" 404 17248 "https://lawmaze.co.in/" "Mozilla/5.0 (Windows NT 10.0; Win64; x64) AppleWebKit/537.36 (KHTML, like Gecko) Chrome/100.0.4896.75 Safari/537.36"
209.170.91.202 - - [23/Feb/2026:08:48:51 +0000] "GET /elementor/wp-content/uploads/2023/07/partners-6.svg HTTP/1.1" 404 17248 "https://lawmaze.co.in/" "Mozilla/5.0 (Windows NT 10.0; Win64; x64) AppleWebKit/537.36 (KHTML, like Gecko) Chrome/100.0.4896.75 Safari/537.36"
172.187.168.139 - - [23/Feb/2026:08:51:22 +0000] "POST /wp-cron.php?doing_wp_cron=1771836682.3893959522247314453125 HTTP/1.1" 200 31 "-" "WordPress/6.9.1; https://doccure-wp.dreamstechnologies.com"
35.173.69.86 - - [23/Feb/2026:08:51:22 +0000] "GET / HTTP/1.1" 200 29870 "-" "FreshpingBot/1.0 (+https://freshping.io/)"
106.51.167.228 - - [23/Feb/2026:08:52:05 +0000] "GET /elementor/wp-content/uploads/2023/07/partners-2.svg HTTP/1.1" 404 17269 "https://lawmaze.co.in/" "Mozilla/5.0 (Linux; Android 10; K) AppleWebKit/537.36 (KHTML, like Gecko) Chrome/145.0.0.0 Mobile Safari/537.36"
106.51.167.228 - - [23/Feb/2026:08:52:05 +0000] "GET /elementor/wp-content/uploads/2023/07/partners-4.svg HTTP/1.1" 404 17261 "https://lawmaze.co.in/" "Mozilla/5.0 (Linux; Android 10; K) AppleWebKit/537.36 (KHTML, like Gecko) Chrome/145.0.0.0 Mobile Safari/537.36"
106.51.167.228 - - [23/Feb/2026:08:52:05 +0000] "GET /elementor/wp-content/uploads/2023/07/partners-1.svg HTTP/1.1" 404 17249 "https://lawmaze.co.in/" "Mozilla/5.0 (Linux; Android 10; K) AppleWebKit/537.36 (KHTML, like Gecko) Chrome/145.0.0.0 Mobile Safari/537.36"
106.51.167.228 - - [23/Feb/2026:08:52:05 +0000] "GET /elementor/wp-content/uploads/2023/07/partners-3.svg HTTP/1.1" 404 17247 "https://lawmaze.co.in/" "Mozilla/5.0 (Linux; Android 10; K) AppleWebKit/537.36 (KHTML, like Gecko) Chrome/145.0.0.0 Mobile Safari/537.36"
106.51.167.228 - - [23/Feb/2026:08:52:05 +0000] "GET /elementor/wp-content/uploads/2023/07/partners-5.svg HTTP/1.1" 404 17260 "https://lawmaze.co.in/" "Mozilla/5.0 (Linux; Android 10; K) AppleWebKit/537.36 (KHTML, like Gecko) Chrome/145.0.0.0 Mobile Safari/537.36"
106.51.167.228 - - [23/Feb/2026:08:52:05 +0000] "GET /elementor/wp-content/uploads/2023/07/partners-6.svg HTTP/1.1" 404 17272 "https://lawmaze.co.in/" "Mozilla/5.0 (Linux; Android 10; K) AppleWebKit/537.36 (KHTML, like Gecko) Chrome/145.0.0.0 Mobile Safari/537.36"
172.187.168.139 - - [23/Feb/2026:08:53:45 +0000] "POST /wp-cron.php?doing_wp_cron=1771836825.2600660324096679687500 HTTP/1.1" 200 31 "-" "WordPress/6.9.1; https://doccure-wp.dreamstechnologies.com"
14.183.88.87 - - [23/Feb/2026:08:53:45 +0000] "GET /specialities/laboratory/ HTTP/1.1" 200 18687 "-" "Mozilla/5.0 (Windows NT 6.1) AppleWebKit/537.36 (KHTML, like Gecko) Chrome/80.0.3987.132 Safari/537.36"
172.187.168.139 - - [23/Feb/2026:08:56:32 +0000] "POST /wp-cron.php?doing_wp_cron=1771836992.1389570236206054687500 HTTP/1.1" 200 31 "-" "WordPress/6.9.1; https://doccure-wp.dreamstechnologies.com"
2401:4900:b65a:7d60:28aa:1e2:fe52:4442 - - [23/Feb/2026:08:56:32 +0000] "GET /elementor/wp-content/uploads/2022/03/icon4.png HTTP/1.1" 404 17261 "https://doctorsaathi.com/" "Mozilla/5.0 (iPhone; CPU iPhone OS 17_2_1 like Mac OS X) AppleWebKit/605.1.15 (KHTML, like Gecko) CriOS/145.0.7632.108 Mobile/15E148 Safari/604.1"
35.173.69.86 - - [23/Feb/2026:08:56:38 +0000] "GET / HTTP/1.1" 200 29870 "-" "FreshpingBot/1.0 (+https://freshping.io/)"
2401:4900:b65a:7d60:28aa:1e2:fe52:4442 - - [23/Feb/2026:08:57:01 +0000] "GET /elementor/wp-content/uploads/2023/07/banner-img2.png HTTP/1.1" 404 17252 "https://doctorsaathi.com/" "Mozilla/5.0 (iPhone; CPU iPhone OS 17_2_1 like Mac OS X) AppleWebKit/605.1.15 (KHTML, like Gecko) CriOS/145.0.7632.108 Mobile/15E148 Safari/604.1"
2401:4900:b65a:7d60:28aa:1e2:fe52:4442 - - [23/Feb/2026:08:57:01 +0000] "GET /elementor/wp-content/uploads/2023/07/banner-img1.png HTTP/1.1" 404 17249 "https://doctorsaathi.com/" "Mozilla/5.0 (iPhone; CPU iPhone OS 17_2_1 like Mac OS X) AppleWebKit/605.1.15 (KHTML, like Gecko) CriOS/145.0.7632.108 Mobile/15E148 Safari/604.1"
2401:4900:b65a:7d60:28aa:1e2:fe52:4442 - - [23/Feb/2026:08:57:03 +0000] "GET /elementor/wp-content/uploads/2023/07/work-02.svg HTTP/1.1" 404 17255 "https://doctorsaathi.com/" "Mozilla/5.0 (iPhone; CPU iPhone OS 17_2_1 like Mac OS X) AppleWebKit/605.1.15 (KHTML, like Gecko) CriOS/145.0.7632.108 Mobile/15E148 Safari/604.1"
2401:4900:b65a:7d60:28aa:1e2:fe52:4442 - - [23/Feb/2026:08:57:03 +0000] "GET /elementor/wp-content/uploads/2023/07/work-04.svg HTTP/1.1" 404 17256 "https://doctorsaathi.com/" "Mozilla/5.0 (iPhone; CPU iPhone OS 17_2_1 like Mac OS X) AppleWebKit/605.1.15 (KHTML, like Gecko) CriOS/145.0.7632.108 Mobile/15E148 Safari/604.1"
2401:4900:b65a:7d60:28aa:1e2:fe52:4442 - - [23/Feb/2026:08:57:03 +0000] "GET /elementor/wp-content/uploads/2023/07/work-01.svg HTTP/1.1" 404 17254 "https://doctorsaathi.com/" "Mozilla/5.0 (iPhone; CPU iPhone OS 17_2_1 like Mac OS X) AppleWebKit/605.1.15 (KHTML, like Gecko) CriOS/145.0.7632.108 Mobile/15E148 Safari/604.1"
2401:4900:b65a:7d60:28aa:1e2:fe52:4442 - - [23/Feb/2026:08:57:03 +0000] "GET /elementor/wp-content/uploads/2023/07/work-03.svg HTTP/1.1" 404 17256 "https://doctorsaathi.com/" "Mozilla/5.0 (iPhone; CPU iPhone OS 17_2_1 like Mac OS X) AppleWebKit/605.1.15 (KHTML, like Gecko) CriOS/145.0.7632.108 Mobile/15E148 Safari/604.1"
2401:4900:b65a:7d60:28aa:1e2:fe52:4442 - - [23/Feb/2026:08:57:05 +0000] "GET /elementor/wp-content/uploads/2023/07/banner-img3.png HTTP/1.1" 404 17264 "https://doctorsaathi.com/" "Mozilla/5.0 (iPhone; CPU iPhone OS 17_2_1 like Mac OS X) AppleWebKit/605.1.15 (KHTML, like Gecko) CriOS/145.0.7632.108 Mobile/15E148 Safari/604.1"
172.187.168.139 - - [23/Feb/2026:08:58:07 +0000] "POST /wp-cron.php?doing_wp_cron=1771837087.7898709774017333984375 HTTP/1.1" 200 31 "-" "WordPress/6.9.1; https://doccure-wp.dreamstechnologies.com"
2a03:2880:f800:17:: - - [23/Feb/2026:08:58:07 +0000] "GET /sterydy-anaboliczne-co-warto-wiedziec/ HTTP/1.1" 404 17213 "-" "meta-externalagent/1.1 (+https://developers.facebook.com/docs/sharing/webmasters/crawler)"
172.187.168.139 - - [23/Feb/2026:09:01:33 +0000] "POST /wp-cron.php?doing_wp_cron=1771837293.2299098968505859375000 HTTP/1.1" 200 31 "-" "WordPress/6.9.1; https://doccure-wp.dreamstechnologies.com"
35.173.69.86 - - [23/Feb/2026:09:01:33 +0000] "GET / HTTP/1.1" 200 29870 "-" "FreshpingBot/1.0 (+https://freshping.io/)"
172.187.168.139 - - [23/Feb/2026:09:02:44 +0000] "POST /wp-cron.php?doing_wp_cron=1771837364.7255420684814453125000 HTTP/1.1" 200 31 "-" "WordPress/6.9.1; https://doccure-wp.dreamstechnologies.com"
79.116.217.175 - - [23/Feb/2026:09:02:44 +0000] "POST /xmlrpc.php HTTP/1.1" 405 428 "-" "XML-RPC for PHP 4.11.1"
14.226.211.153 - - [23/Feb/2026:09:03:01 +0000] "GET /book-appointment/?doctor=5949 HTTP/1.1" 200 25575 "-" "Mozilla/5.0 (Macintosh; Intel Mac OS X 10_14_6) AppleWebKit/537.36 (KHTML, like Gecko) Chrome/83.0.4103.116 Safari/537.36"
172.187.168.139 - - [23/Feb/2026:09:06:13 +0000] "POST /wp-cron.php?doing_wp_cron=1771837572.9560000896453857421875 HTTP/1.1" 200 31 "-" "WordPress/6.9.1; https://doccure-wp.dreamstechnologies.com"
50.17.185.102 - - [23/Feb/2026:09:06:13 +0000] "GET / HTTP/1.1" 200 29870 "-" "FreshpingBot/1.0 (+https://freshping.io/)"
122.175.214.137 - - [23/Feb/2026:09:08:35 +0000] "GET /wp-content/uploads/2024/09/Neurology-icon-3.svg HTTP/1.1" 200 9876 "https://darkslategrey-mole-966668.hostingersite.com/" "Mozilla/5.0 (X11; Linux x86_64) AppleWebKit/537.36 (KHTML, like Gecko) Chrome/145.0.0.0 Safari/537.36"
122.175.214.137 - - [23/Feb/2026:09:08:35 +0000] "GET /wp-content/uploads/2024/09/Orthopedic-icon-3.svg HTTP/1.1" 200 2529 "https://darkslategrey-mole-966668.hostingersite.com/" "Mozilla/5.0 (X11; Linux x86_64) AppleWebKit/537.36 (KHTML, like Gecko) Chrome/145.0.0.0 Safari/537.36"
122.175.214.137 - - [23/Feb/2026:09:08:35 +0000] "GET /wp-content/uploads/2024/09/Dentist-icon-3.svg HTTP/1.1" 200 6577 "https://darkslategrey-mole-966668.hostingersite.com/" "Mozilla/5.0 (X11; Linux x86_64) AppleWebKit/537.36 (KHTML, like Gecko) Chrome/145.0.0.0 Safari/537.36"
122.175.214.137 - - [23/Feb/2026:09:08:35 +0000] "GET /wp-content/uploads/2024/09/lab-icon-3.svg HTTP/1.1" 200 5117 "https://darkslategrey-mole-966668.hostingersite.com/" "Mozilla/5.0 (X11; Linux x86_64) AppleWebKit/537.36 (KHTML, like Gecko) Chrome/145.0.0.0 Safari/537.36"
122.175.214.137 - - [23/Feb/2026:09:08:35 +0000] "GET /wp-content/uploads/2024/09/cardiology-icon-3.svg HTTP/1.1" 200 6203 "https://darkslategrey-mole-966668.hostingersite.com/" "Mozilla/5.0 (X11; Linux x86_64) AppleWebKit/537.36 (KHTML, like Gecko) Chrome/145.0.0.0 Safari/537.36"
122.175.214.137 - - [23/Feb/2026:09:08:35 +0000] "GET /wp-content/uploads/2024/09/Ophthalmology-icon-3.svg HTTP/1.1" 200 5713 "https://darkslategrey-mole-966668.hostingersite.com/" "Mozilla/5.0 (X11; Linux x86_64) AppleWebKit/537.36 (KHTML, like Gecko) Chrome/145.0.0.0 Safari/537.36"
172.187.168.139 - - [23/Feb/2026:09:11:32 +0000] "POST /wp-cron.php?doing_wp_cron=1771837892.6666591167449951171875 HTTP/1.1" 200 31 "-" "WordPress/6.9.1; https://doccure-wp.dreamstechnologies.com"
35.173.69.86 - - [23/Feb/2026:09:11:32 +0000] "GET / HTTP/1.1" 200 29870 "-" "FreshpingBot/1.0 (+https://freshping.io/)"
111.118.241.170 - - [23/Feb/2026:09:11:39 +0000] "GET /wp-content/uploads/2024/09/Dentist-icon-3.svg HTTP/1.1" 200 6577 "https://darkslategrey-mole-966668.hostingersite.com/" "Mozilla/5.0 (X11; Linux x86_64) AppleWebKit/537.36 (KHTML, like Gecko) Chrome/142.0.0.0 Safari/537.36"
111.118.241.170 - - [23/Feb/2026:09:11:39 +0000] "GET /wp-content/uploads/2023/07/work-03.svg HTTP/1.1" 200 8726 "https://darkslategrey-mole-966668.hostingersite.com/" "Mozilla/5.0 (X11; Linux x86_64) AppleWebKit/537.36 (KHTML, like Gecko) Chrome/142.0.0.0 Safari/537.36"
111.118.241.170 - - [23/Feb/2026:09:11:39 +0000] "GET /wp-content/uploads/2024/09/Orthopedic-icon-3.svg HTTP/1.1" 200 2529 "https://darkslategrey-mole-966668.hostingersite.com/" "Mozilla/5.0 (X11; Linux x86_64) AppleWebKit/537.36 (KHTML, like Gecko) Chrome/142.0.0.0 Safari/537.36"
172.187.168.139 - - [23/Feb/2026:09:15:52 +0000] "POST /wp-cron.php?doing_wp_cron=1771838152.4452760219573974609375 HTTP/1.1" 200 31 "-" "WordPress/6.9.1; https://doccure-wp.dreamstechnologies.com"
50.17.185.102 - - [23/Feb/2026:09:15:52 +0000] "GET / HTTP/1.1" 200 29870 "-" "FreshpingBot/1.0 (+https://freshping.io/)"
172.187.168.139 - - [23/Feb/2026:09:16:25 +0000] "POST /wp-cron.php?doing_wp_cron=1771838184.9687790870666503906250 HTTP/1.1" 200 31 "-" "WordPress/6.9.1; https://doccure-wp.dreamstechnologies.com"
66.249.70.141 - - [23/Feb/2026:09:16:25 +0000] "GET /robots.txt HTTP/1.1" 200 427 "-" "Mozilla/5.0 (compatible; Googlebot/2.1; +http://www.google.com/bot.html)"
66.249.70.141 - - [23/Feb/2026:09:16:25 +0000] "GET /wp-content/uploads/2025/01/company-06-1.svg HTTP/1.1" 200 6562 "https://www.medicloudsuite.net/" "Mozilla/5.0 AppleWebKit/537.36 (KHTML, like Gecko; compatible; Googlebot/2.1; +http://www.google.com/bot.html) Chrome/144.0.7559.132 Safari/537.36"
113.182.249.2 - - [23/Feb/2026:09:16:47 +0000] "GET /elementor/services/patient-ward/ HTTP/1.1" 404 17237 "-" "Mozilla/5.0 (Windows NT 6.1; Win64; x64) AppleWebKit/537.36 (KHTML, like Gecko) Chrome/85.0.4183.121 Safari/537.36"
172.187.168.139 - - [23/Feb/2026:09:19:06 +0000] "POST /wp-cron.php?doing_wp_cron=1771838346.6737589836120605468750 HTTP/1.1" 200 31 "-" "WordPress/6.9.1; https://doccure-wp.dreamstechnologies.com"
2a03:2880:f800:37:: - - [23/Feb/2026:09:19:06 +0000] "GET /wp-sitemap-posts-testimonials-1.xml HTTP/1.1" 200 765 "-" "meta-externalagent/1.1 (+https://developers.facebook.com/docs/sharing/webmasters/crawler)"
172.187.168.139 - - [23/Feb/2026:09:20:42 +0000] "POST /wp-cron.php?doing_wp_cron=1771838442.2871139049530029296875 HTTP/1.1" 200 31 "-" "WordPress/6.9.1; https://doccure-wp.dreamstechnologies.com"
14.228.101.130 - - [23/Feb/2026:09:20:42 +0000] "GET /category/forex-news/ HTTP/1.1" 404 17192 "-" "Mozilla/5.0 (Macintosh; Intel Mac OS X 10_13_6) AppleWebKit/537.36 (KHTML, like Gecko) Chrome/94.0.4606.71 Safari/537.36"
35.173.69.86 - - [23/Feb/2026:09:21:08 +0000] "GET / HTTP/1.1" 200 29870 "-" "FreshpingBot/1.0 (+https://freshping.io/)"
189.142.61.105 - - [23/Feb/2026:09:22:43 +0000] "GET /documentation/index.html HTTP/1.1" 200 18425 "-" "Mozilla/5.0 (Macintosh; Intel Mac OS X 10_15_7) AppleWebKit/537.36 (KHTML, like Gecko) Chrome/98.0.4758.109 Safari/537.36"
172.187.168.139 - - [23/Feb/2026:09:23:12 +0000] "POST /wp-cron.php?doing_wp_cron=1771838592.0266449451446533203125 HTTP/1.1" 200 31 "-" "WordPress/6.9.1; https://doccure-wp.dreamstechnologies.com"
2a03:2880:f800:11:: - - [23/Feb/2026:09:23:12 +0000] "GET /wp-sitemap-posts-post-1.xml HTTP/1.1" 200 1588 "-" "meta-externalagent/1.1 (+https://developers.facebook.com/docs/sharing/webmasters/crawler)"
2a03:2880:f800:5:: - - [23/Feb/2026:09:23:13 +0000] "GET /wp-sitemap-taxonomies-languages-1.xml HTTP/1.1" 200 466 "-" "meta-externalagent/1.1 (+https://developers.facebook.com/docs/sharing/webmasters/crawler)"
172.187.168.139 - - [23/Feb/2026:09:23:17 +0000] "POST /wp-cron.php?doing_wp_cron=1771838597.0239260196685791015625 HTTP/1.1" 200 31 "-" "WordPress/6.9.1; https://doccure-wp.dreamstechnologies.com"
2a03:2880:f800:28:: - - [23/Feb/2026:09:23:17 +0000] "GET /wp-sitemap-taxonomies-product_cat-1.xml HTTP/1.1" 200 317 "-" "meta-externalagent/1.1 (+https://developers.facebook.com/docs/sharing/webmasters/crawler)"
172.187.168.139 - - [23/Feb/2026:09:26:13 +0000] "POST /wp-cron.php?doing_wp_cron=1771838773.1440489292144775390625 HTTP/1.1" 200 31 "-" "WordPress/6.9.1; https://doccure-wp.dreamstechnologies.com"
50.17.185.102 - - [23/Feb/2026:09:26:13 +0000] "GET / HTTP/1.1" 200 29870 "-" "FreshpingBot/1.0 (+https://freshping.io/)"
172.187.168.139 - - [23/Feb/2026:09:29:19 +0000] "POST /wp-cron.php?doing_wp_cron=1771838959.7777578830718994140625 HTTP/1.1" 200 31 "-" "WordPress/6.9.1; https://doccure-wp.dreamstechnologies.com"
14.184.121.67 - - [23/Feb/2026:09:29:19 +0000] "GET /book-appointment/?doctor=5958 HTTP/1.1" 200 25576 "-" "Mozilla/5.0 (Macintosh; Intel Mac OS X 10_15_2) AppleWebKit/537.36 (KHTML, like Gecko) Chrome/79.0.3945.130 Safari/537.36"
83.110.58.73 - - [23/Feb/2026:09:30:45 +0000] "GET /wp-content/uploads/2025/01/speciality-07-1.jpg HTTP/1.1" 304 0 "https://citicare.ae/" "Mozilla/5.0 (Linux; Android 10; K) AppleWebKit/537.36 (KHTML, like Gecko) Chrome/145.0.0.0 Mobile Safari/537.36"
83.110.58.73 - - [23/Feb/2026:09:30:45 +0000] "GET /wp-content/uploads/2025/01/speciality-icon-05-1.svg HTTP/1.1" 304 0 "https://citicare.ae/" "Mozilla/5.0 (Linux; Android 10; K) AppleWebKit/537.36 (KHTML, like Gecko) Chrome/145.0.0.0 Mobile Safari/537.36"
83.110.58.73 - - [23/Feb/2026:09:30:45 +0000] "GET /wp-content/uploads/2025/01/list-icon-05-1.svg HTTP/1.1" 304 0 "https://citicare.ae/" "Mozilla/5.0 (Linux; Android 10; K) AppleWebKit/537.36 (KHTML, like Gecko) Chrome/145.0.0.0 Mobile Safari/537.36"
83.110.58.73 - - [23/Feb/2026:09:30:45 +0000] "GET /wp-content/uploads/2025/01/list-icon-06-1.svg HTTP/1.1" 304 0 "https://citicare.ae/" "Mozilla/5.0 (Linux; Android 10; K) AppleWebKit/537.36 (KHTML, like Gecko) Chrome/145.0.0.0 Mobile Safari/537.36"
83.110.58.73 - - [23/Feb/2026:09:30:45 +0000] "GET /wp-content/uploads/2025/01/speciality-05-1.jpg HTTP/1.1" 304 0 "https://citicare.ae/" "Mozilla/5.0 (Linux; Android 10; K) AppleWebKit/537.36 (KHTML, like Gecko) Chrome/145.0.0.0 Mobile Safari/537.36"
83.110.58.73 - - [23/Feb/2026:09:30:45 +0000] "GET /wp-content/uploads/2025/01/list-icon-01-1.svg HTTP/1.1" 304 0 "https://citicare.ae/" "Mozilla/5.0 (Linux; Android 10; K) AppleWebKit/537.36 (KHTML, like Gecko) Chrome/145.0.0.0 Mobile Safari/537.36"
83.110.58.73 - - [23/Feb/2026:09:30:45 +0000] "GET /wp-content/uploads/2025/01/speciality-icon-06-1.svg HTTP/1.1" 304 0 "https://citicare.ae/" "Mozilla/5.0 (Linux; Android 10; K) AppleWebKit/537.36 (KHTML, like Gecko) Chrome/145.0.0.0 Mobile Safari/537.36"
83.110.58.73 - - [23/Feb/2026:09:30:45 +0000] "GET /wp-content/uploads/2025/01/list-icon-07-1.svg HTTP/1.1" 200 748 "https://citicare.ae/" "Mozilla/5.0 (Linux; Android 10; K) AppleWebKit/537.36 (KHTML, like Gecko) Chrome/145.0.0.0 Mobile Safari/537.36"
83.110.58.73 - - [23/Feb/2026:09:30:45 +0000] "GET /wp-content/uploads/2025/01/speciality-08-1.jpg HTTP/1.1" 304 0 "https://citicare.ae/" "Mozilla/5.0 (Linux; Android 10; K) AppleWebKit/537.36 (KHTML, like Gecko) Chrome/145.0.0.0 Mobile Safari/537.36"
83.110.58.73 - - [23/Feb/2026:09:30:45 +0000] "GET /wp-content/uploads/2025/01/speciality-icon-07-1.svg HTTP/1.1" 304 0 "https://citicare.ae/" "Mozilla/5.0 (Linux; Android 10; K) AppleWebKit/537.36 (KHTML, like Gecko) Chrome/145.0.0.0 Mobile Safari/537.36"
83.110.58.73 - - [23/Feb/2026:09:30:45 +0000] "GET /wp-content/uploads/2025/01/speciality-icon-08-1.svg HTTP/1.1" 304 0 "https://citicare.ae/" "Mozilla/5.0 (Linux; Android 10; K) AppleWebKit/537.36 (KHTML, like Gecko) Chrome/145.0.0.0 Mobile Safari/537.36"
172.187.168.139 - - [23/Feb/2026:09:31:23 +0000] "POST /wp-cron.php?doing_wp_cron=1771839083.1781079769134521484375 HTTP/1.1" 200 31 "-" "WordPress/6.9.1; https://doccure-wp.dreamstechnologies.com"
50.17.185.102 - - [23/Feb/2026:09:31:23 +0000] "GET / HTTP/1.1" 200 29870 "-" "FreshpingBot/1.0 (+https://freshping.io/)"
52.167.144.149 - - [23/Feb/2026:09:33:16 +0000] "GET /wp-content/uploads/2025/01/company-03-1.svg HTTP/1.1" 200 4666 "-" "Mozilla/5.0 AppleWebKit/537.36 (KHTML, like Gecko; compatible; bingbot/2.0; +http://www.bing.com/bingbot.htm) Chrome/116.0.1938.76 Safari/537.36"
172.187.168.139 - - [23/Feb/2026:09:36:08 +0000] "POST /wp-cron.php?doing_wp_cron=1771839368.6484510898590087890625 HTTP/1.1" 200 31 "-" "WordPress/6.9.1; https://doccure-wp.dreamstechnologies.com"
35.173.69.86 - - [23/Feb/2026:09:36:08 +0000] "GET / HTTP/1.1" 200 29870 "-" "FreshpingBot/1.0 (+https://freshping.io/)"
4.155.232.126 - - [23/Feb/2026:09:38:35 +0000] "GET /wp-content/uploads/2023/07/banner-img.png HTTP/1.1" 200 79024 "https://darkslategrey-mole-966668.hostingersite.com/" "Mozilla/5.0 (X11; Linux x86_64) AppleWebKit/537.36 (KHTML, like Gecko) Chrome/142.0.0.0 Safari/537.36 GTmetrix"
4.155.232.126 - - [23/Feb/2026:09:38:35 +0000] "GET /wp-content/uploads/2023/07/banner-img1.png HTTP/1.1" 200 1322 "https://darkslategrey-mole-966668.hostingersite.com/" "Mozilla/5.0 (X11; Linux x86_64) AppleWebKit/537.36 (KHTML, like Gecko) Chrome/142.0.0.0 Safari/537.36 GTmetrix"
4.155.232.126 - - [23/Feb/2026:09:38:35 +0000] "GET /wp-content/uploads/2023/07/banner-img3.png HTTP/1.1" 200 24993 "https://darkslategrey-mole-966668.hostingersite.com/" "Mozilla/5.0 (X11; Linux x86_64) AppleWebKit/537.36 (KHTML, like Gecko) Chrome/142.0.0.0 Safari/537.36 GTmetrix"
4.155.232.126 - - [23/Feb/2026:09:38:35 +0000] "GET /wp-content/uploads/2024/09/cardiology-icon-3.svg HTTP/1.1" 200 6203 "https://darkslategrey-mole-966668.hostingersite.com/" "Mozilla/5.0 (X11; Linux x86_64) AppleWebKit/537.36 (KHTML, like Gecko) Chrome/142.0.0.0 Safari/537.36 GTmetrix"
4.155.232.126 - - [23/Feb/2026:09:38:35 +0000] "GET /wp-content/uploads/2023/07/banner-img2.png HTTP/1.1" 200 11547 "https://darkslategrey-mole-966668.hostingersite.com/" "Mozilla/5.0 (X11; Linux x86_64) AppleWebKit/537.36 (KHTML, like Gecko) Chrome/142.0.0.0 Safari/537.36 GTmetrix"
4.155.232.126 - - [23/Feb/2026:09:38:35 +0000] "GET /wp-content/uploads/2024/09/Dentist-icon-3.svg HTTP/1.1" 200 6577 "https://darkslategrey-mole-966668.hostingersite.com/" "Mozilla/5.0 (X11; Linux x86_64) AppleWebKit/537.36 (KHTML, like Gecko) Chrome/142.0.0.0 Safari/537.36 GTmetrix"
4.155.232.126 - - [23/Feb/2026:09:38:35 +0000] "GET /wp-content/uploads/2024/09/lab-icon-3.svg HTTP/1.1" 200 5117 "https://darkslategrey-mole-966668.hostingersite.com/" "Mozilla/5.0 (X11; Linux x86_64) AppleWebKit/537.36 (KHTML, like Gecko) Chrome/142.0.0.0 Safari/537.36 GTmetrix"
4.155.232.126 - - [23/Feb/2026:09:38:35 +0000] "GET /wp-content/uploads/2024/06/partners-5.svg HTTP/1.1" 200 7065 "https://darkslategrey-mole-966668.hostingersite.com/" "Mozilla/5.0 (X11; Linux x86_64) AppleWebKit/537.36 (KHTML, like Gecko) Chrome/142.0.0.0 Safari/537.36 GTmetrix"
4.155.232.126 - - [23/Feb/2026:09:38:35 +0000] "GET /wp-content/uploads/2023/07/work-01.svg HTTP/1.1" 200 7310 "https://darkslategrey-mole-966668.hostingersite.com/" "Mozilla/5.0 (X11; Linux x86_64) AppleWebKit/537.36 (KHTML, like Gecko) Chrome/142.0.0.0 Safari/537.36 GTmetrix"
4.155.232.126 - - [23/Feb/2026:09:38:35 +0000] "GET /wp-content/uploads/2024/06/partners-6.svg HTTP/1.1" 200 4692 "https://darkslategrey-mole-966668.hostingersite.com/" "Mozilla/5.0 (X11; Linux x86_64) AppleWebKit/537.36 (KHTML, like Gecko) Chrome/142.0.0.0 Safari/537.36 GTmetrix"
4.155.232.126 - - [23/Feb/2026:09:38:35 +0000] "GET /wp-content/uploads/2024/06/partners-1.svg HTTP/1.1" 200 6343 "https://darkslategrey-mole-966668.hostingersite.com/" "Mozilla/5.0 (X11; Linux x86_64) AppleWebKit/537.36 (KHTML, like Gecko) Chrome/142.0.0.0 Safari/537.36 GTmetrix"
4.155.232.126 - - [23/Feb/2026:09:38:35 +0000] "GET /wp-content/uploads/2023/07/faq-img.png HTTP/1.1" 200 112081 "https://darkslategrey-mole-966668.hostingersite.com/" "Mozilla/5.0 (X11; Linux x86_64) AppleWebKit/537.36 (KHTML, like Gecko) Chrome/142.0.0.0 Safari/537.36 GTmetrix"
4.155.232.126 - - [23/Feb/2026:09:38:35 +0000] "GET /wp-content/uploads/2024/09/Neurology-icon-3.svg HTTP/1.1" 200 9876 "https://darkslategrey-mole-966668.hostingersite.com/" "Mozilla/5.0 (X11; Linux x86_64) AppleWebKit/537.36 (KHTML, like Gecko) Chrome/142.0.0.0 Safari/537.36 GTmetrix"
4.155.232.126 - - [23/Feb/2026:09:38:35 +0000] "GET /wp-content/uploads/2024/09/Ophthalmology-icon-3.svg HTTP/1.1" 200 5713 "https://darkslategrey-mole-966668.hostingersite.com/" "Mozilla/5.0 (X11; Linux x86_64) AppleWebKit/537.36 (KHTML, like Gecko) Chrome/142.0.0.0 Safari/537.36 GTmetrix"
4.155.232.126 - - [23/Feb/2026:09:38:35 +0000] "GET /wp-content/uploads/2023/07/work-img.png HTTP/1.1" 200 65514 "https://darkslategrey-mole-966668.hostingersite.com/" "Mozilla/5.0 (X11; Linux x86_64) AppleWebKit/537.36 (KHTML, like Gecko) Chrome/142.0.0.0 Safari/537.36 GTmetrix"
4.155.232.126 - - [23/Feb/2026:09:38:35 +0000] "GET /wp-content/uploads/2023/07/work-04.svg HTTP/1.1" 200 8108 "https://darkslategrey-mole-966668.hostingersite.com/" "Mozilla/5.0 (X11; Linux x86_64) AppleWebKit/537.36 (KHTML, like Gecko) Chrome/142.0.0.0 Safari/537.36 GTmetrix"
4.155.232.126 - - [23/Feb/2026:09:38:35 +0000] "GET /wp-content/uploads/2023/07/work-02.svg HTTP/1.1" 200 9185 "https://darkslategrey-mole-966668.hostingersite.com/" "Mozilla/5.0 (X11; Linux x86_64) AppleWebKit/537.36 (KHTML, like Gecko) Chrome/142.0.0.0 Safari/537.36 GTmetrix"
4.155.232.126 - - [23/Feb/2026:09:38:35 +0000] "GET /wp-content/uploads/2024/06/partners-3.svg HTTP/1.1" 200 4052 "https://darkslategrey-mole-966668.hostingersite.com/" "Mozilla/5.0 (X11; Linux x86_64) AppleWebKit/537.36 (KHTML, like Gecko) Chrome/142.0.0.0 Safari/537.36 GTmetrix"
4.155.232.126 - - [23/Feb/2026:09:38:35 +0000] "GET /wp-content/uploads/2023/07/smiling-icon.svg HTTP/1.1" 200 51950 "https://darkslategrey-mole-966668.hostingersite.com/" "Mozilla/5.0 (X11; Linux x86_64) AppleWebKit/537.36 (KHTML, like Gecko) Chrome/142.0.0.0 Safari/537.36 GTmetrix"
4.155.232.126 - - [23/Feb/2026:09:38:35 +0000] "GET /wp-content/uploads/2023/07/work-03.svg HTTP/1.1" 200 8726 "https://darkslategrey-mole-966668.hostingersite.com/" "Mozilla/5.0 (X11; Linux x86_64) AppleWebKit/537.36 (KHTML, like Gecko) Chrome/142.0.0.0 Safari/537.36 GTmetrix"
4.155.232.126 - - [23/Feb/2026:09:38:35 +0000] "GET /wp-content/uploads/2024/06/partners-2.svg HTTP/1.1" 200 4397 "https://darkslategrey-mole-966668.hostingersite.com/" "Mozilla/5.0 (X11; Linux x86_64) AppleWebKit/537.36 (KHTML, like Gecko) Chrome/142.0.0.0 Safari/537.36 GTmetrix"
4.155.232.126 - - [23/Feb/2026:09:38:35 +0000] "GET /wp-content/uploads/2024/09/Orthopedic-icon-3.svg HTTP/1.1" 200 2529 "https://darkslategrey-mole-966668.hostingersite.com/" "Mozilla/5.0 (X11; Linux x86_64) AppleWebKit/537.36 (KHTML, like Gecko) Chrome/142.0.0.0 Safari/537.36 GTmetrix"
4.155.232.126 - - [23/Feb/2026:09:38:35 +0000] "GET /wp-content/uploads/2024/06/partners-4.svg HTTP/1.1" 200 11400 "https://darkslategrey-mole-966668.hostingersite.com/" "Mozilla/5.0 (X11; Linux x86_64) AppleWebKit/537.36 (KHTML, like Gecko) Chrome/142.0.0.0 Safari/537.36 GTmetrix"
172.187.168.139 - - [23/Feb/2026:09:41:38 +0000] "POST /wp-cron.php?doing_wp_cron=1771839698.4170451164245605468750 HTTP/1.1" 200 31 "-" "WordPress/6.9.1; https://doccure-wp.dreamstechnologies.com"
35.173.69.86 - - [23/Feb/2026:09:41:38 +0000] "GET / HTTP/1.1" 200 29870 "-" "FreshpingBot/1.0 (+https://freshping.io/)"
13.37.180.131 - - [23/Feb/2026:09:42:57 +0000] "GET /wp-content/uploads/2022/03/banner-6.jpg HTTP/1.1" 200 206318 "https://allodocteur.com.tn/" "Mozilla/5.0 (Macintosh; Intel Mac OS X 10_15_7) AppleWebKit/537.36 (KHTML, like Gecko) Chrome/144.0.0.0 Safari/537.36"
172.187.168.139 - - [23/Feb/2026:09:46:07 +0000] "POST /wp-cron.php?doing_wp_cron=1771839967.7159349918365478515625 HTTP/1.1" 200 31 "-" "WordPress/6.9.1; https://doccure-wp.dreamstechnologies.com"
35.173.69.86 - - [23/Feb/2026:09:46:07 +0000] "GET / HTTP/1.1" 200 29870 "-" "FreshpingBot/1.0 (+https://freshping.io/)"
111.118.241.170 - - [23/Feb/2026:09:47:34 +0000] "GET /wp-content/uploads/2025/01/banner-user3-1.jpg HTTP/1.1" 200 55292 "https://darkslategrey-mole-966668.hostingersite.com/" "Mozilla/5.0 (X11; Linux x86_64) AppleWebKit/537.36 (KHTML, like Gecko) Chrome/142.0.0.0 Safari/537.36"
111.118.241.170 - - [23/Feb/2026:09:47:34 +0000] "GET /wp-content/uploads/2025/01/banner-user1-1.jpg HTTP/1.1" 200 61943 "https://darkslategrey-mole-966668.hostingersite.com/" "Mozilla/5.0 (X11; Linux x86_64) AppleWebKit/537.36 (KHTML, like Gecko) Chrome/142.0.0.0 Safari/537.36"
111.118.241.170 - - [23/Feb/2026:09:47:34 +0000] "GET /wp-content/uploads/2025/01/banner-user2-1.jpg HTTP/1.1" 200 57759 "https://darkslategrey-mole-966668.hostingersite.com/" "Mozilla/5.0 (X11; Linux x86_64) AppleWebKit/537.36 (KHTML, like Gecko) Chrome/142.0.0.0 Safari/537.36"
111.118.241.170 - - [23/Feb/2026:09:47:35 +0000] "GET /wp-content/uploads/2025/01/banner-bg-01-1.png HTTP/1.1" 200 111908 "https://darkslategrey-mole-966668.hostingersite.com/" "Mozilla/5.0 (X11; Linux x86_64) AppleWebKit/537.36 (KHTML, like Gecko) Chrome/142.0.0.0 Safari/537.36"
111.118.241.170 - - [23/Feb/2026:09:47:35 +0000] "GET /wp-content/uploads/2025/01/video-1.svg HTTP/1.1" 200 19342 "https://darkslategrey-mole-966668.hostingersite.com/" "Mozilla/5.0 (X11; Linux x86_64) AppleWebKit/537.36 (KHTML, like Gecko) Chrome/142.0.0.0 Safari/537.36"
111.118.241.170 - - [23/Feb/2026:09:47:35 +0000] "GET /wp-content/uploads/2025/01/home-banner-bg-1.png HTTP/1.1" 200 1608405 "https://darkslategrey-mole-966668.hostingersite.com/" "Mozilla/5.0 (X11; Linux x86_64) AppleWebKit/537.36 (KHTML, like Gecko) Chrome/142.0.0.0 Safari/537.36"
111.118.241.170 - - [23/Feb/2026:09:47:36 +0000] "GET /wp-content/uploads/2025/01/banner-patient-1-1.jpg HTTP/1.1" 200 5731 "https://darkslategrey-mole-966668.hostingersite.com/" "Mozilla/5.0 (X11; Linux x86_64) AppleWebKit/537.36 (KHTML, like Gecko) Chrome/142.0.0.0 Safari/537.36"
111.118.241.170 - - [23/Feb/2026:09:47:36 +0000] "GET /wp-content/uploads/2025/01/banner-patient-2-1.jpg HTTP/1.1" 200 5251 "https://darkslategrey-mole-966668.hostingersite.com/" "Mozilla/5.0 (X11; Linux x86_64) AppleWebKit/537.36 (KHTML, like Gecko) Chrome/142.0.0.0 Safari/537.36"
111.118.241.170 - - [23/Feb/2026:09:47:36 +0000] "GET /wp-content/uploads/2025/01/banner-patient-3-1.jpg HTTP/1.1" 200 5461 "https://darkslategrey-mole-966668.hostingersite.com/" "Mozilla/5.0 (X11; Linux x86_64) AppleWebKit/537.36 (KHTML, like Gecko) Chrome/142.0.0.0 Safari/537.36"
111.118.241.170 - - [23/Feb/2026:09:47:36 +0000] "GET /wp-content/uploads/2025/01/banner-doctor-1.svg HTTP/1.1" 200 1246833 "https://darkslategrey-mole-966668.hostingersite.com/" "Mozilla/5.0 (X11; Linux x86_64) AppleWebKit/537.36 (KHTML, like Gecko) Chrome/142.0.0.0 Safari/537.36"
111.118.241.170 - - [23/Feb/2026:09:47:36 +0000] "GET /wp-content/uploads/2025/01/banner-icon-1-1.png HTTP/1.1" 200 35173 "https://darkslategrey-mole-966668.hostingersite.com/" "Mozilla/5.0 (X11; Linux x86_64) AppleWebKit/537.36 (KHTML, like Gecko) Chrome/142.0.0.0 Safari/537.36"
111.118.241.170 - - [23/Feb/2026:09:47:37 +0000] "GET /wp-content/uploads/2025/01/banner-icon-2-1.png HTTP/1.1" 200 25272 "https://darkslategrey-mole-966668.hostingersite.com/" "Mozilla/5.0 (X11; Linux x86_64) AppleWebKit/537.36 (KHTML, like Gecko) Chrome/142.0.0.0 Safari/537.36"
111.118.241.170 - - [23/Feb/2026:09:47:37 +0000] "GET /wp-content/uploads/2025/01/banner-icon-3-1.png HTTP/1.1" 200 22042 "https://darkslategrey-mole-966668.hostingersite.com/" "Mozilla/5.0 (X11; Linux x86_64) AppleWebKit/537.36 (KHTML, like Gecko) Chrome/142.0.0.0 Safari/537.36"
111.118.241.170 - - [23/Feb/2026:09:47:37 +0000] "GET /wp-content/uploads/2025/01/banner-icon-4-1.png HTTP/1.1" 200 5878 "https://darkslategrey-mole-966668.hostingersite.com/" "Mozilla/5.0 (X11; Linux x86_64) AppleWebKit/537.36 (KHTML, like Gecko) Chrome/142.0.0.0 Safari/537.36"
111.118.241.170 - - [23/Feb/2026:09:47:37 +0000] "GET /wp-content/uploads/2025/01/banner-icon-5-1.svg HTTP/1.1" 200 428 "https://darkslategrey-mole-966668.hostingersite.com/" "Mozilla/5.0 (X11; Linux x86_64) AppleWebKit/537.36 (KHTML, like Gecko) Chrome/142.0.0.0 Safari/537.36"
111.118.241.170 - - [23/Feb/2026:09:47:38 +0000] "GET /wp-content/uploads/2025/01/speciality-01-1.jpg HTTP/1.1" 200 67730 "https://darkslategrey-mole-966668.hostingersite.com/" "Mozilla/5.0 (X11; Linux x86_64) AppleWebKit/537.36 (KHTML, like Gecko) Chrome/142.0.0.0 Safari/537.36"
111.118.241.170 - - [23/Feb/2026:09:47:38 +0000] "GET /wp-content/uploads/2025/01/speciality-icon-01-1.svg HTTP/1.1" 200 16368 "https://darkslategrey-mole-966668.hostingersite.com/" "Mozilla/5.0 (X11; Linux x86_64) AppleWebKit/537.36 (KHTML, like Gecko) Chrome/142.0.0.0 Safari/537.36"
111.118.241.170 - - [23/Feb/2026:09:47:39 +0000] "GET /wp-content/uploads/2025/01/speciality-02-1.jpg HTTP/1.1" 200 73191 "https://darkslategrey-mole-966668.hostingersite.com/" "Mozilla/5.0 (X11; Linux x86_64) AppleWebKit/537.36 (KHTML, like Gecko) Chrome/142.0.0.0 Safari/537.36"
111.118.241.170 - - [23/Feb/2026:09:47:39 +0000] "GET /wp-content/uploads/2025/01/speciality-icon-02-1.svg HTTP/1.1" 200 9670 "https://darkslategrey-mole-966668.hostingersite.com/" "Mozilla/5.0 (X11; Linux x86_64) AppleWebKit/537.36 (KHTML, like Gecko) Chrome/142.0.0.0 Safari/537.36"
111.118.241.170 - - [23/Feb/2026:09:47:39 +0000] "GET /wp-content/uploads/2025/01/speciality-03-1.jpg HTTP/1.1" 200 69424 "https://darkslategrey-mole-966668.hostingersite.com/" "Mozilla/5.0 (X11; Linux x86_64) AppleWebKit/537.36 (KHTML, like Gecko) Chrome/142.0.0.0 Safari/537.36"
111.118.241.170 - - [23/Feb/2026:09:47:39 +0000] "GET /wp-content/uploads/2025/01/speciality-icon-03-1.svg HTTP/1.1" 200 22720 "https://darkslategrey-mole-966668.hostingersite.com/" "Mozilla/5.0 (X11; Linux x86_64) AppleWebKit/537.36 (KHTML, like Gecko) Chrome/142.0.0.0 Safari/537.36"
111.118.241.170 - - [23/Feb/2026:09:47:39 +0000] "GET /wp-content/uploads/2025/01/speciality-04-1.jpg HTTP/1.1" 200 80057 "https://darkslategrey-mole-966668.hostingersite.com/" "Mozilla/5.0 (X11; Linux x86_64) AppleWebKit/537.36 (KHTML, like Gecko) Chrome/142.0.0.0 Safari/537.36"
111.118.241.170 - - [23/Feb/2026:09:47:40 +0000] "GET /wp-content/uploads/2025/01/speciality-icon-04-1.svg HTTP/1.1" 200 12836 "https://darkslategrey-mole-966668.hostingersite.com/" "Mozilla/5.0 (X11; Linux x86_64) AppleWebKit/537.36 (KHTML, like Gecko) Chrome/142.0.0.0 Safari/537.36"
111.118.241.170 - - [23/Feb/2026:09:47:40 +0000] "GET /wp-content/uploads/2025/01/speciality-08-1.jpg HTTP/1.1" 200 59307 "https://darkslategrey-mole-966668.hostingersite.com/" "Mozilla/5.0 (X11; Linux x86_64) AppleWebKit/537.36 (KHTML, like Gecko) Chrome/142.0.0.0 Safari/537.36"
111.118.241.170 - - [23/Feb/2026:09:47:40 +0000] "GET /wp-content/uploads/2025/01/speciality-icon-08-1.svg HTTP/1.1" 200 10680 "https://darkslategrey-mole-966668.hostingersite.com/" "Mozilla/5.0 (X11; Linux x86_64) AppleWebKit/537.36 (KHTML, like Gecko) Chrome/142.0.0.0 Safari/537.36"
111.118.241.170 - - [23/Feb/2026:09:47:40 +0000] "GET /wp-content/uploads/2025/01/speciality-05-1.jpg HTTP/1.1" 200 91447 "https://darkslategrey-mole-966668.hostingersite.com/" "Mozilla/5.0 (X11; Linux x86_64) AppleWebKit/537.36 (KHTML, like Gecko) Chrome/142.0.0.0 Safari/537.36"
111.118.241.170 - - [23/Feb/2026:09:47:41 +0000] "GET /wp-content/uploads/2025/01/speciality-06-1.jpg HTTP/1.1" 200 77656 "https://darkslategrey-mole-966668.hostingersite.com/" "Mozilla/5.0 (X11; Linux x86_64) AppleWebKit/537.36 (KHTML, like Gecko) Chrome/142.0.0.0 Safari/537.36"
111.118.241.170 - - [23/Feb/2026:09:47:41 +0000] "GET /wp-content/uploads/2025/01/speciality-icon-05-1.svg HTTP/1.1" 200 5445 "https://darkslategrey-mole-966668.hostingersite.com/" "Mozilla/5.0 (X11; Linux x86_64) AppleWebKit/537.36 (KHTML, like Gecko) Chrome/142.0.0.0 Safari/537.36"
111.118.241.170 - - [23/Feb/2026:09:47:41 +0000] "GET /wp-content/uploads/2025/01/speciality-icon-06-1.svg HTTP/1.1" 200 8651 "https://darkslategrey-mole-966668.hostingersite.com/" "Mozilla/5.0 (X11; Linux x86_64) AppleWebKit/537.36 (KHTML, like Gecko) Chrome/142.0.0.0 Safari/537.36"
111.118.241.170 - - [23/Feb/2026:09:47:41 +0000] "GET /wp-content/uploads/2025/01/speciality-07-1.jpg HTTP/1.1" 200 92397 "https://darkslategrey-mole-966668.hostingersite.com/" "Mozilla/5.0 (X11; Linux x86_64) AppleWebKit/537.36 (KHTML, like Gecko) Chrome/142.0.0.0 Safari/537.36"
111.118.241.170 - - [23/Feb/2026:09:47:41 +0000] "GET /wp-content/uploads/2025/01/speciality-icon-07-1.svg HTTP/1.1" 200 7355 "https://darkslategrey-mole-966668.hostingersite.com/" "Mozilla/5.0 (X11; Linux x86_64) AppleWebKit/537.36 (KHTML, like Gecko) Chrome/142.0.0.0 Safari/537.36"
111.118.241.170 - - [23/Feb/2026:09:47:42 +0000] "GET /wp-content/uploads/2025/01/book-01-1.jpg HTTP/1.1" 200 413153 "https://darkslategrey-mole-966668.hostingersite.com/" "Mozilla/5.0 (X11; Linux x86_64) AppleWebKit/537.36 (KHTML, like Gecko) Chrome/142.0.0.0 Safari/537.36"
