115.244.222.166 - - [23/Feb/2026:10:45:19 +0000] "GET /wp-content/themes/doccure/assets/js/cursor.js HTTP/1.1" 200 4280 "https://doccure-wp.dreamstechnologies.com/" "Mozilla/5.0 (Windows NT 10.0; Win64; x64) AppleWebKit/537.36 (KHTML, like Gecko) Chrome/145.0.0.0 Safari/537.36"
115.244.222.166 - - [23/Feb/2026:10:45:19 +0000] "GET /wp-content/themes/doccure/assets/js/doccure-ajax.js HTTP/1.1" 200 2063 "https://doccure-wp.dreamstechnologies.com/" "Mozilla/5.0 (Windows NT 10.0; Win64; x64) AppleWebKit/537.36 (KHTML, like Gecko) Chrome/145.0.0.0 Safari/537.36"
115.244.222.166 - - [23/Feb/2026:10:45:19 +0000] "GET /wp-content/themes/doccure/assets/js/aos.js?ver=1.5.3 HTTP/1.1" 200 14243 "https://doccure-wp.dreamstechnologies.com/" "Mozilla/5.0 (Windows NT 10.0; Win64; x64) AppleWebKit/537.36 (KHTML, like Gecko) Chrome/145.0.0.0 Safari/537.36"
115.244.222.166 - - [23/Feb/2026:10:45:19 +0000] "GET /wp-content/themes/doccure/assets/js/theme.js?ver=1.5.3 HTTP/1.1" 200 30742 "https://doccure-wp.dreamstechnologies.com/" "Mozilla/5.0 (Windows NT 10.0; Win64; x64) AppleWebKit/537.36 (KHTML, like Gecko) Chrome/145.0.0.0 Safari/537.36"
115.244.222.166 - - [23/Feb/2026:10:45:19 +0000] "GET /wp-content/themes/doccure/assets/theia-sticky-sidebar/theia-sticky-sidebar.js?ver=1.5.3 HTTP/1.1" 200 16379 "https://doccure-wp.dreamstechnologies.com/" "Mozilla/5.0 (Windows NT 10.0; Win64; x64) AppleWebKit/537.36 (KHTML, like Gecko) Chrome/145.0.0.0 Safari/537.36"
115.244.222.166 - - [23/Feb/2026:10:45:19 +0000] "GET /wp-content/themes/doccure/assets/js/backToTop.js?ver=1.5.3 HTTP/1.1" 200 1003 "https://doccure-wp.dreamstechnologies.com/" "Mozilla/5.0 (Windows NT 10.0; Win64; x64) AppleWebKit/537.36 (KHTML, like Gecko) Chrome/145.0.0.0 Safari/537.36"
115.244.222.166 - - [23/Feb/2026:10:45:19 +0000] "GET /wp-content/themes/doccure/assets/js/slick.min.js?ver=1.5.3 HTTP/1.1" 200 42864 "https://doccure-wp.dreamstechnologies.com/" "Mozilla/5.0 (Windows NT 10.0; Win64; x64) AppleWebKit/537.36 (KHTML, like Gecko) Chrome/145.0.0.0 Safari/537.36"
115.244.222.166 - - [23/Feb/2026:10:45:19 +0000] "GET /wp-content/themes/doccure/assets/css/fontawesome/webfonts/fa-solid-900.woff2 HTTP/1.1" 200 158220 "https://doccure-wp.dreamstechnologies.com/wp-content/themes/doccure/assets/css/fontawesome/css/all.min.css?ver=6.7.4" "Mozilla/5.0 (Windows NT 10.0; Win64; x64) AppleWebKit/537.36 (KHTML, like Gecko) Chrome/145.0.0.0 Safari/537.36"
115.244.222.166 - - [23/Feb/2026:10:45:19 +0000] "GET /wp-content/themes/doccure/assets/js/counter.js?ver=1.5.3 HTTP/1.1" 200 1253 "https://doccure-wp.dreamstechnologies.com/" "Mozilla/5.0 (Windows NT 10.0; Win64; x64) AppleWebKit/537.36 (KHTML, like Gecko) Chrome/145.0.0.0 Safari/537.36"
115.244.222.166 - - [23/Feb/2026:10:45:19 +0000] "GET /wp-content/themes/doccure/assets/plugins/datatables/datatables.min.js?ver=1.5.3 HTTP/1.1" 200 437 "https://doccure-wp.dreamstechnologies.com/" "Mozilla/5.0 (Windows NT 10.0; Win64; x64) AppleWebKit/537.36 (KHTML, like Gecko) Chrome/145.0.0.0 Safari/537.36"
115.244.222.166 - - [23/Feb/2026:10:45:19 +0000] "GET /wp-content/themes/doccure/assets/fonts/iconsax.ttf?yjegnn HTTP/1.1" 200 1359552 "https://doccure-wp.dreamstechnologies.com/wp-content/themes/doccure/assets/css/iconsax.css?ver=1.0.0" "Mozilla/5.0 (Windows NT 10.0; Win64; x64) AppleWebKit/537.36 (KHTML, like Gecko) Chrome/145.0.0.0 Safari/537.36"
115.244.222.166 - - [23/Feb/2026:10:45:19 +0000] "GET /wp-includes/js/jquery/jquery.min.js?ver=3.7.1 HTTP/1.1" 200 87553 "https://doccure-wp.dreamstechnologies.com/" "Mozilla/5.0 (Windows NT 10.0; Win64; x64) AppleWebKit/537.36 (KHTML, like Gecko) Chrome/145.0.0.0 Safari/537.36"
115.244.222.166 - - [23/Feb/2026:10:45:19 +0000] "GET /wp-content/themes/doccure/assets/js/owl.carousel.min.js?ver=1.5.3 HTTP/1.1" 200 44342 "https://doccure-wp.dreamstechnologies.com/" "Mozilla/5.0 (Windows NT 10.0; Win64; x64) AppleWebKit/537.36 (KHTML, like Gecko) Chrome/145.0.0.0 Safari/537.36"
115.244.222.166 - - [23/Feb/2026:10:45:19 +0000] "GET /wp-content/themes/doccure/assets/js/jquery.countTo.js?ver=1.5.3 HTTP/1.1" 200 2501 "https://doccure-wp.dreamstechnologies.com/" "Mozilla/5.0 (Windows NT 10.0; Win64; x64) AppleWebKit/537.36 (KHTML, like Gecko) Chrome/145.0.0.0 Safari/537.36"
115.244.222.166 - - [23/Feb/2026:10:45:19 +0000] "GET /wp-content/themes/doccure/assets/js/jquery.inview.min.js?ver=1.5.3 HTTP/1.1" 200 1264 "https://doccure-wp.dreamstechnologies.com/" "Mozilla/5.0 (Windows NT 10.0; Win64; x64) AppleWebKit/537.36 (KHTML, like Gecko) Chrome/145.0.0.0 Safari/537.36"
115.244.222.166 - - [23/Feb/2026:10:45:19 +0000] "GET /wp-content/themes/doccure/assets/js/isotope.min.js?ver=6.9.1 HTTP/1.1" 200 35428 "https://doccure-wp.dreamstechnologies.com/" "Mozilla/5.0 (Windows NT 10.0; Win64; x64) AppleWebKit/537.36 (KHTML, like Gecko) Chrome/145.0.0.0 Safari/537.36"
115.244.222.166 - - [23/Feb/2026:10:45:19 +0000] "GET /wp-content/themes/doccure/assets/js/magnific-popup.js?ver=1.1.0 HTTP/1.1" 200 45448 "https://doccure-wp.dreamstechnologies.com/" "Mozilla/5.0 (Windows NT 10.0; Win64; x64) AppleWebKit/537.36 (KHTML, like Gecko) Chrome/145.0.0.0 Safari/537.36"
115.244.222.166 - - [23/Feb/2026:10:45:19 +0000] "GET /wp-content/themes/doccure/assets/js/bootstrap/bootstrap.bundle.min.js?ver=5.3.0 HTTP/1.1" 200 125699 "https://doccure-wp.dreamstechnologies.com/" "Mozilla/5.0 (Windows NT 10.0; Win64; x64) AppleWebKit/537.36 (KHTML, like Gecko) Chrome/145.0.0.0 Safari/537.36"
115.244.222.166 - - [23/Feb/2026:10:45:19 +0000] "GET /wp-includes/js/masonry.min.js?ver=4.2.2 HTTP/1.1" 200 24138 "https://doccure-wp.dreamstechnologies.com/" "Mozilla/5.0 (Windows NT 10.0; Win64; x64) AppleWebKit/537.36 (KHTML, like Gecko) Chrome/145.0.0.0 Safari/537.36"
115.244.222.166 - - [23/Feb/2026:10:45:19 +0000] "GET /wp-content/themes/doccure/assets/plugins/datatables/jquery.dataTables.min.js?ver=1.5.3 HTTP/1.1" 200 156621 "https://doccure-wp.dreamstechnologies.com/" "Mozilla/5.0 (Windows NT 10.0; Win64; x64) AppleWebKit/537.36 (KHTML, like Gecko) Chrome/145.0.0.0 Safari/537.36"
115.244.222.166 - - [23/Feb/2026:10:45:19 +0000] "GET /wp-content/themes/doccure/assets/js/popper.min.js?ver=1.5.3 HTTP/1.1" 200 20121 "https://doccure-wp.dreamstechnologies.com/" "Mozilla/5.0 (Windows NT 10.0; Win64; x64) AppleWebKit/537.36 (KHTML, like Gecko) Chrome/145.0.0.0 Safari/537.36"
115.244.222.166 - - [23/Feb/2026:10:45:19 +0000] "GET /wp-content/plugins/contact-form-7/includes/js/index.js?ver=6.1.5 HTTP/1.1" 200 13452 "https://doccure-wp.dreamstechnologies.com/" "Mozilla/5.0 (Windows NT 10.0; Win64; x64) AppleWebKit/537.36 (KHTML, like Gecko) Chrome/145.0.0.0 Safari/537.36"
115.244.222.166 - - [23/Feb/2026:10:45:19 +0000] "GET /wp-includes/js/imagesloaded.min.js?ver=5.0.0 HTTP/1.1" 200 5520 "https://doccure-wp.dreamstechnologies.com/" "Mozilla/5.0 (Windows NT 10.0; Win64; x64) AppleWebKit/537.36 (KHTML, like Gecko) Chrome/145.0.0.0 Safari/537.36"
115.244.222.166 - - [23/Feb/2026:10:45:19 +0000] "GET /wp-content/plugins/doccure/assets/js/view-prescription-modal.js?ver=1.5.3 HTTP/1.1" 200 19906 "https://doccure-wp.dreamstechnologies.com/" "Mozilla/5.0 (Windows NT 10.0; Win64; x64) AppleWebKit/537.36 (KHTML, like Gecko) Chrome/145.0.0.0 Safari/537.36"
115.244.222.166 - - [23/Feb/2026:10:45:19 +0000] "GET /wp-content/plugins/contact-form-7/includes/swv/js/index.js?ver=6.1.5 HTTP/1.1" 200 12512 "https://doccure-wp.dreamstechnologies.com/" "Mozilla/5.0 (Windows NT 10.0; Win64; x64) AppleWebKit/537.36 (KHTML, like Gecko) Chrome/145.0.0.0 Safari/537.36"
115.244.222.166 - - [23/Feb/2026:10:45:20 +0000] "GET /wp-includes/js/dist/hooks.min.js?ver=dd5603f07f9220ed27f1 HTTP/1.1" 200 5661 "https://doccure-wp.dreamstechnologies.com/" "Mozilla/5.0 (Windows NT 10.0; Win64; x64) AppleWebKit/537.36 (KHTML, like Gecko) Chrome/145.0.0.0 Safari/537.36"
115.244.222.166 - - [23/Feb/2026:10:45:20 +0000] "GET /wp-includes/js/dist/i18n.min.js?ver=c26c3dc7bed366793375 HTTP/1.1" 200 5314 "https://doccure-wp.dreamstechnologies.com/" "Mozilla/5.0 (Windows NT 10.0; Win64; x64) AppleWebKit/537.36 (KHTML, like Gecko) Chrome/145.0.0.0 Safari/537.36"
115.244.222.166 - - [23/Feb/2026:10:45:20 +0000] "GET /wp-content/plugins/woocommerce/assets/js/select2/select2.full.min.js?ver=4.0.3-wc.10.5.2 HTTP/1.1" 200 74620 "https://doccure-wp.dreamstechnologies.com/" "Mozilla/5.0 (Windows NT 10.0; Win64; x64) AppleWebKit/537.36 (KHTML, like Gecko) Chrome/145.0.0.0 Safari/537.36"
115.244.222.166 - - [23/Feb/2026:10:45:20 +0000] "GET /wp-includes/js/jquery/jquery-migrate.min.js?ver=3.4.1 HTTP/1.1" 200 13577 "https://doccure-wp.dreamstechnologies.com/" "Mozilla/5.0 (Windows NT 10.0; Win64; x64) AppleWebKit/537.36 (KHTML, like Gecko) Chrome/145.0.0.0 Safari/537.36"
115.244.222.166 - - [23/Feb/2026:10:45:26 +0000] "GET /wp-content/uploads/2021/10/favicon.png HTTP/1.1" 200 489 "https://doccure-wp.dreamstechnologies.com/" "Mozilla/5.0 (Windows NT 10.0; Win64; x64) AppleWebKit/537.36 (KHTML, like Gecko) Chrome/145.0.0.0 Safari/537.36"
115.244.222.166 - - [23/Feb/2026:10:45:30 +0000] "GET /wp-content/uploads/2026/02/user-08-1.jpg HTTP/1.1" 404 17246 "https://doccure-wp.dreamstechnologies.com/" "Mozilla/5.0 (Windows NT 10.0; Win64; x64) AppleWebKit/537.36 (KHTML, like Gecko) Chrome/145.0.0.0 Safari/537.36"
115.244.222.166 - - [23/Feb/2026:10:45:31 +0000] "GET /wp-content/plugins/elementor/assets/js/shared-frontend-handlers.03caa53373b56d3bab67.bundle.min.js HTTP/1.1" 200 8481 "https://doccure-wp.dreamstechnologies.com/" "Mozilla/5.0 (Windows NT 10.0; Win64; x64) AppleWebKit/537.36 (KHTML, like Gecko) Chrome/145.0.0.0 Safari/537.36"
115.244.222.166 - - [23/Feb/2026:10:45:31 +0000] "GET /wp-content/plugins/elementor/assets/js/section-frontend-handlers.d85ab872da118940910d.bundle.min.js HTTP/1.1" 200 449 "https://doccure-wp.dreamstechnologies.com/" "Mozilla/5.0 (Windows NT 10.0; Win64; x64) AppleWebKit/537.36 (KHTML, like Gecko) Chrome/145.0.0.0 Safari/537.36"
115.244.222.166 - - [23/Feb/2026:10:45:31 +0000] "GET /wp-includes/js/wp-emoji-release.min.js?ver=6.9.1 HTTP/1.1" 200 22762 "https://doccure-wp.dreamstechnologies.com/" "Mozilla/5.0 (Windows NT 10.0; Win64; x64) AppleWebKit/537.36 (KHTML, like Gecko) Chrome/145.0.0.0 Safari/537.36"
115.244.222.166 - - [23/Feb/2026:10:45:31 +0000] "GET /wp-json/contact-form-7/v1/contact-forms/5785/feedback/schema HTTP/1.1" 200 343 "https://doccure-wp.dreamstechnologies.com/" "Mozilla/5.0 (Windows NT 10.0; Win64; x64) AppleWebKit/537.36 (KHTML, like Gecko) Chrome/145.0.0.0 Safari/537.36"
172.187.168.139 - - [23/Feb/2026:10:46:17 +0000] "POST /wp-cron.php?doing_wp_cron=1771843577.7230141162872314453125 HTTP/1.1" 200 31 "-" "WordPress/6.9.1; https://doccure-wp.dreamstechnologies.com"
35.173.69.86 - - [23/Feb/2026:10:46:17 +0000] "GET / HTTP/1.1" 200 29870 "-" "FreshpingBot/1.0 (+https://freshping.io/)"
111.118.241.170 - - [23/Feb/2026:10:46:20 +0000] "GET /wp-content/themes/doccure/assets/images/way-icon.svg HTTP/1.1" 200 3466 "https://darkslategrey-mole-966668.hostingersite.com/" "Mozilla/5.0 (X11; Linux x86_64) AppleWebKit/537.36 (KHTML, like Gecko) Chrome/142.0.0.0 Safari/537.36"
111.118.241.170 - - [23/Feb/2026:10:46:22 +0000] "GET /wp-content/uploads/2022/08/doctor-thumb-07.jpg HTTP/1.1" 404 17271 "https://darkslategrey-mole-966668.hostingersite.com/" "Mozilla/5.0 (X11; Linux x86_64) AppleWebKit/537.36 (KHTML, like Gecko) Chrome/142.0.0.0 Safari/537.36"
111.118.241.170 - - [23/Feb/2026:10:46:23 +0000] "GET /wp-content/uploads/2022/08/doctor-thumb-07.jpg HTTP/1.1" 404 17255 "-" "Mozilla/5.0 (X11; Linux x86_64) AppleWebKit/537.36 (KHTML, like Gecko) Chrome/142.0.0.0 Safari/537.36"
172.187.168.139 - - [23/Feb/2026:10:51:23 +0000] "POST /wp-cron.php?doing_wp_cron=1771843883.1197800636291503906250 HTTP/1.1" 200 31 "-" "WordPress/6.9.1; https://doccure-wp.dreamstechnologies.com"
50.17.185.102 - - [23/Feb/2026:10:51:23 +0000] "GET / HTTP/1.1" 200 29870 "-" "FreshpingBot/1.0 (+https://freshping.io/)"
52.167.144.211 - - [23/Feb/2026:10:52:43 +0000] "GET /wp-content/uploads/2022/04/phone-call.png HTTP/1.1" 200 2351 "-" "Mozilla/5.0 AppleWebKit/537.36 (KHTML, like Gecko; compatible; bingbot/2.0; +http://www.bing.com/bingbot.htm) Chrome/116.0.1938.76 Safari/537.36"
111.118.241.170 - - [23/Feb/2026:10:54:57 +0000] "GET /wp-content/uploads/2022/05/lab-image-1.jpg HTTP/1.1" 200 24256 "https://darkslategrey-mole-966668.hostingersite.com/" "Mozilla/5.0 (X11; Linux x86_64) AppleWebKit/537.36 (KHTML, like Gecko) Chrome/142.0.0.0 Safari/537.36"
111.118.241.170 - - [23/Feb/2026:10:54:57 +0000] "GET /wp-content/uploads/2022/05/img-pharmacylab.jpg HTTP/1.1" 200 21082 "https://darkslategrey-mole-966668.hostingersite.com/" "Mozilla/5.0 (X11; Linux x86_64) AppleWebKit/537.36 (KHTML, like Gecko) Chrome/142.0.0.0 Safari/537.36"
111.118.241.170 - - [23/Feb/2026:10:54:57 +0000] "GET /wp-content/uploads/2024/09/Urology-icon-3.svg HTTP/1.1" 200 5528 "https://darkslategrey-mole-966668.hostingersite.com/" "Mozilla/5.0 (X11; Linux x86_64) AppleWebKit/537.36 (KHTML, like Gecko) Chrome/142.0.0.0 Safari/537.36"
111.118.241.170 - - [23/Feb/2026:10:54:57 +0000] "GET /wp-content/uploads/2024/09/ultrasound-icon-3.svg HTTP/1.1" 200 2855 "https://darkslategrey-mole-966668.hostingersite.com/" "Mozilla/5.0 (X11; Linux x86_64) AppleWebKit/537.36 (KHTML, like Gecko) Chrome/142.0.0.0 Safari/537.36"
2c0f:fc88:8e:d265:1:1:e5a0:9c4e - - [23/Feb/2026:10:56:02 +0000] "GET /wp-content/uploads/2025/01/banner-icon-2-1.png HTTP/1.1" 304 0 "https://drmoustafaelnahasclinics.com/" "Mozilla/5.0 (Linux; Android 15; 24117RN76G Build/AP3A.240905.015.A2; wv) AppleWebKit/537.36 (KHTML, like Gecko) Version/4.0 Chrome/144.0.7559.132 Mobile Safari/537.36 [FB_IAB/FB4A;FBAV/548.1.0.51.64;IABMV/1;]"
2c0f:fc88:8e:d265:1:1:e5a0:9c4e - - [23/Feb/2026:10:56:02 +0000] "GET /wp-content/uploads/2025/01/banner-patient-3-1.jpg HTTP/1.1" 304 0 "https://drmoustafaelnahasclinics.com/" "Mozilla/5.0 (Linux; Android 15; 24117RN76G Build/AP3A.240905.015.A2; wv) AppleWebKit/537.36 (KHTML, like Gecko) Version/4.0 Chrome/144.0.7559.132 Mobile Safari/537.36 [FB_IAB/FB4A;FBAV/548.1.0.51.64;IABMV/1;]"
2c0f:fc88:8e:d265:1:1:e5a0:9c4e - - [23/Feb/2026:10:56:02 +0000] "GET /wp-content/uploads/2025/01/banner-patient-2-1.jpg HTTP/1.1" 304 0 "https://drmoustafaelnahasclinics.com/" "Mozilla/5.0 (Linux; Android 15; 24117RN76G Build/AP3A.240905.015.A2; wv) AppleWebKit/537.36 (KHTML, like Gecko) Version/4.0 Chrome/144.0.7559.132 Mobile Safari/537.36 [FB_IAB/FB4A;FBAV/548.1.0.51.64;IABMV/1;]"
2c0f:fc88:8e:d265:1:1:e5a0:9c4e - - [23/Feb/2026:10:56:02 +0000] "GET /wp-content/uploads/2025/01/banner-patient-1-1.jpg HTTP/1.1" 304 0 "https://drmoustafaelnahasclinics.com/" "Mozilla/5.0 (Linux; Android 15; 24117RN76G Build/AP3A.240905.015.A2; wv) AppleWebKit/537.36 (KHTML, like Gecko) Version/4.0 Chrome/144.0.7559.132 Mobile Safari/537.36 [FB_IAB/FB4A;FBAV/548.1.0.51.64;IABMV/1;]"
2c0f:fc88:8e:d265:1:1:e5a0:9c4e - - [23/Feb/2026:10:56:02 +0000] "GET /wp-content/uploads/2025/01/home-banner-bg-1.png HTTP/1.1" 304 0 "https://drmoustafaelnahasclinics.com/" "Mozilla/5.0 (Linux; Android 15; 24117RN76G Build/AP3A.240905.015.A2; wv) AppleWebKit/537.36 (KHTML, like Gecko) Version/4.0 Chrome/144.0.7559.132 Mobile Safari/537.36 [FB_IAB/FB4A;FBAV/548.1.0.51.64;IABMV/1;]"
2c0f:fc88:8e:d265:1:1:e5a0:9c4e - - [23/Feb/2026:10:56:02 +0000] "GET /wp-content/uploads/2025/01/banner-icon-1-1.png HTTP/1.1" 304 0 "https://drmoustafaelnahasclinics.com/" "Mozilla/5.0 (Linux; Android 15; 24117RN76G Build/AP3A.240905.015.A2; wv) AppleWebKit/537.36 (KHTML, like Gecko) Version/4.0 Chrome/144.0.7559.132 Mobile Safari/537.36 [FB_IAB/FB4A;FBAV/548.1.0.51.64;IABMV/1;]"
2c0f:fc88:8e:d265:1:1:e5a0:9c4e - - [23/Feb/2026:10:56:04 +0000] "GET /wp-content/uploads/2025/01/speciality-02-1.jpg HTTP/1.1" 304 0 "https://drmoustafaelnahasclinics.com/" "Mozilla/5.0 (Linux; Android 15; 24117RN76G Build/AP3A.240905.015.A2; wv) AppleWebKit/537.36 (KHTML, like Gecko) Version/4.0 Chrome/144.0.7559.132 Mobile Safari/537.36 [FB_IAB/FB4A;FBAV/548.1.0.51.64;IABMV/1;]"
2c0f:fc88:8e:d265:1:1:e5a0:9c4e - - [23/Feb/2026:10:56:04 +0000] "GET /wp-content/uploads/2025/01/speciality-04-1.jpg HTTP/1.1" 304 0 "https://drmoustafaelnahasclinics.com/" "Mozilla/5.0 (Linux; Android 15; 24117RN76G Build/AP3A.240905.015.A2; wv) AppleWebKit/537.36 (KHTML, like Gecko) Version/4.0 Chrome/144.0.7559.132 Mobile Safari/537.36 [FB_IAB/FB4A;FBAV/548.1.0.51.64;IABMV/1;]"
2c0f:fc88:8e:d265:1:1:e5a0:9c4e - - [23/Feb/2026:10:56:04 +0000] "GET /wp-content/uploads/2025/01/speciality-icon-04-1.svg HTTP/1.1" 304 0 "https://drmoustafaelnahasclinics.com/" "Mozilla/5.0 (Linux; Android 15; 24117RN76G Build/AP3A.240905.015.A2; wv) AppleWebKit/537.36 (KHTML, like Gecko) Version/4.0 Chrome/144.0.7559.132 Mobile Safari/537.36 [FB_IAB/FB4A;FBAV/548.1.0.51.64;IABMV/1;]"
2c0f:fc88:8e:d265:1:1:e5a0:9c4e - - [23/Feb/2026:10:56:04 +0000] "GET /wp-content/uploads/2025/01/company-03-1.svg HTTP/1.1" 304 0 "https://drmoustafaelnahasclinics.com/" "Mozilla/5.0 (Linux; Android 15; 24117RN76G Build/AP3A.240905.015.A2; wv) AppleWebKit/537.36 (KHTML, like Gecko) Version/4.0 Chrome/144.0.7559.132 Mobile Safari/537.36 [FB_IAB/FB4A;FBAV/548.1.0.51.64;IABMV/1;]"
2c0f:fc88:8e:d265:1:1:e5a0:9c4e - - [23/Feb/2026:10:56:04 +0000] "GET /wp-content/uploads/2025/01/banner-icon-5-1.svg HTTP/1.1" 304 0 "https://drmoustafaelnahasclinics.com/" "Mozilla/5.0 (Linux; Android 15; 24117RN76G Build/AP3A.240905.015.A2; wv) AppleWebKit/537.36 (KHTML, like Gecko) Version/4.0 Chrome/144.0.7559.132 Mobile Safari/537.36 [FB_IAB/FB4A;FBAV/548.1.0.51.64;IABMV/1;]"
2c0f:fc88:8e:d265:1:1:e5a0:9c4e - - [23/Feb/2026:10:56:04 +0000] "GET /wp-content/uploads/2025/01/company-01-1.svg HTTP/1.1" 304 0 "https://drmoustafaelnahasclinics.com/" "Mozilla/5.0 (Linux; Android 15; 24117RN76G Build/AP3A.240905.015.A2; wv) AppleWebKit/537.36 (KHTML, like Gecko) Version/4.0 Chrome/144.0.7559.132 Mobile Safari/537.36 [FB_IAB/FB4A;FBAV/548.1.0.51.64;IABMV/1;]"
2c0f:fc88:8e:d265:1:1:e5a0:9c4e - - [23/Feb/2026:10:56:04 +0000] "GET /wp-content/uploads/2025/01/speciality-05-1.jpg HTTP/1.1" 304 0 "https://drmoustafaelnahasclinics.com/" "Mozilla/5.0 (Linux; Android 15; 24117RN76G Build/AP3A.240905.015.A2; wv) AppleWebKit/537.36 (KHTML, like Gecko) Version/4.0 Chrome/144.0.7559.132 Mobile Safari/537.36 [FB_IAB/FB4A;FBAV/548.1.0.51.64;IABMV/1;]"
2c0f:fc88:8e:d265:1:1:e5a0:9c4e - - [23/Feb/2026:10:56:04 +0000] "GET /wp-content/uploads/2025/01/speciality-icon-01-1.svg HTTP/1.1" 304 0 "https://drmoustafaelnahasclinics.com/" "Mozilla/5.0 (Linux; Android 15; 24117RN76G Build/AP3A.240905.015.A2; wv) AppleWebKit/537.36 (KHTML, like Gecko) Version/4.0 Chrome/144.0.7559.132 Mobile Safari/537.36 [FB_IAB/FB4A;FBAV/548.1.0.51.64;IABMV/1;]"
2c0f:fc88:8e:d265:1:1:e5a0:9c4e - - [23/Feb/2026:10:56:04 +0000] "GET /wp-content/uploads/2025/01/speciality-icon-03-1.svg HTTP/1.1" 304 0 "https://drmoustafaelnahasclinics.com/" "Mozilla/5.0 (Linux; Android 15; 24117RN76G Build/AP3A.240905.015.A2; wv) AppleWebKit/537.36 (KHTML, like Gecko) Version/4.0 Chrome/144.0.7559.132 Mobile Safari/537.36 [FB_IAB/FB4A;FBAV/548.1.0.51.64;IABMV/1;]"
2c0f:fc88:8e:d265:1:1:e5a0:9c4e - - [23/Feb/2026:10:56:04 +0000] "GET /wp-content/uploads/2025/01/video-1.svg HTTP/1.1" 304 0 "https://drmoustafaelnahasclinics.com/" "Mozilla/5.0 (Linux; Android 15; 24117RN76G Build/AP3A.240905.015.A2; wv) AppleWebKit/537.36 (KHTML, like Gecko) Version/4.0 Chrome/144.0.7559.132 Mobile Safari/537.36 [FB_IAB/FB4A;FBAV/548.1.0.51.64;IABMV/1;]"
2c0f:fc88:8e:d265:1:1:e5a0:9c4e - - [23/Feb/2026:10:56:04 +0000] "GET /wp-content/uploads/2025/01/company-06-1.svg HTTP/1.1" 304 0 "https://drmoustafaelnahasclinics.com/" "Mozilla/5.0 (Linux; Android 15; 24117RN76G Build/AP3A.240905.015.A2; wv) AppleWebKit/537.36 (KHTML, like Gecko) Version/4.0 Chrome/144.0.7559.132 Mobile Safari/537.36 [FB_IAB/FB4A;FBAV/548.1.0.51.64;IABMV/1;]"
2c0f:fc88:8e:d265:1:1:e5a0:9c4e - - [23/Feb/2026:10:56:04 +0000] "GET /wp-content/uploads/2025/01/company-05-1.svg HTTP/1.1" 304 0 "https://drmoustafaelnahasclinics.com/" "Mozilla/5.0 (Linux; Android 15; 24117RN76G Build/AP3A.240905.015.A2; wv) AppleWebKit/537.36 (KHTML, like Gecko) Version/4.0 Chrome/144.0.7559.132 Mobile Safari/537.36 [FB_IAB/FB4A;FBAV/548.1.0.51.64;IABMV/1;]"
2c0f:fc88:8e:d265:1:1:e5a0:9c4e - - [23/Feb/2026:10:56:04 +0000] "GET /wp-content/uploads/2025/01/company-04-1.svg HTTP/1.1" 304 0 "https://drmoustafaelnahasclinics.com/" "Mozilla/5.0 (Linux; Android 15; 24117RN76G Build/AP3A.240905.015.A2; wv) AppleWebKit/537.36 (KHTML, like Gecko) Version/4.0 Chrome/144.0.7559.132 Mobile Safari/537.36 [FB_IAB/FB4A;FBAV/548.1.0.51.64;IABMV/1;]"
2c0f:fc88:8e:d265:1:1:e5a0:9c4e - - [23/Feb/2026:10:56:04 +0000] "GET /wp-content/uploads/2025/01/company-08-1.svg HTTP/1.1" 304 0 "https://drmoustafaelnahasclinics.com/" "Mozilla/5.0 (Linux; Android 15; 24117RN76G Build/AP3A.240905.015.A2; wv) AppleWebKit/537.36 (KHTML, like Gecko) Version/4.0 Chrome/144.0.7559.132 Mobile Safari/537.36 [FB_IAB/FB4A;FBAV/548.1.0.51.64;IABMV/1;]"
2c0f:fc88:8e:d265:1:1:e5a0:9c4e - - [23/Feb/2026:10:56:04 +0000] "GET /wp-content/uploads/2025/01/banner-icon-3-1.png HTTP/1.1" 304 0 "https://drmoustafaelnahasclinics.com/" "Mozilla/5.0 (Linux; Android 15; 24117RN76G Build/AP3A.240905.015.A2; wv) AppleWebKit/537.36 (KHTML, like Gecko) Version/4.0 Chrome/144.0.7559.132 Mobile Safari/537.36 [FB_IAB/FB4A;FBAV/548.1.0.51.64;IABMV/1;]"
2c0f:fc88:8e:d265:1:1:e5a0:9c4e - - [23/Feb/2026:10:56:04 +0000] "GET /wp-content/uploads/2025/01/speciality-03-1.jpg HTTP/1.1" 304 0 "https://drmoustafaelnahasclinics.com/" "Mozilla/5.0 (Linux; Android 15; 24117RN76G Build/AP3A.240905.015.A2; wv) AppleWebKit/537.36 (KHTML, like Gecko) Version/4.0 Chrome/144.0.7559.132 Mobile Safari/537.36 [FB_IAB/FB4A;FBAV/548.1.0.51.64;IABMV/1;]"
2c0f:fc88:8e:d265:1:1:e5a0:9c4e - - [23/Feb/2026:10:56:04 +0000] "GET /wp-content/uploads/2025/01/speciality-01-1.jpg HTTP/1.1" 304 0 "https://drmoustafaelnahasclinics.com/" "Mozilla/5.0 (Linux; Android 15; 24117RN76G Build/AP3A.240905.015.A2; wv) AppleWebKit/537.36 (KHTML, like Gecko) Version/4.0 Chrome/144.0.7559.132 Mobile Safari/537.36 [FB_IAB/FB4A;FBAV/548.1.0.51.64;IABMV/1;]"
2c0f:fc88:8e:d265:1:1:e5a0:9c4e - - [23/Feb/2026:10:56:04 +0000] "GET /wp-content/uploads/2025/01/banner-icon-4-1.png HTTP/1.1" 304 0 "https://drmoustafaelnahasclinics.com/" "Mozilla/5.0 (Linux; Android 15; 24117RN76G Build/AP3A.240905.015.A2; wv) AppleWebKit/537.36 (KHTML, like Gecko) Version/4.0 Chrome/144.0.7559.132 Mobile Safari/537.36 [FB_IAB/FB4A;FBAV/548.1.0.51.64;IABMV/1;]"
2c0f:fc88:8e:d265:1:1:e5a0:9c4e - - [23/Feb/2026:10:56:04 +0000] "GET /wp-content/uploads/2025/01/speciality-icon-05-1.svg HTTP/1.1" 304 0 "https://drmoustafaelnahasclinics.com/" "Mozilla/5.0 (Linux; Android 15; 24117RN76G Build/AP3A.240905.015.A2; wv) AppleWebKit/537.36 (KHTML, like Gecko) Version/4.0 Chrome/144.0.7559.132 Mobile Safari/537.36 [FB_IAB/FB4A;FBAV/548.1.0.51.64;IABMV/1;]"
2c0f:fc88:8e:d265:1:1:e5a0:9c4e - - [23/Feb/2026:10:56:04 +0000] "GET /wp-content/uploads/2025/01/company-02-1.svg HTTP/1.1" 304 0 "https://drmoustafaelnahasclinics.com/" "Mozilla/5.0 (Linux; Android 15; 24117RN76G Build/AP3A.240905.015.A2; wv) AppleWebKit/537.36 (KHTML, like Gecko) Version/4.0 Chrome/144.0.7559.132 Mobile Safari/537.36 [FB_IAB/FB4A;FBAV/548.1.0.51.64;IABMV/1;]"
2c0f:fc88:8e:d265:1:1:e5a0:9c4e - - [23/Feb/2026:10:56:04 +0000] "GET /wp-content/uploads/2025/01/company-07-1.svg HTTP/1.1" 304 0 "https://drmoustafaelnahasclinics.com/" "Mozilla/5.0 (Linux; Android 15; 24117RN76G Build/AP3A.240905.015.A2; wv) AppleWebKit/537.36 (KHTML, like Gecko) Version/4.0 Chrome/144.0.7559.132 Mobile Safari/537.36 [FB_IAB/FB4A;FBAV/548.1.0.51.64;IABMV/1;]"
2c0f:fc88:8e:d265:1:1:e5a0:9c4e - - [23/Feb/2026:10:56:04 +0000] "GET /wp-content/uploads/2025/01/speciality-icon-02-1.svg HTTP/1.1" 304 0 "https://drmoustafaelnahasclinics.com/" "Mozilla/5.0 (Linux; Android 15; 24117RN76G Build/AP3A.240905.015.A2; wv) AppleWebKit/537.36 (KHTML, like Gecko) Version/4.0 Chrome/144.0.7559.132 Mobile Safari/537.36 [FB_IAB/FB4A;FBAV/548.1.0.51.64;IABMV/1;]"
172.187.168.139 - - [23/Feb/2026:10:56:40 +0000] "POST /wp-cron.php?doing_wp_cron=1771844200.1217141151428222656250 HTTP/1.1" 200 31 "-" "WordPress/6.9.1; https://doccure-wp.dreamstechnologies.com"
52.42.49.200 - - [23/Feb/2026:10:56:40 +0000] "GET / HTTP/1.1" 200 29870 "-" "FreshpingBot/1.0 (+https://freshping.io/)"
172.187.168.139 - - [23/Feb/2026:11:00:35 +0000] "POST /wp-cron.php?doing_wp_cron=1771844434.9813408851623535156250 HTTP/1.1" 200 31 "-" "WordPress/6.9.1; https://doccure-wp.dreamstechnologies.com"
115.244.222.166 - - [23/Feb/2026:11:00:35 +0000] "GET / HTTP/1.1" 200 29870 "-" "Mozilla/5.0 (Windows NT 10.0; Win64; x64) AppleWebKit/537.36 (KHTML, like Gecko) Chrome/145.0.0.0 Safari/537.36"
115.244.222.166 - - [23/Feb/2026:11:00:38 +0000] "GET /wp-content/uploads/2026/02/user-08-1.jpg HTTP/1.1" 404 17249 "https://doccure-wp.dreamstechnologies.com/" "Mozilla/5.0 (Windows NT 10.0; Win64; x64) AppleWebKit/537.36 (KHTML, like Gecko) Chrome/145.0.0.0 Safari/537.36"
115.244.222.166 - - [23/Feb/2026:11:00:43 +0000] "GET /wp-content/uploads/2026/02/user-08-1.jpg HTTP/1.1" 404 17260 "https://doccure-wp.dreamstechnologies.com/" "Mozilla/5.0 (Windows NT 10.0; Win64; x64) AppleWebKit/537.36 (KHTML, like Gecko) Chrome/145.0.0.0 Safari/537.36"
115.244.222.166 - - [23/Feb/2026:11:00:44 +0000] "GET /wp-json/contact-form-7/v1/contact-forms/5785/feedback/schema HTTP/1.1" 200 343 "https://doccure-wp.dreamstechnologies.com/" "Mozilla/5.0 (Windows NT 10.0; Win64; x64) AppleWebKit/537.36 (KHTML, like Gecko) Chrome/145.0.0.0 Safari/537.36"
172.187.168.139 - - [23/Feb/2026:11:01:24 +0000] "POST /wp-cron.php?doing_wp_cron=1771844484.1749429702758789062500 HTTP/1.1" 200 31 "-" "WordPress/6.9.1; https://doccure-wp.dreamstechnologies.com"
35.173.69.86 - - [23/Feb/2026:11:01:24 +0000] "GET / HTTP/1.1" 200 29870 "-" "FreshpingBot/1.0 (+https://freshping.io/)"
115.244.222.166 - - [23/Feb/2026:11:01:29 +0000] "GET / HTTP/1.1" 200 29870 "https://www.google.com/" "Mozilla/5.0 (Windows NT 10.0; Win64; x64) AppleWebKit/537.36 (KHTML, like Gecko) Chrome/145.0.0.0 Safari/537.36"
122.186.150.42 - - [23/Feb/2026:11:01:31 +0000] "GET /home/ HTTP/1.1" 200 25012 "https://doccure-wp.dreamstechnologies.com/" "Mozilla/5.0 (Windows NT 10.0; Win64; x64) AppleWebKit/537.36 (KHTML, like Gecko) Chrome/145.0.0.0 Safari/537.36"
115.244.222.166 - - [23/Feb/2026:11:01:32 +0000] "GET /wp-content/uploads/2026/02/user-08-1.jpg HTTP/1.1" 404 17249 "https://doccure-wp.dreamstechnologies.com/" "Mozilla/5.0 (Windows NT 10.0; Win64; x64) AppleWebKit/537.36 (KHTML, like Gecko) Chrome/145.0.0.0 Safari/537.36"
122.186.150.42 - - [23/Feb/2026:11:01:32 +0000] "GET /wp-content/themes/doccure/assets/images/header-icon.svg HTTP/1.1" 200 551 "https://doccure-wp.dreamstechnologies.com/home/" "Mozilla/5.0 (Windows NT 10.0; Win64; x64) AppleWebKit/537.36 (KHTML, like Gecko) Chrome/145.0.0.0 Safari/537.36"
122.186.150.42 - - [23/Feb/2026:11:01:32 +0000] "GET /wp-content/uploads/2023/07/work-03.svg HTTP/1.1" 304 0 "https://doccure-wp.dreamstechnologies.com/home/" "Mozilla/5.0 (Windows NT 10.0; Win64; x64) AppleWebKit/537.36 (KHTML, like Gecko) Chrome/145.0.0.0 Safari/537.36"
122.186.150.42 - - [23/Feb/2026:11:01:32 +0000] "GET /wp-content/uploads/2023/07/banner-img.png HTTP/1.1" 304 0 "https://doccure-wp.dreamstechnologies.com/home/" "Mozilla/5.0 (Windows NT 10.0; Win64; x64) AppleWebKit/537.36 (KHTML, like Gecko) Chrome/145.0.0.0 Safari/537.36"
122.186.150.42 - - [23/Feb/2026:11:01:32 +0000] "GET /wp-content/themes/doccure/assets/images/down-arrow-img.png HTTP/1.1" 200 939 "https://doccure-wp.dreamstechnologies.com/home/" "Mozilla/5.0 (Windows NT 10.0; Win64; x64) AppleWebKit/537.36 (KHTML, like Gecko) Chrome/145.0.0.0 Safari/537.36"
122.186.150.42 - - [23/Feb/2026:11:01:32 +0000] "GET /wp-content/uploads/2023/07/banner-img1.png HTTP/1.1" 304 0 "https://doccure-wp.dreamstechnologies.com/home/" "Mozilla/5.0 (Windows NT 10.0; Win64; x64) AppleWebKit/537.36 (KHTML, like Gecko) Chrome/145.0.0.0 Safari/537.36"
122.186.150.42 - - [23/Feb/2026:11:01:32 +0000] "GET /wp-content/uploads/2023/07/banner-img3.png HTTP/1.1" 304 0 "https://doccure-wp.dreamstechnologies.com/home/" "Mozilla/5.0 (Windows NT 10.0; Win64; x64) AppleWebKit/537.36 (KHTML, like Gecko) Chrome/145.0.0.0 Safari/537.36"
122.186.150.42 - - [23/Feb/2026:11:01:32 +0000] "GET /wp-content/uploads/2023/07/banner-img2.png HTTP/1.1" 304 0 "https://doccure-wp.dreamstechnologies.com/home/" "Mozilla/5.0 (Windows NT 10.0; Win64; x64) AppleWebKit/537.36 (KHTML, like Gecko) Chrome/145.0.0.0 Safari/537.36"
122.186.150.42 - - [23/Feb/2026:11:01:32 +0000] "GET /wp-content/uploads/2024/06/partners-2.svg HTTP/1.1" 304 0 "https://doccure-wp.dreamstechnologies.com/home/" "Mozilla/5.0 (Windows NT 10.0; Win64; x64) AppleWebKit/537.36 (KHTML, like Gecko) Chrome/145.0.0.0 Safari/537.36"
122.186.150.42 - - [23/Feb/2026:11:01:32 +0000] "GET /wp-content/uploads/2024/06/partners-3.svg HTTP/1.1" 304 0 "https://doccure-wp.dreamstechnologies.com/home/" "Mozilla/5.0 (Windows NT 10.0; Win64; x64) AppleWebKit/537.36 (KHTML, like Gecko) Chrome/145.0.0.0 Safari/537.36"
122.186.150.42 - - [23/Feb/2026:11:01:32 +0000] "GET /wp-content/uploads/2024/06/partners-4.svg HTTP/1.1" 304 0 "https://doccure-wp.dreamstechnologies.com/home/" "Mozilla/5.0 (Windows NT 10.0; Win64; x64) AppleWebKit/537.36 (KHTML, like Gecko) Chrome/145.0.0.0 Safari/537.36"
122.186.150.42 - - [23/Feb/2026:11:01:32 +0000] "GET /wp-content/uploads/2023/07/work-02.svg HTTP/1.1" 304 0 "https://doccure-wp.dreamstechnologies.com/home/" "Mozilla/5.0 (Windows NT 10.0; Win64; x64) AppleWebKit/537.36 (KHTML, like Gecko) Chrome/145.0.0.0 Safari/537.36"
122.186.150.42 - - [23/Feb/2026:11:01:32 +0000] "GET /wp-content/uploads/2024/06/partners-6.svg HTTP/1.1" 304 0 "https://doccure-wp.dreamstechnologies.com/home/" "Mozilla/5.0 (Windows NT 10.0; Win64; x64) AppleWebKit/537.36 (KHTML, like Gecko) Chrome/145.0.0.0 Safari/537.36"
122.186.150.42 - - [23/Feb/2026:11:01:32 +0000] "GET /wp-content/uploads/2024/06/partners-5.svg HTTP/1.1" 304 0 "https://doccure-wp.dreamstechnologies.com/home/" "Mozilla/5.0 (Windows NT 10.0; Win64; x64) AppleWebKit/537.36 (KHTML, like Gecko) Chrome/145.0.0.0 Safari/537.36"
122.186.150.42 - - [23/Feb/2026:11:01:32 +0000] "GET /wp-content/uploads/2023/07/smiling-icon.svg HTTP/1.1" 304 0 "https://doccure-wp.dreamstechnologies.com/home/" "Mozilla/5.0 (Windows NT 10.0; Win64; x64) AppleWebKit/537.36 (KHTML, like Gecko) Chrome/145.0.0.0 Safari/537.36"
122.186.150.42 - - [23/Feb/2026:11:01:32 +0000] "GET /wp-content/themes/doccure/assets/images/doctor-shape-img1.png HTTP/1.1" 200 2780 "https://doccure-wp.dreamstechnologies.com/wp-content/themes/doccure/assets/css/theme.css?ver=1.4.0" "Mozilla/5.0 (Windows NT 10.0; Win64; x64) AppleWebKit/537.36 (KHTML, like Gecko) Chrome/145.0.0.0 Safari/537.36"
122.186.150.42 - - [23/Feb/2026:11:01:32 +0000] "GET /wp-content/themes/doccure/assets/images/doctor-shape-img2.png HTTP/1.1" 200 2751 "https://doccure-wp.dreamstechnologies.com/wp-content/themes/doccure/assets/css/theme.css?ver=1.4.0" "Mozilla/5.0 (Windows NT 10.0; Win64; x64) AppleWebKit/537.36 (KHTML, like Gecko) Chrome/145.0.0.0 Safari/537.36"
122.186.150.42 - - [23/Feb/2026:11:01:33 +0000] "GET /wp-content/themes/doccure/assets/css/fonts/Feather.ttf?sdxovp HTTP/1.1" 200 65112 "https://doccure-wp.dreamstechnologies.com/wp-content/themes/doccure/assets/css/feather.css?ver=1.0.0" "Mozilla/5.0 (Windows NT 10.0; Win64; x64) AppleWebKit/537.36 (KHTML, like Gecko) Chrome/145.0.0.0 Safari/537.36"
122.186.150.42 - - [23/Feb/2026:11:01:34 +0000] "GET /wp-content/uploads/2026/02/user-08-1.jpg HTTP/1.1" 404 17247 "https://doccure-wp.dreamstechnologies.com/home/" "Mozilla/5.0 (Windows NT 10.0; Win64; x64) AppleWebKit/537.36 (KHTML, like Gecko) Chrome/145.0.0.0 Safari/537.36"
115.244.222.166 - - [23/Feb/2026:11:01:34 +0000] "GET /wp-json/contact-form-7/v1/contact-forms/5785/feedback/schema HTTP/1.1" 200 343 "https://doccure-wp.dreamstechnologies.com/" "Mozilla/5.0 (Windows NT 10.0; Win64; x64) AppleWebKit/537.36 (KHTML, like Gecko) Chrome/145.0.0.0 Safari/537.36"
115.244.222.166 - - [23/Feb/2026:11:01:34 +0000] "GET /wp-content/uploads/2026/02/user-08-1.jpg HTTP/1.1" 404 17259 "https://doccure-wp.dreamstechnologies.com/" "Mozilla/5.0 (Windows NT 10.0; Win64; x64) AppleWebKit/537.36 (KHTML, like Gecko) Chrome/145.0.0.0 Safari/537.36"
122.186.150.42 - - [23/Feb/2026:11:01:37 +0000] "GET /wp-content/uploads/2026/02/user-08-1.jpg HTTP/1.1" 404 17249 "https://doccure-wp.dreamstechnologies.com/home/" "Mozilla/5.0 (Windows NT 10.0; Win64; x64) AppleWebKit/537.36 (KHTML, like Gecko) Chrome/145.0.0.0 Safari/537.36"
122.186.150.42 - - [23/Feb/2026:11:01:37 +0000] "GET /wp-json/contact-form-7/v1/contact-forms/5785/feedback/schema HTTP/1.1" 200 343 "https://doccure-wp.dreamstechnologies.com/home/" "Mozilla/5.0 (Windows NT 10.0; Win64; x64) AppleWebKit/537.36 (KHTML, like Gecko) Chrome/145.0.0.0 Safari/537.36"
122.186.150.42 - - [23/Feb/2026:11:01:40 +0000] "GET /register HTTP/1.1" 200 19036 "https://doccure-wp.dreamstechnologies.com/home/" "Mozilla/5.0 (Windows NT 10.0; Win64; x64) AppleWebKit/537.36 (KHTML, like Gecko) Chrome/145.0.0.0 Safari/537.36"
172.187.168.139 - - [23/Feb/2026:11:01:42 +0000] "POST /wp-cron.php?doing_wp_cron=1771844502.6743540763854980468750 HTTP/1.1" 200 31 "-" "WordPress/6.9.1; https://doccure-wp.dreamstechnologies.com"
122.186.150.42 - - [23/Feb/2026:11:01:42 +0000] "GET /login HTTP/1.1" 200 18578 "https://doccure-wp.dreamstechnologies.com/home/" "Mozilla/5.0 (Windows NT 10.0; Win64; x64) AppleWebKit/537.36 (KHTML, like Gecko) Chrome/145.0.0.0 Safari/537.36"
115.244.222.166 - - [23/Feb/2026:11:01:43 +0000] "GET /login HTTP/1.1" 200 18578 "https://doccure-wp.dreamstechnologies.com/" "Mozilla/5.0 (Windows NT 10.0; Win64; x64) AppleWebKit/537.36 (KHTML, like Gecko) Chrome/145.0.0.0 Safari/537.36"
122.186.150.42 - - [23/Feb/2026:11:01:43 +0000] "GET /wp-content/themes/doccure/assets/images/login-banner.png HTTP/1.1" 200 62455 "https://doccure-wp.dreamstechnologies.com/login" "Mozilla/5.0 (Windows NT 10.0; Win64; x64) AppleWebKit/537.36 (KHTML, like Gecko) Chrome/145.0.0.0 Safari/537.36"
115.244.222.166 - - [23/Feb/2026:11:01:45 +0000] "GET /wp-json/contact-form-7/v1/contact-forms/5785/feedback/schema HTTP/1.1" 200 343 "https://doccure-wp.dreamstechnologies.com/login" "Mozilla/5.0 (Windows NT 10.0; Win64; x64) AppleWebKit/537.36 (KHTML, like Gecko) Chrome/145.0.0.0 Safari/537.36"
122.186.150.42 - - [23/Feb/2026:11:01:45 +0000] "GET /wp-json/contact-form-7/v1/contact-forms/5785/feedback/schema HTTP/1.1" 200 343 "https://doccure-wp.dreamstechnologies.com/login" "Mozilla/5.0 (Windows NT 10.0; Win64; x64) AppleWebKit/537.36 (KHTML, like Gecko) Chrome/145.0.0.0 Safari/537.36"
115.244.222.166 - - [23/Feb/2026:11:01:47 +0000] "POST /wp-admin/admin-ajax.php HTTP/1.1" 200 102 "https://doccure-wp.dreamstechnologies.com/login" "Mozilla/5.0 (Windows NT 10.0; Win64; x64) AppleWebKit/537.36 (KHTML, like Gecko) Chrome/145.0.0.0 Safari/537.36"
122.186.150.42 - - [23/Feb/2026:11:01:50 +0000] "GET /login HTTP/1.1" 200 18578 "https://doccure-wp.dreamstechnologies.com/login" "Mozilla/5.0 (Windows NT 10.0; Win64; x64) AppleWebKit/537.36 (KHTML, like Gecko) Chrome/145.0.0.0 Safari/537.36"
122.186.150.42 - - [23/Feb/2026:11:01:53 +0000] "GET /wp-json/contact-form-7/v1/contact-forms/5785/feedback/schema HTTP/1.1" 200 343 "https://doccure-wp.dreamstechnologies.com/login" "Mozilla/5.0 (Windows NT 10.0; Win64; x64) AppleWebKit/537.36 (KHTML, like Gecko) Chrome/145.0.0.0 Safari/537.36"
115.244.222.166 - - [23/Feb/2026:11:02:04 +0000] "GET /login HTTP/1.1" 200 18578 "https://doccure-wp.dreamstechnologies.com/login" "Mozilla/5.0 (Windows NT 10.0; Win64; x64) AppleWebKit/537.36 (KHTML, like Gecko) Chrome/145.0.0.0 Safari/537.36"
115.244.222.166 - - [23/Feb/2026:11:02:06 +0000] "GET /wp-json/contact-form-7/v1/contact-forms/5785/feedback/schema HTTP/1.1" 200 343 "https://doccure-wp.dreamstechnologies.com/login" "Mozilla/5.0 (Windows NT 10.0; Win64; x64) AppleWebKit/537.36 (KHTML, like Gecko) Chrome/145.0.0.0 Safari/537.36"
115.244.222.166 - - [23/Feb/2026:11:02:07 +0000] "GET / HTTP/1.1" 200 29870 "https://doccure-wp.dreamstechnologies.com/login" "Mozilla/5.0 (Windows NT 10.0; Win64; x64) AppleWebKit/537.36 (KHTML, like Gecko) Chrome/145.0.0.0 Safari/537.36"
115.244.222.166 - - [23/Feb/2026:11:02:09 +0000] "GET /wp-content/uploads/2026/02/user-08-1.jpg HTTP/1.1" 404 17250 "https://doccure-wp.dreamstechnologies.com/" "Mozilla/5.0 (Windows NT 10.0; Win64; x64) AppleWebKit/537.36 (KHTML, like Gecko) Chrome/145.0.0.0 Safari/537.36"
122.186.150.42 - - [23/Feb/2026:11:02:10 +0000] "GET /home/ HTTP/1.1" 200 25012 "https://doccure-wp.dreamstechnologies.com/login" "Mozilla/5.0 (Windows NT 10.0; Win64; x64) AppleWebKit/537.36 (KHTML, like Gecko) Chrome/145.0.0.0 Safari/537.36"
115.244.222.166 - - [23/Feb/2026:11:02:12 +0000] "GET /wp-content/uploads/2026/02/user-08-1.jpg HTTP/1.1" 404 17248 "https://doccure-wp.dreamstechnologies.com/" "Mozilla/5.0 (Windows NT 10.0; Win64; x64) AppleWebKit/537.36 (KHTML, like Gecko) Chrome/145.0.0.0 Safari/537.36"
122.186.150.42 - - [23/Feb/2026:11:02:12 +0000] "GET /wp-content/uploads/2026/02/user-08-1.jpg HTTP/1.1" 404 17247 "https://doccure-wp.dreamstechnologies.com/home/" "Mozilla/5.0 (Windows NT 10.0; Win64; x64) AppleWebKit/537.36 (KHTML, like Gecko) Chrome/145.0.0.0 Safari/537.36"
115.244.222.166 - - [23/Feb/2026:11:02:12 +0000] "GET /wp-json/contact-form-7/v1/contact-forms/5785/feedback/schema HTTP/1.1" 200 343 "https://doccure-wp.dreamstechnologies.com/" "Mozilla/5.0 (Windows NT 10.0; Win64; x64) AppleWebKit/537.36 (KHTML, like Gecko) Chrome/145.0.0.0 Safari/537.36"
172.187.168.139 - - [23/Feb/2026:11:02:15 +0000] "POST /wp-cron.php?doing_wp_cron=1771844535.3023519515991210937500 HTTP/1.1" 200 31 "-" "WordPress/6.9.1; https://doccure-wp.dreamstechnologies.com"
122.186.150.42 - - [23/Feb/2026:11:02:15 +0000] "GET /wp-content/uploads/2026/02/user-08-1.jpg HTTP/1.1" 404 17248 "https://doccure-wp.dreamstechnologies.com/home/" "Mozilla/5.0 (Windows NT 10.0; Win64; x64) AppleWebKit/537.36 (KHTML, like Gecko) Chrome/145.0.0.0 Safari/537.36"
122.186.150.42 - - [23/Feb/2026:11:02:16 +0000] "GET /wp-json/contact-form-7/v1/contact-forms/5785/feedback/schema HTTP/1.1" 200 343 "https://doccure-wp.dreamstechnologies.com/home/" "Mozilla/5.0 (Windows NT 10.0; Win64; x64) AppleWebKit/537.36 (KHTML, like Gecko) Chrome/145.0.0.0 Safari/537.36"
122.186.150.42 - - [23/Feb/2026:11:02:34 +0000] "GET /login HTTP/1.1" 200 18578 "https://doccure-wp.dreamstechnologies.com/home/" "Mozilla/5.0 (Windows NT 10.0; Win64; x64) AppleWebKit/537.36 (KHTML, like Gecko) Chrome/145.0.0.0 Safari/537.36"
122.186.150.42 - - [23/Feb/2026:11:02:37 +0000] "GET /wp-json/contact-form-7/v1/contact-forms/5785/feedback/schema HTTP/1.1" 200 343 "https://doccure-wp.dreamstechnologies.com/login" "Mozilla/5.0 (Windows NT 10.0; Win64; x64) AppleWebKit/537.36 (KHTML, like Gecko) Chrome/145.0.0.0 Safari/537.36"
122.186.150.42 - - [23/Feb/2026:11:02:58 +0000] "GET /login HTTP/1.1" 200 18578 "https://doccure-wp.dreamstechnologies.com/login" "Mozilla/5.0 (Windows NT 10.0; Win64; x64) AppleWebKit/537.36 (KHTML, like Gecko) Chrome/145.0.0.0 Safari/537.36"
122.186.150.42 - - [23/Feb/2026:11:03:01 +0000] "GET /wp-json/contact-form-7/v1/contact-forms/5785/feedback/schema HTTP/1.1" 200 343 "https://doccure-wp.dreamstechnologies.com/login" "Mozilla/5.0 (Windows NT 10.0; Win64; x64) AppleWebKit/537.36 (KHTML, like Gecko) Chrome/145.0.0.0 Safari/537.36"
122.186.150.42 - - [23/Feb/2026:11:03:04 +0000] "GET / HTTP/1.1" 200 29870 "https://doccure-wp.dreamstechnologies.com/login" "Mozilla/5.0 (Windows NT 10.0; Win64; x64) AppleWebKit/537.36 (KHTML, like Gecko) Chrome/145.0.0.0 Safari/537.36"
122.186.150.42 - - [23/Feb/2026:11:03:06 +0000] "GET /wp-content/uploads/2026/02/user-08-1.jpg HTTP/1.1" 404 17270 "https://doccure-wp.dreamstechnologies.com/" "Mozilla/5.0 (Windows NT 10.0; Win64; x64) AppleWebKit/537.36 (KHTML, like Gecko) Chrome/145.0.0.0 Safari/537.36"
122.186.150.42 - - [23/Feb/2026:11:03:10 +0000] "GET /wp-content/uploads/2026/02/user-08-1.jpg HTTP/1.1" 404 17246 "https://doccure-wp.dreamstechnologies.com/" "Mozilla/5.0 (Windows NT 10.0; Win64; x64) AppleWebKit/537.36 (KHTML, like Gecko) Chrome/145.0.0.0 Safari/537.36"
122.186.150.42 - - [23/Feb/2026:11:03:10 +0000] "GET /wp-json/contact-form-7/v1/contact-forms/5785/feedback/schema HTTP/1.1" 200 343 "https://doccure-wp.dreamstechnologies.com/" "Mozilla/5.0 (Windows NT 10.0; Win64; x64) AppleWebKit/537.36 (KHTML, like Gecko) Chrome/145.0.0.0 Safari/537.36"
172.187.168.139 - - [23/Feb/2026:11:04:34 +0000] "POST /wp-cron.php?doing_wp_cron=1771844674.5578060150146484375000 HTTP/1.1" 200 31 "-" "WordPress/6.9.1; https://doccure-wp.dreamstechnologies.com"
49.51.132.100 - - [23/Feb/2026:11:04:34 +0000] "GET /?post_type=services&p=4695 HTTP/1.1" 200 23152 "-" "Mozilla/5.0 (compatible; Thinkbot/0.5.8; +In_the_test_phase,_if_the_Thinkbot_brings_you_trouble,_please_block_its_IP_address._Thank_you.)"
172.187.168.139 - - [23/Feb/2026:11:06:10 +0000] "POST /wp-cron.php?doing_wp_cron=1771844770.1790969371795654296875 HTTP/1.1" 200 31 "-" "WordPress/6.9.1; https://doccure-wp.dreamstechnologies.com"
43.130.154.56 - - [23/Feb/2026:11:06:10 +0000] "GET /?post_type=services&p=4698 HTTP/1.1" 200 23244 "-" "Mozilla/5.0 (compatible; Thinkbot/0.5.8; +In_the_test_phase,_if_the_Thinkbot_brings_you_trouble,_please_block_its_IP_address._Thank_you.)"
172.187.168.139 - - [23/Feb/2026:11:06:23 +0000] "POST /wp-cron.php?doing_wp_cron=1771844783.0079839229583740234375 HTTP/1.1" 200 31 "-" "WordPress/6.9.1; https://doccure-wp.dreamstechnologies.com"
35.173.69.86 - - [23/Feb/2026:11:06:23 +0000] "GET / HTTP/1.1" 200 29870 "-" "FreshpingBot/1.0 (+https://freshping.io/)"
66.249.70.139 - - [23/Feb/2026:11:06:44 +0000] "GET /robots.txt HTTP/1.1" 200 427 "-" "Mozilla/5.0 (compatible; Googlebot/2.1; +http://www.google.com/bot.html)"
66.249.70.139 - - [23/Feb/2026:11:06:46 +0000] "GET /doctors/matthew-lewis/ HTTP/1.1" 200 24123 "-" "Mozilla/5.0 (Linux; Android 6.0.1; Nexus 5X Build/MMB29P) AppleWebKit/537.36 (KHTML, like Gecko) Chrome/144.0.7559.132 Mobile Safari/537.36 (compatible; Googlebot/2.1; +http://www.google.com/bot.html)"
172.187.168.139 - - [23/Feb/2026:11:08:30 +0000] "POST /wp-cron.php?doing_wp_cron=1771844910.6982049942016601562500 HTTP/1.1" 200 31 "-" "WordPress/6.9.1; https://doccure-wp.dreamstechnologies.com"
101.32.49.171 - - [23/Feb/2026:11:08:30 +0000] "GET /?post_type=services&p=4696 HTTP/1.1" 200 23141 "-" "Mozilla/5.0 (compatible; Thinkbot/0.5.8; +In_the_test_phase,_if_the_Thinkbot_brings_you_trouble,_please_block_its_IP_address._Thank_you.)"
94.203.205.137 - - [23/Feb/2026:11:10:06 +0000] "GET /wp-content/uploads/2025/01/banner-user1-1.jpg HTTP/1.1" 304 0 "https://www.citicare.ae/" "Mozilla/5.0 (Linux; Android 15; 22071212AG Build/AP3A.240905.015.A2; wv) AppleWebKit/537.36 (KHTML, like Gecko) Version/4.0 Chrome/145.0.7632.103 Mobile Safari/537.36 Instagram 417.0.0.54.77 Android (35/15; 480dpi; 1220x2712; Xiaomi; 22071212AG; plato; mt6895; en_US; 884780529; IABMV/1) NV/5"
94.203.205.137 - - [23/Feb/2026:11:10:06 +0000] "GET /wp-content/uploads/2025/01/banner-user2-1.jpg HTTP/1.1" 304 0 "https://www.citicare.ae/" "Mozilla/5.0 (Linux; Android 15; 22071212AG Build/AP3A.240905.015.A2; wv) AppleWebKit/537.36 (KHTML, like Gecko) Version/4.0 Chrome/145.0.7632.103 Mobile Safari/537.36 Instagram 417.0.0.54.77 Android (35/15; 480dpi; 1220x2712; Xiaomi; 22071212AG; plato; mt6895; en_US; 884780529; IABMV/1) NV/5"
94.203.205.137 - - [23/Feb/2026:11:10:08 +0000] "GET /wp-content/uploads/2025/01/banner-user3-1.jpg HTTP/1.1" 304 0 "https://www.citicare.ae/" "Mozilla/5.0 (Linux; Android 15; 22071212AG Build/AP3A.240905.015.A2; wv) AppleWebKit/537.36 (KHTML, like Gecko) Version/4.0 Chrome/145.0.7632.103 Mobile Safari/537.36 Instagram 417.0.0.54.77 Android (35/15; 480dpi; 1220x2712; Xiaomi; 22071212AG; plato; mt6895; en_US; 884780529; IABMV/1) NV/5"
94.203.205.137 - - [23/Feb/2026:11:10:08 +0000] "GET /wp-content/uploads/2025/01/video-1.svg HTTP/1.1" 304 0 "https://www.citicare.ae/" "Mozilla/5.0 (Linux; Android 15; 22071212AG Build/AP3A.240905.015.A2; wv) AppleWebKit/537.36 (KHTML, like Gecko) Version/4.0 Chrome/145.0.7632.103 Mobile Safari/537.36 Instagram 417.0.0.54.77 Android (35/15; 480dpi; 1220x2712; Xiaomi; 22071212AG; plato; mt6895; en_US; 884780529; IABMV/1) NV/5"
94.203.205.137 - - [23/Feb/2026:11:10:08 +0000] "GET /wp-content/uploads/2025/01/banner-doctor-1.svg HTTP/1.1" 304 0 "https://www.citicare.ae/" "Mozilla/5.0 (Linux; Android 15; 22071212AG Build/AP3A.240905.015.A2; wv) AppleWebKit/537.36 (KHTML, like Gecko) Version/4.0 Chrome/145.0.7632.103 Mobile Safari/537.36 Instagram 417.0.0.54.77 Android (35/15; 480dpi; 1220x2712; Xiaomi; 22071212AG; plato; mt6895; en_US; 884780529; IABMV/1) NV/5"
94.203.205.137 - - [23/Feb/2026:11:10:08 +0000] "GET /wp-content/uploads/2025/01/banner-patient-1-1.jpg HTTP/1.1" 304 0 "https://www.citicare.ae/" "Mozilla/5.0 (Linux; Android 15; 22071212AG Build/AP3A.240905.015.A2; wv) AppleWebKit/537.36 (KHTML, like Gecko) Version/4.0 Chrome/145.0.7632.103 Mobile Safari/537.36 Instagram 417.0.0.54.77 Android (35/15; 480dpi; 1220x2712; Xiaomi; 22071212AG; plato; mt6895; en_US; 884780529; IABMV/1) NV/5"
94.203.205.137 - - [23/Feb/2026:11:10:08 +0000] "GET /wp-content/uploads/2025/01/banner-patient-2-1.jpg HTTP/1.1" 304 0 "https://www.citicare.ae/" "Mozilla/5.0 (Linux; Android 15; 22071212AG Build/AP3A.240905.015.A2; wv) AppleWebKit/537.36 (KHTML, like Gecko) Version/4.0 Chrome/145.0.7632.103 Mobile Safari/537.36 Instagram 417.0.0.54.77 Android (35/15; 480dpi; 1220x2712; Xiaomi; 22071212AG; plato; mt6895; en_US; 884780529; IABMV/1) NV/5"
94.203.205.137 - - [23/Feb/2026:11:10:08 +0000] "GET /wp-content/uploads/2025/01/banner-patient-3-1.jpg HTTP/1.1" 304 0 "https://www.citicare.ae/" "Mozilla/5.0 (Linux; Android 15; 22071212AG Build/AP3A.240905.015.A2; wv) AppleWebKit/537.36 (KHTML, like Gecko) Version/4.0 Chrome/145.0.7632.103 Mobile Safari/537.36 Instagram 417.0.0.54.77 Android (35/15; 480dpi; 1220x2712; Xiaomi; 22071212AG; plato; mt6895; en_US; 884780529; IABMV/1) NV/5"
94.203.205.137 - - [23/Feb/2026:11:10:09 +0000] "GET /wp-content/uploads/2025/01/banner-icon-1-1.png HTTP/1.1" 304 0 "https://www.citicare.ae/" "Mozilla/5.0 (Linux; Android 15; 22071212AG Build/AP3A.240905.015.A2; wv) AppleWebKit/537.36 (KHTML, like Gecko) Version/4.0 Chrome/145.0.7632.103 Mobile Safari/537.36 Instagram 417.0.0.54.77 Android (35/15; 480dpi; 1220x2712; Xiaomi; 22071212AG; plato; mt6895; en_US; 884780529; IABMV/1) NV/5"
94.203.205.137 - - [23/Feb/2026:11:10:09 +0000] "GET /wp-content/uploads/2025/01/banner-icon-2-1.png HTTP/1.1" 304 0 "https://www.citicare.ae/" "Mozilla/5.0 (Linux; Android 15; 22071212AG Build/AP3A.240905.015.A2; wv) AppleWebKit/537.36 (KHTML, like Gecko) Version/4.0 Chrome/145.0.7632.103 Mobile Safari/537.36 Instagram 417.0.0.54.77 Android (35/15; 480dpi; 1220x2712; Xiaomi; 22071212AG; plato; mt6895; en_US; 884780529; IABMV/1) NV/5"
94.203.205.137 - - [23/Feb/2026:11:10:09 +0000] "GET /wp-content/uploads/2025/01/banner-icon-3-1.png HTTP/1.1" 304 0 "https://www.citicare.ae/" "Mozilla/5.0 (Linux; Android 15; 22071212AG Build/AP3A.240905.015.A2; wv) AppleWebKit/537.36 (KHTML, like Gecko) Version/4.0 Chrome/145.0.7632.103 Mobile Safari/537.36 Instagram 417.0.0.54.77 Android (35/15; 480dpi; 1220x2712; Xiaomi; 22071212AG; plato; mt6895; en_US; 884780529; IABMV/1) NV/5"
94.203.205.137 - - [23/Feb/2026:11:10:09 +0000] "GET /wp-content/uploads/2025/01/banner-icon-5-1.svg HTTP/1.1" 304 0 "https://www.citicare.ae/" "Mozilla/5.0 (Linux; Android 15; 22071212AG Build/AP3A.240905.015.A2; wv) AppleWebKit/537.36 (KHTML, like Gecko) Version/4.0 Chrome/145.0.7632.103 Mobile Safari/537.36 Instagram 417.0.0.54.77 Android (35/15; 480dpi; 1220x2712; Xiaomi; 22071212AG; plato; mt6895; en_US; 884780529; IABMV/1) NV/5"
94.203.205.137 - - [23/Feb/2026:11:10:09 +0000] "GET /wp-content/uploads/2025/01/banner-icon-4-1.png HTTP/1.1" 304 0 "https://www.citicare.ae/" "Mozilla/5.0 (Linux; Android 15; 22071212AG Build/AP3A.240905.015.A2; wv) AppleWebKit/537.36 (KHTML, like Gecko) Version/4.0 Chrome/145.0.7632.103 Mobile Safari/537.36 Instagram 417.0.0.54.77 Android (35/15; 480dpi; 1220x2712; Xiaomi; 22071212AG; plato; mt6895; en_US; 884780529; IABMV/1) NV/5"
66.249.70.140 - - [23/Feb/2026:11:10:18 +0000] "GET /wp-content/uploads/2024/06/partners-1.svg HTTP/1.1" 200 6343 "https://cancertreatments.in/" "Mozilla/5.0 (Linux; Android 6.0.1; Nexus 5X Build/MMB29P) AppleWebKit/537.36 (KHTML, like Gecko) Chrome/144.0.7559.132 Mobile Safari/537.36 (compatible; Googlebot/2.1; +http://www.google.com/bot.html)"
66.249.70.140 - - [23/Feb/2026:11:10:19 +0000] "GET /wp-content/uploads/2024/06/partners-4.svg HTTP/1.1" 200 11400 "https://cancertreatments.in/" "Mozilla/5.0 (Linux; Android 6.0.1; Nexus 5X Build/MMB29P) AppleWebKit/537.36 (KHTML, like Gecko) Chrome/144.0.7559.132 Mobile Safari/537.36 (compatible; Googlebot/2.1; +http://www.google.com/bot.html)"
2001:16a2:3e26:f000:4e0:eda9:ba21:e8cc - - [23/Feb/2026:11:10:57 +0000] "GET /wp-content/uploads/2024/09/cardiology-icon-3.svg HTTP/1.1" 200 6203 "https://teledoc.com.sa/" "Mozilla/5.0 (Windows NT 10.0; Win64; x64) AppleWebKit/537.36 (KHTML, like Gecko) Chrome/144.0.0.0 Safari/537.36"
172.187.168.139 - - [23/Feb/2026:11:11:32 +0000] "POST /wp-cron.php?doing_wp_cron=1771845092.7283549308776855468750 HTTP/1.1" 200 31 "-" "WordPress/6.9.1; https://doccure-wp.dreamstechnologies.com"
35.173.69.86 - - [23/Feb/2026:11:11:32 +0000] "GET / HTTP/1.1" 200 29870 "-" "FreshpingBot/1.0 (+https://freshping.io/)"
