47.128.124.125 - - [23/Feb/2026:00:49:11 +0000] "GET /wp-json/contact-form-7/v1/contact-forms/5785/feedback/schema HTTP/1.1" 200 343 "https://doccure-wp.dreamstechnologies.com/" "Mozilla/5.0 (Linux; Android 5.0) AppleWebKit/537.36 (KHTML, like Gecko) Mobile Safari/537.36 (compatible; Bytespider; [email protected])"
172.187.168.139 - - [23/Feb/2026:00:51:13 +0000] "POST /wp-cron.php?doing_wp_cron=1771807873.6858770847320556640625 HTTP/1.1" 200 31 "-" "WordPress/6.9.1; https://doccure-wp.dreamstechnologies.com"
35.173.69.86 - - [23/Feb/2026:00:51:13 +0000] "GET / HTTP/1.1" 200 29869 "-" "FreshpingBot/1.0 (+https://freshping.io/)"
92.97.166.95 - - [23/Feb/2026:00:52:01 +0000] "GET /wp-content/uploads/2025/01/banner-user2-1.jpg HTTP/1.1" 304 0 "https://www.citicare.ae/" "Mozilla/5.0 (Linux; Android 13; 2201117TG Build/TKQ1.221114.001; wv) AppleWebKit/537.36 (KHTML, like Gecko) Version/4.0 Chrome/145.0.7632.52 Mobile Safari/537.36 [FB_IAB/FB4A;FBAV/548.1.0.51.64;IABMV/1;] FBNV/500"
92.97.166.95 - - [23/Feb/2026:00:52:01 +0000] "GET /wp-content/uploads/2025/01/banner-user1-1.jpg HTTP/1.1" 304 0 "https://www.citicare.ae/" "Mozilla/5.0 (Linux; Android 13; 2201117TG Build/TKQ1.221114.001; wv) AppleWebKit/537.36 (KHTML, like Gecko) Version/4.0 Chrome/145.0.7632.52 Mobile Safari/537.36 [FB_IAB/FB4A;FBAV/548.1.0.51.64;IABMV/1;] FBNV/500"
92.97.166.95 - - [23/Feb/2026:00:52:02 +0000] "GET /wp-content/uploads/2025/01/banner-user3-1.jpg HTTP/1.1" 304 0 "https://www.citicare.ae/" "Mozilla/5.0 (Linux; Android 13; 2201117TG Build/TKQ1.221114.001; wv) AppleWebKit/537.36 (KHTML, like Gecko) Version/4.0 Chrome/145.0.7632.52 Mobile Safari/537.36 [FB_IAB/FB4A;FBAV/548.1.0.51.64;IABMV/1;] FBNV/500"
92.97.166.95 - - [23/Feb/2026:00:52:02 +0000] "GET /wp-content/uploads/2025/01/video-1.svg HTTP/1.1" 304 0 "https://www.citicare.ae/" "Mozilla/5.0 (Linux; Android 13; 2201117TG Build/TKQ1.221114.001; wv) AppleWebKit/537.36 (KHTML, like Gecko) Version/4.0 Chrome/145.0.7632.52 Mobile Safari/537.36 [FB_IAB/FB4A;FBAV/548.1.0.51.64;IABMV/1;] FBNV/500"
92.97.166.95 - - [23/Feb/2026:00:52:02 +0000] "GET /wp-content/uploads/2025/01/banner-doctor-1.svg HTTP/1.1" 304 0 "https://www.citicare.ae/" "Mozilla/5.0 (Linux; Android 13; 2201117TG Build/TKQ1.221114.001; wv) AppleWebKit/537.36 (KHTML, like Gecko) Version/4.0 Chrome/145.0.7632.52 Mobile Safari/537.36 [FB_IAB/FB4A;FBAV/548.1.0.51.64;IABMV/1;] FBNV/500"
92.97.166.95 - - [23/Feb/2026:00:52:02 +0000] "GET /wp-content/uploads/2025/01/banner-patient-1-1.jpg HTTP/1.1" 304 0 "https://www.citicare.ae/" "Mozilla/5.0 (Linux; Android 13; 2201117TG Build/TKQ1.221114.001; wv) AppleWebKit/537.36 (KHTML, like Gecko) Version/4.0 Chrome/145.0.7632.52 Mobile Safari/537.36 [FB_IAB/FB4A;FBAV/548.1.0.51.64;IABMV/1;] FBNV/500"
92.97.166.95 - - [23/Feb/2026:00:52:03 +0000] "GET /wp-content/uploads/2025/01/banner-patient-2-1.jpg HTTP/1.1" 304 0 "https://www.citicare.ae/" "Mozilla/5.0 (Linux; Android 13; 2201117TG Build/TKQ1.221114.001; wv) AppleWebKit/537.36 (KHTML, like Gecko) Version/4.0 Chrome/145.0.7632.52 Mobile Safari/537.36 [FB_IAB/FB4A;FBAV/548.1.0.51.64;IABMV/1;] FBNV/500"
92.97.166.95 - - [23/Feb/2026:00:52:03 +0000] "GET /wp-content/uploads/2025/01/banner-patient-3-1.jpg HTTP/1.1" 304 0 "https://www.citicare.ae/" "Mozilla/5.0 (Linux; Android 13; 2201117TG Build/TKQ1.221114.001; wv) AppleWebKit/537.36 (KHTML, like Gecko) Version/4.0 Chrome/145.0.7632.52 Mobile Safari/537.36 [FB_IAB/FB4A;FBAV/548.1.0.51.64;IABMV/1;] FBNV/500"
92.97.166.95 - - [23/Feb/2026:00:52:03 +0000] "GET /wp-content/uploads/2025/01/banner-icon-1-1.png HTTP/1.1" 304 0 "https://www.citicare.ae/" "Mozilla/5.0 (Linux; Android 13; 2201117TG Build/TKQ1.221114.001; wv) AppleWebKit/537.36 (KHTML, like Gecko) Version/4.0 Chrome/145.0.7632.52 Mobile Safari/537.36 [FB_IAB/FB4A;FBAV/548.1.0.51.64;IABMV/1;] FBNV/500"
92.97.166.95 - - [23/Feb/2026:00:52:04 +0000] "GET /wp-content/uploads/2025/01/banner-icon-2-1.png HTTP/1.1" 304 0 "https://www.citicare.ae/" "Mozilla/5.0 (Linux; Android 13; 2201117TG Build/TKQ1.221114.001; wv) AppleWebKit/537.36 (KHTML, like Gecko) Version/4.0 Chrome/145.0.7632.52 Mobile Safari/537.36 [FB_IAB/FB4A;FBAV/548.1.0.51.64;IABMV/1;] FBNV/500"
92.97.166.95 - - [23/Feb/2026:00:52:04 +0000] "GET /wp-content/uploads/2025/01/banner-icon-3-1.png HTTP/1.1" 304 0 "https://www.citicare.ae/" "Mozilla/5.0 (Linux; Android 13; 2201117TG Build/TKQ1.221114.001; wv) AppleWebKit/537.36 (KHTML, like Gecko) Version/4.0 Chrome/145.0.7632.52 Mobile Safari/537.36 [FB_IAB/FB4A;FBAV/548.1.0.51.64;IABMV/1;] FBNV/500"
92.97.166.95 - - [23/Feb/2026:00:52:04 +0000] "GET /wp-content/uploads/2025/01/banner-icon-4-1.png HTTP/1.1" 304 0 "https://www.citicare.ae/" "Mozilla/5.0 (Linux; Android 13; 2201117TG Build/TKQ1.221114.001; wv) AppleWebKit/537.36 (KHTML, like Gecko) Version/4.0 Chrome/145.0.7632.52 Mobile Safari/537.36 [FB_IAB/FB4A;FBAV/548.1.0.51.64;IABMV/1;] FBNV/500"
92.97.166.95 - - [23/Feb/2026:00:52:04 +0000] "GET /wp-content/uploads/2025/01/banner-icon-5-1.svg HTTP/1.1" 304 0 "https://www.citicare.ae/" "Mozilla/5.0 (Linux; Android 13; 2201117TG Build/TKQ1.221114.001; wv) AppleWebKit/537.36 (KHTML, like Gecko) Version/4.0 Chrome/145.0.7632.52 Mobile Safari/537.36 [FB_IAB/FB4A;FBAV/548.1.0.51.64;IABMV/1;] FBNV/500"
92.97.166.95 - - [23/Feb/2026:00:52:04 +0000] "GET /wp-content/uploads/2025/01/list-icon-01-1.svg HTTP/1.1" 304 0 "https://www.citicare.ae/" "Mozilla/5.0 (Linux; Android 13; 2201117TG Build/TKQ1.221114.001; wv) AppleWebKit/537.36 (KHTML, like Gecko) Version/4.0 Chrome/145.0.7632.52 Mobile Safari/537.36 [FB_IAB/FB4A;FBAV/548.1.0.51.64;IABMV/1;] FBNV/500"
92.97.166.95 - - [23/Feb/2026:00:52:04 +0000] "GET /wp-content/uploads/2025/01/list-icon-05-1.svg HTTP/1.1" 304 0 "https://www.citicare.ae/" "Mozilla/5.0 (Linux; Android 13; 2201117TG Build/TKQ1.221114.001; wv) AppleWebKit/537.36 (KHTML, like Gecko) Version/4.0 Chrome/145.0.7632.52 Mobile Safari/537.36 [FB_IAB/FB4A;FBAV/548.1.0.51.64;IABMV/1;] FBNV/500"
92.97.166.95 - - [23/Feb/2026:00:52:04 +0000] "GET /wp-content/uploads/2025/01/list-icon-06-1.svg HTTP/1.1" 304 0 "https://www.citicare.ae/" "Mozilla/5.0 (Linux; Android 13; 2201117TG Build/TKQ1.221114.001; wv) AppleWebKit/537.36 (KHTML, like Gecko) Version/4.0 Chrome/145.0.7632.52 Mobile Safari/537.36 [FB_IAB/FB4A;FBAV/548.1.0.51.64;IABMV/1;] FBNV/500"
92.97.166.95 - - [23/Feb/2026:00:52:05 +0000] "GET /wp-content/uploads/2025/01/list-icon-07-1.svg HTTP/1.1" 200 748 "https://www.citicare.ae/" "Mozilla/5.0 (Linux; Android 13; 2201117TG Build/TKQ1.221114.001; wv) AppleWebKit/537.36 (KHTML, like Gecko) Version/4.0 Chrome/145.0.7632.52 Mobile Safari/537.36 [FB_IAB/FB4A;FBAV/548.1.0.51.64;IABMV/1;] FBNV/500"
92.97.166.95 - - [23/Feb/2026:00:52:06 +0000] "GET /wp-content/uploads/2025/01/speciality-icon-08-1.svg HTTP/1.1" 304 0 "https://www.citicare.ae/" "Mozilla/5.0 (Linux; Android 13; 2201117TG Build/TKQ1.221114.001; wv) AppleWebKit/537.36 (KHTML, like Gecko) Version/4.0 Chrome/145.0.7632.52 Mobile Safari/537.36 [FB_IAB/FB4A;FBAV/548.1.0.51.64;IABMV/1;] FBNV/500"
92.97.166.95 - - [23/Feb/2026:00:52:06 +0000] "GET /wp-content/uploads/2025/01/speciality-05-1.jpg HTTP/1.1" 304 0 "https://www.citicare.ae/" "Mozilla/5.0 (Linux; Android 13; 2201117TG Build/TKQ1.221114.001; wv) AppleWebKit/537.36 (KHTML, like Gecko) Version/4.0 Chrome/145.0.7632.52 Mobile Safari/537.36 [FB_IAB/FB4A;FBAV/548.1.0.51.64;IABMV/1;] FBNV/500"
92.97.166.95 - - [23/Feb/2026:00:52:06 +0000] "GET /wp-content/uploads/2025/01/speciality-icon-05-1.svg HTTP/1.1" 304 0 "https://www.citicare.ae/" "Mozilla/5.0 (Linux; Android 13; 2201117TG Build/TKQ1.221114.001; wv) AppleWebKit/537.36 (KHTML, like Gecko) Version/4.0 Chrome/145.0.7632.52 Mobile Safari/537.36 [FB_IAB/FB4A;FBAV/548.1.0.51.64;IABMV/1;] FBNV/500"
92.97.166.95 - - [23/Feb/2026:00:52:06 +0000] "GET /wp-content/uploads/2025/01/speciality-icon-06-1.svg HTTP/1.1" 304 0 "https://www.citicare.ae/" "Mozilla/5.0 (Linux; Android 13; 2201117TG Build/TKQ1.221114.001; wv) AppleWebKit/537.36 (KHTML, like Gecko) Version/4.0 Chrome/145.0.7632.52 Mobile Safari/537.36 [FB_IAB/FB4A;FBAV/548.1.0.51.64;IABMV/1;] FBNV/500"
92.97.166.95 - - [23/Feb/2026:00:52:06 +0000] "GET /wp-content/uploads/2025/01/speciality-07-1.jpg HTTP/1.1" 304 0 "https://www.citicare.ae/" "Mozilla/5.0 (Linux; Android 13; 2201117TG Build/TKQ1.221114.001; wv) AppleWebKit/537.36 (KHTML, like Gecko) Version/4.0 Chrome/145.0.7632.52 Mobile Safari/537.36 [FB_IAB/FB4A;FBAV/548.1.0.51.64;IABMV/1;] FBNV/500"
92.97.166.95 - - [23/Feb/2026:00:52:07 +0000] "GET /wp-content/uploads/2025/01/speciality-icon-07-1.svg HTTP/1.1" 304 0 "https://www.citicare.ae/" "Mozilla/5.0 (Linux; Android 13; 2201117TG Build/TKQ1.221114.001; wv) AppleWebKit/537.36 (KHTML, like Gecko) Version/4.0 Chrome/145.0.7632.52 Mobile Safari/537.36 [FB_IAB/FB4A;FBAV/548.1.0.51.64;IABMV/1;] FBNV/500"
92.97.166.95 - - [23/Feb/2026:00:52:07 +0000] "GET /wp-content/uploads/2025/01/speciality-08-1.jpg HTTP/1.1" 304 0 "https://www.citicare.ae/" "Mozilla/5.0 (Linux; Android 13; 2201117TG Build/TKQ1.221114.001; wv) AppleWebKit/537.36 (KHTML, like Gecko) Version/4.0 Chrome/145.0.7632.52 Mobile Safari/537.36 [FB_IAB/FB4A;FBAV/548.1.0.51.64;IABMV/1;] FBNV/500"
172.187.168.139 - - [23/Feb/2026:00:56:33 +0000] "POST /wp-cron.php?doing_wp_cron=1771808193.6447029113769531250000 HTTP/1.1" 200 31 "-" "WordPress/6.9.1; https://doccure-wp.dreamstechnologies.com"
50.17.185.102 - - [23/Feb/2026:00:56:33 +0000] "GET / HTTP/1.1" 200 29869 "-" "FreshpingBot/1.0 (+https://freshping.io/)"
172.187.168.139 - - [23/Feb/2026:00:59:16 +0000] "POST /wp-cron.php?doing_wp_cron=1771808356.6318850517272949218750 HTTP/1.1" 200 31 "-" "WordPress/6.9.1; https://doccure-wp.dreamstechnologies.com"
2a03:2880:f800:3a:: - - [23/Feb/2026:00:59:16 +0000] "GET /author/joan-gardner/ HTTP/1.1" 200 17546 "-" "meta-externalagent/1.1 (+https://developers.facebook.com/docs/sharing/webmasters/crawler)"
193.24.211.73 - - [23/Feb/2026:00:59:39 +0000] "POST / HTTP/1.1" 200 29927 "-" "Mozilla/5.0 (Macintosh; Intel Mac OS X 10_15_7) AppleWebKit/605.1.15 (KHTML, like Gecko) Version/26.0.1 Safari/605.1.15"
34.61.151.235 - - [23/Feb/2026:01:00:02 +0000] "GET / HTTP/1.1" 200 29869 "-" "Mozilla/5.0 (compatible; DesignProbe/1.0)"
2001:1308:2c3c:1d00:cd43:49d8:ae39:a29a - - [23/Feb/2026:01:00:26 +0000] "GET /wp-content/uploads/2025/01/list-icon-07-1.svg HTTP/1.1" 304 0 "https://medicloudsuite.net/" "Mozilla/5.0 (Windows NT 10.0; Win64; x64) AppleWebKit/537.36 (KHTML, like Gecko) Chrome/145.0.0.0 Safari/537.36"
172.187.168.139 - - [23/Feb/2026:01:01:43 +0000] "POST /wp-cron.php?doing_wp_cron=1771808503.4620749950408935546875 HTTP/1.1" 200 31 "-" "WordPress/6.9.1; https://doccure-wp.dreamstechnologies.com"
35.173.69.86 - - [23/Feb/2026:01:01:43 +0000] "GET / HTTP/1.1" 200 29869 "-" "FreshpingBot/1.0 (+https://freshping.io/)"
172.187.168.139 - - [23/Feb/2026:01:06:16 +0000] "POST /wp-cron.php?doing_wp_cron=1771808776.6353919506072998046875 HTTP/1.1" 200 31 "-" "WordPress/6.9.1; https://doccure-wp.dreamstechnologies.com"
89.46.200.97 - - [23/Feb/2026:01:06:16 +0000] "GET /elementor/wp-content/themes/doccure/assets/images/marker.png HTTP/1.1" 404 17248 "https://reda82.net/" "Mozilla/5.0 (Linux; Android 10; K) AppleWebKit/537.36 (KHTML, like Gecko) Chrome/139.0.0.0 Mobile Safari/537.36"
50.17.185.102 - - [23/Feb/2026:01:06:28 +0000] "GET / HTTP/1.1" 200 29869 "-" "FreshpingBot/1.0 (+https://freshping.io/)"
172.187.168.139 - - [23/Feb/2026:01:11:03 +0000] "POST /wp-cron.php?doing_wp_cron=1771809063.9104011058807373046875 HTTP/1.1" 200 31 "-" "WordPress/6.9.1; https://doccure-wp.dreamstechnologies.com"
50.17.185.102 - - [23/Feb/2026:01:11:03 +0000] "GET / HTTP/1.1" 200 29869 "-" "FreshpingBot/1.0 (+https://freshping.io/)"
172.187.168.139 - - [23/Feb/2026:01:11:37 +0000] "POST /wp-cron.php?doing_wp_cron=1771809097.1311690807342529296875 HTTP/1.1" 200 31 "-" "WordPress/6.9.1; https://doccure-wp.dreamstechnologies.com"
216.244.66.202 - - [23/Feb/2026:01:11:37 +0000] "GET /robots.txt HTTP/1.1" 200 427 "-" "Mozilla/5.0 (compatible; DotBot/1.2; +https://opensiteexplorer.org/dotbot; [email protected])"
172.187.168.139 - - [23/Feb/2026:01:13:30 +0000] "POST /wp-cron.php?doing_wp_cron=1771809210.7057120800018310546875 HTTP/1.1" 200 31 "-" "WordPress/6.9.1; https://doccure-wp.dreamstechnologies.com"
154.255.1.170 - - [23/Feb/2026:01:13:30 +0000] "GET /category/vietnam-casino2/ HTTP/1.1" 404 17182 "-" "Mozilla/5.0 (Macintosh; Intel Mac OS X 10_11_3) AppleWebKit/537.36 (KHTML, like Gecko) Chrome/65.0.3325.6 Safari/537.36"
172.187.168.139 - - [23/Feb/2026:01:16:28 +0000] "POST /wp-cron.php?doing_wp_cron=1771809388.1902849674224853515625 HTTP/1.1" 200 31 "-" "WordPress/6.9.1; https://doccure-wp.dreamstechnologies.com"
35.173.69.86 - - [23/Feb/2026:01:16:28 +0000] "GET / HTTP/1.1" 200 29869 "-" "FreshpingBot/1.0 (+https://freshping.io/)"
2a00:1d37:1077:b300:d0da:a497:1a6:50f8 - - [23/Feb/2026:01:17:04 +0000] "GET /wp-content/uploads/2023/07/work-04.svg HTTP/1.1" 200 8108 "https://anaelirehabilitasyon.com/" "Mozilla/5.0 (Windows NT 10.0; Win64; x64) AppleWebKit/537.36 (KHTML, like Gecko) Chrome/145.0.0.0 Safari/537.36"
2a00:1d37:1077:b300:d0da:a497:1a6:50f8 - - [23/Feb/2026:01:17:04 +0000] "GET /wp-content/uploads/2023/07/work-02.svg HTTP/1.1" 200 9185 "https://anaelirehabilitasyon.com/" "Mozilla/5.0 (Windows NT 10.0; Win64; x64) AppleWebKit/537.36 (KHTML, like Gecko) Chrome/145.0.0.0 Safari/537.36"
2a00:1d37:1077:b300:d0da:a497:1a6:50f8 - - [23/Feb/2026:01:17:04 +0000] "GET /wp-content/uploads/2023/07/work-01.svg HTTP/1.1" 200 7310 "https://anaelirehabilitasyon.com/" "Mozilla/5.0 (Windows NT 10.0; Win64; x64) AppleWebKit/537.36 (KHTML, like Gecko) Chrome/145.0.0.0 Safari/537.36"
2a00:1d37:1077:b300:d0da:a497:1a6:50f8 - - [23/Feb/2026:01:17:04 +0000] "GET /wp-content/uploads/2023/07/work-03.svg HTTP/1.1" 200 8726 "https://anaelirehabilitasyon.com/" "Mozilla/5.0 (Windows NT 10.0; Win64; x64) AppleWebKit/537.36 (KHTML, like Gecko) Chrome/145.0.0.0 Safari/537.36"
52.3.102.51 - - [23/Feb/2026:01:17:11 +0000] "GET /wp-json/oembed/1.0/embed?format=xml&url=https://doccure-wp.dreamstechnologies.com/terms-and-conditions/ HTTP/1.1" 200 2492 "-" "Mozilla/5.0 AppleWebKit/537.36 (KHTML, like Gecko; compatible; Amazonbot/0.1; +https://developer.amazon.com/support/amazonbot) Chrome/119.0.6045.214 Safari/537.36"
172.187.168.139 - - [23/Feb/2026:01:21:23 +0000] "POST /wp-cron.php?doing_wp_cron=1771809683.1415429115295410156250 HTTP/1.1" 200 31 "-" "WordPress/6.9.1; https://doccure-wp.dreamstechnologies.com"
50.17.185.102 - - [23/Feb/2026:01:21:23 +0000] "GET / HTTP/1.1" 200 29869 "-" "FreshpingBot/1.0 (+https://freshping.io/)"
172.187.168.139 - - [23/Feb/2026:01:23:34 +0000] "POST /wp-cron.php?doing_wp_cron=1771809814.0864679813385009765625 HTTP/1.1" 200 31 "-" "WordPress/6.9.1; https://doccure-wp.dreamstechnologies.com"
40.77.167.23 - - [23/Feb/2026:01:23:34 +0000] "GET /specialities/neurology/ HTTP/1.1" 200 20040 "-" "Mozilla/5.0 AppleWebKit/537.36 (KHTML, like Gecko; compatible; bingbot/2.0; +http://www.bing.com/bingbot.htm) Chrome/116.0.1938.76 Safari/537.36"
172.187.168.139 - - [23/Feb/2026:01:25:17 +0000] "POST /wp-cron.php?doing_wp_cron=1771809917.8449349403381347656250 HTTP/1.1" 200 31 "-" "WordPress/6.9.1; https://doccure-wp.dreamstechnologies.com"
113.174.27.172 - - [23/Feb/2026:01:25:17 +0000] "GET /tren-a-100-bodybuilding-leistungssteigerung-durch-effektive-anabolika/ HTTP/1.1" 404 17222 "-" "Mozilla/5.0 (Macintosh; Intel Mac OS X 10_13_6) AppleWebKit/537.36 (KHTML, like Gecko) Chrome/80.0.3987.132 Safari/537.36"
172.187.168.139 - - [23/Feb/2026:01:27:00 +0000] "POST /wp-cron.php?doing_wp_cron=1771810020.6820919513702392578125 HTTP/1.1" 200 31 "-" "WordPress/6.9.1; https://doccure-wp.dreamstechnologies.com"
35.173.69.86 - - [23/Feb/2026:01:27:00 +0000] "GET / HTTP/1.1" 200 29869 "-" "FreshpingBot/1.0 (+https://freshping.io/)"
172.187.168.139 - - [23/Feb/2026:01:30:45 +0000] "POST /wp-cron.php?doing_wp_cron=1771810245.0794401168823242187500 HTTP/1.1" 200 31 "-" "WordPress/6.9.1; https://doccure-wp.dreamstechnologies.com"
34.231.45.47 - - [23/Feb/2026:01:30:45 +0000] "GET /wp-json/oembed/1.0/embed?format=xml&url=https://doccure-wp.dreamstechnologies.com/services/laboratory/ HTTP/1.1" 200 2651 "-" "Mozilla/5.0 AppleWebKit/537.36 (KHTML, like Gecko; compatible; Amazonbot/0.1; +https://developer.amazon.com/support/amazonbot) Chrome/119.0.6045.214 Safari/537.36"
35.173.69.86 - - [23/Feb/2026:01:31:13 +0000] "GET / HTTP/1.1" 200 29869 "-" "FreshpingBot/1.0 (+https://freshping.io/)"
172.187.168.139 - - [23/Feb/2026:01:33:32 +0000] "POST /wp-cron.php?doing_wp_cron=1771810412.6147389411926269531250 HTTP/1.1" 200 31 "-" "WordPress/6.9.1; https://doccure-wp.dreamstechnologies.com"
2a03:2880:f800:24:: - - [23/Feb/2026:01:33:32 +0000] "GET /author/carl-kelly/ HTTP/1.1" 200 17558 "-" "meta-externalagent/1.1 (+https://developers.facebook.com/docs/sharing/webmasters/crawler)"
172.187.168.139 - - [23/Feb/2026:01:36:07 +0000] "POST /wp-cron.php?doing_wp_cron=1771810567.7759740352630615234375 HTTP/1.1" 200 31 "-" "WordPress/6.9.1; https://doccure-wp.dreamstechnologies.com"
35.173.69.86 - - [23/Feb/2026:01:36:07 +0000] "GET / HTTP/1.1" 200 29869 "-" "FreshpingBot/1.0 (+https://freshping.io/)"
216.244.66.202 - - [23/Feb/2026:01:37:59 +0000] "GET /documentation/assets/img/blog_settings.png HTTP/1.1" 200 263433 "-" "Mozilla/5.0 (compatible; DotBot/1.2; +https://opensiteexplorer.org/dotbot; [email protected])"
172.187.168.139 - - [23/Feb/2026:01:41:23 +0000] "POST /wp-cron.php?doing_wp_cron=1771810883.6411840915679931640625 HTTP/1.1" 200 31 "-" "WordPress/6.9.1; https://doccure-wp.dreamstechnologies.com"
50.17.185.102 - - [23/Feb/2026:01:41:23 +0000] "GET / HTTP/1.1" 200 29869 "-" "FreshpingBot/1.0 (+https://freshping.io/)"
14.243.63.184 - - [23/Feb/2026:01:41:29 +0000] "GET /zarabotok-na-foreks-vse-vidy-s-nagljadnymi-7/ HTTP/1.1" 404 17201 "-" "Mozilla/5.0 (Windows NT 5.1) AppleWebKit/537.36 (KHTML, like Gecko) Chrome/27.0.1453.93 Safari/537.36"
172.187.168.139 - - [23/Feb/2026:01:43:15 +0000] "POST /wp-cron.php?doing_wp_cron=1771810995.9415829181671142578125 HTTP/1.1" 200 31 "-" "WordPress/6.9.1; https://doccure-wp.dreamstechnologies.com"
2a03:2880:f800:2b:: - - [23/Feb/2026:01:43:15 +0000] "GET /author/clinic-demo/ HTTP/1.1" 200 17545 "-" "meta-externalagent/1.1 (+https://developers.facebook.com/docs/sharing/webmasters/crawler)"
207.46.13.231 - - [23/Feb/2026:01:43:33 +0000] "GET /robots.txt HTTP/1.1" 200 427 "-" "Mozilla/5.0 AppleWebKit/537.36 (KHTML, like Gecko; compatible; bingbot/2.0; +http://www.bing.com/bingbot.htm) Chrome/116.0.1938.76 Safari/537.36"
40.77.167.28 - - [23/Feb/2026:01:43:43 +0000] "GET /book-appointment/?doctor=4481 HTTP/1.1" 200 25966 "-" "Mozilla/5.0 AppleWebKit/537.36 (KHTML, like Gecko; compatible; bingbot/2.0; +http://www.bing.com/bingbot.htm) Chrome/116.0.1938.76 Safari/537.36"
172.187.168.139 - - [23/Feb/2026:01:46:38 +0000] "POST /wp-cron.php?doing_wp_cron=1771811198.2223889827728271484375 HTTP/1.1" 200 31 "-" "WordPress/6.9.1; https://doccure-wp.dreamstechnologies.com"
50.17.185.102 - - [23/Feb/2026:01:46:38 +0000] "GET / HTTP/1.1" 200 29869 "-" "FreshpingBot/1.0 (+https://freshping.io/)"
172.187.168.139 - - [23/Feb/2026:01:51:04 +0000] "POST /wp-cron.php?doing_wp_cron=1771811464.2819330692291259765625 HTTP/1.1" 200 31 "-" "WordPress/6.9.1; https://doccure-wp.dreamstechnologies.com"
74.125.151.140 - - [23/Feb/2026:01:51:04 +0000] "GET /.well-known/assetlinks.json HTTP/1.1" 404 17208 "-" "Mozilla/5.0 (Windows NT 10.0; Win64; x64)AppleWebKit/537.36 (KHTML, like Gecko) Chrome/91.0.4472.101 Safari/537.36"
50.17.185.102 - - [23/Feb/2026:01:51:13 +0000] "GET / HTTP/1.1" 200 29869 "-" "FreshpingBot/1.0 (+https://freshping.io/)"
172.187.168.139 - - [23/Feb/2026:01:54:42 +0000] "POST /wp-cron.php?doing_wp_cron=1771811682.3125178813934326171875 HTTP/1.1" 200 31 "-" "WordPress/6.9.1; https://doccure-wp.dreamstechnologies.com"
136.243.228.182 - - [23/Feb/2026:01:54:42 +0000] "GET /robots.txt HTTP/1.1" 200 427 "-" "Mozilla/5.0 (compatible; DataForSeoBot/1.0; +https://dataforseo.com/dataforseo-bot)"
136.243.228.182 - - [23/Feb/2026:01:54:44 +0000] "GET /feed/ HTTP/1.1" 200 38520 "-" "Mozilla/5.0 (compatible; DataForSeoBot/1.0; +https://dataforseo.com/dataforseo-bot)"
2a03:2880:f800:27:: - - [23/Feb/2026:01:55:02 +0000] "GET /author/rubyperrin/ HTTP/1.1" 200 17559 "-" "meta-externalagent/1.1 (+https://developers.facebook.com/docs/sharing/webmasters/crawler)"
172.187.168.139 - - [23/Feb/2026:01:56:18 +0000] "POST /wp-cron.php?doing_wp_cron=1771811778.0655670166015625000000 HTTP/1.1" 200 31 "-" "WordPress/6.9.1; https://doccure-wp.dreamstechnologies.com"
35.173.69.86 - - [23/Feb/2026:01:56:18 +0000] "GET / HTTP/1.1" 200 29869 "-" "FreshpingBot/1.0 (+https://freshping.io/)"
172.187.168.139 - - [23/Feb/2026:01:58:14 +0000] "POST /wp-cron.php?doing_wp_cron=1771811894.1533908843994140625000 HTTP/1.1" 200 31 "-" "WordPress/6.9.1; https://doccure-wp.dreamstechnologies.com"
136.243.228.182 - - [23/Feb/2026:01:58:14 +0000] "GET /category/clinic/feed/ HTTP/1.1" 200 7602 "-" "Mozilla/5.0 (compatible; DataForSeoBot/1.0; +https://dataforseo.com/dataforseo-bot)"
172.187.168.139 - - [23/Feb/2026:01:59:54 +0000] "POST /wp-cron.php?doing_wp_cron=1771811994.7553699016571044921875 HTTP/1.1" 200 31 "-" "WordPress/6.9.1; https://doccure-wp.dreamstechnologies.com"
216.73.216.143 - - [23/Feb/2026:01:59:54 +0000] "GET /robots.txt HTTP/1.1" 200 427 "-" "Mozilla/5.0 AppleWebKit/537.36 (KHTML, like Gecko; compatible; ClaudeBot/1.0; [email protected])"
216.73.216.143 - - [23/Feb/2026:01:59:56 +0000] "GET /wp-sitemap.xml HTTP/1.1" 200 2588 "-" "Mozilla/5.0 AppleWebKit/537.36 (KHTML, like Gecko; compatible; ClaudeBot/1.0; [email protected])"
172.187.168.139 - - [23/Feb/2026:02:01:23 +0000] "POST /wp-cron.php?doing_wp_cron=1771812083.1371729373931884765625 HTTP/1.1" 200 31 "-" "WordPress/6.9.1; https://doccure-wp.dreamstechnologies.com"
50.17.185.102 - - [23/Feb/2026:02:01:23 +0000] "GET / HTTP/1.1" 200 29869 "-" "FreshpingBot/1.0 (+https://freshping.io/)"
189.216.104.249 - - [23/Feb/2026:02:01:32 +0000] "GET /services/laboratory/ HTTP/1.1" 200 23142 "-" "Mozilla/5.0 (Macintosh; Intel Mac OS X 10_15_7) AppleWebKit/537.36 (KHTML, like Gecko) Chrome/107.0.0.0 Safari/537.36"
172.187.168.139 - - [23/Feb/2026:02:02:36 +0000] "POST /wp-cron.php?doing_wp_cron=1771812156.7620599269866943359375 HTTP/1.1" 200 31 "-" "WordPress/6.9.1; https://doccure-wp.dreamstechnologies.com"
2a03:2880:f800:29:: - - [23/Feb/2026:02:02:36 +0000] "GET /skachat-besplatno-x-casino-dlja-android24258/ HTTP/1.1" 404 17219 "-" "meta-externalagent/1.1 (+https://developers.facebook.com/docs/sharing/webmasters/crawler)"
172.187.168.139 - - [23/Feb/2026:02:04:43 +0000] "POST /wp-cron.php?doing_wp_cron=1771812283.4499769210815429687500 HTTP/1.1" 200 31 "-" "WordPress/6.9.1; https://doccure-wp.dreamstechnologies.com"
216.73.216.143 - - [23/Feb/2026:02:04:43 +0000] "GET /book-appointment/?doctor=3701 HTTP/1.1" 200 25962 "-" "Mozilla/5.0 AppleWebKit/537.36 (KHTML, like Gecko; compatible; ClaudeBot/1.0; [email protected])"
216.73.216.143 - - [23/Feb/2026:02:06:04 +0000] "GET /doctors/james-amen/javascrip: HTTP/1.1" 404 17190 "-" "Mozilla/5.0 AppleWebKit/537.36 (KHTML, like Gecko; compatible; ClaudeBot/1.0; [email protected])"
172.187.168.139 - - [23/Feb/2026:02:06:04 +0000] "POST /wp-cron.php?doing_wp_cron=1771812364.5896480083465576171875 HTTP/1.1" 200 31 "-" "WordPress/6.9.1; https://doccure-wp.dreamstechnologies.com"
216.73.216.143 - - [23/Feb/2026:02:06:04 +0000] "GET /languages/english HTTP/1.1" 301 11 "-" "Mozilla/5.0 AppleWebKit/537.36 (KHTML, like Gecko; compatible; ClaudeBot/1.0; [email protected])"
216.73.216.143 - - [23/Feb/2026:02:06:06 +0000] "GET /languages/english/ HTTP/1.1" 200 18381 "https://doccure-wp.dreamstechnologies.com/languages/english" "Mozilla/5.0 AppleWebKit/537.36 (KHTML, like Gecko; compatible; ClaudeBot/1.0; [email protected])"
172.187.168.139 - - [23/Feb/2026:02:06:27 +0000] "POST /wp-cron.php?doing_wp_cron=1771812387.5461440086364746093750 HTTP/1.1" 200 31 "-" "WordPress/6.9.1; https://doccure-wp.dreamstechnologies.com"
35.173.69.86 - - [23/Feb/2026:02:06:27 +0000] "GET / HTTP/1.1" 200 29869 "-" "FreshpingBot/1.0 (+https://freshping.io/)"
216.73.216.143 - - [23/Feb/2026:02:06:50 +0000] "GET /2021/09 HTTP/1.1" 301 11 "-" "Mozilla/5.0 AppleWebKit/537.36 (KHTML, like Gecko; compatible; ClaudeBot/1.0; [email protected])"
216.73.216.143 - - [23/Feb/2026:02:06:52 +0000] "GET /2021/09/ HTTP/1.1" 200 18461 "https://doccure-wp.dreamstechnologies.com/2021/09" "Mozilla/5.0 AppleWebKit/537.36 (KHTML, like Gecko; compatible; ClaudeBot/1.0; [email protected])"
172.187.168.139 - - [23/Feb/2026:02:07:29 +0000] "POST /wp-cron.php?doing_wp_cron=1771812449.5497379302978515625000 HTTP/1.1" 200 31 "-" "WordPress/6.9.1; https://doccure-wp.dreamstechnologies.com"
123.21.182.35 - - [23/Feb/2026:02:07:29 +0000] "GET /author/admin/page/2/ HTTP/1.1" 404 17179 "-" "Mozilla/5.0 (Macintosh; Intel Mac OS X 10_12_6) AppleWebKit/537.36 (KHTML, like Gecko) Brave Chrome/86.0.4240.75 Safari/537.36"
216.73.216.143 - - [23/Feb/2026:02:07:47 +0000] "GET /languages/french HTTP/1.1" 301 11 "-" "Mozilla/5.0 AppleWebKit/537.36 (KHTML, like Gecko; compatible; ClaudeBot/1.0; [email protected])"
216.73.216.143 - - [23/Feb/2026:02:07:49 +0000] "GET /languages/french/ HTTP/1.1" 200 18378 "https://doccure-wp.dreamstechnologies.com/languages/french" "Mozilla/5.0 AppleWebKit/537.36 (KHTML, like Gecko; compatible; ClaudeBot/1.0; [email protected])"
172.187.168.139 - - [23/Feb/2026:02:11:07 +0000] "POST /wp-cron.php?doing_wp_cron=1771812666.9648280143737792968750 HTTP/1.1" 200 31 "-" "WordPress/6.9.1; https://doccure-wp.dreamstechnologies.com"
216.73.216.143 - - [23/Feb/2026:02:11:07 +0000] "GET /doctors/olga-barlow HTTP/1.1" 200 24240 "-" "Mozilla/5.0 AppleWebKit/537.36 (KHTML, like Gecko; compatible; ClaudeBot/1.0; [email protected])"
172.187.168.139 - - [23/Feb/2026:02:11:18 +0000] "POST /wp-cron.php?doing_wp_cron=1771812677.9616019725799560546875 HTTP/1.1" 200 31 "-" "WordPress/6.9.1; https://doccure-wp.dreamstechnologies.com"
50.17.185.102 - - [23/Feb/2026:02:11:18 +0000] "GET / HTTP/1.1" 200 29869 "-" "FreshpingBot/1.0 (+https://freshping.io/)"
216.73.216.143 - - [23/Feb/2026:02:11:42 +0000] "GET /book-appointment/?doctor=3704 HTTP/1.1" 200 25959 "-" "Mozilla/5.0 AppleWebKit/537.36 (KHTML, like Gecko; compatible; ClaudeBot/1.0; [email protected])"
216.73.216.143 - - [23/Feb/2026:02:12:03 +0000] "GET /?p=3701 HTTP/1.1" 301 11 "-" "Mozilla/5.0 AppleWebKit/537.36 (KHTML, like Gecko; compatible; ClaudeBot/1.0; [email protected])"
216.73.216.143 - - [23/Feb/2026:02:12:03 +0000] "GET /languages/german HTTP/1.1" 301 11 "-" "Mozilla/5.0 AppleWebKit/537.36 (KHTML, like Gecko; compatible; ClaudeBot/1.0; [email protected])"
216.73.216.143 - - [23/Feb/2026:02:12:05 +0000] "GET /doctors/paul-richard/ HTTP/1.1" 200 23827 "https://doccure-wp.dreamstechnologies.com/?p=3701" "Mozilla/5.0 AppleWebKit/537.36 (KHTML, like Gecko; compatible; ClaudeBot/1.0; [email protected])"
216.73.216.143 - - [23/Feb/2026:02:12:05 +0000] "GET /languages/german/ HTTP/1.1" 200 18383 "https://doccure-wp.dreamstechnologies.com/languages/german" "Mozilla/5.0 AppleWebKit/537.36 (KHTML, like Gecko; compatible; ClaudeBot/1.0; [email protected])"
216.73.216.143 - - [23/Feb/2026:02:12:06 +0000] "GET /2021 HTTP/1.1" 301 11 "-" "Mozilla/5.0 AppleWebKit/537.36 (KHTML, like Gecko; compatible; ClaudeBot/1.0; [email protected])"
216.73.216.143 - - [23/Feb/2026:02:12:08 +0000] "GET /2021/ HTTP/1.1" 200 18401 "https://doccure-wp.dreamstechnologies.com/2021" "Mozilla/5.0 AppleWebKit/537.36 (KHTML, like Gecko; compatible; ClaudeBot/1.0; [email protected])"
172.187.168.139 - - [23/Feb/2026:02:12:24 +0000] "POST /wp-cron.php?doing_wp_cron=1771812744.1747999191284179687500 HTTP/1.1" 200 31 "-" "WordPress/6.9.1; https://doccure-wp.dreamstechnologies.com"
216.73.216.143 - - [23/Feb/2026:02:12:24 +0000] "GET /?p=3704 HTTP/1.1" 301 11 "-" "Mozilla/5.0 AppleWebKit/537.36 (KHTML, like Gecko; compatible; ClaudeBot/1.0; [email protected])"
216.73.216.143 - - [23/Feb/2026:02:12:25 +0000] "GET /doctors/olga-barlow/ HTTP/1.1" 200 24240 "https://doccure-wp.dreamstechnologies.com/?p=3704" "Mozilla/5.0 AppleWebKit/537.36 (KHTML, like Gecko; compatible; ClaudeBot/1.0; [email protected])"
172.187.168.139 - - [23/Feb/2026:02:16:15 +0000] "POST /wp-cron.php?doing_wp_cron=1771812975.0561449527740478515625 HTTP/1.1" 200 31 "-" "WordPress/6.9.1; https://doccure-wp.dreamstechnologies.com"
2a03:2880:f800:21:: - - [23/Feb/2026:02:16:15 +0000] "GET /bettilt-casino-ve-muteri-korumas-lisans-dijital-11-6/ HTTP/1.1" 404 17207 "-" "meta-externalagent/1.1 (+https://developers.facebook.com/docs/sharing/webmasters/crawler)"
50.17.185.102 - - [23/Feb/2026:02:16:23 +0000] "GET / HTTP/1.1" 200 29869 "-" "FreshpingBot/1.0 (+https://freshping.io/)"
2001:4ca0:108:42::7 - - [23/Feb/2026:02:16:38 +0000] "HEAD / HTTP/1.1" 200 0 "-" "quic-go-HTTP/3"
35.174.141.243 - - [23/Feb/2026:02:17:07 +0000] "GET /wp-json/oembed/1.0/embed?url=https://doccure-wp.dreamstechnologies.com/faq/ HTTP/1.1" 200 2326 "-" "Mozilla/5.0 AppleWebKit/537.36 (KHTML, like Gecko; compatible; Amazonbot/0.1; +https://developer.amazon.com/support/amazonbot) Chrome/119.0.6045.214 Safari/537.36"
172.187.168.139 - - [23/Feb/2026:02:17:27 +0000] "POST /wp-cron.php?doing_wp_cron=1771813047.3646879196166992187500 HTTP/1.1" 200 31 "-" "WordPress/6.9.1; https://doccure-wp.dreamstechnologies.com"
2a03:2880:f800:e:: - - [23/Feb/2026:02:17:27 +0000] "GET /offline-nyerogepek-a-vegso-utmutato-a-kaszino-jatekgepek-szemelyesen-torteno-elvezetehez/ HTTP/1.1" 200 24547 "-" "meta-externalagent/1.1 (+https://developers.facebook.com/docs/sharing/webmasters/crawler)"
107.20.25.33 - - [23/Feb/2026:02:17:45 +0000] "GET /doctors/carl-kelly/ HTTP/1.1" 200 23920 "-" "Mozilla/5.0 AppleWebKit/537.36 (KHTML, like Gecko; compatible; Amazonbot/0.1; +https://developer.amazon.com/support/amazonbot) Chrome/119.0.6045.214 Safari/537.36"
172.187.168.139 - - [23/Feb/2026:02:21:13 +0000] "POST /wp-cron.php?doing_wp_cron=1771813273.2584071159362792968750 HTTP/1.1" 200 31 "-" "WordPress/6.9.1; https://doccure-wp.dreamstechnologies.com"
50.17.185.102 - - [23/Feb/2026:02:21:13 +0000] "GET / HTTP/1.1" 200 29869 "-" "FreshpingBot/1.0 (+https://freshping.io/)"
172.187.168.139 - - [23/Feb/2026:02:22:35 +0000] "POST /wp-cron.php?doing_wp_cron=1771813355.4301760196685791015625 HTTP/1.1" 200 31 "-" "WordPress/6.9.1; https://doccure-wp.dreamstechnologies.com"
34.61.151.235 - - [23/Feb/2026:02:22:35 +0000] "GET /home HTTP/1.1" 200 25031 "-" "Mozilla/5.0 (compatible; DesignProbe/1.0)"
34.61.151.235 - - [23/Feb/2026:02:22:36 +0000] "GET / HTTP/1.1" 200 29869 "-" "Mozilla/5.0 (compatible; DesignProbe/1.0)"
34.61.151.235 - - [23/Feb/2026:02:22:37 +0000] "GET /home-3 HTTP/1.1" 200 25178 "-" "Mozilla/5.0 (compatible; DesignProbe/1.0)"
34.61.151.235 - - [23/Feb/2026:02:22:38 +0000] "GET /home-2 HTTP/1.1" 200 25446 "-" "Mozilla/5.0 (compatible; DesignProbe/1.0)"
94.204.18.24 - - [23/Feb/2026:02:24:11 +0000] "GET /wp-content/uploads/2025/01/home-banner-bg-1.png HTTP/1.1" 304 0 "https://www.citicare.ae/" "Mozilla/5.0 (iPhone; CPU iPhone OS 18_7 like Mac OS X) AppleWebKit/605.1.15 (KHTML, like Gecko) Mobile/23C71 Instagram 417.1.0.39.73 (iPhone17,2; iOS 26_2_1; en_US; en; scale=3.00; 1320x2868; IABMV/1; 885644877) NW/8 Safari/604.1"
94.204.18.24 - - [23/Feb/2026:02:24:14 +0000] "GET /wp-content/uploads/2025/01/list-icon-05-1.svg HTTP/1.1" 304 0 "https://www.citicare.ae/" "Mozilla/5.0 (iPhone; CPU iPhone OS 18_7 like Mac OS X) AppleWebKit/605.1.15 (KHTML, like Gecko) Mobile/23C71 Instagram 417.1.0.39.73 (iPhone17,2; iOS 26_2_1; en_US; en; scale=3.00; 1320x2868; IABMV/1; 885644877) NW/8 Safari/604.1"
94.204.18.24 - - [23/Feb/2026:02:24:14 +0000] "GET /wp-content/uploads/2025/01/list-icon-07-1.svg HTTP/1.1" 200 748 "https://www.citicare.ae/" "Mozilla/5.0 (iPhone; CPU iPhone OS 18_7 like Mac OS X) AppleWebKit/605.1.15 (KHTML, like Gecko) Mobile/23C71 Instagram 417.1.0.39.73 (iPhone17,2; iOS 26_2_1; en_US; en; scale=3.00; 1320x2868; IABMV/1; 885644877) NW/8 Safari/604.1"
172.187.168.139 - - [23/Feb/2026:02:25:27 +0000] "POST /wp-cron.php?doing_wp_cron=1771813527.8110120296478271484375 HTTP/1.1" 200 31 "-" "WordPress/6.9.1; https://doccure-wp.dreamstechnologies.com"
216.73.216.143 - - [23/Feb/2026:02:25:27 +0000] "GET /wp-sitemap-posts-staff-1.xml HTTP/1.1" 200 347 "-" "Mozilla/5.0 AppleWebKit/537.36 (KHTML, like Gecko; compatible; ClaudeBot/1.0; [email protected])"
35.173.69.86 - - [23/Feb/2026:02:26:13 +0000] "GET / HTTP/1.1" 200 29869 "-" "FreshpingBot/1.0 (+https://freshping.io/)"
172.187.168.139 - - [23/Feb/2026:02:31:31 +0000] "POST /wp-cron.php?doing_wp_cron=1771813891.0083301067352294921875 HTTP/1.1" 200 31 "-" "WordPress/6.9.1; https://doccure-wp.dreamstechnologies.com"
35.173.69.86 - - [23/Feb/2026:02:31:31 +0000] "GET / HTTP/1.1" 200 29869 "-" "FreshpingBot/1.0 (+https://freshping.io/)"
165.165.110.131 - - [23/Feb/2026:02:33:39 +0000] "GET /wp-content/uploads/2025/01/banner-icon-4-1.png HTTP/1.1" 200 5878 "https://www.mzansidoctors.com/" "Mozilla/5.0 (iPhone; CPU iPhone OS 15_5 like Mac OS X) AppleWebKit/605.1.15 (KHTML, like Gecko) Mobile/15E148 Safari/604.1 musical_ly_43.7.0 BytedanceWebview/d8a21c6"
172.187.168.139 - - [23/Feb/2026:02:35:45 +0000] "POST /wp-cron.php?doing_wp_cron=1771814145.5264770984649658203125 HTTP/1.1" 200 31 "-" "WordPress/6.9.1; https://doccure-wp.dreamstechnologies.com"
2a03:2880:f800:29:: - - [23/Feb/2026:02:35:45 +0000] "GET /author/darren-elder/ HTTP/1.1" 200 17566 "-" "meta-externalagent/1.1 (+https://developers.facebook.com/docs/sharing/webmasters/crawler)"
172.187.168.139 - - [23/Feb/2026:02:36:28 +0000] "POST /wp-cron.php?doing_wp_cron=1771814188.0656549930572509765625 HTTP/1.1" 200 31 "-" "WordPress/6.9.1; https://doccure-wp.dreamstechnologies.com"
35.173.69.86 - - [23/Feb/2026:02:36:28 +0000] "GET / HTTP/1.1" 200 29869 "-" "FreshpingBot/1.0 (+https://freshping.io/)"
66.249.70.135 - - [23/Feb/2026:02:36:28 +0000] "GET /robots.txt HTTP/1.1" 200 427 "-" "Mozilla/5.0 (compatible; Googlebot/2.1; +http://www.google.com/bot.html)"
74.125.151.135 - - [23/Feb/2026:02:36:30 +0000] "GET // HTTP/1.1" 200 29870 "-" "Mozilla/5.0 (Linux; Android 6.0.1; Nexus 5X Build/MMB29P) AppleWebKit/537.36 (KHTML, like Gecko) Chrome/144.0.7559.132 Mobile Safari/537.36 (compatible; AdsBot-Google-Mobile; +http://www.google.com/mobile/adsbot.html)"
172.187.168.139 - - [23/Feb/2026:02:41:08 +0000] "POST /wp-cron.php?doing_wp_cron=1771814468.3165669441223144531250 HTTP/1.1" 200 31 "-" "WordPress/6.9.1; https://doccure-wp.dreamstechnologies.com"
35.173.69.86 - - [23/Feb/2026:02:41:08 +0000] "GET / HTTP/1.1" 200 29869 "-" "FreshpingBot/1.0 (+https://freshping.io/)"
74.125.151.134 - - [23/Feb/2026:02:45:51 +0000] "GET /wp-content/themes/doccure/assets/css/theme.css?ver=1.4.0 HTTP/1.1" 304 0 "https://doccure-wp.dreamstechnologies.com//" "AdsBot-Google (+http://www.google.com/adsbot.html)"
74.125.151.133 - - [23/Feb/2026:02:45:52 +0000] "GET /wp-content/themes/doccure/assets/css/responsive.css?ver=1.5.3 HTTP/1.1" 304 0 "https://doccure-wp.dreamstechnologies.com//" "AdsBot-Google (+http://www.google.com/adsbot.html)"
74.125.151.134 - - [23/Feb/2026:02:45:53 +0000] "GET /wp-content/themes/doccure/assets/css/slick.css?ver=1.0.0 HTTP/1.1" 304 0 "https://doccure-wp.dreamstechnologies.com//" "AdsBot-Google (+http://www.google.com/adsbot.html)"
74.125.151.134 - - [23/Feb/2026:02:45:54 +0000] "GET /wp-content/themes/doccure/assets/css/dashboard.css?ver=6.9.1 HTTP/1.1" 304 0 "https://doccure-wp.dreamstechnologies.com//" "AdsBot-Google (+http://www.google.com/adsbot.html)"
74.125.151.133 - - [23/Feb/2026:02:45:54 +0000] "GET /wp-content/plugins/woocommerce/assets/client/blocks/wc-blocks.css?ver=wc-10.5.2 HTTP/1.1" 304 0 "https://doccure-wp.dreamstechnologies.com//" "AdsBot-Google (+http://www.google.com/adsbot.html)"
74.125.151.134 - - [23/Feb/2026:02:45:55 +0000] "GET /wp-content/uploads/elementor/css/post-4916.css?ver=1771792474 HTTP/1.1" 304 0 "https://doccure-wp.dreamstechnologies.com//" "AdsBot-Google (+http://www.google.com/adsbot.html)"
74.125.151.133 - - [23/Feb/2026:02:45:55 +0000] "GET /wp-content/themes/doccure/assets/css/theme-new.css?ver=1.4.0 HTTP/1.1" 200 123610 "https://doccure-wp.dreamstechnologies.com//" "AdsBot-Google (+http://www.google.com/adsbot.html)"
74.125.151.133 - - [23/Feb/2026:02:45:57 +0000] "GET /wp-content/themes/doccure/assets/css/feather.css?ver=1.0.0 HTTP/1.1" 304 0 "https://doccure-wp.dreamstechnologies.com//" "AdsBot-Google (+http://www.google.com/adsbot.html)"
74.125.151.134 - - [23/Feb/2026:02:45:57 +0000] "GET /wp-content/uploads/elementor/google-fonts/css/robotoslab.css?ver=1745340367 HTTP/1.1" 304 0 "https://doccure-wp.dreamstechnologies.com//" "AdsBot-Google (+http://www.google.com/adsbot.html)"
74.125.151.133 - - [23/Feb/2026:02:45:58 +0000] "GET /wp-content/themes/doccure/assets/css/v4-shims.min.css?ver=5.11.2 HTTP/1.1" 304 0 "https://doccure-wp.dreamstechnologies.com//" "AdsBot-Google (+http://www.google.com/adsbot.html)"
74.125.151.133 - - [23/Feb/2026:02:45:58 +0000] "GET /wp-content/themes/doccure/assets/css/animate.min.css?ver=4.1.1 HTTP/1.1" 200 71750 "https://doccure-wp.dreamstechnologies.com//" "AdsBot-Google (+http://www.google.com/adsbot.html)"
74.125.151.133 - - [23/Feb/2026:02:45:59 +0000] "GET /wp-content/themes/doccure/assets/css/aos.css?ver=1.0.0 HTTP/1.1" 304 0 "https://doccure-wp.dreamstechnologies.com//" "AdsBot-Google (+http://www.google.com/adsbot.html)"
74.125.151.133 - - [23/Feb/2026:02:46:00 +0000] "GET /wp-content/plugins/elementor/assets/lib/eicons/css/elementor-icons.min.css?ver=5.47.0 HTTP/1.1" 200 21641 "https://doccure-wp.dreamstechnologies.com//" "AdsBot-Google (+http://www.google.com/adsbot.html)"
74.125.151.135 - - [23/Feb/2026:02:46:00 +0000] "GET /wp-content/themes/doccure/assets/css/fontawesome/css/all.min.css?ver=6.7.4 HTTP/1.1" 304 0 "https://doccure-wp.dreamstechnologies.com//" "AdsBot-Google (+http://www.google.com/adsbot.html)"
74.125.151.135 - - [23/Feb/2026:02:46:01 +0000] "GET /wp-content/plugins/contact-form-7/includes/css/styles.css?ver=6.1.5 HTTP/1.1" 304 0 "https://doccure-wp.dreamstechnologies.com//" "AdsBot-Google (+http://www.google.com/adsbot.html)"
74.125.151.134 - - [23/Feb/2026:02:46:02 +0000] "GET /wp-content/themes/doccure/assets/css/magnific-popup.css?ver=1.1.0 HTTP/1.1" 304 0 "https://doccure-wp.dreamstechnologies.com//" "AdsBot-Google (+http://www.google.com/adsbot.html)"
74.125.151.135 - - [23/Feb/2026:02:46:03 +0000] "GET /wp-content/themes/doccure/assets/css/theme-woocommerce.css?ver=1.0.0 HTTP/1.1" 304 0 "https://doccure-wp.dreamstechnologies.com//" "AdsBot-Google (+http://www.google.com/adsbot.html)"
74.125.151.133 - - [23/Feb/2026:02:46:03 +0000] "GET /wp-content/uploads/elementor/css/post-5756.css?ver=1771792474 HTTP/1.1" 200 480 "https://doccure-wp.dreamstechnologies.com//" "AdsBot-Google (+http://www.google.com/adsbot.html)"
74.125.151.133 - - [23/Feb/2026:02:46:04 +0000] "GET /wp-content/uploads/elementor/google-fonts/css/roboto.css?ver=1745340360 HTTP/1.1" 304 0 "https://doccure-wp.dreamstechnologies.com//" "AdsBot-Google (+http://www.google.com/adsbot.html)"
74.125.151.134 - - [23/Feb/2026:02:46:05 +0000] "GET /wp-content/themes/doccure/assets/css/bootstrap/bootstrap-datetimepicker.min.css?ver=1.5.3 HTTP/1.1" 304 0 "https://doccure-wp.dreamstechnologies.com//" "AdsBot-Google (+http://www.google.com/adsbot.html)"
74.125.151.134 - - [23/Feb/2026:02:46:05 +0000] "GET /wp-content/plugins/elementor/assets/css/frontend.min.css?ver=3.35.4 HTTP/1.1" 304 0 "https://doccure-wp.dreamstechnologies.com//" "AdsBot-Google (+http://www.google.com/adsbot.html)"
74.125.151.134 - - [23/Feb/2026:02:46:06 +0000] "GET /wp-content/themes/doccure/assets/css/iconsax.css?ver=1.0.0 HTTP/1.1" 304 0 "https://doccure-wp.dreamstechnologies.com//" "AdsBot-Google (+http://www.google.com/adsbot.html)"
74.125.151.134 - - [23/Feb/2026:02:46:06 +0000] "GET /wp-includes/js/jquery/jquery-migrate.min.js?ver=3.4.1 HTTP/1.1" 304 0 "https://doccure-wp.dreamstechnologies.com//" "AdsBot-Google (+http://www.google.com/adsbot.html)"
74.125.151.133 - - [23/Feb/2026:02:46:07 +0000] "GET /wp-content/plugins/doccure/assets/css/view-prescription-modal.css?ver=1.5.3 HTTP/1.1" 304 0 "https://doccure-wp.dreamstechnologies.com//" "AdsBot-Google (+http://www.google.com/adsbot.html)"
74.125.151.133 - - [23/Feb/2026:02:46:08 +0000] "GET /wp-includes/js/jquery/jquery.min.js?ver=3.7.1 HTTP/1.1" 304 0 "https://doccure-wp.dreamstechnologies.com//" "AdsBot-Google (+http://www.google.com/adsbot.html)"
74.125.151.134 - - [23/Feb/2026:02:46:08 +0000] "GET /wp-content/themes/doccure/style.css?ver=6.9.1 HTTP/1.1" 304 0 "https://doccure-wp.dreamstechnologies.com//" "AdsBot-Google (+http://www.google.com/adsbot.html)"
74.125.151.133 - - [23/Feb/2026:02:46:09 +0000] "GET /wp-content/plugins/woocommerce/assets/css/select2.css?ver=10.5.2 HTTP/1.1" 304 0 "https://doccure-wp.dreamstechnologies.com//" "AdsBot-Google (+http://www.google.com/adsbot.html)"
74.125.151.133 - - [23/Feb/2026:02:46:09 +0000] "GET /wp-content/themes/doccure/assets/css/bootstrap/bootstrap.min.css?ver=5.3.0 HTTP/1.1" 304 0 "https://doccure-wp.dreamstechnologies.com//" "AdsBot-Google (+http://www.google.com/adsbot.html)"
74.125.151.133 - - [23/Feb/2026:02:46:10 +0000] "GET /wp-content/themes/doccure/assets/css/owl.carousel.min.css?ver=1.0.0 HTTP/1.1" 304 0 "https://doccure-wp.dreamstechnologies.com//" "AdsBot-Google (+http://www.google.com/adsbot.html)"
74.125.151.133 - - [23/Feb/2026:02:46:10 +0000] "GET /wp-content/themes/doccure/assets/css/dynamic.css?ver=6.9.1 HTTP/1.1" 304 0 "https://doccure-wp.dreamstechnologies.com//" "AdsBot-Google (+http://www.google.com/adsbot.html)"
74.125.151.133 - - [23/Feb/2026:02:46:11 +0000] "GET /wp-content/themes/doccure/assets/plugins/datatables/datatables.min.css?ver=1.0.0 HTTP/1.1" 304 0 "https://doccure-wp.dreamstechnologies.com//" "AdsBot-Google (+http://www.google.com/adsbot.html)"
74.125.151.133 - - [23/Feb/2026:02:46:12 +0000] "GET /wp-includes/js/dist/hooks.min.js?ver=dd5603f07f9220ed27f1 HTTP/1.1" 304 0 "https://doccure-wp.dreamstechnologies.com//" "AdsBot-Google (+http://www.google.com/adsbot.html)"
74.125.151.133 - - [23/Feb/2026:02:46:12 +0000] "GET /wp-includes/js/dist/i18n.min.js?ver=c26c3dc7bed366793375 HTTP/1.1" 304 0 "https://doccure-wp.dreamstechnologies.com//" "AdsBot-Google (+http://www.google.com/adsbot.html)"
74.125.151.133 - - [23/Feb/2026:02:46:13 +0000] "GET /wp-includes/js/masonry.min.js?ver=4.2.2 HTTP/1.1" 304 0 "https://doccure-wp.dreamstechnologies.com//" "AdsBot-Google (+http://www.google.com/adsbot.html)"
74.125.151.133 - - [23/Feb/2026:02:46:13 +0000] "GET /wp-content/plugins/contact-form-7/includes/swv/js/index.js?ver=6.1.5 HTTP/1.1" 304 0 "https://doccure-wp.dreamstechnologies.com//" "AdsBot-Google (+http://www.google.com/adsbot.html)"
74.125.151.133 - - [23/Feb/2026:02:46:14 +0000] "GET /wp-content/themes/doccure/assets/js/bootstrap/bootstrap.bundle.min.js?ver=5.3.0 HTTP/1.1" 304 0 "https://doccure-wp.dreamstechnologies.com//" "AdsBot-Google (+http://www.google.com/adsbot.html)"
74.125.151.133 - - [23/Feb/2026:02:46:15 +0000] "GET /wp-content/plugins/doccure/assets/js/view-prescription-modal.js?ver=1.5.3 HTTP/1.1" 304 0 "https://doccure-wp.dreamstechnologies.com//" "AdsBot-Google (+http://www.google.com/adsbot.html)"
74.125.151.133 - - [23/Feb/2026:02:46:15 +0000] "GET /wp-includes/js/imagesloaded.min.js?ver=5.0.0 HTTP/1.1" 304 0 "https://doccure-wp.dreamstechnologies.com//" "AdsBot-Google (+http://www.google.com/adsbot.html)"
74.125.151.133 - - [23/Feb/2026:02:46:16 +0000] "GET /wp-content/themes/doccure/assets/js/jquery.inview.min.js?ver=1.5.3 HTTP/1.1" 200 1264 "https://doccure-wp.dreamstechnologies.com//" "AdsBot-Google (+http://www.google.com/adsbot.html)"
74.125.151.133 - - [23/Feb/2026:02:46:17 +0000] "GET /wp-content/themes/doccure/assets/js/isotope.min.js?ver=6.9.1 HTTP/1.1" 304 0 "https://doccure-wp.dreamstechnologies.com//" "AdsBot-Google (+http://www.google.com/adsbot.html)"
74.125.151.133 - - [23/Feb/2026:02:46:17 +0000] "GET /wp-content/themes/doccure/assets/js/popper.min.js?ver=1.5.3 HTTP/1.1" 304 0 "https://doccure-wp.dreamstechnologies.com//" "AdsBot-Google (+http://www.google.com/adsbot.html)"
74.125.151.133 - - [23/Feb/2026:02:46:18 +0000] "GET /wp-content/themes/doccure/assets/js/owl.carousel.min.js?ver=1.5.3 HTTP/1.1" 304 0 "https://doccure-wp.dreamstechnologies.com//" "AdsBot-Google (+http://www.google.com/adsbot.html)"
74.125.151.133 - - [23/Feb/2026:02:46:18 +0000] "GET /wp-content/themes/doccure/assets/js/magnific-popup.js?ver=1.1.0 HTTP/1.1" 304 0 "https://doccure-wp.dreamstechnologies.com//" "AdsBot-Google (+http://www.google.com/adsbot.html)"
74.125.151.133 - - [23/Feb/2026:02:46:19 +0000] "GET /wp-content/themes/doccure/assets/plugins/datatables/jquery.dataTables.min.js?ver=1.5.3 HTTP/1.1" 304 0 "https://doccure-wp.dreamstechnologies.com//" "AdsBot-Google (+http://www.google.com/adsbot.html)"
74.125.151.133 - - [23/Feb/2026:02:46:20 +0000] "GET /wp-content/themes/doccure/assets/plugins/datatables/datatables.min.js?ver=1.5.3 HTTP/1.1" 304 0 "https://doccure-wp.dreamstechnologies.com//" "AdsBot-Google (+http://www.google.com/adsbot.html)"
74.125.151.133 - - [23/Feb/2026:02:46:20 +0000] "GET /wp-content/themes/doccure/assets/js/slick.min.js?ver=1.5.3 HTTP/1.1" 304 0 "https://doccure-wp.dreamstechnologies.com//" "AdsBot-Google (+http://www.google.com/adsbot.html)"
74.125.151.133 - - [23/Feb/2026:02:46:21 +0000] "GET /wp-content/themes/doccure/assets/js/aos.js?ver=1.5.3 HTTP/1.1" 304 0 "https://doccure-wp.dreamstechnologies.com//" "AdsBot-Google (+http://www.google.com/adsbot.html)"
74.125.151.133 - - [23/Feb/2026:02:46:21 +0000] "GET /wp-content/plugins/woocommerce/assets/js/sourcebuster/sourcebuster.min.js?ver=10.5.2 HTTP/1.1" 200 15315 "https://doccure-wp.dreamstechnologies.com//" "AdsBot-Google (+http://www.google.com/adsbot.html)"
74.125.151.133 - - [23/Feb/2026:02:46:22 +0000] "GET /wp-content/themes/doccure/assets/js/backToTop.js?ver=1.5.3 HTTP/1.1" 304 0 "https://doccure-wp.dreamstechnologies.com//" "AdsBot-Google (+http://www.google.com/adsbot.html)"
74.125.151.133 - - [23/Feb/2026:02:46:23 +0000] "GET /wp-includes/js/underscore.min.js?ver=1.13.7 HTTP/1.1" 304 0 "https://doccure-wp.dreamstechnologies.com//" "AdsBot-Google (+http://www.google.com/adsbot.html)"
74.125.151.133 - - [23/Feb/2026:02:46:23 +0000] "GET /wp-content/themes/doccure/assets/js/counter.js?ver=1.5.3 HTTP/1.1" 304 0 "https://doccure-wp.dreamstechnologies.com//" "AdsBot-Google (+http://www.google.com/adsbot.html)"
74.125.151.133 - - [23/Feb/2026:02:46:24 +0000] "GET /wp-content/themes/doccure/assets/js/theme-woocommerce.js?ver=1.0.0 HTTP/1.1" 304 0 "https://doccure-wp.dreamstechnologies.com//" "AdsBot-Google (+http://www.google.com/adsbot.html)"
74.125.151.133 - - [23/Feb/2026:02:46:24 +0000] "GET /wp-content/themes/doccure/assets/js/theme.js?ver=1.5.3 HTTP/1.1" 304 0 "https://doccure-wp.dreamstechnologies.com//" "AdsBot-Google (+http://www.google.com/adsbot.html)"
74.125.151.133 - - [23/Feb/2026:02:46:25 +0000] "GET /wp-content/themes/doccure/assets/theia-sticky-sidebar/ResizeSensor.js?ver=1.5.3 HTTP/1.1" 304 0 "https://doccure-wp.dreamstechnologies.com//" "AdsBot-Google (+http://www.google.com/adsbot.html)"
74.125.151.133 - - [23/Feb/2026:02:46:26 +0000] "GET /wp-content/themes/doccure/assets/theia-sticky-sidebar/theia-sticky-sidebar.js?ver=1.5.3 HTTP/1.1" 304 0 "https://doccure-wp.dreamstechnologies.com//" "AdsBot-Google (+http://www.google.com/adsbot.html)"
74.125.151.133 - - [23/Feb/2026:02:46:26 +0000] "GET /wp-content/plugins/elementor/assets/js/webpack.runtime.min.js?ver=3.35.4 HTTP/1.1" 304 0 "https://doccure-wp.dreamstechnologies.com//" "AdsBot-Google (+http://www.google.com/adsbot.html)"
74.125.151.133 - - [23/Feb/2026:02:46:27 +0000] "GET /wp-content/themes/doccure/assets/js/cursor.js HTTP/1.1" 304 0 "https://doccure-wp.dreamstechnologies.com//" "AdsBot-Google (+http://www.google.com/adsbot.html)"
172.187.168.139 - - [23/Feb/2026:02:46:27 +0000] "POST /wp-cron.php?doing_wp_cron=1771814787.7472729682922363281250 HTTP/1.1" 200 31 "-" "WordPress/6.9.1; https://doccure-wp.dreamstechnologies.com"
35.173.69.86 - - [23/Feb/2026:02:46:27 +0000] "GET / HTTP/1.1" 200 29869 "-" "FreshpingBot/1.0 (+https://freshping.io/)"
74.125.151.133 - - [23/Feb/2026:02:46:27 +0000] "GET /wp-content/plugins/woocommerce/assets/js/select2/select2.full.min.js?ver=4.0.3-wc.10.5.2 HTTP/1.1" 304 0 "https://doccure-wp.dreamstechnologies.com//" "AdsBot-Google (+http://www.google.com/adsbot.html)"
74.125.151.133 - - [23/Feb/2026:02:46:28 +0000] "GET /wp-content/plugins/elementor/assets/js/frontend.min.js?ver=3.35.4 HTTP/1.1" 304 0 "https://doccure-wp.dreamstechnologies.com//" "AdsBot-Google (+http://www.google.com/adsbot.html)"
74.125.151.133 - - [23/Feb/2026:02:46:28 +0000] "GET /wp-includes/js/jquery/ui/core.min.js?ver=1.13.3 HTTP/1.1" 304 0 "https://doccure-wp.dreamstechnologies.com//" "AdsBot-Google (+http://www.google.com/adsbot.html)"
74.125.151.133 - - [23/Feb/2026:02:46:29 +0000] "GET /wp-includes/js/wp-util.min.js?ver=6.9.1 HTTP/1.1" 304 0 "https://doccure-wp.dreamstechnologies.com//" "AdsBot-Google (+http://www.google.com/adsbot.html)"
74.125.151.133 - - [23/Feb/2026:02:46:30 +0000] "GET /wp-content/themes/doccure/assets/js/bootstrap-datetimepicker.min.js?ver=1.5.3 HTTP/1.1" 304 0 "https://doccure-wp.dreamstechnologies.com//" "AdsBot-Google (+http://www.google.com/adsbot.html)"
