2001:16a2:3e26:f000:4e0:eda9:ba21:e8cc - - [23/Feb/2026:11:12:43 +0000] "GET /wp-content/uploads/2024/09/Neurology-icon-3.svg HTTP/1.1" 200 9876 "https://teledoc.com.sa/" "Mozilla/5.0 (Windows NT 10.0; Win64; x64) AppleWebKit/537.36 (KHTML, like Gecko) Chrome/144.0.0.0 Safari/537.36"
2001:16a2:3e26:f000:4e0:eda9:ba21:e8cc - - [23/Feb/2026:11:13:40 +0000] "GET /wp-content/uploads/2024/09/Orthopedic-icon-3.svg HTTP/1.1" 200 2529 "https://teledoc.com.sa/" "Mozilla/5.0 (Windows NT 10.0; Win64; x64) AppleWebKit/537.36 (KHTML, like Gecko) Chrome/144.0.0.0 Safari/537.36"
2a01:e0a:996:a270:c9b3:53d9:5c18:d163 - - [23/Feb/2026:11:14:50 +0000] "GET /elementor/wp-content/uploads/2023/07/work-02.svg HTTP/1.1" 404 17254 "https://psymatch.fr/" "Mozilla/5.0 (Macintosh; Intel Mac OS X 10_15_7) AppleWebKit/537.36 (KHTML, like Gecko) Chrome/144.0.0.0 Safari/537.36"
2a01:e0a:996:a270:c9b3:53d9:5c18:d163 - - [23/Feb/2026:11:14:50 +0000] "GET /elementor/wp-content/uploads/2023/07/partners-3.svg HTTP/1.1" 404 17261 "https://psymatch.fr/" "Mozilla/5.0 (Macintosh; Intel Mac OS X 10_15_7) AppleWebKit/537.36 (KHTML, like Gecko) Chrome/144.0.0.0 Safari/537.36"
172.187.168.139 - - [23/Feb/2026:11:14:50 +0000] "POST /wp-cron.php?doing_wp_cron=1771845290.3512949943542480468750 HTTP/1.1" 200 31 "-" "WordPress/6.9.1; https://doccure-wp.dreamstechnologies.com"
2a01:e0a:996:a270:c9b3:53d9:5c18:d163 - - [23/Feb/2026:11:14:50 +0000] "GET /elementor/wp-content/uploads/2023/07/work-03.svg HTTP/1.1" 404 17253 "https://psymatch.fr/" "Mozilla/5.0 (Macintosh; Intel Mac OS X 10_15_7) AppleWebKit/537.36 (KHTML, like Gecko) Chrome/144.0.0.0 Safari/537.36"
2a01:e0a:996:a270:c9b3:53d9:5c18:d163 - - [23/Feb/2026:11:14:50 +0000] "GET /elementor/wp-content/uploads/2023/07/partners-2.svg HTTP/1.1" 404 17249 "https://psymatch.fr/" "Mozilla/5.0 (Macintosh; Intel Mac OS X 10_15_7) AppleWebKit/537.36 (KHTML, like Gecko) Chrome/144.0.0.0 Safari/537.36"
2a01:e0a:996:a270:c9b3:53d9:5c18:d163 - - [23/Feb/2026:11:14:50 +0000] "GET /elementor/wp-content/uploads/2023/07/partners-4.svg HTTP/1.1" 404 17271 "https://psymatch.fr/" "Mozilla/5.0 (Macintosh; Intel Mac OS X 10_15_7) AppleWebKit/537.36 (KHTML, like Gecko) Chrome/144.0.0.0 Safari/537.36"
2a01:e0a:996:a270:c9b3:53d9:5c18:d163 - - [23/Feb/2026:11:14:50 +0000] "GET /elementor/wp-content/uploads/2023/07/partners-1.svg HTTP/1.1" 404 17249 "https://psymatch.fr/" "Mozilla/5.0 (Macintosh; Intel Mac OS X 10_15_7) AppleWebKit/537.36 (KHTML, like Gecko) Chrome/144.0.0.0 Safari/537.36"
2a01:e0a:996:a270:c9b3:53d9:5c18:d163 - - [23/Feb/2026:11:14:52 +0000] "GET /elementor/wp-content/uploads/2023/07/partners-6.svg HTTP/1.1" 404 17268 "https://psymatch.fr/" "Mozilla/5.0 (Macintosh; Intel Mac OS X 10_15_7) AppleWebKit/537.36 (KHTML, like Gecko) Chrome/144.0.0.0 Safari/537.36"
2a01:e0a:996:a270:c9b3:53d9:5c18:d163 - - [23/Feb/2026:11:14:52 +0000] "GET /elementor/wp-content/uploads/2023/07/partners-5.svg HTTP/1.1" 404 17269 "https://psymatch.fr/" "Mozilla/5.0 (Macintosh; Intel Mac OS X 10_15_7) AppleWebKit/537.36 (KHTML, like Gecko) Chrome/144.0.0.0 Safari/537.36"
185.203.216.90 - - [23/Feb/2026:11:15:10 +0000] "GET /robots.txt HTTP/1.1" 200 427 "-" "Mozilla/5.0 (compatible; MJ12bot/v1.4.8; http://mj12bot.com/)"
172.187.168.139 - - [23/Feb/2026:11:15:14 +0000] "POST /wp-cron.php?doing_wp_cron=1771845314.0343260765075683593750 HTTP/1.1" 200 31 "-" "WordPress/6.9.1; https://doccure-wp.dreamstechnologies.com"
185.203.216.90 - - [23/Feb/2026:11:15:14 +0000] "GET /descobrindo-o-mundo-dos-novos-estabelecimentos-de-jogo-um-guia-completo/ HTTP/1.1" 200 23822 "-" "Mozilla/5.0 (compatible; MJ12bot/v1.4.8; http://mj12bot.com/)"
172.187.168.139 - - [23/Feb/2026:11:16:48 +0000] "POST /wp-cron.php?doing_wp_cron=1771845408.5522499084472656250000 HTTP/1.1" 200 31 "-" "WordPress/6.9.1; https://doccure-wp.dreamstechnologies.com"
50.17.185.102 - - [23/Feb/2026:11:16:48 +0000] "GET / HTTP/1.1" 200 29870 "-" "FreshpingBot/1.0 (+https://freshping.io/)"
66.249.70.134 - - [23/Feb/2026:11:17:50 +0000] "GET /wp-content/plugins/contact-form-7/includes/css/styles.css?ver=6.1.5 HTTP/1.1" 200 2947 "https://doccure-wp.dreamstechnologies.com/doctors/matthew-lewis/" "Mozilla/5.0 (Linux; Android 6.0.1; Nexus 5X Build/MMB29P) AppleWebKit/537.36 (KHTML, like Gecko) Chrome/144.0.7559.132 Mobile Safari/537.36 (compatible; Googlebot/2.1; +http://www.google.com/bot.html)"
66.249.70.135 - - [23/Feb/2026:11:17:51 +0000] "GET /wp-content/themes/doccure/assets/js/popper.min.js?ver=1.5.3 HTTP/1.1" 200 20121 "https://doccure-wp.dreamstechnologies.com/doctors/matthew-lewis/" "Mozilla/5.0 (Linux; Android 6.0.1; Nexus 5X Build/MMB29P) AppleWebKit/537.36 (KHTML, like Gecko) Chrome/144.0.7559.132 Mobile Safari/537.36 (compatible; Googlebot/2.1; +http://www.google.com/bot.html)"
66.249.70.135 - - [23/Feb/2026:11:17:51 +0000] "GET /wp-content/themes/doccure/assets/js/backToTop.js?ver=1.5.3 HTTP/1.1" 200 1003 "https://doccure-wp.dreamstechnologies.com/doctors/matthew-lewis/" "Mozilla/5.0 (Linux; Android 6.0.1; Nexus 5X Build/MMB29P) AppleWebKit/537.36 (KHTML, like Gecko) Chrome/144.0.7559.132 Mobile Safari/537.36 (compatible; Googlebot/2.1; +http://www.google.com/bot.html)"
66.249.70.135 - - [23/Feb/2026:11:17:52 +0000] "GET /wp-includes/js/jquery/ui/core.min.js?ver=1.13.3 HTTP/1.1" 200 21464 "https://doccure-wp.dreamstechnologies.com/doctors/matthew-lewis/" "Mozilla/5.0 (Linux; Android 6.0.1; Nexus 5X Build/MMB29P) AppleWebKit/537.36 (KHTML, like Gecko) Chrome/144.0.7559.132 Mobile Safari/537.36 (compatible; Googlebot/2.1; +http://www.google.com/bot.html)"
45.149.187.90 - - [23/Feb/2026:11:18:18 +0000] "POST /login/wp-login.php HTTP/1.1" 404 134 "-" "Mozilla/5.0 (Windows NT 10.0; Win64; x64)"
172.187.168.139 - - [23/Feb/2026:11:18:21 +0000] "POST /wp-cron.php?doing_wp_cron=1771845501.6882030963897705078125 HTTP/1.1" 200 31 "-" "WordPress/6.9.1; https://doccure-wp.dreamstechnologies.com"
45.149.187.90 - - [23/Feb/2026:11:18:21 +0000] "GET /login/wp-admin/ HTTP/1.1" 404 17195 "-" "Mozilla/5.0 (Windows NT 10.0; Win64; x64)"
111.118.241.170 - - [23/Feb/2026:11:20:59 +0000] "GET /wp-content/uploads/2025/01/banner-user1-1.jpg HTTP/1.1" 200 61943 "https://darkslategrey-mole-966668.hostingersite.com/" "Mozilla/5.0 (X11; Linux x86_64) AppleWebKit/537.36 (KHTML, like Gecko) Chrome/142.0.0.0 Safari/537.36"
111.118.241.170 - - [23/Feb/2026:11:20:59 +0000] "GET /wp-content/uploads/2025/01/banner-user2-1.jpg HTTP/1.1" 200 57759 "https://darkslategrey-mole-966668.hostingersite.com/" "Mozilla/5.0 (X11; Linux x86_64) AppleWebKit/537.36 (KHTML, like Gecko) Chrome/142.0.0.0 Safari/537.36"
111.118.241.170 - - [23/Feb/2026:11:20:59 +0000] "GET /wp-content/uploads/2025/01/banner-user3-1.jpg HTTP/1.1" 200 55292 "https://darkslategrey-mole-966668.hostingersite.com/" "Mozilla/5.0 (X11; Linux x86_64) AppleWebKit/537.36 (KHTML, like Gecko) Chrome/142.0.0.0 Safari/537.36"
111.118.241.170 - - [23/Feb/2026:11:21:01 +0000] "GET /wp-content/uploads/2025/01/list-icon-01-1.svg HTTP/1.1" 200 2560 "https://darkslategrey-mole-966668.hostingersite.com/" "Mozilla/5.0 (X11; Linux x86_64) AppleWebKit/537.36 (KHTML, like Gecko) Chrome/142.0.0.0 Safari/537.36"
111.118.241.170 - - [23/Feb/2026:11:21:01 +0000] "GET /wp-content/uploads/2025/01/banner-patient-1-1.jpg HTTP/1.1" 200 5731 "https://darkslategrey-mole-966668.hostingersite.com/" "Mozilla/5.0 (X11; Linux x86_64) AppleWebKit/537.36 (KHTML, like Gecko) Chrome/142.0.0.0 Safari/537.36"
111.118.241.170 - - [23/Feb/2026:11:21:01 +0000] "GET /wp-content/uploads/2025/01/banner-icon-4-1.png HTTP/1.1" 200 5878 "https://darkslategrey-mole-966668.hostingersite.com/" "Mozilla/5.0 (X11; Linux x86_64) AppleWebKit/537.36 (KHTML, like Gecko) Chrome/142.0.0.0 Safari/537.36"
111.118.241.170 - - [23/Feb/2026:11:21:01 +0000] "GET /wp-content/uploads/2025/01/speciality-06-1.jpg HTTP/1.1" 200 77656 "https://darkslategrey-mole-966668.hostingersite.com/" "Mozilla/5.0 (X11; Linux x86_64) AppleWebKit/537.36 (KHTML, like Gecko) Chrome/142.0.0.0 Safari/537.36"
111.118.241.170 - - [23/Feb/2026:11:21:01 +0000] "GET /wp-content/uploads/2025/01/app-store-01-1.svg HTTP/1.1" 200 19093 "https://darkslategrey-mole-966668.hostingersite.com/" "Mozilla/5.0 (X11; Linux x86_64) AppleWebKit/537.36 (KHTML, like Gecko) Chrome/142.0.0.0 Safari/537.36"
111.118.241.170 - - [23/Feb/2026:11:21:01 +0000] "GET /wp-content/uploads/2025/01/banner-patient-3-1.jpg HTTP/1.1" 200 5461 "https://darkslategrey-mole-966668.hostingersite.com/" "Mozilla/5.0 (X11; Linux x86_64) AppleWebKit/537.36 (KHTML, like Gecko) Chrome/142.0.0.0 Safari/537.36"
111.118.241.170 - - [23/Feb/2026:11:21:01 +0000] "GET /wp-content/uploads/2025/01/banner-patient-2-1.jpg HTTP/1.1" 200 5251 "https://darkslategrey-mole-966668.hostingersite.com/" "Mozilla/5.0 (X11; Linux x86_64) AppleWebKit/537.36 (KHTML, like Gecko) Chrome/142.0.0.0 Safari/537.36"
111.118.241.170 - - [23/Feb/2026:11:21:01 +0000] "GET /wp-content/uploads/2025/01/banner-icon-1-1.png HTTP/1.1" 200 35173 "https://darkslategrey-mole-966668.hostingersite.com/" "Mozilla/5.0 (X11; Linux x86_64) AppleWebKit/537.36 (KHTML, like Gecko) Chrome/142.0.0.0 Safari/537.36"
111.118.241.170 - - [23/Feb/2026:11:21:01 +0000] "GET /wp-content/uploads/2025/01/company-03-1.svg HTTP/1.1" 200 4666 "https://darkslategrey-mole-966668.hostingersite.com/" "Mozilla/5.0 (X11; Linux x86_64) AppleWebKit/537.36 (KHTML, like Gecko) Chrome/142.0.0.0 Safari/537.36"
111.118.241.170 - - [23/Feb/2026:11:21:01 +0000] "GET /wp-content/uploads/2025/01/banner-icon-5-1.svg HTTP/1.1" 200 428 "https://darkslategrey-mole-966668.hostingersite.com/" "Mozilla/5.0 (X11; Linux x86_64) AppleWebKit/537.36 (KHTML, like Gecko) Chrome/142.0.0.0 Safari/537.36"
111.118.241.170 - - [23/Feb/2026:11:21:01 +0000] "GET /wp-content/uploads/2025/01/speciality-02-1.jpg HTTP/1.1" 200 73191 "https://darkslategrey-mole-966668.hostingersite.com/" "Mozilla/5.0 (X11; Linux x86_64) AppleWebKit/537.36 (KHTML, like Gecko) Chrome/142.0.0.0 Safari/537.36"
111.118.241.170 - - [23/Feb/2026:11:21:01 +0000] "GET /wp-content/uploads/2025/01/speciality-icon-01-1.svg HTTP/1.1" 200 16368 "https://darkslategrey-mole-966668.hostingersite.com/" "Mozilla/5.0 (X11; Linux x86_64) AppleWebKit/537.36 (KHTML, like Gecko) Chrome/142.0.0.0 Safari/537.36"
111.118.241.170 - - [23/Feb/2026:11:21:01 +0000] "GET /wp-content/uploads/2025/01/company-04-1.svg HTTP/1.1" 200 12093 "https://darkslategrey-mole-966668.hostingersite.com/" "Mozilla/5.0 (X11; Linux x86_64) AppleWebKit/537.36 (KHTML, like Gecko) Chrome/142.0.0.0 Safari/537.36"
111.118.241.170 - - [23/Feb/2026:11:21:01 +0000] "GET /wp-content/uploads/2025/01/company-01-1.svg HTTP/1.1" 200 5600 "https://darkslategrey-mole-966668.hostingersite.com/" "Mozilla/5.0 (X11; Linux x86_64) AppleWebKit/537.36 (KHTML, like Gecko) Chrome/142.0.0.0 Safari/537.36"
111.118.241.170 - - [23/Feb/2026:11:21:01 +0000] "GET /wp-content/uploads/2025/01/video-1.svg HTTP/1.1" 200 19342 "https://darkslategrey-mole-966668.hostingersite.com/" "Mozilla/5.0 (X11; Linux x86_64) AppleWebKit/537.36 (KHTML, like Gecko) Chrome/142.0.0.0 Safari/537.36"
111.118.241.170 - - [23/Feb/2026:11:21:01 +0000] "GET /wp-content/uploads/2025/01/list-icon-05-1.svg HTTP/1.1" 200 1745 "https://darkslategrey-mole-966668.hostingersite.com/" "Mozilla/5.0 (X11; Linux x86_64) AppleWebKit/537.36 (KHTML, like Gecko) Chrome/142.0.0.0 Safari/537.36"
111.118.241.170 - - [23/Feb/2026:11:21:01 +0000] "GET /wp-content/uploads/2025/01/speciality-icon-07-1.svg HTTP/1.1" 200 7355 "https://darkslategrey-mole-966668.hostingersite.com/" "Mozilla/5.0 (X11; Linux x86_64) AppleWebKit/537.36 (KHTML, like Gecko) Chrome/142.0.0.0 Safari/537.36"
111.118.241.170 - - [23/Feb/2026:11:21:01 +0000] "GET /wp-content/uploads/2025/01/speciality-icon-04-1.svg HTTP/1.1" 200 12836 "https://darkslategrey-mole-966668.hostingersite.com/" "Mozilla/5.0 (X11; Linux x86_64) AppleWebKit/537.36 (KHTML, like Gecko) Chrome/142.0.0.0 Safari/537.36"
111.118.241.170 - - [23/Feb/2026:11:21:01 +0000] "GET /wp-content/uploads/2025/01/speciality-05-1.jpg HTTP/1.1" 200 91447 "https://darkslategrey-mole-966668.hostingersite.com/" "Mozilla/5.0 (X11; Linux x86_64) AppleWebKit/537.36 (KHTML, like Gecko) Chrome/142.0.0.0 Safari/537.36"
111.118.241.170 - - [23/Feb/2026:11:21:01 +0000] "GET /wp-content/uploads/2025/01/banner-icon-2-1.png HTTP/1.1" 200 25272 "https://darkslategrey-mole-966668.hostingersite.com/" "Mozilla/5.0 (X11; Linux x86_64) AppleWebKit/537.36 (KHTML, like Gecko) Chrome/142.0.0.0 Safari/537.36"
111.118.241.170 - - [23/Feb/2026:11:21:01 +0000] "GET /wp-content/uploads/2025/01/banner-icon-3-1.png HTTP/1.1" 200 22042 "https://darkslategrey-mole-966668.hostingersite.com/" "Mozilla/5.0 (X11; Linux x86_64) AppleWebKit/537.36 (KHTML, like Gecko) Chrome/142.0.0.0 Safari/537.36"
111.118.241.170 - - [23/Feb/2026:11:21:01 +0000] "GET /wp-content/uploads/2025/01/speciality-icon-03-1.svg HTTP/1.1" 200 22720 "https://darkslategrey-mole-966668.hostingersite.com/" "Mozilla/5.0 (X11; Linux x86_64) AppleWebKit/537.36 (KHTML, like Gecko) Chrome/142.0.0.0 Safari/537.36"
111.118.241.170 - - [23/Feb/2026:11:21:01 +0000] "GET /wp-content/uploads/2025/01/company-06-1.svg HTTP/1.1" 200 6562 "https://darkslategrey-mole-966668.hostingersite.com/" "Mozilla/5.0 (X11; Linux x86_64) AppleWebKit/537.36 (KHTML, like Gecko) Chrome/142.0.0.0 Safari/537.36"
111.118.241.170 - - [23/Feb/2026:11:21:01 +0000] "GET /wp-content/uploads/2025/01/app-bg-03-1.png HTTP/1.1" 200 12494 "https://darkslategrey-mole-966668.hostingersite.com/" "Mozilla/5.0 (X11; Linux x86_64) AppleWebKit/537.36 (KHTML, like Gecko) Chrome/142.0.0.0 Safari/537.36"
111.118.241.170 - - [23/Feb/2026:11:21:01 +0000] "GET /wp-content/uploads/2025/01/speciality-icon-06-1.svg HTTP/1.1" 200 8651 "https://darkslategrey-mole-966668.hostingersite.com/" "Mozilla/5.0 (X11; Linux x86_64) AppleWebKit/537.36 (KHTML, like Gecko) Chrome/142.0.0.0 Safari/537.36"
111.118.241.170 - - [23/Feb/2026:11:21:01 +0000] "GET /wp-content/uploads/2025/01/list-icon-03-1.svg HTTP/1.1" 200 919 "https://darkslategrey-mole-966668.hostingersite.com/" "Mozilla/5.0 (X11; Linux x86_64) AppleWebKit/537.36 (KHTML, like Gecko) Chrome/142.0.0.0 Safari/537.36"
111.118.241.170 - - [23/Feb/2026:11:21:01 +0000] "GET /wp-content/uploads/2025/01/speciality-07-1.jpg HTTP/1.1" 200 92397 "https://darkslategrey-mole-966668.hostingersite.com/" "Mozilla/5.0 (X11; Linux x86_64) AppleWebKit/537.36 (KHTML, like Gecko) Chrome/142.0.0.0 Safari/537.36"
111.118.241.170 - - [23/Feb/2026:11:21:01 +0000] "GET /wp-content/uploads/2025/01/list-icon-04-1.svg HTTP/1.1" 200 1065 "https://darkslategrey-mole-966668.hostingersite.com/" "Mozilla/5.0 (X11; Linux x86_64) AppleWebKit/537.36 (KHTML, like Gecko) Chrome/142.0.0.0 Safari/537.36"
111.118.241.170 - - [23/Feb/2026:11:21:01 +0000] "GET /wp-content/uploads/2025/01/speciality-icon-02-1.svg HTTP/1.1" 200 9670 "https://darkslategrey-mole-966668.hostingersite.com/" "Mozilla/5.0 (X11; Linux x86_64) AppleWebKit/537.36 (KHTML, like Gecko) Chrome/142.0.0.0 Safari/537.36"
111.118.241.170 - - [23/Feb/2026:11:21:01 +0000] "GET /wp-content/uploads/2025/01/speciality-08-1.jpg HTTP/1.1" 200 59307 "https://darkslategrey-mole-966668.hostingersite.com/" "Mozilla/5.0 (X11; Linux x86_64) AppleWebKit/537.36 (KHTML, like Gecko) Chrome/142.0.0.0 Safari/537.36"
111.118.241.170 - - [23/Feb/2026:11:21:01 +0000] "GET /wp-content/uploads/2025/01/list-icon-06-1.svg HTTP/1.1" 200 748 "https://darkslategrey-mole-966668.hostingersite.com/" "Mozilla/5.0 (X11; Linux x86_64) AppleWebKit/537.36 (KHTML, like Gecko) Chrome/142.0.0.0 Safari/537.36"
111.118.241.170 - - [23/Feb/2026:11:21:01 +0000] "GET /wp-content/uploads/2025/01/speciality-04-1.jpg HTTP/1.1" 200 80057 "https://darkslategrey-mole-966668.hostingersite.com/" "Mozilla/5.0 (X11; Linux x86_64) AppleWebKit/537.36 (KHTML, like Gecko) Chrome/142.0.0.0 Safari/537.36"
111.118.241.170 - - [23/Feb/2026:11:21:01 +0000] "GET /wp-content/uploads/2025/01/speciality-icon-05-1.svg HTTP/1.1" 200 5445 "https://darkslategrey-mole-966668.hostingersite.com/" "Mozilla/5.0 (X11; Linux x86_64) AppleWebKit/537.36 (KHTML, like Gecko) Chrome/142.0.0.0 Safari/537.36"
111.118.241.170 - - [23/Feb/2026:11:21:01 +0000] "GET /wp-content/uploads/2025/01/speciality-01-1.jpg HTTP/1.1" 200 67730 "https://darkslategrey-mole-966668.hostingersite.com/" "Mozilla/5.0 (X11; Linux x86_64) AppleWebKit/537.36 (KHTML, like Gecko) Chrome/142.0.0.0 Safari/537.36"
111.118.241.170 - - [23/Feb/2026:11:21:01 +0000] "GET /wp-content/uploads/2025/01/download-bg-1.png HTTP/1.1" 200 80236 "https://darkslategrey-mole-966668.hostingersite.com/" "Mozilla/5.0 (X11; Linux x86_64) AppleWebKit/537.36 (KHTML, like Gecko) Chrome/142.0.0.0 Safari/537.36"
111.118.241.170 - - [23/Feb/2026:11:21:01 +0000] "GET /wp-content/uploads/2025/01/list-icon-02-1.svg HTTP/1.1" 200 1597 "https://darkslategrey-mole-966668.hostingersite.com/" "Mozilla/5.0 (X11; Linux x86_64) AppleWebKit/537.36 (KHTML, like Gecko) Chrome/142.0.0.0 Safari/537.36"
111.118.241.170 - - [23/Feb/2026:11:21:01 +0000] "GET /wp-content/uploads/2025/01/mobile-img-1.png HTTP/1.1" 200 33148 "https://darkslategrey-mole-966668.hostingersite.com/" "Mozilla/5.0 (X11; Linux x86_64) AppleWebKit/537.36 (KHTML, like Gecko) Chrome/142.0.0.0 Safari/537.36"
111.118.241.170 - - [23/Feb/2026:11:21:01 +0000] "GET /wp-content/uploads/2025/01/company-05-1.svg HTTP/1.1" 200 45014 "https://darkslategrey-mole-966668.hostingersite.com/" "Mozilla/5.0 (X11; Linux x86_64) AppleWebKit/537.36 (KHTML, like Gecko) Chrome/142.0.0.0 Safari/537.36"
111.118.241.170 - - [23/Feb/2026:11:21:01 +0000] "GET /wp-content/uploads/2025/01/app-bg-04-1.png HTTP/1.1" 200 46862 "https://darkslategrey-mole-966668.hostingersite.com/" "Mozilla/5.0 (X11; Linux x86_64) AppleWebKit/537.36 (KHTML, like Gecko) Chrome/142.0.0.0 Safari/537.36"
111.118.241.170 - - [23/Feb/2026:11:21:01 +0000] "GET /wp-content/uploads/2025/01/list-icon-07-1.svg HTTP/1.1" 200 748 "https://darkslategrey-mole-966668.hostingersite.com/" "Mozilla/5.0 (X11; Linux x86_64) AppleWebKit/537.36 (KHTML, like Gecko) Chrome/142.0.0.0 Safari/537.36"
111.118.241.170 - - [23/Feb/2026:11:21:01 +0000] "GET /wp-content/uploads/2025/01/google-play-01-1.svg HTTP/1.1" 200 15483 "https://darkslategrey-mole-966668.hostingersite.com/" "Mozilla/5.0 (X11; Linux x86_64) AppleWebKit/537.36 (KHTML, like Gecko) Chrome/142.0.0.0 Safari/537.36"
111.118.241.170 - - [23/Feb/2026:11:21:01 +0000] "GET /wp-content/uploads/2025/01/company-08-1.svg HTTP/1.1" 200 3955 "https://darkslategrey-mole-966668.hostingersite.com/" "Mozilla/5.0 (X11; Linux x86_64) AppleWebKit/537.36 (KHTML, like Gecko) Chrome/142.0.0.0 Safari/537.36"
111.118.241.170 - - [23/Feb/2026:11:21:01 +0000] "GET /wp-content/uploads/2025/01/app-bg-02-1.png HTTP/1.1" 200 29932 "https://darkslategrey-mole-966668.hostingersite.com/" "Mozilla/5.0 (X11; Linux x86_64) AppleWebKit/537.36 (KHTML, like Gecko) Chrome/142.0.0.0 Safari/537.36"
111.118.241.170 - - [23/Feb/2026:11:21:01 +0000] "GET /wp-content/uploads/2025/01/speciality-03-1.jpg HTTP/1.1" 200 69424 "https://darkslategrey-mole-966668.hostingersite.com/" "Mozilla/5.0 (X11; Linux x86_64) AppleWebKit/537.36 (KHTML, like Gecko) Chrome/142.0.0.0 Safari/537.36"
111.118.241.170 - - [23/Feb/2026:11:21:01 +0000] "GET /wp-content/uploads/2025/01/company-07-1.svg HTTP/1.1" 200 6375 "https://darkslategrey-mole-966668.hostingersite.com/" "Mozilla/5.0 (X11; Linux x86_64) AppleWebKit/537.36 (KHTML, like Gecko) Chrome/142.0.0.0 Safari/537.36"
111.118.241.170 - - [23/Feb/2026:11:21:01 +0000] "GET /wp-content/uploads/2025/01/company-02-1.svg HTTP/1.1" 200 3851 "https://darkslategrey-mole-966668.hostingersite.com/" "Mozilla/5.0 (X11; Linux x86_64) AppleWebKit/537.36 (KHTML, like Gecko) Chrome/142.0.0.0 Safari/537.36"
111.118.241.170 - - [23/Feb/2026:11:21:01 +0000] "GET /wp-content/uploads/2025/01/speciality-icon-08-1.svg HTTP/1.1" 200 10680 "https://darkslategrey-mole-966668.hostingersite.com/" "Mozilla/5.0 (X11; Linux x86_64) AppleWebKit/537.36 (KHTML, like Gecko) Chrome/142.0.0.0 Safari/537.36"
111.118.241.170 - - [23/Feb/2026:11:21:01 +0000] "GET /wp-content/uploads/2025/01/book-03-1.jpg HTTP/1.1" 200 229390 "https://darkslategrey-mole-966668.hostingersite.com/" "Mozilla/5.0 (X11; Linux x86_64) AppleWebKit/537.36 (KHTML, like Gecko) Chrome/142.0.0.0 Safari/537.36"
111.118.241.170 - - [23/Feb/2026:11:21:01 +0000] "GET /wp-content/uploads/2025/01/book-02-1.jpg HTTP/1.1" 200 225804 "https://darkslategrey-mole-966668.hostingersite.com/" "Mozilla/5.0 (X11; Linux x86_64) AppleWebKit/537.36 (KHTML, like Gecko) Chrome/142.0.0.0 Safari/537.36"
111.118.241.170 - - [23/Feb/2026:11:21:01 +0000] "GET /wp-content/uploads/2025/01/book-01-1.jpg HTTP/1.1" 200 413153 "https://darkslategrey-mole-966668.hostingersite.com/" "Mozilla/5.0 (X11; Linux x86_64) AppleWebKit/537.36 (KHTML, like Gecko) Chrome/142.0.0.0 Safari/537.36"
111.118.241.170 - - [23/Feb/2026:11:21:01 +0000] "GET /wp-content/uploads/2025/01/banner-doctor-1.svg HTTP/1.1" 200 1246833 "https://darkslategrey-mole-966668.hostingersite.com/" "Mozilla/5.0 (X11; Linux x86_64) AppleWebKit/537.36 (KHTML, like Gecko) Chrome/142.0.0.0 Safari/537.36"
172.187.168.139 - - [23/Feb/2026:11:21:13 +0000] "POST /wp-cron.php?doing_wp_cron=1771845673.4697279930114746093750 HTTP/1.1" 200 31 "-" "WordPress/6.9.1; https://doccure-wp.dreamstechnologies.com"
35.173.69.86 - - [23/Feb/2026:11:21:13 +0000] "GET / HTTP/1.1" 200 29870 "-" "FreshpingBot/1.0 (+https://freshping.io/)"
172.187.168.139 - - [23/Feb/2026:11:21:55 +0000] "POST /wp-cron.php?doing_wp_cron=1771845715.1282360553741455078125 HTTP/1.1" 200 31 "-" "WordPress/6.9.1; https://doccure-wp.dreamstechnologies.com"
14.174.57.211 - - [23/Feb/2026:11:21:55 +0000] "GET /doctors/saeed-tamer/ HTTP/1.1" 200 20997 "-" "Mozilla/5.0 (X11; NetBSD) AppleWebKit/537.36 (KHTML, like Gecko) Chrome/27.0.1453.116 Safari/537.36"
172.187.168.139 - - [23/Feb/2026:11:22:18 +0000] "POST /wp-cron.php?doing_wp_cron=1771845738.9009590148925781250000 HTTP/1.1" 200 31 "-" "WordPress/6.9.1; https://doccure-wp.dreamstechnologies.com"
2a01:e0a:996:a270:c9b3:53d9:5c18:d163 - - [23/Feb/2026:11:22:18 +0000] "GET /elementor/wp-content/uploads/2023/07/partners-3.svg HTTP/1.1" 404 17269 "https://psymatch.fr/" "Mozilla/5.0 (Macintosh; Intel Mac OS X 10_15_7) AppleWebKit/537.36 (KHTML, like Gecko) Chrome/144.0.0.0 Safari/537.36"
2a01:e0a:996:a270:c9b3:53d9:5c18:d163 - - [23/Feb/2026:11:22:19 +0000] "GET /elementor/wp-content/uploads/2023/07/work-02.svg HTTP/1.1" 404 17254 "https://psymatch.fr/" "Mozilla/5.0 (Macintosh; Intel Mac OS X 10_15_7) AppleWebKit/537.36 (KHTML, like Gecko) Chrome/144.0.0.0 Safari/537.36"
2a01:e0a:996:a270:c9b3:53d9:5c18:d163 - - [23/Feb/2026:11:22:19 +0000] "GET /elementor/wp-content/uploads/2023/07/partners-2.svg HTTP/1.1" 404 17248 "https://psymatch.fr/" "Mozilla/5.0 (Macintosh; Intel Mac OS X 10_15_7) AppleWebKit/537.36 (KHTML, like Gecko) Chrome/144.0.0.0 Safari/537.36"
2a01:e0a:996:a270:c9b3:53d9:5c18:d163 - - [23/Feb/2026:11:22:19 +0000] "GET /elementor/wp-content/uploads/2023/07/work-03.svg HTTP/1.1" 404 17256 "https://psymatch.fr/" "Mozilla/5.0 (Macintosh; Intel Mac OS X 10_15_7) AppleWebKit/537.36 (KHTML, like Gecko) Chrome/144.0.0.0 Safari/537.36"
2a01:e0a:996:a270:c9b3:53d9:5c18:d163 - - [23/Feb/2026:11:22:19 +0000] "GET /elementor/wp-content/uploads/2023/07/partners-6.svg HTTP/1.1" 404 17261 "https://psymatch.fr/" "Mozilla/5.0 (Macintosh; Intel Mac OS X 10_15_7) AppleWebKit/537.36 (KHTML, like Gecko) Chrome/144.0.0.0 Safari/537.36"
2a01:e0a:996:a270:c9b3:53d9:5c18:d163 - - [23/Feb/2026:11:22:19 +0000] "GET /elementor/wp-content/uploads/2023/07/partners-5.svg HTTP/1.1" 404 17271 "https://psymatch.fr/" "Mozilla/5.0 (Macintosh; Intel Mac OS X 10_15_7) AppleWebKit/537.36 (KHTML, like Gecko) Chrome/144.0.0.0 Safari/537.36"
2a01:e0a:996:a270:c9b3:53d9:5c18:d163 - - [23/Feb/2026:11:22:19 +0000] "GET /elementor/wp-content/uploads/2023/07/partners-4.svg HTTP/1.1" 404 17250 "https://psymatch.fr/" "Mozilla/5.0 (Macintosh; Intel Mac OS X 10_15_7) AppleWebKit/537.36 (KHTML, like Gecko) Chrome/144.0.0.0 Safari/537.36"
2a01:e0a:996:a270:c9b3:53d9:5c18:d163 - - [23/Feb/2026:11:22:19 +0000] "GET /elementor/wp-content/uploads/2023/07/partners-1.svg HTTP/1.1" 404 17249 "https://psymatch.fr/" "Mozilla/5.0 (Macintosh; Intel Mac OS X 10_15_7) AppleWebKit/537.36 (KHTML, like Gecko) Chrome/144.0.0.0 Safari/537.36"
172.187.168.139 - - [23/Feb/2026:11:26:23 +0000] "POST /wp-cron.php?doing_wp_cron=1771845983.7343440055847167968750 HTTP/1.1" 200 31 "-" "WordPress/6.9.1; https://doccure-wp.dreamstechnologies.com"
50.17.185.102 - - [23/Feb/2026:11:26:23 +0000] "GET / HTTP/1.1" 200 29870 "-" "FreshpingBot/1.0 (+https://freshping.io/)"
95.154.200.57 - - [23/Feb/2026:11:28:12 +0000] "GET /wp-content/uploads/2023/07/work-04.svg HTTP/1.1" 200 8108 "https://medmarham.com/" "Mozilla/5.0 (Macintosh; Intel Mac OS X 10_15_7) AppleWebKit/537.36 (KHTML, like Gecko, Foregenix) Chrome/144.0.0.0 Safari/537.36"
95.154.200.57 - - [23/Feb/2026:11:28:12 +0000] "GET /wp-content/uploads/2023/07/work-03.svg HTTP/1.1" 200 8726 "https://medmarham.com/" "Mozilla/5.0 (Macintosh; Intel Mac OS X 10_15_7) AppleWebKit/537.36 (KHTML, like Gecko, Foregenix) Chrome/144.0.0.0 Safari/537.36"
95.154.200.57 - - [23/Feb/2026:11:28:12 +0000] "GET /wp-content/uploads/2023/07/work-img.png HTTP/1.1" 200 65514 "https://medmarham.com/" "Mozilla/5.0 (Macintosh; Intel Mac OS X 10_15_7) AppleWebKit/537.36 (KHTML, like Gecko, Foregenix) Chrome/144.0.0.0 Safari/537.36"
95.154.200.57 - - [23/Feb/2026:11:28:12 +0000] "GET /wp-content/uploads/2023/07/work-01.svg HTTP/1.1" 200 7310 "https://medmarham.com/" "Mozilla/5.0 (Macintosh; Intel Mac OS X 10_15_7) AppleWebKit/537.36 (KHTML, like Gecko, Foregenix) Chrome/144.0.0.0 Safari/537.36"
95.154.200.57 - - [23/Feb/2026:11:28:12 +0000] "GET /wp-content/uploads/2023/07/work-02.svg HTTP/1.1" 200 9185 "https://medmarham.com/" "Mozilla/5.0 (Macintosh; Intel Mac OS X 10_15_7) AppleWebKit/537.36 (KHTML, like Gecko, Foregenix) Chrome/144.0.0.0 Safari/537.36"
172.187.168.139 - - [23/Feb/2026:11:31:18 +0000] "POST /wp-cron.php?doing_wp_cron=1771846278.4014620780944824218750 HTTP/1.1" 200 31 "-" "WordPress/6.9.1; https://doccure-wp.dreamstechnologies.com"
35.173.69.86 - - [23/Feb/2026:11:31:18 +0000] "GET / HTTP/1.1" 200 29870 "-" "FreshpingBot/1.0 (+https://freshping.io/)"
172.187.168.139 - - [23/Feb/2026:11:33:58 +0000] "POST /wp-cron.php?doing_wp_cron=1771846438.1778059005737304687500 HTTP/1.1" 200 31 "-" "WordPress/6.9.1; https://doccure-wp.dreamstechnologies.com"
123.19.83.167 - - [23/Feb/2026:11:33:58 +0000] "GET /blog/ HTTP/1.1" 200 20609 "-" "Mozilla/5.0 (Macintosh; Intel Mac OS X 10_14_5) AppleWebKit/537.36 (KHTML, like Gecko) Chrome/88.0.4324.192 Safari/537.36"
172.187.168.139 - - [23/Feb/2026:11:36:13 +0000] "POST /wp-cron.php?doing_wp_cron=1771846573.2421441078186035156250 HTTP/1.1" 200 31 "-" "WordPress/6.9.1; https://doccure-wp.dreamstechnologies.com"
50.17.185.102 - - [23/Feb/2026:11:36:13 +0000] "GET / HTTP/1.1" 200 29870 "-" "FreshpingBot/1.0 (+https://freshping.io/)"
172.187.168.139 - - [23/Feb/2026:11:40:04 +0000] "POST /wp-cron.php?doing_wp_cron=1771846804.5818419456481933593750 HTTP/1.1" 200 31 "-" "WordPress/6.9.1; https://doccure-wp.dreamstechnologies.com"
2a03:2880:f800:3:: - - [23/Feb/2026:11:40:04 +0000] "GET /wp-sitemap-taxonomies-specialities-1.xml HTTP/1.1" 200 575 "-" "meta-externalagent/1.1 (+https://developers.facebook.com/docs/sharing/webmasters/crawler)"
172.187.168.139 - - [23/Feb/2026:11:41:13 +0000] "POST /wp-cron.php?doing_wp_cron=1771846873.2371790409088134765625 HTTP/1.1" 200 31 "-" "WordPress/6.9.1; https://doccure-wp.dreamstechnologies.com"
35.173.69.86 - - [23/Feb/2026:11:41:13 +0000] "GET / HTTP/1.1" 200 29870 "-" "FreshpingBot/1.0 (+https://freshping.io/)"
172.187.168.139 - - [23/Feb/2026:11:46:26 +0000] "POST /wp-cron.php?doing_wp_cron=1771847186.1348330974578857421875 HTTP/1.1" 200 31 "-" "WordPress/6.9.1; https://doccure-wp.dreamstechnologies.com"
35.173.69.86 - - [23/Feb/2026:11:46:26 +0000] "GET / HTTP/1.1" 200 29870 "-" "FreshpingBot/1.0 (+https://freshping.io/)"
111.118.241.170 - - [23/Feb/2026:11:47:08 +0000] "GET /wp-content/uploads/2025/01/video-1.svg HTTP/1.1" 200 19342 "https://darkslategrey-mole-966668.hostingersite.com/" "Mozilla/5.0 (X11; Linux x86_64) AppleWebKit/537.36 (KHTML, like Gecko) Chrome/142.0.0.0 Safari/537.36"
111.118.241.170 - - [23/Feb/2026:11:47:08 +0000] "GET /wp-content/uploads/2025/01/banner-patient-1-1.jpg HTTP/1.1" 200 5731 "https://darkslategrey-mole-966668.hostingersite.com/" "Mozilla/5.0 (X11; Linux x86_64) AppleWebKit/537.36 (KHTML, like Gecko) Chrome/142.0.0.0 Safari/537.36"
111.118.241.170 - - [23/Feb/2026:11:47:08 +0000] "GET /wp-content/uploads/2025/01/speciality-icon-04-1.svg HTTP/1.1" 200 12836 "https://darkslategrey-mole-966668.hostingersite.com/" "Mozilla/5.0 (X11; Linux x86_64) AppleWebKit/537.36 (KHTML, like Gecko) Chrome/142.0.0.0 Safari/537.36"
111.118.241.170 - - [23/Feb/2026:11:47:08 +0000] "GET /wp-content/uploads/2025/01/list-icon-03-1.svg HTTP/1.1" 200 919 "https://darkslategrey-mole-966668.hostingersite.com/" "Mozilla/5.0 (X11; Linux x86_64) AppleWebKit/537.36 (KHTML, like Gecko) Chrome/142.0.0.0 Safari/537.36"
111.118.241.170 - - [23/Feb/2026:11:47:08 +0000] "GET /wp-content/uploads/2025/01/list-icon-05-1.svg HTTP/1.1" 200 1745 "https://darkslategrey-mole-966668.hostingersite.com/" "Mozilla/5.0 (X11; Linux x86_64) AppleWebKit/537.36 (KHTML, like Gecko) Chrome/142.0.0.0 Safari/537.36"
111.118.241.170 - - [23/Feb/2026:11:47:08 +0000] "GET /wp-content/uploads/2025/01/banner-icon-5-1.svg HTTP/1.1" 200 428 "https://darkslategrey-mole-966668.hostingersite.com/" "Mozilla/5.0 (X11; Linux x86_64) AppleWebKit/537.36 (KHTML, like Gecko) Chrome/142.0.0.0 Safari/537.36"
111.118.241.170 - - [23/Feb/2026:11:47:08 +0000] "GET /wp-content/uploads/2025/01/app-bg-04-1.png HTTP/1.1" 200 46862 "https://darkslategrey-mole-966668.hostingersite.com/" "Mozilla/5.0 (X11; Linux x86_64) AppleWebKit/537.36 (KHTML, like Gecko) Chrome/142.0.0.0 Safari/537.36"
111.118.241.170 - - [23/Feb/2026:11:47:08 +0000] "GET /wp-content/uploads/2025/01/company-03-1.svg HTTP/1.1" 200 4666 "https://darkslategrey-mole-966668.hostingersite.com/" "Mozilla/5.0 (X11; Linux x86_64) AppleWebKit/537.36 (KHTML, like Gecko) Chrome/142.0.0.0 Safari/537.36"
111.118.241.170 - - [23/Feb/2026:11:47:08 +0000] "GET /wp-content/uploads/2025/01/speciality-icon-06-1.svg HTTP/1.1" 200 8651 "https://darkslategrey-mole-966668.hostingersite.com/" "Mozilla/5.0 (X11; Linux x86_64) AppleWebKit/537.36 (KHTML, like Gecko) Chrome/142.0.0.0 Safari/537.36"
111.118.241.170 - - [23/Feb/2026:11:47:08 +0000] "GET /wp-content/uploads/2025/01/mobile-img-1.png HTTP/1.1" 200 33148 "https://darkslategrey-mole-966668.hostingersite.com/" "Mozilla/5.0 (X11; Linux x86_64) AppleWebKit/537.36 (KHTML, like Gecko) Chrome/142.0.0.0 Safari/537.36"
111.118.241.170 - - [23/Feb/2026:11:47:08 +0000] "GET /wp-content/uploads/2025/01/banner-bg-01-1.png HTTP/1.1" 200 111908 "https://darkslategrey-mole-966668.hostingersite.com/" "Mozilla/5.0 (X11; Linux x86_64) AppleWebKit/537.36 (KHTML, like Gecko) Chrome/142.0.0.0 Safari/537.36"
111.118.241.170 - - [23/Feb/2026:11:47:09 +0000] "GET /wp-content/uploads/2025/01/home-banner-bg-1.png HTTP/1.1" 200 1608405 "https://darkslategrey-mole-966668.hostingersite.com/" "Mozilla/5.0 (X11; Linux x86_64) AppleWebKit/537.36 (KHTML, like Gecko) Chrome/142.0.0.0 Safari/537.36"
172.187.168.139 - - [23/Feb/2026:11:49:34 +0000] "POST /wp-cron.php?doing_wp_cron=1771847374.1346189975738525390625 HTTP/1.1" 200 31 "-" "WordPress/6.9.1; https://doccure-wp.dreamstechnologies.com"
216.73.216.143 - - [23/Feb/2026:11:49:34 +0000] "GET /robots.txt HTTP/1.1" 200 427 "-" "Mozilla/5.0 AppleWebKit/537.36 (KHTML, like Gecko; compatible; ClaudeBot/1.0; [email protected])"
216.73.216.143 - - [23/Feb/2026:11:49:35 +0000] "GET /wp-sitemap.xml HTTP/1.1" 200 2588 "-" "Mozilla/5.0 AppleWebKit/537.36 (KHTML, like Gecko; compatible; ClaudeBot/1.0; [email protected])"
2a03:2880:f800:40:: - - [23/Feb/2026:11:49:53 +0000] "GET /services/orthopaedics/ HTTP/1.1" 404 17176 "-" "meta-externalagent/1.1 (+https://developers.facebook.com/docs/sharing/webmasters/crawler)"
172.187.168.139 - - [23/Feb/2026:11:51:07 +0000] "POST /wp-cron.php?doing_wp_cron=1771847467.8716270923614501953125 HTTP/1.1" 200 31 "-" "WordPress/6.9.1; https://doccure-wp.dreamstechnologies.com"
35.173.69.86 - - [23/Feb/2026:11:51:07 +0000] "GET / HTTP/1.1" 200 29870 "-" "FreshpingBot/1.0 (+https://freshping.io/)"
172.187.168.139 - - [23/Feb/2026:11:56:37 +0000] "POST /wp-cron.php?doing_wp_cron=1771847797.6726450920104980468750 HTTP/1.1" 200 31 "-" "WordPress/6.9.1; https://doccure-wp.dreamstechnologies.com"
35.173.69.86 - - [23/Feb/2026:11:56:37 +0000] "GET / HTTP/1.1" 200 29870 "-" "FreshpingBot/1.0 (+https://freshping.io/)"
172.187.168.139 - - [23/Feb/2026:11:59:48 +0000] "POST /wp-cron.php?doing_wp_cron=1771847987.9830200672149658203125 HTTP/1.1" 200 31 "-" "WordPress/6.9.1; https://doccure-wp.dreamstechnologies.com"
2a03:2880:f800:39:: - - [23/Feb/2026:11:59:48 +0000] "GET /schneller-muskelaufbau-welche-praparate-wirklich-helfen/ HTTP/1.1" 404 17208 "-" "meta-externalagent/1.1 (+https://developers.facebook.com/docs/sharing/webmasters/crawler)"
172.187.168.139 - - [23/Feb/2026:12:01:23 +0000] "POST /wp-cron.php?doing_wp_cron=1771848083.4036641120910644531250 HTTP/1.1" 200 31 "-" "WordPress/6.9.1; https://doccure-wp.dreamstechnologies.com"
35.173.69.86 - - [23/Feb/2026:12:01:23 +0000] "GET / HTTP/1.1" 200 29871 "-" "FreshpingBot/1.0 (+https://freshping.io/)"
172.187.168.139 - - [23/Feb/2026:12:05:46 +0000] "POST /wp-cron.php?doing_wp_cron=1771848346.3105509281158447265625 HTTP/1.1" 200 31 "-" "WordPress/6.9.1; https://doccure-wp.dreamstechnologies.com"
2a03:2880:f800:31:: - - [23/Feb/2026:12:05:46 +0000] "GET /wp-sitemap-taxonomies-diseases-1.xml HTTP/1.1" 200 398 "-" "meta-externalagent/1.1 (+https://developers.facebook.com/docs/sharing/webmasters/crawler)"
216.26.230.95 - - [23/Feb/2026:12:06:02 +0000] "GET /wp-login.php HTTP/1.1" 200 2430 "-" "Mozilla/5.0 (Windows NT 10.0; Win64; x64) AppleWebKit/537.36 (KHTML, like Gecko) Chrome/120.0.0.0 Safari/537.36"
216.26.230.95 - - [23/Feb/2026:12:06:03 +0000] "GET /wp-includes/css/dashicons.min.css?ver=6.9.1 HTTP/1.1" 200 59004 "https://doccure-wp.dreamstechnologies.com/wp-login.php" "Mozilla/5.0 (Windows NT 10.0; Win64; x64) AppleWebKit/537.36 (KHTML, like Gecko) Chrome/120.0.0.0 Safari/537.36"
216.26.230.95 - - [23/Feb/2026:12:06:03 +0000] "GET /wp-admin/css/l10n.min.css?ver=6.9.1 HTTP/1.1" 200 3200 "https://doccure-wp.dreamstechnologies.com/wp-login.php" "Mozilla/5.0 (Windows NT 10.0; Win64; x64) AppleWebKit/537.36 (KHTML, like Gecko) Chrome/120.0.0.0 Safari/537.36"
216.26.230.95 - - [23/Feb/2026:12:06:03 +0000] "GET /wp-admin/css/login.min.css?ver=6.9.1 HTTP/1.1" 200 6381 "https://doccure-wp.dreamstechnologies.com/wp-login.php" "Mozilla/5.0 (Windows NT 10.0; Win64; x64) AppleWebKit/537.36 (KHTML, like Gecko) Chrome/120.0.0.0 Safari/537.36"
216.26.230.95 - - [23/Feb/2026:12:06:03 +0000] "GET /wp-admin/css/forms.min.css?ver=6.9.1 HTTP/1.1" 200 28422 "https://doccure-wp.dreamstechnologies.com/wp-login.php" "Mozilla/5.0 (Windows NT 10.0; Win64; x64) AppleWebKit/537.36 (KHTML, like Gecko) Chrome/120.0.0.0 Safari/537.36"
216.26.230.95 - - [23/Feb/2026:12:06:03 +0000] "GET /wp-includes/css/buttons.min.css?ver=6.9.1 HTTP/1.1" 200 6061 "https://doccure-wp.dreamstechnologies.com/wp-login.php" "Mozilla/5.0 (Windows NT 10.0; Win64; x64) AppleWebKit/537.36 (KHTML, like Gecko) Chrome/120.0.0.0 Safari/537.36"
216.26.230.95 - - [23/Feb/2026:12:06:04 +0000] "GET /wp-includes/js/dist/a11y.min.js?ver=cb460b4676c94bd228ed HTTP/1.1" 200 2212 "https://doccure-wp.dreamstechnologies.com/wp-login.php" "Mozilla/5.0 (Windows NT 10.0; Win64; x64) AppleWebKit/537.36 (KHTML, like Gecko) Chrome/120.0.0.0 Safari/537.36"
216.26.230.95 - - [23/Feb/2026:12:06:04 +0000] "GET /wp-includes/js/dist/i18n.min.js?ver=c26c3dc7bed366793375 HTTP/1.1" 200 5314 "https://doccure-wp.dreamstechnologies.com/wp-login.php" "Mozilla/5.0 (Windows NT 10.0; Win64; x64) AppleWebKit/537.36 (KHTML, like Gecko) Chrome/120.0.0.0 Safari/537.36"
216.26.230.95 - - [23/Feb/2026:12:06:04 +0000] "GET /wp-admin/js/user-profile.min.js?ver=6.9.1 HTTP/1.1" 200 7997 "https://doccure-wp.dreamstechnologies.com/wp-login.php" "Mozilla/5.0 (Windows NT 10.0; Win64; x64) AppleWebKit/537.36 (KHTML, like Gecko) Chrome/120.0.0.0 Safari/537.36"
216.26.230.95 - - [23/Feb/2026:12:06:04 +0000] "GET /wp-includes/js/clipboard.min.js?ver=2.0.11 HTTP/1.1" 200 9009 "https://doccure-wp.dreamstechnologies.com/wp-login.php" "Mozilla/5.0 (Windows NT 10.0; Win64; x64) AppleWebKit/537.36 (KHTML, like Gecko) Chrome/120.0.0.0 Safari/537.36"
216.26.230.95 - - [23/Feb/2026:12:06:04 +0000] "GET /wp-includes/js/jquery/jquery-migrate.min.js?ver=3.4.1 HTTP/1.1" 200 13577 "https://doccure-wp.dreamstechnologies.com/wp-login.php" "Mozilla/5.0 (Windows NT 10.0; Win64; x64) AppleWebKit/537.36 (KHTML, like Gecko) Chrome/120.0.0.0 Safari/537.36"
216.26.230.95 - - [23/Feb/2026:12:06:04 +0000] "GET /wp-includes/js/wp-util.min.js?ver=6.9.1 HTTP/1.1" 200 1426 "https://doccure-wp.dreamstechnologies.com/wp-login.php" "Mozilla/5.0 (Windows NT 10.0; Win64; x64) AppleWebKit/537.36 (KHTML, like Gecko) Chrome/120.0.0.0 Safari/537.36"
216.26.230.95 - - [23/Feb/2026:12:06:04 +0000] "GET /wp-includes/js/dist/dom-ready.min.js?ver=f77871ff7694fffea381 HTTP/1.1" 200 457 "https://doccure-wp.dreamstechnologies.com/wp-login.php" "Mozilla/5.0 (Windows NT 10.0; Win64; x64) AppleWebKit/537.36 (KHTML, like Gecko) Chrome/120.0.0.0 Safari/537.36"
216.26.230.95 - - [23/Feb/2026:12:06:04 +0000] "GET /wp-includes/js/jquery/jquery.min.js?ver=3.7.1 HTTP/1.1" 200 87553 "https://doccure-wp.dreamstechnologies.com/wp-login.php" "Mozilla/5.0 (Windows NT 10.0; Win64; x64) AppleWebKit/537.36 (KHTML, like Gecko) Chrome/120.0.0.0 Safari/537.36"
216.26.230.95 - - [23/Feb/2026:12:06:04 +0000] "GET /wp-admin/images/wordpress-logo.svg?ver=20131107 HTTP/1.1" 200 1521 "https://doccure-wp.dreamstechnologies.com/wp-admin/css/login.min.css?ver=6.9.1" "Mozilla/5.0 (Windows NT 10.0; Win64; x64) AppleWebKit/537.36 (KHTML, like Gecko) Chrome/120.0.0.0 Safari/537.36"
216.26.230.95 - - [23/Feb/2026:12:06:04 +0000] "GET /wp-includes/js/underscore.min.js?ver=1.13.7 HTTP/1.1" 200 18905 "https://doccure-wp.dreamstechnologies.com/wp-login.php" "Mozilla/5.0 (Windows NT 10.0; Win64; x64) AppleWebKit/537.36 (KHTML, like Gecko) Chrome/120.0.0.0 Safari/537.36"
216.26.230.95 - - [23/Feb/2026:12:06:04 +0000] "GET /wp-includes/js/zxcvbn-async.min.js?ver=1.0 HTTP/1.1" 200 351 "https://doccure-wp.dreamstechnologies.com/wp-login.php" "Mozilla/5.0 (Windows NT 10.0; Win64; x64) AppleWebKit/537.36 (KHTML, like Gecko) Chrome/120.0.0.0 Safari/537.36"
216.26.230.95 - - [23/Feb/2026:12:06:04 +0000] "GET /wp-includes/js/dist/hooks.min.js?ver=dd5603f07f9220ed27f1 HTTP/1.1" 200 5661 "https://doccure-wp.dreamstechnologies.com/wp-login.php" "Mozilla/5.0 (Windows NT 10.0; Win64; x64) AppleWebKit/537.36 (KHTML, like Gecko) Chrome/120.0.0.0 Safari/537.36"
216.26.230.95 - - [23/Feb/2026:12:06:04 +0000] "GET /wp-admin/js/password-strength-meter.min.js?ver=6.9.1 HTTP/1.1" 200 1123 "https://doccure-wp.dreamstechnologies.com/wp-login.php" "Mozilla/5.0 (Windows NT 10.0; Win64; x64) AppleWebKit/537.36 (KHTML, like Gecko) Chrome/120.0.0.0 Safari/537.36"
216.26.230.95 - - [23/Feb/2026:12:06:06 +0000] "GET /wp-includes/js/zxcvbn.min.js HTTP/1.1" 200 822237 "https://doccure-wp.dreamstechnologies.com/wp-login.php" "Mozilla/5.0 (Windows NT 10.0; Win64; x64) AppleWebKit/537.36 (KHTML, like Gecko) Chrome/120.0.0.0 Safari/537.36"
216.26.230.95 - - [23/Feb/2026:12:06:13 +0000] "POST /wp-login.php HTTP/1.1" 302 11 "https://doccure-wp.dreamstechnologies.com/wp-login.php" "Mozilla/5.0 (Windows NT 10.0; Win64; x64) AppleWebKit/537.36 (KHTML, like Gecko) Chrome/120.0.0.0 Safari/537.36"
172.187.168.139 - - [23/Feb/2026:12:06:15 +0000] "POST /wp-cron.php?doing_wp_cron=1771848375.2434730529785156250000 HTTP/1.1" 200 31 "-" "WordPress/6.9.1; https://doccure-wp.dreamstechnologies.com"
216.26.230.95 - - [23/Feb/2026:12:06:15 +0000] "GET /wp-admin/ HTTP/1.1" 200 98709 "https://doccure-wp.dreamstechnologies.com/wp-login.php" "Mozilla/5.0 (Windows NT 10.0; Win64; x64) AppleWebKit/537.36 (KHTML, like Gecko) Chrome/120.0.0.0 Safari/537.36"
216.26.230.95 - - [23/Feb/2026:12:06:15 +0000] "GET /wp-content/plugins/wp-file-manager/css/fm_common.css?ver=6.9.1 HTTP/1.1" 200 307 "https://doccure-wp.dreamstechnologies.com/wp-admin/" "Mozilla/5.0 (Windows NT 10.0; Win64; x64) AppleWebKit/537.36 (KHTML, like Gecko) Chrome/120.0.0.0 Safari/537.36"
216.26.230.95 - - [23/Feb/2026:12:06:15 +0000] "GET /wp-content/plugins/wp-optimize/css/wp-optimize-global-4-5-0.min.css?ver=4.5.0 HTTP/1.1" 200 2495 "https://doccure-wp.dreamstechnologies.com/wp-admin/" "Mozilla/5.0 (Windows NT 10.0; Win64; x64) AppleWebKit/537.36 (KHTML, like Gecko) Chrome/120.0.0.0 Safari/537.36"
216.26.230.95 - - [23/Feb/2026:12:06:15 +0000] "GET /wp-admin/load-styles.php?c=0&dir=ltr&load%5Bchunk_0%5D=dashicons,wp-pointer,admin-bar,site-health,common,forms,admin-menu,dashboard,list-tables,edit,revisions,media,themes,about,nav-m&load%5Bchunk_1%5D=enus,widgets,site-icon,l10n,buttons,wp-auth-check,wp-components,wp-commands,wp-color-picker,media-views&ver=6.9.1 HTTP/1.1" 200 581129 "https://doccure-wp.dreamstechnologies.com/wp-admin/" "Mozilla/5.0 (Windows NT 10.0; Win64; x64) AppleWebKit/537.36 (KHTML, like Gecko) Chrome/120.0.0.0 Safari/537.36"
216.26.230.95 - - [23/Feb/2026:12:06:15 +0000] "GET /wp-content/plugins/doccure/assets/css/view-prescription-modal.css?ver=1.5.3 HTTP/1.1" 200 4946 "https://doccure-wp.dreamstechnologies.com/wp-admin/" "Mozilla/5.0 (Windows NT 10.0; Win64; x64) AppleWebKit/537.36 (KHTML, like Gecko) Chrome/120.0.0.0 Safari/537.36"
216.26.230.95 - - [23/Feb/2026:12:06:15 +0000] "GET /wp-content/themes/doccure/assets/css/v4-shims.min.css?ver=5.11.2 HTTP/1.1" 200 34405 "https://doccure-wp.dreamstechnologies.com/wp-admin/" "Mozilla/5.0 (Windows NT 10.0; Win64; x64) AppleWebKit/537.36 (KHTML, like Gecko) Chrome/120.0.0.0 Safari/537.36"
216.26.230.95 - - [23/Feb/2026:12:06:15 +0000] "GET /wp-includes/js/mediaelement/wp-mediaelement.min.css?ver=6.9.1 HTTP/1.1" 200 4186 "https://doccure-wp.dreamstechnologies.com/wp-admin/" "Mozilla/5.0 (Windows NT 10.0; Win64; x64) AppleWebKit/537.36 (KHTML, like Gecko) Chrome/120.0.0.0 Safari/537.36"
216.26.230.95 - - [23/Feb/2026:12:06:15 +0000] "GET /wp-content/themes/doccure/assets/dashboardjs/jquery-confirm.min.js?ver=1.5.3 HTTP/1.1" 200 28222 "https://doccure-wp.dreamstechnologies.com/wp-admin/" "Mozilla/5.0 (Windows NT 10.0; Win64; x64) AppleWebKit/537.36 (KHTML, like Gecko) Chrome/120.0.0.0 Safari/537.36"
216.26.230.95 - - [23/Feb/2026:12:06:15 +0000] "GET /wp-content/plugins/woocommerce/assets/css/dashboard.css?ver=10.5.2 HTTP/1.1" 200 5090 "https://doccure-wp.dreamstechnologies.com/wp-admin/" "Mozilla/5.0 (Windows NT 10.0; Win64; x64) AppleWebKit/537.36 (KHTML, like Gecko) Chrome/120.0.0.0 Safari/537.36"
216.26.230.95 - - [23/Feb/2026:12:06:15 +0000] "GET /wp-content/plugins/woocommerce/assets/css/menu.css?ver=10.5.2 HTTP/1.1" 200 4918 "https://doccure-wp.dreamstechnologies.com/wp-admin/" "Mozilla/5.0 (Windows NT 10.0; Win64; x64) AppleWebKit/537.36 (KHTML, like Gecko) Chrome/120.0.0.0 Safari/537.36"
216.26.230.95 - - [23/Feb/2026:12:06:15 +0000] "GET /wp-admin/load-scripts.php?c=0&load%5Bchunk_0%5D=jquery-core,jquery-migrate,jquery-ui-core,wp-hooks&ver=6.9.1 HTTP/1.1" 200 128273 "https://doccure-wp.dreamstechnologies.com/wp-admin/" "Mozilla/5.0 (Windows NT 10.0; Win64; x64) AppleWebKit/537.36 (KHTML, like Gecko) Chrome/120.0.0.0 Safari/537.36"
216.26.230.95 - - [23/Feb/2026:12:06:15 +0000] "GET /wp-content/plugins/doccure/admin/js/functions.js?ver=1.5.3 HTTP/1.1" 200 25462 "https://doccure-wp.dreamstechnologies.com/wp-admin/" "Mozilla/5.0 (Windows NT 10.0; Win64; x64) AppleWebKit/537.36 (KHTML, like Gecko) Chrome/120.0.0.0 Safari/537.36"
216.26.230.95 - - [23/Feb/2026:12:06:15 +0000] "GET /wp-includes/js/imgareaselect/imgareaselect.css?ver=0.9.8 HTTP/1.1" 200 790 "https://doccure-wp.dreamstechnologies.com/wp-admin/" "Mozilla/5.0 (Windows NT 10.0; Win64; x64) AppleWebKit/537.36 (KHTML, like Gecko) Chrome/120.0.0.0 Safari/537.36"
216.26.230.95 - - [23/Feb/2026:12:06:15 +0000] "GET /wp-content/plugins/woocommerce/assets/css/brands-admin.css?ver=10.5.2 HTTP/1.1" 200 61 "https://doccure-wp.dreamstechnologies.com/wp-admin/" "Mozilla/5.0 (Windows NT 10.0; Win64; x64) AppleWebKit/537.36 (KHTML, like Gecko) Chrome/120.0.0.0 Safari/537.36"
216.26.230.95 - - [23/Feb/2026:12:06:16 +0000] "GET /wp-content/themes/doccure/assets/css/datetimepicker.css?ver=1.5.3 HTTP/1.1" 200 16573 "https://doccure-wp.dreamstechnologies.com/wp-admin/" "Mozilla/5.0 (Windows NT 10.0; Win64; x64) AppleWebKit/537.36 (KHTML, like Gecko) Chrome/120.0.0.0 Safari/537.36"
216.26.230.95 - - [23/Feb/2026:12:06:16 +0000] "GET /wp-content/plugins/doccure/admin/css/system-admin.css?ver=1.5.3 HTTP/1.1" 200 0 "https://doccure-wp.dreamstechnologies.com/wp-admin/" "Mozilla/5.0 (Windows NT 10.0; Win64; x64) AppleWebKit/537.36 (KHTML, like Gecko) Chrome/120.0.0.0 Safari/537.36"
216.26.230.95 - - [23/Feb/2026:12:06:16 +0000] "GET /wp-includes/js/thickbox/thickbox.css?ver=6.9.1 HTTP/1.1" 200 2668 "https://doccure-wp.dreamstechnologies.com/wp-admin/" "Mozilla/5.0 (Windows NT 10.0; Win64; x64) AppleWebKit/537.36 (KHTML, like Gecko) Chrome/120.0.0.0 Safari/537.36"
216.26.230.95 - - [23/Feb/2026:12:06:16 +0000] "GET /wp-content/plugins/elementor/vendor/elementor/wp-one-package/assets/build/common.css?ver=1.0.51 HTTP/1.1" 200 1526 "https://doccure-wp.dreamstechnologies.com/wp-admin/" "Mozilla/5.0 (Windows NT 10.0; Win64; x64) AppleWebKit/537.36 (KHTML, like Gecko) Chrome/120.0.0.0 Safari/537.36"
216.26.230.95 - - [23/Feb/2026:12:06:16 +0000] "GET /wp-content/themes/doccure/admin/css/admin-style.css?ver=1.5.3 HTTP/1.1" 200 101940 "https://doccure-wp.dreamstechnologies.com/wp-admin/" "Mozilla/5.0 (Windows NT 10.0; Win64; x64) AppleWebKit/537.36 (KHTML, like Gecko) Chrome/120.0.0.0 Safari/537.36"
216.26.230.95 - - [23/Feb/2026:12:06:16 +0000] "GET /wp-includes/js/plupload/moxie.min.js?ver=1.3.5.1 HTTP/1.1" 200 87394 "https://doccure-wp.dreamstechnologies.com/wp-admin/" "Mozilla/5.0 (Windows NT 10.0; Win64; x64) AppleWebKit/537.36 (KHTML, like Gecko) Chrome/120.0.0.0 Safari/537.36"
216.26.230.95 - - [23/Feb/2026:12:06:16 +0000] "GET /wp-includes/js/mediaelement/mediaelementplayer-legacy.min.css?ver=4.2.17 HTTP/1.1" 200 11256 "https://doccure-wp.dreamstechnologies.com/wp-admin/" "Mozilla/5.0 (Windows NT 10.0; Win64; x64) AppleWebKit/537.36 (KHTML, like Gecko) Chrome/120.0.0.0 Safari/537.36"
216.26.230.95 - - [23/Feb/2026:12:06:16 +0000] "GET /wp-content/plugins/elementor/assets/css/theme-light.min.css?ver=3.35.4 HTTP/1.1" 200 2272 "https://doccure-wp.dreamstechnologies.com/wp-admin/" "Mozilla/5.0 (Windows NT 10.0; Win64; x64) AppleWebKit/537.36 (KHTML, like Gecko) Chrome/120.0.0.0 Safari/537.36"
216.26.230.95 - - [23/Feb/2026:12:06:16 +0000] "GET /wp-admin/js/color-picker.min.js?ver=6.9.1 HTTP/1.1" 200 3486 "https://doccure-wp.dreamstechnologies.com/wp-admin/" "Mozilla/5.0 (Windows NT 10.0; Win64; x64) AppleWebKit/537.36 (KHTML, like Gecko) Chrome/120.0.0.0 Safari/537.36"
216.26.230.95 - - [23/Feb/2026:12:06:16 +0000] "GET /wp-includes/js/jquery/ui/slider.min.js?ver=1.13.3 HTTP/1.1" 200 10759 "https://doccure-wp.dreamstechnologies.com/wp-admin/" "Mozilla/5.0 (Windows NT 10.0; Win64; x64) AppleWebKit/537.36 (KHTML, like Gecko) Chrome/120.0.0.0 Safari/537.36"
216.26.230.95 - - [23/Feb/2026:12:06:16 +0000] "GET /wp-content/plugins/elementor/assets/css/common.min.css?ver=3.35.4 HTTP/1.1" 200 25086 "https://doccure-wp.dreamstechnologies.com/wp-admin/" "Mozilla/5.0 (Windows NT 10.0; Win64; x64) AppleWebKit/537.36 (KHTML, like Gecko) Chrome/120.0.0.0 Safari/537.36"
216.26.230.95 - - [23/Feb/2026:12:06:16 +0000] "GET /wp-content/plugins/elementor/assets/lib/eicons/css/elementor-icons.min.css?ver=5.47.0 HTTP/1.1" 200 21641 "https://doccure-wp.dreamstechnologies.com/wp-admin/" "Mozilla/5.0 (Windows NT 10.0; Win64; x64) AppleWebKit/537.36 (KHTML, like Gecko) Chrome/120.0.0.0 Safari/537.36"
216.26.230.95 - - [23/Feb/2026:12:06:16 +0000] "GET /wp-includes/js/utils.min.js?ver=6.9.1 HTTP/1.1" 200 1864 "https://doccure-wp.dreamstechnologies.com/wp-admin/" "Mozilla/5.0 (Windows NT 10.0; Win64; x64) AppleWebKit/537.36 (KHTML, like Gecko) Chrome/120.0.0.0 Safari/537.36"
216.26.230.95 - - [23/Feb/2026:12:06:16 +0000] "GET /wp-includes/js/jquery/jquery.ui.touch-punch.js?ver=0.2.2 HTTP/1.1" 200 1179 "https://doccure-wp.dreamstechnologies.com/wp-admin/" "Mozilla/5.0 (Windows NT 10.0; Win64; x64) AppleWebKit/537.36 (KHTML, like Gecko) Chrome/120.0.0.0 Safari/537.36"
216.26.230.95 - - [23/Feb/2026:12:06:16 +0000] "GET /wp-content/plugins/elementor/assets/css/modules/editor-one/admin-menu.min.css?ver=3.35.4 HTTP/1.1" 200 5221 "https://doccure-wp.dreamstechnologies.com/wp-admin/" "Mozilla/5.0 (Windows NT 10.0; Win64; x64) AppleWebKit/537.36 (KHTML, like Gecko) Chrome/120.0.0.0 Safari/537.36"
216.26.230.95 - - [23/Feb/2026:12:06:16 +0000] "GET /wp-includes/js/jquery/ui/mouse.min.js?ver=1.13.3 HTTP/1.1" 200 3428 "https://doccure-wp.dreamstechnologies.com/wp-admin/" "Mozilla/5.0 (Windows NT 10.0; Win64; x64) AppleWebKit/537.36 (KHTML, like Gecko) Chrome/120.0.0.0 Safari/537.36"
216.26.230.95 - - [23/Feb/2026:12:06:16 +0000] "GET /wp-content/themes/doccure/admin/js/admin_functions.js?ver=1.5.3 HTTP/1.1" 200 5605 "https://doccure-wp.dreamstechnologies.com/wp-admin/" "Mozilla/5.0 (Windows NT 10.0; Win64; x64) AppleWebKit/537.36 (KHTML, like Gecko) Chrome/120.0.0.0 Safari/537.36"
