122.186.150.42 - - [23/Feb/2026:12:38:11 +0000] "GET /wp-content/uploads/2025/01/book-01-1.jpg HTTP/1.1" 200 413153 "http://localhost/" "Mozilla/5.0 (Windows NT 10.0; Win64; x64) AppleWebKit/537.36 (KHTML, like Gecko) Chrome/145.0.0.0 Safari/537.36"
122.186.150.42 - - [23/Feb/2026:12:38:12 +0000] "GET /wp-content/uploads/2025/01/book-02-1.jpg HTTP/1.1" 200 225804 "http://localhost/" "Mozilla/5.0 (Windows NT 10.0; Win64; x64) AppleWebKit/537.36 (KHTML, like Gecko) Chrome/145.0.0.0 Safari/537.36"
122.186.150.42 - - [23/Feb/2026:12:38:12 +0000] "GET /wp-content/uploads/2025/01/book-03-1.jpg HTTP/1.1" 200 229390 "http://localhost/" "Mozilla/5.0 (Windows NT 10.0; Win64; x64) AppleWebKit/537.36 (KHTML, like Gecko) Chrome/145.0.0.0 Safari/537.36"
122.186.150.42 - - [23/Feb/2026:12:38:13 +0000] "GET /wp-content/uploads/2025/01/company-01-1.svg HTTP/1.1" 200 5600 "http://localhost/" "Mozilla/5.0 (Windows NT 10.0; Win64; x64) AppleWebKit/537.36 (KHTML, like Gecko) Chrome/145.0.0.0 Safari/537.36"
122.186.150.42 - - [23/Feb/2026:12:38:13 +0000] "GET /wp-content/uploads/2025/01/company-02-1.svg HTTP/1.1" 200 3851 "http://localhost/" "Mozilla/5.0 (Windows NT 10.0; Win64; x64) AppleWebKit/537.36 (KHTML, like Gecko) Chrome/145.0.0.0 Safari/537.36"
122.186.150.42 - - [23/Feb/2026:12:38:13 +0000] "GET /wp-content/uploads/2025/01/company-04-1.svg HTTP/1.1" 200 12093 "http://localhost/" "Mozilla/5.0 (Windows NT 10.0; Win64; x64) AppleWebKit/537.36 (KHTML, like Gecko) Chrome/145.0.0.0 Safari/537.36"
122.186.150.42 - - [23/Feb/2026:12:38:13 +0000] "GET /wp-content/uploads/2025/01/company-03-1.svg HTTP/1.1" 200 4666 "http://localhost/" "Mozilla/5.0 (Windows NT 10.0; Win64; x64) AppleWebKit/537.36 (KHTML, like Gecko) Chrome/145.0.0.0 Safari/537.36"
122.186.150.42 - - [23/Feb/2026:12:38:14 +0000] "GET /wp-content/uploads/2025/01/company-06-1.svg HTTP/1.1" 200 6562 "http://localhost/" "Mozilla/5.0 (Windows NT 10.0; Win64; x64) AppleWebKit/537.36 (KHTML, like Gecko) Chrome/145.0.0.0 Safari/537.36"
122.186.150.42 - - [23/Feb/2026:12:38:14 +0000] "GET /wp-content/uploads/2025/01/company-05-1.svg HTTP/1.1" 200 45014 "http://localhost/" "Mozilla/5.0 (Windows NT 10.0; Win64; x64) AppleWebKit/537.36 (KHTML, like Gecko) Chrome/145.0.0.0 Safari/537.36"
122.186.150.42 - - [23/Feb/2026:12:38:14 +0000] "GET /wp-content/uploads/2025/01/company-07-1.svg HTTP/1.1" 200 6375 "http://localhost/" "Mozilla/5.0 (Windows NT 10.0; Win64; x64) AppleWebKit/537.36 (KHTML, like Gecko) Chrome/145.0.0.0 Safari/537.36"
122.186.150.42 - - [23/Feb/2026:12:38:14 +0000] "GET /wp-content/uploads/2025/01/company-08-1.svg HTTP/1.1" 200 3955 "http://localhost/" "Mozilla/5.0 (Windows NT 10.0; Win64; x64) AppleWebKit/537.36 (KHTML, like Gecko) Chrome/145.0.0.0 Safari/537.36"
122.186.150.42 - - [23/Feb/2026:12:38:14 +0000] "GET /wp-content/uploads/2025/01/app-store-01-1.svg HTTP/1.1" 200 19093 "http://localhost/" "Mozilla/5.0 (Windows NT 10.0; Win64; x64) AppleWebKit/537.36 (KHTML, like Gecko) Chrome/145.0.0.0 Safari/537.36"
122.186.150.42 - - [23/Feb/2026:12:38:15 +0000] "GET /wp-content/uploads/2025/01/google-play-01-1.svg HTTP/1.1" 200 15483 "http://localhost/" "Mozilla/5.0 (Windows NT 10.0; Win64; x64) AppleWebKit/537.36 (KHTML, like Gecko) Chrome/145.0.0.0 Safari/537.36"
122.186.150.42 - - [23/Feb/2026:12:38:15 +0000] "GET /wp-content/uploads/2025/01/mobile-img-1.png HTTP/1.1" 200 33148 "http://localhost/" "Mozilla/5.0 (Windows NT 10.0; Win64; x64) AppleWebKit/537.36 (KHTML, like Gecko) Chrome/145.0.0.0 Safari/537.36"
122.186.150.42 - - [23/Feb/2026:12:38:15 +0000] "GET /wp-content/uploads/2025/01/app-bg-02-1.png HTTP/1.1" 200 29932 "http://localhost/" "Mozilla/5.0 (Windows NT 10.0; Win64; x64) AppleWebKit/537.36 (KHTML, like Gecko) Chrome/145.0.0.0 Safari/537.36"
122.186.150.42 - - [23/Feb/2026:12:38:15 +0000] "GET /wp-content/uploads/2025/01/app-bg-03-1.png HTTP/1.1" 200 12494 "http://localhost/" "Mozilla/5.0 (Windows NT 10.0; Win64; x64) AppleWebKit/537.36 (KHTML, like Gecko) Chrome/145.0.0.0 Safari/537.36"
122.186.150.42 - - [23/Feb/2026:12:38:15 +0000] "GET /wp-content/uploads/2025/01/app-bg-04-1.png HTTP/1.1" 200 46862 "http://localhost/" "Mozilla/5.0 (Windows NT 10.0; Win64; x64) AppleWebKit/537.36 (KHTML, like Gecko) Chrome/145.0.0.0 Safari/537.36"
122.186.150.42 - - [23/Feb/2026:12:38:16 +0000] "GET /wp-content/uploads/2025/01/download-bg-1.png HTTP/1.1" 200 80236 "http://localhost/" "Mozilla/5.0 (Windows NT 10.0; Win64; x64) AppleWebKit/537.36 (KHTML, like Gecko) Chrome/145.0.0.0 Safari/537.36"
196.137.75.171 - - [23/Feb/2026:12:39:09 +0000] "GET /wp-content/uploads/2025/01/speciality-icon-01-1.svg HTTP/1.1" 200 16368 "https://drmoustafaelnahasclinics.com/" "Mozilla/5.0 (iPhone; CPU iPhone OS 16_2 like Mac OS X) AppleWebKit/605.1.15 (KHTML, like Gecko) Mobile/20C65 Instagram 410.1.0.36.70 (iPhone12,5; iOS 16_2; en_US; en; scale=3.00; 1242x2688; IABMV/1; 849447290) Safari/604.1"
196.137.75.171 - - [23/Feb/2026:12:39:09 +0000] "GET /wp-content/uploads/2025/01/speciality-icon-02-1.svg HTTP/1.1" 200 9670 "https://drmoustafaelnahasclinics.com/" "Mozilla/5.0 (iPhone; CPU iPhone OS 16_2 like Mac OS X) AppleWebKit/605.1.15 (KHTML, like Gecko) Mobile/20C65 Instagram 410.1.0.36.70 (iPhone12,5; iOS 16_2; en_US; en; scale=3.00; 1242x2688; IABMV/1; 849447290) Safari/604.1"
196.137.75.171 - - [23/Feb/2026:12:39:09 +0000] "GET /wp-content/uploads/2025/01/speciality-02-1.jpg HTTP/1.1" 200 73191 "https://drmoustafaelnahasclinics.com/" "Mozilla/5.0 (iPhone; CPU iPhone OS 16_2 like Mac OS X) AppleWebKit/605.1.15 (KHTML, like Gecko) Mobile/20C65 Instagram 410.1.0.36.70 (iPhone12,5; iOS 16_2; en_US; en; scale=3.00; 1242x2688; IABMV/1; 849447290) Safari/604.1"
196.137.75.171 - - [23/Feb/2026:12:39:26 +0000] "GET /wp-content/uploads/2025/01/speciality-03-1.jpg HTTP/1.1" 200 69424 "https://drmoustafaelnahasclinics.com/" "Mozilla/5.0 (iPhone; CPU iPhone OS 16_2 like Mac OS X) AppleWebKit/605.1.15 (KHTML, like Gecko) Mobile/20C65 Instagram 410.1.0.36.70 (iPhone12,5; iOS 16_2; en_US; en; scale=3.00; 1242x2688; IABMV/1; 849447290) Safari/604.1"
196.137.75.171 - - [23/Feb/2026:12:39:26 +0000] "GET /wp-content/uploads/2025/01/speciality-icon-04-1.svg HTTP/1.1" 200 12836 "https://drmoustafaelnahasclinics.com/" "Mozilla/5.0 (iPhone; CPU iPhone OS 16_2 like Mac OS X) AppleWebKit/605.1.15 (KHTML, like Gecko) Mobile/20C65 Instagram 410.1.0.36.70 (iPhone12,5; iOS 16_2; en_US; en; scale=3.00; 1242x2688; IABMV/1; 849447290) Safari/604.1"
196.137.75.171 - - [23/Feb/2026:12:39:26 +0000] "GET /wp-content/uploads/2025/01/speciality-04-1.jpg HTTP/1.1" 200 80057 "https://drmoustafaelnahasclinics.com/" "Mozilla/5.0 (iPhone; CPU iPhone OS 16_2 like Mac OS X) AppleWebKit/605.1.15 (KHTML, like Gecko) Mobile/20C65 Instagram 410.1.0.36.70 (iPhone12,5; iOS 16_2; en_US; en; scale=3.00; 1242x2688; IABMV/1; 849447290) Safari/604.1"
196.137.75.171 - - [23/Feb/2026:12:39:26 +0000] "GET /wp-content/uploads/2025/01/speciality-icon-03-1.svg HTTP/1.1" 200 22720 "https://drmoustafaelnahasclinics.com/" "Mozilla/5.0 (iPhone; CPU iPhone OS 16_2 like Mac OS X) AppleWebKit/605.1.15 (KHTML, like Gecko) Mobile/20C65 Instagram 410.1.0.36.70 (iPhone12,5; iOS 16_2; en_US; en; scale=3.00; 1242x2688; IABMV/1; 849447290) Safari/604.1"
172.187.168.139 - - [23/Feb/2026:12:39:48 +0000] "POST /wp-cron.php?doing_wp_cron=1771850388.3149709701538085937500 HTTP/1.1" 200 31 "-" "WordPress/6.9.1; https://doccure-wp.dreamstechnologies.com"
103.131.71.22 - - [23/Feb/2026:12:39:48 +0000] "GET /robots.txt HTTP/1.1" 200 427 "-" "Mozilla/5.0 (compatible; coccocbot-image/1.0; +http://help.coccoc.com/searchengine)"
103.131.71.23 - - [23/Feb/2026:12:39:54 +0000] "GET /elementor/wp-content/uploads/2022/03/icon8.png HTTP/1.1" 404 17239 "-" "Mozilla/5.0 (compatible; coccocbot-image/1.0; +http://help.coccoc.com/searchengine)"
172.187.168.139 - - [23/Feb/2026:12:40:20 +0000] "POST /wp-cron.php?doing_wp_cron=1771850420.0852439403533935546875 HTTP/1.1" 200 31 "-" "WordPress/6.9.1; https://doccure-wp.dreamstechnologies.com"
2a03:2880:f800:1:: - - [23/Feb/2026:12:40:20 +0000] "GET /2025-in-en-emniyetli-ve-trend-casino-siteleri-4-4/ HTTP/1.1" 404 17204 "-" "meta-externalagent/1.1 (+https://developers.facebook.com/docs/sharing/webmasters/crawler)"
172.187.168.139 - - [23/Feb/2026:12:41:33 +0000] "POST /wp-cron.php?doing_wp_cron=1771850493.5268290042877197265625 HTTP/1.1" 200 31 "-" "WordPress/6.9.1; https://doccure-wp.dreamstechnologies.com"
35.173.69.86 - - [23/Feb/2026:12:41:33 +0000] "GET / HTTP/1.1" 200 29871 "-" "FreshpingBot/1.0 (+https://freshping.io/)"
172.187.168.139 - - [23/Feb/2026:12:41:35 +0000] "POST /wp-cron.php?doing_wp_cron=1771850495.8674659729003906250000 HTTP/1.1" 200 31 "-" "WordPress/6.9.1; https://doccure-wp.dreamstechnologies.com"
37.111.230.32 - - [23/Feb/2026:12:41:35 +0000] "GET /2026/ HTTP/1.1" 200 19057 "-" "Mozilla/5.0 (Windows NT 6.1) AppleWebKit/537.36 (KHTML, like Gecko) Chrome/88.0.4324.104 Safari/537.36"
172.187.168.139 - - [23/Feb/2026:12:44:13 +0000] "POST /wp-cron.php?doing_wp_cron=1771850653.1742179393768310546875 HTTP/1.1" 200 31 "-" "WordPress/6.9.1; https://doccure-wp.dreamstechnologies.com"
2a03:2880:f800:1b:: - - [23/Feb/2026:12:44:13 +0000] "GET /bettilt-casino-ve-muteri-korumas-lisans-dijital-11-4/ HTTP/1.1" 404 17212 "-" "meta-externalagent/1.1 (+https://developers.facebook.com/docs/sharing/webmasters/crawler)"
172.187.168.139 - - [23/Feb/2026:12:46:12 +0000] "POST /wp-cron.php?doing_wp_cron=1771850771.9212169647216796875000 HTTP/1.1" 200 31 "-" "WordPress/6.9.1; https://doccure-wp.dreamstechnologies.com"
50.17.185.102 - - [23/Feb/2026:12:46:12 +0000] "GET / HTTP/1.1" 200 29871 "-" "FreshpingBot/1.0 (+https://freshping.io/)"
172.187.168.139 - - [23/Feb/2026:12:47:11 +0000] "POST /wp-cron.php?doing_wp_cron=1771850831.5461320877075195312500 HTTP/1.1" 200 31 "-" "WordPress/6.9.1; https://doccure-wp.dreamstechnologies.com"
2a03:2880:f800:2f:: - - [23/Feb/2026:12:47:11 +0000] "GET /clenbuterol-dosage-et-utilisation/ HTTP/1.1" 404 17212 "-" "meta-externalagent/1.1 (+https://developers.facebook.com/docs/sharing/webmasters/crawler)"
156.221.160.24 - - [23/Feb/2026:12:47:35 +0000] "GET /wp-content/uploads/2025/01/banner-icon-2-1.png HTTP/1.1" 200 25272 "https://drmoustafaelnahasclinics.com/" "Mozilla/5.0 (Linux; Android 11; M2003J15SC Build/RP1A.200720.011; wv) AppleWebKit/537.36 (KHTML, like Gecko) Version/4.0 Chrome/144.0.7559.117 Mobile Safari/537.36 [FB_IAB/FB4A;FBAV/547.0.0.41.68;IABMV/1;]"
156.221.160.24 - - [23/Feb/2026:12:47:35 +0000] "GET /wp-content/uploads/2025/01/banner-patient-2-1.jpg HTTP/1.1" 200 5251 "https://drmoustafaelnahasclinics.com/" "Mozilla/5.0 (Linux; Android 11; M2003J15SC Build/RP1A.200720.011; wv) AppleWebKit/537.36 (KHTML, like Gecko) Version/4.0 Chrome/144.0.7559.117 Mobile Safari/537.36 [FB_IAB/FB4A;FBAV/547.0.0.41.68;IABMV/1;]"
156.221.160.24 - - [23/Feb/2026:12:47:35 +0000] "GET /wp-content/uploads/2025/01/banner-patient-3-1.jpg HTTP/1.1" 200 5461 "https://drmoustafaelnahasclinics.com/" "Mozilla/5.0 (Linux; Android 11; M2003J15SC Build/RP1A.200720.011; wv) AppleWebKit/537.36 (KHTML, like Gecko) Version/4.0 Chrome/144.0.7559.117 Mobile Safari/537.36 [FB_IAB/FB4A;FBAV/547.0.0.41.68;IABMV/1;]"
156.221.160.24 - - [23/Feb/2026:12:47:35 +0000] "GET /wp-content/uploads/2025/01/banner-patient-1-1.jpg HTTP/1.1" 200 5731 "https://drmoustafaelnahasclinics.com/" "Mozilla/5.0 (Linux; Android 11; M2003J15SC Build/RP1A.200720.011; wv) AppleWebKit/537.36 (KHTML, like Gecko) Version/4.0 Chrome/144.0.7559.117 Mobile Safari/537.36 [FB_IAB/FB4A;FBAV/547.0.0.41.68;IABMV/1;]"
156.221.160.24 - - [23/Feb/2026:12:47:35 +0000] "GET /wp-content/uploads/2025/01/banner-icon-1-1.png HTTP/1.1" 200 35173 "https://drmoustafaelnahasclinics.com/" "Mozilla/5.0 (Linux; Android 11; M2003J15SC Build/RP1A.200720.011; wv) AppleWebKit/537.36 (KHTML, like Gecko) Version/4.0 Chrome/144.0.7559.117 Mobile Safari/537.36 [FB_IAB/FB4A;FBAV/547.0.0.41.68;IABMV/1;]"
156.221.160.24 - - [23/Feb/2026:12:47:36 +0000] "GET /wp-content/uploads/2025/01/home-banner-bg-1.png HTTP/1.1" 200 1608405 "https://drmoustafaelnahasclinics.com/" "Mozilla/5.0 (Linux; Android 11; M2003J15SC Build/RP1A.200720.011; wv) AppleWebKit/537.36 (KHTML, like Gecko) Version/4.0 Chrome/144.0.7559.117 Mobile Safari/537.36 [FB_IAB/FB4A;FBAV/547.0.0.41.68;IABMV/1;]"
156.221.160.24 - - [23/Feb/2026:12:47:44 +0000] "GET /wp-content/uploads/2025/01/banner-icon-5-1.svg HTTP/1.1" 200 428 "https://drmoustafaelnahasclinics.com/" "Mozilla/5.0 (Linux; Android 11; M2003J15SC Build/RP1A.200720.011; wv) AppleWebKit/537.36 (KHTML, like Gecko) Version/4.0 Chrome/144.0.7559.117 Mobile Safari/537.36 [FB_IAB/FB4A;FBAV/547.0.0.41.68;IABMV/1;]"
156.221.160.24 - - [23/Feb/2026:12:47:44 +0000] "GET /wp-content/uploads/2025/01/video-1.svg HTTP/1.1" 200 19342 "https://drmoustafaelnahasclinics.com/" "Mozilla/5.0 (Linux; Android 11; M2003J15SC Build/RP1A.200720.011; wv) AppleWebKit/537.36 (KHTML, like Gecko) Version/4.0 Chrome/144.0.7559.117 Mobile Safari/537.36 [FB_IAB/FB4A;FBAV/547.0.0.41.68;IABMV/1;]"
156.221.160.24 - - [23/Feb/2026:12:47:44 +0000] "GET /wp-content/uploads/2025/01/banner-icon-3-1.png HTTP/1.1" 200 22042 "https://drmoustafaelnahasclinics.com/" "Mozilla/5.0 (Linux; Android 11; M2003J15SC Build/RP1A.200720.011; wv) AppleWebKit/537.36 (KHTML, like Gecko) Version/4.0 Chrome/144.0.7559.117 Mobile Safari/537.36 [FB_IAB/FB4A;FBAV/547.0.0.41.68;IABMV/1;]"
156.221.160.24 - - [23/Feb/2026:12:47:44 +0000] "GET /wp-content/uploads/2025/01/banner-icon-4-1.png HTTP/1.1" 200 5878 "https://drmoustafaelnahasclinics.com/" "Mozilla/5.0 (Linux; Android 11; M2003J15SC Build/RP1A.200720.011; wv) AppleWebKit/537.36 (KHTML, like Gecko) Version/4.0 Chrome/144.0.7559.117 Mobile Safari/537.36 [FB_IAB/FB4A;FBAV/547.0.0.41.68;IABMV/1;]"
156.221.160.24 - - [23/Feb/2026:12:47:45 +0000] "GET /wp-content/uploads/2025/01/speciality-01-1.jpg HTTP/1.1" 200 67730 "https://drmoustafaelnahasclinics.com/" "Mozilla/5.0 (Linux; Android 11; M2003J15SC Build/RP1A.200720.011; wv) AppleWebKit/537.36 (KHTML, like Gecko) Version/4.0 Chrome/144.0.7559.117 Mobile Safari/537.36 [FB_IAB/FB4A;FBAV/547.0.0.41.68;IABMV/1;]"
156.221.160.24 - - [23/Feb/2026:12:47:45 +0000] "GET /wp-content/uploads/2025/01/speciality-02-1.jpg HTTP/1.1" 200 73191 "https://drmoustafaelnahasclinics.com/" "Mozilla/5.0 (Linux; Android 11; M2003J15SC Build/RP1A.200720.011; wv) AppleWebKit/537.36 (KHTML, like Gecko) Version/4.0 Chrome/144.0.7559.117 Mobile Safari/537.36 [FB_IAB/FB4A;FBAV/547.0.0.41.68;IABMV/1;]"
156.221.160.24 - - [23/Feb/2026:12:47:45 +0000] "GET /wp-content/uploads/2025/01/speciality-icon-02-1.svg HTTP/1.1" 200 9670 "https://drmoustafaelnahasclinics.com/" "Mozilla/5.0 (Linux; Android 11; M2003J15SC Build/RP1A.200720.011; wv) AppleWebKit/537.36 (KHTML, like Gecko) Version/4.0 Chrome/144.0.7559.117 Mobile Safari/537.36 [FB_IAB/FB4A;FBAV/547.0.0.41.68;IABMV/1;]"
156.221.160.24 - - [23/Feb/2026:12:47:45 +0000] "GET /wp-content/uploads/2025/01/speciality-icon-01-1.svg HTTP/1.1" 200 16368 "https://drmoustafaelnahasclinics.com/" "Mozilla/5.0 (Linux; Android 11; M2003J15SC Build/RP1A.200720.011; wv) AppleWebKit/537.36 (KHTML, like Gecko) Version/4.0 Chrome/144.0.7559.117 Mobile Safari/537.36 [FB_IAB/FB4A;FBAV/547.0.0.41.68;IABMV/1;]"
156.221.160.24 - - [23/Feb/2026:12:47:45 +0000] "GET /wp-content/uploads/2025/01/speciality-03-1.jpg HTTP/1.1" 200 69424 "https://drmoustafaelnahasclinics.com/" "Mozilla/5.0 (Linux; Android 11; M2003J15SC Build/RP1A.200720.011; wv) AppleWebKit/537.36 (KHTML, like Gecko) Version/4.0 Chrome/144.0.7559.117 Mobile Safari/537.36 [FB_IAB/FB4A;FBAV/547.0.0.41.68;IABMV/1;]"
156.221.160.24 - - [23/Feb/2026:12:47:45 +0000] "GET /wp-content/uploads/2025/01/speciality-04-1.jpg HTTP/1.1" 200 80057 "https://drmoustafaelnahasclinics.com/" "Mozilla/5.0 (Linux; Android 11; M2003J15SC Build/RP1A.200720.011; wv) AppleWebKit/537.36 (KHTML, like Gecko) Version/4.0 Chrome/144.0.7559.117 Mobile Safari/537.36 [FB_IAB/FB4A;FBAV/547.0.0.41.68;IABMV/1;]"
156.221.160.24 - - [23/Feb/2026:12:47:45 +0000] "GET /wp-content/uploads/2025/01/speciality-icon-03-1.svg HTTP/1.1" 200 22720 "https://drmoustafaelnahasclinics.com/" "Mozilla/5.0 (Linux; Android 11; M2003J15SC Build/RP1A.200720.011; wv) AppleWebKit/537.36 (KHTML, like Gecko) Version/4.0 Chrome/144.0.7559.117 Mobile Safari/537.36 [FB_IAB/FB4A;FBAV/547.0.0.41.68;IABMV/1;]"
156.221.160.24 - - [23/Feb/2026:12:47:45 +0000] "GET /wp-content/uploads/2025/01/speciality-icon-04-1.svg HTTP/1.1" 200 12836 "https://drmoustafaelnahasclinics.com/" "Mozilla/5.0 (Linux; Android 11; M2003J15SC Build/RP1A.200720.011; wv) AppleWebKit/537.36 (KHTML, like Gecko) Version/4.0 Chrome/144.0.7559.117 Mobile Safari/537.36 [FB_IAB/FB4A;FBAV/547.0.0.41.68;IABMV/1;]"
156.221.160.24 - - [23/Feb/2026:12:47:45 +0000] "GET /wp-content/uploads/2025/01/speciality-05-1.jpg HTTP/1.1" 200 91447 "https://drmoustafaelnahasclinics.com/" "Mozilla/5.0 (Linux; Android 11; M2003J15SC Build/RP1A.200720.011; wv) AppleWebKit/537.36 (KHTML, like Gecko) Version/4.0 Chrome/144.0.7559.117 Mobile Safari/537.36 [FB_IAB/FB4A;FBAV/547.0.0.41.68;IABMV/1;]"
156.221.160.24 - - [23/Feb/2026:12:47:45 +0000] "GET /wp-content/uploads/2025/01/speciality-icon-05-1.svg HTTP/1.1" 200 5445 "https://drmoustafaelnahasclinics.com/" "Mozilla/5.0 (Linux; Android 11; M2003J15SC Build/RP1A.200720.011; wv) AppleWebKit/537.36 (KHTML, like Gecko) Version/4.0 Chrome/144.0.7559.117 Mobile Safari/537.36 [FB_IAB/FB4A;FBAV/547.0.0.41.68;IABMV/1;]"
156.221.160.24 - - [23/Feb/2026:12:47:45 +0000] "GET /wp-content/uploads/2025/01/company-01-1.svg HTTP/1.1" 200 5600 "https://drmoustafaelnahasclinics.com/" "Mozilla/5.0 (Linux; Android 11; M2003J15SC Build/RP1A.200720.011; wv) AppleWebKit/537.36 (KHTML, like Gecko) Version/4.0 Chrome/144.0.7559.117 Mobile Safari/537.36 [FB_IAB/FB4A;FBAV/547.0.0.41.68;IABMV/1;]"
156.221.160.24 - - [23/Feb/2026:12:47:45 +0000] "GET /wp-content/uploads/2025/01/company-02-1.svg HTTP/1.1" 200 3851 "https://drmoustafaelnahasclinics.com/" "Mozilla/5.0 (Linux; Android 11; M2003J15SC Build/RP1A.200720.011; wv) AppleWebKit/537.36 (KHTML, like Gecko) Version/4.0 Chrome/144.0.7559.117 Mobile Safari/537.36 [FB_IAB/FB4A;FBAV/547.0.0.41.68;IABMV/1;]"
156.221.160.24 - - [23/Feb/2026:12:47:45 +0000] "GET /wp-content/uploads/2025/01/company-03-1.svg HTTP/1.1" 200 4666 "https://drmoustafaelnahasclinics.com/" "Mozilla/5.0 (Linux; Android 11; M2003J15SC Build/RP1A.200720.011; wv) AppleWebKit/537.36 (KHTML, like Gecko) Version/4.0 Chrome/144.0.7559.117 Mobile Safari/537.36 [FB_IAB/FB4A;FBAV/547.0.0.41.68;IABMV/1;]"
156.221.160.24 - - [23/Feb/2026:12:47:45 +0000] "GET /wp-content/uploads/2025/01/company-04-1.svg HTTP/1.1" 200 12093 "https://drmoustafaelnahasclinics.com/" "Mozilla/5.0 (Linux; Android 11; M2003J15SC Build/RP1A.200720.011; wv) AppleWebKit/537.36 (KHTML, like Gecko) Version/4.0 Chrome/144.0.7559.117 Mobile Safari/537.36 [FB_IAB/FB4A;FBAV/547.0.0.41.68;IABMV/1;]"
156.221.160.24 - - [23/Feb/2026:12:47:45 +0000] "GET /wp-content/uploads/2025/01/company-05-1.svg HTTP/1.1" 200 45014 "https://drmoustafaelnahasclinics.com/" "Mozilla/5.0 (Linux; Android 11; M2003J15SC Build/RP1A.200720.011; wv) AppleWebKit/537.36 (KHTML, like Gecko) Version/4.0 Chrome/144.0.7559.117 Mobile Safari/537.36 [FB_IAB/FB4A;FBAV/547.0.0.41.68;IABMV/1;]"
156.221.160.24 - - [23/Feb/2026:12:47:46 +0000] "GET /wp-content/uploads/2025/01/company-06-1.svg HTTP/1.1" 200 6562 "https://drmoustafaelnahasclinics.com/" "Mozilla/5.0 (Linux; Android 11; M2003J15SC Build/RP1A.200720.011; wv) AppleWebKit/537.36 (KHTML, like Gecko) Version/4.0 Chrome/144.0.7559.117 Mobile Safari/537.36 [FB_IAB/FB4A;FBAV/547.0.0.41.68;IABMV/1;]"
156.221.160.24 - - [23/Feb/2026:12:47:46 +0000] "GET /wp-content/uploads/2025/01/company-08-1.svg HTTP/1.1" 200 3955 "https://drmoustafaelnahasclinics.com/" "Mozilla/5.0 (Linux; Android 11; M2003J15SC Build/RP1A.200720.011; wv) AppleWebKit/537.36 (KHTML, like Gecko) Version/4.0 Chrome/144.0.7559.117 Mobile Safari/537.36 [FB_IAB/FB4A;FBAV/547.0.0.41.68;IABMV/1;]"
156.221.160.24 - - [23/Feb/2026:12:47:46 +0000] "GET /wp-content/uploads/2025/01/company-07-1.svg HTTP/1.1" 200 6375 "https://drmoustafaelnahasclinics.com/" "Mozilla/5.0 (Linux; Android 11; M2003J15SC Build/RP1A.200720.011; wv) AppleWebKit/537.36 (KHTML, like Gecko) Version/4.0 Chrome/144.0.7559.117 Mobile Safari/537.36 [FB_IAB/FB4A;FBAV/547.0.0.41.68;IABMV/1;]"
172.187.168.139 - - [23/Feb/2026:12:49:24 +0000] "POST /wp-cron.php?doing_wp_cron=1771850964.2962009906768798828125 HTTP/1.1" 200 31 "-" "WordPress/6.9.1; https://doccure-wp.dreamstechnologies.com"
94.130.200.121 - - [23/Feb/2026:12:49:24 +0000] "POST /xmlrpc.php HTTP/1.1" 405 428 "-" "Mozilla/5.0 (Windows NT 6.1) AppleWebKit/537.36 (KHTML, like Gecko) Chrome/80.0.3987.132 Safari/537.36"
94.130.200.121 - - [23/Feb/2026:12:49:26 +0000] "POST /xmlrpc.php HTTP/1.1" 405 428 "-" "Mozilla/5.0 (Windows NT 6.1) AppleWebKit/537.36 (KHTML, like Gecko) Chrome/80.0.3987.132 Safari/537.36"
94.130.200.121 - - [23/Feb/2026:12:49:27 +0000] "POST /xmlrpc.php HTTP/1.1" 405 428 "-" "Mozilla/5.0 (Windows NT 6.1) AppleWebKit/537.36 (KHTML, like Gecko) Chrome/80.0.3987.132 Safari/537.36"
94.130.200.121 - - [23/Feb/2026:12:49:28 +0000] "POST /xmlrpc.php HTTP/1.1" 405 428 "-" "Mozilla/5.0 (Windows NT 6.1) AppleWebKit/537.36 (KHTML, like Gecko) Chrome/80.0.3987.132 Safari/537.36"
149.102.235.135 - - [23/Feb/2026:12:50:04 +0000] "GET /wp-login.php HTTP/1.1" 200 2430 "-" "Mozilla/5.0 (Windows NT 10.0; Win64; x64) AppleWebKit/537.36 (KHTML, like Gecko) Chrome/114.0.0.0 Safari/537.36"
149.102.235.135 - - [23/Feb/2026:12:50:06 +0000] "POST /wp-login.php HTTP/1.1" 302 11 "-" "Mozilla/5.0 (Windows NT 10.0; Win64; x64) AppleWebKit/537.36 (KHTML, like Gecko) Chrome/114.0.0.0 Safari/537.36"
149.102.235.135 - - [23/Feb/2026:12:50:08 +0000] "GET / HTTP/1.1" 200 33203 "-" "Mozilla/5.0 (Windows NT 10.0; Win64; x64) AppleWebKit/537.36 (KHTML, like Gecko) Chrome/114.0.0.0 Safari/537.36"
149.102.235.135 - - [23/Feb/2026:12:50:10 +0000] "GET /wp-admin/post.php?post=5756&action=edit HTTP/1.1" 200 131294 "https://doccure-wp.dreamstechnologies.com/wp-admin" "Mozilla/5.0 (Windows NT 10.0; Win64; x64) AppleWebKit/537.36 (KHTML, like Gecko) Chrome/114.0.0.0 Safari/537.36"
149.102.235.135 - - [23/Feb/2026:12:50:12 +0000] "GET /wp-admin/post.php?post=5756&action=elementor HTTP/1.1" 200 213732 "https://doccure-wp.dreamstechnologies.com/wp-admin/post.php?post=5756&action=edit" "Mozilla/5.0 (Windows NT 10.0; Win64; x64) AppleWebKit/537.36 (KHTML, like Gecko) Chrome/114.0.0.0 Safari/537.36"
172.187.168.139 - - [23/Feb/2026:12:50:15 +0000] "POST /wp-cron.php?doing_wp_cron=1771851015.0326280593872070312500 HTTP/1.1" 200 31 "-" "WordPress/6.9.1; https://doccure-wp.dreamstechnologies.com"
149.102.235.135 - - [23/Feb/2026:12:50:15 +0000] "GET /wp-admin/post.php?post=5756&action=elementor HTTP/1.1" 200 213744 "https://doccure-wp.dreamstechnologies.com/wp-admin/post.php?post=5756&action=edit" "Mozilla/5.0 (Windows NT 10.0; Win64; x64) AppleWebKit/537.36 (KHTML, like Gecko) Chrome/114.0.0.0 Safari/537.36"
123.20.61.220 - - [23/Feb/2026:12:50:28 +0000] "GET /doctors/james-amen/ HTTP/1.1" 499 0 "-" "Mozilla/5.0 (Windows NT 6.3; Win64; x64) AppleWebKit/537.36 (KHTML, like Gecko) Chrome/96.0.4664.45 Safari/537.36"
41.105.197.160 - - [23/Feb/2026:12:50:36 +0000] "GET /doctors/james-amen/ HTTP/1.1" 200 24122 "-" "Mozilla/5.0 (Windows NT 6.3; Win64; x64) AppleWebKit/537.36 (KHTML, like Gecko) Chrome/85.0.4183.83 Safari/537.36"
172.187.168.139 - - [23/Feb/2026:12:51:18 +0000] "POST /wp-cron.php?doing_wp_cron=1771851078.0727369785308837890625 HTTP/1.1" 200 31 "-" "WordPress/6.9.1; https://doccure-wp.dreamstechnologies.com"
50.17.185.102 - - [23/Feb/2026:12:51:18 +0000] "GET / HTTP/1.1" 200 29871 "-" "FreshpingBot/1.0 (+https://freshping.io/)"
172.187.168.139 - - [23/Feb/2026:12:55:50 +0000] "POST /wp-cron.php?doing_wp_cron=1771851350.4715540409088134765625 HTTP/1.1" 200 31 "-" "WordPress/6.9.1; https://doccure-wp.dreamstechnologies.com"
2a03:2880:30ff:56:: - - [23/Feb/2026:12:55:50 +0000] "GET /register HTTP/1.1" 200 19038 "-" "facebookexternalhit/1.1 (+http://www.facebook.com/externalhit_uatext.php)"
2a03:2880:30ff:4e:: - - [23/Feb/2026:12:55:50 +0000] "GET /wp-content/themes/doccure/assets/theia-sticky-sidebar/theia-sticky-sidebar.js?ver=1.5.3 HTTP/1.1" 200 16379 "-" "facebookexternalhit/1.1 (+http://www.facebook.com/externalhit_uatext.php)"
2a03:2880:30ff:72:: - - [23/Feb/2026:12:55:50 +0000] "GET /wp-content/themes/doccure/assets/dashboardjs/doccure_callback.js?ver=1.5.3 HTTP/1.1" 200 99725 "-" "facebookexternalhit/1.1 (+http://www.facebook.com/externalhit_uatext.php)"
2a03:2880:30ff:72:: - - [23/Feb/2026:12:55:50 +0000] "GET /wp-content/plugins/contact-form-7/includes/js/index.js?ver=6.1.5 HTTP/1.1" 200 13452 "-" "facebookexternalhit/1.1 (+http://www.facebook.com/externalhit_uatext.php)"
2a03:2880:30ff:71:: - - [23/Feb/2026:12:55:50 +0000] "GET /wp-content/plugins/woocommerce/assets/js/sourcebuster/sourcebuster.min.js?ver=10.5.2 HTTP/1.1" 200 15315 "-" "facebookexternalhit/1.1 (+http://www.facebook.com/externalhit_uatext.php)"
2a03:2880:30ff:42:: - - [23/Feb/2026:12:55:50 +0000] "GET /wp-content/plugins/woocommerce/assets/js/frontend/order-attribution.min.js?ver=10.5.2 HTTP/1.1" 200 2439 "-" "facebookexternalhit/1.1 (+http://www.facebook.com/externalhit_uatext.php)"
2a03:2880:30ff:8:: - - [23/Feb/2026:12:55:50 +0000] "GET /wp-content/themes/doccure/assets/js/doccure-ajax.js HTTP/1.1" 200 2063 "-" "facebookexternalhit/1.1 (+http://www.facebook.com/externalhit_uatext.php)"
2a03:2880:30ff:9:: - - [23/Feb/2026:12:55:50 +0000] "GET /wp-includes/js/imagesloaded.min.js?ver=5.0.0 HTTP/1.1" 200 5520 "-" "facebookexternalhit/1.1 (+http://www.facebook.com/externalhit_uatext.php)"
2a03:2880:30ff:1:: - - [23/Feb/2026:12:55:50 +0000] "GET /wp-content/plugins/woocommerce/assets/js/select2/select2.full.min.js?ver=4.0.3-wc.10.5.2 HTTP/1.1" 200 74620 "-" "facebookexternalhit/1.1 (+http://www.facebook.com/externalhit_uatext.php)"
2a03:2880:30ff:71:: - - [23/Feb/2026:12:55:50 +0000] "GET /wp-content/themes/doccure/assets/js/bootstrap/bootstrap.bundle.min.js?ver=5.3.0 HTTP/1.1" 200 125699 "-" "facebookexternalhit/1.1 (+http://www.facebook.com/externalhit_uatext.php)"
2a03:2880:30ff:4a:: - - [23/Feb/2026:12:55:50 +0000] "GET /wp-content/plugins/doccure/assets/js/view-prescription-modal.js?ver=1.5.3 HTTP/1.1" 200 19906 "-" "facebookexternalhit/1.1 (+http://www.facebook.com/externalhit_uatext.php)"
2a03:2880:30ff:72:: - - [23/Feb/2026:12:55:51 +0000] "GET /wp-content/plugins/contact-form-7/includes/swv/js/index.js?ver=6.1.5 HTTP/1.1" 200 12512 "-" "facebookexternalhit/1.1 (+http://www.facebook.com/externalhit_uatext.php)"
2a03:2880:30ff:5:: - - [23/Feb/2026:12:55:51 +0000] "GET /wp-content/themes/doccure/assets/plugins/datatables/jquery.dataTables.min.js?ver=1.5.3 HTTP/1.1" 200 156621 "-" "facebookexternalhit/1.1 (+http://www.facebook.com/externalhit_uatext.php)"
2a03:2880:30ff:71:: - - [23/Feb/2026:12:55:51 +0000] "GET /wp-includes/js/dist/i18n.min.js?ver=c26c3dc7bed366793375 HTTP/1.1" 200 5314 "-" "facebookexternalhit/1.1 (+http://www.facebook.com/externalhit_uatext.php)"
2a03:2880:30ff:73:: - - [23/Feb/2026:12:55:51 +0000] "GET /wp-content/themes/doccure/assets/js/theme-woocommerce.js?ver=1.0.0 HTTP/1.1" 200 3193 "-" "facebookexternalhit/1.1 (+http://www.facebook.com/externalhit_uatext.php)"
2a03:2880:30ff:4:: - - [23/Feb/2026:12:55:51 +0000] "GET /wp-includes/js/jquery/jquery-migrate.min.js?ver=3.4.1 HTTP/1.1" 200 13577 "-" "facebookexternalhit/1.1 (+http://www.facebook.com/externalhit_uatext.php)"
2a03:2880:30ff:72:: - - [23/Feb/2026:12:55:51 +0000] "GET /wp-content/themes/doccure/assets/js/cursor.js HTTP/1.1" 200 4280 "-" "facebookexternalhit/1.1 (+http://www.facebook.com/externalhit_uatext.php)"
2a03:2880:30ff:52:: - - [23/Feb/2026:12:55:51 +0000] "GET /wp-content/themes/doccure/assets/js/otp-script.js HTTP/1.1" 200 2960 "-" "facebookexternalhit/1.1 (+http://www.facebook.com/externalhit_uatext.php)"
2a03:2880:30ff:4e:: - - [23/Feb/2026:12:55:51 +0000] "GET /wp-includes/js/masonry.min.js?ver=4.2.2 HTTP/1.1" 200 24138 "-" "facebookexternalhit/1.1 (+http://www.facebook.com/externalhit_uatext.php)"
2a03:2880:30ff:56:: - - [23/Feb/2026:12:55:51 +0000] "GET /wp-content/themes/doccure/assets/js/slick.min.js?ver=1.5.3 HTTP/1.1" 200 42864 "-" "facebookexternalhit/1.1 (+http://www.facebook.com/externalhit_uatext.php)"
2a03:2880:30ff:42:: - - [23/Feb/2026:12:55:51 +0000] "GET /wp-content/themes/doccure/assets/js/counter.js?ver=1.5.3 HTTP/1.1" 200 1253 "-" "facebookexternalhit/1.1 (+http://www.facebook.com/externalhit_uatext.php)"
2a03:2880:30ff:7:: - - [23/Feb/2026:12:55:51 +0000] "GET /wp-content/themes/doccure/assets/js/theme.js?ver=1.5.3 HTTP/1.1" 200 30742 "-" "facebookexternalhit/1.1 (+http://www.facebook.com/externalhit_uatext.php)"
2a03:2880:30ff:4:: - - [23/Feb/2026:12:55:51 +0000] "GET /wp-content/themes/doccure/assets/dashboardjs/script-newtheme.js?ver=1.5.3 HTTP/1.1" 200 81204 "-" "facebookexternalhit/1.1 (+http://www.facebook.com/externalhit_uatext.php)"
2a03:2880:30ff:4:: - - [23/Feb/2026:12:55:51 +0000] "GET /wp-includes/js/wp-util.min.js?ver=6.9.1 HTTP/1.1" 200 1426 "-" "facebookexternalhit/1.1 (+http://www.facebook.com/externalhit_uatext.php)"
2a03:2880:30ff:70:: - - [23/Feb/2026:12:55:51 +0000] "GET /wp-includes/js/jquery/jquery.min.js?ver=3.7.1 HTTP/1.1" 200 87553 "-" "facebookexternalhit/1.1 (+http://www.facebook.com/externalhit_uatext.php)"
2a03:2880:30ff:4a:: - - [23/Feb/2026:12:55:51 +0000] "GET /wp-includes/js/underscore.min.js?ver=1.13.7 HTTP/1.1" 200 18905 "-" "facebookexternalhit/1.1 (+http://www.facebook.com/externalhit_uatext.php)"
2a03:2880:30ff:4:: - - [23/Feb/2026:12:55:51 +0000] "GET /wp-content/themes/doccure/assets/dashboardjs/circle-progress.min.js?ver=1.5.3 HTTP/1.1" 200 4445 "-" "facebookexternalhit/1.1 (+http://www.facebook.com/externalhit_uatext.php)"
2a03:2880:30ff:4b:: - - [23/Feb/2026:12:55:51 +0000] "GET /wp-content/themes/doccure/assets/js/backToTop.js?ver=1.5.3 HTTP/1.1" 200 1003 "-" "facebookexternalhit/1.1 (+http://www.facebook.com/externalhit_uatext.php)"
2a03:2880:30ff:74:: - - [23/Feb/2026:12:55:51 +0000] "GET /wp-content/themes/doccure/assets/js/aos.js?ver=1.5.3 HTTP/1.1" 200 14243 "-" "facebookexternalhit/1.1 (+http://www.facebook.com/externalhit_uatext.php)"
2a03:2880:30ff:4d:: - - [23/Feb/2026:12:55:51 +0000] "GET /wp-content/themes/doccure/assets/theia-sticky-sidebar/ResizeSensor.js?ver=1.5.3 HTTP/1.1" 200 5955 "-" "facebookexternalhit/1.1 (+http://www.facebook.com/externalhit_uatext.php)"
2a03:2880:30ff:5:: - - [23/Feb/2026:12:55:51 +0000] "GET /wp-content/themes/doccure/assets/js/bootstrap-datetimepicker.min.js?ver=1.5.3 HTTP/1.1" 200 38510 "-" "facebookexternalhit/1.1 (+http://www.facebook.com/externalhit_uatext.php)"
2a03:2880:30ff:71:: - - [23/Feb/2026:12:55:51 +0000] "GET /wp-content/themes/doccure/assets/js/magnific-popup.js?ver=1.1.0 HTTP/1.1" 200 45448 "-" "facebookexternalhit/1.1 (+http://www.facebook.com/externalhit_uatext.php)"
2a03:2880:30ff:4c:: - - [23/Feb/2026:12:55:51 +0000] "GET /wp-content/themes/doccure/assets/plugins/datatables/datatables.min.js?ver=1.5.3 HTTP/1.1" 200 437 "-" "facebookexternalhit/1.1 (+http://www.facebook.com/externalhit_uatext.php)"
2a03:2880:30ff:56:: - - [23/Feb/2026:12:55:51 +0000] "GET /wp-content/themes/doccure/assets/js/isotope.min.js?ver=6.9.1 HTTP/1.1" 200 35428 "-" "facebookexternalhit/1.1 (+http://www.facebook.com/externalhit_uatext.php)"
2a03:2880:30ff:52:: - - [23/Feb/2026:12:55:51 +0000] "GET /wp-content/themes/doccure/assets/js/jquery.countTo.js?ver=1.5.3 HTTP/1.1" 200 2501 "-" "facebookexternalhit/1.1 (+http://www.facebook.com/externalhit_uatext.php)"
2a03:2880:30ff:4b:: - - [23/Feb/2026:12:55:51 +0000] "GET /wp-includes/js/dist/hooks.min.js?ver=dd5603f07f9220ed27f1 HTTP/1.1" 200 5661 "-" "facebookexternalhit/1.1 (+http://www.facebook.com/externalhit_uatext.php)"
2a03:2880:30ff:54:: - - [23/Feb/2026:12:55:51 +0000] "GET /wp-content/themes/doccure/assets/js/owl.carousel.min.js?ver=1.5.3 HTTP/1.1" 200 44342 "-" "facebookexternalhit/1.1 (+http://www.facebook.com/externalhit_uatext.php)"
2a03:2880:30ff:9:: - - [23/Feb/2026:12:55:51 +0000] "GET /wp-content/themes/doccure/assets/js/popper.min.js?ver=1.5.3 HTTP/1.1" 200 20121 "-" "facebookexternalhit/1.1 (+http://www.facebook.com/externalhit_uatext.php)"
2a03:2880:30ff:: - - [23/Feb/2026:12:55:51 +0000] "GET /wp-content/themes/doccure/assets/js/moment.min.js?ver=1.5.3 HTTP/1.1" 200 58890 "-" "facebookexternalhit/1.1 (+http://www.facebook.com/externalhit_uatext.php)"
2a03:2880:30ff:8:: - - [23/Feb/2026:12:55:51 +0000] "GET /wp-content/themes/doccure/assets/js/jquery.inview.min.js?ver=1.5.3 HTTP/1.1" 200 1264 "-" "facebookexternalhit/1.1 (+http://www.facebook.com/externalhit_uatext.php)"
172.187.168.139 - - [23/Feb/2026:12:56:38 +0000] "POST /wp-cron.php?doing_wp_cron=1771851398.2814779281616210937500 HTTP/1.1" 200 31 "-" "WordPress/6.9.1; https://doccure-wp.dreamstechnologies.com"
50.17.185.102 - - [23/Feb/2026:12:56:38 +0000] "GET / HTTP/1.1" 200 29871 "-" "FreshpingBot/1.0 (+https://freshping.io/)"
172.187.168.139 - - [23/Feb/2026:13:00:21 +0000] "POST /wp-cron.php?doing_wp_cron=1771851621.1193389892578125000000 HTTP/1.1" 200 31 "-" "WordPress/6.9.1; https://doccure-wp.dreamstechnologies.com"
193.24.211.73 - - [23/Feb/2026:13:00:21 +0000] "POST / HTTP/1.1" 200 29932 "-" "Mozilla/5.0 (Macintosh; Intel Mac OS X 10.15; rv:135.0) Gecko/20100101 Firefox/144.0"
113.190.118.73 - - [23/Feb/2026:13:00:52 +0000] "GET /steroidi-e-fertilita-maschile-impatti-e-considerazioni/ HTTP/1.1" 404 17237 "-" "Mozilla/5.0 (Windows NT 6.1; Win64; x64) AppleWebKit/537.36 (KHTML, like Gecko) Chrome/90.0.4430.93 Safari/537.36"
172.187.168.139 - - [23/Feb/2026:13:01:16 +0000] "POST /wp-cron.php?doing_wp_cron=1771851676.2560069561004638671875 HTTP/1.1" 200 31 "-" "WordPress/6.9.1; https://doccure-wp.dreamstechnologies.com"
157.180.113.24 - - [23/Feb/2026:13:01:16 +0000] "GET /robots.txt HTTP/1.1" 200 427 "-" "Mozilla/5.0 AppleWebKit/537.36 (KHTML, like Gecko; compatible; Bravebot/1.0; +https://search.brave.com/help/brave-search-crawler) Chrome/W.X.Y.Z Safari/537.36"
178.156.229.171 - - [23/Feb/2026:13:01:16 +0000] "GET /feed/ HTTP/1.1" 200 45970 "-" "Mozilla/5.0 (Windows NT 10.0; Win64; x64) AppleWebKit/537.36 (KHTML, like Gecko) Chrome/84.0.4147.105 Safari/537.36"
35.173.69.86 - - [23/Feb/2026:13:01:28 +0000] "GET / HTTP/1.1" 200 29871 "-" "FreshpingBot/1.0 (+https://freshping.io/)"
178.156.233.191 - - [23/Feb/2026:13:01:36 +0000] "GET /descobrindo-o-mundo-dos-novos-estabelecimentos-de-jogo-um-guia-completo HTTP/1.1" 200 23819 "-" "Mozilla/5.0 (Windows NT 10.0; Win64; x64) AppleWebKit/537.36 (KHTML, like Gecko) Chrome/84.0.4147.105 Safari/537.36"
107.22.22.85 - - [23/Feb/2026:13:05:37 +0000] "GET /wp-content/uploads/2025/01/banner-user1-1.jpg HTTP/1.1" 200 61943 "https://dotelehealth.org/" "Mozilla/5.0 (iPhone; CPU iPhone OS 6_0 like Mac OS X) AppleWebKit/536.26 (KHTML, like Gecko) Version/6.0 Mobile/10A403 Safari/8536.25"
107.22.22.85 - - [23/Feb/2026:13:05:38 +0000] "GET /wp-content/uploads/2025/01/banner-user2-1.jpg HTTP/1.1" 200 57759 "https://dotelehealth.org/" "Mozilla/5.0 (iPhone; CPU iPhone OS 6_0 like Mac OS X) AppleWebKit/536.26 (KHTML, like Gecko) Version/6.0 Mobile/10A403 Safari/8536.25"
107.22.22.85 - - [23/Feb/2026:13:05:38 +0000] "GET /wp-content/uploads/2025/01/banner-user3-1.jpg HTTP/1.1" 200 55292 "https://dotelehealth.org/" "Mozilla/5.0 (iPhone; CPU iPhone OS 6_0 like Mac OS X) AppleWebKit/536.26 (KHTML, like Gecko) Version/6.0 Mobile/10A403 Safari/8536.25"
107.22.22.85 - - [23/Feb/2026:13:05:39 +0000] "GET /wp-content/uploads/2025/01/banner-patient-2-1.jpg HTTP/1.1" 200 5251 "https://dotelehealth.org/" "Mozilla/5.0 (iPhone; CPU iPhone OS 6_0 like Mac OS X) AppleWebKit/536.26 (KHTML, like Gecko) Version/6.0 Mobile/10A403 Safari/8536.25"
107.22.22.85 - - [23/Feb/2026:13:05:39 +0000] "GET /wp-content/uploads/2025/01/banner-patient-1-1.jpg HTTP/1.1" 200 5731 "https://dotelehealth.org/" "Mozilla/5.0 (iPhone; CPU iPhone OS 6_0 like Mac OS X) AppleWebKit/536.26 (KHTML, like Gecko) Version/6.0 Mobile/10A403 Safari/8536.25"
107.22.22.85 - - [23/Feb/2026:13:05:39 +0000] "GET /wp-content/uploads/2025/01/list-icon-04-1.svg HTTP/1.1" 200 1065 "https://dotelehealth.org/" "Mozilla/5.0 (iPhone; CPU iPhone OS 6_0 like Mac OS X) AppleWebKit/536.26 (KHTML, like Gecko) Version/6.0 Mobile/10A403 Safari/8536.25"
107.22.22.85 - - [23/Feb/2026:13:05:39 +0000] "GET /wp-content/uploads/2025/01/video-1.svg HTTP/1.1" 200 19342 "https://dotelehealth.org/" "Mozilla/5.0 (iPhone; CPU iPhone OS 6_0 like Mac OS X) AppleWebKit/536.26 (KHTML, like Gecko) Version/6.0 Mobile/10A403 Safari/8536.25"
107.22.22.85 - - [23/Feb/2026:13:05:39 +0000] "GET /wp-content/uploads/2025/01/speciality-04-1.jpg HTTP/1.1" 200 80057 "https://dotelehealth.org/" "Mozilla/5.0 (iPhone; CPU iPhone OS 6_0 like Mac OS X) AppleWebKit/536.26 (KHTML, like Gecko) Version/6.0 Mobile/10A403 Safari/8536.25"
107.22.22.85 - - [23/Feb/2026:13:05:39 +0000] "GET /wp-content/uploads/2025/01/banner-icon-5-1.svg HTTP/1.1" 200 428 "https://dotelehealth.org/" "Mozilla/5.0 (iPhone; CPU iPhone OS 6_0 like Mac OS X) AppleWebKit/536.26 (KHTML, like Gecko) Version/6.0 Mobile/10A403 Safari/8536.25"
107.22.22.85 - - [23/Feb/2026:13:05:39 +0000] "GET /wp-content/uploads/2025/01/speciality-icon-03-1.svg HTTP/1.1" 200 22720 "https://dotelehealth.org/" "Mozilla/5.0 (iPhone; CPU iPhone OS 6_0 like Mac OS X) AppleWebKit/536.26 (KHTML, like Gecko) Version/6.0 Mobile/10A403 Safari/8536.25"
107.22.22.85 - - [23/Feb/2026:13:05:39 +0000] "GET /wp-content/uploads/2025/01/speciality-icon-05-1.svg HTTP/1.1" 200 5445 "https://dotelehealth.org/" "Mozilla/5.0 (iPhone; CPU iPhone OS 6_0 like Mac OS X) AppleWebKit/536.26 (KHTML, like Gecko) Version/6.0 Mobile/10A403 Safari/8536.25"
107.22.22.85 - - [23/Feb/2026:13:05:39 +0000] "GET /wp-content/uploads/2025/01/speciality-icon-06-1.svg HTTP/1.1" 200 8651 "https://dotelehealth.org/" "Mozilla/5.0 (iPhone; CPU iPhone OS 6_0 like Mac OS X) AppleWebKit/536.26 (KHTML, like Gecko) Version/6.0 Mobile/10A403 Safari/8536.25"
107.22.22.85 - - [23/Feb/2026:13:05:39 +0000] "GET /wp-content/uploads/2025/01/app-bg-03-1.png HTTP/1.1" 200 12494 "https://dotelehealth.org/" "Mozilla/5.0 (iPhone; CPU iPhone OS 6_0 like Mac OS X) AppleWebKit/536.26 (KHTML, like Gecko) Version/6.0 Mobile/10A403 Safari/8536.25"
107.22.22.85 - - [23/Feb/2026:13:05:39 +0000] "GET /wp-content/uploads/2025/01/banner-icon-3-1.png HTTP/1.1" 200 22042 "https://dotelehealth.org/" "Mozilla/5.0 (iPhone; CPU iPhone OS 6_0 like Mac OS X) AppleWebKit/536.26 (KHTML, like Gecko) Version/6.0 Mobile/10A403 Safari/8536.25"
107.22.22.85 - - [23/Feb/2026:13:05:39 +0000] "GET /wp-content/uploads/2025/01/list-icon-02-1.svg HTTP/1.1" 200 1597 "https://dotelehealth.org/" "Mozilla/5.0 (iPhone; CPU iPhone OS 6_0 like Mac OS X) AppleWebKit/536.26 (KHTML, like Gecko) Version/6.0 Mobile/10A403 Safari/8536.25"
107.22.22.85 - - [23/Feb/2026:13:05:39 +0000] "GET /wp-content/uploads/2025/01/speciality-01-1.jpg HTTP/1.1" 200 67730 "https://dotelehealth.org/" "Mozilla/5.0 (iPhone; CPU iPhone OS 6_0 like Mac OS X) AppleWebKit/536.26 (KHTML, like Gecko) Version/6.0 Mobile/10A403 Safari/8536.25"
107.22.22.85 - - [23/Feb/2026:13:05:39 +0000] "GET /wp-content/uploads/2025/01/list-icon-01-1.svg HTTP/1.1" 200 2560 "https://dotelehealth.org/" "Mozilla/5.0 (iPhone; CPU iPhone OS 6_0 like Mac OS X) AppleWebKit/536.26 (KHTML, like Gecko) Version/6.0 Mobile/10A403 Safari/8536.25"
107.22.22.85 - - [23/Feb/2026:13:05:39 +0000] "GET /wp-content/uploads/2025/01/company-05-1.svg HTTP/1.1" 200 45014 "https://dotelehealth.org/" "Mozilla/5.0 (iPhone; CPU iPhone OS 6_0 like Mac OS X) AppleWebKit/536.26 (KHTML, like Gecko) Version/6.0 Mobile/10A403 Safari/8536.25"
107.22.22.85 - - [23/Feb/2026:13:05:39 +0000] "GET /wp-content/uploads/2025/01/company-06-1.svg HTTP/1.1" 200 6562 "https://dotelehealth.org/" "Mozilla/5.0 (iPhone; CPU iPhone OS 6_0 like Mac OS X) AppleWebKit/536.26 (KHTML, like Gecko) Version/6.0 Mobile/10A403 Safari/8536.25"
107.22.22.85 - - [23/Feb/2026:13:05:39 +0000] "GET /wp-content/uploads/2025/01/mobile-img-1.png HTTP/1.1" 200 33148 "https://dotelehealth.org/" "Mozilla/5.0 (iPhone; CPU iPhone OS 6_0 like Mac OS X) AppleWebKit/536.26 (KHTML, like Gecko) Version/6.0 Mobile/10A403 Safari/8536.25"
107.22.22.85 - - [23/Feb/2026:13:05:39 +0000] "GET /wp-content/uploads/2025/01/company-03-1.svg HTTP/1.1" 200 4666 "https://dotelehealth.org/" "Mozilla/5.0 (iPhone; CPU iPhone OS 6_0 like Mac OS X) AppleWebKit/536.26 (KHTML, like Gecko) Version/6.0 Mobile/10A403 Safari/8536.25"
107.22.22.85 - - [23/Feb/2026:13:05:39 +0000] "GET /wp-content/uploads/2025/01/speciality-08-1.jpg HTTP/1.1" 200 59307 "https://dotelehealth.org/" "Mozilla/5.0 (iPhone; CPU iPhone OS 6_0 like Mac OS X) AppleWebKit/536.26 (KHTML, like Gecko) Version/6.0 Mobile/10A403 Safari/8536.25"
107.22.22.85 - - [23/Feb/2026:13:05:39 +0000] "GET /wp-content/uploads/2025/01/book-02-1.jpg HTTP/1.1" 200 225804 "https://dotelehealth.org/" "Mozilla/5.0 (iPhone; CPU iPhone OS 6_0 like Mac OS X) AppleWebKit/536.26 (KHTML, like Gecko) Version/6.0 Mobile/10A403 Safari/8536.25"
107.22.22.85 - - [23/Feb/2026:13:05:39 +0000] "GET /wp-content/uploads/2025/01/banner-icon-4-1.png HTTP/1.1" 200 5878 "https://dotelehealth.org/" "Mozilla/5.0 (iPhone; CPU iPhone OS 6_0 like Mac OS X) AppleWebKit/536.26 (KHTML, like Gecko) Version/6.0 Mobile/10A403 Safari/8536.25"
107.22.22.85 - - [23/Feb/2026:13:05:39 +0000] "GET /wp-content/uploads/2025/01/list-icon-07-1.svg HTTP/1.1" 200 748 "https://dotelehealth.org/" "Mozilla/5.0 (iPhone; CPU iPhone OS 6_0 like Mac OS X) AppleWebKit/536.26 (KHTML, like Gecko) Version/6.0 Mobile/10A403 Safari/8536.25"
107.22.22.85 - - [23/Feb/2026:13:05:39 +0000] "GET /wp-content/uploads/2025/01/list-icon-06-1.svg HTTP/1.1" 200 748 "https://dotelehealth.org/" "Mozilla/5.0 (iPhone; CPU iPhone OS 6_0 like Mac OS X) AppleWebKit/536.26 (KHTML, like Gecko) Version/6.0 Mobile/10A403 Safari/8536.25"
107.22.22.85 - - [23/Feb/2026:13:05:39 +0000] "GET /wp-content/uploads/2025/01/banner-icon-2-1.png HTTP/1.1" 200 25272 "https://dotelehealth.org/" "Mozilla/5.0 (iPhone; CPU iPhone OS 6_0 like Mac OS X) AppleWebKit/536.26 (KHTML, like Gecko) Version/6.0 Mobile/10A403 Safari/8536.25"
107.22.22.85 - - [23/Feb/2026:13:05:39 +0000] "GET /wp-content/uploads/2025/01/banner-patient-3-1.jpg HTTP/1.1" 200 5461 "https://dotelehealth.org/" "Mozilla/5.0 (iPhone; CPU iPhone OS 6_0 like Mac OS X) AppleWebKit/536.26 (KHTML, like Gecko) Version/6.0 Mobile/10A403 Safari/8536.25"
107.22.22.85 - - [23/Feb/2026:13:05:39 +0000] "GET /wp-content/uploads/2025/01/speciality-icon-04-1.svg HTTP/1.1" 200 12836 "https://dotelehealth.org/" "Mozilla/5.0 (iPhone; CPU iPhone OS 6_0 like Mac OS X) AppleWebKit/536.26 (KHTML, like Gecko) Version/6.0 Mobile/10A403 Safari/8536.25"
107.22.22.85 - - [23/Feb/2026:13:05:39 +0000] "GET /wp-content/uploads/2025/01/speciality-icon-02-1.svg HTTP/1.1" 200 9670 "https://dotelehealth.org/" "Mozilla/5.0 (iPhone; CPU iPhone OS 6_0 like Mac OS X) AppleWebKit/536.26 (KHTML, like Gecko) Version/6.0 Mobile/10A403 Safari/8536.25"
107.22.22.85 - - [23/Feb/2026:13:05:39 +0000] "GET /wp-content/uploads/2025/01/speciality-02-1.jpg HTTP/1.1" 200 73191 "https://dotelehealth.org/" "Mozilla/5.0 (iPhone; CPU iPhone OS 6_0 like Mac OS X) AppleWebKit/536.26 (KHTML, like Gecko) Version/6.0 Mobile/10A403 Safari/8536.25"
107.22.22.85 - - [23/Feb/2026:13:05:39 +0000] "GET /wp-content/uploads/2025/01/speciality-03-1.jpg HTTP/1.1" 200 69424 "https://dotelehealth.org/" "Mozilla/5.0 (iPhone; CPU iPhone OS 6_0 like Mac OS X) AppleWebKit/536.26 (KHTML, like Gecko) Version/6.0 Mobile/10A403 Safari/8536.25"
107.22.22.85 - - [23/Feb/2026:13:05:39 +0000] "GET /wp-content/uploads/2025/01/speciality-icon-01-1.svg HTTP/1.1" 200 16368 "https://dotelehealth.org/" "Mozilla/5.0 (iPhone; CPU iPhone OS 6_0 like Mac OS X) AppleWebKit/536.26 (KHTML, like Gecko) Version/6.0 Mobile/10A403 Safari/8536.25"
107.22.22.85 - - [23/Feb/2026:13:05:39 +0000] "GET /wp-content/uploads/2025/01/list-icon-03-1.svg HTTP/1.1" 200 919 "https://dotelehealth.org/" "Mozilla/5.0 (iPhone; CPU iPhone OS 6_0 like Mac OS X) AppleWebKit/536.26 (KHTML, like Gecko) Version/6.0 Mobile/10A403 Safari/8536.25"
107.22.22.85 - - [23/Feb/2026:13:05:39 +0000] "GET /wp-content/uploads/2025/01/banner-icon-1-1.png HTTP/1.1" 200 35173 "https://dotelehealth.org/" "Mozilla/5.0 (iPhone; CPU iPhone OS 6_0 like Mac OS X) AppleWebKit/536.26 (KHTML, like Gecko) Version/6.0 Mobile/10A403 Safari/8536.25"
107.22.22.85 - - [23/Feb/2026:13:05:39 +0000] "GET /wp-content/uploads/2025/01/list-icon-05-1.svg HTTP/1.1" 200 1745 "https://dotelehealth.org/" "Mozilla/5.0 (iPhone; CPU iPhone OS 6_0 like Mac OS X) AppleWebKit/536.26 (KHTML, like Gecko) Version/6.0 Mobile/10A403 Safari/8536.25"
107.22.22.85 - - [23/Feb/2026:13:05:39 +0000] "GET /wp-content/uploads/2025/01/company-01-1.svg HTTP/1.1" 200 5600 "https://dotelehealth.org/" "Mozilla/5.0 (iPhone; CPU iPhone OS 6_0 like Mac OS X) AppleWebKit/536.26 (KHTML, like Gecko) Version/6.0 Mobile/10A403 Safari/8536.25"
107.22.22.85 - - [23/Feb/2026:13:05:39 +0000] "GET /wp-content/uploads/2025/01/company-08-1.svg HTTP/1.1" 200 3955 "https://dotelehealth.org/" "Mozilla/5.0 (iPhone; CPU iPhone OS 6_0 like Mac OS X) AppleWebKit/536.26 (KHTML, like Gecko) Version/6.0 Mobile/10A403 Safari/8536.25"
107.22.22.85 - - [23/Feb/2026:13:05:39 +0000] "GET /wp-content/uploads/2025/01/speciality-icon-08-1.svg HTTP/1.1" 200 10680 "https://dotelehealth.org/" "Mozilla/5.0 (iPhone; CPU iPhone OS 6_0 like Mac OS X) AppleWebKit/536.26 (KHTML, like Gecko) Version/6.0 Mobile/10A403 Safari/8536.25"
107.22.22.85 - - [23/Feb/2026:13:05:39 +0000] "GET /wp-content/uploads/2025/01/speciality-06-1.jpg HTTP/1.1" 200 77656 "https://dotelehealth.org/" "Mozilla/5.0 (iPhone; CPU iPhone OS 6_0 like Mac OS X) AppleWebKit/536.26 (KHTML, like Gecko) Version/6.0 Mobile/10A403 Safari/8536.25"
107.22.22.85 - - [23/Feb/2026:13:05:39 +0000] "GET /wp-content/uploads/2025/01/speciality-icon-07-1.svg HTTP/1.1" 200 7355 "https://dotelehealth.org/" "Mozilla/5.0 (iPhone; CPU iPhone OS 6_0 like Mac OS X) AppleWebKit/536.26 (KHTML, like Gecko) Version/6.0 Mobile/10A403 Safari/8536.25"
107.22.22.85 - - [23/Feb/2026:13:05:39 +0000] "GET /wp-content/uploads/2025/01/download-bg-1.png HTTP/1.1" 200 80236 "https://dotelehealth.org/" "Mozilla/5.0 (iPhone; CPU iPhone OS 6_0 like Mac OS X) AppleWebKit/536.26 (KHTML, like Gecko) Version/6.0 Mobile/10A403 Safari/8536.25"
107.22.22.85 - - [23/Feb/2026:13:05:39 +0000] "GET /wp-content/uploads/2025/01/speciality-07-1.jpg HTTP/1.1" 200 92397 "https://dotelehealth.org/" "Mozilla/5.0 (iPhone; CPU iPhone OS 6_0 like Mac OS X) AppleWebKit/536.26 (KHTML, like Gecko) Version/6.0 Mobile/10A403 Safari/8536.25"
107.22.22.85 - - [23/Feb/2026:13:05:39 +0000] "GET /wp-content/uploads/2025/01/company-04-1.svg HTTP/1.1" 200 12093 "https://dotelehealth.org/" "Mozilla/5.0 (iPhone; CPU iPhone OS 6_0 like Mac OS X) AppleWebKit/536.26 (KHTML, like Gecko) Version/6.0 Mobile/10A403 Safari/8536.25"
107.22.22.85 - - [23/Feb/2026:13:05:39 +0000] "GET /wp-content/uploads/2025/01/speciality-05-1.jpg HTTP/1.1" 200 91447 "https://dotelehealth.org/" "Mozilla/5.0 (iPhone; CPU iPhone OS 6_0 like Mac OS X) AppleWebKit/536.26 (KHTML, like Gecko) Version/6.0 Mobile/10A403 Safari/8536.25"
107.22.22.85 - - [23/Feb/2026:13:05:39 +0000] "GET /wp-content/uploads/2025/01/company-02-1.svg HTTP/1.1" 200 3851 "https://dotelehealth.org/" "Mozilla/5.0 (iPhone; CPU iPhone OS 6_0 like Mac OS X) AppleWebKit/536.26 (KHTML, like Gecko) Version/6.0 Mobile/10A403 Safari/8536.25"
107.22.22.85 - - [23/Feb/2026:13:05:39 +0000] "GET /wp-content/uploads/2025/01/company-07-1.svg HTTP/1.1" 200 6375 "https://dotelehealth.org/" "Mozilla/5.0 (iPhone; CPU iPhone OS 6_0 like Mac OS X) AppleWebKit/536.26 (KHTML, like Gecko) Version/6.0 Mobile/10A403 Safari/8536.25"
107.22.22.85 - - [23/Feb/2026:13:05:39 +0000] "GET /wp-content/uploads/2025/01/app-bg-02-1.png HTTP/1.1" 200 29932 "https://dotelehealth.org/" "Mozilla/5.0 (iPhone; CPU iPhone OS 6_0 like Mac OS X) AppleWebKit/536.26 (KHTML, like Gecko) Version/6.0 Mobile/10A403 Safari/8536.25"
107.22.22.85 - - [23/Feb/2026:13:05:39 +0000] "GET /wp-content/uploads/2025/01/google-play-01-1.svg HTTP/1.1" 200 15483 "https://dotelehealth.org/" "Mozilla/5.0 (iPhone; CPU iPhone OS 6_0 like Mac OS X) AppleWebKit/536.26 (KHTML, like Gecko) Version/6.0 Mobile/10A403 Safari/8536.25"
107.22.22.85 - - [23/Feb/2026:13:05:39 +0000] "GET /wp-content/uploads/2025/01/app-store-01-1.svg HTTP/1.1" 200 19093 "https://dotelehealth.org/" "Mozilla/5.0 (iPhone; CPU iPhone OS 6_0 like Mac OS X) AppleWebKit/536.26 (KHTML, like Gecko) Version/6.0 Mobile/10A403 Safari/8536.25"
107.22.22.85 - - [23/Feb/2026:13:05:39 +0000] "GET /wp-content/uploads/2025/01/app-bg-04-1.png HTTP/1.1" 200 46862 "https://dotelehealth.org/" "Mozilla/5.0 (iPhone; CPU iPhone OS 6_0 like Mac OS X) AppleWebKit/536.26 (KHTML, like Gecko) Version/6.0 Mobile/10A403 Safari/8536.25"
107.22.22.85 - - [23/Feb/2026:13:05:39 +0000] "GET /wp-content/uploads/2025/01/book-01-1.jpg HTTP/1.1" 200 413153 "https://dotelehealth.org/" "Mozilla/5.0 (iPhone; CPU iPhone OS 6_0 like Mac OS X) AppleWebKit/536.26 (KHTML, like Gecko) Version/6.0 Mobile/10A403 Safari/8536.25"
107.22.22.85 - - [23/Feb/2026:13:05:39 +0000] "GET /wp-content/uploads/2025/01/book-03-1.jpg HTTP/1.1" 200 229390 "https://dotelehealth.org/" "Mozilla/5.0 (iPhone; CPU iPhone OS 6_0 like Mac OS X) AppleWebKit/536.26 (KHTML, like Gecko) Version/6.0 Mobile/10A403 Safari/8536.25"
