103.249.250.193 - - [23/Feb/2026:04:16:32 +0000] "GET /wp-content/uploads/2025/01/banner-icon-3-1.png HTTP/1.1" 200 22042 "https://whitesmoke-bee-966588.hostingersite.com/" "Mozilla/5.0 (Windows NT 10.0; Win64; x64) AppleWebKit/537.36 (KHTML, like Gecko) Chrome/145.0.0.0 Safari/537.36"
103.249.250.193 - - [23/Feb/2026:04:16:32 +0000] "GET /wp-content/uploads/2025/01/list-icon-02-1.svg HTTP/1.1" 200 1597 "https://whitesmoke-bee-966588.hostingersite.com/" "Mozilla/5.0 (Windows NT 10.0; Win64; x64) AppleWebKit/537.36 (KHTML, like Gecko) Chrome/145.0.0.0 Safari/537.36"
103.249.250.193 - - [23/Feb/2026:04:16:32 +0000] "GET /wp-content/uploads/2025/01/banner-user3-1.jpg HTTP/1.1" 304 0 "https://whitesmoke-bee-966588.hostingersite.com/" "Mozilla/5.0 (Windows NT 10.0; Win64; x64) AppleWebKit/537.36 (KHTML, like Gecko) Chrome/145.0.0.0 Safari/537.36"
103.249.250.193 - - [23/Feb/2026:04:16:32 +0000] "GET /wp-content/uploads/2025/01/banner-patient-2-1.jpg HTTP/1.1" 200 5251 "https://whitesmoke-bee-966588.hostingersite.com/" "Mozilla/5.0 (Windows NT 10.0; Win64; x64) AppleWebKit/537.36 (KHTML, like Gecko) Chrome/145.0.0.0 Safari/537.36"
103.249.250.193 - - [23/Feb/2026:04:16:32 +0000] "GET /wp-content/uploads/2025/01/list-icon-04-1.svg HTTP/1.1" 200 1065 "https://whitesmoke-bee-966588.hostingersite.com/" "Mozilla/5.0 (Windows NT 10.0; Win64; x64) AppleWebKit/537.36 (KHTML, like Gecko) Chrome/145.0.0.0 Safari/537.36"
103.249.250.193 - - [23/Feb/2026:04:16:33 +0000] "GET /wp-content/uploads/2025/01/company-06-1.svg HTTP/1.1" 200 6562 "https://whitesmoke-bee-966588.hostingersite.com/" "Mozilla/5.0 (Windows NT 10.0; Win64; x64) AppleWebKit/537.36 (KHTML, like Gecko) Chrome/145.0.0.0 Safari/537.36"
103.249.250.193 - - [23/Feb/2026:04:16:33 +0000] "GET /wp-content/uploads/2025/01/speciality-01-1.jpg HTTP/1.1" 200 67730 "https://whitesmoke-bee-966588.hostingersite.com/" "Mozilla/5.0 (Windows NT 10.0; Win64; x64) AppleWebKit/537.36 (KHTML, like Gecko) Chrome/145.0.0.0 Safari/537.36"
103.249.250.193 - - [23/Feb/2026:04:16:33 +0000] "GET /wp-content/uploads/2025/01/book-01-1.jpg HTTP/1.1" 200 413153 "https://whitesmoke-bee-966588.hostingersite.com/" "Mozilla/5.0 (Windows NT 10.0; Win64; x64) AppleWebKit/537.36 (KHTML, like Gecko) Chrome/145.0.0.0 Safari/537.36"
102.66.147.77 - - [23/Feb/2026:04:16:35 +0000] "POST /xmlrpc.php HTTP/1.1" 405 428 "-" "WordPress/5.0; https://doccure-wp.dreamstechnologies.com"
102.66.147.77 - - [23/Feb/2026:04:16:37 +0000] "GET /wp-admin/admin-ajax.php?action=rest-nonce HTTP/1.1" 200 42 "-" "Mozilla/5.0 (Windows NT 10.0; Win64; x64) AppleWebKit/537.36 (KHTML, like Gecko) Chrome/120.0.0.0 Safari/537.36"
102.66.147.77 - - [23/Feb/2026:04:16:39 +0000] "GET /wp-json/wp/v2/plugins HTTP/1.1" 200 27142 "-" "Mozilla/5.0 (Windows NT 10.0; Win64; x64) AppleWebKit/537.36 (KHTML, like Gecko) Chrome/120.0.0.0 Safari/537.36"
102.66.147.77 - - [23/Feb/2026:04:16:42 +0000] "GET /wp-json/wp/v2/settings HTTP/1.1" 200 889 "-" "Mozilla/5.0 (Windows NT 10.0; Win64; x64) AppleWebKit/537.36 (KHTML, like Gecko) Chrome/120.0.0.0 Safari/537.36"
102.66.147.77 - - [23/Feb/2026:04:16:45 +0000] "GET /wp-json/wp/v2/pages/5756 HTTP/1.1" 200 84117 "-" "Mozilla/5.0 (Windows NT 10.0; Win64; x64) AppleWebKit/537.36 (KHTML, like Gecko) Chrome/120.0.0.0 Safari/537.36"
102.66.147.77 - - [23/Feb/2026:04:16:48 +0000] "GET /wp-admin/post.php?post=5756&action=elementor HTTP/1.1" 200 213717 "-" "Mozilla/5.0 (Windows NT 10.0; Win64; x64) AppleWebKit/537.36 (KHTML, like Gecko) Chrome/120.0.0.0 Safari/537.36"
172.187.168.139 - - [23/Feb/2026:04:21:27 +0000] "POST /wp-cron.php?doing_wp_cron=1771820487.8807890415191650390625 HTTP/1.1" 200 31 "-" "WordPress/6.9.1; https://doccure-wp.dreamstechnologies.com"
35.173.69.86 - - [23/Feb/2026:04:21:27 +0000] "GET / HTTP/1.1" 200 29869 "-" "FreshpingBot/1.0 (+https://freshping.io/)"
172.187.168.139 - - [23/Feb/2026:04:26:25 +0000] "POST /wp-cron.php?doing_wp_cron=1771820785.6113300323486328125000 HTTP/1.1" 200 31 "-" "WordPress/6.9.1; https://doccure-wp.dreamstechnologies.com"
35.173.69.86 - - [23/Feb/2026:04:26:25 +0000] "GET / HTTP/1.1" 200 29869 "-" "FreshpingBot/1.0 (+https://freshping.io/)"
2001:8f8:1f1b:2110:98ed:ddcd:f8fb:cbd9 - - [23/Feb/2026:04:27:01 +0000] "GET /wp-content/uploads/2025/01/home-banner-bg-1.png HTTP/1.1" 304 0 "https://drmoustafaelnahasclinics.com/" "Mozilla/5.0 (iPhone; CPU iPhone OS 17_5_1 like Mac OS X) AppleWebKit/605.1.15 (KHTML, like Gecko) Version/17.5 Mobile/15E148 Safari/604.1"
172.187.168.139 - - [23/Feb/2026:04:31:24 +0000] "POST /wp-cron.php?doing_wp_cron=1771821084.6526319980621337890625 HTTP/1.1" 200 31 "-" "WordPress/6.9.1; https://doccure-wp.dreamstechnologies.com"
35.173.69.86 - - [23/Feb/2026:04:31:24 +0000] "GET / HTTP/1.1" 200 29869 "-" "FreshpingBot/1.0 (+https://freshping.io/)"
172.187.168.139 - - [23/Feb/2026:04:32:44 +0000] "POST /wp-cron.php?doing_wp_cron=1771821163.9767849445343017578125 HTTP/1.1" 200 31 "-" "WordPress/6.9.1; https://doccure-wp.dreamstechnologies.com"
20.205.227.70 - - [23/Feb/2026:04:32:44 +0000] "GET /wp-trackback.php HTTP/1.1" 404 147 "-" "Mozilla/5.0 (Windows NT 10.0; Win64; x64) AppleWebKit/537.36 (KHTML, like Gecko) Chrome/120.0.0.0 Safari/537.36"
20.205.227.70 - - [23/Feb/2026:04:32:44 +0000] "GET /about.php HTTP/1.1" 404 196 "-" "Mozilla/5.0 (Windows NT 10.0; Win64; x64) AppleWebKit/537.36 (KHTML, like Gecko) Chrome/120.0.0.0 Safari/537.36"
20.205.227.70 - - [23/Feb/2026:04:32:44 +0000] "GET /file.php HTTP/1.1" 404 196 "-" "Mozilla/5.0 (Windows NT 10.0; Win64; x64) AppleWebKit/537.36 (KHTML, like Gecko) Chrome/120.0.0.0 Safari/537.36"
20.205.227.70 - - [23/Feb/2026:04:32:44 +0000] "GET /adminfuns.php HTTP/1.1" 404 196 "-" "Mozilla/5.0 (Windows NT 10.0; Win64; x64) AppleWebKit/537.36 (KHTML, like Gecko) Chrome/120.0.0.0 Safari/537.36"
20.205.227.70 - - [23/Feb/2026:04:32:44 +0000] "GET /wp-good.php HTTP/1.1" 404 196 "-" "Mozilla/5.0 (Windows NT 10.0; Win64; x64) AppleWebKit/537.36 (KHTML, like Gecko) Chrome/120.0.0.0 Safari/537.36"
20.205.227.70 - - [23/Feb/2026:04:32:46 +0000] "GET /xmlrpc.php HTTP/1.1" 405 54 "-" "Mozilla/5.0 (Windows NT 10.0; Win64; x64) AppleWebKit/537.36 (KHTML, like Gecko) Chrome/120.0.0.0 Safari/537.36"
20.205.227.70 - - [23/Feb/2026:04:32:46 +0000] "GET /goods.php HTTP/1.1" 404 196 "-" "Mozilla/5.0 (Windows NT 10.0; Win64; x64) AppleWebKit/537.36 (KHTML, like Gecko) Chrome/120.0.0.0 Safari/537.36"
20.205.227.70 - - [23/Feb/2026:04:32:47 +0000] "GET /ioxi-o.php HTTP/1.1" 404 196 "-" "Mozilla/5.0 (Windows NT 10.0; Win64; x64) AppleWebKit/537.36 (KHTML, like Gecko) Chrome/120.0.0.0 Safari/537.36"
20.205.227.70 - - [23/Feb/2026:04:32:47 +0000] "GET /class-t.api.php HTTP/1.1" 404 196 "-" "Mozilla/5.0 (Windows NT 10.0; Win64; x64) AppleWebKit/537.36 (KHTML, like Gecko) Chrome/120.0.0.0 Safari/537.36"
20.205.227.70 - - [23/Feb/2026:04:32:47 +0000] "GET /admin.php HTTP/1.1" 404 196 "-" "Mozilla/5.0 (Windows NT 10.0; Win64; x64) AppleWebKit/537.36 (KHTML, like Gecko) Chrome/120.0.0.0 Safari/537.36"
20.205.227.70 - - [23/Feb/2026:04:32:47 +0000] "GET /sf.php HTTP/1.1" 404 196 "-" "Mozilla/5.0 (Windows NT 10.0; Win64; x64) AppleWebKit/537.36 (KHTML, like Gecko) Chrome/120.0.0.0 Safari/537.36"
20.205.227.70 - - [23/Feb/2026:04:32:47 +0000] "GET /rip.php HTTP/1.1" 404 196 "-" "Mozilla/5.0 (Windows NT 10.0; Win64; x64) AppleWebKit/537.36 (KHTML, like Gecko) Chrome/120.0.0.0 Safari/537.36"
20.205.227.70 - - [23/Feb/2026:04:32:48 +0000] "GET /kbfr.php HTTP/1.1" 404 196 "-" "Mozilla/5.0 (Windows NT 10.0; Win64; x64) AppleWebKit/537.36 (KHTML, like Gecko) Chrome/120.0.0.0 Safari/537.36"
20.205.227.70 - - [23/Feb/2026:04:32:48 +0000] "GET /autoload_classmap.php HTTP/1.1" 404 196 "-" "Mozilla/5.0 (Windows NT 10.0; Win64; x64) AppleWebKit/537.36 (KHTML, like Gecko) Chrome/120.0.0.0 Safari/537.36"
20.205.227.70 - - [23/Feb/2026:04:32:48 +0000] "GET /chosen.php?p= HTTP/1.1" 404 196 "-" "Mozilla/5.0 (Windows NT 10.0; Win64; x64) AppleWebKit/537.36 (KHTML, like Gecko) Chrome/120.0.0.0 Safari/537.36"
20.205.227.70 - - [23/Feb/2026:04:32:48 +0000] "GET /classwithtostring.php HTTP/1.1" 404 196 "-" "Mozilla/5.0 (Windows NT 10.0; Win64; x64) AppleWebKit/537.36 (KHTML, like Gecko) Chrome/120.0.0.0 Safari/537.36"
20.205.227.70 - - [23/Feb/2026:04:32:48 +0000] "GET /defaults.php HTTP/1.1" 404 196 "-" "Mozilla/5.0 (Windows NT 10.0; Win64; x64) AppleWebKit/537.36 (KHTML, like Gecko) Chrome/120.0.0.0 Safari/537.36"
20.205.227.70 - - [23/Feb/2026:04:32:49 +0000] "GET /index/function.php HTTP/1.1" 404 196 "-" "Mozilla/5.0 (Windows NT 10.0; Win64; x64) AppleWebKit/537.36 (KHTML, like Gecko) Chrome/120.0.0.0 Safari/537.36"
20.205.227.70 - - [23/Feb/2026:04:32:49 +0000] "GET /wk/index.php HTTP/1.1" 404 196 "-" "Mozilla/5.0 (Windows NT 10.0; Win64; x64) AppleWebKit/537.36 (KHTML, like Gecko) Chrome/120.0.0.0 Safari/537.36"
20.205.227.70 - - [23/Feb/2026:04:32:49 +0000] "GET /wp-includes/ HTTP/1.1" 403 195 "-" "Mozilla/5.0 (Windows NT 10.0; Win64; x64) AppleWebKit/537.36 (KHTML, like Gecko) Chrome/120.0.0.0 Safari/537.36"
20.205.227.70 - - [23/Feb/2026:04:32:51 +0000] "GET /.well-known/ HTTP/1.1" 404 17173 "-" "Mozilla/5.0 (Windows NT 10.0; Win64; x64) AppleWebKit/537.36 (KHTML, like Gecko) Chrome/120.0.0.0 Safari/537.36"
20.205.227.70 - - [23/Feb/2026:04:32:51 +0000] "GET /info.php HTTP/1.1" 404 196 "-" "Mozilla/5.0 (Windows NT 10.0; Win64; x64) AppleWebKit/537.36 (KHTML, like Gecko) Chrome/120.0.0.0 Safari/537.36"
20.205.227.70 - - [23/Feb/2026:04:32:53 +0000] "GET /cgi-bin/ HTTP/1.1" 404 17169 "-" "Mozilla/5.0 (Windows NT 10.0; Win64; x64) AppleWebKit/537.36 (KHTML, like Gecko) Chrome/120.0.0.0 Safari/537.36"
20.205.227.70 - - [23/Feb/2026:04:32:55 +0000] "GET /uploads/ HTTP/1.1" 404 17179 "-" "Mozilla/5.0 (Windows NT 10.0; Win64; x64) AppleWebKit/537.36 (KHTML, like Gecko) Chrome/120.0.0.0 Safari/537.36"
20.205.227.70 - - [23/Feb/2026:04:32:55 +0000] "GET /wp-admin/images/ HTTP/1.1" 403 195 "-" "Mozilla/5.0 (Windows NT 10.0; Win64; x64) AppleWebKit/537.36 (KHTML, like Gecko) Chrome/120.0.0.0 Safari/537.36"
20.205.227.70 - - [23/Feb/2026:04:32:55 +0000] "GET /wp-includes/Requests/src/Response/about.php HTTP/1.1" 404 196 "-" "Mozilla/5.0 (Windows NT 10.0; Win64; x64) AppleWebKit/537.36 (KHTML, like Gecko) Chrome/120.0.0.0 Safari/537.36"
20.205.227.70 - - [23/Feb/2026:04:32:56 +0000] "GET /wp-includes/html-api/ HTTP/1.1" 403 195 "-" "Mozilla/5.0 (Windows NT 10.0; Win64; x64) AppleWebKit/537.36 (KHTML, like Gecko) Chrome/120.0.0.0 Safari/537.36"
20.205.227.70 - - [23/Feb/2026:04:32:56 +0000] "GET /wp-content/admin.php HTTP/1.1" 200 1782 "-" "Mozilla/5.0 (Windows NT 10.0; Win64; x64) AppleWebKit/537.36 (KHTML, like Gecko) Chrome/120.0.0.0 Safari/537.36"
20.205.227.70 - - [23/Feb/2026:04:32:56 +0000] "GET /wp-admin/css/colors/ectoplasm/ HTTP/1.1" 403 195 "-" "Mozilla/5.0 (Windows NT 10.0; Win64; x64) AppleWebKit/537.36 (KHTML, like Gecko) Chrome/120.0.0.0 Safari/537.36"
20.205.227.70 - - [23/Feb/2026:04:32:56 +0000] "GET /wp-content/uploads/ HTTP/1.1" 403 195 "-" "Mozilla/5.0 (Windows NT 10.0; Win64; x64) AppleWebKit/537.36 (KHTML, like Gecko) Chrome/120.0.0.0 Safari/537.36"
20.205.227.70 - - [23/Feb/2026:04:32:56 +0000] "GET /wp-content/themes/admin.php HTTP/1.1" 404 196 "-" "Mozilla/5.0 (Windows NT 10.0; Win64; x64) AppleWebKit/537.36 (KHTML, like Gecko) Chrome/120.0.0.0 Safari/537.36"
20.205.227.70 - - [23/Feb/2026:04:32:57 +0000] "GET /wp-content/themes/index.php HTTP/1.1" 200 31 "-" "Mozilla/5.0 (Windows NT 10.0; Win64; x64) AppleWebKit/537.36 (KHTML, like Gecko) Chrome/120.0.0.0 Safari/537.36"
20.205.227.70 - - [23/Feb/2026:04:32:57 +0000] "GET /wp-content/plugins/index.php HTTP/1.1" 200 31 "-" "Mozilla/5.0 (Windows NT 10.0; Win64; x64) AppleWebKit/537.36 (KHTML, like Gecko) Chrome/120.0.0.0 Safari/537.36"
20.205.227.70 - - [23/Feb/2026:04:32:57 +0000] "GET /wp-includes/PHPMailer/ HTTP/1.1" 403 195 "-" "Mozilla/5.0 (Windows NT 10.0; Win64; x64) AppleWebKit/537.36 (KHTML, like Gecko) Chrome/120.0.0.0 Safari/537.36"
20.205.227.70 - - [23/Feb/2026:04:32:57 +0000] "GET /wp-includes/images/ HTTP/1.1" 403 195 "-" "Mozilla/5.0 (Windows NT 10.0; Win64; x64) AppleWebKit/537.36 (KHTML, like Gecko) Chrome/120.0.0.0 Safari/537.36"
20.205.227.70 - - [23/Feb/2026:04:32:59 +0000] "GET /wp-content/plugins/WordPressCore/ HTTP/1.1" 404 17267 "-" "Mozilla/5.0 (Windows NT 10.0; Win64; x64) AppleWebKit/537.36 (KHTML, like Gecko) Chrome/120.0.0.0 Safari/537.36"
172.187.168.139 - - [23/Feb/2026:04:36:32 +0000] "POST /wp-cron.php?doing_wp_cron=1771821392.6695210933685302734375 HTTP/1.1" 200 31 "-" "WordPress/6.9.1; https://doccure-wp.dreamstechnologies.com"
50.17.185.102 - - [23/Feb/2026:04:36:32 +0000] "GET / HTTP/1.1" 200 29869 "-" "FreshpingBot/1.0 (+https://freshping.io/)"
172.187.168.139 - - [23/Feb/2026:04:40:42 +0000] "POST /wp-cron.php?doing_wp_cron=1771821642.8859610557556152343750 HTTP/1.1" 200 31 "-" "WordPress/6.9.1; https://doccure-wp.dreamstechnologies.com"
123.28.20.95 - - [23/Feb/2026:04:40:42 +0000] "GET /terms-and-conditions/ HTTP/1.1" 200 18558 "-" "Mozilla/5.0 (Windows NT 6.1; WOW64) AppleWebKit/537.36 (KHTML, like Gecko) Chrome/100.0.4896.127 Safari/537.36"
172.187.168.139 - - [23/Feb/2026:04:41:22 +0000] "POST /wp-cron.php?doing_wp_cron=1771821682.7658329010009765625000 HTTP/1.1" 200 31 "-" "WordPress/6.9.1; https://doccure-wp.dreamstechnologies.com"
35.173.69.86 - - [23/Feb/2026:04:41:22 +0000] "GET / HTTP/1.1" 200 29869 "-" "FreshpingBot/1.0 (+https://freshping.io/)"
2001:8f8:1335:b9d6:fc19:feb4:7e50:8f3 - - [23/Feb/2026:04:46:06 +0000] "GET /wp-content/uploads/2024/09/ultrasound-icon-3.svg HTTP/1.1" 304 0 "https://citicare.ae/" "Mozilla/5.0 (iPhone; CPU iPhone OS 18_7 like Mac OS X) AppleWebKit/605.1.15 (KHTML, like Gecko) Version/18.7.3 Mobile/15E148 Safari/604.1"
2001:8f8:1335:b9d6:fc19:feb4:7e50:8f3 - - [23/Feb/2026:04:46:06 +0000] "GET /wp-content/uploads/2024/09/Dentist-icon-3.svg HTTP/1.1" 304 0 "https://citicare.ae/" "Mozilla/5.0 (iPhone; CPU iPhone OS 18_7 like Mac OS X) AppleWebKit/605.1.15 (KHTML, like Gecko) Version/18.7.3 Mobile/15E148 Safari/604.1"
2001:8f8:1335:b9d6:fc19:feb4:7e50:8f3 - - [23/Feb/2026:04:46:07 +0000] "GET /wp-content/uploads/2024/09/cardiology-icon-3.svg HTTP/1.1" 304 0 "https://citicare.ae/" "Mozilla/5.0 (iPhone; CPU iPhone OS 18_7 like Mac OS X) AppleWebKit/605.1.15 (KHTML, like Gecko) Version/18.7.3 Mobile/15E148 Safari/604.1"
2001:8f8:1335:b9d6:fc19:feb4:7e50:8f3 - - [23/Feb/2026:04:46:07 +0000] "GET /wp-content/uploads/2024/09/Neurology-icon-3.svg HTTP/1.1" 304 0 "https://citicare.ae/" "Mozilla/5.0 (iPhone; CPU iPhone OS 18_7 like Mac OS X) AppleWebKit/605.1.15 (KHTML, like Gecko) Version/18.7.3 Mobile/15E148 Safari/604.1"
2001:8f8:1335:b9d6:fc19:feb4:7e50:8f3 - - [23/Feb/2026:04:46:07 +0000] "GET /wp-content/uploads/2024/09/Orthopedic-icon-3.svg HTTP/1.1" 304 0 "https://citicare.ae/" "Mozilla/5.0 (iPhone; CPU iPhone OS 18_7 like Mac OS X) AppleWebKit/605.1.15 (KHTML, like Gecko) Version/18.7.3 Mobile/15E148 Safari/604.1"
172.187.168.139 - - [23/Feb/2026:04:46:23 +0000] "POST /wp-cron.php?doing_wp_cron=1771821983.3770079612731933593750 HTTP/1.1" 200 31 "-" "WordPress/6.9.1; https://doccure-wp.dreamstechnologies.com"
35.173.69.86 - - [23/Feb/2026:04:46:23 +0000] "GET / HTTP/1.1" 200 29869 "-" "FreshpingBot/1.0 (+https://freshping.io/)"
172.187.168.139 - - [23/Feb/2026:04:47:22 +0000] "POST /wp-cron.php?doing_wp_cron=1771822042.6213939189910888671875 HTTP/1.1" 200 31 "-" "WordPress/6.9.1; https://doccure-wp.dreamstechnologies.com"
20.194.29.45 - - [23/Feb/2026:04:47:22 +0000] "GET /wp-trackback.php HTTP/1.1" 404 147 "-" "Mozilla/5.0 (Windows NT 10.0; Win64; x64) AppleWebKit/537.36 (KHTML, like Gecko) Chrome/120.0.0.0 Safari/537.36"
20.194.29.45 - - [23/Feb/2026:04:47:22 +0000] "GET /about.php HTTP/1.1" 404 196 "-" "Mozilla/5.0 (Windows NT 10.0; Win64; x64) AppleWebKit/537.36 (KHTML, like Gecko) Chrome/120.0.0.0 Safari/537.36"
20.194.29.45 - - [23/Feb/2026:04:47:23 +0000] "GET /file.php HTTP/1.1" 404 196 "-" "Mozilla/5.0 (Windows NT 10.0; Win64; x64) AppleWebKit/537.36 (KHTML, like Gecko) Chrome/120.0.0.0 Safari/537.36"
20.194.29.45 - - [23/Feb/2026:04:47:23 +0000] "GET /wp-good.php HTTP/1.1" 404 196 "-" "Mozilla/5.0 (Windows NT 10.0; Win64; x64) AppleWebKit/537.36 (KHTML, like Gecko) Chrome/120.0.0.0 Safari/537.36"
20.194.29.45 - - [23/Feb/2026:04:47:24 +0000] "GET /xmlrpc.php HTTP/1.1" 405 54 "-" "Mozilla/5.0 (Windows NT 10.0; Win64; x64) AppleWebKit/537.36 (KHTML, like Gecko) Chrome/120.0.0.0 Safari/537.36"
20.194.29.45 - - [23/Feb/2026:04:47:25 +0000] "GET /goods.php HTTP/1.1" 404 196 "-" "Mozilla/5.0 (Windows NT 10.0; Win64; x64) AppleWebKit/537.36 (KHTML, like Gecko) Chrome/120.0.0.0 Safari/537.36"
20.194.29.45 - - [23/Feb/2026:04:47:25 +0000] "GET /ioxi-o.php HTTP/1.1" 404 196 "-" "Mozilla/5.0 (Windows NT 10.0; Win64; x64) AppleWebKit/537.36 (KHTML, like Gecko) Chrome/120.0.0.0 Safari/537.36"
20.194.29.45 - - [23/Feb/2026:04:47:25 +0000] "GET /class-t.api.php HTTP/1.1" 404 196 "-" "Mozilla/5.0 (Windows NT 10.0; Win64; x64) AppleWebKit/537.36 (KHTML, like Gecko) Chrome/120.0.0.0 Safari/537.36"
20.194.29.45 - - [23/Feb/2026:04:47:25 +0000] "GET /admin.php HTTP/1.1" 404 196 "-" "Mozilla/5.0 (Windows NT 10.0; Win64; x64) AppleWebKit/537.36 (KHTML, like Gecko) Chrome/120.0.0.0 Safari/537.36"
20.194.29.45 - - [23/Feb/2026:04:47:25 +0000] "GET /sf.php HTTP/1.1" 404 196 "-" "Mozilla/5.0 (Windows NT 10.0; Win64; x64) AppleWebKit/537.36 (KHTML, like Gecko) Chrome/120.0.0.0 Safari/537.36"
20.194.29.45 - - [23/Feb/2026:04:47:26 +0000] "GET /rip.php HTTP/1.1" 404 196 "-" "Mozilla/5.0 (Windows NT 10.0; Win64; x64) AppleWebKit/537.36 (KHTML, like Gecko) Chrome/120.0.0.0 Safari/537.36"
20.194.29.45 - - [23/Feb/2026:04:47:26 +0000] "GET /autoload_classmap.php HTTP/1.1" 404 196 "-" "Mozilla/5.0 (Windows NT 10.0; Win64; x64) AppleWebKit/537.36 (KHTML, like Gecko) Chrome/120.0.0.0 Safari/537.36"
20.194.29.45 - - [23/Feb/2026:04:47:26 +0000] "GET /chosen.php?p= HTTP/1.1" 404 196 "-" "Mozilla/5.0 (Windows NT 10.0; Win64; x64) AppleWebKit/537.36 (KHTML, like Gecko) Chrome/120.0.0.0 Safari/537.36"
20.194.29.45 - - [23/Feb/2026:04:47:26 +0000] "GET /classwithtostring.php HTTP/1.1" 404 196 "-" "Mozilla/5.0 (Windows NT 10.0; Win64; x64) AppleWebKit/537.36 (KHTML, like Gecko) Chrome/120.0.0.0 Safari/537.36"
20.194.29.45 - - [23/Feb/2026:04:47:27 +0000] "GET /defaults.php HTTP/1.1" 404 196 "-" "Mozilla/5.0 (Windows NT 10.0; Win64; x64) AppleWebKit/537.36 (KHTML, like Gecko) Chrome/120.0.0.0 Safari/537.36"
20.194.29.45 - - [23/Feb/2026:04:47:27 +0000] "GET /index/function.php HTTP/1.1" 404 196 "-" "Mozilla/5.0 (Windows NT 10.0; Win64; x64) AppleWebKit/537.36 (KHTML, like Gecko) Chrome/120.0.0.0 Safari/537.36"
20.194.29.45 - - [23/Feb/2026:04:47:27 +0000] "GET /wk/index.php HTTP/1.1" 404 196 "-" "Mozilla/5.0 (Windows NT 10.0; Win64; x64) AppleWebKit/537.36 (KHTML, like Gecko) Chrome/120.0.0.0 Safari/537.36"
20.194.29.45 - - [23/Feb/2026:04:47:27 +0000] "GET /wp-includes/ HTTP/1.1" 403 195 "-" "Mozilla/5.0 (Windows NT 10.0; Win64; x64) AppleWebKit/537.36 (KHTML, like Gecko) Chrome/120.0.0.0 Safari/537.36"
20.194.29.45 - - [23/Feb/2026:04:47:29 +0000] "GET /.well-known/ HTTP/1.1" 404 17174 "-" "Mozilla/5.0 (Windows NT 10.0; Win64; x64) AppleWebKit/537.36 (KHTML, like Gecko) Chrome/120.0.0.0 Safari/537.36"
20.194.29.45 - - [23/Feb/2026:04:47:30 +0000] "GET /info.php HTTP/1.1" 404 196 "-" "Mozilla/5.0 (Windows NT 10.0; Win64; x64) AppleWebKit/537.36 (KHTML, like Gecko) Chrome/120.0.0.0 Safari/537.36"
20.194.29.45 - - [23/Feb/2026:04:47:32 +0000] "GET /cgi-bin/ HTTP/1.1" 404 17191 "-" "Mozilla/5.0 (Windows NT 10.0; Win64; x64) AppleWebKit/537.36 (KHTML, like Gecko) Chrome/120.0.0.0 Safari/537.36"
20.194.29.45 - - [23/Feb/2026:04:47:34 +0000] "GET /uploads/ HTTP/1.1" 404 17188 "-" "Mozilla/5.0 (Windows NT 10.0; Win64; x64) AppleWebKit/537.36 (KHTML, like Gecko) Chrome/120.0.0.0 Safari/537.36"
20.194.29.45 - - [23/Feb/2026:04:47:34 +0000] "GET /wp-admin/images/ HTTP/1.1" 403 195 "-" "Mozilla/5.0 (Windows NT 10.0; Win64; x64) AppleWebKit/537.36 (KHTML, like Gecko) Chrome/120.0.0.0 Safari/537.36"
20.194.29.45 - - [23/Feb/2026:04:47:35 +0000] "GET /wp-includes/Requests/src/Response/about.php HTTP/1.1" 404 196 "-" "Mozilla/5.0 (Windows NT 10.0; Win64; x64) AppleWebKit/537.36 (KHTML, like Gecko) Chrome/120.0.0.0 Safari/537.36"
20.194.29.45 - - [23/Feb/2026:04:47:35 +0000] "GET /wp-includes/html-api/ HTTP/1.1" 403 195 "-" "Mozilla/5.0 (Windows NT 10.0; Win64; x64) AppleWebKit/537.36 (KHTML, like Gecko) Chrome/120.0.0.0 Safari/537.36"
20.194.29.45 - - [23/Feb/2026:04:47:35 +0000] "GET /wp-content/admin.php HTTP/1.1" 200 1782 "-" "Mozilla/5.0 (Windows NT 10.0; Win64; x64) AppleWebKit/537.36 (KHTML, like Gecko) Chrome/120.0.0.0 Safari/537.36"
20.194.29.45 - - [23/Feb/2026:04:47:35 +0000] "GET /adminfuns.php HTTP/1.1" 404 196 "-" "Mozilla/5.0 (Windows NT 10.0; Win64; x64) AppleWebKit/537.36 (KHTML, like Gecko) Chrome/120.0.0.0 Safari/537.36"
20.194.29.45 - - [23/Feb/2026:04:47:35 +0000] "GET /wp-admin/css/colors/ectoplasm/ HTTP/1.1" 403 195 "-" "Mozilla/5.0 (Windows NT 10.0; Win64; x64) AppleWebKit/537.36 (KHTML, like Gecko) Chrome/120.0.0.0 Safari/537.36"
20.194.29.45 - - [23/Feb/2026:04:47:36 +0000] "GET /wp-content/uploads/ HTTP/1.1" 403 195 "-" "Mozilla/5.0 (Windows NT 10.0; Win64; x64) AppleWebKit/537.36 (KHTML, like Gecko) Chrome/120.0.0.0 Safari/537.36"
20.194.29.45 - - [23/Feb/2026:04:47:36 +0000] "GET /wp-content/themes/admin.php HTTP/1.1" 404 196 "-" "Mozilla/5.0 (Windows NT 10.0; Win64; x64) AppleWebKit/537.36 (KHTML, like Gecko) Chrome/120.0.0.0 Safari/537.36"
20.194.29.45 - - [23/Feb/2026:04:47:36 +0000] "GET /wp-content/themes/index.php HTTP/1.1" 200 31 "-" "Mozilla/5.0 (Windows NT 10.0; Win64; x64) AppleWebKit/537.36 (KHTML, like Gecko) Chrome/120.0.0.0 Safari/537.36"
20.194.29.45 - - [23/Feb/2026:04:47:36 +0000] "GET /wp-content/plugins/index.php HTTP/1.1" 200 31 "-" "Mozilla/5.0 (Windows NT 10.0; Win64; x64) AppleWebKit/537.36 (KHTML, like Gecko) Chrome/120.0.0.0 Safari/537.36"
20.194.29.45 - - [23/Feb/2026:04:47:37 +0000] "GET /wp-includes/PHPMailer/ HTTP/1.1" 403 195 "-" "Mozilla/5.0 (Windows NT 10.0; Win64; x64) AppleWebKit/537.36 (KHTML, like Gecko) Chrome/120.0.0.0 Safari/537.36"
20.194.29.45 - - [23/Feb/2026:04:47:37 +0000] "GET /wp-includes/images/ HTTP/1.1" 403 195 "-" "Mozilla/5.0 (Windows NT 10.0; Win64; x64) AppleWebKit/537.36 (KHTML, like Gecko) Chrome/120.0.0.0 Safari/537.36"
172.187.168.139 - - [23/Feb/2026:04:47:39 +0000] "POST /wp-cron.php?doing_wp_cron=1771822059.0208749771118164062500 HTTP/1.1" 200 31 "-" "WordPress/6.9.1; https://doccure-wp.dreamstechnologies.com"
20.194.29.45 - - [23/Feb/2026:04:47:39 +0000] "GET /wp-content/plugins/WordPressCore/ HTTP/1.1" 404 17251 "-" "Mozilla/5.0 (Windows NT 10.0; Win64; x64) AppleWebKit/537.36 (KHTML, like Gecko) Chrome/120.0.0.0 Safari/537.36"
172.187.168.139 - - [23/Feb/2026:04:51:38 +0000] "POST /wp-cron.php?doing_wp_cron=1771822298.4445009231567382812500 HTTP/1.1" 200 31 "-" "WordPress/6.9.1; https://doccure-wp.dreamstechnologies.com"
35.173.69.86 - - [23/Feb/2026:04:51:38 +0000] "GET / HTTP/1.1" 200 29869 "-" "FreshpingBot/1.0 (+https://freshping.io/)"
113.167.133.67 - - [23/Feb/2026:04:52:05 +0000] "GET /doctors/testclinic-testclinic/ HTTP/1.1" 404 17179 "-" "Mozilla/5.0 (Windows NT 6.1; WOW64) AppleWebKit/537.36 (KHTML, like Gecko) Chrome/107.0.0.0 Safari/537.36"
172.187.168.139 - - [23/Feb/2026:04:52:58 +0000] "POST /wp-cron.php?doing_wp_cron=1771822378.0197319984436035156250 HTTP/1.1" 200 31 "-" "WordPress/6.9.1; https://doccure-wp.dreamstechnologies.com"
14.187.75.42 - - [23/Feb/2026:04:52:58 +0000] "GET /portfolios/ HTTP/1.1" 200 19410 "-" "Mozilla/5.0 (Windows NT 6.1; Win64; x64) AppleWebKit/537.36 (KHTML, like Gecko) Chrome/95.0.4638.69 Safari/537.36"
172.187.168.139 - - [23/Feb/2026:04:55:07 +0000] "POST /wp-cron.php?doing_wp_cron=1771822507.8287980556488037109375 HTTP/1.1" 200 31 "-" "WordPress/6.9.1; https://doccure-wp.dreamstechnologies.com"
2a03:2880:f800:1d:: - - [23/Feb/2026:04:55:07 +0000] "GET /bettilt-casino-ve-muteri-korumas-lisans-dijital-11-3/ HTTP/1.1" 404 17207 "-" "meta-externalagent/1.1 (+https://developers.facebook.com/docs/sharing/webmasters/crawler)"
172.187.168.139 - - [23/Feb/2026:04:56:42 +0000] "POST /wp-cron.php?doing_wp_cron=1771822602.4523210525512695312500 HTTP/1.1" 200 31 "-" "WordPress/6.9.1; https://doccure-wp.dreamstechnologies.com"
35.173.69.86 - - [23/Feb/2026:04:56:42 +0000] "GET / HTTP/1.1" 200 29869 "-" "FreshpingBot/1.0 (+https://freshping.io/)"
66.249.70.139 - - [23/Feb/2026:04:58:44 +0000] "GET /wp-content/uploads/2022/12/feature-03.jpg HTTP/1.1" 200 43817 "-" "Googlebot-Image/1.0"
172.187.168.139 - - [23/Feb/2026:05:01:32 +0000] "POST /wp-cron.php?doing_wp_cron=1771822892.6213469505310058593750 HTTP/1.1" 200 31 "-" "WordPress/6.9.1; https://doccure-wp.dreamstechnologies.com"
50.17.185.102 - - [23/Feb/2026:05:01:32 +0000] "GET / HTTP/1.1" 200 29869 "-" "FreshpingBot/1.0 (+https://freshping.io/)"
120.61.40.141 - - [23/Feb/2026:05:05:25 +0000] "GET /wp-includes/js/wp-emoji-release.min.js?ver=6.9 HTTP/1.1" 200 22762 "-" "Mozilla/5.0 (Windows NT 10.0; Win64; x64) AppleWebKit/537.36 (KHTML, like Gecko) Chrome/145.0.0.0 Safari/537.36"
172.187.168.139 - - [23/Feb/2026:05:05:26 +0000] "POST /wp-cron.php?doing_wp_cron=1771823126.3695940971374511718750 HTTP/1.1" 200 31 "-" "WordPress/6.9.1; https://doccure-wp.dreamstechnologies.com"
120.61.40.141 - - [23/Feb/2026:05:05:26 +0000] "GET /wp-json/contact-form-7/v1/contact-forms/5785/feedback/schema HTTP/1.1" 200 343 "-" "Mozilla/5.0 (Windows NT 10.0; Win64; x64) AppleWebKit/537.36 (KHTML, like Gecko) Chrome/145.0.0.0 Safari/537.36"
120.61.40.141 - - [23/Feb/2026:05:06:37 +0000] "GET /wp-content/plugins/elementor/assets/js/section-frontend-handlers.d85ab872da118940910d.bundle.min.js HTTP/1.1" 304 0 "-" "Mozilla/5.0 (Windows NT 10.0; Win64; x64) AppleWebKit/537.36 (KHTML, like Gecko) Chrome/145.0.0.0 Safari/537.36"
120.61.40.141 - - [23/Feb/2026:05:06:37 +0000] "GET /wp-content/plugins/elementor/assets/js/shared-frontend-handlers.03caa53373b56d3bab67.bundle.min.js HTTP/1.1" 304 0 "-" "Mozilla/5.0 (Windows NT 10.0; Win64; x64) AppleWebKit/537.36 (KHTML, like Gecko) Chrome/145.0.0.0 Safari/537.36"
172.187.168.139 - - [23/Feb/2026:05:06:38 +0000] "POST /wp-cron.php?doing_wp_cron=1771823198.0082919597625732421875 HTTP/1.1" 200 31 "-" "WordPress/6.9.1; https://doccure-wp.dreamstechnologies.com"
120.61.40.141 - - [23/Feb/2026:05:06:38 +0000] "GET /wp-json/contact-form-7/v1/contact-forms/5785/feedback/schema HTTP/1.1" 200 343 "-" "Mozilla/5.0 (Windows NT 10.0; Win64; x64) AppleWebKit/537.36 (KHTML, like Gecko) Chrome/145.0.0.0 Safari/537.36"
35.173.69.86 - - [23/Feb/2026:05:06:43 +0000] "GET / HTTP/1.1" 200 29869 "-" "FreshpingBot/1.0 (+https://freshping.io/)"
172.187.168.139 - - [23/Feb/2026:05:11:18 +0000] "POST /wp-cron.php?doing_wp_cron=1771823478.6519889831542968750000 HTTP/1.1" 200 31 "-" "WordPress/6.9.1; https://doccure-wp.dreamstechnologies.com"
35.173.69.86 - - [23/Feb/2026:05:11:18 +0000] "GET / HTTP/1.1" 200 29869 "-" "FreshpingBot/1.0 (+https://freshping.io/)"
207.46.13.231 - - [23/Feb/2026:05:12:03 +0000] "GET /robots.txt HTTP/1.1" 200 427 "-" "Mozilla/5.0 AppleWebKit/537.36 (KHTML, like Gecko; compatible; bingbot/2.0; +http://www.bing.com/bingbot.htm) Chrome/116.0.1938.76 Safari/537.36"
172.187.168.139 - - [23/Feb/2026:05:12:25 +0000] "POST /wp-cron.php?doing_wp_cron=1771823545.1219470500946044921875 HTTP/1.1" 200 31 "-" "WordPress/6.9.1; https://doccure-wp.dreamstechnologies.com"
40.77.167.155 - - [23/Feb/2026:05:12:25 +0000] "GET /laboratory-tests/dengue/ HTTP/1.1" 200 18240 "-" "Mozilla/5.0 AppleWebKit/537.36 (KHTML, like Gecko; compatible; bingbot/2.0; +http://www.bing.com/bingbot.htm) Chrome/116.0.1938.76 Safari/537.36"
172.187.168.139 - - [23/Feb/2026:05:16:28 +0000] "POST /wp-cron.php?doing_wp_cron=1771823788.0136859416961669921875 HTTP/1.1" 200 31 "-" "WordPress/6.9.1; https://doccure-wp.dreamstechnologies.com"
35.173.69.86 - - [23/Feb/2026:05:16:28 +0000] "GET / HTTP/1.1" 200 29869 "-" "FreshpingBot/1.0 (+https://freshping.io/)"
172.187.168.139 - - [23/Feb/2026:05:18:31 +0000] "POST /wp-cron.php?doing_wp_cron=1771823911.1484339237213134765625 HTTP/1.1" 200 31 "-" "WordPress/6.9.1; https://doccure-wp.dreamstechnologies.com"
2a03:2880:f800:41:: - - [23/Feb/2026:05:18:31 +0000] "GET /category/news/ HTTP/1.1" 404 17194 "-" "meta-externalagent/1.1 (+https://developers.facebook.com/docs/sharing/webmasters/crawler)"
172.187.168.139 - - [23/Feb/2026:05:18:36 +0000] "POST /wp-admin/admin-ajax.php?action=wp_1_wc_privacy_cleanup&nonce=dee0242b06 HTTP/1.1" 200 32 "-" "WordPress/6.9.1; https://doccure-wp.dreamstechnologies.com"
172.187.168.139 - - [23/Feb/2026:05:21:22 +0000] "POST /wp-cron.php?doing_wp_cron=1771824082.7823228836059570312500 HTTP/1.1" 200 31 "-" "WordPress/6.9.1; https://doccure-wp.dreamstechnologies.com"
35.173.69.86 - - [23/Feb/2026:05:21:22 +0000] "GET / HTTP/1.1" 200 29869 "-" "FreshpingBot/1.0 (+https://freshping.io/)"
172.187.168.139 - - [23/Feb/2026:05:23:37 +0000] "POST /wp-cron.php?doing_wp_cron=1771824217.5954980850219726562500 HTTP/1.1" 200 31 "-" "WordPress/6.9.1; https://doccure-wp.dreamstechnologies.com"
2a03:2880:f800:14:: - - [23/Feb/2026:05:23:37 +0000] "GET /casino-online-con-soldi-veri-per-giocatori-12/ HTTP/1.1" 404 17195 "-" "meta-externalagent/1.1 (+https://developers.facebook.com/docs/sharing/webmasters/crawler)"
172.187.168.139 - - [23/Feb/2026:05:26:11 +0000] "POST /wp-cron.php?doing_wp_cron=1771824371.7208979129791259765625 HTTP/1.1" 200 31 "-" "WordPress/6.9.1; https://doccure-wp.dreamstechnologies.com"
198.244.240.197 - - [23/Feb/2026:05:26:11 +0000] "GET /robots.txt HTTP/1.1" 200 427 "-" "Mozilla/5.0 (compatible; AhrefsBot/7.0; +http://ahrefs.com/robot/)"
172.187.168.139 - - [23/Feb/2026:05:26:16 +0000] "POST /wp-cron.php?doing_wp_cron=1771824376.1096060276031494140625 HTTP/1.1" 200 31 "-" "WordPress/6.9.1; https://doccure-wp.dreamstechnologies.com"
92.222.108.106 - - [23/Feb/2026:05:26:16 +0000] "GET /wp-sitemap.xml HTTP/1.1" 200 2588 "-" "Mozilla/5.0 (compatible; AhrefsBot/7.0; +http://ahrefs.com/robot/)"
35.173.69.86 - - [23/Feb/2026:05:26:23 +0000] "GET / HTTP/1.1" 200 29869 "-" "FreshpingBot/1.0 (+https://freshping.io/)"
2a03:2880:27ff:6:: - - [23/Feb/2026:05:26:44 +0000] "GET /login HTTP/1.1" 200 18578 "-" "facebookexternalhit/1.1 (+http://www.facebook.com/externalhit_uatext.php)"
2a03:2880:ff:51:: - - [23/Feb/2026:05:26:44 +0000] "GET /wp-content/uploads/2025/01/banner-user1-1.jpg HTTP/1.1" 304 0 "https://www.360med.app/" "Mozilla/5.0 (Windows NT 10.0; Win64; x64) AppleWebKit/537.36 (KHTML, like Gecko) Chrome/139.0.0.0 Safari/537.36"
2a03:2880:ff:51:: - - [23/Feb/2026:05:26:44 +0000] "GET /wp-content/uploads/2025/01/banner-user2-1.jpg HTTP/1.1" 304 0 "https://www.360med.app/" "Mozilla/5.0 (Windows NT 10.0; Win64; x64) AppleWebKit/537.36 (KHTML, like Gecko) Chrome/139.0.0.0 Safari/537.36"
2a03:2880:ff:51:: - - [23/Feb/2026:05:26:44 +0000] "GET /wp-content/uploads/2025/01/banner-user3-1.jpg HTTP/1.1" 304 0 "https://www.360med.app/" "Mozilla/5.0 (Windows NT 10.0; Win64; x64) AppleWebKit/537.36 (KHTML, like Gecko) Chrome/139.0.0.0 Safari/537.36"
2a03:2880:27ff:5:: - - [23/Feb/2026:05:26:44 +0000] "GET /wp-content/themes/doccure/assets/plugins/datatables/datatables.min.js?ver=1.5.3 HTTP/1.1" 304 0 "-" "facebookexternalhit/1.1 (+http://www.facebook.com/externalhit_uatext.php)"
2a03:2880:27ff:2:: - - [23/Feb/2026:05:26:44 +0000] "GET /wp-content/themes/doccure/assets/plugins/datatables/jquery.dataTables.min.js?ver=1.5.3 HTTP/1.1" 304 0 "-" "facebookexternalhit/1.1 (+http://www.facebook.com/externalhit_uatext.php)"
2a03:2880:27ff:8:: - - [23/Feb/2026:05:26:44 +0000] "GET /wp-content/themes/doccure/assets/js/backToTop.js?ver=1.5.3 HTTP/1.1" 304 0 "-" "facebookexternalhit/1.1 (+http://www.facebook.com/externalhit_uatext.php)"
2a03:2880:27ff:9:: - - [23/Feb/2026:05:26:44 +0000] "GET /wp-content/themes/doccure/assets/js/aos.js?ver=1.5.3 HTTP/1.1" 304 0 "-" "facebookexternalhit/1.1 (+http://www.facebook.com/externalhit_uatext.php)"
2a03:2880:27ff:76:: - - [23/Feb/2026:05:26:44 +0000] "GET /wp-content/themes/doccure/assets/js/doccure-ajax.js HTTP/1.1" 304 0 "-" "facebookexternalhit/1.1 (+http://www.facebook.com/externalhit_uatext.php)"
2a03:2880:27ff:8:: - - [23/Feb/2026:05:26:44 +0000] "GET /wp-content/themes/doccure/assets/theia-sticky-sidebar/ResizeSensor.js?ver=1.5.3 HTTP/1.1" 304 0 "-" "facebookexternalhit/1.1 (+http://www.facebook.com/externalhit_uatext.php)"
2a03:2880:27ff:1:: - - [23/Feb/2026:05:26:44 +0000] "GET /wp-content/plugins/woocommerce/assets/js/sourcebuster/sourcebuster.min.js?ver=10.5.2 HTTP/1.1" 304 0 "-" "facebookexternalhit/1.1 (+http://www.facebook.com/externalhit_uatext.php)"
2a03:2880:27ff:4:: - - [23/Feb/2026:05:26:44 +0000] "GET /wp-content/themes/doccure/assets/dashboardjs/doccure_callback.js?ver=1.5.3 HTTP/1.1" 304 0 "-" "facebookexternalhit/1.1 (+http://www.facebook.com/externalhit_uatext.php)"
2a03:2880:27ff:75:: - - [23/Feb/2026:05:26:44 +0000] "GET /wp-includes/js/dist/i18n.min.js?ver=c26c3dc7bed366793375 HTTP/1.1" 304 0 "-" "facebookexternalhit/1.1 (+http://www.facebook.com/externalhit_uatext.php)"
2a03:2880:27ff:9:: - - [23/Feb/2026:05:26:44 +0000] "GET /wp-content/themes/doccure/assets/js/owl.carousel.min.js?ver=1.5.3 HTTP/1.1" 304 0 "-" "facebookexternalhit/1.1 (+http://www.facebook.com/externalhit_uatext.php)"
2a03:2880:27ff:6:: - - [23/Feb/2026:05:26:44 +0000] "GET /wp-content/themes/doccure/assets/js/magnific-popup.js?ver=1.1.0 HTTP/1.1" 304 0 "-" "facebookexternalhit/1.1 (+http://www.facebook.com/externalhit_uatext.php)"
2a03:2880:27ff:75:: - - [23/Feb/2026:05:26:44 +0000] "GET /wp-content/themes/doccure/assets/js/slick.min.js?ver=1.5.3 HTTP/1.1" 304 0 "-" "facebookexternalhit/1.1 (+http://www.facebook.com/externalhit_uatext.php)"
2a03:2880:27ff:72:: - - [23/Feb/2026:05:26:44 +0000] "GET /wp-includes/js/wp-util.min.js?ver=6.9.1 HTTP/1.1" 304 0 "-" "facebookexternalhit/1.1 (+http://www.facebook.com/externalhit_uatext.php)"
2a03:2880:27ff:73:: - - [23/Feb/2026:05:26:44 +0000] "GET /wp-content/themes/doccure/assets/js/jquery.countTo.js?ver=1.5.3 HTTP/1.1" 304 0 "-" "facebookexternalhit/1.1 (+http://www.facebook.com/externalhit_uatext.php)"
2a03:2880:27ff:76:: - - [23/Feb/2026:05:26:44 +0000] "GET /wp-content/themes/doccure/assets/js/counter.js?ver=1.5.3 HTTP/1.1" 304 0 "-" "facebookexternalhit/1.1 (+http://www.facebook.com/externalhit_uatext.php)"
2a03:2880:27ff:2:: - - [23/Feb/2026:05:26:45 +0000] "GET /wp-includes/js/jquery/jquery-migrate.min.js?ver=3.4.1 HTTP/1.1" 304 0 "-" "facebookexternalhit/1.1 (+http://www.facebook.com/externalhit_uatext.php)"
2a03:2880:27ff:1:: - - [23/Feb/2026:05:26:45 +0000] "GET /wp-content/themes/doccure/assets/js/theme.js?ver=1.5.3 HTTP/1.1" 304 0 "-" "facebookexternalhit/1.1 (+http://www.facebook.com/externalhit_uatext.php)"
2a03:2880:27ff:2:: - - [23/Feb/2026:05:26:45 +0000] "GET /wp-content/plugins/doccure/assets/js/view-prescription-modal.js?ver=1.5.3 HTTP/1.1" 304 0 "-" "facebookexternalhit/1.1 (+http://www.facebook.com/externalhit_uatext.php)"
2a03:2880:27ff:9:: - - [23/Feb/2026:05:26:45 +0000] "GET /wp-includes/js/jquery/jquery.min.js?ver=3.7.1 HTTP/1.1" 200 87553 "-" "facebookexternalhit/1.1 (+http://www.facebook.com/externalhit_uatext.php)"
2a03:2880:27ff:74:: - - [23/Feb/2026:05:26:45 +0000] "GET /wp-content/themes/doccure/assets/js/cursor.js HTTP/1.1" 304 0 "-" "facebookexternalhit/1.1 (+http://www.facebook.com/externalhit_uatext.php)"
2a03:2880:27ff:8:: - - [23/Feb/2026:05:26:45 +0000] "GET /wp-content/themes/doccure/assets/js/bootstrap/bootstrap.bundle.min.js?ver=5.3.0 HTTP/1.1" 304 0 "-" "facebookexternalhit/1.1 (+http://www.facebook.com/externalhit_uatext.php)"
2a03:2880:27ff:2:: - - [23/Feb/2026:05:26:45 +0000] "GET /wp-includes/js/imagesloaded.min.js?ver=5.0.0 HTTP/1.1" 304 0 "-" "facebookexternalhit/1.1 (+http://www.facebook.com/externalhit_uatext.php)"
2a03:2880:27ff:1:: - - [23/Feb/2026:05:26:45 +0000] "GET /wp-content/themes/doccure/assets/theia-sticky-sidebar/theia-sticky-sidebar.js?ver=1.5.3 HTTP/1.1" 304 0 "-" "facebookexternalhit/1.1 (+http://www.facebook.com/externalhit_uatext.php)"
2a03:2880:27ff:8:: - - [23/Feb/2026:05:26:45 +0000] "GET /wp-includes/js/masonry.min.js?ver=4.2.2 HTTP/1.1" 304 0 "-" "facebookexternalhit/1.1 (+http://www.facebook.com/externalhit_uatext.php)"
2a03:2880:27ff:74:: - - [23/Feb/2026:05:26:45 +0000] "GET /wp-content/themes/doccure/assets/js/isotope.min.js?ver=6.9.1 HTTP/1.1" 304 0 "-" "facebookexternalhit/1.1 (+http://www.facebook.com/externalhit_uatext.php)"
2a03:2880:27ff:: - - [23/Feb/2026:05:26:45 +0000] "GET /wp-includes/js/underscore.min.js?ver=1.13.7 HTTP/1.1" 304 0 "-" "facebookexternalhit/1.1 (+http://www.facebook.com/externalhit_uatext.php)"
2a03:2880:27ff:: - - [23/Feb/2026:05:26:45 +0000] "GET /wp-content/themes/doccure/assets/js/popper.min.js?ver=1.5.3 HTTP/1.1" 304 0 "-" "facebookexternalhit/1.1 (+http://www.facebook.com/externalhit_uatext.php)"
2a03:2880:27ff:4:: - - [23/Feb/2026:05:26:45 +0000] "GET /wp-content/themes/doccure/assets/js/bootstrap-datetimepicker.min.js?ver=1.5.3 HTTP/1.1" 200 38510 "-" "facebookexternalhit/1.1 (+http://www.facebook.com/externalhit_uatext.php)"
2a03:2880:27ff:3:: - - [23/Feb/2026:05:26:45 +0000] "GET /wp-content/plugins/contact-form-7/includes/js/index.js?ver=6.1.5 HTTP/1.1" 304 0 "-" "facebookexternalhit/1.1 (+http://www.facebook.com/externalhit_uatext.php)"
2a03:2880:27ff:7:: - - [23/Feb/2026:05:26:45 +0000] "GET /wp-content/plugins/woocommerce/assets/js/frontend/order-attribution.min.js?ver=10.5.2 HTTP/1.1" 304 0 "-" "facebookexternalhit/1.1 (+http://www.facebook.com/externalhit_uatext.php)"
2a03:2880:27ff:1:: - - [23/Feb/2026:05:26:45 +0000] "GET /wp-content/themes/doccure/assets/js/jquery.inview.min.js?ver=1.5.3 HTTP/1.1" 304 0 "-" "facebookexternalhit/1.1 (+http://www.facebook.com/externalhit_uatext.php)"
2a03:2880:27ff:2:: - - [23/Feb/2026:05:26:45 +0000] "GET /wp-content/themes/doccure/assets/dashboardjs/circle-progress.min.js?ver=1.5.3 HTTP/1.1" 304 0 "-" "facebookexternalhit/1.1 (+http://www.facebook.com/externalhit_uatext.php)"
2a03:2880:27ff:2:: - - [23/Feb/2026:05:26:45 +0000] "GET /wp-content/themes/doccure/assets/js/theme-woocommerce.js?ver=1.0.0 HTTP/1.1" 304 0 "-" "facebookexternalhit/1.1 (+http://www.facebook.com/externalhit_uatext.php)"
2a03:2880:27ff:7:: - - [23/Feb/2026:05:26:45 +0000] "GET /wp-content/themes/doccure/assets/js/otp-script.js HTTP/1.1" 304 0 "-" "facebookexternalhit/1.1 (+http://www.facebook.com/externalhit_uatext.php)"
2a03:2880:27ff:70:: - - [23/Feb/2026:05:26:45 +0000] "GET /wp-content/themes/doccure/assets/js/moment.min.js?ver=1.5.3 HTTP/1.1" 304 0 "-" "facebookexternalhit/1.1 (+http://www.facebook.com/externalhit_uatext.php)"
2a03:2880:27ff:4:: - - [23/Feb/2026:05:26:45 +0000] "GET /wp-content/themes/doccure/assets/dashboardjs/script-newtheme.js?ver=1.5.3 HTTP/1.1" 304 0 "-" "facebookexternalhit/1.1 (+http://www.facebook.com/externalhit_uatext.php)"
2a03:2880:27ff:76:: - - [23/Feb/2026:05:26:45 +0000] "GET /wp-includes/js/dist/hooks.min.js?ver=dd5603f07f9220ed27f1 HTTP/1.1" 304 0 "-" "facebookexternalhit/1.1 (+http://www.facebook.com/externalhit_uatext.php)"
2a03:2880:27ff:3:: - - [23/Feb/2026:05:26:45 +0000] "GET /wp-content/plugins/contact-form-7/includes/swv/js/index.js?ver=6.1.5 HTTP/1.1" 304 0 "-" "facebookexternalhit/1.1 (+http://www.facebook.com/externalhit_uatext.php)"
2a03:2880:ff:51:: - - [23/Feb/2026:05:26:46 +0000] "GET /wp-content/uploads/2025/01/home-banner-bg-1.png HTTP/1.1" 304 0 "https://www.360med.app/" "Mozilla/5.0 (Windows NT 10.0; Win64; x64) AppleWebKit/537.36 (KHTML, like Gecko) Chrome/139.0.0.0 Safari/537.36"
2a03:2880:ff:51:: - - [23/Feb/2026:05:26:47 +0000] "GET /wp-content/uploads/2025/01/banner-bg-01-1.png HTTP/1.1" 304 0 "https://www.360med.app/" "Mozilla/5.0 (Windows NT 10.0; Win64; x64) AppleWebKit/537.36 (KHTML, like Gecko) Chrome/139.0.0.0 Safari/537.36"
2a03:2880:ff:51:: - - [23/Feb/2026:05:26:47 +0000] "GET /wp-content/uploads/2025/01/video-1.svg HTTP/1.1" 304 0 "https://www.360med.app/" "Mozilla/5.0 (Windows NT 10.0; Win64; x64) AppleWebKit/537.36 (KHTML, like Gecko) Chrome/139.0.0.0 Safari/537.36"
2a03:2880:ff:51:: - - [23/Feb/2026:05:26:47 +0000] "GET /wp-content/uploads/2025/01/banner-doctor-1.svg HTTP/1.1" 304 0 "https://www.360med.app/" "Mozilla/5.0 (Windows NT 10.0; Win64; x64) AppleWebKit/537.36 (KHTML, like Gecko) Chrome/139.0.0.0 Safari/537.36"
2a03:2880:ff:51:: - - [23/Feb/2026:05:26:47 +0000] "GET /wp-content/uploads/2025/01/banner-icon-3-1.png HTTP/1.1" 304 0 "https://www.360med.app/" "Mozilla/5.0 (Windows NT 10.0; Win64; x64) AppleWebKit/537.36 (KHTML, like Gecko) Chrome/139.0.0.0 Safari/537.36"
2a03:2880:ff:51:: - - [23/Feb/2026:05:26:47 +0000] "GET /wp-content/uploads/2025/01/banner-icon-5-1.svg HTTP/1.1" 304 0 "https://www.360med.app/" "Mozilla/5.0 (Windows NT 10.0; Win64; x64) AppleWebKit/537.36 (KHTML, like Gecko) Chrome/139.0.0.0 Safari/537.36"
2a03:2880:27ff:5:: - - [23/Feb/2026:05:26:47 +0000] "GET /register HTTP/1.1" 200 19036 "-" "facebookexternalhit/1.1 (+http://www.facebook.com/externalhit_uatext.php)"
2a03:2880:10ff:56:: - - [23/Feb/2026:05:26:48 +0000] "GET /my-account/lost-password/ HTTP/1.1" 200 18511 "-" "facebookexternalhit/1.1 (+http://www.facebook.com/externalhit_uatext.php)"
2a03:2880:ff:51:: - - [23/Feb/2026:05:26:48 +0000] "GET /wp-content/uploads/2025/01/list-icon-01-1.svg HTTP/1.1" 304 0 "https://www.360med.app/" "Mozilla/5.0 (Windows NT 10.0; Win64; x64) AppleWebKit/537.36 (KHTML, like Gecko) Chrome/139.0.0.0 Safari/537.36"
2a03:2880:ff:51:: - - [23/Feb/2026:05:26:48 +0000] "GET /wp-content/uploads/2025/01/list-icon-03-1.svg HTTP/1.1" 304 0 "https://www.360med.app/" "Mozilla/5.0 (Windows NT 10.0; Win64; x64) AppleWebKit/537.36 (KHTML, like Gecko) Chrome/139.0.0.0 Safari/537.36"
2a03:2880:ff:51:: - - [23/Feb/2026:05:26:48 +0000] "GET /wp-content/uploads/2025/01/list-icon-02-1.svg HTTP/1.1" 304 0 "https://www.360med.app/" "Mozilla/5.0 (Windows NT 10.0; Win64; x64) AppleWebKit/537.36 (KHTML, like Gecko) Chrome/139.0.0.0 Safari/537.36"
2a03:2880:ff:51:: - - [23/Feb/2026:05:26:48 +0000] "GET /wp-content/uploads/2025/01/banner-patient-1-1.jpg HTTP/1.1" 304 0 "https://www.360med.app/" "Mozilla/5.0 (Windows NT 10.0; Win64; x64) AppleWebKit/537.36 (KHTML, like Gecko) Chrome/139.0.0.0 Safari/537.36"
2a03:2880:ff:51:: - - [23/Feb/2026:05:26:48 +0000] "GET /wp-content/uploads/2025/01/list-icon-04-1.svg HTTP/1.1" 304 0 "https://www.360med.app/" "Mozilla/5.0 (Windows NT 10.0; Win64; x64) AppleWebKit/537.36 (KHTML, like Gecko) Chrome/139.0.0.0 Safari/537.36"
2a03:2880:ff:51:: - - [23/Feb/2026:05:26:48 +0000] "GET /wp-content/uploads/2025/01/banner-patient-2-1.jpg HTTP/1.1" 304 0 "https://www.360med.app/" "Mozilla/5.0 (Windows NT 10.0; Win64; x64) AppleWebKit/537.36 (KHTML, like Gecko) Chrome/139.0.0.0 Safari/537.36"
2a03:2880:10ff:: - - [23/Feb/2026:05:26:48 +0000] "GET /wp-content/themes/doccure/assets/plugins/datatables/datatables.min.js?ver=1.5.3 HTTP/1.1" 200 437 "-" "facebookexternalhit/1.1 (+http://www.facebook.com/externalhit_uatext.php)"
2a03:2880:10ff:70:: - - [23/Feb/2026:05:26:48 +0000] "GET /wp-content/themes/doccure/assets/js/jquery.inview.min.js?ver=1.5.3 HTTP/1.1" 304 0 "-" "facebookexternalhit/1.1 (+http://www.facebook.com/externalhit_uatext.php)"
2a03:2880:10ff:70:: - - [23/Feb/2026:05:26:48 +0000] "GET /wp-content/themes/doccure/assets/js/doccure-ajax.js HTTP/1.1" 200 2063 "-" "facebookexternalhit/1.1 (+http://www.facebook.com/externalhit_uatext.php)"
2a03:2880:10ff:7:: - - [23/Feb/2026:05:26:48 +0000] "GET /wp-content/themes/doccure/assets/theia-sticky-sidebar/theia-sticky-sidebar.js?ver=1.5.3 HTTP/1.1" 200 16379 "-" "facebookexternalhit/1.1 (+http://www.facebook.com/externalhit_uatext.php)"
2a03:2880:10ff:40:: - - [23/Feb/2026:05:26:48 +0000] "GET /wp-content/themes/doccure/assets/js/jquery.countTo.js?ver=1.5.3 HTTP/1.1" 304 0 "-" "facebookexternalhit/1.1 (+http://www.facebook.com/externalhit_uatext.php)"
2a03:2880:10ff:6:: - - [23/Feb/2026:05:26:48 +0000] "GET /wp-content/plugins/contact-form-7/includes/js/index.js?ver=6.1.5 HTTP/1.1" 304 0 "-" "facebookexternalhit/1.1 (+http://www.facebook.com/externalhit_uatext.php)"
2a03:2880:10ff:7:: - - [23/Feb/2026:05:26:48 +0000] "GET /wp-content/plugins/doccure/assets/js/view-prescription-modal.js?ver=1.5.3 HTTP/1.1" 304 0 "-" "facebookexternalhit/1.1 (+http://www.facebook.com/externalhit_uatext.php)"
2a03:2880:10ff:72:: - - [23/Feb/2026:05:26:48 +0000] "GET /wp-includes/js/zxcvbn-async.min.js?ver=1.0 HTTP/1.1" 200 351 "-" "facebookexternalhit/1.1 (+http://www.facebook.com/externalhit_uatext.php)"
2a03:2880:10ff:43:: - - [23/Feb/2026:05:26:48 +0000] "GET /wp-content/plugins/woocommerce/assets/js/frontend/password-strength-meter.min.js?ver=10.5.2 HTTP/1.1" 200 2190 "-" "facebookexternalhit/1.1 (+http://www.facebook.com/externalhit_uatext.php)"
2a03:2880:10ff:5c:: - - [23/Feb/2026:05:26:48 +0000] "GET /wp-content/themes/doccure/assets/js/bootstrap-datetimepicker.min.js?ver=1.5.3 HTTP/1.1" 304 0 "-" "facebookexternalhit/1.1 (+http://www.facebook.com/externalhit_uatext.php)"
2a03:2880:10ff:: - - [23/Feb/2026:05:26:48 +0000] "GET /wp-admin/js/password-strength-meter.min.js?ver=6.9.1 HTTP/1.1" 200 1123 "-" "facebookexternalhit/1.1 (+http://www.facebook.com/externalhit_uatext.php)"
2a03:2880:10ff:58:: - - [23/Feb/2026:05:26:48 +0000] "GET /wp-content/themes/doccure/assets/js/moment.min.js?ver=1.5.3 HTTP/1.1" 304 0 "-" "facebookexternalhit/1.1 (+http://www.facebook.com/externalhit_uatext.php)"
2a03:2880:10ff:70:: - - [23/Feb/2026:05:26:48 +0000] "GET /wp-content/themes/doccure/assets/js/bootstrap/bootstrap.bundle.min.js?ver=5.3.0 HTTP/1.1" 304 0 "-" "facebookexternalhit/1.1 (+http://www.facebook.com/externalhit_uatext.php)"
2a03:2880:10ff:70:: - - [23/Feb/2026:05:26:48 +0000] "GET /wp-content/themes/doccure/assets/js/counter.js?ver=1.5.3 HTTP/1.1" 304 0 "-" "facebookexternalhit/1.1 (+http://www.facebook.com/externalhit_uatext.php)"
2a03:2880:10ff:70:: - - [23/Feb/2026:05:26:48 +0000] "GET /wp-content/themes/doccure/assets/js/isotope.min.js?ver=6.9.1 HTTP/1.1" 200 35428 "-" "facebookexternalhit/1.1 (+http://www.facebook.com/externalhit_uatext.php)"
2a03:2880:10ff:4d:: - - [23/Feb/2026:05:26:48 +0000] "GET /wp-content/plugins/woocommerce/assets/js/js-cookie/js.cookie.min.js?ver=2.1.4-wc.10.5.2 HTTP/1.1" 200 1720 "-" "facebookexternalhit/1.1 (+http://www.facebook.com/externalhit_uatext.php)"
2a03:2880:10ff:9:: - - [23/Feb/2026:05:26:48 +0000] "GET /wp-content/themes/doccure/assets/dashboardjs/script-newtheme.js?ver=1.5.3 HTTP/1.1" 200 81204 "-" "facebookexternalhit/1.1 (+http://www.facebook.com/externalhit_uatext.php)"
2a03:2880:10ff:53:: - - [23/Feb/2026:05:26:48 +0000] "GET /wp-content/themes/doccure/assets/js/owl.carousel.min.js?ver=1.5.3 HTTP/1.1" 200 44342 "-" "facebookexternalhit/1.1 (+http://www.facebook.com/externalhit_uatext.php)"
2a03:2880:10ff:70:: - - [23/Feb/2026:05:26:48 +0000] "GET /wp-content/themes/doccure/assets/dashboardjs/circle-progress.min.js?ver=1.5.3 HTTP/1.1" 200 4445 "-" "facebookexternalhit/1.1 (+http://www.facebook.com/externalhit_uatext.php)"
2a03:2880:10ff:9:: - - [23/Feb/2026:05:26:48 +0000] "GET /wp-content/themes/doccure/assets/js/theme.js?ver=1.5.3 HTTP/1.1" 200 30742 "-" "facebookexternalhit/1.1 (+http://www.facebook.com/externalhit_uatext.php)"
2a03:2880:10ff:74:: - - [23/Feb/2026:05:26:48 +0000] "GET /wp-content/themes/doccure/assets/js/theme-woocommerce.js?ver=1.0.0 HTTP/1.1" 200 3193 "-" "facebookexternalhit/1.1 (+http://www.facebook.com/externalhit_uatext.php)"
2a03:2880:10ff:70:: - - [23/Feb/2026:05:26:48 +0000] "GET /wp-content/themes/doccure/assets/js/slick.min.js?ver=1.5.3 HTTP/1.1" 304 0 "-" "facebookexternalhit/1.1 (+http://www.facebook.com/externalhit_uatext.php)"
2a03:2880:10ff:70:: - - [23/Feb/2026:05:26:48 +0000] "GET /wp-content/plugins/woocommerce/assets/js/select2/select2.full.min.js?ver=4.0.3-wc.10.5.2 HTTP/1.1" 200 74620 "-" "facebookexternalhit/1.1 (+http://www.facebook.com/externalhit_uatext.php)"
2a03:2880:10ff:5c:: - - [23/Feb/2026:05:26:48 +0000] "GET /wp-content/themes/doccure/assets/js/aos.js?ver=1.5.3 HTTP/1.1" 304 0 "-" "facebookexternalhit/1.1 (+http://www.facebook.com/externalhit_uatext.php)"
2a03:2880:10ff:4b:: - - [23/Feb/2026:05:26:48 +0000] "GET /wp-includes/js/wp-util.min.js?ver=6.9.1 HTTP/1.1" 304 0 "-" "facebookexternalhit/1.1 (+http://www.facebook.com/externalhit_uatext.php)"
2a03:2880:10ff:70:: - - [23/Feb/2026:05:26:49 +0000] "GET /wp-content/themes/doccure/assets/js/backToTop.js?ver=1.5.3 HTTP/1.1" 200 1003 "-" "facebookexternalhit/1.1 (+http://www.facebook.com/externalhit_uatext.php)"
2a03:2880:10ff:4e:: - - [23/Feb/2026:05:26:49 +0000] "GET /wp-content/themes/doccure/assets/js/popper.min.js?ver=1.5.3 HTTP/1.1" 200 20121 "-" "facebookexternalhit/1.1 (+http://www.facebook.com/externalhit_uatext.php)"
2a03:2880:10ff:42:: - - [23/Feb/2026:05:26:49 +0000] "GET /wp-content/plugins/woocommerce/assets/js/jquery-blockui/jquery.blockUI.min.js?ver=2.7.0-wc.10.5.2 HTTP/1.1" 200 9636 "-" "facebookexternalhit/1.1 (+http://www.facebook.com/externalhit_uatext.php)"
2a03:2880:10ff:56:: - - [23/Feb/2026:05:26:49 +0000] "GET /wp-content/plugins/woocommerce/assets/js/frontend/lost-password.min.js?ver=10.5.2 HTTP/1.1" 200 132 "-" "facebookexternalhit/1.1 (+http://www.facebook.com/externalhit_uatext.php)"
2a03:2880:10ff:8:: - - [23/Feb/2026:05:26:49 +0000] "GET /wp-content/themes/doccure/assets/js/cursor.js HTTP/1.1" 200 4280 "-" "facebookexternalhit/1.1 (+http://www.facebook.com/externalhit_uatext.php)"
