2409:40e1:3518:c598:cd90:166d:3607:a4c9 - - [23/Feb/2026:17:05:20 +0000] "GET /wp-content/uploads/2025/01/speciality-icon-07-1.svg HTTP/1.1" 200 7355 "https://mediumpurple-seahorse-750529.hostingersite.com/" "Mozilla/5.0 (Linux; Android 12; LS1542QWN Build/SKQ1.220804.001; wv) AppleWebKit/537.36 (KHTML, like Gecko) Version/4.0 Chrome/144.0.7559.132 Mobile Safari/537.36"
2409:40e1:3518:c598:cd90:166d:3607:a4c9 - - [23/Feb/2026:17:05:21 +0000] "GET /wp-content/uploads/2025/01/book-01-1.jpg HTTP/1.1" 304 0 "https://mediumpurple-seahorse-750529.hostingersite.com/" "Mozilla/5.0 (Linux; Android 12; LS1542QWN Build/SKQ1.220804.001; wv) AppleWebKit/537.36 (KHTML, like Gecko) Version/4.0 Chrome/144.0.7559.132 Mobile Safari/537.36"
2409:40e1:3518:c598:cd90:166d:3607:a4c9 - - [23/Feb/2026:17:05:21 +0000] "GET /wp-content/uploads/2025/01/book-02-1.jpg HTTP/1.1" 304 0 "https://mediumpurple-seahorse-750529.hostingersite.com/" "Mozilla/5.0 (Linux; Android 12; LS1542QWN Build/SKQ1.220804.001; wv) AppleWebKit/537.36 (KHTML, like Gecko) Version/4.0 Chrome/144.0.7559.132 Mobile Safari/537.36"
2409:40e1:3518:c598:cd90:166d:3607:a4c9 - - [23/Feb/2026:17:05:22 +0000] "GET /wp-content/uploads/2025/01/book-03-1.jpg HTTP/1.1" 200 229390 "https://mediumpurple-seahorse-750529.hostingersite.com/" "Mozilla/5.0 (Linux; Android 12; LS1542QWN Build/SKQ1.220804.001; wv) AppleWebKit/537.36 (KHTML, like Gecko) Version/4.0 Chrome/144.0.7559.132 Mobile Safari/537.36"
2409:40e1:3518:c598:cd90:166d:3607:a4c9 - - [23/Feb/2026:17:05:22 +0000] "GET /wp-content/uploads/2025/01/company-01-1.svg HTTP/1.1" 304 0 "https://mediumpurple-seahorse-750529.hostingersite.com/" "Mozilla/5.0 (Linux; Android 12; LS1542QWN Build/SKQ1.220804.001; wv) AppleWebKit/537.36 (KHTML, like Gecko) Version/4.0 Chrome/144.0.7559.132 Mobile Safari/537.36"
2409:40e1:3518:c598:cd90:166d:3607:a4c9 - - [23/Feb/2026:17:05:23 +0000] "GET /wp-content/uploads/2025/01/company-02-1.svg HTTP/1.1" 304 0 "https://mediumpurple-seahorse-750529.hostingersite.com/" "Mozilla/5.0 (Linux; Android 12; LS1542QWN Build/SKQ1.220804.001; wv) AppleWebKit/537.36 (KHTML, like Gecko) Version/4.0 Chrome/144.0.7559.132 Mobile Safari/537.36"
2409:40e1:3518:c598:cd90:166d:3607:a4c9 - - [23/Feb/2026:17:05:23 +0000] "GET /wp-content/uploads/2025/01/company-03-1.svg HTTP/1.1" 304 0 "https://mediumpurple-seahorse-750529.hostingersite.com/" "Mozilla/5.0 (Linux; Android 12; LS1542QWN Build/SKQ1.220804.001; wv) AppleWebKit/537.36 (KHTML, like Gecko) Version/4.0 Chrome/144.0.7559.132 Mobile Safari/537.36"
2409:40e1:3518:c598:cd90:166d:3607:a4c9 - - [23/Feb/2026:17:05:23 +0000] "GET /wp-content/uploads/2025/01/company-04-1.svg HTTP/1.1" 304 0 "https://mediumpurple-seahorse-750529.hostingersite.com/" "Mozilla/5.0 (Linux; Android 12; LS1542QWN Build/SKQ1.220804.001; wv) AppleWebKit/537.36 (KHTML, like Gecko) Version/4.0 Chrome/144.0.7559.132 Mobile Safari/537.36"
2409:40e1:3518:c598:cd90:166d:3607:a4c9 - - [23/Feb/2026:17:05:23 +0000] "GET /wp-content/uploads/2025/01/company-05-1.svg HTTP/1.1" 304 0 "https://mediumpurple-seahorse-750529.hostingersite.com/" "Mozilla/5.0 (Linux; Android 12; LS1542QWN Build/SKQ1.220804.001; wv) AppleWebKit/537.36 (KHTML, like Gecko) Version/4.0 Chrome/144.0.7559.132 Mobile Safari/537.36"
2409:40e1:3518:c598:cd90:166d:3607:a4c9 - - [23/Feb/2026:17:05:23 +0000] "GET /wp-content/uploads/2025/01/company-06-1.svg HTTP/1.1" 304 0 "https://mediumpurple-seahorse-750529.hostingersite.com/" "Mozilla/5.0 (Linux; Android 12; LS1542QWN Build/SKQ1.220804.001; wv) AppleWebKit/537.36 (KHTML, like Gecko) Version/4.0 Chrome/144.0.7559.132 Mobile Safari/537.36"
2409:40e1:3518:c598:cd90:166d:3607:a4c9 - - [23/Feb/2026:17:05:24 +0000] "GET /wp-content/uploads/2025/01/company-07-1.svg HTTP/1.1" 304 0 "https://mediumpurple-seahorse-750529.hostingersite.com/" "Mozilla/5.0 (Linux; Android 12; LS1542QWN Build/SKQ1.220804.001; wv) AppleWebKit/537.36 (KHTML, like Gecko) Version/4.0 Chrome/144.0.7559.132 Mobile Safari/537.36"
2409:40e1:3518:c598:cd90:166d:3607:a4c9 - - [23/Feb/2026:17:05:24 +0000] "GET /wp-content/uploads/2025/01/company-08-1.svg HTTP/1.1" 304 0 "https://mediumpurple-seahorse-750529.hostingersite.com/" "Mozilla/5.0 (Linux; Android 12; LS1542QWN Build/SKQ1.220804.001; wv) AppleWebKit/537.36 (KHTML, like Gecko) Version/4.0 Chrome/144.0.7559.132 Mobile Safari/537.36"
2409:40e1:3518:c598:cd90:166d:3607:a4c9 - - [23/Feb/2026:17:05:25 +0000] "GET /wp-content/uploads/2025/01/app-store-01-1.svg HTTP/1.1" 304 0 "https://mediumpurple-seahorse-750529.hostingersite.com/" "Mozilla/5.0 (Linux; Android 12; LS1542QWN Build/SKQ1.220804.001; wv) AppleWebKit/537.36 (KHTML, like Gecko) Version/4.0 Chrome/144.0.7559.132 Mobile Safari/537.36"
2409:40e1:3518:c598:cd90:166d:3607:a4c9 - - [23/Feb/2026:17:05:25 +0000] "GET /wp-content/uploads/2025/01/google-play-01-1.svg HTTP/1.1" 304 0 "https://mediumpurple-seahorse-750529.hostingersite.com/" "Mozilla/5.0 (Linux; Android 12; LS1542QWN Build/SKQ1.220804.001; wv) AppleWebKit/537.36 (KHTML, like Gecko) Version/4.0 Chrome/144.0.7559.132 Mobile Safari/537.36"
2409:40e1:3518:c598:cd90:166d:3607:a4c9 - - [23/Feb/2026:17:05:27 +0000] "GET /wp-content/uploads/2025/01/mobile-img-1.png HTTP/1.1" 304 0 "https://mediumpurple-seahorse-750529.hostingersite.com/" "Mozilla/5.0 (Linux; Android 12; LS1542QWN Build/SKQ1.220804.001; wv) AppleWebKit/537.36 (KHTML, like Gecko) Version/4.0 Chrome/144.0.7559.132 Mobile Safari/537.36"
2409:40e1:3518:c598:cd90:166d:3607:a4c9 - - [23/Feb/2026:17:05:28 +0000] "GET /wp-content/uploads/2025/01/app-bg-02-1.png HTTP/1.1" 304 0 "https://mediumpurple-seahorse-750529.hostingersite.com/" "Mozilla/5.0 (Linux; Android 12; LS1542QWN Build/SKQ1.220804.001; wv) AppleWebKit/537.36 (KHTML, like Gecko) Version/4.0 Chrome/144.0.7559.132 Mobile Safari/537.36"
2409:40e1:3518:c598:cd90:166d:3607:a4c9 - - [23/Feb/2026:17:05:28 +0000] "GET /wp-content/uploads/2025/01/app-bg-03-1.png HTTP/1.1" 304 0 "https://mediumpurple-seahorse-750529.hostingersite.com/" "Mozilla/5.0 (Linux; Android 12; LS1542QWN Build/SKQ1.220804.001; wv) AppleWebKit/537.36 (KHTML, like Gecko) Version/4.0 Chrome/144.0.7559.132 Mobile Safari/537.36"
172.187.168.139 - - [23/Feb/2026:17:05:29 +0000] "POST /wp-cron.php?doing_wp_cron=1771866329.6076200008392333984375 HTTP/1.1" 200 31 "-" "WordPress/6.9.1; https://doccure-wp.dreamstechnologies.com"
187.245.84.215 - - [23/Feb/2026:17:05:29 +0000] "GET /portfolios/ HTTP/1.1" 200 19412 "-" "Mozilla/5.0 (Macintosh; Intel Mac OS X 10_14_6) AppleWebKit/537.36 (KHTML, like Gecko) Brave Chrome/77.0.3865.90 Safari/537.36"
2409:40e1:3518:c598:cd90:166d:3607:a4c9 - - [23/Feb/2026:17:05:29 +0000] "GET /wp-content/uploads/2025/01/download-bg-1.png HTTP/1.1" 304 0 "https://mediumpurple-seahorse-750529.hostingersite.com/" "Mozilla/5.0 (Linux; Android 12; LS1542QWN Build/SKQ1.220804.001; wv) AppleWebKit/537.36 (KHTML, like Gecko) Version/4.0 Chrome/144.0.7559.132 Mobile Safari/537.36"
2409:40e1:3518:c598:cd90:166d:3607:a4c9 - - [23/Feb/2026:17:05:30 +0000] "GET /wp-content/uploads/2025/01/app-bg-04-1.png HTTP/1.1" 304 0 "https://mediumpurple-seahorse-750529.hostingersite.com/" "Mozilla/5.0 (Linux; Android 12; LS1542QWN Build/SKQ1.220804.001; wv) AppleWebKit/537.36 (KHTML, like Gecko) Version/4.0 Chrome/144.0.7559.132 Mobile Safari/537.36"
172.187.168.139 - - [23/Feb/2026:17:06:17 +0000] "POST /wp-cron.php?doing_wp_cron=1771866377.7982709407806396484375 HTTP/1.1" 200 31 "-" "WordPress/6.9.1; https://doccure-wp.dreamstechnologies.com"
35.173.69.86 - - [23/Feb/2026:17:06:17 +0000] "GET / HTTP/1.1" 200 29871 "-" "FreshpingBot/1.0 (+https://freshping.io/)"
172.187.168.139 - - [23/Feb/2026:17:08:13 +0000] "POST /wp-cron.php?doing_wp_cron=1771866493.3019030094146728515625 HTTP/1.1" 200 31 "-" "WordPress/6.9.1; https://doccure-wp.dreamstechnologies.com"
116.179.32.198 - - [23/Feb/2026:17:08:13 +0000] "GET /specialities/laboratory/ HTTP/1.1" 200 18691 "-" "Mozilla/5.0 (compatible; Baiduspider/2.0; +http://www.baidu.com/search/spider.html)"
116.179.37.51 - - [23/Feb/2026:17:08:16 +0000] "GET /wp-content/plugins/contact-form-7/includes/swv/js/index.js?ver=6.1.5 HTTP/1.1" 304 0 "https://doccure-wp.dreamstechnologies.com/specialities/laboratory/" "Mozilla/5.0 (compatible; Baiduspider-render/2.0; +http://www.baidu.com/search/spider.html)"
116.179.37.46 - - [23/Feb/2026:17:08:17 +0000] "GET /wp-content/plugins/contact-form-7/includes/js/index.js?ver=6.1.5 HTTP/1.1" 200 13452 "https://doccure-wp.dreamstechnologies.com/specialities/laboratory/" "Mozilla/5.0 (compatible; Baiduspider-render/2.0; +http://www.baidu.com/search/spider.html)"
116.179.37.132 - - [23/Feb/2026:17:08:18 +0000] "GET /wp-content/themes/doccure/assets/js/magnific-popup.js?ver=1.1.0 HTTP/1.1" 200 45448 "https://doccure-wp.dreamstechnologies.com/specialities/laboratory/" "Mozilla/5.0 (compatible; Baiduspider-render/2.0; +http://www.baidu.com/search/spider.html)"
116.179.37.215 - - [23/Feb/2026:17:08:20 +0000] "GET /wp-content/themes/doccure/assets/js/jquery.countTo.js?ver=1.5.3 HTTP/1.1" 200 2501 "https://doccure-wp.dreamstechnologies.com/specialities/laboratory/" "Mozilla/5.0 (compatible; Baiduspider-render/2.0; +http://www.baidu.com/search/spider.html)"
116.179.37.71 - - [23/Feb/2026:17:08:20 +0000] "GET /wp-content/themes/doccure/assets/js/popper.min.js?ver=1.5.3 HTTP/1.1" 200 20121 "https://doccure-wp.dreamstechnologies.com/specialities/laboratory/" "Mozilla/5.0 (compatible; Baiduspider-render/2.0; +http://www.baidu.com/search/spider.html)"
116.179.37.40 - - [23/Feb/2026:17:08:21 +0000] "GET /wp-content/themes/doccure/assets/js/theme.js?ver=1.5.3 HTTP/1.1" 200 30742 "https://doccure-wp.dreamstechnologies.com/specialities/laboratory/" "Mozilla/5.0 (compatible; Baiduspider-render/2.0; +http://www.baidu.com/search/spider.html)"
116.179.37.103 - - [23/Feb/2026:17:08:22 +0000] "GET /wp-content/themes/doccure/assets/js/cursor.js HTTP/1.1" 200 4280 "https://doccure-wp.dreamstechnologies.com/specialities/laboratory/" "Mozilla/5.0 (compatible; Baiduspider-render/2.0; +http://www.baidu.com/search/spider.html)"
116.179.37.172 - - [23/Feb/2026:17:08:22 +0000] "GET /wp-content/themes/doccure/assets/dashboardjs/doccure_callback.js?ver=1.5.3 HTTP/1.1" 200 99725 "https://doccure-wp.dreamstechnologies.com/specialities/laboratory/" "Mozilla/5.0 (compatible; Baiduspider-render/2.0; +http://www.baidu.com/search/spider.html)"
116.179.37.206 - - [23/Feb/2026:17:08:22 +0000] "GET /wp-includes/js/underscore.min.js?ver=1.13.7 HTTP/1.1" 200 18905 "https://doccure-wp.dreamstechnologies.com/specialities/laboratory/" "Mozilla/5.0 (compatible; Baiduspider-render/2.0; +http://www.baidu.com/search/spider.html)"
116.179.37.198 - - [23/Feb/2026:17:08:25 +0000] "GET /wp-content/plugins/woocommerce/assets/js/sourcebuster/sourcebuster.min.js?ver=10.5.2 HTTP/1.1" 200 15315 "https://doccure-wp.dreamstechnologies.com/specialities/laboratory/" "Mozilla/5.0 (compatible; Baiduspider-render/2.0; +http://www.baidu.com/search/spider.html)"
116.179.37.51 - - [23/Feb/2026:17:08:25 +0000] "GET /wp-content/plugins/woocommerce/assets/js/select2/select2.full.min.js?ver=4.0.3-wc.10.5.2 HTTP/1.1" 200 74620 "https://doccure-wp.dreamstechnologies.com/specialities/laboratory/" "Mozilla/5.0 (compatible; Baiduspider-render/2.0; +http://www.baidu.com/search/spider.html)"
116.179.37.144 - - [23/Feb/2026:17:08:28 +0000] "GET /wp-json/contact-form-7/v1/contact-forms/5785/feedback/schema HTTP/1.1" 200 343 "https://doccure-wp.dreamstechnologies.com/specialities/laboratory/" "Mozilla/5.0 (compatible; Baiduspider-render/2.0; +http://www.baidu.com/search/spider.html)"
2409:40c4:2194:4d7d:8000:: - - [23/Feb/2026:17:11:02 +0000] "GET /wp-content/uploads/2024/09/cardiology-icon-3.svg HTTP/1.1" 200 6203 "https://darkslategrey-mole-966668.hostingersite.com/" "Mozilla/5.0 (Linux; Android 10; K) AppleWebKit/537.36 (KHTML, like Gecko) Chrome/143.0.0.0 Mobile Safari/537.36"
2409:40c4:2194:4d7d:8000:: - - [23/Feb/2026:17:11:02 +0000] "GET /wp-content/uploads/2023/07/banner-img2.png HTTP/1.1" 200 11547 "https://darkslategrey-mole-966668.hostingersite.com/" "Mozilla/5.0 (Linux; Android 10; K) AppleWebKit/537.36 (KHTML, like Gecko) Chrome/143.0.0.0 Mobile Safari/537.36"
2409:40c4:2194:4d7d:8000:: - - [23/Feb/2026:17:11:02 +0000] "GET /wp-content/uploads/2024/09/Dentist-icon-3.svg HTTP/1.1" 200 6577 "https://darkslategrey-mole-966668.hostingersite.com/" "Mozilla/5.0 (Linux; Android 10; K) AppleWebKit/537.36 (KHTML, like Gecko) Chrome/143.0.0.0 Mobile Safari/537.36"
2409:40c4:2194:4d7d:8000:: - - [23/Feb/2026:17:11:02 +0000] "GET /wp-content/uploads/2023/07/banner-img3.png HTTP/1.1" 200 24993 "https://darkslategrey-mole-966668.hostingersite.com/" "Mozilla/5.0 (Linux; Android 10; K) AppleWebKit/537.36 (KHTML, like Gecko) Chrome/143.0.0.0 Mobile Safari/537.36"
2409:40c4:2194:4d7d:8000:: - - [23/Feb/2026:17:11:02 +0000] "GET /wp-content/uploads/2023/07/banner-img.png HTTP/1.1" 200 79024 "https://darkslategrey-mole-966668.hostingersite.com/" "Mozilla/5.0 (Linux; Android 10; K) AppleWebKit/537.36 (KHTML, like Gecko) Chrome/143.0.0.0 Mobile Safari/537.36"
2409:40c4:2194:4d7d:8000:: - - [23/Feb/2026:17:11:02 +0000] "GET /wp-content/uploads/2023/07/banner-img1.png HTTP/1.1" 200 1322 "https://darkslategrey-mole-966668.hostingersite.com/" "Mozilla/5.0 (Linux; Android 10; K) AppleWebKit/537.36 (KHTML, like Gecko) Chrome/143.0.0.0 Mobile Safari/537.36"
2409:40c4:2194:4d7d:8000:: - - [23/Feb/2026:17:11:03 +0000] "GET /wp-content/uploads/2024/06/partners-2.svg HTTP/1.1" 200 4397 "https://darkslategrey-mole-966668.hostingersite.com/" "Mozilla/5.0 (Linux; Android 10; K) AppleWebKit/537.36 (KHTML, like Gecko) Chrome/143.0.0.0 Mobile Safari/537.36"
2409:40c4:2194:4d7d:8000:: - - [23/Feb/2026:17:11:03 +0000] "GET /wp-content/uploads/2024/09/Ophthalmology-icon-3.svg HTTP/1.1" 200 5713 "https://darkslategrey-mole-966668.hostingersite.com/" "Mozilla/5.0 (Linux; Android 10; K) AppleWebKit/537.36 (KHTML, like Gecko) Chrome/143.0.0.0 Mobile Safari/537.36"
2409:40c4:2194:4d7d:8000:: - - [23/Feb/2026:17:11:03 +0000] "GET /wp-content/uploads/2023/07/faq-img.png HTTP/1.1" 200 112081 "https://darkslategrey-mole-966668.hostingersite.com/" "Mozilla/5.0 (Linux; Android 10; K) AppleWebKit/537.36 (KHTML, like Gecko) Chrome/143.0.0.0 Mobile Safari/537.36"
2409:40c4:2194:4d7d:8000:: - - [23/Feb/2026:17:11:03 +0000] "GET /wp-content/uploads/2023/07/work-01.svg HTTP/1.1" 200 7310 "https://darkslategrey-mole-966668.hostingersite.com/" "Mozilla/5.0 (Linux; Android 10; K) AppleWebKit/537.36 (KHTML, like Gecko) Chrome/143.0.0.0 Mobile Safari/537.36"
2409:40c4:2194:4d7d:8000:: - - [23/Feb/2026:17:11:03 +0000] "GET /wp-content/uploads/2023/07/work-03.svg HTTP/1.1" 200 8726 "https://darkslategrey-mole-966668.hostingersite.com/" "Mozilla/5.0 (Linux; Android 10; K) AppleWebKit/537.36 (KHTML, like Gecko) Chrome/143.0.0.0 Mobile Safari/537.36"
2409:40c4:2194:4d7d:8000:: - - [23/Feb/2026:17:11:03 +0000] "GET /wp-content/uploads/2023/07/work-04.svg HTTP/1.1" 200 8108 "https://darkslategrey-mole-966668.hostingersite.com/" "Mozilla/5.0 (Linux; Android 10; K) AppleWebKit/537.36 (KHTML, like Gecko) Chrome/143.0.0.0 Mobile Safari/537.36"
2409:40c4:2194:4d7d:8000:: - - [23/Feb/2026:17:11:03 +0000] "GET /wp-content/uploads/2024/09/lab-icon-3.svg HTTP/1.1" 200 5117 "https://darkslategrey-mole-966668.hostingersite.com/" "Mozilla/5.0 (Linux; Android 10; K) AppleWebKit/537.36 (KHTML, like Gecko) Chrome/143.0.0.0 Mobile Safari/537.36"
2409:40c4:2194:4d7d:8000:: - - [23/Feb/2026:17:11:03 +0000] "GET /wp-content/uploads/2023/07/work-02.svg HTTP/1.1" 200 9185 "https://darkslategrey-mole-966668.hostingersite.com/" "Mozilla/5.0 (Linux; Android 10; K) AppleWebKit/537.36 (KHTML, like Gecko) Chrome/143.0.0.0 Mobile Safari/537.36"
2409:40c4:2194:4d7d:8000:: - - [23/Feb/2026:17:11:03 +0000] "GET /wp-content/uploads/2024/09/Neurology-icon-3.svg HTTP/1.1" 200 9876 "https://darkslategrey-mole-966668.hostingersite.com/" "Mozilla/5.0 (Linux; Android 10; K) AppleWebKit/537.36 (KHTML, like Gecko) Chrome/143.0.0.0 Mobile Safari/537.36"
2409:40c4:2194:4d7d:8000:: - - [23/Feb/2026:17:11:03 +0000] "GET /wp-content/uploads/2023/07/smiling-icon.svg HTTP/1.1" 200 51950 "https://darkslategrey-mole-966668.hostingersite.com/" "Mozilla/5.0 (Linux; Android 10; K) AppleWebKit/537.36 (KHTML, like Gecko) Chrome/143.0.0.0 Mobile Safari/537.36"
2409:40c4:2194:4d7d:8000:: - - [23/Feb/2026:17:11:03 +0000] "GET /wp-content/uploads/2023/07/work-img.png HTTP/1.1" 200 65514 "https://darkslategrey-mole-966668.hostingersite.com/" "Mozilla/5.0 (Linux; Android 10; K) AppleWebKit/537.36 (KHTML, like Gecko) Chrome/143.0.0.0 Mobile Safari/537.36"
2409:40c4:2194:4d7d:8000:: - - [23/Feb/2026:17:11:03 +0000] "GET /wp-content/uploads/2024/09/Orthopedic-icon-3.svg HTTP/1.1" 200 2529 "https://darkslategrey-mole-966668.hostingersite.com/" "Mozilla/5.0 (Linux; Android 10; K) AppleWebKit/537.36 (KHTML, like Gecko) Chrome/143.0.0.0 Mobile Safari/537.36"
2409:40c4:2194:4d7d:8000:: - - [23/Feb/2026:17:11:03 +0000] "GET /wp-content/uploads/2024/06/partners-3.svg HTTP/1.1" 200 4052 "https://darkslategrey-mole-966668.hostingersite.com/" "Mozilla/5.0 (Linux; Android 10; K) AppleWebKit/537.36 (KHTML, like Gecko) Chrome/143.0.0.0 Mobile Safari/537.36"
2409:40c4:2194:4d7d:8000:: - - [23/Feb/2026:17:11:03 +0000] "GET /wp-content/uploads/2024/06/partners-6.svg HTTP/1.1" 200 4692 "https://darkslategrey-mole-966668.hostingersite.com/" "Mozilla/5.0 (Linux; Android 10; K) AppleWebKit/537.36 (KHTML, like Gecko) Chrome/143.0.0.0 Mobile Safari/537.36"
2409:40c4:2194:4d7d:8000:: - - [23/Feb/2026:17:11:03 +0000] "GET /wp-content/uploads/2024/06/partners-5.svg HTTP/1.1" 200 7065 "https://darkslategrey-mole-966668.hostingersite.com/" "Mozilla/5.0 (Linux; Android 10; K) AppleWebKit/537.36 (KHTML, like Gecko) Chrome/143.0.0.0 Mobile Safari/537.36"
2409:40c4:2194:4d7d:8000:: - - [23/Feb/2026:17:11:03 +0000] "GET /wp-content/uploads/2024/06/partners-1.svg HTTP/1.1" 200 6343 "https://darkslategrey-mole-966668.hostingersite.com/" "Mozilla/5.0 (Linux; Android 10; K) AppleWebKit/537.36 (KHTML, like Gecko) Chrome/143.0.0.0 Mobile Safari/537.36"
2409:40c4:2194:4d7d:8000:: - - [23/Feb/2026:17:11:03 +0000] "GET /wp-content/uploads/2024/06/partners-4.svg HTTP/1.1" 200 11400 "https://darkslategrey-mole-966668.hostingersite.com/" "Mozilla/5.0 (Linux; Android 10; K) AppleWebKit/537.36 (KHTML, like Gecko) Chrome/143.0.0.0 Mobile Safari/537.36"
172.187.168.139 - - [23/Feb/2026:17:11:14 +0000] "POST /wp-cron.php?doing_wp_cron=1771866674.1005630493164062500000 HTTP/1.1" 200 31 "-" "WordPress/6.9.1; https://doccure-wp.dreamstechnologies.com"
35.173.69.86 - - [23/Feb/2026:17:11:14 +0000] "GET / HTTP/1.1" 200 29871 "-" "FreshpingBot/1.0 (+https://freshping.io/)"
2409:40c4:2194:4d7d:8000:: - - [23/Feb/2026:17:11:20 +0000] "GET /wp-content/uploads/2025/01/banner-user2-1.jpg HTTP/1.1" 304 0 "https://darkslategrey-mole-966668.hostingersite.com/" "Mozilla/5.0 (Linux; Android 10; K) AppleWebKit/537.36 (KHTML, like Gecko) Chrome/143.0.0.0 Mobile Safari/537.36"
2409:40c4:2194:4d7d:8000:: - - [23/Feb/2026:17:11:20 +0000] "GET /wp-content/uploads/2025/01/banner-user1-1.jpg HTTP/1.1" 304 0 "https://darkslategrey-mole-966668.hostingersite.com/" "Mozilla/5.0 (Linux; Android 10; K) AppleWebKit/537.36 (KHTML, like Gecko) Chrome/143.0.0.0 Mobile Safari/537.36"
2409:40c4:2194:4d7d:8000:: - - [23/Feb/2026:17:11:20 +0000] "GET /wp-content/uploads/2025/01/banner-user3-1.jpg HTTP/1.1" 304 0 "https://darkslategrey-mole-966668.hostingersite.com/" "Mozilla/5.0 (Linux; Android 10; K) AppleWebKit/537.36 (KHTML, like Gecko) Chrome/143.0.0.0 Mobile Safari/537.36"
2409:40c4:2194:4d7d:8000:: - - [23/Feb/2026:17:11:21 +0000] "GET /wp-content/uploads/2025/01/list-icon-01-1.svg HTTP/1.1" 304 0 "https://darkslategrey-mole-966668.hostingersite.com/" "Mozilla/5.0 (Linux; Android 10; K) AppleWebKit/537.36 (KHTML, like Gecko) Chrome/143.0.0.0 Mobile Safari/537.36"
2409:40c4:2194:4d7d:8000:: - - [23/Feb/2026:17:11:21 +0000] "GET /wp-content/uploads/2025/01/speciality-icon-03-1.svg HTTP/1.1" 304 0 "https://darkslategrey-mole-966668.hostingersite.com/" "Mozilla/5.0 (Linux; Android 10; K) AppleWebKit/537.36 (KHTML, like Gecko) Chrome/143.0.0.0 Mobile Safari/537.36"
2409:40c4:2194:4d7d:8000:: - - [23/Feb/2026:17:11:21 +0000] "GET /wp-content/uploads/2025/01/video-1.svg HTTP/1.1" 200 19342 "https://darkslategrey-mole-966668.hostingersite.com/" "Mozilla/5.0 (Linux; Android 10; K) AppleWebKit/537.36 (KHTML, like Gecko) Chrome/143.0.0.0 Mobile Safari/537.36"
2409:40c4:2194:4d7d:8000:: - - [23/Feb/2026:17:11:21 +0000] "GET /wp-content/uploads/2025/01/banner-patient-1-1.jpg HTTP/1.1" 200 5731 "https://darkslategrey-mole-966668.hostingersite.com/" "Mozilla/5.0 (Linux; Android 10; K) AppleWebKit/537.36 (KHTML, like Gecko) Chrome/143.0.0.0 Mobile Safari/537.36"
2409:40c4:2194:4d7d:8000:: - - [23/Feb/2026:17:11:21 +0000] "GET /wp-content/uploads/2025/01/banner-doctor-1.svg HTTP/1.1" 304 0 "https://darkslategrey-mole-966668.hostingersite.com/" "Mozilla/5.0 (Linux; Android 10; K) AppleWebKit/537.36 (KHTML, like Gecko) Chrome/143.0.0.0 Mobile Safari/537.36"
2409:40c4:2194:4d7d:8000:: - - [23/Feb/2026:17:11:21 +0000] "GET /wp-content/uploads/2025/01/banner-icon-2-1.png HTTP/1.1" 304 0 "https://darkslategrey-mole-966668.hostingersite.com/" "Mozilla/5.0 (Linux; Android 10; K) AppleWebKit/537.36 (KHTML, like Gecko) Chrome/143.0.0.0 Mobile Safari/537.36"
2409:40c4:2194:4d7d:8000:: - - [23/Feb/2026:17:11:21 +0000] "GET /wp-content/uploads/2025/01/banner-patient-2-1.jpg HTTP/1.1" 304 0 "https://darkslategrey-mole-966668.hostingersite.com/" "Mozilla/5.0 (Linux; Android 10; K) AppleWebKit/537.36 (KHTML, like Gecko) Chrome/143.0.0.0 Mobile Safari/537.36"
2409:40c4:2194:4d7d:8000:: - - [23/Feb/2026:17:11:21 +0000] "GET /wp-content/uploads/2025/01/banner-patient-3-1.jpg HTTP/1.1" 304 0 "https://darkslategrey-mole-966668.hostingersite.com/" "Mozilla/5.0 (Linux; Android 10; K) AppleWebKit/537.36 (KHTML, like Gecko) Chrome/143.0.0.0 Mobile Safari/537.36"
2409:40c4:2194:4d7d:8000:: - - [23/Feb/2026:17:11:21 +0000] "GET /wp-content/uploads/2025/01/banner-icon-1-1.png HTTP/1.1" 304 0 "https://darkslategrey-mole-966668.hostingersite.com/" "Mozilla/5.0 (Linux; Android 10; K) AppleWebKit/537.36 (KHTML, like Gecko) Chrome/143.0.0.0 Mobile Safari/537.36"
2409:40c4:2194:4d7d:8000:: - - [23/Feb/2026:17:11:21 +0000] "GET /wp-content/uploads/2025/01/list-icon-06-1.svg HTTP/1.1" 304 0 "https://darkslategrey-mole-966668.hostingersite.com/" "Mozilla/5.0 (Linux; Android 10; K) AppleWebKit/537.36 (KHTML, like Gecko) Chrome/143.0.0.0 Mobile Safari/537.36"
2409:40c4:2194:4d7d:8000:: - - [23/Feb/2026:17:11:21 +0000] "GET /wp-content/uploads/2025/01/banner-icon-4-1.png HTTP/1.1" 304 0 "https://darkslategrey-mole-966668.hostingersite.com/" "Mozilla/5.0 (Linux; Android 10; K) AppleWebKit/537.36 (KHTML, like Gecko) Chrome/143.0.0.0 Mobile Safari/537.36"
2409:40c4:2194:4d7d:8000:: - - [23/Feb/2026:17:11:21 +0000] "GET /wp-content/uploads/2025/01/list-icon-03-1.svg HTTP/1.1" 200 919 "https://darkslategrey-mole-966668.hostingersite.com/" "Mozilla/5.0 (Linux; Android 10; K) AppleWebKit/537.36 (KHTML, like Gecko) Chrome/143.0.0.0 Mobile Safari/537.36"
2409:40c4:2194:4d7d:8000:: - - [23/Feb/2026:17:11:21 +0000] "GET /wp-content/uploads/2025/01/speciality-06-1.jpg HTTP/1.1" 304 0 "https://darkslategrey-mole-966668.hostingersite.com/" "Mozilla/5.0 (Linux; Android 10; K) AppleWebKit/537.36 (KHTML, like Gecko) Chrome/143.0.0.0 Mobile Safari/537.36"
2409:40c4:2194:4d7d:8000:: - - [23/Feb/2026:17:11:21 +0000] "GET /wp-content/uploads/2025/01/speciality-icon-02-1.svg HTTP/1.1" 304 0 "https://darkslategrey-mole-966668.hostingersite.com/" "Mozilla/5.0 (Linux; Android 10; K) AppleWebKit/537.36 (KHTML, like Gecko) Chrome/143.0.0.0 Mobile Safari/537.36"
2409:40c4:2194:4d7d:8000:: - - [23/Feb/2026:17:11:21 +0000] "GET /wp-content/uploads/2025/01/list-icon-05-1.svg HTTP/1.1" 200 1745 "https://darkslategrey-mole-966668.hostingersite.com/" "Mozilla/5.0 (Linux; Android 10; K) AppleWebKit/537.36 (KHTML, like Gecko) Chrome/143.0.0.0 Mobile Safari/537.36"
2409:40c4:2194:4d7d:8000:: - - [23/Feb/2026:17:11:21 +0000] "GET /wp-content/uploads/2025/01/banner-icon-5-1.svg HTTP/1.1" 304 0 "https://darkslategrey-mole-966668.hostingersite.com/" "Mozilla/5.0 (Linux; Android 10; K) AppleWebKit/537.36 (KHTML, like Gecko) Chrome/143.0.0.0 Mobile Safari/537.36"
2409:40c4:2194:4d7d:8000:: - - [23/Feb/2026:17:11:21 +0000] "GET /wp-content/uploads/2025/01/banner-icon-3-1.png HTTP/1.1" 304 0 "https://darkslategrey-mole-966668.hostingersite.com/" "Mozilla/5.0 (Linux; Android 10; K) AppleWebKit/537.36 (KHTML, like Gecko) Chrome/143.0.0.0 Mobile Safari/537.36"
2409:40c4:2194:4d7d:8000:: - - [23/Feb/2026:17:11:21 +0000] "GET /wp-content/uploads/2025/01/list-icon-07-1.svg HTTP/1.1" 304 0 "https://darkslategrey-mole-966668.hostingersite.com/" "Mozilla/5.0 (Linux; Android 10; K) AppleWebKit/537.36 (KHTML, like Gecko) Chrome/143.0.0.0 Mobile Safari/537.36"
2409:40c4:2194:4d7d:8000:: - - [23/Feb/2026:17:11:21 +0000] "GET /wp-content/uploads/2025/01/speciality-icon-05-1.svg HTTP/1.1" 304 0 "https://darkslategrey-mole-966668.hostingersite.com/" "Mozilla/5.0 (Linux; Android 10; K) AppleWebKit/537.36 (KHTML, like Gecko) Chrome/143.0.0.0 Mobile Safari/537.36"
2409:40c4:2194:4d7d:8000:: - - [23/Feb/2026:17:11:21 +0000] "GET /wp-content/uploads/2025/01/list-icon-02-1.svg HTTP/1.1" 304 0 "https://darkslategrey-mole-966668.hostingersite.com/" "Mozilla/5.0 (Linux; Android 10; K) AppleWebKit/537.36 (KHTML, like Gecko) Chrome/143.0.0.0 Mobile Safari/537.36"
2409:40c4:2194:4d7d:8000:: - - [23/Feb/2026:17:11:21 +0000] "GET /wp-content/uploads/2025/01/speciality-02-1.jpg HTTP/1.1" 304 0 "https://darkslategrey-mole-966668.hostingersite.com/" "Mozilla/5.0 (Linux; Android 10; K) AppleWebKit/537.36 (KHTML, like Gecko) Chrome/143.0.0.0 Mobile Safari/537.36"
2409:40c4:2194:4d7d:8000:: - - [23/Feb/2026:17:11:21 +0000] "GET /wp-content/uploads/2025/01/speciality-icon-06-1.svg HTTP/1.1" 200 8651 "https://darkslategrey-mole-966668.hostingersite.com/" "Mozilla/5.0 (Linux; Android 10; K) AppleWebKit/537.36 (KHTML, like Gecko) Chrome/143.0.0.0 Mobile Safari/537.36"
2409:40c4:2194:4d7d:8000:: - - [23/Feb/2026:17:11:21 +0000] "GET /wp-content/uploads/2025/01/speciality-icon-04-1.svg HTTP/1.1" 304 0 "https://darkslategrey-mole-966668.hostingersite.com/" "Mozilla/5.0 (Linux; Android 10; K) AppleWebKit/537.36 (KHTML, like Gecko) Chrome/143.0.0.0 Mobile Safari/537.36"
2409:40c4:2194:4d7d:8000:: - - [23/Feb/2026:17:11:21 +0000] "GET /wp-content/uploads/2025/01/speciality-05-1.jpg HTTP/1.1" 304 0 "https://darkslategrey-mole-966668.hostingersite.com/" "Mozilla/5.0 (Linux; Android 10; K) AppleWebKit/537.36 (KHTML, like Gecko) Chrome/143.0.0.0 Mobile Safari/537.36"
2409:40c4:2194:4d7d:8000:: - - [23/Feb/2026:17:11:21 +0000] "GET /wp-content/uploads/2025/01/list-icon-04-1.svg HTTP/1.1" 304 0 "https://darkslategrey-mole-966668.hostingersite.com/" "Mozilla/5.0 (Linux; Android 10; K) AppleWebKit/537.36 (KHTML, like Gecko) Chrome/143.0.0.0 Mobile Safari/537.36"
2409:40c4:2194:4d7d:8000:: - - [23/Feb/2026:17:11:21 +0000] "GET /wp-content/uploads/2025/01/book-03-1.jpg HTTP/1.1" 304 0 "https://darkslategrey-mole-966668.hostingersite.com/" "Mozilla/5.0 (Linux; Android 10; K) AppleWebKit/537.36 (KHTML, like Gecko) Chrome/143.0.0.0 Mobile Safari/537.36"
2409:40c4:2194:4d7d:8000:: - - [23/Feb/2026:17:11:21 +0000] "GET /wp-content/uploads/2025/01/speciality-01-1.jpg HTTP/1.1" 304 0 "https://darkslategrey-mole-966668.hostingersite.com/" "Mozilla/5.0 (Linux; Android 10; K) AppleWebKit/537.36 (KHTML, like Gecko) Chrome/143.0.0.0 Mobile Safari/537.36"
2409:40c4:2194:4d7d:8000:: - - [23/Feb/2026:17:11:21 +0000] "GET /wp-content/uploads/2025/01/speciality-icon-07-1.svg HTTP/1.1" 304 0 "https://darkslategrey-mole-966668.hostingersite.com/" "Mozilla/5.0 (Linux; Android 10; K) AppleWebKit/537.36 (KHTML, like Gecko) Chrome/143.0.0.0 Mobile Safari/537.36"
2409:40c4:2194:4d7d:8000:: - - [23/Feb/2026:17:11:21 +0000] "GET /wp-content/uploads/2025/01/speciality-icon-08-1.svg HTTP/1.1" 304 0 "https://darkslategrey-mole-966668.hostingersite.com/" "Mozilla/5.0 (Linux; Android 10; K) AppleWebKit/537.36 (KHTML, like Gecko) Chrome/143.0.0.0 Mobile Safari/537.36"
2409:40c4:2194:4d7d:8000:: - - [23/Feb/2026:17:11:21 +0000] "GET /wp-content/uploads/2025/01/speciality-04-1.jpg HTTP/1.1" 304 0 "https://darkslategrey-mole-966668.hostingersite.com/" "Mozilla/5.0 (Linux; Android 10; K) AppleWebKit/537.36 (KHTML, like Gecko) Chrome/143.0.0.0 Mobile Safari/537.36"
2409:40c4:2194:4d7d:8000:: - - [23/Feb/2026:17:11:21 +0000] "GET /wp-content/uploads/2025/01/speciality-03-1.jpg HTTP/1.1" 304 0 "https://darkslategrey-mole-966668.hostingersite.com/" "Mozilla/5.0 (Linux; Android 10; K) AppleWebKit/537.36 (KHTML, like Gecko) Chrome/143.0.0.0 Mobile Safari/537.36"
2409:40c4:2194:4d7d:8000:: - - [23/Feb/2026:17:11:21 +0000] "GET /wp-content/uploads/2025/01/speciality-icon-01-1.svg HTTP/1.1" 304 0 "https://darkslategrey-mole-966668.hostingersite.com/" "Mozilla/5.0 (Linux; Android 10; K) AppleWebKit/537.36 (KHTML, like Gecko) Chrome/143.0.0.0 Mobile Safari/537.36"
2409:40c4:2194:4d7d:8000:: - - [23/Feb/2026:17:11:21 +0000] "GET /wp-content/uploads/2025/01/speciality-08-1.jpg HTTP/1.1" 304 0 "https://darkslategrey-mole-966668.hostingersite.com/" "Mozilla/5.0 (Linux; Android 10; K) AppleWebKit/537.36 (KHTML, like Gecko) Chrome/143.0.0.0 Mobile Safari/537.36"
2409:40c4:2194:4d7d:8000:: - - [23/Feb/2026:17:11:21 +0000] "GET /wp-content/uploads/2025/01/home-banner-bg-1.png HTTP/1.1" 304 0 "https://darkslategrey-mole-966668.hostingersite.com/" "Mozilla/5.0 (Linux; Android 10; K) AppleWebKit/537.36 (KHTML, like Gecko) Chrome/143.0.0.0 Mobile Safari/537.36"
103.186.31.45 - - [23/Feb/2026:17:11:25 +0000] "HEAD / HTTP/1.1" 200 0 "https://doccure-wp.dreamstechnologies.com/" "Mozilla/5.0 (Windows NT 10.0; Win64; x64) AppleWebKit/537.36 (KHTML, like Gecko) Chrome/91.0.4472.124 Safari/537.36"
103.186.31.45 - - [23/Feb/2026:17:11:27 +0000] "HEAD / HTTP/1.1" 200 0 "https://doccure-wp.dreamstechnologies.com/" "Mozilla/5.0 (Windows NT 10.0; Win64; x64) AppleWebKit/537.36 (KHTML, like Gecko) Chrome/91.0.4472.124 Safari/537.36"
103.186.31.45 - - [23/Feb/2026:17:11:30 +0000] "POST /wp-login.php HTTP/1.1" 200 2430 "https://www.google.com/" "Mozilla/5.0 (Windows NT 10.0; Win64; x64) AppleWebKit/537.36 (KHTML, like Gecko) Chrome/91.0.4472.124 Safari/537.36"
103.186.31.45 - - [23/Feb/2026:17:11:32 +0000] "POST /wp-login.php HTTP/1.1" 200 2594 "https://doccure-wp.dreamstechnologies.com/wp-admin/" "Mozilla/5.0 (Windows NT 10.0; Win64; x64) AppleWebKit/537.36 (KHTML, like Gecko) Chrome/90.0.4430.85 Safari/537.36"
202.88.157.200 - - [23/Feb/2026:17:11:33 +0000] "GET /wp-content/uploads/2025/01/video-1.svg HTTP/1.1" 304 0 "https://darkslategrey-mole-966668.hostingersite.com/" "Mozilla/5.0 (Linux; Android 10; K) AppleWebKit/537.36 (KHTML, like Gecko) Chrome/144.0.0.0 Mobile Safari/537.36"
202.88.157.200 - - [23/Feb/2026:17:11:33 +0000] "GET /wp-content/uploads/2025/01/banner-patient-1-1.jpg HTTP/1.1" 304 0 "https://darkslategrey-mole-966668.hostingersite.com/" "Mozilla/5.0 (Linux; Android 10; K) AppleWebKit/537.36 (KHTML, like Gecko) Chrome/144.0.0.0 Mobile Safari/537.36"
103.186.31.45 - - [23/Feb/2026:17:11:33 +0000] "GET /wp-admin/ HTTP/1.1" 302 11 "https://www.google.com/" "Mozilla/5.0 (Windows NT 10.0; Win64; x64) AppleWebKit/537.36 (KHTML, like Gecko) Chrome/91.0.4472.124 Safari/537.36"
202.88.157.200 - - [23/Feb/2026:17:11:33 +0000] "GET /wp-content/uploads/2025/01/list-icon-03-1.svg HTTP/1.1" 304 0 "https://darkslategrey-mole-966668.hostingersite.com/" "Mozilla/5.0 (Linux; Android 10; K) AppleWebKit/537.36 (KHTML, like Gecko) Chrome/144.0.0.0 Mobile Safari/537.36"
202.88.157.200 - - [23/Feb/2026:17:11:33 +0000] "GET /wp-content/uploads/2025/01/list-icon-05-1.svg HTTP/1.1" 304 0 "https://darkslategrey-mole-966668.hostingersite.com/" "Mozilla/5.0 (Linux; Android 10; K) AppleWebKit/537.36 (KHTML, like Gecko) Chrome/144.0.0.0 Mobile Safari/537.36"
103.186.31.45 - - [23/Feb/2026:17:11:34 +0000] "GET /wp-login.php?redirect_to=https%3A%2F%2Fdoccure-wp.dreamstechnologies.com%2Fwp-admin%2F&reauth=1 HTTP/1.1" 200 2438 "https://www.google.com/" "Mozilla/5.0 (Windows NT 10.0; Win64; x64) AppleWebKit/537.36 (KHTML, like Gecko) Chrome/91.0.4472.124 Safari/537.36"
103.186.31.45 - - [23/Feb/2026:17:11:36 +0000] "POST /xmlrpc.php HTTP/1.1" 200 426 "https://www.google.com/" "Mozilla/5.0 (Windows NT 10.0; Win64; x64) AppleWebKit/537.36 (KHTML, like Gecko) Chrome/91.0.4472.124 Safari/537.36"
103.186.31.45 - - [23/Feb/2026:17:11:37 +0000] "GET /administrator/index.php HTTP/1.1" 404 196 "https://www.google.com/" "Mozilla/5.0 (Windows NT 10.0; Win64; x64) AppleWebKit/537.36 (KHTML, like Gecko) Chrome/91.0.4472.124 Safari/537.36"
172.187.168.139 - - [23/Feb/2026:17:13:06 +0000] "POST /wp-cron.php?doing_wp_cron=1771866786.4491810798645019531250 HTTP/1.1" 200 31 "-" "WordPress/6.9.1; https://doccure-wp.dreamstechnologies.com"
157.51.79.210 - - [23/Feb/2026:17:13:06 +0000] "GET / HTTP/1.1" 200 29871 "https://doccure-wp.dreamstechnologies.com/login" "Mozilla/5.0 (Windows NT 10.0; Win64; x64) AppleWebKit/537.36 (KHTML, like Gecko) Chrome/145.0.0.0 Safari/537.36"
172.187.168.139 - - [23/Feb/2026:17:13:39 +0000] "POST /wp-cron.php?doing_wp_cron=1771866819.1318080425262451171875 HTTP/1.1" 200 31 "-" "WordPress/6.9.1; https://doccure-wp.dreamstechnologies.com"
157.51.79.210 - - [23/Feb/2026:17:13:39 +0000] "GET /wp-content/uploads/2026/02/user-08-1.jpg HTTP/1.1" 404 17253 "https://doccure-wp.dreamstechnologies.com/" "Mozilla/5.0 (Windows NT 10.0; Win64; x64) AppleWebKit/537.36 (KHTML, like Gecko) Chrome/145.0.0.0 Safari/537.36"
157.51.79.210 - - [23/Feb/2026:17:13:40 +0000] "GET /wp-content/uploads/2021/10/favicon.png HTTP/1.1" 200 489 "https://doccure-wp.dreamstechnologies.com/" "Mozilla/5.0 (Windows NT 10.0; Win64; x64) AppleWebKit/537.36 (KHTML, like Gecko) Chrome/145.0.0.0 Safari/537.36"
157.51.79.210 - - [23/Feb/2026:17:13:41 +0000] "GET /wp-json/contact-form-7/v1/contact-forms/5785/feedback/schema HTTP/1.1" 200 343 "https://doccure-wp.dreamstechnologies.com/" "Mozilla/5.0 (Windows NT 10.0; Win64; x64) AppleWebKit/537.36 (KHTML, like Gecko) Chrome/145.0.0.0 Safari/537.36"
157.51.79.210 - - [23/Feb/2026:17:14:13 +0000] "GET /wp-content/uploads/2026/02/user-08-1.jpg HTTP/1.1" 404 17269 "https://doccure-wp.dreamstechnologies.com/" "Mozilla/5.0 (Windows NT 10.0; Win64; x64) AppleWebKit/537.36 (KHTML, like Gecko) Chrome/145.0.0.0 Safari/537.36"
172.187.168.139 - - [23/Feb/2026:17:15:56 +0000] "POST /wp-cron.php?doing_wp_cron=1771866956.3995358943939208984375 HTTP/1.1" 200 31 "-" "WordPress/6.9.1; https://doccure-wp.dreamstechnologies.com"
103.186.31.45 - - [23/Feb/2026:17:15:56 +0000] "HEAD / HTTP/1.1" 200 0 "https://doccure-wp.dreamstechnologies.com/" "Mozilla/5.0 (Windows NT 10.0; Win64; x64) AppleWebKit/537.36 (KHTML, like Gecko) Chrome/91.0.4472.124 Safari/537.36"
103.186.31.45 - - [23/Feb/2026:17:15:58 +0000] "HEAD / HTTP/1.1" 200 0 "https://doccure-wp.dreamstechnologies.com/" "Mozilla/5.0 (Windows NT 10.0; Win64; x64) AppleWebKit/537.36 (KHTML, like Gecko) Chrome/91.0.4472.124 Safari/537.36"
103.186.31.45 - - [23/Feb/2026:17:16:01 +0000] "POST /wp-login.php HTTP/1.1" 200 2430 "https://www.google.com/" "Mozilla/5.0 (Windows NT 10.0; Win64; x64) AppleWebKit/537.36 (KHTML, like Gecko) Chrome/91.0.4472.124 Safari/537.36"
103.186.31.45 - - [23/Feb/2026:17:16:04 +0000] "POST /wp-login.php HTTP/1.1" 200 2594 "https://doccure-wp.dreamstechnologies.com/wp-admin/" "Mozilla/5.0 (Windows NT 10.0; Win64; x64) AppleWebKit/537.36 (KHTML, like Gecko) Chrome/90.0.4430.85 Safari/537.36"
103.186.31.45 - - [23/Feb/2026:17:16:05 +0000] "GET /wp-admin/ HTTP/1.1" 302 11 "https://www.google.com/" "Mozilla/5.0 (Windows NT 10.0; Win64; x64) AppleWebKit/537.36 (KHTML, like Gecko) Chrome/91.0.4472.124 Safari/537.36"
103.186.31.45 - - [23/Feb/2026:17:16:06 +0000] "GET /wp-login.php?redirect_to=https%3A%2F%2Fdoccure-wp.dreamstechnologies.com%2Fwp-admin%2F&reauth=1 HTTP/1.1" 200 2438 "https://www.google.com/" "Mozilla/5.0 (Windows NT 10.0; Win64; x64) AppleWebKit/537.36 (KHTML, like Gecko) Chrome/91.0.4472.124 Safari/537.36"
103.186.31.45 - - [23/Feb/2026:17:16:08 +0000] "POST /xmlrpc.php HTTP/1.1" 200 426 "https://www.google.com/" "Mozilla/5.0 (Windows NT 10.0; Win64; x64) AppleWebKit/537.36 (KHTML, like Gecko) Chrome/91.0.4472.124 Safari/537.36"
103.186.31.45 - - [23/Feb/2026:17:16:08 +0000] "GET /administrator/index.php HTTP/1.1" 404 196 "https://www.google.com/" "Mozilla/5.0 (Windows NT 10.0; Win64; x64) AppleWebKit/537.36 (KHTML, like Gecko) Chrome/91.0.4472.124 Safari/537.36"
172.187.168.139 - - [23/Feb/2026:17:17:43 +0000] "POST /wp-cron.php?doing_wp_cron=1771867063.4940519332885742187500 HTTP/1.1" 200 31 "-" "WordPress/6.9.1; https://doccure-wp.dreamstechnologies.com"
50.17.185.102 - - [23/Feb/2026:17:17:43 +0000] "GET / HTTP/1.1" 200 29871 "-" "FreshpingBot/1.0 (+https://freshping.io/)"
172.187.168.139 - - [23/Feb/2026:17:19:05 +0000] "POST /wp-cron.php?doing_wp_cron=1771867145.6457369327545166015625 HTTP/1.1" 200 31 "-" "WordPress/6.9.1; https://doccure-wp.dreamstechnologies.com"
2a06:c701:7058:4900:25d1:1912:17d2:cc88 - - [23/Feb/2026:17:19:05 +0000] "GET /wp-content/plugins/wpvivid-backuprestore/readme.txt HTTP/1.1" 404 17281 "-" "WPvivid-Defensive-Checker/fast"
2a06:c701:7058:4900:25d1:1912:17d2:cc88 - - [23/Feb/2026:17:19:07 +0000] "GET /wp-content/plugins/wpvivid-backuprestore/README.txt HTTP/1.1" 404 17263 "-" "WPvivid-Defensive-Checker/fast"
2a06:c701:7058:4900:25d1:1912:17d2:cc88 - - [23/Feb/2026:17:19:08 +0000] "GET /wp-content/plugins/wpvivid-backuprestore/wpvivid-backuprestore.php HTTP/1.1" 404 134 "-" "WPvivid-Defensive-Checker/fast"
172.187.168.139 - - [23/Feb/2026:17:19:17 +0000] "POST /wp-cron.php?doing_wp_cron=1771867157.7761180400848388671875 HTTP/1.1" 200 31 "-" "WordPress/6.9.1; https://doccure-wp.dreamstechnologies.com"
103.186.31.45 - - [23/Feb/2026:17:19:17 +0000] "HEAD / HTTP/1.1" 200 0 "https://doccure-wp.dreamstechnologies.com/" "Mozilla/5.0 (Windows NT 10.0; Win64; x64) AppleWebKit/537.36 (KHTML, like Gecko) Chrome/91.0.4472.124 Safari/537.36"
103.186.31.45 - - [23/Feb/2026:17:19:19 +0000] "HEAD / HTTP/1.1" 200 0 "https://doccure-wp.dreamstechnologies.com/" "Mozilla/5.0 (Windows NT 10.0; Win64; x64) AppleWebKit/537.36 (KHTML, like Gecko) Chrome/91.0.4472.124 Safari/537.36"
103.186.31.45 - - [23/Feb/2026:17:19:21 +0000] "POST /wp-login.php HTTP/1.1" 200 2430 "https://www.google.com/" "Mozilla/5.0 (Windows NT 10.0; Win64; x64) AppleWebKit/537.36 (KHTML, like Gecko) Chrome/91.0.4472.124 Safari/537.36"
103.186.31.45 - - [23/Feb/2026:17:19:23 +0000] "POST /wp-login.php HTTP/1.1" 302 11 "https://doccure-wp.dreamstechnologies.com/wp-admin/" "Mozilla/5.0 (Windows NT 10.0; Win64; x64) AppleWebKit/537.36 (KHTML, like Gecko) Chrome/90.0.4430.85 Safari/537.36"
103.186.31.45 - - [23/Feb/2026:17:19:25 +0000] "GET /wp-admin/ HTTP/1.1" 200 97673 "https://doccure-wp.dreamstechnologies.com/wp-admin/" "Mozilla/5.0 (Windows NT 10.0; Win64; x64) AppleWebKit/537.36 (KHTML, like Gecko) Chrome/90.0.4430.85 Safari/537.36"
103.186.31.45 - - [23/Feb/2026:17:19:27 +0000] "GET /wp-admin/ HTTP/1.1" 200 97693 "https://www.google.com/" "Mozilla/5.0 (Windows NT 10.0; Win64; x64) AppleWebKit/537.36 (KHTML, like Gecko) Chrome/91.0.4472.124 Safari/537.36"
103.186.31.45 - - [23/Feb/2026:17:19:29 +0000] "GET /wp-admin/plugin-install.php?tab=upload HTTP/1.1" 200 83821 "https://www.google.com/" "Mozilla/5.0 (Windows NT 10.0; Win64; x64) AppleWebKit/537.36 (KHTML, like Gecko) Chrome/91.0.4472.124 Safari/537.36"
103.186.31.45 - - [23/Feb/2026:17:19:32 +0000] "POST /wp-admin/update.php?action=upload-plugin HTTP/1.1" 500 2549 "https://doccure-wp.dreamstechnologies.com/wp-admin/plugin-install.php" "Mozilla/5.0 (Windows NT 10.0; Win64; x64) AppleWebKit/537.36 (KHTML, like Gecko) Chrome/132.0.0.0 Safari/537.36"
103.186.31.45 - - [23/Feb/2026:17:19:33 +0000] "GET /wp-content/plugins/cyyvv/index.php HTTP/1.1" 404 134 "-" "python-requests/2.32.3"
103.186.31.45 - - [23/Feb/2026:17:19:35 +0000] "GET /wp-admin/ HTTP/1.1" 200 97631 "-" "Mozilla/5.0 (Windows NT 10.0; Win64; x64) AppleWebKit/537.36 (KHTML, like Gecko) Chrome/133.0.0.0 Safari/537.36"
103.186.31.45 - - [23/Feb/2026:17:19:39 +0000] "POST /wp-admin/admin-ajax.php HTTP/1.1" 200 190 "-" "Mozilla/5.0 (Windows NT 10.0; Win64; x64) AppleWebKit/537.36 (KHTML, like Gecko) Chrome/133.0.0.0 Safari/537.36"
103.186.31.45 - - [23/Feb/2026:17:19:41 +0000] "POST /wp-admin/admin-ajax.php HTTP/1.1" 200 193 "-" "Mozilla/5.0 (Windows NT 10.0; Win64; x64) AppleWebKit/537.36 (KHTML, like Gecko) Chrome/133.0.0.0 Safari/537.36"
103.186.31.45 - - [23/Feb/2026:17:19:42 +0000] "GET /wp-admin/plugins.php HTTP/1.1" 200 109268 "-" "Mozilla/5.0 (Windows NT 10.0; Win64; x64) AppleWebKit/537.36 (KHTML, like Gecko) Chrome/133.0.0.0 Safari/537.36"
103.186.31.45 - - [23/Feb/2026:17:19:45 +0000] "GET /wp-admin/admin.php?page=wp_file_manager HTTP/1.1" 200 84472 "https://www.google.com/" "Mozilla/5.0 (Windows NT 10.0; Win64; x64) AppleWebKit/537.36 (KHTML, like Gecko) Chrome/91.0.4472.124 Safari/537.36"
172.187.168.139 - - [23/Feb/2026:17:19:47 +0000] "POST /wp-cron.php?doing_wp_cron=1771867187.3030869960784912109375 HTTP/1.1" 200 31 "-" "WordPress/6.9.1; https://doccure-wp.dreamstechnologies.com"
103.186.31.45 - - [23/Feb/2026:17:19:47 +0000] "POST /wp-admin/admin-ajax.php HTTP/1.1" 200 75 "https://doccure-wp.dreamstechnologies.com/wp-admin/admin.php?ssd" "Mozilla/5.0 (Windows NT 10.0; Win64; x64) AppleWebKit/537.36 (KHTML, like Gecko) Chrome/133.0.0.0 Safari/537.36"
103.186.31.45 - - [23/Feb/2026:17:19:48 +0000] "GET /lcpsp.php HTTP/1.1" 404 196 "https://www.google.com/" "Mozilla/5.0 (Windows NT 10.0; Win64; x64) AppleWebKit/537.36 (KHTML, like Gecko) Chrome/91.0.4472.124 Safari/537.36"
103.186.31.45 - - [23/Feb/2026:17:19:49 +0000] "GET /wp-admin/theme-install.php?tab=upload HTTP/1.1" 200 87212 "https://www.google.com/" "Mozilla/5.0 (Windows NT 10.0; Win64; x64) AppleWebKit/537.36 (KHTML, like Gecko) Chrome/91.0.4472.124 Safari/537.36"
103.186.31.45 - - [23/Feb/2026:17:19:51 +0000] "POST /wp-admin/update.php?action=upload-theme HTTP/1.1" 500 2549 "https://doccure-wp.dreamstechnologies.com/wp-admin/theme-install.php" "Mozilla/5.0 (Windows NT 10.0; Win64; x64) AppleWebKit/537.36 (KHTML, like Gecko) Chrome/132.0.0.0 Safari/537.36"
103.186.31.45 - - [23/Feb/2026:17:19:52 +0000] "GET /wp-content/themes/vngta/index.php HTTP/1.1" 404 196 "https://www.google.com/" "Mozilla/5.0 (Windows NT 10.0; Win64; x64) AppleWebKit/537.36 (KHTML, like Gecko) Chrome/91.0.4472.124 Safari/537.36"
103.186.31.45 - - [23/Feb/2026:17:19:54 +0000] "GET /wp-admin/ HTTP/1.1" 200 97628 "-" "Mozilla/5.0 (Windows NT 10.0; Win64; x64) AppleWebKit/537.36 (KHTML, like Gecko) Chrome/133.0.0.0 Safari/537.36"
103.186.31.45 - - [23/Feb/2026:17:19:56 +0000] "GET /wp-admin/plugin-editor.php?plugin=wp-file-manager%2Ffile_folder_manager.php&Submit=Select HTTP/1.1" 200 120030 "-" "Mozilla/5.0 (Windows NT 10.0; Win64; x64) AppleWebKit/537.36 (KHTML, like Gecko) Chrome/133.0.0.0 Safari/537.36"
172.187.168.139 - - [23/Feb/2026:17:19:58 +0000] "GET /wp-admin/plugin-editor.php?plugin=wp-file-manager%2Ffile_folder_manager.php&file=wp-file-manager%2Ffile_folder_manager.php&wp_scrape_key=c70e6c8b511c49798e5de273530da273&wp_scrape_nonce=1534284545 HTTP/1.1" 200 8024 "-" "WordPress/6.9.1; https://doccure-wp.dreamstechnologies.com"
172.187.168.139 - - [23/Feb/2026:17:19:59 +0000] "GET /?wp_scrape_key=c70e6c8b511c49798e5de273530da273&wp_scrape_nonce=1534284545 HTTP/1.1" 200 4692 "-" "WordPress/6.9.1; https://doccure-wp.dreamstechnologies.com"
103.186.31.45 - - [23/Feb/2026:17:19:59 +0000] "POST /wp-admin/admin-ajax.php HTTP/1.1" 200 75 "-" "Mozilla/5.0 (Windows NT 10.0; Win64; x64) AppleWebKit/537.36 (KHTML, like Gecko) Chrome/133.0.0.0 Safari/537.36"
103.186.31.45 - - [23/Feb/2026:17:20:00 +0000] "GET /wp-content/plugins/wp-file-manager/file_folder_manager.php HTTP/1.1" 200 3892 "https://www.google.com/" "Mozilla/5.0 (Windows NT 10.0; Win64; x64) AppleWebKit/537.36 (KHTML, like Gecko) Chrome/91.0.4472.124 Safari/537.36"
50.17.185.102 - - [23/Feb/2026:17:21:21 +0000] "GET / HTTP/1.1" 200 4632 "-" "FreshpingBot/1.0 (+https://freshping.io/)"
2001:8f8:1f26:1ae7:1896:ee4b:f223:7c4c - - [23/Feb/2026:17:24:38 +0000] "GET /wp-content/uploads/2025/01/home-banner-bg-1.png HTTP/1.1" 304 0 "https://citicare.ae/" "Mozilla/5.0 (Linux; Android 10; K) AppleWebKit/537.36 (KHTML, like Gecko) Chrome/145.0.0.0 Mobile Safari/537.36"
2001:8f8:1f26:1ae7:1896:ee4b:f223:7c4c - - [23/Feb/2026:17:24:40 +0000] "GET /wp-content/uploads/2025/01/banner-user1-1.jpg HTTP/1.1" 304 0 "https://citicare.ae/" "Mozilla/5.0 (Linux; Android 10; K) AppleWebKit/537.36 (KHTML, like Gecko) Chrome/145.0.0.0 Mobile Safari/537.36"
2001:8f8:1f26:1ae7:1896:ee4b:f223:7c4c - - [23/Feb/2026:17:24:40 +0000] "GET /wp-content/uploads/2025/01/banner-user3-1.jpg HTTP/1.1" 304 0 "https://citicare.ae/" "Mozilla/5.0 (Linux; Android 10; K) AppleWebKit/537.36 (KHTML, like Gecko) Chrome/145.0.0.0 Mobile Safari/537.36"
2001:8f8:1f26:1ae7:1896:ee4b:f223:7c4c - - [23/Feb/2026:17:24:40 +0000] "GET /wp-content/uploads/2025/01/banner-icon-3-1.png HTTP/1.1" 304 0 "https://citicare.ae/" "Mozilla/5.0 (Linux; Android 10; K) AppleWebKit/537.36 (KHTML, like Gecko) Chrome/145.0.0.0 Mobile Safari/537.36"
2001:8f8:1f26:1ae7:1896:ee4b:f223:7c4c - - [23/Feb/2026:17:24:40 +0000] "GET /wp-content/uploads/2025/01/list-icon-05-1.svg HTTP/1.1" 304 0 "https://citicare.ae/" "Mozilla/5.0 (Linux; Android 10; K) AppleWebKit/537.36 (KHTML, like Gecko) Chrome/145.0.0.0 Mobile Safari/537.36"
2001:8f8:1f26:1ae7:1896:ee4b:f223:7c4c - - [23/Feb/2026:17:24:40 +0000] "GET /wp-content/uploads/2025/01/banner-icon-4-1.png HTTP/1.1" 304 0 "https://citicare.ae/" "Mozilla/5.0 (Linux; Android 10; K) AppleWebKit/537.36 (KHTML, like Gecko) Chrome/145.0.0.0 Mobile Safari/537.36"
2001:8f8:1f26:1ae7:1896:ee4b:f223:7c4c - - [23/Feb/2026:17:24:40 +0000] "GET /wp-content/uploads/2025/01/speciality-icon-05-1.svg HTTP/1.1" 304 0 "https://citicare.ae/" "Mozilla/5.0 (Linux; Android 10; K) AppleWebKit/537.36 (KHTML, like Gecko) Chrome/145.0.0.0 Mobile Safari/537.36"
2001:8f8:1f26:1ae7:1896:ee4b:f223:7c4c - - [23/Feb/2026:17:24:40 +0000] "GET /wp-content/uploads/2025/01/banner-icon-2-1.png HTTP/1.1" 304 0 "https://citicare.ae/" "Mozilla/5.0 (Linux; Android 10; K) AppleWebKit/537.36 (KHTML, like Gecko) Chrome/145.0.0.0 Mobile Safari/537.36"
2001:8f8:1f26:1ae7:1896:ee4b:f223:7c4c - - [23/Feb/2026:17:24:40 +0000] "GET /wp-content/uploads/2025/01/list-icon-06-1.svg HTTP/1.1" 304 0 "https://citicare.ae/" "Mozilla/5.0 (Linux; Android 10; K) AppleWebKit/537.36 (KHTML, like Gecko) Chrome/145.0.0.0 Mobile Safari/537.36"
2001:8f8:1f26:1ae7:1896:ee4b:f223:7c4c - - [23/Feb/2026:17:24:40 +0000] "GET /wp-content/uploads/2025/01/speciality-07-1.jpg HTTP/1.1" 304 0 "https://citicare.ae/" "Mozilla/5.0 (Linux; Android 10; K) AppleWebKit/537.36 (KHTML, like Gecko) Chrome/145.0.0.0 Mobile Safari/537.36"
2001:8f8:1f26:1ae7:1896:ee4b:f223:7c4c - - [23/Feb/2026:17:24:40 +0000] "GET /wp-content/uploads/2025/01/banner-patient-3-1.jpg HTTP/1.1" 304 0 "https://citicare.ae/" "Mozilla/5.0 (Linux; Android 10; K) AppleWebKit/537.36 (KHTML, like Gecko) Chrome/145.0.0.0 Mobile Safari/537.36"
2001:8f8:1f26:1ae7:1896:ee4b:f223:7c4c - - [23/Feb/2026:17:24:40 +0000] "GET /wp-content/uploads/2025/01/banner-user2-1.jpg HTTP/1.1" 304 0 "https://citicare.ae/" "Mozilla/5.0 (Linux; Android 10; K) AppleWebKit/537.36 (KHTML, like Gecko) Chrome/145.0.0.0 Mobile Safari/537.36"
2001:8f8:1f26:1ae7:1896:ee4b:f223:7c4c - - [23/Feb/2026:17:24:40 +0000] "GET /wp-content/uploads/2025/01/banner-patient-2-1.jpg HTTP/1.1" 304 0 "https://citicare.ae/" "Mozilla/5.0 (Linux; Android 10; K) AppleWebKit/537.36 (KHTML, like Gecko) Chrome/145.0.0.0 Mobile Safari/537.36"
2001:8f8:1f26:1ae7:1896:ee4b:f223:7c4c - - [23/Feb/2026:17:24:40 +0000] "GET /wp-content/uploads/2025/01/speciality-05-1.jpg HTTP/1.1" 304 0 "https://citicare.ae/" "Mozilla/5.0 (Linux; Android 10; K) AppleWebKit/537.36 (KHTML, like Gecko) Chrome/145.0.0.0 Mobile Safari/537.36"
2001:8f8:1f26:1ae7:1896:ee4b:f223:7c4c - - [23/Feb/2026:17:24:40 +0000] "GET /wp-content/uploads/2025/01/banner-icon-1-1.png HTTP/1.1" 304 0 "https://citicare.ae/" "Mozilla/5.0 (Linux; Android 10; K) AppleWebKit/537.36 (KHTML, like Gecko) Chrome/145.0.0.0 Mobile Safari/537.36"
2001:8f8:1f26:1ae7:1896:ee4b:f223:7c4c - - [23/Feb/2026:17:24:40 +0000] "GET /wp-content/uploads/2025/01/speciality-icon-08-1.svg HTTP/1.1" 304 0 "https://citicare.ae/" "Mozilla/5.0 (Linux; Android 10; K) AppleWebKit/537.36 (KHTML, like Gecko) Chrome/145.0.0.0 Mobile Safari/537.36"
2001:8f8:1f26:1ae7:1896:ee4b:f223:7c4c - - [23/Feb/2026:17:24:40 +0000] "GET /wp-content/uploads/2025/01/banner-icon-5-1.svg HTTP/1.1" 304 0 "https://citicare.ae/" "Mozilla/5.0 (Linux; Android 10; K) AppleWebKit/537.36 (KHTML, like Gecko) Chrome/145.0.0.0 Mobile Safari/537.36"
2001:8f8:1f26:1ae7:1896:ee4b:f223:7c4c - - [23/Feb/2026:17:24:40 +0000] "GET /wp-content/uploads/2025/01/banner-patient-1-1.jpg HTTP/1.1" 304 0 "https://citicare.ae/" "Mozilla/5.0 (Linux; Android 10; K) AppleWebKit/537.36 (KHTML, like Gecko) Chrome/145.0.0.0 Mobile Safari/537.36"
2001:8f8:1f26:1ae7:1896:ee4b:f223:7c4c - - [23/Feb/2026:17:24:40 +0000] "GET /wp-content/uploads/2025/01/list-icon-07-1.svg HTTP/1.1" 200 748 "https://citicare.ae/" "Mozilla/5.0 (Linux; Android 10; K) AppleWebKit/537.36 (KHTML, like Gecko) Chrome/145.0.0.0 Mobile Safari/537.36"
