111.118.241.170 - - [23/Feb/2026:09:47:42 +0000] "GET /wp-content/uploads/2025/01/book-02-1.jpg HTTP/1.1" 200 225804 "https://darkslategrey-mole-966668.hostingersite.com/" "Mozilla/5.0 (X11; Linux x86_64) AppleWebKit/537.36 (KHTML, like Gecko) Chrome/142.0.0.0 Safari/537.36"
111.118.241.170 - - [23/Feb/2026:09:47:42 +0000] "GET /wp-content/uploads/2025/01/book-03-1.jpg HTTP/1.1" 200 229390 "https://darkslategrey-mole-966668.hostingersite.com/" "Mozilla/5.0 (X11; Linux x86_64) AppleWebKit/537.36 (KHTML, like Gecko) Chrome/142.0.0.0 Safari/537.36"
111.118.241.170 - - [23/Feb/2026:09:47:43 +0000] "GET /wp-content/uploads/2025/01/company-01-1.svg HTTP/1.1" 200 5600 "https://darkslategrey-mole-966668.hostingersite.com/" "Mozilla/5.0 (X11; Linux x86_64) AppleWebKit/537.36 (KHTML, like Gecko) Chrome/142.0.0.0 Safari/537.36"
111.118.241.170 - - [23/Feb/2026:09:47:43 +0000] "GET /wp-content/uploads/2025/01/company-07-1.svg HTTP/1.1" 200 6375 "https://darkslategrey-mole-966668.hostingersite.com/" "Mozilla/5.0 (X11; Linux x86_64) AppleWebKit/537.36 (KHTML, like Gecko) Chrome/142.0.0.0 Safari/537.36"
172.187.168.139 - - [23/Feb/2026:09:48:57 +0000] "POST /wp-cron.php?doing_wp_cron=1771840137.2674620151519775390625 HTTP/1.1" 200 31 "-" "WordPress/6.9.1; https://doccure-wp.dreamstechnologies.com"
2a03:2880:f800:2:: - - [23/Feb/2026:09:48:57 +0000] "GET /mykhailo-zborovskyi-jeks-beneficiar-cosmobet/ HTTP/1.1" 404 17201 "-" "meta-externalagent/1.1 (+https://developers.facebook.com/docs/sharing/webmasters/crawler)"
172.187.168.139 - - [23/Feb/2026:09:50:20 +0000] "POST /wp-cron.php?doing_wp_cron=1771840220.1209108829498291015625 HTTP/1.1" 200 31 "-" "WordPress/6.9.1; https://doccure-wp.dreamstechnologies.com"
2a03:2880:f800:1c:: - - [23/Feb/2026:09:50:20 +0000] "GET /wp-sitemap-taxonomies-vital_signs-1.xml HTTP/1.1" 200 493 "-" "meta-externalagent/1.1 (+https://developers.facebook.com/docs/sharing/webmasters/crawler)"
94.130.200.121 - - [23/Feb/2026:09:50:44 +0000] "POST /xmlrpc.php HTTP/1.1" 405 428 "-" "Mozilla/5.0 (Windows NT 10.0; Win64; x64) AppleWebKit/537.36 (KHTML, like Gecko) Chrome/79.0.3945.130 Safari/537.36"
94.130.200.121 - - [23/Feb/2026:09:50:45 +0000] "POST /xmlrpc.php HTTP/1.1" 405 428 "-" "Mozilla/5.0 (Windows NT 10.0; Win64; x64) AppleWebKit/537.36 (KHTML, like Gecko) Chrome/79.0.3945.130 Safari/537.36"
94.130.200.121 - - [23/Feb/2026:09:50:47 +0000] "POST /xmlrpc.php HTTP/1.1" 405 428 "-" "Mozilla/5.0 (Windows NT 10.0; Win64; x64) AppleWebKit/537.36 (KHTML, like Gecko) Chrome/79.0.3945.130 Safari/537.36"
94.130.200.121 - - [23/Feb/2026:09:50:49 +0000] "POST /xmlrpc.php HTTP/1.1" 405 428 "-" "Mozilla/5.0 (Windows NT 10.0; Win64; x64) AppleWebKit/537.36 (KHTML, like Gecko) Chrome/79.0.3945.130 Safari/537.36"
2a03:2880:f800:3c:: - - [23/Feb/2026:09:51:03 +0000] "GET /wp-sitemap-users-1.xml HTTP/1.1" 200 1459 "-" "meta-externalagent/1.1 (+https://developers.facebook.com/docs/sharing/webmasters/crawler)"
172.187.168.139 - - [23/Feb/2026:09:51:24 +0000] "POST /wp-cron.php?doing_wp_cron=1771840284.0255389213562011718750 HTTP/1.1" 200 31 "-" "WordPress/6.9.1; https://doccure-wp.dreamstechnologies.com"
50.17.185.102 - - [23/Feb/2026:09:51:24 +0000] "GET / HTTP/1.1" 200 29870 "-" "FreshpingBot/1.0 (+https://freshping.io/)"
111.118.241.170 - - [23/Feb/2026:09:56:18 +0000] "GET /wp-content/uploads/2023/07/work-04.svg HTTP/1.1" 304 0 "https://darkslategrey-mole-966668.hostingersite.com/" "Mozilla/5.0 (X11; Linux x86_64) AppleWebKit/537.36 (KHTML, like Gecko) Chrome/142.0.0.0 Safari/537.36"
111.118.241.170 - - [23/Feb/2026:09:56:18 +0000] "GET /wp-content/uploads/2023/07/faq-img.png HTTP/1.1" 304 0 "https://darkslategrey-mole-966668.hostingersite.com/" "Mozilla/5.0 (X11; Linux x86_64) AppleWebKit/537.36 (KHTML, like Gecko) Chrome/142.0.0.0 Safari/537.36"
111.118.241.170 - - [23/Feb/2026:09:56:18 +0000] "GET /wp-content/uploads/2023/07/work-img.png HTTP/1.1" 304 0 "https://darkslategrey-mole-966668.hostingersite.com/" "Mozilla/5.0 (X11; Linux x86_64) AppleWebKit/537.36 (KHTML, like Gecko) Chrome/142.0.0.0 Safari/537.36"
111.118.241.170 - - [23/Feb/2026:09:56:18 +0000] "GET /wp-content/uploads/2023/07/work-01.svg HTTP/1.1" 304 0 "https://darkslategrey-mole-966668.hostingersite.com/" "Mozilla/5.0 (X11; Linux x86_64) AppleWebKit/537.36 (KHTML, like Gecko) Chrome/142.0.0.0 Safari/537.36"
111.118.241.170 - - [23/Feb/2026:09:56:18 +0000] "GET /wp-content/uploads/2024/06/partners-1.svg HTTP/1.1" 304 0 "https://darkslategrey-mole-966668.hostingersite.com/" "Mozilla/5.0 (X11; Linux x86_64) AppleWebKit/537.36 (KHTML, like Gecko) Chrome/142.0.0.0 Safari/537.36"
172.187.168.139 - - [23/Feb/2026:09:56:43 +0000] "POST /wp-cron.php?doing_wp_cron=1771840603.3477160930633544921875 HTTP/1.1" 200 31 "-" "WordPress/6.9.1; https://doccure-wp.dreamstechnologies.com"
50.17.185.102 - - [23/Feb/2026:09:56:43 +0000] "GET / HTTP/1.1" 200 29870 "-" "FreshpingBot/1.0 (+https://freshping.io/)"
172.187.168.139 - - [23/Feb/2026:10:01:28 +0000] "POST /wp-cron.php?doing_wp_cron=1771840888.4697868824005126953125 HTTP/1.1" 200 31 "-" "WordPress/6.9.1; https://doccure-wp.dreamstechnologies.com"
50.17.185.102 - - [23/Feb/2026:10:01:28 +0000] "GET / HTTP/1.1" 200 29870 "-" "FreshpingBot/1.0 (+https://freshping.io/)"
172.187.168.139 - - [23/Feb/2026:10:06:26 +0000] "POST /wp-cron.php?doing_wp_cron=1771841186.7166819572448730468750 HTTP/1.1" 200 31 "-" "WordPress/6.9.1; https://doccure-wp.dreamstechnologies.com"
14.191.185.47 - - [23/Feb/2026:10:06:26 +0000] "GET /services/icu/ HTTP/1.1" 200 23096 "-" "Mozilla/5.0 (Macintosh; Intel Mac OS X 10_15_3) AppleWebKit/537.36 (KHTML, like Gecko) Brave Chrome/84.0.4147.89 Safari/537.36"
2a02:842b:5ca:8101:70e1:deef:cf34:591a - - [23/Feb/2026:10:06:55 +0000] "GET /favicon.ico HTTP/1.1" 302 11 "-" "Mozilla/5.0 (Windows NT 10.0; Win64; x64) AppleWebKit/537.36 (KHTML, like Gecko) Chrome/144.0.0.0 Safari/537.36 AVG/144.0.0.0"
78.99.33.156 - - [23/Feb/2026:10:07:09 +0000] "GET /wp-content/uploads/2022/12/feature-06.jpg HTTP/1.1" 304 0 "https://www.neurosvit.sk/" "Mozilla/5.0 (iPhone; CPU iPhone OS 18_7 like Mac OS X) AppleWebKit/605.1.15 (KHTML, like Gecko) Version/26.3 Mobile/15E148 Safari/604.1"
78.99.33.156 - - [23/Feb/2026:10:07:09 +0000] "GET /wp-content/uploads/2021/10/doctor-1.jpg HTTP/1.1" 304 0 "https://www.neurosvit.sk/" "Mozilla/5.0 (iPhone; CPU iPhone OS 18_7 like Mac OS X) AppleWebKit/605.1.15 (KHTML, like Gecko) Version/26.3 Mobile/15E148 Safari/604.1"
2a02:842b:5ca:8101:70e1:deef:cf34:591a - - [23/Feb/2026:10:07:11 +0000] "GET /wp-content/uploads/2021/10/favicon.png HTTP/1.1" 200 489 "-" "Mozilla/5.0 (Windows NT 10.0; Win64; x64) AppleWebKit/537.36 (KHTML, like Gecko) Chrome/144.0.0.0 Safari/537.36 AVG/144.0.0.0"
2a02:842b:5ca:8101:70e1:deef:cf34:591a - - [23/Feb/2026:10:07:13 +0000] "GET /favicon.ico HTTP/1.1" 302 11 "-" "Mozilla/5.0 (Windows NT 10.0; Win64; x64) AppleWebKit/537.36 (KHTML, like Gecko) Chrome/144.0.0.0 Safari/537.36 AVG/144.0.0.0"
172.187.168.139 - - [23/Feb/2026:10:07:16 +0000] "POST /wp-cron.php?doing_wp_cron=1771841236.8791389465332031250000 HTTP/1.1" 200 31 "-" "WordPress/6.9.1; https://doccure-wp.dreamstechnologies.com"
14.240.213.171 - - [23/Feb/2026:10:07:16 +0000] "GET /wp-json/oembed/1.0/embed?url=https%3A%2F%2Fdoccure-wp.dreamstechnologies.com%2F HTTP/1.1" 200 2319 "-" "Mozilla/5.0 (Macintosh; Intel Mac OS X 11_0_1) AppleWebKit/537.36 (KHTML, like Gecko) Brave Chrome/87.0.4280.67 Safari/537.36"
52.42.49.200 - - [23/Feb/2026:10:07:39 +0000] "GET / HTTP/1.1" 200 29870 "-" "FreshpingBot/1.0 (+https://freshping.io/)"
113.172.166.255 - - [23/Feb/2026:10:08:12 +0000] "GET /2026/01/ HTTP/1.1" 404 17184 "-" "Mozilla/5.0 (Macintosh; Intel Mac OS X 11_1_0) AppleWebKit/537.36 (KHTML, like Gecko) Brave Chrome/88.0.4324.96 Safari/537.36"
66.249.70.134 - - [23/Feb/2026:10:09:15 +0000] "GET /wp-content/uploads/2025/01/company-02-1.svg HTTP/1.1" 200 3851 "https://sehatkaar.com/" "Mozilla/5.0 AppleWebKit/537.36 (KHTML, like Gecko; compatible; Googlebot/2.1; +http://www.google.com/bot.html) Chrome/144.0.7559.132 Safari/537.36"
172.187.168.139 - - [23/Feb/2026:10:09:59 +0000] "POST /wp-cron.php?doing_wp_cron=1771841399.1811230182647705078125 HTTP/1.1" 200 31 "-" "WordPress/6.9.1; https://doccure-wp.dreamstechnologies.com"
85.208.96.200 - - [23/Feb/2026:10:09:59 +0000] "GET /robots.txt HTTP/1.1" 200 427 "-" "Mozilla/5.0 (compatible; SemrushBot/7~bl; +http://www.semrush.com/bot.html)"
85.208.96.194 - - [23/Feb/2026:10:10:00 +0000] "GET /drostargos-200-mg-kur-ein-schlussel-zu-besserer-fitness-und-gesundheit/ HTTP/1.1" 404 17223 "-" "Mozilla/5.0 (compatible; SemrushBot/7~bl; +http://www.semrush.com/bot.html)"
2001:bc8:1f90:21:da5e:d3ff:fe6f:deb7 - - [23/Feb/2026:10:12:32 +0000] "GET /wp-content/uploads/2025/01/banner-bg-01-1.png HTTP/1.1" 304 0 "https://aasthamhrc.in/" "Mozilla/5.0 (X11; Linux x86_64) AppleWebKit/537.36 (KHTML, like Gecko) Chrome/134.0.0.0 Safari/537.3"
172.187.168.139 - - [23/Feb/2026:10:14:20 +0000] "POST /wp-cron.php?doing_wp_cron=1771841660.6994369029998779296875 HTTP/1.1" 200 31 "-" "WordPress/6.9.1; https://doccure-wp.dreamstechnologies.com"
47.128.54.156 - - [23/Feb/2026:10:14:20 +0000] "GET /elementor/faq/ HTTP/1.1" 301 11 "-" "Mozilla/5.0 (compatible; Bytespider; [email protected]) AppleWebKit/537.36 (KHTML, like Gecko) Chrome/70.0.0.0 Safari/537.36"
47.128.54.156 - - [23/Feb/2026:10:14:22 +0000] "GET /faq/ HTTP/1.1" 200 19863 "-" "Mozilla/5.0 (compatible; Bytespider; [email protected]) AppleWebKit/537.36 (KHTML, like Gecko) Chrome/70.0.0.0 Safari/537.36"
47.128.54.156 - - [23/Feb/2026:10:14:24 +0000] "GET /wp-content/plugins/elementor/assets/lib/eicons/css/elementor-icons.min.css?ver=5.47.0 HTTP/1.1" 200 21641 "https://doccure-wp.dreamstechnologies.com/faq/" "Mozilla/5.0 (compatible; Bytespider; [email protected]) AppleWebKit/537.36 (KHTML, like Gecko) Chrome/70.0.0.0 Safari/537.36"
47.128.54.156 - - [23/Feb/2026:10:14:24 +0000] "GET /wp-content/uploads/elementor/css/post-4916.css?ver=1771792474 HTTP/1.1" 200 1167 "https://doccure-wp.dreamstechnologies.com/faq/" "Mozilla/5.0 (compatible; Bytespider; [email protected]) AppleWebKit/537.36 (KHTML, like Gecko) Chrome/70.0.0.0 Safari/537.36"
47.128.54.156 - - [23/Feb/2026:10:14:24 +0000] "GET /wp-content/plugins/elementor/assets/css/frontend.min.css?ver=3.35.4 HTTP/1.1" 200 54666 "https://doccure-wp.dreamstechnologies.com/faq/" "Mozilla/5.0 (compatible; Bytespider; [email protected]) AppleWebKit/537.36 (KHTML, like Gecko) Chrome/70.0.0.0 Safari/537.36"
47.128.54.156 - - [23/Feb/2026:10:14:24 +0000] "GET /wp-content/uploads/elementor/google-fonts/css/roboto.css?ver=1745340360 HTTP/1.1" 200 107892 "https://doccure-wp.dreamstechnologies.com/faq/" "Mozilla/5.0 (compatible; Bytespider; [email protected]) AppleWebKit/537.36 (KHTML, like Gecko) Chrome/70.0.0.0 Safari/537.36"
47.128.54.156 - - [23/Feb/2026:10:14:24 +0000] "GET /wp-content/uploads/elementor/google-fonts/css/robotoslab.css?ver=1745340367 HTTP/1.1" 200 25137 "https://doccure-wp.dreamstechnologies.com/faq/" "Mozilla/5.0 (compatible; Bytespider; [email protected]) AppleWebKit/537.36 (KHTML, like Gecko) Chrome/70.0.0.0 Safari/537.36"
47.128.54.156 - - [23/Feb/2026:10:14:25 +0000] "GET /wp-content/plugins/elementor/assets/js/frontend.min.js?ver=3.35.4 HTTP/1.1" 200 31880 "https://doccure-wp.dreamstechnologies.com/faq/" "Mozilla/5.0 (compatible; Bytespider; [email protected]) AppleWebKit/537.36 (KHTML, like Gecko) Chrome/70.0.0.0 Safari/537.36"
47.128.54.156 - - [23/Feb/2026:10:14:25 +0000] "GET /wp-includes/js/jquery/ui/core.min.js?ver=1.13.3 HTTP/1.1" 200 21464 "https://doccure-wp.dreamstechnologies.com/faq/" "Mozilla/5.0 (compatible; Bytespider; [email protected]) AppleWebKit/537.36 (KHTML, like Gecko) Chrome/70.0.0.0 Safari/537.36"
47.128.54.156 - - [23/Feb/2026:10:14:25 +0000] "GET /wp-content/plugins/elementor/assets/js/frontend-modules.min.js?ver=3.35.4 HTTP/1.1" 200 50503 "https://doccure-wp.dreamstechnologies.com/faq/" "Mozilla/5.0 (compatible; Bytespider; [email protected]) AppleWebKit/537.36 (KHTML, like Gecko) Chrome/70.0.0.0 Safari/537.36"
47.128.54.156 - - [23/Feb/2026:10:14:25 +0000] "GET /wp-content/plugins/elementor/assets/js/webpack.runtime.min.js?ver=3.35.4 HTTP/1.1" 200 5677 "https://doccure-wp.dreamstechnologies.com/faq/" "Mozilla/5.0 (compatible; Bytespider; [email protected]) AppleWebKit/537.36 (KHTML, like Gecko) Chrome/70.0.0.0 Safari/537.36"
47.128.54.156 - - [23/Feb/2026:10:14:26 +0000] "GET /wp-content/themes/doccure/assets/js/owl.carousel.min.js?ver=1.5.3 HTTP/1.1" 200 44342 "https://doccure-wp.dreamstechnologies.com/faq/" "Mozilla/5.0 (compatible; Bytespider; [email protected]) AppleWebKit/537.36 (KHTML, like Gecko) Chrome/70.0.0.0 Safari/537.36"
47.128.54.156 - - [23/Feb/2026:10:14:26 +0000] "GET /wp-content/themes/doccure/assets/js/magnific-popup.js?ver=1.1.0 HTTP/1.1" 200 45448 "https://doccure-wp.dreamstechnologies.com/faq/" "Mozilla/5.0 (compatible; Bytespider; [email protected]) AppleWebKit/537.36 (KHTML, like Gecko) Chrome/70.0.0.0 Safari/537.36"
47.128.54.156 - - [23/Feb/2026:10:14:26 +0000] "GET /wp-content/themes/doccure/assets/js/bootstrap/bootstrap.bundle.min.js?ver=5.3.0 HTTP/1.1" 200 125699 "https://doccure-wp.dreamstechnologies.com/faq/" "Mozilla/5.0 (compatible; Bytespider; [email protected]) AppleWebKit/537.36 (KHTML, like Gecko) Chrome/70.0.0.0 Safari/537.36"
47.128.54.156 - - [23/Feb/2026:10:14:26 +0000] "GET /wp-includes/js/masonry.min.js?ver=4.2.2 HTTP/1.1" 200 24138 "https://doccure-wp.dreamstechnologies.com/faq/" "Mozilla/5.0 (compatible; Bytespider; [email protected]) AppleWebKit/537.36 (KHTML, like Gecko) Chrome/70.0.0.0 Safari/537.36"
47.128.54.156 - - [23/Feb/2026:10:14:26 +0000] "GET /wp-content/themes/doccure/assets/js/popper.min.js?ver=1.5.3 HTTP/1.1" 200 20121 "https://doccure-wp.dreamstechnologies.com/faq/" "Mozilla/5.0 (compatible; Bytespider; [email protected]) AppleWebKit/537.36 (KHTML, like Gecko) Chrome/70.0.0.0 Safari/537.36"
47.128.54.156 - - [23/Feb/2026:10:14:26 +0000] "GET /wp-includes/js/imagesloaded.min.js?ver=5.0.0 HTTP/1.1" 200 5520 "https://doccure-wp.dreamstechnologies.com/faq/" "Mozilla/5.0 (compatible; Bytespider; [email protected]) AppleWebKit/537.36 (KHTML, like Gecko) Chrome/70.0.0.0 Safari/537.36"
47.128.54.156 - - [23/Feb/2026:10:14:26 +0000] "GET /wp-content/plugins/contact-form-7/includes/js/index.js?ver=6.1.5 HTTP/1.1" 200 13452 "https://doccure-wp.dreamstechnologies.com/faq/" "Mozilla/5.0 (compatible; Bytespider; [email protected]) AppleWebKit/537.36 (KHTML, like Gecko) Chrome/70.0.0.0 Safari/537.36"
47.128.54.156 - - [23/Feb/2026:10:14:26 +0000] "GET /wp-content/plugins/doccure/assets/js/view-prescription-modal.js?ver=1.5.3 HTTP/1.1" 200 19906 "https://doccure-wp.dreamstechnologies.com/faq/" "Mozilla/5.0 (compatible; Bytespider; [email protected]) AppleWebKit/537.36 (KHTML, like Gecko) Chrome/70.0.0.0 Safari/537.36"
47.128.54.156 - - [23/Feb/2026:10:14:26 +0000] "GET /wp-content/plugins/contact-form-7/includes/swv/js/index.js?ver=6.1.5 HTTP/1.1" 200 12512 "https://doccure-wp.dreamstechnologies.com/faq/" "Mozilla/5.0 (compatible; Bytespider; [email protected]) AppleWebKit/537.36 (KHTML, like Gecko) Chrome/70.0.0.0 Safari/537.36"
47.128.54.156 - - [23/Feb/2026:10:14:26 +0000] "GET /wp-includes/js/dist/hooks.min.js?ver=dd5603f07f9220ed27f1 HTTP/1.1" 200 5661 "https://doccure-wp.dreamstechnologies.com/faq/" "Mozilla/5.0 (compatible; Bytespider; [email protected]) AppleWebKit/537.36 (KHTML, like Gecko) Chrome/70.0.0.0 Safari/537.36"
47.128.54.156 - - [23/Feb/2026:10:14:26 +0000] "GET /wp-content/plugins/woocommerce/assets/js/select2/select2.full.min.js?ver=4.0.3-wc.10.5.2 HTTP/1.1" 200 74620 "https://doccure-wp.dreamstechnologies.com/faq/" "Mozilla/5.0 (compatible; Bytespider; [email protected]) AppleWebKit/537.36 (KHTML, like Gecko) Chrome/70.0.0.0 Safari/537.36"
47.128.54.156 - - [23/Feb/2026:10:14:26 +0000] "GET /wp-includes/js/dist/i18n.min.js?ver=c26c3dc7bed366793375 HTTP/1.1" 200 5314 "https://doccure-wp.dreamstechnologies.com/faq/" "Mozilla/5.0 (compatible; Bytespider; [email protected]) AppleWebKit/537.36 (KHTML, like Gecko) Chrome/70.0.0.0 Safari/537.36"
47.128.54.156 - - [23/Feb/2026:10:14:26 +0000] "GET /wp-includes/js/jquery/jquery-migrate.min.js?ver=3.4.1 HTTP/1.1" 200 13577 "https://doccure-wp.dreamstechnologies.com/faq/" "Mozilla/5.0 (compatible; Bytespider; [email protected]) AppleWebKit/537.36 (KHTML, like Gecko) Chrome/70.0.0.0 Safari/537.36"
47.128.54.156 - - [23/Feb/2026:10:14:26 +0000] "GET /wp-includes/js/jquery/jquery.min.js?ver=3.7.1 HTTP/1.1" 200 87553 "https://doccure-wp.dreamstechnologies.com/faq/" "Mozilla/5.0 (compatible; Bytespider; [email protected]) AppleWebKit/537.36 (KHTML, like Gecko) Chrome/70.0.0.0 Safari/537.36"
47.128.54.156 - - [23/Feb/2026:10:14:26 +0000] "GET /wp-content/themes/doccure/assets/plugins/datatables/jquery.dataTables.min.js?ver=1.5.3 HTTP/1.1" 200 156621 "https://doccure-wp.dreamstechnologies.com/faq/" "Mozilla/5.0 (compatible; Bytespider; [email protected]) AppleWebKit/537.36 (KHTML, like Gecko) Chrome/70.0.0.0 Safari/537.36"
47.128.54.156 - - [23/Feb/2026:10:14:27 +0000] "GET /wp-content/plugins/elementor/assets/js/shared-frontend-handlers.03caa53373b56d3bab67.bundle.min.js HTTP/1.1" 200 8481 "https://doccure-wp.dreamstechnologies.com/faq/" "Mozilla/5.0 (compatible; Bytespider; [email protected]) AppleWebKit/537.36 (KHTML, like Gecko) Chrome/70.0.0.0 Safari/537.36"
47.128.54.156 - - [23/Feb/2026:10:14:27 +0000] "GET /wp-content/plugins/elementor/assets/js/section-frontend-handlers.d85ab872da118940910d.bundle.min.js HTTP/1.1" 200 449 "https://doccure-wp.dreamstechnologies.com/faq/" "Mozilla/5.0 (compatible; Bytespider; [email protected]) AppleWebKit/537.36 (KHTML, like Gecko) Chrome/70.0.0.0 Safari/537.36"
47.128.54.156 - - [23/Feb/2026:10:14:28 +0000] "GET /wp-json/contact-form-7/v1/contact-forms/5785/feedback/schema HTTP/1.1" 200 343 "https://doccure-wp.dreamstechnologies.com/faq/" "Mozilla/5.0 (compatible; Bytespider; [email protected]) AppleWebKit/537.36 (KHTML, like Gecko) Chrome/70.0.0.0 Safari/537.36"
172.187.168.139 - - [23/Feb/2026:10:16:22 +0000] "POST /wp-cron.php?doing_wp_cron=1771841782.4833641052246093750000 HTTP/1.1" 200 31 "-" "WordPress/6.9.1; https://doccure-wp.dreamstechnologies.com"
35.173.69.86 - - [23/Feb/2026:10:16:22 +0000] "GET / HTTP/1.1" 200 29870 "-" "FreshpingBot/1.0 (+https://freshping.io/)"
35.173.69.86 - - [23/Feb/2026:10:16:35 +0000] "GET / HTTP/1.1" 200 29870 "-" "FreshpingBot/1.0 (+https://freshping.io/)"
1.38.97.79 - - [23/Feb/2026:10:20:23 +0000] "GET /wp-content/uploads/2025/01/company-01-1.svg HTTP/1.1" 304 0 "https://www.stthomasheartcentre.com/" "Mozilla/5.0 (iPhone; CPU iPhone OS 18_6_2 like Mac OS X) AppleWebKit/605.1.15 (KHTML, like Gecko) Version/18.6 Mobile/15E148 Safari/604.1"
1.38.97.79 - - [23/Feb/2026:10:20:23 +0000] "GET /wp-content/uploads/2025/01/company-02-1.svg HTTP/1.1" 304 0 "https://www.stthomasheartcentre.com/" "Mozilla/5.0 (iPhone; CPU iPhone OS 18_6_2 like Mac OS X) AppleWebKit/605.1.15 (KHTML, like Gecko) Version/18.6 Mobile/15E148 Safari/604.1"
1.38.97.79 - - [23/Feb/2026:10:20:23 +0000] "GET /wp-content/uploads/2025/01/company-03-1.svg HTTP/1.1" 304 0 "https://www.stthomasheartcentre.com/" "Mozilla/5.0 (iPhone; CPU iPhone OS 18_6_2 like Mac OS X) AppleWebKit/605.1.15 (KHTML, like Gecko) Version/18.6 Mobile/15E148 Safari/604.1"
1.38.97.79 - - [23/Feb/2026:10:20:23 +0000] "GET /wp-content/uploads/2025/01/company-04-1.svg HTTP/1.1" 304 0 "https://www.stthomasheartcentre.com/" "Mozilla/5.0 (iPhone; CPU iPhone OS 18_6_2 like Mac OS X) AppleWebKit/605.1.15 (KHTML, like Gecko) Version/18.6 Mobile/15E148 Safari/604.1"
1.38.97.79 - - [23/Feb/2026:10:20:24 +0000] "GET /wp-content/uploads/2025/01/company-05-1.svg HTTP/1.1" 304 0 "https://www.stthomasheartcentre.com/" "Mozilla/5.0 (iPhone; CPU iPhone OS 18_6_2 like Mac OS X) AppleWebKit/605.1.15 (KHTML, like Gecko) Version/18.6 Mobile/15E148 Safari/604.1"
1.38.97.79 - - [23/Feb/2026:10:20:24 +0000] "GET /wp-content/uploads/2025/01/company-06-1.svg HTTP/1.1" 304 0 "https://www.stthomasheartcentre.com/" "Mozilla/5.0 (iPhone; CPU iPhone OS 18_6_2 like Mac OS X) AppleWebKit/605.1.15 (KHTML, like Gecko) Version/18.6 Mobile/15E148 Safari/604.1"
1.38.97.79 - - [23/Feb/2026:10:20:24 +0000] "GET /wp-content/uploads/2025/01/company-07-1.svg HTTP/1.1" 304 0 "https://www.stthomasheartcentre.com/" "Mozilla/5.0 (iPhone; CPU iPhone OS 18_6_2 like Mac OS X) AppleWebKit/605.1.15 (KHTML, like Gecko) Version/18.6 Mobile/15E148 Safari/604.1"
1.38.97.79 - - [23/Feb/2026:10:20:24 +0000] "GET /wp-content/uploads/2025/01/company-08-1.svg HTTP/1.1" 304 0 "https://www.stthomasheartcentre.com/" "Mozilla/5.0 (iPhone; CPU iPhone OS 18_6_2 like Mac OS X) AppleWebKit/605.1.15 (KHTML, like Gecko) Version/18.6 Mobile/15E148 Safari/604.1"
172.187.168.139 - - [23/Feb/2026:10:21:30 +0000] "POST /wp-cron.php?doing_wp_cron=1771842090.1734418869018554687500 HTTP/1.1" 200 31 "-" "WordPress/6.9.1; https://doccure-wp.dreamstechnologies.com"
2a03:2880:f800:2:: - - [23/Feb/2026:10:21:30 +0000] "GET /wp-sitemap-posts-services-1.xml HTTP/1.1" 200 980 "-" "meta-externalagent/1.1 (+https://developers.facebook.com/docs/sharing/webmasters/crawler)"
35.173.69.86 - - [23/Feb/2026:10:21:38 +0000] "GET / HTTP/1.1" 200 29870 "-" "FreshpingBot/1.0 (+https://freshping.io/)"
172.187.168.139 - - [23/Feb/2026:10:23:30 +0000] "POST /wp-cron.php?doing_wp_cron=1771842210.9478039741516113281250 HTTP/1.1" 200 31 "-" "WordPress/6.9.1; https://doccure-wp.dreamstechnologies.com"
49.51.141.76 - - [23/Feb/2026:10:23:31 +0000] "GET /wp-content/uploads/2021/11/login-banner-300x225.png... HTTP/1.1" 301 11 "-" "Mozilla/5.0 (compatible; Thinkbot/0.5.8; +In_the_test_phase,_if_the_Thinkbot_brings_you_trouble,_please_block_its_IP_address._Thank_you.)"
49.51.141.76 - - [23/Feb/2026:10:23:32 +0000] "GET /wp-content/uploads/2021/11/login-banner-300x225.png HTTP/1.1" 200 31522 "https://doccure-wp.dreamstechnologies.com/wp-content/uploads/2021/11/login-banner-300x225.png..." "Mozilla/5.0 (compatible; Thinkbot/0.5.8; +In_the_test_phase,_if_the_Thinkbot_brings_you_trouble,_please_block_its_IP_address._Thank_you.)"
172.187.168.139 - - [23/Feb/2026:10:26:13 +0000] "POST /wp-cron.php?doing_wp_cron=1771842373.7876620292663574218750 HTTP/1.1" 200 31 "-" "WordPress/6.9.1; https://doccure-wp.dreamstechnologies.com"
50.17.185.102 - - [23/Feb/2026:10:26:13 +0000] "GET / HTTP/1.1" 200 29870 "-" "FreshpingBot/1.0 (+https://freshping.io/)"
172.187.168.139 - - [23/Feb/2026:10:29:04 +0000] "POST /wp-cron.php?doing_wp_cron=1771842544.3588941097259521484375 HTTP/1.1" 200 31 "-" "WordPress/6.9.1; https://doccure-wp.dreamstechnologies.com"
2a03:2880:f800:3a:: - - [23/Feb/2026:10:29:04 +0000] "GET /steroidi-e-il-loro-utilizzo-per-massimizzare-le-prestazioni-di-allenamento-una-guida-completa/ HTTP/1.1" 404 17232 "-" "meta-externalagent/1.1 (+https://developers.facebook.com/docs/sharing/webmasters/crawler)"
172.187.168.139 - - [23/Feb/2026:10:31:23 +0000] "POST /wp-cron.php?doing_wp_cron=1771842683.2760689258575439453125 HTTP/1.1" 200 31 "-" "WordPress/6.9.1; https://doccure-wp.dreamstechnologies.com"
50.17.185.102 - - [23/Feb/2026:10:31:23 +0000] "GET / HTTP/1.1" 200 29870 "-" "FreshpingBot/1.0 (+https://freshping.io/)"
172.187.168.139 - - [23/Feb/2026:10:36:22 +0000] "POST /wp-cron.php?doing_wp_cron=1771842982.8264529705047607421875 HTTP/1.1" 200 31 "-" "WordPress/6.9.1; https://doccure-wp.dreamstechnologies.com"
50.17.185.102 - - [23/Feb/2026:10:36:22 +0000] "GET / HTTP/1.1" 200 29870 "-" "FreshpingBot/1.0 (+https://freshping.io/)"
172.187.168.139 - - [23/Feb/2026:10:38:23 +0000] "POST /wp-cron.php?doing_wp_cron=1771843103.8996429443359375000000 HTTP/1.1" 200 31 "-" "WordPress/6.9.1; https://doccure-wp.dreamstechnologies.com"
14.243.18.56 - - [23/Feb/2026:10:38:23 +0000] "GET /comprar-esteroides-en-espana-guia-completa/ HTTP/1.1" 404 17210 "-" "Mozilla/5.0 (Macintosh; Intel Mac OS X 10_11_6) AppleWebKit/537.36 (KHTML, like Gecko) Chrome/100.0.4896.79 Safari/537.36"
172.187.168.139 - - [23/Feb/2026:10:41:13 +0000] "POST /wp-cron.php?doing_wp_cron=1771843273.3842039108276367187500 HTTP/1.1" 200 31 "-" "WordPress/6.9.1; https://doccure-wp.dreamstechnologies.com"
35.173.69.86 - - [23/Feb/2026:10:41:13 +0000] "GET / HTTP/1.1" 200 29870 "-" "FreshpingBot/1.0 (+https://freshping.io/)"
2a03:2880:f800:5:: - - [23/Feb/2026:10:41:47 +0000] "GET /wp-sitemap-posts-prescription-1.xml HTTP/1.1" 200 2654 "-" "meta-externalagent/1.1 (+https://developers.facebook.com/docs/sharing/webmasters/crawler)"
172.187.168.139 - - [23/Feb/2026:10:45:10 +0000] "POST /wp-cron.php?doing_wp_cron=1771843509.9927690029144287109375 HTTP/1.1" 200 31 "-" "WordPress/6.9.1; https://doccure-wp.dreamstechnologies.com"
2a03:2880:f800:12:: - - [23/Feb/2026:10:45:10 +0000] "GET /wp-sitemap-taxonomies-marital_status-1.xml HTTP/1.1" 200 395 "-" "meta-externalagent/1.1 (+https://developers.facebook.com/docs/sharing/webmasters/crawler)"
115.244.222.166 - - [23/Feb/2026:10:45:12 +0000] "GET / HTTP/1.1" 200 29870 "-" "Mozilla/5.0 (Windows NT 10.0; Win64; x64) AppleWebKit/537.36 (KHTML, like Gecko) Chrome/145.0.0.0 Safari/537.36"
172.187.168.139 - - [23/Feb/2026:10:45:15 +0000] "POST /wp-cron.php?doing_wp_cron=1771843515.6068830490112304687500 HTTP/1.1" 200 31 "-" "WordPress/6.9.1; https://doccure-wp.dreamstechnologies.com"
115.244.222.166 - - [23/Feb/2026:10:45:15 +0000] "GET / HTTP/1.1" 200 29870 "-" "Mozilla/5.0 (Windows NT 10.0; Win64; x64) AppleWebKit/537.36 (KHTML, like Gecko) Chrome/145.0.0.0 Safari/537.36"
115.244.222.166 - - [23/Feb/2026:10:45:16 +0000] "GET /wp-content/themes/doccure/assets/css/aos.css?ver=1.0.0 HTTP/1.1" 200 26053 "https://doccure-wp.dreamstechnologies.com/" "Mozilla/5.0 (Windows NT 10.0; Win64; x64) AppleWebKit/537.36 (KHTML, like Gecko) Chrome/145.0.0.0 Safari/537.36"
115.244.222.166 - - [23/Feb/2026:10:45:16 +0000] "GET /wp-content/themes/doccure/assets/css/v4-shims.min.css?ver=5.11.2 HTTP/1.1" 200 34405 "https://doccure-wp.dreamstechnologies.com/" "Mozilla/5.0 (Windows NT 10.0; Win64; x64) AppleWebKit/537.36 (KHTML, like Gecko) Chrome/145.0.0.0 Safari/537.36"
115.244.222.166 - - [23/Feb/2026:10:45:16 +0000] "GET /wp-content/themes/doccure/assets/css/slick.css?ver=1.0.0 HTTP/1.1" 200 1794 "https://doccure-wp.dreamstechnologies.com/" "Mozilla/5.0 (Windows NT 10.0; Win64; x64) AppleWebKit/537.36 (KHTML, like Gecko) Chrome/145.0.0.0 Safari/537.36"
115.244.222.166 - - [23/Feb/2026:10:45:16 +0000] "GET /wp-content/themes/doccure/assets/css/magnific-popup.css?ver=1.1.0 HTTP/1.1" 200 7764 "https://doccure-wp.dreamstechnologies.com/" "Mozilla/5.0 (Windows NT 10.0; Win64; x64) AppleWebKit/537.36 (KHTML, like Gecko) Chrome/145.0.0.0 Safari/537.36"
115.244.222.166 - - [23/Feb/2026:10:45:16 +0000] "GET /wp-content/themes/doccure/assets/plugins/datatables/datatables.min.css?ver=1.0.0 HTTP/1.1" 200 5548 "https://doccure-wp.dreamstechnologies.com/" "Mozilla/5.0 (Windows NT 10.0; Win64; x64) AppleWebKit/537.36 (KHTML, like Gecko) Chrome/145.0.0.0 Safari/537.36"
115.244.222.166 - - [23/Feb/2026:10:45:16 +0000] "GET /wp-content/themes/doccure/assets/css/owl.carousel.min.css?ver=1.0.0 HTTP/1.1" 200 3351 "https://doccure-wp.dreamstechnologies.com/" "Mozilla/5.0 (Windows NT 10.0; Win64; x64) AppleWebKit/537.36 (KHTML, like Gecko) Chrome/145.0.0.0 Safari/537.36"
115.244.222.166 - - [23/Feb/2026:10:45:16 +0000] "GET /wp-content/themes/doccure/assets/css/responsive.css?ver=1.5.3 HTTP/1.1" 200 91073 "https://doccure-wp.dreamstechnologies.com/" "Mozilla/5.0 (Windows NT 10.0; Win64; x64) AppleWebKit/537.36 (KHTML, like Gecko) Chrome/145.0.0.0 Safari/537.36"
115.244.222.166 - - [23/Feb/2026:10:45:16 +0000] "GET /wp-content/themes/doccure/assets/css/theme-new.css?ver=1.4.0 HTTP/1.1" 200 123610 "https://doccure-wp.dreamstechnologies.com/" "Mozilla/5.0 (Windows NT 10.0; Win64; x64) AppleWebKit/537.36 (KHTML, like Gecko) Chrome/145.0.0.0 Safari/537.36"
115.244.222.166 - - [23/Feb/2026:10:45:16 +0000] "GET /wp-content/plugins/contact-form-7/includes/css/styles.css?ver=6.1.5 HTTP/1.1" 200 2947 "https://doccure-wp.dreamstechnologies.com/" "Mozilla/5.0 (Windows NT 10.0; Win64; x64) AppleWebKit/537.36 (KHTML, like Gecko) Chrome/145.0.0.0 Safari/537.36"
115.244.222.166 - - [23/Feb/2026:10:45:16 +0000] "GET /wp-content/plugins/doccure/assets/css/view-prescription-modal.css?ver=1.5.3 HTTP/1.1" 200 4946 "https://doccure-wp.dreamstechnologies.com/" "Mozilla/5.0 (Windows NT 10.0; Win64; x64) AppleWebKit/537.36 (KHTML, like Gecko) Chrome/145.0.0.0 Safari/537.36"
115.244.222.166 - - [23/Feb/2026:10:45:16 +0000] "GET /wp-content/themes/doccure/assets/css/animate.min.css?ver=4.1.1 HTTP/1.1" 200 71750 "https://doccure-wp.dreamstechnologies.com/" "Mozilla/5.0 (Windows NT 10.0; Win64; x64) AppleWebKit/537.36 (KHTML, like Gecko) Chrome/145.0.0.0 Safari/537.36"
115.244.222.166 - - [23/Feb/2026:10:45:16 +0000] "GET /wp-content/themes/doccure/assets/css/feather.css?ver=1.0.0 HTTP/1.1" 200 13382 "https://doccure-wp.dreamstechnologies.com/" "Mozilla/5.0 (Windows NT 10.0; Win64; x64) AppleWebKit/537.36 (KHTML, like Gecko) Chrome/145.0.0.0 Safari/537.36"
115.244.222.166 - - [23/Feb/2026:10:45:16 +0000] "GET /wp-content/themes/doccure/assets/css/fontawesome/css/all.min.css?ver=6.7.4 HTTP/1.1" 200 73890 "https://doccure-wp.dreamstechnologies.com/" "Mozilla/5.0 (Windows NT 10.0; Win64; x64) AppleWebKit/537.36 (KHTML, like Gecko) Chrome/145.0.0.0 Safari/537.36"
115.244.222.166 - - [23/Feb/2026:10:45:16 +0000] "GET /wp-content/themes/doccure/style.css?ver=6.9.1 HTTP/1.1" 200 42039 "https://doccure-wp.dreamstechnologies.com/" "Mozilla/5.0 (Windows NT 10.0; Win64; x64) AppleWebKit/537.36 (KHTML, like Gecko) Chrome/145.0.0.0 Safari/537.36"
115.244.222.166 - - [23/Feb/2026:10:45:16 +0000] "GET /wp-content/themes/doccure/assets/css/theme-woocommerce.css?ver=1.0.0 HTTP/1.1" 200 125592 "https://doccure-wp.dreamstechnologies.com/" "Mozilla/5.0 (Windows NT 10.0; Win64; x64) AppleWebKit/537.36 (KHTML, like Gecko) Chrome/145.0.0.0 Safari/537.36"
115.244.222.166 - - [23/Feb/2026:10:45:17 +0000] "GET /wp-content/uploads/2024/06/logo-01.svg HTTP/1.1" 200 4334 "https://doccure-wp.dreamstechnologies.com/" "Mozilla/5.0 (Windows NT 10.0; Win64; x64) AppleWebKit/537.36 (KHTML, like Gecko) Chrome/145.0.0.0 Safari/537.36"
115.244.222.166 - - [23/Feb/2026:10:45:17 +0000] "GET /wp-content/plugins/elementor/assets/css/frontend.min.css?ver=3.35.4 HTTP/1.1" 200 54666 "https://doccure-wp.dreamstechnologies.com/" "Mozilla/5.0 (Windows NT 10.0; Win64; x64) AppleWebKit/537.36 (KHTML, like Gecko) Chrome/145.0.0.0 Safari/537.36"
115.244.222.166 - - [23/Feb/2026:10:45:17 +0000] "GET /wp-content/uploads/elementor/css/post-5756.css?ver=1771792474 HTTP/1.1" 200 480 "https://doccure-wp.dreamstechnologies.com/" "Mozilla/5.0 (Windows NT 10.0; Win64; x64) AppleWebKit/537.36 (KHTML, like Gecko) Chrome/145.0.0.0 Safari/537.36"
115.244.222.166 - - [23/Feb/2026:10:45:17 +0000] "GET /wp-content/themes/doccure/assets/css/bootstrap/bootstrap-datetimepicker.min.css?ver=1.5.3 HTTP/1.1" 200 7785 "https://doccure-wp.dreamstechnologies.com/" "Mozilla/5.0 (Windows NT 10.0; Win64; x64) AppleWebKit/537.36 (KHTML, like Gecko) Chrome/145.0.0.0 Safari/537.36"
115.244.222.166 - - [23/Feb/2026:10:45:17 +0000] "GET /wp-content/uploads/2025/01/banner-icon-4-1.png HTTP/1.1" 200 5878 "https://doccure-wp.dreamstechnologies.com/" "Mozilla/5.0 (Windows NT 10.0; Win64; x64) AppleWebKit/537.36 (KHTML, like Gecko) Chrome/145.0.0.0 Safari/537.36"
115.244.222.166 - - [23/Feb/2026:10:45:17 +0000] "GET /wp-content/uploads/elementor/google-fonts/css/roboto.css?ver=1745340360 HTTP/1.1" 200 107892 "https://doccure-wp.dreamstechnologies.com/" "Mozilla/5.0 (Windows NT 10.0; Win64; x64) AppleWebKit/537.36 (KHTML, like Gecko) Chrome/145.0.0.0 Safari/537.36"
115.244.222.166 - - [23/Feb/2026:10:45:17 +0000] "GET /wp-content/plugins/woocommerce/assets/css/select2.css?ver=10.5.2 HTTP/1.1" 200 14621 "https://doccure-wp.dreamstechnologies.com/" "Mozilla/5.0 (Windows NT 10.0; Win64; x64) AppleWebKit/537.36 (KHTML, like Gecko) Chrome/145.0.0.0 Safari/537.36"
115.244.222.166 - - [23/Feb/2026:10:45:17 +0000] "GET /wp-content/uploads/elementor/css/post-4916.css?ver=1771792474 HTTP/1.1" 200 1167 "https://doccure-wp.dreamstechnologies.com/" "Mozilla/5.0 (Windows NT 10.0; Win64; x64) AppleWebKit/537.36 (KHTML, like Gecko) Chrome/145.0.0.0 Safari/537.36"
115.244.222.166 - - [23/Feb/2026:10:45:17 +0000] "GET /wp-content/uploads/elementor/google-fonts/css/robotoslab.css?ver=1745340367 HTTP/1.1" 200 25137 "https://doccure-wp.dreamstechnologies.com/" "Mozilla/5.0 (Windows NT 10.0; Win64; x64) AppleWebKit/537.36 (KHTML, like Gecko) Chrome/145.0.0.0 Safari/537.36"
115.244.222.166 - - [23/Feb/2026:10:45:17 +0000] "GET /wp-content/plugins/elementor/assets/lib/eicons/css/elementor-icons.min.css?ver=5.47.0 HTTP/1.1" 200 21641 "https://doccure-wp.dreamstechnologies.com/" "Mozilla/5.0 (Windows NT 10.0; Win64; x64) AppleWebKit/537.36 (KHTML, like Gecko) Chrome/145.0.0.0 Safari/537.36"
115.244.222.166 - - [23/Feb/2026:10:45:17 +0000] "GET /wp-content/themes/doccure/assets/css/dynamic.css?ver=6.9.1 HTTP/1.1" 200 48 "https://doccure-wp.dreamstechnologies.com/" "Mozilla/5.0 (Windows NT 10.0; Win64; x64) AppleWebKit/537.36 (KHTML, like Gecko) Chrome/145.0.0.0 Safari/537.36"
115.244.222.166 - - [23/Feb/2026:10:45:17 +0000] "GET /wp-content/plugins/woocommerce/assets/client/blocks/wc-blocks.css?ver=wc-10.5.2 HTTP/1.1" 200 14006 "https://doccure-wp.dreamstechnologies.com/" "Mozilla/5.0 (Windows NT 10.0; Win64; x64) AppleWebKit/537.36 (KHTML, like Gecko) Chrome/145.0.0.0 Safari/537.36"
115.244.222.166 - - [23/Feb/2026:10:45:17 +0000] "GET /wp-content/uploads/2025/01/list-icon-06-1.svg HTTP/1.1" 304 0 "https://doccure-wp.dreamstechnologies.com/" "Mozilla/5.0 (Windows NT 10.0; Win64; x64) AppleWebKit/537.36 (KHTML, like Gecko) Chrome/145.0.0.0 Safari/537.36"
115.244.222.166 - - [23/Feb/2026:10:45:17 +0000] "GET /wp-content/uploads/2025/01/list-icon-03-1.svg HTTP/1.1" 304 0 "https://doccure-wp.dreamstechnologies.com/" "Mozilla/5.0 (Windows NT 10.0; Win64; x64) AppleWebKit/537.36 (KHTML, like Gecko) Chrome/145.0.0.0 Safari/537.36"
115.244.222.166 - - [23/Feb/2026:10:45:17 +0000] "GET /wp-content/uploads/2025/01/list-icon-01-1.svg HTTP/1.1" 304 0 "https://doccure-wp.dreamstechnologies.com/" "Mozilla/5.0 (Windows NT 10.0; Win64; x64) AppleWebKit/537.36 (KHTML, like Gecko) Chrome/145.0.0.0 Safari/537.36"
115.244.222.166 - - [23/Feb/2026:10:45:17 +0000] "GET /wp-content/uploads/2025/01/speciality-icon-08-1.svg HTTP/1.1" 200 10680 "https://doccure-wp.dreamstechnologies.com/" "Mozilla/5.0 (Windows NT 10.0; Win64; x64) AppleWebKit/537.36 (KHTML, like Gecko) Chrome/145.0.0.0 Safari/537.36"
115.244.222.166 - - [23/Feb/2026:10:45:17 +0000] "GET /wp-content/uploads/2025/01/list-icon-04-1.svg HTTP/1.1" 304 0 "https://doccure-wp.dreamstechnologies.com/" "Mozilla/5.0 (Windows NT 10.0; Win64; x64) AppleWebKit/537.36 (KHTML, like Gecko) Chrome/145.0.0.0 Safari/537.36"
115.244.222.166 - - [23/Feb/2026:10:45:17 +0000] "GET /wp-content/uploads/2025/01/list-icon-05-1.svg HTTP/1.1" 304 0 "https://doccure-wp.dreamstechnologies.com/" "Mozilla/5.0 (Windows NT 10.0; Win64; x64) AppleWebKit/537.36 (KHTML, like Gecko) Chrome/145.0.0.0 Safari/537.36"
115.244.222.166 - - [23/Feb/2026:10:45:17 +0000] "GET /wp-content/uploads/2025/01/list-icon-02-1.svg HTTP/1.1" 304 0 "https://doccure-wp.dreamstechnologies.com/" "Mozilla/5.0 (Windows NT 10.0; Win64; x64) AppleWebKit/537.36 (KHTML, like Gecko) Chrome/145.0.0.0 Safari/537.36"
115.244.222.166 - - [23/Feb/2026:10:45:17 +0000] "GET /wp-content/uploads/2025/01/speciality-06-1.jpg HTTP/1.1" 200 77656 "https://doccure-wp.dreamstechnologies.com/" "Mozilla/5.0 (Windows NT 10.0; Win64; x64) AppleWebKit/537.36 (KHTML, like Gecko) Chrome/145.0.0.0 Safari/537.36"
115.244.222.166 - - [23/Feb/2026:10:45:17 +0000] "GET /wp-content/uploads/2025/01/list-icon-07-1.svg HTTP/1.1" 304 0 "https://doccure-wp.dreamstechnologies.com/" "Mozilla/5.0 (Windows NT 10.0; Win64; x64) AppleWebKit/537.36 (KHTML, like Gecko) Chrome/145.0.0.0 Safari/537.36"
115.244.222.166 - - [23/Feb/2026:10:45:17 +0000] "GET /wp-content/themes/doccure/assets/images/dravatar-100x100.jpg HTTP/1.1" 200 7751 "https://doccure-wp.dreamstechnologies.com/" "Mozilla/5.0 (Windows NT 10.0; Win64; x64) AppleWebKit/537.36 (KHTML, like Gecko) Chrome/145.0.0.0 Safari/537.36"
115.244.222.166 - - [23/Feb/2026:10:45:17 +0000] "GET /wp-content/uploads/2021/08/patient3.jpg HTTP/1.1" 200 20246 "https://doccure-wp.dreamstechnologies.com/" "Mozilla/5.0 (Windows NT 10.0; Win64; x64) AppleWebKit/537.36 (KHTML, like Gecko) Chrome/145.0.0.0 Safari/537.36"
115.244.222.166 - - [23/Feb/2026:10:45:17 +0000] "GET /wp-content/uploads/2021/12/patient2.jpg HTTP/1.1" 200 33184 "https://doccure-wp.dreamstechnologies.com/" "Mozilla/5.0 (Windows NT 10.0; Win64; x64) AppleWebKit/537.36 (KHTML, like Gecko) Chrome/145.0.0.0 Safari/537.36"
115.244.222.166 - - [23/Feb/2026:10:45:17 +0000] "GET /wp-content/uploads/2021/09/patient1.jpg HTTP/1.1" 200 24873 "https://doccure-wp.dreamstechnologies.com/" "Mozilla/5.0 (Windows NT 10.0; Win64; x64) AppleWebKit/537.36 (KHTML, like Gecko) Chrome/145.0.0.0 Safari/537.36"
115.244.222.166 - - [23/Feb/2026:10:45:17 +0000] "GET /wp-content/uploads/2025/01/google-play-01-1.svg HTTP/1.1" 304 0 "https://doccure-wp.dreamstechnologies.com/" "Mozilla/5.0 (Windows NT 10.0; Win64; x64) AppleWebKit/537.36 (KHTML, like Gecko) Chrome/145.0.0.0 Safari/537.36"
115.244.222.166 - - [23/Feb/2026:10:45:17 +0000] "GET /wp-content/uploads/2021/12/doctor-05-1-300x300.jpg HTTP/1.1" 200 11176 "https://doccure-wp.dreamstechnologies.com/" "Mozilla/5.0 (Windows NT 10.0; Win64; x64) AppleWebKit/537.36 (KHTML, like Gecko) Chrome/145.0.0.0 Safari/537.36"
115.244.222.166 - - [23/Feb/2026:10:45:17 +0000] "GET /wp-content/themes/doccure/assets/images/way-icon.svg HTTP/1.1" 200 3466 "https://doccure-wp.dreamstechnologies.com/" "Mozilla/5.0 (Windows NT 10.0; Win64; x64) AppleWebKit/537.36 (KHTML, like Gecko) Chrome/145.0.0.0 Safari/537.36"
115.244.222.166 - - [23/Feb/2026:10:45:17 +0000] "GET /wp-content/uploads/2022/05/doctor-thumb-08.jpg HTTP/1.1" 200 32821 "https://doccure-wp.dreamstechnologies.com/" "Mozilla/5.0 (Windows NT 10.0; Win64; x64) AppleWebKit/537.36 (KHTML, like Gecko) Chrome/145.0.0.0 Safari/537.36"
115.244.222.166 - - [23/Feb/2026:10:45:17 +0000] "GET /wp-content/themes/doccure/assets/images/footer/footer-bg-01.png HTTP/1.1" 200 8703 "https://doccure-wp.dreamstechnologies.com/" "Mozilla/5.0 (Windows NT 10.0; Win64; x64) AppleWebKit/537.36 (KHTML, like Gecko) Chrome/145.0.0.0 Safari/537.36"
115.244.222.166 - - [23/Feb/2026:10:45:17 +0000] "GET /wp-content/themes/doccure/assets/images/quote-icon.svg HTTP/1.1" 200 1637 "https://doccure-wp.dreamstechnologies.com/" "Mozilla/5.0 (Windows NT 10.0; Win64; x64) AppleWebKit/537.36 (KHTML, like Gecko) Chrome/145.0.0.0 Safari/537.36"
115.244.222.166 - - [23/Feb/2026:10:45:17 +0000] "GET /wp-content/uploads/2025/01/app-bg-02-1.png HTTP/1.1" 304 0 "https://doccure-wp.dreamstechnologies.com/" "Mozilla/5.0 (Windows NT 10.0; Win64; x64) AppleWebKit/537.36 (KHTML, like Gecko) Chrome/145.0.0.0 Safari/537.36"
115.244.222.166 - - [23/Feb/2026:10:45:17 +0000] "GET /wp-content/themes/doccure/assets/images/footer/footer-bg-02.png HTTP/1.1" 200 96124 "https://doccure-wp.dreamstechnologies.com/" "Mozilla/5.0 (Windows NT 10.0; Win64; x64) AppleWebKit/537.36 (KHTML, like Gecko) Chrome/145.0.0.0 Safari/537.36"
115.244.222.166 - - [23/Feb/2026:10:45:17 +0000] "GET /wp-content/uploads/2025/01/app-bg-04-1.png HTTP/1.1" 304 0 "https://doccure-wp.dreamstechnologies.com/" "Mozilla/5.0 (Windows NT 10.0; Win64; x64) AppleWebKit/537.36 (KHTML, like Gecko) Chrome/145.0.0.0 Safari/537.36"
115.244.222.166 - - [23/Feb/2026:10:45:17 +0000] "GET /wp-content/uploads/2025/01/download-bg-1.png HTTP/1.1" 304 0 "https://doccure-wp.dreamstechnologies.com/" "Mozilla/5.0 (Windows NT 10.0; Win64; x64) AppleWebKit/537.36 (KHTML, like Gecko) Chrome/145.0.0.0 Safari/537.36"
115.244.222.166 - - [23/Feb/2026:10:45:17 +0000] "GET /wp-content/uploads/2025/01/mobile-img-1.png HTTP/1.1" 304 0 "https://doccure-wp.dreamstechnologies.com/" "Mozilla/5.0 (Windows NT 10.0; Win64; x64) AppleWebKit/537.36 (KHTML, like Gecko) Chrome/145.0.0.0 Safari/537.36"
115.244.222.166 - - [23/Feb/2026:10:45:17 +0000] "GET /wp-content/uploads/2025/01/app-store-01-1.svg HTTP/1.1" 304 0 "https://doccure-wp.dreamstechnologies.com/" "Mozilla/5.0 (Windows NT 10.0; Win64; x64) AppleWebKit/537.36 (KHTML, like Gecko) Chrome/145.0.0.0 Safari/537.36"
115.244.222.166 - - [23/Feb/2026:10:45:17 +0000] "GET /wp-content/uploads/2025/01/app-bg-03-1.png HTTP/1.1" 304 0 "https://doccure-wp.dreamstechnologies.com/" "Mozilla/5.0 (Windows NT 10.0; Win64; x64) AppleWebKit/537.36 (KHTML, like Gecko) Chrome/145.0.0.0 Safari/537.36"
115.244.222.166 - - [23/Feb/2026:10:45:17 +0000] "GET /wp-content/themes/doccure/assets/css/bootstrap/bootstrap.min.css?ver=5.3.0 HTTP/1.1" 200 232803 "https://doccure-wp.dreamstechnologies.com/" "Mozilla/5.0 (Windows NT 10.0; Win64; x64) AppleWebKit/537.36 (KHTML, like Gecko) Chrome/145.0.0.0 Safari/537.36"
115.244.222.166 - - [23/Feb/2026:10:45:17 +0000] "GET /wp-content/uploads/2025/01/book-02-1.jpg HTTP/1.1" 200 225804 "https://doccure-wp.dreamstechnologies.com/" "Mozilla/5.0 (Windows NT 10.0; Win64; x64) AppleWebKit/537.36 (KHTML, like Gecko) Chrome/145.0.0.0 Safari/537.36"
115.244.222.166 - - [23/Feb/2026:10:45:17 +0000] "GET /wp-content/themes/doccure/assets/css/dashboard.css?ver=6.9.1 HTTP/1.1" 200 327576 "https://doccure-wp.dreamstechnologies.com/" "Mozilla/5.0 (Windows NT 10.0; Win64; x64) AppleWebKit/537.36 (KHTML, like Gecko) Chrome/145.0.0.0 Safari/537.36"
115.244.222.166 - - [23/Feb/2026:10:45:17 +0000] "GET /wp-content/themes/doccure/assets/images/footer/footer-bg-03.png HTTP/1.1" 200 258311 "https://doccure-wp.dreamstechnologies.com/" "Mozilla/5.0 (Windows NT 10.0; Win64; x64) AppleWebKit/537.36 (KHTML, like Gecko) Chrome/145.0.0.0 Safari/537.36"
115.244.222.166 - - [23/Feb/2026:10:45:17 +0000] "GET /wp-content/themes/doccure/assets/css/theme.css?ver=1.4.0 HTTP/1.1" 200 580685 "https://doccure-wp.dreamstechnologies.com/" "Mozilla/5.0 (Windows NT 10.0; Win64; x64) AppleWebKit/537.36 (KHTML, like Gecko) Chrome/145.0.0.0 Safari/537.36"
115.244.222.166 - - [23/Feb/2026:10:45:17 +0000] "GET /wp-content/themes/doccure/assets/images/footer/footer-bg-04.png HTTP/1.1" 200 437052 "https://doccure-wp.dreamstechnologies.com/" "Mozilla/5.0 (Windows NT 10.0; Win64; x64) AppleWebKit/537.36 (KHTML, like Gecko) Chrome/145.0.0.0 Safari/537.36"
115.244.222.166 - - [23/Feb/2026:10:45:17 +0000] "GET /wp-content/themes/doccure/assets/css/iconsax.css?ver=1.0.0 HTTP/1.1" 200 476801 "https://doccure-wp.dreamstechnologies.com/" "Mozilla/5.0 (Windows NT 10.0; Win64; x64) AppleWebKit/537.36 (KHTML, like Gecko) Chrome/145.0.0.0 Safari/537.36"
115.244.222.166 - - [23/Feb/2026:10:45:17 +0000] "GET /wp-content/themes/doccure/assets/images/footer/footer-bg-05.png HTTP/1.1" 200 278498 "https://doccure-wp.dreamstechnologies.com/" "Mozilla/5.0 (Windows NT 10.0; Win64; x64) AppleWebKit/537.36 (KHTML, like Gecko) Chrome/145.0.0.0 Safari/537.36"
115.244.222.166 - - [23/Feb/2026:10:45:18 +0000] "GET /wp-content/themes/doccure/assets/images/banner-bg.png HTTP/1.1" 200 12843 "https://doccure-wp.dreamstechnologies.com/wp-content/themes/doccure/assets/css/theme.css?ver=1.4.0" "Mozilla/5.0 (Windows NT 10.0; Win64; x64) AppleWebKit/537.36 (KHTML, like Gecko) Chrome/145.0.0.0 Safari/537.36"
115.244.222.166 - - [23/Feb/2026:10:45:18 +0000] "GET /wp-content/themes/doccure/assets/images/testimonial-bg.jpg HTTP/1.1" 200 94267 "https://doccure-wp.dreamstechnologies.com/wp-content/themes/doccure/assets/css/theme-new.css?ver=1.4.0" "Mozilla/5.0 (Windows NT 10.0; Win64; x64) AppleWebKit/537.36 (KHTML, like Gecko) Chrome/145.0.0.0 Safari/537.36"
115.244.222.166 - - [23/Feb/2026:10:45:18 +0000] "GET /wp-content/themes/doccure/assets/images/reason-bg.svg HTTP/1.1" 200 80479 "https://doccure-wp.dreamstechnologies.com/wp-content/themes/doccure/assets/css/theme-new.css?ver=1.4.0" "Mozilla/5.0 (Windows NT 10.0; Win64; x64) AppleWebKit/537.36 (KHTML, like Gecko) Chrome/145.0.0.0 Safari/537.36"
115.244.222.166 - - [23/Feb/2026:10:45:18 +0000] "GET /wp-content/uploads/2026/02/user-08-1.jpg HTTP/1.1" 404 17260 "https://doccure-wp.dreamstechnologies.com/" "Mozilla/5.0 (Windows NT 10.0; Win64; x64) AppleWebKit/537.36 (KHTML, like Gecko) Chrome/145.0.0.0 Safari/537.36"
115.244.222.166 - - [23/Feb/2026:10:45:19 +0000] "GET /wp-content/themes/doccure/assets/css/fontawesome/webfonts/fa-brands-400.woff2 HTTP/1.1" 200 118684 "https://doccure-wp.dreamstechnologies.com/wp-content/themes/doccure/assets/css/fontawesome/css/all.min.css?ver=6.7.4" "Mozilla/5.0 (Windows NT 10.0; Win64; x64) AppleWebKit/537.36 (KHTML, like Gecko) Chrome/145.0.0.0 Safari/537.36"
115.244.222.166 - - [23/Feb/2026:10:45:19 +0000] "GET /wp-content/themes/doccure/assets/dashboardjs/script-newtheme.js?ver=1.5.3 HTTP/1.1" 200 81204 "https://doccure-wp.dreamstechnologies.com/" "Mozilla/5.0 (Windows NT 10.0; Win64; x64) AppleWebKit/537.36 (KHTML, like Gecko) Chrome/145.0.0.0 Safari/537.36"
115.244.222.166 - - [23/Feb/2026:10:45:19 +0000] "GET /wp-content/themes/doccure/assets/js/moment.min.js?ver=1.5.3 HTTP/1.1" 200 58890 "https://doccure-wp.dreamstechnologies.com/" "Mozilla/5.0 (Windows NT 10.0; Win64; x64) AppleWebKit/537.36 (KHTML, like Gecko) Chrome/145.0.0.0 Safari/537.36"
115.244.222.166 - - [23/Feb/2026:10:45:19 +0000] "GET /wp-content/themes/doccure/assets/dashboardjs/circle-progress.min.js?ver=1.5.3 HTTP/1.1" 200 4445 "https://doccure-wp.dreamstechnologies.com/" "Mozilla/5.0 (Windows NT 10.0; Win64; x64) AppleWebKit/537.36 (KHTML, like Gecko) Chrome/145.0.0.0 Safari/537.36"
115.244.222.166 - - [23/Feb/2026:10:45:19 +0000] "GET /wp-content/themes/doccure/assets/js/bootstrap-datetimepicker.min.js?ver=1.5.3 HTTP/1.1" 200 38510 "https://doccure-wp.dreamstechnologies.com/" "Mozilla/5.0 (Windows NT 10.0; Win64; x64) AppleWebKit/537.36 (KHTML, like Gecko) Chrome/145.0.0.0 Safari/537.36"
115.244.222.166 - - [23/Feb/2026:10:45:19 +0000] "GET /wp-includes/js/wp-util.min.js?ver=6.9.1 HTTP/1.1" 200 1426 "https://doccure-wp.dreamstechnologies.com/" "Mozilla/5.0 (Windows NT 10.0; Win64; x64) AppleWebKit/537.36 (KHTML, like Gecko) Chrome/145.0.0.0 Safari/537.36"
115.244.222.166 - - [23/Feb/2026:10:45:19 +0000] "GET /wp-content/plugins/elementor/assets/js/frontend.min.js?ver=3.35.4 HTTP/1.1" 200 31880 "https://doccure-wp.dreamstechnologies.com/" "Mozilla/5.0 (Windows NT 10.0; Win64; x64) AppleWebKit/537.36 (KHTML, like Gecko) Chrome/145.0.0.0 Safari/537.36"
115.244.222.166 - - [23/Feb/2026:10:45:19 +0000] "GET /wp-includes/js/underscore.min.js?ver=1.13.7 HTTP/1.1" 200 18905 "https://doccure-wp.dreamstechnologies.com/" "Mozilla/5.0 (Windows NT 10.0; Win64; x64) AppleWebKit/537.36 (KHTML, like Gecko) Chrome/145.0.0.0 Safari/537.36"
115.244.222.166 - - [23/Feb/2026:10:45:19 +0000] "GET /wp-content/plugins/woocommerce/assets/js/sourcebuster/sourcebuster.min.js?ver=10.5.2 HTTP/1.1" 200 15315 "https://doccure-wp.dreamstechnologies.com/" "Mozilla/5.0 (Windows NT 10.0; Win64; x64) AppleWebKit/537.36 (KHTML, like Gecko) Chrome/145.0.0.0 Safari/537.36"
115.244.222.166 - - [23/Feb/2026:10:45:19 +0000] "GET /wp-content/themes/doccure/assets/js/otp-script.js HTTP/1.1" 200 2960 "https://doccure-wp.dreamstechnologies.com/" "Mozilla/5.0 (Windows NT 10.0; Win64; x64) AppleWebKit/537.36 (KHTML, like Gecko) Chrome/145.0.0.0 Safari/537.36"
115.244.222.166 - - [23/Feb/2026:10:45:19 +0000] "GET /wp-content/themes/doccure/assets/dashboardjs/doccure_callback.js?ver=1.5.3 HTTP/1.1" 200 99725 "https://doccure-wp.dreamstechnologies.com/" "Mozilla/5.0 (Windows NT 10.0; Win64; x64) AppleWebKit/537.36 (KHTML, like Gecko) Chrome/145.0.0.0 Safari/537.36"
115.244.222.166 - - [23/Feb/2026:10:45:19 +0000] "GET /wp-content/themes/doccure/assets/js/theme-woocommerce.js?ver=1.0.0 HTTP/1.1" 200 3193 "https://doccure-wp.dreamstechnologies.com/" "Mozilla/5.0 (Windows NT 10.0; Win64; x64) AppleWebKit/537.36 (KHTML, like Gecko) Chrome/145.0.0.0 Safari/537.36"
115.244.222.166 - - [23/Feb/2026:10:45:19 +0000] "GET /wp-content/plugins/elementor/assets/js/frontend-modules.min.js?ver=3.35.4 HTTP/1.1" 200 50503 "https://doccure-wp.dreamstechnologies.com/" "Mozilla/5.0 (Windows NT 10.0; Win64; x64) AppleWebKit/537.36 (KHTML, like Gecko) Chrome/145.0.0.0 Safari/537.36"
115.244.222.166 - - [23/Feb/2026:10:45:19 +0000] "GET /wp-includes/js/jquery/ui/core.min.js?ver=1.13.3 HTTP/1.1" 200 21464 "https://doccure-wp.dreamstechnologies.com/" "Mozilla/5.0 (Windows NT 10.0; Win64; x64) AppleWebKit/537.36 (KHTML, like Gecko) Chrome/145.0.0.0 Safari/537.36"
115.244.222.166 - - [23/Feb/2026:10:45:19 +0000] "GET /wp-content/themes/doccure/assets/theia-sticky-sidebar/ResizeSensor.js?ver=1.5.3 HTTP/1.1" 200 5955 "https://doccure-wp.dreamstechnologies.com/" "Mozilla/5.0 (Windows NT 10.0; Win64; x64) AppleWebKit/537.36 (KHTML, like Gecko) Chrome/145.0.0.0 Safari/537.36"
115.244.222.166 - - [23/Feb/2026:10:45:19 +0000] "GET /wp-content/plugins/elementor/assets/js/webpack.runtime.min.js?ver=3.35.4 HTTP/1.1" 200 5677 "https://doccure-wp.dreamstechnologies.com/" "Mozilla/5.0 (Windows NT 10.0; Win64; x64) AppleWebKit/537.36 (KHTML, like Gecko) Chrome/145.0.0.0 Safari/537.36"
115.244.222.166 - - [23/Feb/2026:10:45:19 +0000] "GET /wp-content/plugins/woocommerce/assets/js/frontend/order-attribution.min.js?ver=10.5.2 HTTP/1.1" 200 2439 "https://doccure-wp.dreamstechnologies.com/" "Mozilla/5.0 (Windows NT 10.0; Win64; x64) AppleWebKit/537.36 (KHTML, like Gecko) Chrome/145.0.0.0 Safari/537.36"
