122.186.150.42 - - [23/Feb/2026:03:35:00 +0000] "GET /wp-content/uploads/2025/01/list-icon-05-1.svg HTTP/1.1" 304 0 "https://medicloudsuite.net/" "Mozilla/5.0 (Windows NT 10.0; Win64; x64) AppleWebKit/537.36 (KHTML, like Gecko) Chrome/145.0.0.0 Safari/537.36"
122.186.150.42 - - [23/Feb/2026:03:35:00 +0000] "GET /wp-content/uploads/2025/01/list-icon-01-1.svg HTTP/1.1" 304 0 "https://medicloudsuite.net/" "Mozilla/5.0 (Windows NT 10.0; Win64; x64) AppleWebKit/537.36 (KHTML, like Gecko) Chrome/145.0.0.0 Safari/537.36"
122.186.150.42 - - [23/Feb/2026:03:35:00 +0000] "GET /wp-content/uploads/2025/01/list-icon-02-1.svg HTTP/1.1" 304 0 "https://medicloudsuite.net/" "Mozilla/5.0 (Windows NT 10.0; Win64; x64) AppleWebKit/537.36 (KHTML, like Gecko) Chrome/145.0.0.0 Safari/537.36"
122.186.150.42 - - [23/Feb/2026:03:35:00 +0000] "GET /wp-content/uploads/2025/01/company-06-1.svg HTTP/1.1" 304 0 "https://medicloudsuite.net/" "Mozilla/5.0 (Windows NT 10.0; Win64; x64) AppleWebKit/537.36 (KHTML, like Gecko) Chrome/145.0.0.0 Safari/537.36"
122.186.150.42 - - [23/Feb/2026:03:35:00 +0000] "GET /wp-content/uploads/2025/01/company-02-1.svg HTTP/1.1" 304 0 "https://medicloudsuite.net/" "Mozilla/5.0 (Windows NT 10.0; Win64; x64) AppleWebKit/537.36 (KHTML, like Gecko) Chrome/145.0.0.0 Safari/537.36"
122.186.150.42 - - [23/Feb/2026:03:35:00 +0000] "GET /wp-content/uploads/2025/01/company-07-1.svg HTTP/1.1" 304 0 "https://medicloudsuite.net/" "Mozilla/5.0 (Windows NT 10.0; Win64; x64) AppleWebKit/537.36 (KHTML, like Gecko) Chrome/145.0.0.0 Safari/537.36"
122.186.150.42 - - [23/Feb/2026:03:35:00 +0000] "GET /wp-content/uploads/2025/01/company-08-1.svg HTTP/1.1" 304 0 "https://medicloudsuite.net/" "Mozilla/5.0 (Windows NT 10.0; Win64; x64) AppleWebKit/537.36 (KHTML, like Gecko) Chrome/145.0.0.0 Safari/537.36"
122.186.150.42 - - [23/Feb/2026:03:35:00 +0000] "GET /wp-content/uploads/2025/01/company-05-1.svg HTTP/1.1" 304 0 "https://medicloudsuite.net/" "Mozilla/5.0 (Windows NT 10.0; Win64; x64) AppleWebKit/537.36 (KHTML, like Gecko) Chrome/145.0.0.0 Safari/537.36"
122.186.150.42 - - [23/Feb/2026:03:35:00 +0000] "GET /wp-content/uploads/2025/01/mobile-img-1.png HTTP/1.1" 304 0 "https://medicloudsuite.net/" "Mozilla/5.0 (Windows NT 10.0; Win64; x64) AppleWebKit/537.36 (KHTML, like Gecko) Chrome/145.0.0.0 Safari/537.36"
122.186.150.42 - - [23/Feb/2026:03:35:00 +0000] "GET /wp-content/uploads/2025/01/app-store-01-1.svg HTTP/1.1" 304 0 "https://medicloudsuite.net/" "Mozilla/5.0 (Windows NT 10.0; Win64; x64) AppleWebKit/537.36 (KHTML, like Gecko) Chrome/145.0.0.0 Safari/537.36"
122.186.150.42 - - [23/Feb/2026:03:35:00 +0000] "GET /wp-content/uploads/2025/01/app-bg-02-1.png HTTP/1.1" 304 0 "https://medicloudsuite.net/" "Mozilla/5.0 (Windows NT 10.0; Win64; x64) AppleWebKit/537.36 (KHTML, like Gecko) Chrome/145.0.0.0 Safari/537.36"
122.186.150.42 - - [23/Feb/2026:03:35:00 +0000] "GET /wp-content/uploads/2025/01/list-icon-07-1.svg HTTP/1.1" 304 0 "https://medicloudsuite.net/" "Mozilla/5.0 (Windows NT 10.0; Win64; x64) AppleWebKit/537.36 (KHTML, like Gecko) Chrome/145.0.0.0 Safari/537.36"
122.186.150.42 - - [23/Feb/2026:03:35:00 +0000] "GET /wp-content/uploads/2025/01/app-bg-03-1.png HTTP/1.1" 304 0 "https://medicloudsuite.net/" "Mozilla/5.0 (Windows NT 10.0; Win64; x64) AppleWebKit/537.36 (KHTML, like Gecko) Chrome/145.0.0.0 Safari/537.36"
122.186.150.42 - - [23/Feb/2026:03:35:00 +0000] "GET /wp-content/uploads/2025/01/company-04-1.svg HTTP/1.1" 304 0 "https://medicloudsuite.net/" "Mozilla/5.0 (Windows NT 10.0; Win64; x64) AppleWebKit/537.36 (KHTML, like Gecko) Chrome/145.0.0.0 Safari/537.36"
122.186.150.42 - - [23/Feb/2026:03:35:00 +0000] "GET /wp-content/uploads/2025/01/download-bg-1.png HTTP/1.1" 304 0 "https://medicloudsuite.net/" "Mozilla/5.0 (Windows NT 10.0; Win64; x64) AppleWebKit/537.36 (KHTML, like Gecko) Chrome/145.0.0.0 Safari/537.36"
122.186.150.42 - - [23/Feb/2026:03:35:00 +0000] "GET /wp-content/uploads/2025/01/company-01-1.svg HTTP/1.1" 304 0 "https://medicloudsuite.net/" "Mozilla/5.0 (Windows NT 10.0; Win64; x64) AppleWebKit/537.36 (KHTML, like Gecko) Chrome/145.0.0.0 Safari/537.36"
122.186.150.42 - - [23/Feb/2026:03:35:00 +0000] "GET /wp-content/uploads/2025/01/google-play-01-1.svg HTTP/1.1" 304 0 "https://medicloudsuite.net/" "Mozilla/5.0 (Windows NT 10.0; Win64; x64) AppleWebKit/537.36 (KHTML, like Gecko) Chrome/145.0.0.0 Safari/537.36"
122.186.150.42 - - [23/Feb/2026:03:35:00 +0000] "GET /wp-content/uploads/2025/01/app-bg-04-1.png HTTP/1.1" 304 0 "https://medicloudsuite.net/" "Mozilla/5.0 (Windows NT 10.0; Win64; x64) AppleWebKit/537.36 (KHTML, like Gecko) Chrome/145.0.0.0 Safari/537.36"
122.186.150.42 - - [23/Feb/2026:03:35:00 +0000] "GET /wp-content/uploads/2025/01/company-03-1.svg HTTP/1.1" 304 0 "https://medicloudsuite.net/" "Mozilla/5.0 (Windows NT 10.0; Win64; x64) AppleWebKit/537.36 (KHTML, like Gecko) Chrome/145.0.0.0 Safari/537.36"
172.187.168.139 - - [23/Feb/2026:03:35:01 +0000] "POST /wp-cron.php?doing_wp_cron=1771817701.6490690708160400390625 HTTP/1.1" 200 31 "-" "WordPress/6.9.1; https://doccure-wp.dreamstechnologies.com"
146.52.84.188 - - [23/Feb/2026:03:35:01 +0000] "GET / HTTP/1.1" 200 29869 "-" "Mozilla/5.0 (Windows NT 10.0; Win64; x64) AppleWebKit/537.36 (KHTML, like Gecko) Chrome/120.0.0.0 Safari/537.36"
146.52.84.188 - - [23/Feb/2026:03:35:03 +0000] "POST /wp-admin/admin-ajax.php?action=sm_ping HTTP/1.1" 400 12 "-" "Mozilla/5.0 (Windows NT 10.0; Win64; x64) AppleWebKit/537.36 (KHTML, like Gecko) Chrome/120.0.0.0 Safari/537.36"
146.52.84.188 - - [23/Feb/2026:03:35:05 +0000] "POST /wp-admin/admin-ajax.php?action=hnpt_ping HTTP/1.1" 400 12 "-" "Mozilla/5.0 (Windows NT 10.0; Win64; x64) AppleWebKit/537.36 (KHTML, like Gecko) Chrome/120.0.0.0 Safari/537.36"
172.187.168.139 - - [23/Feb/2026:03:36:23 +0000] "POST /wp-cron.php?doing_wp_cron=1771817783.7895100116729736328125 HTTP/1.1" 200 31 "-" "WordPress/6.9.1; https://doccure-wp.dreamstechnologies.com"
50.17.185.102 - - [23/Feb/2026:03:36:23 +0000] "GET / HTTP/1.1" 200 29869 "-" "FreshpingBot/1.0 (+https://freshping.io/)"
216.73.216.143 - - [23/Feb/2026:03:36:25 +0000] "GET /robots.txt HTTP/1.1" 200 427 "-" "Mozilla/5.0 AppleWebKit/537.36 (KHTML, like Gecko; compatible; ClaudeBot/1.0; [email protected])"
216.73.216.143 - - [23/Feb/2026:03:36:26 +0000] "GET /wp-sitemap.xml HTTP/1.1" 200 2588 "-" "Mozilla/5.0 AppleWebKit/537.36 (KHTML, like Gecko; compatible; ClaudeBot/1.0; [email protected])"
172.187.168.139 - - [23/Feb/2026:03:38:50 +0000] "POST /wp-cron.php?doing_wp_cron=1771817930.6770429611206054687500 HTTP/1.1" 200 31 "-" "WordPress/6.9.1; https://doccure-wp.dreamstechnologies.com"
113.182.60.76 - - [23/Feb/2026:03:38:50 +0000] "GET /anti-stress-60-testepites-a-fitnesz-es-kiegyensulyozott-elet-szimboluma/ HTTP/1.1" 404 17230 "-" "Mozilla/5.0 (Macintosh; Intel Mac OS X 10_15_3) AppleWebKit/537.36 (KHTML, like Gecko) Brave Chrome/80.0.3987.149 Safari/537.36"
156.195.104.183 - - [23/Feb/2026:03:40:44 +0000] "GET /wp-content/uploads/2025/01/home-banner-bg-1.png HTTP/1.1" 304 0 "https://drmoustafaelnahasclinics.com/" "Mozilla/5.0 (Linux; Android 12; SM-A525F Build/SP1A.210812.016; wv) AppleWebKit/537.36 (KHTML, like Gecko) Version/4.0 Chrome/144.0.7559.132 Mobile Safari/537.36 [FB_IAB/FB4A;FBAV/548.0.0.37.65;]"
156.195.104.183 - - [23/Feb/2026:03:40:45 +0000] "GET /wp-content/uploads/2025/01/speciality-02-1.jpg HTTP/1.1" 304 0 "https://drmoustafaelnahasclinics.com/" "Mozilla/5.0 (Linux; Android 12; SM-A525F Build/SP1A.210812.016; wv) AppleWebKit/537.36 (KHTML, like Gecko) Version/4.0 Chrome/144.0.7559.132 Mobile Safari/537.36 [FB_IAB/FB4A;FBAV/548.0.0.37.65;]"
156.195.104.183 - - [23/Feb/2026:03:40:45 +0000] "GET /wp-content/uploads/2025/01/speciality-icon-01-1.svg HTTP/1.1" 304 0 "https://drmoustafaelnahasclinics.com/" "Mozilla/5.0 (Linux; Android 12; SM-A525F Build/SP1A.210812.016; wv) AppleWebKit/537.36 (KHTML, like Gecko) Version/4.0 Chrome/144.0.7559.132 Mobile Safari/537.36 [FB_IAB/FB4A;FBAV/548.0.0.37.65;]"
156.195.104.183 - - [23/Feb/2026:03:40:45 +0000] "GET /wp-content/uploads/2025/01/speciality-icon-02-1.svg HTTP/1.1" 304 0 "https://drmoustafaelnahasclinics.com/" "Mozilla/5.0 (Linux; Android 12; SM-A525F Build/SP1A.210812.016; wv) AppleWebKit/537.36 (KHTML, like Gecko) Version/4.0 Chrome/144.0.7559.132 Mobile Safari/537.36 [FB_IAB/FB4A;FBAV/548.0.0.37.65;]"
156.195.104.183 - - [23/Feb/2026:03:40:45 +0000] "GET /wp-content/uploads/2025/01/banner-icon-4-1.png HTTP/1.1" 304 0 "https://drmoustafaelnahasclinics.com/" "Mozilla/5.0 (Linux; Android 12; SM-A525F Build/SP1A.210812.016; wv) AppleWebKit/537.36 (KHTML, like Gecko) Version/4.0 Chrome/144.0.7559.132 Mobile Safari/537.36 [FB_IAB/FB4A;FBAV/548.0.0.37.65;]"
156.195.104.183 - - [23/Feb/2026:03:40:45 +0000] "GET /wp-content/uploads/2025/01/company-05-1.svg HTTP/1.1" 304 0 "https://drmoustafaelnahasclinics.com/" "Mozilla/5.0 (Linux; Android 12; SM-A525F Build/SP1A.210812.016; wv) AppleWebKit/537.36 (KHTML, like Gecko) Version/4.0 Chrome/144.0.7559.132 Mobile Safari/537.36 [FB_IAB/FB4A;FBAV/548.0.0.37.65;]"
156.195.104.183 - - [23/Feb/2026:03:40:45 +0000] "GET /wp-content/uploads/2025/01/company-04-1.svg HTTP/1.1" 304 0 "https://drmoustafaelnahasclinics.com/" "Mozilla/5.0 (Linux; Android 12; SM-A525F Build/SP1A.210812.016; wv) AppleWebKit/537.36 (KHTML, like Gecko) Version/4.0 Chrome/144.0.7559.132 Mobile Safari/537.36 [FB_IAB/FB4A;FBAV/548.0.0.37.65;]"
156.195.104.183 - - [23/Feb/2026:03:40:45 +0000] "GET /wp-content/uploads/2025/01/company-06-1.svg HTTP/1.1" 304 0 "https://drmoustafaelnahasclinics.com/" "Mozilla/5.0 (Linux; Android 12; SM-A525F Build/SP1A.210812.016; wv) AppleWebKit/537.36 (KHTML, like Gecko) Version/4.0 Chrome/144.0.7559.132 Mobile Safari/537.36 [FB_IAB/FB4A;FBAV/548.0.0.37.65;]"
156.195.104.183 - - [23/Feb/2026:03:40:45 +0000] "GET /wp-content/uploads/2025/01/company-03-1.svg HTTP/1.1" 304 0 "https://drmoustafaelnahasclinics.com/" "Mozilla/5.0 (Linux; Android 12; SM-A525F Build/SP1A.210812.016; wv) AppleWebKit/537.36 (KHTML, like Gecko) Version/4.0 Chrome/144.0.7559.132 Mobile Safari/537.36 [FB_IAB/FB4A;FBAV/548.0.0.37.65;]"
156.195.104.183 - - [23/Feb/2026:03:40:45 +0000] "GET /wp-content/uploads/2025/01/speciality-icon-04-1.svg HTTP/1.1" 304 0 "https://drmoustafaelnahasclinics.com/" "Mozilla/5.0 (Linux; Android 12; SM-A525F Build/SP1A.210812.016; wv) AppleWebKit/537.36 (KHTML, like Gecko) Version/4.0 Chrome/144.0.7559.132 Mobile Safari/537.36 [FB_IAB/FB4A;FBAV/548.0.0.37.65;]"
156.195.104.183 - - [23/Feb/2026:03:40:45 +0000] "GET /wp-content/uploads/2025/01/company-08-1.svg HTTP/1.1" 304 0 "https://drmoustafaelnahasclinics.com/" "Mozilla/5.0 (Linux; Android 12; SM-A525F Build/SP1A.210812.016; wv) AppleWebKit/537.36 (KHTML, like Gecko) Version/4.0 Chrome/144.0.7559.132 Mobile Safari/537.36 [FB_IAB/FB4A;FBAV/548.0.0.37.65;]"
156.195.104.183 - - [23/Feb/2026:03:40:45 +0000] "GET /wp-content/uploads/2025/01/company-02-1.svg HTTP/1.1" 304 0 "https://drmoustafaelnahasclinics.com/" "Mozilla/5.0 (Linux; Android 12; SM-A525F Build/SP1A.210812.016; wv) AppleWebKit/537.36 (KHTML, like Gecko) Version/4.0 Chrome/144.0.7559.132 Mobile Safari/537.36 [FB_IAB/FB4A;FBAV/548.0.0.37.65;]"
156.195.104.183 - - [23/Feb/2026:03:40:45 +0000] "GET /wp-content/uploads/2025/01/speciality-icon-05-1.svg HTTP/1.1" 304 0 "https://drmoustafaelnahasclinics.com/" "Mozilla/5.0 (Linux; Android 12; SM-A525F Build/SP1A.210812.016; wv) AppleWebKit/537.36 (KHTML, like Gecko) Version/4.0 Chrome/144.0.7559.132 Mobile Safari/537.36 [FB_IAB/FB4A;FBAV/548.0.0.37.65;]"
172.187.168.139 - - [23/Feb/2026:03:41:07 +0000] "POST /wp-cron.php?doing_wp_cron=1771818067.8210420608520507812500 HTTP/1.1" 200 31 "-" "WordPress/6.9.1; https://doccure-wp.dreamstechnologies.com"
50.17.185.102 - - [23/Feb/2026:03:41:07 +0000] "GET / HTTP/1.1" 200 29869 "-" "FreshpingBot/1.0 (+https://freshping.io/)"
40.77.178.239 - - [23/Feb/2026:03:44:23 +0000] "GET /wp-content/themes/doccure/assets/css/responsive.css?ver=1.5.3 HTTP/1.1" 200 91073 "https://doccure-wp.dreamstechnologies.com/languages/english/" "Mozilla/5.0 AppleWebKit/537.36 (KHTML, like Gecko; compatible; bingbot/2.0; +http://www.bing.com/bingbot.htm) Chrome/136.0.0.0 Safari/537.36"
172.187.168.139 - - [23/Feb/2026:03:46:27 +0000] "POST /wp-cron.php?doing_wp_cron=1771818387.4477329254150390625000 HTTP/1.1" 200 31 "-" "WordPress/6.9.1; https://doccure-wp.dreamstechnologies.com"
35.173.69.86 - - [23/Feb/2026:03:46:27 +0000] "GET / HTTP/1.1" 200 29869 "-" "FreshpingBot/1.0 (+https://freshping.io/)"
17.22.237.195 - - [23/Feb/2026:03:46:44 +0000] "GET /robots.txt HTTP/1.1" 200 427 "-" "Mozilla/5.0 (Macintosh; Intel Mac OS X 10_15_7) AppleWebKit/605.1.15 (KHTML, like Gecko) Version/17.4 Safari/605.1.15 (Applebot/0.1; +http://www.apple.com/go/applebot)"
17.22.237.195 - - [23/Feb/2026:03:46:46 +0000] "GET /location/australia/feed/ HTTP/1.1" 200 1173 "-" "Mozilla/5.0 (Macintosh; Intel Mac OS X 10_15_7) AppleWebKit/605.1.15 (KHTML, like Gecko) Version/17.4 Safari/605.1.15 (Applebot/0.1; +http://www.apple.com/go/applebot)"
172.187.168.139 - - [23/Feb/2026:03:49:48 +0000] "POST /wp-cron.php?doing_wp_cron=1771818588.1944010257720947265625 HTTP/1.1" 200 31 "-" "WordPress/6.9.1; https://doccure-wp.dreamstechnologies.com"
216.73.216.143 - - [23/Feb/2026:03:49:48 +0000] "GET /languages/french/feed HTTP/1.1" 301 11 "-" "Mozilla/5.0 AppleWebKit/537.36 (KHTML, like Gecko; compatible; ClaudeBot/1.0; [email protected])"
216.73.216.143 - - [23/Feb/2026:03:49:49 +0000] "GET /languages/french/feed/ HTTP/1.1" 200 2432 "https://doccure-wp.dreamstechnologies.com/languages/french/feed" "Mozilla/5.0 AppleWebKit/537.36 (KHTML, like Gecko; compatible; ClaudeBot/1.0; [email protected])"
172.187.168.139 - - [23/Feb/2026:03:50:51 +0000] "POST /wp-cron.php?doing_wp_cron=1771818651.8513200283050537109375 HTTP/1.1" 200 31 "-" "WordPress/6.9.1; https://doccure-wp.dreamstechnologies.com"
216.73.216.143 - - [23/Feb/2026:03:50:51 +0000] "GET /doctors/paul-richard/javascrip: HTTP/1.1" 404 17184 "-" "Mozilla/5.0 AppleWebKit/537.36 (KHTML, like Gecko; compatible; ClaudeBot/1.0; [email protected])"
35.173.69.86 - - [23/Feb/2026:03:51:11 +0000] "GET / HTTP/1.1" 200 29869 "-" "FreshpingBot/1.0 (+https://freshping.io/)"
172.187.168.139 - - [23/Feb/2026:03:51:17 +0000] "POST /wp-cron.php?doing_wp_cron=1771818677.7347331047058105468750 HTTP/1.1" 200 31 "-" "WordPress/6.9.1; https://doccure-wp.dreamstechnologies.com"
216.73.216.143 - - [23/Feb/2026:03:51:17 +0000] "GET /languages/german/feed HTTP/1.1" 301 11 "-" "Mozilla/5.0 AppleWebKit/537.36 (KHTML, like Gecko; compatible; ClaudeBot/1.0; [email protected])"
216.73.216.143 - - [23/Feb/2026:03:51:19 +0000] "GET /languages/german/feed/ HTTP/1.1" 200 2432 "https://doccure-wp.dreamstechnologies.com/languages/german/feed" "Mozilla/5.0 AppleWebKit/537.36 (KHTML, like Gecko; compatible; ClaudeBot/1.0; [email protected])"
172.187.168.139 - - [23/Feb/2026:03:52:16 +0000] "POST /wp-cron.php?doing_wp_cron=1771818736.4432530403137207031250 HTTP/1.1" 200 31 "-" "WordPress/6.9.1; https://doccure-wp.dreamstechnologies.com"
216.73.216.143 - - [23/Feb/2026:03:52:16 +0000] "GET /doctors/olga-barlow/javascrip: HTTP/1.1" 404 17195 "-" "Mozilla/5.0 AppleWebKit/537.36 (KHTML, like Gecko; compatible; ClaudeBot/1.0; [email protected])"
135.181.180.59 - - [23/Feb/2026:03:52:38 +0000] "GET /robots.txt HTTP/1.1" 200 427 "-" "Mozilla/5.0 (compatible; MJ12bot/v1.4.8; http://mj12bot.com/)"
135.181.180.59 - - [23/Feb/2026:03:52:42 +0000] "GET /%D0%BA%D0%B0%D0%B7%D0%B8%D0%BD%D0%BE-%D0%BE%D1%84%D0%B8%D1%86%D0%B8%D0%B0%D0%BB%D1%8C%D0%BD%D1%8B%D0%B9-%D1%81%D0%B0%D0%B9%D1%82-pin-up-casino-%D0%B8%D0%B3%D1%80%D0%B0%D1%82%D1%8C-%D0%BE%D0%BD%D0%BB/ HTTP/1.1" 404 17269 "-" "Mozilla/5.0 (compatible; MJ12bot/v1.4.8; http://mj12bot.com/)"
216.73.216.143 - - [23/Feb/2026:03:52:43 +0000] "GET /languages/english/feed HTTP/1.1" 301 11 "-" "Mozilla/5.0 AppleWebKit/537.36 (KHTML, like Gecko; compatible; ClaudeBot/1.0; [email protected])"
216.73.216.143 - - [23/Feb/2026:03:52:44 +0000] "GET /languages/english/feed/ HTTP/1.1" 200 2435 "https://doccure-wp.dreamstechnologies.com/languages/english/feed" "Mozilla/5.0 AppleWebKit/537.36 (KHTML, like Gecko; compatible; ClaudeBot/1.0; [email protected])"
172.187.168.139 - - [23/Feb/2026:03:56:49 +0000] "POST /wp-cron.php?doing_wp_cron=1771819009.4915900230407714843750 HTTP/1.1" 200 31 "-" "WordPress/6.9.1; https://doccure-wp.dreamstechnologies.com"
52.42.49.200 - - [23/Feb/2026:03:56:49 +0000] "GET / HTTP/1.1" 200 29869 "-" "FreshpingBot/1.0 (+https://freshping.io/)"
176.28.167.139 - - [23/Feb/2026:03:58:52 +0000] "GET /wp-content/plugins/dqfto/index.php HTTP/1.1" 404 134 "-" "Mozilla/5.0 (Macintosh; Intel Mac OS X 10_15_7) AppleWebKit/605.1.15 (KHTML, like Gecko) Version/17.1 Safari/605.1.15"
176.28.167.139 - - [23/Feb/2026:03:58:52 +0000] "GET /wp-content/plugins/mvjxz/index.php HTTP/1.1" 404 134 "-" "Mozilla/5.0 (Macintosh; Intel Mac OS X 10_15_7) AppleWebKit/605.1.15 (KHTML, like Gecko) Version/17.1 Safari/605.1.15"
176.28.167.139 - - [23/Feb/2026:03:58:53 +0000] "GET /wp-content/plugins/wmlnf/index.php HTTP/1.1" 404 196 "-" "Mozilla/5.0 (X11; Linux x86_64) AppleWebKit/537.36 (KHTML, like Gecko) Chrome/119.0.0.0 Safari/537.36"
176.28.167.139 - - [23/Feb/2026:03:58:55 +0000] "GET /wp-content/plugins/slgco/index.php HTTP/1.1" 404 196 "-" "Mozilla/5.0 (Windows NT 10.0; Win64; x64) AppleWebKit/537.36 (KHTML, like Gecko) Chrome/120.0.0.0 Safari/537.36"
176.28.167.139 - - [23/Feb/2026:03:58:57 +0000] "GET /wp-content/plugins/wwwgp/index.php HTTP/1.1" 404 196 "-" "Mozilla/5.0 (Macintosh; Intel Mac OS X 10_15_7) AppleWebKit/537.36 (KHTML, like Gecko) Chrome/119.0.0.0 Safari/537.36"
172.187.168.139 - - [23/Feb/2026:04:00:04 +0000] "POST /wp-cron.php?doing_wp_cron=1771819204.3349258899688720703125 HTTP/1.1" 200 31 "-" "WordPress/6.9.1; https://doccure-wp.dreamstechnologies.com"
2a03:2880:f800:1:: - - [23/Feb/2026:04:00:04 +0000] "GET /definition-des-benefices-de-dehydroepiandrosteron-pour-les-athletes/ HTTP/1.1" 404 17214 "-" "meta-externalagent/1.1 (+https://developers.facebook.com/docs/sharing/webmasters/crawler)"
172.187.168.139 - - [23/Feb/2026:04:01:28 +0000] "POST /wp-cron.php?doing_wp_cron=1771819288.5065670013427734375000 HTTP/1.1" 200 31 "-" "WordPress/6.9.1; https://doccure-wp.dreamstechnologies.com"
50.17.185.102 - - [23/Feb/2026:04:01:28 +0000] "GET / HTTP/1.1" 200 29869 "-" "FreshpingBot/1.0 (+https://freshping.io/)"
20.210.89.170 - - [23/Feb/2026:04:01:50 +0000] "GET /wp-trackback.php HTTP/1.1" 404 147 "-" "Mozilla/5.0 (Windows NT 10.0; Win64; x64) AppleWebKit/537.36 (KHTML, like Gecko) Chrome/120.0.0.0 Safari/537.36"
20.210.89.170 - - [23/Feb/2026:04:01:50 +0000] "GET /about.php HTTP/1.1" 404 196 "-" "Mozilla/5.0 (Windows NT 10.0; Win64; x64) AppleWebKit/537.36 (KHTML, like Gecko) Chrome/120.0.0.0 Safari/537.36"
20.210.89.170 - - [23/Feb/2026:04:01:51 +0000] "GET /file.php HTTP/1.1" 404 196 "-" "Mozilla/5.0 (Windows NT 10.0; Win64; x64) AppleWebKit/537.36 (KHTML, like Gecko) Chrome/120.0.0.0 Safari/537.36"
20.210.89.170 - - [23/Feb/2026:04:01:51 +0000] "GET /wp-good.php HTTP/1.1" 404 196 "-" "Mozilla/5.0 (Windows NT 10.0; Win64; x64) AppleWebKit/537.36 (KHTML, like Gecko) Chrome/120.0.0.0 Safari/537.36"
20.210.89.170 - - [23/Feb/2026:04:01:53 +0000] "GET /xmlrpc.php HTTP/1.1" 405 54 "-" "Mozilla/5.0 (Windows NT 10.0; Win64; x64) AppleWebKit/537.36 (KHTML, like Gecko) Chrome/120.0.0.0 Safari/537.36"
20.210.89.170 - - [23/Feb/2026:04:01:53 +0000] "GET /goods.php HTTP/1.1" 404 196 "-" "Mozilla/5.0 (Windows NT 10.0; Win64; x64) AppleWebKit/537.36 (KHTML, like Gecko) Chrome/120.0.0.0 Safari/537.36"
20.210.89.170 - - [23/Feb/2026:04:01:54 +0000] "GET /ioxi-o.php HTTP/1.1" 404 196 "-" "Mozilla/5.0 (Windows NT 10.0; Win64; x64) AppleWebKit/537.36 (KHTML, like Gecko) Chrome/120.0.0.0 Safari/537.36"
20.210.89.170 - - [23/Feb/2026:04:01:54 +0000] "GET /class-t.api.php HTTP/1.1" 404 196 "-" "Mozilla/5.0 (Windows NT 10.0; Win64; x64) AppleWebKit/537.36 (KHTML, like Gecko) Chrome/120.0.0.0 Safari/537.36"
20.210.89.170 - - [23/Feb/2026:04:01:54 +0000] "GET /admin.php HTTP/1.1" 404 196 "-" "Mozilla/5.0 (Windows NT 10.0; Win64; x64) AppleWebKit/537.36 (KHTML, like Gecko) Chrome/120.0.0.0 Safari/537.36"
20.210.89.170 - - [23/Feb/2026:04:01:55 +0000] "GET /sf.php HTTP/1.1" 404 196 "-" "Mozilla/5.0 (Windows NT 10.0; Win64; x64) AppleWebKit/537.36 (KHTML, like Gecko) Chrome/120.0.0.0 Safari/537.36"
20.210.89.170 - - [23/Feb/2026:04:01:55 +0000] "GET /rip.php HTTP/1.1" 404 196 "-" "Mozilla/5.0 (Windows NT 10.0; Win64; x64) AppleWebKit/537.36 (KHTML, like Gecko) Chrome/120.0.0.0 Safari/537.36"
20.210.89.170 - - [23/Feb/2026:04:01:56 +0000] "GET /autoload_classmap.php HTTP/1.1" 404 196 "-" "Mozilla/5.0 (Windows NT 10.0; Win64; x64) AppleWebKit/537.36 (KHTML, like Gecko) Chrome/120.0.0.0 Safari/537.36"
20.210.89.170 - - [23/Feb/2026:04:01:56 +0000] "GET /chosen.php?p= HTTP/1.1" 404 196 "-" "Mozilla/5.0 (Windows NT 10.0; Win64; x64) AppleWebKit/537.36 (KHTML, like Gecko) Chrome/120.0.0.0 Safari/537.36"
20.210.89.170 - - [23/Feb/2026:04:01:56 +0000] "GET /classwithtostring.php HTTP/1.1" 404 196 "-" "Mozilla/5.0 (Windows NT 10.0; Win64; x64) AppleWebKit/537.36 (KHTML, like Gecko) Chrome/120.0.0.0 Safari/537.36"
20.210.89.170 - - [23/Feb/2026:04:01:57 +0000] "GET /defaults.php HTTP/1.1" 404 196 "-" "Mozilla/5.0 (Windows NT 10.0; Win64; x64) AppleWebKit/537.36 (KHTML, like Gecko) Chrome/120.0.0.0 Safari/537.36"
20.210.89.170 - - [23/Feb/2026:04:01:57 +0000] "GET /index/function.php HTTP/1.1" 404 196 "-" "Mozilla/5.0 (Windows NT 10.0; Win64; x64) AppleWebKit/537.36 (KHTML, like Gecko) Chrome/120.0.0.0 Safari/537.36"
20.210.89.170 - - [23/Feb/2026:04:01:58 +0000] "GET /wk/index.php HTTP/1.1" 404 196 "-" "Mozilla/5.0 (Windows NT 10.0; Win64; x64) AppleWebKit/537.36 (KHTML, like Gecko) Chrome/120.0.0.0 Safari/537.36"
20.210.89.170 - - [23/Feb/2026:04:01:58 +0000] "GET /wp-includes/ HTTP/1.1" 403 195 "-" "Mozilla/5.0 (Windows NT 10.0; Win64; x64) AppleWebKit/537.36 (KHTML, like Gecko) Chrome/120.0.0.0 Safari/537.36"
20.210.89.170 - - [23/Feb/2026:04:02:00 +0000] "GET /.well-known/ HTTP/1.1" 404 17174 "-" "Mozilla/5.0 (Windows NT 10.0; Win64; x64) AppleWebKit/537.36 (KHTML, like Gecko) Chrome/120.0.0.0 Safari/537.36"
20.210.89.170 - - [23/Feb/2026:04:02:01 +0000] "GET /info.php HTTP/1.1" 404 196 "-" "Mozilla/5.0 (Windows NT 10.0; Win64; x64) AppleWebKit/537.36 (KHTML, like Gecko) Chrome/120.0.0.0 Safari/537.36"
20.210.89.170 - - [23/Feb/2026:04:02:02 +0000] "GET /cgi-bin/ HTTP/1.1" 404 17173 "-" "Mozilla/5.0 (Windows NT 10.0; Win64; x64) AppleWebKit/537.36 (KHTML, like Gecko) Chrome/120.0.0.0 Safari/537.36"
20.210.89.170 - - [23/Feb/2026:04:02:05 +0000] "GET /uploads/ HTTP/1.1" 404 17164 "-" "Mozilla/5.0 (Windows NT 10.0; Win64; x64) AppleWebKit/537.36 (KHTML, like Gecko) Chrome/120.0.0.0 Safari/537.36"
20.210.89.170 - - [23/Feb/2026:04:02:06 +0000] "GET /wp-admin/images/ HTTP/1.1" 403 195 "-" "Mozilla/5.0 (Windows NT 10.0; Win64; x64) AppleWebKit/537.36 (KHTML, like Gecko) Chrome/120.0.0.0 Safari/537.36"
20.210.89.170 - - [23/Feb/2026:04:02:06 +0000] "GET /wp-includes/Requests/src/Response/about.php HTTP/1.1" 404 196 "-" "Mozilla/5.0 (Windows NT 10.0; Win64; x64) AppleWebKit/537.36 (KHTML, like Gecko) Chrome/120.0.0.0 Safari/537.36"
20.210.89.170 - - [23/Feb/2026:04:02:06 +0000] "GET /wp-includes/html-api/ HTTP/1.1" 403 195 "-" "Mozilla/5.0 (Windows NT 10.0; Win64; x64) AppleWebKit/537.36 (KHTML, like Gecko) Chrome/120.0.0.0 Safari/537.36"
20.210.89.170 - - [23/Feb/2026:04:02:07 +0000] "GET /wp-content/admin.php HTTP/1.1" 200 1782 "-" "Mozilla/5.0 (Windows NT 10.0; Win64; x64) AppleWebKit/537.36 (KHTML, like Gecko) Chrome/120.0.0.0 Safari/537.36"
20.210.89.170 - - [23/Feb/2026:04:02:07 +0000] "GET /adminfuns.php HTTP/1.1" 404 196 "-" "Mozilla/5.0 (Windows NT 10.0; Win64; x64) AppleWebKit/537.36 (KHTML, like Gecko) Chrome/120.0.0.0 Safari/537.36"
20.210.89.170 - - [23/Feb/2026:04:02:08 +0000] "GET /wp-admin/css/colors/ectoplasm/ HTTP/1.1" 403 195 "-" "Mozilla/5.0 (Windows NT 10.0; Win64; x64) AppleWebKit/537.36 (KHTML, like Gecko) Chrome/120.0.0.0 Safari/537.36"
20.210.89.170 - - [23/Feb/2026:04:02:08 +0000] "GET /wp-content/uploads/ HTTP/1.1" 403 195 "-" "Mozilla/5.0 (Windows NT 10.0; Win64; x64) AppleWebKit/537.36 (KHTML, like Gecko) Chrome/120.0.0.0 Safari/537.36"
20.210.89.170 - - [23/Feb/2026:04:02:08 +0000] "GET /wp-content/themes/admin.php HTTP/1.1" 404 196 "-" "Mozilla/5.0 (Windows NT 10.0; Win64; x64) AppleWebKit/537.36 (KHTML, like Gecko) Chrome/120.0.0.0 Safari/537.36"
20.210.89.170 - - [23/Feb/2026:04:02:09 +0000] "GET /wp-content/themes/index.php HTTP/1.1" 200 31 "-" "Mozilla/5.0 (Windows NT 10.0; Win64; x64) AppleWebKit/537.36 (KHTML, like Gecko) Chrome/120.0.0.0 Safari/537.36"
20.210.89.170 - - [23/Feb/2026:04:02:09 +0000] "GET /wp-content/plugins/index.php HTTP/1.1" 200 31 "-" "Mozilla/5.0 (Windows NT 10.0; Win64; x64) AppleWebKit/537.36 (KHTML, like Gecko) Chrome/120.0.0.0 Safari/537.36"
20.210.89.170 - - [23/Feb/2026:04:02:09 +0000] "GET /wp-includes/PHPMailer/ HTTP/1.1" 403 195 "-" "Mozilla/5.0 (Windows NT 10.0; Win64; x64) AppleWebKit/537.36 (KHTML, like Gecko) Chrome/120.0.0.0 Safari/537.36"
20.210.89.170 - - [23/Feb/2026:04:02:10 +0000] "GET /wp-includes/images/ HTTP/1.1" 403 195 "-" "Mozilla/5.0 (Windows NT 10.0; Win64; x64) AppleWebKit/537.36 (KHTML, like Gecko) Chrome/120.0.0.0 Safari/537.36"
20.210.89.170 - - [23/Feb/2026:04:02:12 +0000] "GET /wp-content/plugins/WordPressCore/ HTTP/1.1" 404 17272 "-" "Mozilla/5.0 (Windows NT 10.0; Win64; x64) AppleWebKit/537.36 (KHTML, like Gecko) Chrome/120.0.0.0 Safari/537.36"
172.187.168.139 - - [23/Feb/2026:04:06:33 +0000] "POST /wp-cron.php?doing_wp_cron=1771819593.2974119186401367187500 HTTP/1.1" 200 31 "-" "WordPress/6.9.1; https://doccure-wp.dreamstechnologies.com"
50.17.185.102 - - [23/Feb/2026:04:06:33 +0000] "GET / HTTP/1.1" 200 29869 "-" "FreshpingBot/1.0 (+https://freshping.io/)"
172.187.168.139 - - [23/Feb/2026:04:07:38 +0000] "POST /wp-cron.php?doing_wp_cron=1771819658.0781199932098388671875 HTTP/1.1" 200 31 "-" "WordPress/6.9.1; https://doccure-wp.dreamstechnologies.com"
14.189.202.231 - - [23/Feb/2026:04:07:38 +0000] "GET /skachat-besplatno-x-casino-dlja-android24258/ HTTP/1.1" 404 17205 "-" "Mozilla/5.0 (Windows NT 10.0; WOW64) AppleWebKit/537.36 (KHTML, like Gecko) Chrome/67.0.3396.87 Safari/537.36"
176.28.167.139 - - [23/Feb/2026:04:09:34 +0000] "GET /wp-content/plugins/xppod/index.php HTTP/1.1" 200 3858 "-" "Mozilla/5.0 (Windows NT 10.0; Win64; x64) AppleWebKit/537.36 (KHTML, like Gecko) Chrome/120.0.0.0 Safari/537.36"
176.28.167.139 - - [23/Feb/2026:04:09:34 +0000] "GET /wp-content/plugins/kpper/index.php HTTP/1.1" 200 3860 "-" "Mozilla/5.0 (Windows NT 10.0; Win64; x64; rv:120.0) Gecko/20100101 Firefox/120.0"
172.187.168.139 - - [23/Feb/2026:04:11:42 +0000] "POST /wp-cron.php?doing_wp_cron=1771819902.6538550853729248046875 HTTP/1.1" 200 31 "-" "WordPress/6.9.1; https://doccure-wp.dreamstechnologies.com"
35.173.69.86 - - [23/Feb/2026:04:11:42 +0000] "GET / HTTP/1.1" 200 29869 "-" "FreshpingBot/1.0 (+https://freshping.io/)"
139.47.49.48 - - [23/Feb/2026:04:11:44 +0000] "POST /xmlrpc.php HTTP/1.1" 405 428 "-" "XML-RPC for PHP 4.11.1"
103.249.250.193 - - [23/Feb/2026:04:12:13 +0000] "GET /wp-content/uploads/2025/01/banner-icon-4-1.png HTTP/1.1" 304 0 "https://whitesmoke-bee-966588.hostingersite.com/" "Mozilla/5.0 (Windows NT 10.0; Win64; x64) AppleWebKit/537.36 (KHTML, like Gecko) Chrome/145.0.0.0 Safari/537.36"
103.249.250.193 - - [23/Feb/2026:04:12:13 +0000] "GET /wp-content/uploads/2025/01/video-1.svg HTTP/1.1" 304 0 "https://whitesmoke-bee-966588.hostingersite.com/" "Mozilla/5.0 (Windows NT 10.0; Win64; x64) AppleWebKit/537.36 (KHTML, like Gecko) Chrome/145.0.0.0 Safari/537.36"
103.249.250.193 - - [23/Feb/2026:04:12:13 +0000] "GET /wp-content/uploads/2025/01/banner-patient-3-1.jpg HTTP/1.1" 304 0 "https://whitesmoke-bee-966588.hostingersite.com/" "Mozilla/5.0 (Windows NT 10.0; Win64; x64) AppleWebKit/537.36 (KHTML, like Gecko) Chrome/145.0.0.0 Safari/537.36"
103.249.250.193 - - [23/Feb/2026:04:12:13 +0000] "GET /wp-content/uploads/2025/01/banner-icon-5-1.svg HTTP/1.1" 304 0 "https://whitesmoke-bee-966588.hostingersite.com/" "Mozilla/5.0 (Windows NT 10.0; Win64; x64) AppleWebKit/537.36 (KHTML, like Gecko) Chrome/145.0.0.0 Safari/537.36"
103.249.250.193 - - [23/Feb/2026:04:12:13 +0000] "GET /wp-content/uploads/2025/01/banner-patient-2-1.jpg HTTP/1.1" 304 0 "https://whitesmoke-bee-966588.hostingersite.com/" "Mozilla/5.0 (Windows NT 10.0; Win64; x64) AppleWebKit/537.36 (KHTML, like Gecko) Chrome/145.0.0.0 Safari/537.36"
103.249.250.193 - - [23/Feb/2026:04:12:13 +0000] "GET /wp-content/uploads/2025/01/banner-icon-1-1.png HTTP/1.1" 304 0 "https://whitesmoke-bee-966588.hostingersite.com/" "Mozilla/5.0 (Windows NT 10.0; Win64; x64) AppleWebKit/537.36 (KHTML, like Gecko) Chrome/145.0.0.0 Safari/537.36"
103.249.250.193 - - [23/Feb/2026:04:12:13 +0000] "GET /wp-content/uploads/2025/01/banner-icon-3-1.png HTTP/1.1" 304 0 "https://whitesmoke-bee-966588.hostingersite.com/" "Mozilla/5.0 (Windows NT 10.0; Win64; x64) AppleWebKit/537.36 (KHTML, like Gecko) Chrome/145.0.0.0 Safari/537.36"
103.249.250.193 - - [23/Feb/2026:04:12:13 +0000] "GET /wp-content/uploads/2025/01/banner-icon-2-1.png HTTP/1.1" 304 0 "https://whitesmoke-bee-966588.hostingersite.com/" "Mozilla/5.0 (Windows NT 10.0; Win64; x64) AppleWebKit/537.36 (KHTML, like Gecko) Chrome/145.0.0.0 Safari/537.36"
103.249.250.193 - - [23/Feb/2026:04:12:13 +0000] "GET /wp-content/uploads/2025/01/speciality-01-1.jpg HTTP/1.1" 304 0 "https://whitesmoke-bee-966588.hostingersite.com/" "Mozilla/5.0 (Windows NT 10.0; Win64; x64) AppleWebKit/537.36 (KHTML, like Gecko) Chrome/145.0.0.0 Safari/537.36"
103.249.250.193 - - [23/Feb/2026:04:12:13 +0000] "GET /wp-content/uploads/2025/01/banner-patient-1-1.jpg HTTP/1.1" 304 0 "https://whitesmoke-bee-966588.hostingersite.com/" "Mozilla/5.0 (Windows NT 10.0; Win64; x64) AppleWebKit/537.36 (KHTML, like Gecko) Chrome/145.0.0.0 Safari/537.36"
103.249.250.193 - - [23/Feb/2026:04:12:13 +0000] "GET /wp-content/uploads/2025/01/speciality-05-1.jpg HTTP/1.1" 304 0 "https://whitesmoke-bee-966588.hostingersite.com/" "Mozilla/5.0 (Windows NT 10.0; Win64; x64) AppleWebKit/537.36 (KHTML, like Gecko) Chrome/145.0.0.0 Safari/537.36"
103.249.250.193 - - [23/Feb/2026:04:12:13 +0000] "GET /wp-content/uploads/2025/01/speciality-04-1.jpg HTTP/1.1" 304 0 "https://whitesmoke-bee-966588.hostingersite.com/" "Mozilla/5.0 (Windows NT 10.0; Win64; x64) AppleWebKit/537.36 (KHTML, like Gecko) Chrome/145.0.0.0 Safari/537.36"
103.249.250.193 - - [23/Feb/2026:04:12:13 +0000] "GET /wp-content/uploads/2025/01/company-01-1.svg HTTP/1.1" 200 5600 "https://whitesmoke-bee-966588.hostingersite.com/" "Mozilla/5.0 (Windows NT 10.0; Win64; x64) AppleWebKit/537.36 (KHTML, like Gecko) Chrome/145.0.0.0 Safari/537.36"
103.249.250.193 - - [23/Feb/2026:04:12:13 +0000] "GET /wp-content/uploads/2025/01/book-03-1.jpg HTTP/1.1" 304 0 "https://whitesmoke-bee-966588.hostingersite.com/" "Mozilla/5.0 (Windows NT 10.0; Win64; x64) AppleWebKit/537.36 (KHTML, like Gecko) Chrome/145.0.0.0 Safari/537.36"
103.249.250.193 - - [23/Feb/2026:04:12:13 +0000] "GET /wp-content/uploads/2025/01/company-07-1.svg HTTP/1.1" 200 6375 "https://whitesmoke-bee-966588.hostingersite.com/" "Mozilla/5.0 (Windows NT 10.0; Win64; x64) AppleWebKit/537.36 (KHTML, like Gecko) Chrome/145.0.0.0 Safari/537.36"
103.249.250.193 - - [23/Feb/2026:04:12:13 +0000] "GET /wp-content/uploads/2025/01/book-02-1.jpg HTTP/1.1" 304 0 "https://whitesmoke-bee-966588.hostingersite.com/" "Mozilla/5.0 (Windows NT 10.0; Win64; x64) AppleWebKit/537.36 (KHTML, like Gecko) Chrome/145.0.0.0 Safari/537.36"
103.249.250.193 - - [23/Feb/2026:04:12:13 +0000] "GET /wp-content/uploads/2025/01/book-01-1.jpg HTTP/1.1" 304 0 "https://whitesmoke-bee-966588.hostingersite.com/" "Mozilla/5.0 (Windows NT 10.0; Win64; x64) AppleWebKit/537.36 (KHTML, like Gecko) Chrome/145.0.0.0 Safari/537.36"
172.187.168.139 - - [23/Feb/2026:04:13:00 +0000] "POST /wp-cron.php?doing_wp_cron=1771819980.7953751087188720703125 HTTP/1.1" 200 31 "-" "WordPress/6.9.1; https://doccure-wp.dreamstechnologies.com"
14.247.227.195 - - [23/Feb/2026:04:13:00 +0000] "GET /doctors/testcli-testcli/ HTTP/1.1" 404 17201 "-" "Mozilla/5.0 (Macintosh; Intel Mac OS X 10_11_6) AppleWebKit/537.36 (KHTML, like Gecko) Chrome/86.0.4240.111 Safari/537.36"
172.187.168.139 - - [23/Feb/2026:04:13:54 +0000] "POST /wp-cron.php?doing_wp_cron=1771820034.4363319873809814453125 HTTP/1.1" 200 31 "-" "WordPress/6.9.1; https://doccure-wp.dreamstechnologies.com"
144.124.192.8 - - [23/Feb/2026:04:13:54 +0000] "GET / HTTP/1.1" 200 29869 "-" "Mozilla/5.0 (Windows NT 10.0; Win64; x64) AppleWebKit/537.36 (KHTML, like Gecko) Chrome/120.0.0.0 Safari/537.36"
45.235.202.44 - - [23/Feb/2026:04:13:58 +0000] "GET /wp-login.php HTTP/1.1" 200 2428 "-" "Mozilla/5.0 (Windows NT 10.0; Win64; x64) AppleWebKit/537.36 (KHTML, like Gecko) Chrome/120.0.0.0 Safari/537.36"
45.235.202.44 - - [23/Feb/2026:04:14:01 +0000] "POST /wp-login.php HTTP/1.1" 302 11 "https://doccure-wp.dreamstechnologies.com/wp-login.php" "Mozilla/5.0 (Windows NT 10.0; Win64; x64) AppleWebKit/537.36 (KHTML, like Gecko) Chrome/120.0.0.0 Safari/537.36"
45.235.202.44 - - [23/Feb/2026:04:14:03 +0000] "GET /wp-admin/ HTTP/1.1" 200 97397 "https://doccure-wp.dreamstechnologies.com/wp-login.php" "Mozilla/5.0 (Windows NT 10.0; Win64; x64) AppleWebKit/537.36 (KHTML, like Gecko) Chrome/120.0.0.0 Safari/537.36"
152.37.119.96 - - [23/Feb/2026:04:14:06 +0000] "POST /xmlrpc.php HTTP/1.1" 405 428 "-" "WordPress/5.0; https://doccure-wp.dreamstechnologies.com"
152.37.119.96 - - [23/Feb/2026:04:14:08 +0000] "GET /wp-admin/admin-ajax.php?action=rest-nonce HTTP/1.1" 200 40 "-" "Mozilla/5.0 (Windows NT 10.0; Win64; x64) AppleWebKit/537.36 (KHTML, like Gecko) Chrome/120.0.0.0 Safari/537.36"
152.37.119.96 - - [23/Feb/2026:04:14:09 +0000] "GET /wp-json/wp/v2/plugins HTTP/1.1" 200 27142 "-" "Mozilla/5.0 (Windows NT 10.0; Win64; x64) AppleWebKit/537.36 (KHTML, like Gecko) Chrome/120.0.0.0 Safari/537.36"
152.37.119.96 - - [23/Feb/2026:04:14:12 +0000] "GET /wp-json/wp/v2/settings HTTP/1.1" 200 889 "-" "Mozilla/5.0 (Windows NT 10.0; Win64; x64) AppleWebKit/537.36 (KHTML, like Gecko) Chrome/120.0.0.0 Safari/537.36"
172.187.168.139 - - [23/Feb/2026:04:14:14 +0000] "POST /wp-cron.php?doing_wp_cron=1771820054.4955289363861083984375 HTTP/1.1" 200 31 "-" "WordPress/6.9.1; https://doccure-wp.dreamstechnologies.com"
152.37.119.96 - - [23/Feb/2026:04:14:14 +0000] "GET /wp-json/wp/v2/pages/5756 HTTP/1.1" 200 84117 "-" "Mozilla/5.0 (Windows NT 10.0; Win64; x64) AppleWebKit/537.36 (KHTML, like Gecko) Chrome/120.0.0.0 Safari/537.36"
152.37.119.96 - - [23/Feb/2026:04:14:19 +0000] "GET /wp-admin/post.php?post=5756&action=elementor HTTP/1.1" 200 213709 "-" "Mozilla/5.0 (Windows NT 10.0; Win64; x64) AppleWebKit/537.36 (KHTML, like Gecko) Chrome/120.0.0.0 Safari/537.36"
27.2.24.97 - - [23/Feb/2026:04:14:26 +0000] "GET / HTTP/1.1" 200 29869 "-" "Mozilla/5.0 (Windows NT 10.0; Win64; x64) AppleWebKit/537.36 (KHTML, like Gecko) Chrome/120.0.0.0 Safari/537.36"
179.60.64.105 - - [23/Feb/2026:04:14:34 +0000] "POST /wp-login.php HTTP/1.1" 302 11 "https://doccure-wp.dreamstechnologies.com/wp-login.php" "Mozilla/5.0 (Windows NT 10.0; Win64; x64) AppleWebKit/537.36 (KHTML, like Gecko) Chrome/120.0.0.0 Safari/537.36"
179.60.64.105 - - [23/Feb/2026:04:14:36 +0000] "GET /wp-admin/ HTTP/1.1" 200 97349 "https://doccure-wp.dreamstechnologies.com/wp-login.php" "Mozilla/5.0 (Windows NT 10.0; Win64; x64) AppleWebKit/537.36 (KHTML, like Gecko) Chrome/120.0.0.0 Safari/537.36"
2402:8100:2841:7ad9:f88e:e1ff:fea6:4ee4 - - [23/Feb/2026:04:14:37 +0000] "GET /wp-content/uploads/2025/01/banner-doctor-1.svg HTTP/1.1" 304 0 "https://www.citicare.ae/" "Mozilla/5.0 (Linux; Android 15; 23021RAAEG Build/AQ3A.240829.003; wv) AppleWebKit/537.36 (KHTML, like Gecko) Version/4.0 Chrome/145.0.7632.103 Mobile Safari/537.36 Instagram 417.0.0.54.77 Android (35/15; 440dpi; 1080x2400; Xiaomi/Redmi; 23021RAAEG; tapas; qcom; en_US; 884780529; IABMV/1) NV/5"
2402:8100:2841:7ad9:f88e:e1ff:fea6:4ee4 - - [23/Feb/2026:04:14:39 +0000] "GET /wp-content/uploads/2025/01/banner-icon-4-1.png HTTP/1.1" 304 0 "https://www.citicare.ae/" "Mozilla/5.0 (Linux; Android 15; 23021RAAEG Build/AQ3A.240829.003; wv) AppleWebKit/537.36 (KHTML, like Gecko) Version/4.0 Chrome/145.0.7632.103 Mobile Safari/537.36 Instagram 417.0.0.54.77 Android (35/15; 440dpi; 1080x2400; Xiaomi/Redmi; 23021RAAEG; tapas; qcom; en_US; 884780529; IABMV/1) NV/5"
2001:e68:544f:58ad:9ca0:a34d:be5a:e650 - - [23/Feb/2026:04:14:41 +0000] "POST /xmlrpc.php HTTP/1.1" 405 428 "-" "WordPress/5.0; https://doccure-wp.dreamstechnologies.com"
2001:e68:544f:58ad:9ca0:a34d:be5a:e650 - - [23/Feb/2026:04:14:43 +0000] "GET /wp-admin/admin-ajax.php?action=rest-nonce HTTP/1.1" 200 42 "-" "Mozilla/5.0 (Windows NT 10.0; Win64; x64) AppleWebKit/537.36 (KHTML, like Gecko) Chrome/120.0.0.0 Safari/537.36"
2402:8100:2841:7ad9:f88e:e1ff:fea6:4ee4 - - [23/Feb/2026:04:14:43 +0000] "GET /wp-content/uploads/2025/01/speciality-icon-08-1.svg HTTP/1.1" 304 0 "https://www.citicare.ae/" "Mozilla/5.0 (Linux; Android 15; 23021RAAEG Build/AQ3A.240829.003; wv) AppleWebKit/537.36 (KHTML, like Gecko) Version/4.0 Chrome/145.0.7632.103 Mobile Safari/537.36 Instagram 417.0.0.54.77 Android (35/15; 440dpi; 1080x2400; Xiaomi/Redmi; 23021RAAEG; tapas; qcom; en_US; 884780529; IABMV/1) NV/5"
2402:8100:2841:7ad9:f88e:e1ff:fea6:4ee4 - - [23/Feb/2026:04:14:44 +0000] "GET /wp-content/uploads/2025/01/speciality-icon-05-1.svg HTTP/1.1" 304 0 "https://www.citicare.ae/" "Mozilla/5.0 (Linux; Android 15; 23021RAAEG Build/AQ3A.240829.003; wv) AppleWebKit/537.36 (KHTML, like Gecko) Version/4.0 Chrome/145.0.7632.103 Mobile Safari/537.36 Instagram 417.0.0.54.77 Android (35/15; 440dpi; 1080x2400; Xiaomi/Redmi; 23021RAAEG; tapas; qcom; en_US; 884780529; IABMV/1) NV/5"
2402:8100:2841:7ad9:f88e:e1ff:fea6:4ee4 - - [23/Feb/2026:04:14:44 +0000] "GET /wp-content/uploads/2025/01/speciality-icon-06-1.svg HTTP/1.1" 304 0 "https://www.citicare.ae/" "Mozilla/5.0 (Linux; Android 15; 23021RAAEG Build/AQ3A.240829.003; wv) AppleWebKit/537.36 (KHTML, like Gecko) Version/4.0 Chrome/145.0.7632.103 Mobile Safari/537.36 Instagram 417.0.0.54.77 Android (35/15; 440dpi; 1080x2400; Xiaomi/Redmi; 23021RAAEG; tapas; qcom; en_US; 884780529; IABMV/1) NV/5"
2001:e68:544f:58ad:9ca0:a34d:be5a:e650 - - [23/Feb/2026:04:14:45 +0000] "GET /wp-json/wp/v2/plugins HTTP/1.1" 200 27142 "-" "Mozilla/5.0 (Windows NT 10.0; Win64; x64) AppleWebKit/537.36 (KHTML, like Gecko) Chrome/120.0.0.0 Safari/537.36"
2402:8100:2841:7ad9:f88e:e1ff:fea6:4ee4 - - [23/Feb/2026:04:14:45 +0000] "GET /wp-content/uploads/2025/01/speciality-07-1.jpg HTTP/1.1" 304 0 "https://www.citicare.ae/" "Mozilla/5.0 (Linux; Android 15; 23021RAAEG Build/AQ3A.240829.003; wv) AppleWebKit/537.36 (KHTML, like Gecko) Version/4.0 Chrome/145.0.7632.103 Mobile Safari/537.36 Instagram 417.0.0.54.77 Android (35/15; 440dpi; 1080x2400; Xiaomi/Redmi; 23021RAAEG; tapas; qcom; en_US; 884780529; IABMV/1) NV/5"
2402:8100:2841:7ad9:f88e:e1ff:fea6:4ee4 - - [23/Feb/2026:04:14:45 +0000] "GET /wp-content/uploads/2025/01/speciality-icon-07-1.svg HTTP/1.1" 304 0 "https://www.citicare.ae/" "Mozilla/5.0 (Linux; Android 15; 23021RAAEG Build/AQ3A.240829.003; wv) AppleWebKit/537.36 (KHTML, like Gecko) Version/4.0 Chrome/145.0.7632.103 Mobile Safari/537.36 Instagram 417.0.0.54.77 Android (35/15; 440dpi; 1080x2400; Xiaomi/Redmi; 23021RAAEG; tapas; qcom; en_US; 884780529; IABMV/1) NV/5"
2402:8100:2841:7ad9:f88e:e1ff:fea6:4ee4 - - [23/Feb/2026:04:14:46 +0000] "GET /wp-content/uploads/2025/01/speciality-08-1.jpg HTTP/1.1" 304 0 "https://www.citicare.ae/" "Mozilla/5.0 (Linux; Android 15; 23021RAAEG Build/AQ3A.240829.003; wv) AppleWebKit/537.36 (KHTML, like Gecko) Version/4.0 Chrome/145.0.7632.103 Mobile Safari/537.36 Instagram 417.0.0.54.77 Android (35/15; 440dpi; 1080x2400; Xiaomi/Redmi; 23021RAAEG; tapas; qcom; en_US; 884780529; IABMV/1) NV/5"
2001:e68:544f:58ad:9ca0:a34d:be5a:e650 - - [23/Feb/2026:04:14:48 +0000] "GET /wp-json/wp/v2/settings HTTP/1.1" 200 889 "-" "Mozilla/5.0 (Windows NT 10.0; Win64; x64) AppleWebKit/537.36 (KHTML, like Gecko) Chrome/120.0.0.0 Safari/537.36"
2001:e68:544f:58ad:9ca0:a34d:be5a:e650 - - [23/Feb/2026:04:14:50 +0000] "GET /wp-json/wp/v2/pages/5756 HTTP/1.1" 200 84117 "-" "Mozilla/5.0 (Windows NT 10.0; Win64; x64) AppleWebKit/537.36 (KHTML, like Gecko) Chrome/120.0.0.0 Safari/537.36"
2001:e68:544f:58ad:9ca0:a34d:be5a:e650 - - [23/Feb/2026:04:14:53 +0000] "GET /wp-admin/post.php?post=5756&action=elementor HTTP/1.1" 200 213696 "-" "Mozilla/5.0 (Windows NT 10.0; Win64; x64) AppleWebKit/537.36 (KHTML, like Gecko) Chrome/120.0.0.0 Safari/537.36"
217.82.207.127 - - [23/Feb/2026:04:14:59 +0000] "GET / HTTP/1.1" 200 29869 "-" "Mozilla/5.0 (Windows NT 10.0; Win64; x64) AppleWebKit/537.36 (KHTML, like Gecko) Chrome/120.0.0.0 Safari/537.36"
188.7.212.113 - - [23/Feb/2026:04:15:02 +0000] "GET /wp-login.php HTTP/1.1" 200 2428 "-" "Mozilla/5.0 (Windows NT 10.0; Win64; x64) AppleWebKit/537.36 (KHTML, like Gecko) Chrome/120.0.0.0 Safari/537.36"
188.7.212.113 - - [23/Feb/2026:04:15:09 +0000] "POST /wp-login.php HTTP/1.1" 302 11 "https://doccure-wp.dreamstechnologies.com/wp-login.php" "Mozilla/5.0 (Windows NT 10.0; Win64; x64) AppleWebKit/537.36 (KHTML, like Gecko) Chrome/120.0.0.0 Safari/537.36"
172.187.168.139 - - [23/Feb/2026:04:15:28 +0000] "POST /wp-cron.php?doing_wp_cron=1771820128.4054560661315917968750 HTTP/1.1" 200 31 "-" "WordPress/6.9.1; https://doccure-wp.dreamstechnologies.com"
185.244.152.84 - - [23/Feb/2026:04:15:28 +0000] "POST /wp-login.php HTTP/1.1" 302 11 "https://doccure-wp.dreamstechnologies.com/wp-login.php" "Mozilla/5.0 (Windows NT 10.0; Win64; x64) AppleWebKit/537.36 (KHTML, like Gecko) Chrome/120.0.0.0 Safari/537.36"
185.244.152.84 - - [23/Feb/2026:04:15:30 +0000] "GET /wp-admin/ HTTP/1.1" 200 97362 "https://doccure-wp.dreamstechnologies.com/wp-login.php" "Mozilla/5.0 (Windows NT 10.0; Win64; x64) AppleWebKit/537.36 (KHTML, like Gecko) Chrome/120.0.0.0 Safari/537.36"
84.247.42.183 - - [23/Feb/2026:04:15:34 +0000] "POST /xmlrpc.php HTTP/1.1" 405 428 "-" "WordPress/5.0; https://doccure-wp.dreamstechnologies.com"
84.247.42.183 - - [23/Feb/2026:04:15:35 +0000] "GET /wp-admin/admin-ajax.php?action=rest-nonce HTTP/1.1" 200 42 "-" "Mozilla/5.0 (Windows NT 10.0; Win64; x64) AppleWebKit/537.36 (KHTML, like Gecko) Chrome/120.0.0.0 Safari/537.36"
84.247.42.183 - - [23/Feb/2026:04:15:37 +0000] "GET /wp-json/wp/v2/plugins HTTP/1.1" 200 27142 "-" "Mozilla/5.0 (Windows NT 10.0; Win64; x64) AppleWebKit/537.36 (KHTML, like Gecko) Chrome/120.0.0.0 Safari/537.36"
84.247.42.183 - - [23/Feb/2026:04:15:40 +0000] "GET /wp-json/wp/v2/settings HTTP/1.1" 200 889 "-" "Mozilla/5.0 (Windows NT 10.0; Win64; x64) AppleWebKit/537.36 (KHTML, like Gecko) Chrome/120.0.0.0 Safari/537.36"
84.247.42.183 - - [23/Feb/2026:04:15:42 +0000] "GET /wp-json/wp/v2/pages/5756 HTTP/1.1" 200 84117 "-" "Mozilla/5.0 (Windows NT 10.0; Win64; x64) AppleWebKit/537.36 (KHTML, like Gecko) Chrome/120.0.0.0 Safari/537.36"
84.247.42.183 - - [23/Feb/2026:04:15:44 +0000] "GET /wp-admin/post.php?post=5756&action=elementor HTTP/1.1" 200 213723 "-" "Mozilla/5.0 (Windows NT 10.0; Win64; x64) AppleWebKit/537.36 (KHTML, like Gecko) Chrome/120.0.0.0 Safari/537.36"
105.104.92.135 - - [23/Feb/2026:04:15:49 +0000] "GET / HTTP/1.1" 200 29869 "-" "Mozilla/5.0 (Windows NT 10.0; Win64; x64) AppleWebKit/537.36 (KHTML, like Gecko) Chrome/120.0.0.0 Safari/537.36"
2401:4900:1cc4:4c11:9d0e:5015:6fb5:5fe7 - - [23/Feb/2026:04:15:51 +0000] "GET /wp-content/uploads/2025/01/book-02-1.jpg HTTP/1.1" 304 0 "https://whitesmoke-bee-966588.hostingersite.com/" "Mozilla/5.0 (Windows NT 10.0; Win64; x64) AppleWebKit/537.36 (KHTML, like Gecko) Chrome/145.0.0.0 Safari/537.36"
219.104.169.225 - - [23/Feb/2026:04:15:54 +0000] "GET /wp-login.php HTTP/1.1" 200 2428 "-" "Mozilla/5.0 (Windows NT 10.0; Win64; x64) AppleWebKit/537.36 (KHTML, like Gecko) Chrome/120.0.0.0 Safari/537.36"
219.104.169.225 - - [23/Feb/2026:04:15:56 +0000] "POST /wp-login.php HTTP/1.1" 302 11 "https://doccure-wp.dreamstechnologies.com/wp-login.php" "Mozilla/5.0 (Windows NT 10.0; Win64; x64) AppleWebKit/537.36 (KHTML, like Gecko) Chrome/120.0.0.0 Safari/537.36"
219.104.169.225 - - [23/Feb/2026:04:15:59 +0000] "GET /wp-admin/ HTTP/1.1" 200 97362 "https://doccure-wp.dreamstechnologies.com/wp-login.php" "Mozilla/5.0 (Windows NT 10.0; Win64; x64) AppleWebKit/537.36 (KHTML, like Gecko) Chrome/120.0.0.0 Safari/537.36"
85.204.70.98 - - [23/Feb/2026:04:16:02 +0000] "POST /xmlrpc.php HTTP/1.1" 405 428 "-" "WordPress/5.0; https://doccure-wp.dreamstechnologies.com"
85.204.70.98 - - [23/Feb/2026:04:16:04 +0000] "GET /wp-admin/admin-ajax.php?action=rest-nonce HTTP/1.1" 200 42 "-" "Mozilla/5.0 (Windows NT 10.0; Win64; x64) AppleWebKit/537.36 (KHTML, like Gecko) Chrome/120.0.0.0 Safari/537.36"
85.204.70.98 - - [23/Feb/2026:04:16:06 +0000] "GET /wp-json/wp/v2/plugins HTTP/1.1" 200 27142 "-" "Mozilla/5.0 (Windows NT 10.0; Win64; x64) AppleWebKit/537.36 (KHTML, like Gecko) Chrome/120.0.0.0 Safari/537.36"
85.204.70.98 - - [23/Feb/2026:04:16:10 +0000] "GET /wp-json/wp/v2/settings HTTP/1.1" 200 889 "-" "Mozilla/5.0 (Windows NT 10.0; Win64; x64) AppleWebKit/537.36 (KHTML, like Gecko) Chrome/120.0.0.0 Safari/537.36"
85.204.70.98 - - [23/Feb/2026:04:16:13 +0000] "GET /wp-json/wp/v2/pages/5756 HTTP/1.1" 200 84117 "-" "Mozilla/5.0 (Windows NT 10.0; Win64; x64) AppleWebKit/537.36 (KHTML, like Gecko) Chrome/120.0.0.0 Safari/537.36"
172.187.168.139 - - [23/Feb/2026:04:16:14 +0000] "POST /wp-cron.php?doing_wp_cron=1771820174.0326418876647949218750 HTTP/1.1" 200 31 "-" "WordPress/6.9.1; https://doccure-wp.dreamstechnologies.com"
35.173.69.86 - - [23/Feb/2026:04:16:14 +0000] "GET / HTTP/1.1" 200 29869 "-" "FreshpingBot/1.0 (+https://freshping.io/)"
66.249.70.141 - - [23/Feb/2026:04:16:16 +0000] "GET /robots.txt HTTP/1.1" 200 427 "-" "Mozilla/5.0 (compatible; Googlebot/2.1; +http://www.google.com/bot.html)"
85.204.70.98 - - [23/Feb/2026:04:16:16 +0000] "GET /wp-admin/post.php?post=5756&action=elementor HTTP/1.1" 200 213695 "-" "Mozilla/5.0 (Windows NT 10.0; Win64; x64) AppleWebKit/537.36 (KHTML, like Gecko) Chrome/120.0.0.0 Safari/537.36"
66.249.70.140 - - [23/Feb/2026:04:16:16 +0000] "GET /wp-content/uploads/2025/01/banner-doctor-1.svg HTTP/1.1" 304 0 "https://panaceahealthmall.com/" "Mozilla/5.0 (Linux; Android 6.0.1; Nexus 5X Build/MMB29P) AppleWebKit/537.36 (KHTML, like Gecko) Chrome/144.0.7559.132 Mobile Safari/537.36 (compatible; Googlebot/2.1; +http://www.google.com/bot.html)"
66.249.70.139 - - [23/Feb/2026:04:16:17 +0000] "GET /wp-content/uploads/2025/01/list-icon-02-1.svg HTTP/1.1" 304 0 "https://panaceahealthmall.com/" "Mozilla/5.0 (Linux; Android 6.0.1; Nexus 5X Build/MMB29P) AppleWebKit/537.36 (KHTML, like Gecko) Chrome/144.0.7559.132 Mobile Safari/537.36 (compatible; Googlebot/2.1; +http://www.google.com/bot.html)"
66.249.70.139 - - [23/Feb/2026:04:16:17 +0000] "GET /wp-content/uploads/2025/01/company-05-1.svg HTTP/1.1" 304 0 "https://panaceahealthmall.com/" "Mozilla/5.0 AppleWebKit/537.36 (KHTML, like Gecko; compatible; Googlebot/2.1; +http://www.google.com/bot.html) Chrome/144.0.7559.132 Safari/537.36"
66.249.70.139 - - [23/Feb/2026:04:16:19 +0000] "GET /wp-content/uploads/2025/01/company-08-1.svg HTTP/1.1" 304 0 "https://panaceahealthmall.com/" "Mozilla/5.0 AppleWebKit/537.36 (KHTML, like Gecko; compatible; Googlebot/2.1; +http://www.google.com/bot.html) Chrome/144.0.7559.132 Safari/537.36"
66.249.70.140 - - [23/Feb/2026:04:16:22 +0000] "GET /wp-content/uploads/2025/01/google-play-01-1.svg HTTP/1.1" 304 0 "https://panaceahealthmall.com/" "Mozilla/5.0 AppleWebKit/537.36 (KHTML, like Gecko; compatible; Googlebot/2.1; +http://www.google.com/bot.html) Chrome/144.0.7559.132 Safari/537.36"
181.161.242.200 - - [23/Feb/2026:04:16:24 +0000] "GET / HTTP/1.1" 200 29869 "-" "Mozilla/5.0 (Windows NT 10.0; Win64; x64) AppleWebKit/537.36 (KHTML, like Gecko) Chrome/120.0.0.0 Safari/537.36"
66.249.70.139 - - [23/Feb/2026:04:16:24 +0000] "GET /wp-content/uploads/2025/01/company-01-1.svg HTTP/1.1" 304 0 "https://panaceahealthmall.com/" "Mozilla/5.0 AppleWebKit/537.36 (KHTML, like Gecko; compatible; Googlebot/2.1; +http://www.google.com/bot.html) Chrome/144.0.7559.132 Safari/537.36"
66.249.70.139 - - [23/Feb/2026:04:16:25 +0000] "GET /wp-content/uploads/2025/01/list-icon-07-1.svg HTTP/1.1" 304 0 "https://panaceahealthmall.com/" "Mozilla/5.0 AppleWebKit/537.36 (KHTML, like Gecko; compatible; Googlebot/2.1; +http://www.google.com/bot.html) Chrome/144.0.7559.132 Safari/537.36"
66.249.70.139 - - [23/Feb/2026:04:16:26 +0000] "GET /wp-content/uploads/2025/01/speciality-icon-01-1.svg HTTP/1.1" 304 0 "https://panaceahealthmall.com/" "Mozilla/5.0 (Linux; Android 6.0.1; Nexus 5X Build/MMB29P) AppleWebKit/537.36 (KHTML, like Gecko) Chrome/144.0.7559.132 Mobile Safari/537.36 (compatible; Googlebot/2.1; +http://www.google.com/bot.html)"
84.64.239.188 - - [23/Feb/2026:04:16:27 +0000] "GET /wp-login.php HTTP/1.1" 200 2428 "-" "Mozilla/5.0 (Windows NT 10.0; Win64; x64) AppleWebKit/537.36 (KHTML, like Gecko) Chrome/120.0.0.0 Safari/537.36"
84.64.239.188 - - [23/Feb/2026:04:16:29 +0000] "POST /wp-login.php HTTP/1.1" 302 11 "https://doccure-wp.dreamstechnologies.com/wp-login.php" "Mozilla/5.0 (Windows NT 10.0; Win64; x64) AppleWebKit/537.36 (KHTML, like Gecko) Chrome/120.0.0.0 Safari/537.36"
84.64.239.188 - - [23/Feb/2026:04:16:31 +0000] "GET /wp-admin/ HTTP/1.1" 200 97359 "https://doccure-wp.dreamstechnologies.com/wp-login.php" "Mozilla/5.0 (Windows NT 10.0; Win64; x64) AppleWebKit/537.36 (KHTML, like Gecko) Chrome/120.0.0.0 Safari/537.36"
