107.22.22.85 - - [23/Feb/2026:13:05:40 +0000] "GET /wp-content/uploads/2025/01/banner-doctor-1.svg HTTP/1.1" 200 1246833 "https://dotelehealth.org/" "Mozilla/5.0 (iPhone; CPU iPhone OS 6_0 like Mac OS X) AppleWebKit/536.26 (KHTML, like Gecko) Version/6.0 Mobile/10A403 Safari/8536.25"
107.22.22.85 - - [23/Feb/2026:13:05:41 +0000] "GET /wp-content/uploads/2025/01/banner-bg-01-1.png HTTP/1.1" 200 111908 "https://dotelehealth.org/" "Mozilla/5.0 (iPhone; CPU iPhone OS 6_0 like Mac OS X) AppleWebKit/536.26 (KHTML, like Gecko) Version/6.0 Mobile/10A403 Safari/8536.25"
107.22.22.85 - - [23/Feb/2026:13:05:41 +0000] "GET /wp-content/uploads/2025/01/home-banner-bg-1.png HTTP/1.1" 200 1608405 "https://dotelehealth.org/" "Mozilla/5.0 (iPhone; CPU iPhone OS 6_0 like Mac OS X) AppleWebKit/536.26 (KHTML, like Gecko) Version/6.0 Mobile/10A403 Safari/8536.25"
172.187.168.139 - - [23/Feb/2026:13:06:23 +0000] "POST /wp-cron.php?doing_wp_cron=1771851983.6044080257415771484375 HTTP/1.1" 200 31 "-" "WordPress/6.9.1; https://doccure-wp.dreamstechnologies.com"
35.173.69.86 - - [23/Feb/2026:13:06:23 +0000] "GET / HTTP/1.1" 200 29871 "-" "FreshpingBot/1.0 (+https://freshping.io/)"
172.187.168.139 - - [23/Feb/2026:13:11:13 +0000] "POST /wp-cron.php?doing_wp_cron=1771852272.9861319065093994140625 HTTP/1.1" 200 31 "-" "WordPress/6.9.1; https://doccure-wp.dreamstechnologies.com"
149.102.234.191 - - [23/Feb/2026:13:11:13 +0000] "GET /wp-login.php HTTP/1.1" 200 2430 "-" "Mozilla/5.0 (Windows NT 10.0; Win64; x64) AppleWebKit/537.36 (KHTML, like Gecko) Chrome/114.0.0.0 Safari/537.36"
149.102.234.191 - - [23/Feb/2026:13:11:16 +0000] "POST /wp-login.php HTTP/1.1" 302 11 "-" "Mozilla/5.0 (Windows NT 10.0; Win64; x64) AppleWebKit/537.36 (KHTML, like Gecko) Chrome/114.0.0.0 Safari/537.36"
149.102.234.191 - - [23/Feb/2026:13:11:19 +0000] "GET / HTTP/1.1" 200 33206 "-" "Mozilla/5.0 (Windows NT 10.0; Win64; x64) AppleWebKit/537.36 (KHTML, like Gecko) Chrome/114.0.0.0 Safari/537.36"
50.17.185.102 - - [23/Feb/2026:13:11:24 +0000] "GET / HTTP/1.1" 200 29871 "-" "FreshpingBot/1.0 (+https://freshping.io/)"
149.102.234.191 - - [23/Feb/2026:13:11:24 +0000] "GET /wp-admin/post.php?post=5756&action=edit HTTP/1.1" 200 131336 "https://doccure-wp.dreamstechnologies.com/wp-admin" "Mozilla/5.0 (Windows NT 10.0; Win64; x64) AppleWebKit/537.36 (KHTML, like Gecko) Chrome/114.0.0.0 Safari/537.36"
149.102.234.191 - - [23/Feb/2026:13:11:30 +0000] "GET /wp-admin/post.php?post=5756&action=elementor HTTP/1.1" 200 213750 "https://doccure-wp.dreamstechnologies.com/wp-admin/post.php?post=5756&action=edit" "Mozilla/5.0 (Windows NT 10.0; Win64; x64) AppleWebKit/537.36 (KHTML, like Gecko) Chrome/114.0.0.0 Safari/537.36"
149.102.234.191 - - [23/Feb/2026:13:11:34 +0000] "GET /wp-admin/post.php?post=5756&action=elementor HTTP/1.1" 200 213763 "https://doccure-wp.dreamstechnologies.com/wp-admin/post.php?post=5756&action=edit" "Mozilla/5.0 (Windows NT 10.0; Win64; x64) AppleWebKit/537.36 (KHTML, like Gecko) Chrome/114.0.0.0 Safari/537.36"
172.187.168.139 - - [23/Feb/2026:13:13:05 +0000] "POST /wp-cron.php?doing_wp_cron=1771852385.8152379989624023437500 HTTP/1.1" 200 31 "-" "WordPress/6.9.1; https://doccure-wp.dreamstechnologies.com"
2a03:2880:f800:4:: - - [23/Feb/2026:13:13:05 +0000] "GET /wp-sitemap-posts-staff-1.xml HTTP/1.1" 200 347 "-" "meta-externalagent/1.1 (+https://developers.facebook.com/docs/sharing/webmasters/crawler)"
172.187.168.139 - - [23/Feb/2026:13:14:18 +0000] "POST /wp-cron.php?doing_wp_cron=1771852458.1052749156951904296875 HTTP/1.1" 200 31 "-" "WordPress/6.9.1; https://doccure-wp.dreamstechnologies.com"
68.9.177.29 - - [23/Feb/2026:13:14:18 +0000] "POST /xmlrpc.php HTTP/1.1" 405 428 "-" "XML-RPC for PHP 4.11.1"
172.187.168.139 - - [23/Feb/2026:13:16:33 +0000] "POST /wp-cron.php?doing_wp_cron=1771852593.2695379257202148437500 HTTP/1.1" 200 31 "-" "WordPress/6.9.1; https://doccure-wp.dreamstechnologies.com"
35.173.69.86 - - [23/Feb/2026:13:16:33 +0000] "GET / HTTP/1.1" 200 29871 "-" "FreshpingBot/1.0 (+https://freshping.io/)"
172.187.168.139 - - [23/Feb/2026:13:21:08 +0000] "POST /wp-cron.php?doing_wp_cron=1771852868.1939330101013183593750 HTTP/1.1" 200 31 "-" "WordPress/6.9.1; https://doccure-wp.dreamstechnologies.com"
50.17.185.102 - - [23/Feb/2026:13:21:08 +0000] "GET / HTTP/1.1" 200 29871 "-" "FreshpingBot/1.0 (+https://freshping.io/)"
172.187.168.139 - - [23/Feb/2026:13:24:10 +0000] "POST /wp-cron.php?doing_wp_cron=1771853050.5180211067199707031250 HTTP/1.1" 200 31 "-" "WordPress/6.9.1; https://doccure-wp.dreamstechnologies.com"
66.249.70.135 - - [23/Feb/2026:13:24:10 +0000] "GET /robots.txt HTTP/1.1" 200 427 "-" "Mozilla/5.0 (compatible; Googlebot/2.1; +http://www.google.com/bot.html)"
172.187.168.139 - - [23/Feb/2026:13:25:52 +0000] "POST /wp-cron.php?doing_wp_cron=1771853152.6767480373382568359375 HTTP/1.1" 200 31 "-" "WordPress/6.9.1; https://doccure-wp.dreamstechnologies.com"
31.171.154.236 - - [23/Feb/2026:13:25:52 +0000] "GET /wp-login.php HTTP/1.1" 200 2430 "-" "Mozilla/5.0 (Windows NT 10.0; Win64; x64) AppleWebKit/537.36 (KHTML, like Gecko) Chrome/114.0.0.0 Safari/537.36"
31.171.154.236 - - [23/Feb/2026:13:25:57 +0000] "POST /wp-login.php HTTP/1.1" 302 11 "-" "Mozilla/5.0 (Windows NT 10.0; Win64; x64) AppleWebKit/537.36 (KHTML, like Gecko) Chrome/114.0.0.0 Safari/537.36"
31.171.154.236 - - [23/Feb/2026:13:26:10 +0000] "GET / HTTP/1.1" 200 33199 "-" "Mozilla/5.0 (Windows NT 10.0; Win64; x64) AppleWebKit/537.36 (KHTML, like Gecko) Chrome/114.0.0.0 Safari/537.36"
31.171.154.236 - - [23/Feb/2026:13:26:12 +0000] "GET /wp-admin/post.php?post=5756&action=edit HTTP/1.1" 200 131293 "https://doccure-wp.dreamstechnologies.com/wp-admin" "Mozilla/5.0 (Windows NT 10.0; Win64; x64) AppleWebKit/537.36 (KHTML, like Gecko) Chrome/114.0.0.0 Safari/537.36"
172.187.168.139 - - [23/Feb/2026:13:26:15 +0000] "POST /wp-cron.php?doing_wp_cron=1771853175.1496160030364990234375 HTTP/1.1" 200 31 "-" "WordPress/6.9.1; https://doccure-wp.dreamstechnologies.com"
31.171.154.236 - - [23/Feb/2026:13:26:15 +0000] "GET /wp-admin/post.php?post=5756&action=elementor HTTP/1.1" 200 213739 "https://doccure-wp.dreamstechnologies.com/wp-admin/post.php?post=5756&action=edit" "Mozilla/5.0 (Windows NT 10.0; Win64; x64) AppleWebKit/537.36 (KHTML, like Gecko) Chrome/114.0.0.0 Safari/537.36"
31.171.154.236 - - [23/Feb/2026:13:26:19 +0000] "GET /wp-admin/post.php?post=5756&action=elementor HTTP/1.1" 200 213733 "https://doccure-wp.dreamstechnologies.com/wp-admin/post.php?post=5756&action=edit" "Mozilla/5.0 (Windows NT 10.0; Win64; x64) AppleWebKit/537.36 (KHTML, like Gecko) Chrome/114.0.0.0 Safari/537.36"
50.17.185.102 - - [23/Feb/2026:13:26:23 +0000] "GET / HTTP/1.1" 200 29871 "-" "FreshpingBot/1.0 (+https://freshping.io/)"
172.187.168.139 - - [23/Feb/2026:13:27:14 +0000] "POST /wp-cron.php?doing_wp_cron=1771853234.4830219745635986328125 HTTP/1.1" 200 31 "-" "WordPress/6.9.1; https://doccure-wp.dreamstechnologies.com"
2a03:2880:f800:1e:: - - [23/Feb/2026:13:27:14 +0000] "GET /anti-stress-60-testepites-a-fitnesz-es-kiegyensulyozott-elet-szimboluma/ HTTP/1.1" 404 17240 "-" "meta-externalagent/1.1 (+https://developers.facebook.com/docs/sharing/webmasters/crawler)"
172.187.168.139 - - [23/Feb/2026:13:29:02 +0000] "POST /wp-cron.php?doing_wp_cron=1771853342.5851190090179443359375 HTTP/1.1" 200 31 "-" "WordPress/6.9.1; https://doccure-wp.dreamstechnologies.com"
123.31.113.241 - - [23/Feb/2026:13:29:02 +0000] "GET /bettilt-casino-ve-muteri-korumas-lisans-dijital-11-6/ HTTP/1.1" 404 17209 "-" "Mozilla/5.0 (Windows NT 6.1; Win64; x64) AppleWebKit/537.36 (KHTML, like Gecko) Chrome/90.0.4430.93 Safari/537.36"
111.118.241.170 - - [23/Feb/2026:13:29:47 +0000] "GET /wp-content/uploads/2021/10/doctor-1.jpg HTTP/1.1" 200 37390 "https://darkslategrey-mole-966668.hostingersite.com/" "Mozilla/5.0 (X11; Linux x86_64) AppleWebKit/537.36 (KHTML, like Gecko) Chrome/142.0.0.0 Safari/537.36"
111.118.241.170 - - [23/Feb/2026:13:29:47 +0000] "GET /wp-content/uploads/2022/12/feature-06.jpg HTTP/1.1" 200 54863 "https://darkslategrey-mole-966668.hostingersite.com/" "Mozilla/5.0 (X11; Linux x86_64) AppleWebKit/537.36 (KHTML, like Gecko) Chrome/142.0.0.0 Safari/537.36"
111.118.241.170 - - [23/Feb/2026:13:29:47 +0000] "GET /wp-content/uploads/2022/12/feature-03.jpg HTTP/1.1" 200 43817 "https://darkslategrey-mole-966668.hostingersite.com/" "Mozilla/5.0 (X11; Linux x86_64) AppleWebKit/537.36 (KHTML, like Gecko) Chrome/142.0.0.0 Safari/537.36"
111.118.241.170 - - [23/Feb/2026:13:29:48 +0000] "GET /wp-content/uploads/2021/11/banner-bg.png HTTP/1.1" 200 245276 "https://darkslategrey-mole-966668.hostingersite.com/" "Mozilla/5.0 (X11; Linux x86_64) AppleWebKit/537.36 (KHTML, like Gecko) Chrome/142.0.0.0 Safari/537.36"
111.118.241.170 - - [23/Feb/2026:13:30:01 +0000] "GET /wp-content/uploads/2023/04/banner-img.png HTTP/1.1" 200 83083 "https://darkslategrey-mole-966668.hostingersite.com/" "Mozilla/5.0 (X11; Linux x86_64) AppleWebKit/537.36 (KHTML, like Gecko) Chrome/142.0.0.0 Safari/537.36"
111.118.241.170 - - [23/Feb/2026:13:30:03 +0000] "GET /wp-content/uploads/2022/03/banner-6.jpg HTTP/1.1" 200 206318 "https://darkslategrey-mole-966668.hostingersite.com/" "Mozilla/5.0 (X11; Linux x86_64) AppleWebKit/537.36 (KHTML, like Gecko) Chrome/142.0.0.0 Safari/537.36"
172.187.168.139 - - [23/Feb/2026:13:31:13 +0000] "POST /wp-cron.php?doing_wp_cron=1771853472.9932498931884765625000 HTTP/1.1" 200 31 "-" "WordPress/6.9.1; https://doccure-wp.dreamstechnologies.com"
35.173.69.86 - - [23/Feb/2026:13:31:13 +0000] "GET / HTTP/1.1" 200 29871 "-" "FreshpingBot/1.0 (+https://freshping.io/)"
172.187.168.139 - - [23/Feb/2026:13:34:32 +0000] "POST /wp-cron.php?doing_wp_cron=1771853672.7414789199829101562500 HTTP/1.1" 200 31 "-" "WordPress/6.9.1; https://doccure-wp.dreamstechnologies.com"
2a03:2880:f800:24:: - - [23/Feb/2026:13:34:32 +0000] "GET /wp-sitemap.xml HTTP/1.1" 200 2588 "-" "meta-externalagent/1.1 (+https://developers.facebook.com/docs/sharing/webmasters/crawler)"
172.187.168.139 - - [23/Feb/2026:13:36:17 +0000] "POST /wp-cron.php?doing_wp_cron=1771853777.4712910652160644531250 HTTP/1.1" 200 31 "-" "WordPress/6.9.1; https://doccure-wp.dreamstechnologies.com"
35.173.69.86 - - [23/Feb/2026:13:36:17 +0000] "GET / HTTP/1.1" 200 29871 "-" "FreshpingBot/1.0 (+https://freshping.io/)"
217.182.77.22 - - [23/Feb/2026:13:37:14 +0000] "GET /wp-content/uploads/2022/12/feature-03.jpg HTTP/1.1" 200 43817 "-" "Mozilla/5.0 (Windows NT 10.0; Win64; x64) AppleWebKit/537.36 (KHTML, like Gecko) Chrome/139.0.0.0 Safari/537.36"
145.239.89.234 - - [23/Feb/2026:13:37:14 +0000] "GET /wp-content/uploads/2022/12/feature-06.jpg HTTP/1.1" 200 54863 "-" "Mozilla/5.0 (Windows NT 10.0; Win64; x64) AppleWebKit/537.36 (KHTML, like Gecko) Chrome/139.0.0.0 Safari/537.36"
141.94.78.40 - - [23/Feb/2026:13:37:14 +0000] "GET /wp-content/uploads/2021/10/doctor-1.jpg HTTP/1.1" 200 37390 "-" "Mozilla/5.0 (Windows NT 10.0; Win64; x64) AppleWebKit/537.36 (KHTML, like Gecko) Chrome/139.0.0.0 Safari/537.36"
172.187.168.139 - - [23/Feb/2026:13:40:11 +0000] "POST /wp-cron.php?doing_wp_cron=1771854011.0515770912170410156250 HTTP/1.1" 200 31 "-" "WordPress/6.9.1; https://doccure-wp.dreamstechnologies.com"
209.170.91.201 - - [23/Feb/2026:13:40:11 +0000] "GET /elementor/wp-content/uploads/2023/07/partners-3.svg HTTP/1.1" 404 17270 "https://lawmaze.co.in/" "Mozilla/5.0 (Windows NT 10.0; Win64; x64) AppleWebKit/537.36 (KHTML, like Gecko) Chrome/100.0.4896.75 Safari/537.36"
209.170.91.201 - - [23/Feb/2026:13:40:11 +0000] "GET /elementor/wp-content/uploads/2023/07/partners-4.svg HTTP/1.1" 404 17273 "https://lawmaze.co.in/" "Mozilla/5.0 (Windows NT 10.0; Win64; x64) AppleWebKit/537.36 (KHTML, like Gecko) Chrome/100.0.4896.75 Safari/537.36"
209.170.91.201 - - [23/Feb/2026:13:40:11 +0000] "GET /elementor/wp-content/uploads/2023/07/partners-6.svg HTTP/1.1" 404 17270 "https://lawmaze.co.in/" "Mozilla/5.0 (Windows NT 10.0; Win64; x64) AppleWebKit/537.36 (KHTML, like Gecko) Chrome/100.0.4896.75 Safari/537.36"
209.170.91.201 - - [23/Feb/2026:13:40:11 +0000] "GET /elementor/wp-content/uploads/2023/07/partners-1.svg HTTP/1.1" 404 17251 "https://lawmaze.co.in/" "Mozilla/5.0 (Windows NT 10.0; Win64; x64) AppleWebKit/537.36 (KHTML, like Gecko) Chrome/100.0.4896.75 Safari/537.36"
209.170.91.201 - - [23/Feb/2026:13:40:11 +0000] "GET /elementor/wp-content/uploads/2023/07/partners-2.svg HTTP/1.1" 404 17265 "https://lawmaze.co.in/" "Mozilla/5.0 (Windows NT 10.0; Win64; x64) AppleWebKit/537.36 (KHTML, like Gecko) Chrome/100.0.4896.75 Safari/537.36"
209.170.91.201 - - [23/Feb/2026:13:40:11 +0000] "GET /elementor/wp-content/uploads/2023/07/partners-5.svg HTTP/1.1" 404 17250 "https://lawmaze.co.in/" "Mozilla/5.0 (Windows NT 10.0; Win64; x64) AppleWebKit/537.36 (KHTML, like Gecko) Chrome/100.0.4896.75 Safari/537.36"
172.187.168.139 - - [23/Feb/2026:13:41:23 +0000] "POST /wp-cron.php?doing_wp_cron=1771854083.3899250030517578125000 HTTP/1.1" 200 31 "-" "WordPress/6.9.1; https://doccure-wp.dreamstechnologies.com"
35.173.69.86 - - [23/Feb/2026:13:41:23 +0000] "GET / HTTP/1.1" 200 29871 "-" "FreshpingBot/1.0 (+https://freshping.io/)"
172.187.168.139 - - [23/Feb/2026:13:46:27 +0000] "POST /wp-cron.php?doing_wp_cron=1771854387.8142819404602050781250 HTTP/1.1" 200 31 "-" "WordPress/6.9.1; https://doccure-wp.dreamstechnologies.com"
35.173.69.86 - - [23/Feb/2026:13:46:27 +0000] "GET / HTTP/1.1" 200 29871 "-" "FreshpingBot/1.0 (+https://freshping.io/)"
172.187.168.139 - - [23/Feb/2026:13:49:30 +0000] "POST /wp-cron.php?doing_wp_cron=1771854570.4859108924865722656250 HTTP/1.1" 200 31 "-" "WordPress/6.9.1; https://doccure-wp.dreamstechnologies.com"
2001:41d0:303:9f4c::1 - - [23/Feb/2026:13:49:30 +0000] "GET /robots.txt HTTP/1.1" 200 427 "-" "Mozilla/5.0 (compatible; MJ12bot/v1.4.8; http://mj12bot.com/)"
2001:41d0:303:9f4c::1 - - [23/Feb/2026:13:49:33 +0000] "GET /descobrindo-o-mundo-dos-novos-estabelecimentos-de-jogo-um-guia-completo/feed/ HTTP/1.1" 200 983 "-" "Mozilla/5.0 (compatible; MJ12bot/v1.4.8; http://mj12bot.com/)"
172.187.168.139 - - [23/Feb/2026:13:51:23 +0000] "POST /wp-cron.php?doing_wp_cron=1771854683.1110889911651611328125 HTTP/1.1" 200 31 "-" "WordPress/6.9.1; https://doccure-wp.dreamstechnologies.com"
50.17.185.102 - - [23/Feb/2026:13:51:23 +0000] "GET / HTTP/1.1" 200 29871 "-" "FreshpingBot/1.0 (+https://freshping.io/)"
172.187.168.139 - - [23/Feb/2026:13:54:52 +0000] "POST /wp-cron.php?doing_wp_cron=1771854892.7288269996643066406250 HTTP/1.1" 200 31 "-" "WordPress/6.9.1; https://doccure-wp.dreamstechnologies.com"
202.152.44.18 - - [23/Feb/2026:13:54:52 +0000] "GET /wp-login.php HTTP/1.1" 200 2430 "-" "Mozilla/5.0 (Windows NT 10.0; Win64; x64) AppleWebKit/537.36 (KHTML, like Gecko) Chrome/124.0.6367.207 Safari/537.36"
202.152.44.18 - - [23/Feb/2026:13:54:59 +0000] "GET /xmlrpc.php HTTP/1.1" 405 54 "-" "Mozilla/5.0 (Macintosh; Intel Mac OS X 13_5) AppleWebKit/605.1.15 (KHTML, like Gecko) Version/17.5 Safari/605.1.15"
132.145.93.138 - - [23/Feb/2026:13:55:06 +0000] "GET /xmlrpc.php HTTP/1.1" 405 54 "-" "Mozilla/5.0 (Windows NT 10.0; Win64; x64; rv:127.0) Gecko/20100101 Firefox/127.0"
172.187.168.139 - - [23/Feb/2026:13:55:22 +0000] "POST /wp-cron.php?doing_wp_cron=1771854922.7722210884094238281250 HTTP/1.1" 200 31 "-" "WordPress/6.9.1; https://doccure-wp.dreamstechnologies.com"
44.215.210.112 - - [23/Feb/2026:13:55:22 +0000] "GET /wp-json/oembed/1.0/embed?format=xml&url=https://doccure-wp.dreamstechnologies.com/doctors/sofia-brient/ HTTP/1.1" 200 2678 "-" "Mozilla/5.0 AppleWebKit/537.36 (KHTML, like Gecko; compatible; Amazonbot/0.1; +https://developer.amazon.com/support/amazonbot) Chrome/119.0.6045.214 Safari/537.36"
132.145.93.138 - - [23/Feb/2026:13:55:33 +0000] "GET /xmlrpc.php HTTP/1.1" 405 54 "-" "Mozilla/5.0 (Windows NT 10.0; Win64; x64; rv:127.0) Gecko/20100101 Firefox/127.0"
195.98.82.62 - - [23/Feb/2026:13:55:51 +0000] "GET /xmlrpc.php HTTP/1.1" 405 54 "-" "Mozilla/5.0 (Macintosh; Intel Mac OS X 13_5) AppleWebKit/605.1.15 (KHTML, like Gecko) Version/17.5 Safari/605.1.15"
172.187.168.139 - - [23/Feb/2026:13:56:14 +0000] "POST /wp-cron.php?doing_wp_cron=1771854974.1841630935668945312500 HTTP/1.1" 200 31 "-" "WordPress/6.9.1; https://doccure-wp.dreamstechnologies.com"
89.148.196.156 - - [23/Feb/2026:13:56:14 +0000] "GET /xmlrpc.php HTTP/1.1" 405 54 "-" "Mozilla/5.0 (Macintosh; Intel Mac OS X 13_5) AppleWebKit/605.1.15 (KHTML, like Gecko) Version/17.5 Safari/605.1.15"
121.169.46.116 - - [23/Feb/2026:13:56:22 +0000] "GET /xmlrpc.php HTTP/1.1" 405 54 "-" "Mozilla/5.0 (Macintosh; Intel Mac OS X 13_5) AppleWebKit/605.1.15 (KHTML, like Gecko) Version/17.5 Safari/605.1.15"
202.152.44.18 - - [23/Feb/2026:13:56:28 +0000] "GET /wp-login.php HTTP/1.1" 200 2430 "-" "Mozilla/5.0 (Windows NT 10.0; Win64; x64) AppleWebKit/537.36 (KHTML, like Gecko) Chrome/124.0.6367.207 Safari/537.36"
202.152.44.18 - - [23/Feb/2026:13:56:32 +0000] "POST /wp-login.php?wp_lang=en_US HTTP/1.1" 302 11 "https://doccure-wp.dreamstechnologies.com/wp-login.php?wp_lang=en_US" "Mozilla/5.0 (Windows NT 10.0; Win64; x64) AppleWebKit/537.36 (KHTML, like Gecko) Chrome/124.0.6367.207 Safari/537.36"
202.152.44.18 - - [23/Feb/2026:13:56:35 +0000] "GET /wp-admin/ HTTP/1.1" 200 97880 "https://doccure-wp.dreamstechnologies.com/wp-login.php?wp_lang=en_US" "Mozilla/5.0 (Windows NT 10.0; Win64; x64) AppleWebKit/537.36 (KHTML, like Gecko) Chrome/124.0.6367.207 Safari/537.36"
202.152.44.18 - - [23/Feb/2026:13:56:38 +0000] "GET /wp-admin/admin-ajax.php?action=rest-nonce HTTP/1.1" 200 42 "-" "Mozilla/5.0 (Windows NT 10.0; Win64; x64) AppleWebKit/537.36 (KHTML, like Gecko) Chrome/124.0.6367.207 Safari/537.36"
202.152.44.18 - - [23/Feb/2026:13:56:40 +0000] "GET /wp-json/wp/v2/users/me HTTP/1.1" 200 1851 "-" "Mozilla/5.0 (Windows NT 10.0; Win64; x64) AppleWebKit/537.36 (KHTML, like Gecko) Chrome/124.0.6367.207 Safari/537.36"
50.17.185.102 - - [23/Feb/2026:13:56:43 +0000] "GET / HTTP/1.1" 200 29871 "-" "FreshpingBot/1.0 (+https://freshping.io/)"
202.152.44.18 - - [23/Feb/2026:13:56:43 +0000] "GET /wp-admin/plugin-editor.php HTTP/1.1" 200 97575 "-" "Mozilla/5.0 (Windows NT 10.0; Win64; x64) AppleWebKit/537.36 (KHTML, like Gecko) Chrome/124.0.6367.207 Safari/537.36"
202.152.44.18 - - [23/Feb/2026:13:56:47 +0000] "GET /wp-admin/theme-install.php HTTP/1.1" 200 87198 "-" "Mozilla/5.0 (Windows NT 10.0; Win64; x64) AppleWebKit/537.36 (KHTML, like Gecko) Chrome/124.0.6367.207 Safari/537.36"
202.152.44.18 - - [23/Feb/2026:13:56:50 +0000] "GET /wp-admin/plugin-install.php HTTP/1.1" 200 90124 "-" "Mozilla/5.0 (Windows NT 10.0; Win64; x64) AppleWebKit/537.36 (KHTML, like Gecko) Chrome/124.0.6367.207 Safari/537.36"
202.152.44.18 - - [23/Feb/2026:13:56:54 +0000] "GET /wp-admin/update.php?action=upload-plugin HTTP/1.1" 403 1217 "http://doccure-wp.dreamstechnologies.com/wp-admin/update.php?action=upload-plugin" "Mozilla/5.0 (Windows NT 10.0; Win64; x64) AppleWebKit/537.36 (KHTML, like Gecko) Chrome/124.0.6367.207 Safari/537.36"
172.187.168.139 - - [23/Feb/2026:13:57:46 +0000] "POST /wp-cron.php?doing_wp_cron=1771855066.8740959167480468750000 HTTP/1.1" 200 31 "-" "WordPress/6.9.1; https://doccure-wp.dreamstechnologies.com"
2a03:2880:f800:d:: - - [23/Feb/2026:13:57:46 +0000] "GET /drostargos-200-mg-kur-ein-schlussel-zu-besserer-fitness-und-gesundheit/ HTTP/1.1" 404 17226 "-" "meta-externalagent/1.1 (+https://developers.facebook.com/docs/sharing/webmasters/crawler)"
172.187.168.139 - - [23/Feb/2026:13:59:02 +0000] "POST /wp-cron.php?doing_wp_cron=1771855142.6184849739074707031250 HTTP/1.1" 200 31 "-" "WordPress/6.9.1; https://doccure-wp.dreamstechnologies.com"
65.111.25.2 - - [23/Feb/2026:13:59:02 +0000] "HEAD / HTTP/1.1" 200 0 "-" "Wget/1.21.4"
65.111.15.1 - - [23/Feb/2026:13:59:04 +0000] "GET /wp-login.php HTTP/1.1" 200 2430 "-" "curl/7.88.1"
65.111.15.1 - - [23/Feb/2026:13:59:07 +0000] "POST /wp-login.php HTTP/1.1" 302 11 "https://doccure-wp.dreamstechnologies.com/wp-login.php" "curl/8.6.0"
65.111.15.1 - - [23/Feb/2026:13:59:10 +0000] "GET /wp-admin/ HTTP/1.1" 200 97818 "https://doccure-wp.dreamstechnologies.com/wp-login.php" "curl/8.6.0"
65.111.15.1 - - [23/Feb/2026:13:59:12 +0000] "GET /wp-admin/plugins.php HTTP/1.1" 200 109207 "-" "Wget/1.21.4"
172.187.168.139 - - [23/Feb/2026:14:00:34 +0000] "POST /wp-cron.php?doing_wp_cron=1771855234.0113101005554199218750 HTTP/1.1" 200 31 "-" "WordPress/6.9.1; https://doccure-wp.dreamstechnologies.com"
5.175.189.25 - - [23/Feb/2026:14:00:34 +0000] "GET / HTTP/1.1" 200 29871 "-" "-"
172.187.168.139 - - [23/Feb/2026:14:01:57 +0000] "POST /wp-cron.php?doing_wp_cron=1771855317.4469530582427978515625 HTTP/1.1" 200 31 "-" "WordPress/6.9.1; https://doccure-wp.dreamstechnologies.com"
52.42.49.200 - - [23/Feb/2026:14:01:57 +0000] "GET / HTTP/1.1" 200 29871 "-" "FreshpingBot/1.0 (+https://freshping.io/)"
172.187.168.139 - - [23/Feb/2026:14:04:01 +0000] "POST /wp-cron.php?doing_wp_cron=1771855441.3309519290924072265625 HTTP/1.1" 200 31 "-" "WordPress/6.9.1; https://doccure-wp.dreamstechnologies.com"
31.171.154.236 - - [23/Feb/2026:14:04:01 +0000] "GET /wp-login.php HTTP/1.1" 200 2430 "-" "Mozilla/5.0 (Windows NT 10.0; Win64; x64) AppleWebKit/537.36 (KHTML, like Gecko) Chrome/114.0.0.0 Safari/537.36"
31.171.154.236 - - [23/Feb/2026:14:04:04 +0000] "POST /wp-login.php HTTP/1.1" 302 11 "-" "Mozilla/5.0 (Windows NT 10.0; Win64; x64) AppleWebKit/537.36 (KHTML, like Gecko) Chrome/114.0.0.0 Safari/537.36"
31.171.154.236 - - [23/Feb/2026:14:04:07 +0000] "GET / HTTP/1.1" 200 33201 "-" "Mozilla/5.0 (Windows NT 10.0; Win64; x64) AppleWebKit/537.36 (KHTML, like Gecko) Chrome/114.0.0.0 Safari/537.36"
31.171.154.236 - - [23/Feb/2026:14:04:10 +0000] "GET /wp-admin/post.php?post=5756&action=edit HTTP/1.1" 200 131309 "https://doccure-wp.dreamstechnologies.com/wp-admin" "Mozilla/5.0 (Windows NT 10.0; Win64; x64) AppleWebKit/537.36 (KHTML, like Gecko) Chrome/114.0.0.0 Safari/537.36"
172.187.168.139 - - [23/Feb/2026:14:04:14 +0000] "POST /wp-cron.php?doing_wp_cron=1771855454.2593069076538085937500 HTTP/1.1" 200 31 "-" "WordPress/6.9.1; https://doccure-wp.dreamstechnologies.com"
31.171.154.236 - - [23/Feb/2026:14:04:14 +0000] "GET /wp-admin/post.php?post=5756&action=elementor HTTP/1.1" 200 213721 "https://doccure-wp.dreamstechnologies.com/wp-admin/post.php?post=5756&action=edit" "Mozilla/5.0 (Windows NT 10.0; Win64; x64) AppleWebKit/537.36 (KHTML, like Gecko) Chrome/114.0.0.0 Safari/537.36"
31.171.154.236 - - [23/Feb/2026:14:04:16 +0000] "GET /wp-admin/post.php?post=5756&action=elementor HTTP/1.1" 200 213728 "https://doccure-wp.dreamstechnologies.com/wp-admin/post.php?post=5756&action=edit" "Mozilla/5.0 (Windows NT 10.0; Win64; x64) AppleWebKit/537.36 (KHTML, like Gecko) Chrome/114.0.0.0 Safari/537.36"
2a00:f2a:e09f:e040:3c5f:6962:ac43:c373 - - [23/Feb/2026:14:04:35 +0000] "GET /wp-content/uploads/2025/01/home-banner-bg-1.png HTTP/1.1" 200 1608405 "https://citicare.ae/" "Mozilla/5.0 (iPhone; CPU iPhone OS 26_3_0 like Mac OS X) AppleWebKit/605.1.15 (KHTML, like Gecko) GSA/406.0.862495628 Mobile/15E148 Safari/604.1"
2a00:f2a:e09f:e040:3c5f:6962:ac43:c373 - - [23/Feb/2026:14:04:36 +0000] "GET /wp-content/uploads/2025/01/banner-user2-1.jpg HTTP/1.1" 200 57759 "https://citicare.ae/" "Mozilla/5.0 (iPhone; CPU iPhone OS 26_3_0 like Mac OS X) AppleWebKit/605.1.15 (KHTML, like Gecko) GSA/406.0.862495628 Mobile/15E148 Safari/604.1"
2a00:f2a:e09f:e040:3c5f:6962:ac43:c373 - - [23/Feb/2026:14:04:36 +0000] "GET /wp-content/uploads/2025/01/banner-user1-1.jpg HTTP/1.1" 200 61943 "https://citicare.ae/" "Mozilla/5.0 (iPhone; CPU iPhone OS 26_3_0 like Mac OS X) AppleWebKit/605.1.15 (KHTML, like Gecko) GSA/406.0.862495628 Mobile/15E148 Safari/604.1"
2a00:f2a:e09f:e040:3c5f:6962:ac43:c373 - - [23/Feb/2026:14:04:37 +0000] "GET /wp-content/uploads/2025/01/list-icon-06-1.svg HTTP/1.1" 200 748 "https://citicare.ae/" "Mozilla/5.0 (iPhone; CPU iPhone OS 26_3_0 like Mac OS X) AppleWebKit/605.1.15 (KHTML, like Gecko) GSA/406.0.862495628 Mobile/15E148 Safari/604.1"
2a00:f2a:e09f:e040:3c5f:6962:ac43:c373 - - [23/Feb/2026:14:04:37 +0000] "GET /wp-content/uploads/2025/01/list-icon-07-1.svg HTTP/1.1" 200 748 "https://citicare.ae/" "Mozilla/5.0 (iPhone; CPU iPhone OS 26_3_0 like Mac OS X) AppleWebKit/605.1.15 (KHTML, like Gecko) GSA/406.0.862495628 Mobile/15E148 Safari/604.1"
2a00:f2a:e09f:e040:3c5f:6962:ac43:c373 - - [23/Feb/2026:14:04:37 +0000] "GET /wp-content/uploads/2025/01/list-icon-05-1.svg HTTP/1.1" 200 1745 "https://citicare.ae/" "Mozilla/5.0 (iPhone; CPU iPhone OS 26_3_0 like Mac OS X) AppleWebKit/605.1.15 (KHTML, like Gecko) GSA/406.0.862495628 Mobile/15E148 Safari/604.1"
2a00:f2a:e09f:e040:3c5f:6962:ac43:c373 - - [23/Feb/2026:14:04:37 +0000] "GET /wp-content/uploads/2025/01/list-icon-01-1.svg HTTP/1.1" 200 2560 "https://citicare.ae/" "Mozilla/5.0 (iPhone; CPU iPhone OS 26_3_0 like Mac OS X) AppleWebKit/605.1.15 (KHTML, like Gecko) GSA/406.0.862495628 Mobile/15E148 Safari/604.1"
2a00:f2a:e09f:e040:3c5f:6962:ac43:c373 - - [23/Feb/2026:14:04:37 +0000] "GET /wp-content/uploads/2025/01/speciality-icon-08-1.svg HTTP/1.1" 200 10680 "https://citicare.ae/" "Mozilla/5.0 (iPhone; CPU iPhone OS 26_3_0 like Mac OS X) AppleWebKit/605.1.15 (KHTML, like Gecko) GSA/406.0.862495628 Mobile/15E148 Safari/604.1"
2a00:f2a:e09f:e040:3c5f:6962:ac43:c373 - - [23/Feb/2026:14:04:37 +0000] "GET /wp-content/uploads/2025/01/speciality-08-1.jpg HTTP/1.1" 200 59307 "https://citicare.ae/" "Mozilla/5.0 (iPhone; CPU iPhone OS 26_3_0 like Mac OS X) AppleWebKit/605.1.15 (KHTML, like Gecko) GSA/406.0.862495628 Mobile/15E148 Safari/604.1"
2a00:f2a:e09f:e040:3c5f:6962:ac43:c373 - - [23/Feb/2026:14:04:37 +0000] "GET /wp-content/uploads/2025/01/speciality-icon-05-1.svg HTTP/1.1" 200 5445 "https://citicare.ae/" "Mozilla/5.0 (iPhone; CPU iPhone OS 26_3_0 like Mac OS X) AppleWebKit/605.1.15 (KHTML, like Gecko) GSA/406.0.862495628 Mobile/15E148 Safari/604.1"
2a00:f2a:e09f:e040:3c5f:6962:ac43:c373 - - [23/Feb/2026:14:04:37 +0000] "GET /wp-content/uploads/2025/01/speciality-07-1.jpg HTTP/1.1" 200 92397 "https://citicare.ae/" "Mozilla/5.0 (iPhone; CPU iPhone OS 26_3_0 like Mac OS X) AppleWebKit/605.1.15 (KHTML, like Gecko) GSA/406.0.862495628 Mobile/15E148 Safari/604.1"
2a00:f2a:e09f:e040:3c5f:6962:ac43:c373 - - [23/Feb/2026:14:04:37 +0000] "GET /wp-content/uploads/2025/01/speciality-icon-07-1.svg HTTP/1.1" 200 7355 "https://citicare.ae/" "Mozilla/5.0 (iPhone; CPU iPhone OS 26_3_0 like Mac OS X) AppleWebKit/605.1.15 (KHTML, like Gecko) GSA/406.0.862495628 Mobile/15E148 Safari/604.1"
2a00:f2a:e09f:e040:3c5f:6962:ac43:c373 - - [23/Feb/2026:14:04:37 +0000] "GET /wp-content/uploads/2025/01/speciality-icon-06-1.svg HTTP/1.1" 200 8651 "https://citicare.ae/" "Mozilla/5.0 (iPhone; CPU iPhone OS 26_3_0 like Mac OS X) AppleWebKit/605.1.15 (KHTML, like Gecko) GSA/406.0.862495628 Mobile/15E148 Safari/604.1"
2a00:f2a:e09f:e040:3c5f:6962:ac43:c373 - - [23/Feb/2026:14:04:37 +0000] "GET /wp-content/uploads/2025/01/speciality-05-1.jpg HTTP/1.1" 200 91447 "https://citicare.ae/" "Mozilla/5.0 (iPhone; CPU iPhone OS 26_3_0 like Mac OS X) AppleWebKit/605.1.15 (KHTML, like Gecko) GSA/406.0.862495628 Mobile/15E148 Safari/604.1"
2a00:f2a:e09f:e040:3c5f:6962:ac43:c373 - - [23/Feb/2026:14:04:38 +0000] "GET /wp-content/uploads/2025/01/banner-user3-1.jpg HTTP/1.1" 200 55292 "https://citicare.ae/" "Mozilla/5.0 (iPhone; CPU iPhone OS 26_3_0 like Mac OS X) AppleWebKit/605.1.15 (KHTML, like Gecko) GSA/406.0.862495628 Mobile/15E148 Safari/604.1"
2a00:f2a:e09f:e040:3c5f:6962:ac43:c373 - - [23/Feb/2026:14:04:38 +0000] "GET /wp-content/uploads/2025/01/video-1.svg HTTP/1.1" 200 19342 "https://citicare.ae/" "Mozilla/5.0 (iPhone; CPU iPhone OS 26_3_0 like Mac OS X) AppleWebKit/605.1.15 (KHTML, like Gecko) GSA/406.0.862495628 Mobile/15E148 Safari/604.1"
2a00:f2a:e09f:e040:3c5f:6962:ac43:c373 - - [23/Feb/2026:14:04:39 +0000] "GET /wp-content/uploads/2025/01/banner-icon-5-1.svg HTTP/1.1" 200 428 "https://citicare.ae/" "Mozilla/5.0 (iPhone; CPU iPhone OS 26_3_0 like Mac OS X) AppleWebKit/605.1.15 (KHTML, like Gecko) GSA/406.0.862495628 Mobile/15E148 Safari/604.1"
2a00:f2a:e09f:e040:3c5f:6962:ac43:c373 - - [23/Feb/2026:14:04:39 +0000] "GET /wp-content/uploads/2025/01/banner-icon-1-1.png HTTP/1.1" 200 35173 "https://citicare.ae/" "Mozilla/5.0 (iPhone; CPU iPhone OS 26_3_0 like Mac OS X) AppleWebKit/605.1.15 (KHTML, like Gecko) GSA/406.0.862495628 Mobile/15E148 Safari/604.1"
2a00:f2a:e09f:e040:3c5f:6962:ac43:c373 - - [23/Feb/2026:14:04:39 +0000] "GET /wp-content/uploads/2025/01/banner-icon-3-1.png HTTP/1.1" 200 22042 "https://citicare.ae/" "Mozilla/5.0 (iPhone; CPU iPhone OS 26_3_0 like Mac OS X) AppleWebKit/605.1.15 (KHTML, like Gecko) GSA/406.0.862495628 Mobile/15E148 Safari/604.1"
2a00:f2a:e09f:e040:3c5f:6962:ac43:c373 - - [23/Feb/2026:14:04:39 +0000] "GET /wp-content/uploads/2025/01/banner-icon-2-1.png HTTP/1.1" 200 25272 "https://citicare.ae/" "Mozilla/5.0 (iPhone; CPU iPhone OS 26_3_0 like Mac OS X) AppleWebKit/605.1.15 (KHTML, like Gecko) GSA/406.0.862495628 Mobile/15E148 Safari/604.1"
2a00:f2a:e09f:e040:3c5f:6962:ac43:c373 - - [23/Feb/2026:14:04:39 +0000] "GET /wp-content/uploads/2025/01/banner-icon-4-1.png HTTP/1.1" 200 5878 "https://citicare.ae/" "Mozilla/5.0 (iPhone; CPU iPhone OS 26_3_0 like Mac OS X) AppleWebKit/605.1.15 (KHTML, like Gecko) GSA/406.0.862495628 Mobile/15E148 Safari/604.1"
2a00:f2a:e09f:e040:3c5f:6962:ac43:c373 - - [23/Feb/2026:14:04:39 +0000] "GET /wp-content/uploads/2025/01/banner-patient-2-1.jpg HTTP/1.1" 200 5251 "https://citicare.ae/" "Mozilla/5.0 (iPhone; CPU iPhone OS 26_3_0 like Mac OS X) AppleWebKit/605.1.15 (KHTML, like Gecko) GSA/406.0.862495628 Mobile/15E148 Safari/604.1"
2a00:f2a:e09f:e040:3c5f:6962:ac43:c373 - - [23/Feb/2026:14:04:39 +0000] "GET /wp-content/uploads/2025/01/banner-patient-1-1.jpg HTTP/1.1" 200 5731 "https://citicare.ae/" "Mozilla/5.0 (iPhone; CPU iPhone OS 26_3_0 like Mac OS X) AppleWebKit/605.1.15 (KHTML, like Gecko) GSA/406.0.862495628 Mobile/15E148 Safari/604.1"
2a00:f2a:e09f:e040:3c5f:6962:ac43:c373 - - [23/Feb/2026:14:04:39 +0000] "GET /wp-content/uploads/2025/01/banner-patient-3-1.jpg HTTP/1.1" 200 5461 "https://citicare.ae/" "Mozilla/5.0 (iPhone; CPU iPhone OS 26_3_0 like Mac OS X) AppleWebKit/605.1.15 (KHTML, like Gecko) GSA/406.0.862495628 Mobile/15E148 Safari/604.1"
2a00:f2a:e09f:e040:3c5f:6962:ac43:c373 - - [23/Feb/2026:14:04:40 +0000] "GET /wp-content/uploads/2025/01/banner-doctor-1.svg HTTP/1.1" 200 1246833 "https://citicare.ae/" "Mozilla/5.0 (iPhone; CPU iPhone OS 26_3_0 like Mac OS X) AppleWebKit/605.1.15 (KHTML, like Gecko) GSA/406.0.862495628 Mobile/15E148 Safari/604.1"
172.187.168.139 - - [23/Feb/2026:14:06:24 +0000] "POST /wp-cron.php?doing_wp_cron=1771855584.0799241065979003906250 HTTP/1.1" 200 31 "-" "WordPress/6.9.1; https://doccure-wp.dreamstechnologies.com"
35.173.69.86 - - [23/Feb/2026:14:06:24 +0000] "GET / HTTP/1.1" 200 29871 "-" "FreshpingBot/1.0 (+https://freshping.io/)"
44.247.128.140 - - [23/Feb/2026:14:09:32 +0000] "GET /wp-content/uploads/2025/01/banner-icon-1-1.png HTTP/1.1" 200 35173 "https://mzansidoctors.com/" "Mozilla/5.0 (Linux; Android 10; K) AppleWebKit/537.36 (KHTML, like Gecko) Chrome/145.0.0.0 Mobile Safari/537.36"
44.247.128.140 - - [23/Feb/2026:14:09:32 +0000] "GET /wp-content/uploads/2025/01/banner-icon-2-1.png HTTP/1.1" 200 25272 "https://mzansidoctors.com/" "Mozilla/5.0 (Linux; Android 10; K) AppleWebKit/537.36 (KHTML, like Gecko) Chrome/145.0.0.0 Mobile Safari/537.36"
44.243.232.101 - - [23/Feb/2026:14:09:37 +0000] "GET /wp-content/uploads/2025/01/home-banner-bg-1.png HTTP/1.1" 200 1608405 "https://mzansidoctors.com/" "Mozilla/5.0 (Linux; Android 10; K) AppleWebKit/537.36 (KHTML, like Gecko) Chrome/145.0.0.0 Mobile Safari/537.36"
100.23.173.1 - - [23/Feb/2026:14:09:48 +0000] "GET /wp-content/uploads/2025/01/banner-icon-3-1.png HTTP/1.1" 200 22042 "https://mzansidoctors.com/" "Mozilla/5.0 (Linux; Android 10; K) AppleWebKit/537.36 (KHTML, like Gecko) Chrome/145.0.0.0 Mobile Safari/537.36"
100.23.173.1 - - [23/Feb/2026:14:09:49 +0000] "GET /wp-content/uploads/2025/01/banner-icon-4-1.png HTTP/1.1" 200 5878 "https://mzansidoctors.com/" "Mozilla/5.0 (Linux; Android 10; K) AppleWebKit/537.36 (KHTML, like Gecko) Chrome/145.0.0.0 Mobile Safari/537.36"
100.23.173.1 - - [23/Feb/2026:14:09:49 +0000] "GET /wp-content/uploads/2025/01/banner-icon-5-1.svg HTTP/1.1" 200 428 "https://mzansidoctors.com/" "Mozilla/5.0 (Linux; Android 10; K) AppleWebKit/537.36 (KHTML, like Gecko) Chrome/145.0.0.0 Mobile Safari/537.36"
34.221.254.73 - - [23/Feb/2026:14:10:12 +0000] "GET /wp-content/uploads/2025/01/banner-bg-01-1.png HTTP/1.1" 200 111908 "https://mzansidoctors.com/" "Mozilla/5.0 (Linux; Android 10; K) AppleWebKit/537.36 (KHTML, like Gecko) Chrome/145.0.0.0 Mobile Safari/537.36"
34.123.170.104 - - [23/Feb/2026:14:10:14 +0000] "GET /wp-content/uploads/2025/01/mobile-img-1.png HTTP/1.1" 200 33148 "https://reda82.net/" "Mozilla/5.0 (X11; Linux x86_64) AppleWebKit/537.36 (KHTML, like Gecko) Chrome/125.0.0.0 Safari/537.36"
34.123.170.104 - - [23/Feb/2026:14:10:14 +0000] "GET /wp-content/uploads/2025/01/list-icon-07-1.svg HTTP/1.1" 200 748 "https://reda82.net/" "Mozilla/5.0 (X11; Linux x86_64) AppleWebKit/537.36 (KHTML, like Gecko) Chrome/125.0.0.0 Safari/537.36"
172.187.168.139 - - [23/Feb/2026:14:11:37 +0000] "POST /wp-cron.php?doing_wp_cron=1771855897.8113279342651367187500 HTTP/1.1" 200 31 "-" "WordPress/6.9.1; https://doccure-wp.dreamstechnologies.com"
50.17.185.102 - - [23/Feb/2026:14:11:37 +0000] "GET / HTTP/1.1" 200 29871 "-" "FreshpingBot/1.0 (+https://freshping.io/)"
172.187.168.139 - - [23/Feb/2026:14:12:59 +0000] "POST /wp-cron.php?doing_wp_cron=1771855979.1692879199981689453125 HTTP/1.1" 200 31 "-" "WordPress/6.9.1; https://doccure-wp.dreamstechnologies.com"
116.179.32.155 - - [23/Feb/2026:14:12:59 +0000] "GET /doctors/mohammed-hamad/ HTTP/1.1" 404 17203 "-" "Mozilla/5.0 (compatible; Baiduspider/2.0; +http://www.baidu.com/search/spider.html)"
116.179.37.195 - - [23/Feb/2026:14:13:05 +0000] "GET /doctors/mohammed-hamad/ HTTP/1.1" 404 17202 "-" "Mozilla/5.0 (compatible; Baiduspider-render/2.0; +http://www.baidu.com/search/spider.html)"
116.179.37.156 - - [23/Feb/2026:14:13:06 +0000] "GET /wp-content/themes/doccure/assets/css/bootstrap/bootstrap-datetimepicker.min.css?ver=1.5.3 HTTP/1.1" 200 7785 "https://doccure-wp.dreamstechnologies.com/doctors/mohammed-hamad/" "Mozilla/5.0 (compatible; Baiduspider-render/2.0; +http://www.baidu.com/search/spider.html)"
116.179.37.244 - - [23/Feb/2026:14:13:06 +0000] "GET /wp-content/plugins/contact-form-7/includes/swv/js/index.js?ver=6.1.5 HTTP/1.1" 200 12512 "https://doccure-wp.dreamstechnologies.com/doctors/mohammed-hamad/" "Mozilla/5.0 (compatible; Baiduspider-render/2.0; +http://www.baidu.com/search/spider.html)"
116.179.37.220 - - [23/Feb/2026:14:13:12 +0000] "GET /wp-content/themes/doccure/assets/js/owl.carousel.min.js?ver=1.5.3 HTTP/1.1" 200 44342 "https://doccure-wp.dreamstechnologies.com/doctors/mohammed-hamad/" "Mozilla/5.0 (compatible; Baiduspider-render/2.0; +http://www.baidu.com/search/spider.html)"
116.179.37.121 - - [23/Feb/2026:14:13:12 +0000] "GET /wp-content/themes/doccure/assets/js/doccure-ajax.js HTTP/1.1" 200 2063 "https://doccure-wp.dreamstechnologies.com/doctors/mohammed-hamad/" "Mozilla/5.0 (compatible; Baiduspider-render/2.0; +http://www.baidu.com/search/spider.html)"
116.179.37.41 - - [23/Feb/2026:14:13:12 +0000] "GET /wp-content/themes/doccure/assets/js/theme-woocommerce.js?ver=1.0.0 HTTP/1.1" 200 3193 "https://doccure-wp.dreamstechnologies.com/doctors/mohammed-hamad/" "Mozilla/5.0 (compatible; Baiduspider-render/2.0; +http://www.baidu.com/search/spider.html)"
116.179.37.195 - - [23/Feb/2026:14:13:12 +0000] "GET /wp-content/themes/doccure/assets/theia-sticky-sidebar/ResizeSensor.js?ver=1.5.3 HTTP/1.1" 200 5955 "https://doccure-wp.dreamstechnologies.com/doctors/mohammed-hamad/" "Mozilla/5.0 (compatible; Baiduspider-render/2.0; +http://www.baidu.com/search/spider.html)"
116.179.37.7 - - [23/Feb/2026:14:13:15 +0000] "GET /wp-content/themes/doccure/assets/theia-sticky-sidebar/theia-sticky-sidebar.js?ver=1.5.3 HTTP/1.1" 200 16379 "https://doccure-wp.dreamstechnologies.com/doctors/mohammed-hamad/" "Mozilla/5.0 (compatible; Baiduspider-render/2.0; +http://www.baidu.com/search/spider.html)"
116.179.37.207 - - [23/Feb/2026:14:13:15 +0000] "GET /wp-content/themes/doccure/assets/plugins/datatables/datatables.min.js?ver=1.5.3 HTTP/1.1" 200 437 "https://doccure-wp.dreamstechnologies.com/doctors/mohammed-hamad/" "Mozilla/5.0 (compatible; Baiduspider-render/2.0; +http://www.baidu.com/search/spider.html)"
116.179.37.13 - - [23/Feb/2026:14:13:15 +0000] "GET /wp-content/themes/doccure/assets/js/isotope.min.js?ver=6.9.1 HTTP/1.1" 200 35428 "https://doccure-wp.dreamstechnologies.com/doctors/mohammed-hamad/" "Mozilla/5.0 (compatible; Baiduspider-render/2.0; +http://www.baidu.com/search/spider.html)"
116.179.37.246 - - [23/Feb/2026:14:13:15 +0000] "GET /wp-content/themes/doccure/assets/js/backToTop.js?ver=1.5.3 HTTP/1.1" 200 1003 "https://doccure-wp.dreamstechnologies.com/doctors/mohammed-hamad/" "Mozilla/5.0 (compatible; Baiduspider-render/2.0; +http://www.baidu.com/search/spider.html)"
116.179.37.117 - - [23/Feb/2026:14:13:16 +0000] "GET /wp-content/plugins/woocommerce/assets/js/frontend/order-attribution.min.js?ver=10.5.2 HTTP/1.1" 200 2439 "https://doccure-wp.dreamstechnologies.com/doctors/mohammed-hamad/" "Mozilla/5.0 (compatible; Baiduspider-render/2.0; +http://www.baidu.com/search/spider.html)"
116.179.37.206 - - [23/Feb/2026:14:13:16 +0000] "GET /wp-content/themes/doccure/assets/dashboardjs/circle-progress.min.js?ver=1.5.3 HTTP/1.1" 200 4445 "https://doccure-wp.dreamstechnologies.com/doctors/mohammed-hamad/" "Mozilla/5.0 (compatible; Baiduspider-render/2.0; +http://www.baidu.com/search/spider.html)"
116.179.37.50 - - [23/Feb/2026:14:13:17 +0000] "GET /wp-content/themes/doccure/assets/dashboardjs/script-newtheme.js?ver=1.5.3 HTTP/1.1" 200 81204 "https://doccure-wp.dreamstechnologies.com/doctors/mohammed-hamad/" "Mozilla/5.0 (compatible; Baiduspider-render/2.0; +http://www.baidu.com/search/spider.html)"
116.179.37.13 - - [23/Feb/2026:14:13:21 +0000] "GET /wp-includes/js/wp-emoji-release.min.js?ver=6.9.1 HTTP/1.1" 200 22762 "https://doccure-wp.dreamstechnologies.com/doctors/mohammed-hamad/" "Mozilla/5.0 (compatible; Baiduspider-render/2.0; +http://www.baidu.com/search/spider.html)"
172.187.168.139 - - [23/Feb/2026:14:13:41 +0000] "POST /wp-cron.php?doing_wp_cron=1771856021.6617059707641601562500 HTTP/1.1" 200 31 "-" "WordPress/6.9.1; https://doccure-wp.dreamstechnologies.com"
14.184.232.0 - - [23/Feb/2026:14:13:41 +0000] "GET /doctors/paul-richard/ HTTP/1.1" 200 23832 "-" "Mozilla/5.0 (Macintosh; Intel Mac OS X 10_13_6) AppleWebKit/537.36 (KHTML, like Gecko) Chrome/67.0.3396.99 Safari/537.36"
172.187.168.139 - - [23/Feb/2026:14:16:18 +0000] "POST /wp-cron.php?doing_wp_cron=1771856178.1671938896179199218750 HTTP/1.1" 200 31 "-" "WordPress/6.9.1; https://doccure-wp.dreamstechnologies.com"
66.249.70.139 - - [23/Feb/2026:14:16:18 +0000] "GET /elementor/wp-content/uploads/2023/07/partners-3.svg HTTP/1.1" 404 17244 "https://lawmaze.co.in/" "Mozilla/5.0 (Linux; Android 6.0.1; Nexus 5X Build/MMB29P) AppleWebKit/537.36 (KHTML, like Gecko) Chrome/144.0.7559.132 Mobile Safari/537.36 (compatible; Googlebot/2.1; +http://www.google.com/bot.html)"
66.249.70.140 - - [23/Feb/2026:14:16:20 +0000] "GET /elementor/wp-content/uploads/2023/07/partners-6.svg HTTP/1.1" 404 17250 "https://lawmaze.co.in/" "Mozilla/5.0 (Linux; Android 6.0.1; Nexus 5X Build/MMB29P) AppleWebKit/537.36 (KHTML, like Gecko) Chrome/144.0.7559.132 Mobile Safari/537.36 (compatible; Googlebot/2.1; +http://www.google.com/bot.html)"
66.249.70.140 - - [23/Feb/2026:14:16:23 +0000] "GET /elementor/wp-content/uploads/2023/07/partners-4.svg HTTP/1.1" 404 17251 "https://lawmaze.co.in/" "Mozilla/5.0 (Linux; Android 6.0.1; Nexus 5X Build/MMB29P) AppleWebKit/537.36 (KHTML, like Gecko) Chrome/144.0.7559.132 Mobile Safari/537.36 (compatible; Googlebot/2.1; +http://www.google.com/bot.html)"
50.17.185.102 - - [23/Feb/2026:14:16:24 +0000] "GET / HTTP/1.1" 200 29871 "-" "FreshpingBot/1.0 (+https://freshping.io/)"
205.169.39.29 - - [23/Feb/2026:14:19:12 +0000] "GET /wp-content/uploads/2025/01/banner-user1-1.jpg HTTP/1.1" 200 61943 "https://reda82.net/" "Mozilla/5.0 (Windows NT 10.0; Win64; x64) AppleWebKit/537.36 (KHTML, like Gecko) Chrome/117.0.5938.132 Safari/537.36"
205.169.39.29 - - [23/Feb/2026:14:19:12 +0000] "GET /wp-content/uploads/2025/01/banner-user2-1.jpg HTTP/1.1" 200 57759 "https://reda82.net/" "Mozilla/5.0 (Windows NT 10.0; Win64; x64) AppleWebKit/537.36 (KHTML, like Gecko) Chrome/117.0.5938.132 Safari/537.36"
205.169.39.29 - - [23/Feb/2026:14:19:12 +0000] "GET /wp-content/uploads/2025/01/banner-user3-1.jpg HTTP/1.1" 200 55292 "https://reda82.net/" "Mozilla/5.0 (Windows NT 10.0; Win64; x64) AppleWebKit/537.36 (KHTML, like Gecko) Chrome/117.0.5938.132 Safari/537.36"
205.169.39.29 - - [23/Feb/2026:14:19:12 +0000] "GET /wp-content/uploads/2025/01/speciality-06-1.jpg HTTP/1.1" 200 77656 "https://reda82.net/" "Mozilla/5.0 (Windows NT 10.0; Win64; x64) AppleWebKit/537.36 (KHTML, like Gecko) Chrome/117.0.5938.132 Safari/537.36"
205.169.39.29 - - [23/Feb/2026:14:19:12 +0000] "GET /wp-content/uploads/2025/01/video-1.svg HTTP/1.1" 200 19342 "https://reda82.net/" "Mozilla/5.0 (Windows NT 10.0; Win64; x64) AppleWebKit/537.36 (KHTML, like Gecko) Chrome/117.0.5938.132 Safari/537.36"
205.169.39.29 - - [23/Feb/2026:14:19:12 +0000] "GET /wp-content/uploads/2025/01/banner-patient-1-1.jpg HTTP/1.1" 200 5731 "https://reda82.net/" "Mozilla/5.0 (Windows NT 10.0; Win64; x64) AppleWebKit/537.36 (KHTML, like Gecko) Chrome/117.0.5938.132 Safari/537.36"
205.169.39.29 - - [23/Feb/2026:14:19:12 +0000] "GET /wp-content/uploads/2025/01/speciality-08-1.jpg HTTP/1.1" 200 59307 "https://reda82.net/" "Mozilla/5.0 (Windows NT 10.0; Win64; x64) AppleWebKit/537.36 (KHTML, like Gecko) Chrome/117.0.5938.132 Safari/537.36"
205.169.39.29 - - [23/Feb/2026:14:19:12 +0000] "GET /wp-content/uploads/2025/01/list-icon-03-1.svg HTTP/1.1" 200 919 "https://reda82.net/" "Mozilla/5.0 (Windows NT 10.0; Win64; x64) AppleWebKit/537.36 (KHTML, like Gecko) Chrome/117.0.5938.132 Safari/537.36"
205.169.39.29 - - [23/Feb/2026:14:19:12 +0000] "GET /wp-content/uploads/2025/01/company-07-1.svg HTTP/1.1" 200 6375 "https://reda82.net/" "Mozilla/5.0 (Windows NT 10.0; Win64; x64) AppleWebKit/537.36 (KHTML, like Gecko) Chrome/117.0.5938.132 Safari/537.36"
205.169.39.29 - - [23/Feb/2026:14:19:12 +0000] "GET /wp-content/uploads/2025/01/company-04-1.svg HTTP/1.1" 200 12093 "https://reda82.net/" "Mozilla/5.0 (Windows NT 10.0; Win64; x64) AppleWebKit/537.36 (KHTML, like Gecko) Chrome/117.0.5938.132 Safari/537.36"
205.169.39.29 - - [23/Feb/2026:14:19:12 +0000] "GET /wp-content/uploads/2025/01/list-icon-06-1.svg HTTP/1.1" 200 748 "https://reda82.net/" "Mozilla/5.0 (Windows NT 10.0; Win64; x64) AppleWebKit/537.36 (KHTML, like Gecko) Chrome/117.0.5938.132 Safari/537.36"
205.169.39.29 - - [23/Feb/2026:14:19:12 +0000] "GET /wp-content/uploads/2025/01/speciality-icon-01-1.svg HTTP/1.1" 200 16368 "https://reda82.net/" "Mozilla/5.0 (Windows NT 10.0; Win64; x64) AppleWebKit/537.36 (KHTML, like Gecko) Chrome/117.0.5938.132 Safari/537.36"
205.169.39.29 - - [23/Feb/2026:14:19:12 +0000] "GET /wp-content/uploads/2025/01/speciality-05-1.jpg HTTP/1.1" 200 91447 "https://reda82.net/" "Mozilla/5.0 (Windows NT 10.0; Win64; x64) AppleWebKit/537.36 (KHTML, like Gecko) Chrome/117.0.5938.132 Safari/537.36"
205.169.39.29 - - [23/Feb/2026:14:19:12 +0000] "GET /wp-content/uploads/2025/01/company-08-1.svg HTTP/1.1" 200 3955 "https://reda82.net/" "Mozilla/5.0 (Windows NT 10.0; Win64; x64) AppleWebKit/537.36 (KHTML, like Gecko) Chrome/117.0.5938.132 Safari/537.36"
205.169.39.29 - - [23/Feb/2026:14:19:12 +0000] "GET /wp-content/uploads/2025/01/download-bg-1.png HTTP/1.1" 200 80236 "https://reda82.net/" "Mozilla/5.0 (Windows NT 10.0; Win64; x64) AppleWebKit/537.36 (KHTML, like Gecko) Chrome/117.0.5938.132 Safari/537.36"
205.169.39.29 - - [23/Feb/2026:14:19:12 +0000] "GET /wp-content/uploads/2025/01/company-02-1.svg HTTP/1.1" 200 3851 "https://reda82.net/" "Mozilla/5.0 (Windows NT 10.0; Win64; x64) AppleWebKit/537.36 (KHTML, like Gecko) Chrome/117.0.5938.132 Safari/537.36"
205.169.39.29 - - [23/Feb/2026:14:19:12 +0000] "GET /wp-content/uploads/2025/01/speciality-icon-03-1.svg HTTP/1.1" 200 22720 "https://reda82.net/" "Mozilla/5.0 (Windows NT 10.0; Win64; x64) AppleWebKit/537.36 (KHTML, like Gecko) Chrome/117.0.5938.132 Safari/537.36"
205.169.39.29 - - [23/Feb/2026:14:19:12 +0000] "GET /wp-content/uploads/2025/01/speciality-icon-05-1.svg HTTP/1.1" 200 5445 "https://reda82.net/" "Mozilla/5.0 (Windows NT 10.0; Win64; x64) AppleWebKit/537.36 (KHTML, like Gecko) Chrome/117.0.5938.132 Safari/537.36"
205.169.39.29 - - [23/Feb/2026:14:19:12 +0000] "GET /wp-content/uploads/2025/01/list-icon-04-1.svg HTTP/1.1" 200 1065 "https://reda82.net/" "Mozilla/5.0 (Windows NT 10.0; Win64; x64) AppleWebKit/537.36 (KHTML, like Gecko) Chrome/117.0.5938.132 Safari/537.36"
205.169.39.29 - - [23/Feb/2026:14:19:12 +0000] "GET /wp-content/uploads/2025/01/banner-patient-2-1.jpg HTTP/1.1" 200 5251 "https://reda82.net/" "Mozilla/5.0 (Windows NT 10.0; Win64; x64) AppleWebKit/537.36 (KHTML, like Gecko) Chrome/117.0.5938.132 Safari/537.36"
205.169.39.29 - - [23/Feb/2026:14:19:12 +0000] "GET /wp-content/uploads/2025/01/list-icon-02-1.svg HTTP/1.1" 200 1597 "https://reda82.net/" "Mozilla/5.0 (Windows NT 10.0; Win64; x64) AppleWebKit/537.36 (KHTML, like Gecko) Chrome/117.0.5938.132 Safari/537.36"
205.169.39.29 - - [23/Feb/2026:14:19:12 +0000] "GET /wp-content/uploads/2025/01/speciality-07-1.jpg HTTP/1.1" 200 92397 "https://reda82.net/" "Mozilla/5.0 (Windows NT 10.0; Win64; x64) AppleWebKit/537.36 (KHTML, like Gecko) Chrome/117.0.5938.132 Safari/537.36"
205.169.39.29 - - [23/Feb/2026:14:19:12 +0000] "GET /wp-content/uploads/2025/01/speciality-icon-04-1.svg HTTP/1.1" 200 12836 "https://reda82.net/" "Mozilla/5.0 (Windows NT 10.0; Win64; x64) AppleWebKit/537.36 (KHTML, like Gecko) Chrome/117.0.5938.132 Safari/537.36"
205.169.39.29 - - [23/Feb/2026:14:19:12 +0000] "GET /wp-content/uploads/2025/01/company-06-1.svg HTTP/1.1" 200 6562 "https://reda82.net/" "Mozilla/5.0 (Windows NT 10.0; Win64; x64) AppleWebKit/537.36 (KHTML, like Gecko) Chrome/117.0.5938.132 Safari/537.36"
205.169.39.29 - - [23/Feb/2026:14:19:12 +0000] "GET /wp-content/uploads/2025/01/app-bg-03-1.png HTTP/1.1" 200 12494 "https://reda82.net/" "Mozilla/5.0 (Windows NT 10.0; Win64; x64) AppleWebKit/537.36 (KHTML, like Gecko) Chrome/117.0.5938.132 Safari/537.36"
205.169.39.29 - - [23/Feb/2026:14:19:12 +0000] "GET /wp-content/uploads/2025/01/banner-patient-3-1.jpg HTTP/1.1" 200 5461 "https://reda82.net/" "Mozilla/5.0 (Windows NT 10.0; Win64; x64) AppleWebKit/537.36 (KHTML, like Gecko) Chrome/117.0.5938.132 Safari/537.36"
205.169.39.29 - - [23/Feb/2026:14:19:12 +0000] "GET /wp-content/uploads/2025/01/list-icon-07-1.svg HTTP/1.1" 200 748 "https://reda82.net/" "Mozilla/5.0 (Windows NT 10.0; Win64; x64) AppleWebKit/537.36 (KHTML, like Gecko) Chrome/117.0.5938.132 Safari/537.36"
205.169.39.29 - - [23/Feb/2026:14:19:12 +0000] "GET /wp-content/uploads/2025/01/speciality-icon-06-1.svg HTTP/1.1" 200 8651 "https://reda82.net/" "Mozilla/5.0 (Windows NT 10.0; Win64; x64) AppleWebKit/537.36 (KHTML, like Gecko) Chrome/117.0.5938.132 Safari/537.36"
205.169.39.29 - - [23/Feb/2026:14:19:12 +0000] "GET /wp-content/uploads/2025/01/google-play-01-1.svg HTTP/1.1" 200 15483 "https://reda82.net/" "Mozilla/5.0 (Windows NT 10.0; Win64; x64) AppleWebKit/537.36 (KHTML, like Gecko) Chrome/117.0.5938.132 Safari/537.36"
205.169.39.29 - - [23/Feb/2026:14:19:12 +0000] "GET /wp-content/uploads/2025/01/speciality-01-1.jpg HTTP/1.1" 200 67730 "https://reda82.net/" "Mozilla/5.0 (Windows NT 10.0; Win64; x64) AppleWebKit/537.36 (KHTML, like Gecko) Chrome/117.0.5938.132 Safari/537.36"
205.169.39.29 - - [23/Feb/2026:14:19:12 +0000] "GET /wp-content/uploads/2025/01/company-03-1.svg HTTP/1.1" 200 4666 "https://reda82.net/" "Mozilla/5.0 (Windows NT 10.0; Win64; x64) AppleWebKit/537.36 (KHTML, like Gecko) Chrome/117.0.5938.132 Safari/537.36"
205.169.39.29 - - [23/Feb/2026:14:19:12 +0000] "GET /wp-content/uploads/2025/01/list-icon-01-1.svg HTTP/1.1" 200 2560 "https://reda82.net/" "Mozilla/5.0 (Windows NT 10.0; Win64; x64) AppleWebKit/537.36 (KHTML, like Gecko) Chrome/117.0.5938.132 Safari/537.36"
205.169.39.29 - - [23/Feb/2026:14:19:12 +0000] "GET /wp-content/uploads/2025/01/speciality-02-1.jpg HTTP/1.1" 200 73191 "https://reda82.net/" "Mozilla/5.0 (Windows NT 10.0; Win64; x64) AppleWebKit/537.36 (KHTML, like Gecko) Chrome/117.0.5938.132 Safari/537.36"
205.169.39.29 - - [23/Feb/2026:14:19:12 +0000] "GET /wp-content/uploads/2025/01/mobile-img-1.png HTTP/1.1" 200 33148 "https://reda82.net/" "Mozilla/5.0 (Windows NT 10.0; Win64; x64) AppleWebKit/537.36 (KHTML, like Gecko) Chrome/117.0.5938.132 Safari/537.36"
205.169.39.29 - - [23/Feb/2026:14:19:12 +0000] "GET /wp-content/uploads/2025/01/company-01-1.svg HTTP/1.1" 200 5600 "https://reda82.net/" "Mozilla/5.0 (Windows NT 10.0; Win64; x64) AppleWebKit/537.36 (KHTML, like Gecko) Chrome/117.0.5938.132 Safari/537.36"
205.169.39.29 - - [23/Feb/2026:14:19:12 +0000] "GET /wp-content/uploads/2025/01/speciality-icon-07-1.svg HTTP/1.1" 200 7355 "https://reda82.net/" "Mozilla/5.0 (Windows NT 10.0; Win64; x64) AppleWebKit/537.36 (KHTML, like Gecko) Chrome/117.0.5938.132 Safari/537.36"
205.169.39.29 - - [23/Feb/2026:14:19:12 +0000] "GET /wp-content/uploads/2025/01/app-bg-02-1.png HTTP/1.1" 200 29932 "https://reda82.net/" "Mozilla/5.0 (Windows NT 10.0; Win64; x64) AppleWebKit/537.36 (KHTML, like Gecko) Chrome/117.0.5938.132 Safari/537.36"
