2001:8004:c80:495d:cd9f:4fab:73ea:1e47 - - [23/Feb/2026:15:00:12 +0000] "GET /wp-content/uploads/2025/01/company-05-1.svg HTTP/1.1" 200 45014 "https://drmoustafaelnahasclinics.com/" "Mozilla/5.0 (iPhone; CPU iPhone OS 26_2_1 like Mac OS X) AppleWebKit/605.1.15 (KHTML, like Gecko) Mobile/23C71 Safari/604.1 [FBAN/FBIOS;FBAV/548.0.0.36.68;FBBV/880335931;FBDV/iPhone15,3;FBMD/iPhone;FBSN/iOS;FBSV/26.2.1;FBSS/3;FBID/phone;FBLC/en_GB;FBOP/5;FBRV/890181560;IABMV/1]"
2001:8004:c80:495d:cd9f:4fab:73ea:1e47 - - [23/Feb/2026:15:00:12 +0000] "GET /wp-content/uploads/2025/01/speciality-03-1.jpg HTTP/1.1" 200 69424 "https://drmoustafaelnahasclinics.com/" "Mozilla/5.0 (iPhone; CPU iPhone OS 26_2_1 like Mac OS X) AppleWebKit/605.1.15 (KHTML, like Gecko) Mobile/23C71 Safari/604.1 [FBAN/FBIOS;FBAV/548.0.0.36.68;FBBV/880335931;FBDV/iPhone15,3;FBMD/iPhone;FBSN/iOS;FBSV/26.2.1;FBSS/3;FBID/phone;FBLC/en_GB;FBOP/5;FBRV/890181560;IABMV/1]"
2001:8004:c80:495d:cd9f:4fab:73ea:1e47 - - [23/Feb/2026:15:00:12 +0000] "GET /wp-content/uploads/2025/01/speciality-02-1.jpg HTTP/1.1" 200 73191 "https://drmoustafaelnahasclinics.com/" "Mozilla/5.0 (iPhone; CPU iPhone OS 26_2_1 like Mac OS X) AppleWebKit/605.1.15 (KHTML, like Gecko) Mobile/23C71 Safari/604.1 [FBAN/FBIOS;FBAV/548.0.0.36.68;FBBV/880335931;FBDV/iPhone15,3;FBMD/iPhone;FBSN/iOS;FBSV/26.2.1;FBSS/3;FBID/phone;FBLC/en_GB;FBOP/5;FBRV/890181560;IABMV/1]"
2001:8004:c80:495d:cd9f:4fab:73ea:1e47 - - [23/Feb/2026:15:00:12 +0000] "GET /wp-content/uploads/2025/01/speciality-icon-05-1.svg HTTP/1.1" 200 5445 "https://drmoustafaelnahasclinics.com/" "Mozilla/5.0 (iPhone; CPU iPhone OS 26_2_1 like Mac OS X) AppleWebKit/605.1.15 (KHTML, like Gecko) Mobile/23C71 Safari/604.1 [FBAN/FBIOS;FBAV/548.0.0.36.68;FBBV/880335931;FBDV/iPhone15,3;FBMD/iPhone;FBSN/iOS;FBSV/26.2.1;FBSS/3;FBID/phone;FBLC/en_GB;FBOP/5;FBRV/890181560;IABMV/1]"
2001:8004:c80:495d:cd9f:4fab:73ea:1e47 - - [23/Feb/2026:15:00:12 +0000] "GET /wp-content/uploads/2025/01/speciality-04-1.jpg HTTP/1.1" 200 80057 "https://drmoustafaelnahasclinics.com/" "Mozilla/5.0 (iPhone; CPU iPhone OS 26_2_1 like Mac OS X) AppleWebKit/605.1.15 (KHTML, like Gecko) Mobile/23C71 Safari/604.1 [FBAN/FBIOS;FBAV/548.0.0.36.68;FBBV/880335931;FBDV/iPhone15,3;FBMD/iPhone;FBSN/iOS;FBSV/26.2.1;FBSS/3;FBID/phone;FBLC/en_GB;FBOP/5;FBRV/890181560;IABMV/1]"
2001:8004:c80:495d:cd9f:4fab:73ea:1e47 - - [23/Feb/2026:15:00:12 +0000] "GET /wp-content/uploads/2025/01/company-02-1.svg HTTP/1.1" 200 3851 "https://drmoustafaelnahasclinics.com/" "Mozilla/5.0 (iPhone; CPU iPhone OS 26_2_1 like Mac OS X) AppleWebKit/605.1.15 (KHTML, like Gecko) Mobile/23C71 Safari/604.1 [FBAN/FBIOS;FBAV/548.0.0.36.68;FBBV/880335931;FBDV/iPhone15,3;FBMD/iPhone;FBSN/iOS;FBSV/26.2.1;FBSS/3;FBID/phone;FBLC/en_GB;FBOP/5;FBRV/890181560;IABMV/1]"
2001:8004:c80:495d:cd9f:4fab:73ea:1e47 - - [23/Feb/2026:15:00:12 +0000] "GET /wp-content/uploads/2025/01/company-07-1.svg HTTP/1.1" 200 6375 "https://drmoustafaelnahasclinics.com/" "Mozilla/5.0 (iPhone; CPU iPhone OS 26_2_1 like Mac OS X) AppleWebKit/605.1.15 (KHTML, like Gecko) Mobile/23C71 Safari/604.1 [FBAN/FBIOS;FBAV/548.0.0.36.68;FBBV/880335931;FBDV/iPhone15,3;FBMD/iPhone;FBSN/iOS;FBSV/26.2.1;FBSS/3;FBID/phone;FBLC/en_GB;FBOP/5;FBRV/890181560;IABMV/1]"
2001:8004:c80:495d:cd9f:4fab:73ea:1e47 - - [23/Feb/2026:15:00:12 +0000] "GET /wp-content/uploads/2025/01/company-03-1.svg HTTP/1.1" 200 4666 "https://drmoustafaelnahasclinics.com/" "Mozilla/5.0 (iPhone; CPU iPhone OS 26_2_1 like Mac OS X) AppleWebKit/605.1.15 (KHTML, like Gecko) Mobile/23C71 Safari/604.1 [FBAN/FBIOS;FBAV/548.0.0.36.68;FBBV/880335931;FBDV/iPhone15,3;FBMD/iPhone;FBSN/iOS;FBSV/26.2.1;FBSS/3;FBID/phone;FBLC/en_GB;FBOP/5;FBRV/890181560;IABMV/1]"
2001:8004:c80:495d:cd9f:4fab:73ea:1e47 - - [23/Feb/2026:15:00:12 +0000] "GET /wp-content/uploads/2025/01/speciality-05-1.jpg HTTP/1.1" 200 91447 "https://drmoustafaelnahasclinics.com/" "Mozilla/5.0 (iPhone; CPU iPhone OS 26_2_1 like Mac OS X) AppleWebKit/605.1.15 (KHTML, like Gecko) Mobile/23C71 Safari/604.1 [FBAN/FBIOS;FBAV/548.0.0.36.68;FBBV/880335931;FBDV/iPhone15,3;FBMD/iPhone;FBSN/iOS;FBSV/26.2.1;FBSS/3;FBID/phone;FBLC/en_GB;FBOP/5;FBRV/890181560;IABMV/1]"
2001:8004:c80:495d:cd9f:4fab:73ea:1e47 - - [23/Feb/2026:15:00:12 +0000] "GET /wp-content/uploads/2025/01/company-08-1.svg HTTP/1.1" 200 3955 "https://drmoustafaelnahasclinics.com/" "Mozilla/5.0 (iPhone; CPU iPhone OS 26_2_1 like Mac OS X) AppleWebKit/605.1.15 (KHTML, like Gecko) Mobile/23C71 Safari/604.1 [FBAN/FBIOS;FBAV/548.0.0.36.68;FBBV/880335931;FBDV/iPhone15,3;FBMD/iPhone;FBSN/iOS;FBSV/26.2.1;FBSS/3;FBID/phone;FBLC/en_GB;FBOP/5;FBRV/890181560;IABMV/1]"
2001:8004:c80:495d:cd9f:4fab:73ea:1e47 - - [23/Feb/2026:15:00:12 +0000] "GET /wp-content/uploads/2025/01/company-01-1.svg HTTP/1.1" 200 5600 "https://drmoustafaelnahasclinics.com/" "Mozilla/5.0 (iPhone; CPU iPhone OS 26_2_1 like Mac OS X) AppleWebKit/605.1.15 (KHTML, like Gecko) Mobile/23C71 Safari/604.1 [FBAN/FBIOS;FBAV/548.0.0.36.68;FBBV/880335931;FBDV/iPhone15,3;FBMD/iPhone;FBSN/iOS;FBSV/26.2.1;FBSS/3;FBID/phone;FBLC/en_GB;FBOP/5;FBRV/890181560;IABMV/1]"
172.187.168.139 - - [23/Feb/2026:15:00:35 +0000] "POST /wp-cron.php?doing_wp_cron=1771858834.9975879192352294921875 HTTP/1.1" 200 31 "-" "WordPress/6.9.1; https://doccure-wp.dreamstechnologies.com"
37.228.215.202 - - [23/Feb/2026:15:00:35 +0000] "GET /doctors/ruby-perrin/ HTTP/1.1" 200 23040 "-" "Mozilla/5.0 (Macintosh; Intel Mac OS X 10_7_3) AppleWebKit/537.36 (KHTML, like Gecko, Mediapartners-Google) Chrome/89.0.4389.130 Safari/537.36"
2a03:2880:f800:: - - [23/Feb/2026:15:00:39 +0000] "GET /category/canli-casino/ HTTP/1.1" 404 17183 "-" "meta-externalagent/1.1 (+https://developers.facebook.com/docs/sharing/webmasters/crawler)"
50.17.185.102 - - [23/Feb/2026:15:01:07 +0000] "GET / HTTP/1.1" 200 29871 "-" "FreshpingBot/1.0 (+https://freshping.io/)"
172.187.168.139 - - [23/Feb/2026:15:04:53 +0000] "POST /wp-cron.php?doing_wp_cron=1771859093.7201790809631347656250 HTTP/1.1" 200 31 "-" "WordPress/6.9.1; https://doccure-wp.dreamstechnologies.com"
94.130.200.121 - - [23/Feb/2026:15:04:53 +0000] "POST /xmlrpc.php HTTP/1.1" 405 428 "-" "Mozilla/5.0 (Windows NT 10.0; WOW64) AppleWebKit/537.36 (KHTML, like Gecko) Chrome/114.0.0.0 Safari/537.36 Vivaldi/5.3.2679.68"
94.130.200.121 - - [23/Feb/2026:15:04:55 +0000] "POST /xmlrpc.php HTTP/1.1" 405 428 "-" "Mozilla/5.0 (Windows NT 10.0; WOW64) AppleWebKit/537.36 (KHTML, like Gecko) Chrome/114.0.0.0 Safari/537.36 Vivaldi/5.3.2679.68"
94.130.200.121 - - [23/Feb/2026:15:04:56 +0000] "POST /xmlrpc.php HTTP/1.1" 405 428 "-" "Mozilla/5.0 (Windows NT 10.0; WOW64) AppleWebKit/537.36 (KHTML, like Gecko) Chrome/114.0.0.0 Safari/537.36 Vivaldi/5.3.2679.68"
94.130.200.121 - - [23/Feb/2026:15:04:58 +0000] "POST /xmlrpc.php HTTP/1.1" 405 428 "-" "Mozilla/5.0 (Windows NT 10.0; WOW64) AppleWebKit/537.36 (KHTML, like Gecko) Chrome/114.0.0.0 Safari/537.36 Vivaldi/5.3.2679.68"
172.187.168.139 - - [23/Feb/2026:15:06:18 +0000] "POST /wp-cron.php?doing_wp_cron=1771859178.1955809593200683593750 HTTP/1.1" 200 31 "-" "WordPress/6.9.1; https://doccure-wp.dreamstechnologies.com"
50.17.185.102 - - [23/Feb/2026:15:06:18 +0000] "GET / HTTP/1.1" 200 29871 "-" "FreshpingBot/1.0 (+https://freshping.io/)"
172.187.168.139 - - [23/Feb/2026:15:09:26 +0000] "POST /wp-cron.php?doing_wp_cron=1771859365.9836890697479248046875 HTTP/1.1" 200 31 "-" "WordPress/6.9.1; https://doccure-wp.dreamstechnologies.com"
102.128.76.195 - - [23/Feb/2026:15:09:26 +0000] "GET /favicon.ico HTTP/1.1" 302 11 "-" "Mozilla/5.0 (Macintosh; Intel Mac OS X 10_15_7) AppleWebKit/537.36 (KHTML, like Gecko) Chrome/145.0.0.0 Safari/537.36"
102.128.76.195 - - [23/Feb/2026:15:09:28 +0000] "GET /wp-content/uploads/2021/10/favicon.png HTTP/1.1" 200 489 "-" "Mozilla/5.0 (Macintosh; Intel Mac OS X 10_15_7) AppleWebKit/537.36 (KHTML, like Gecko) Chrome/145.0.0.0 Safari/537.36"
172.187.168.139 - - [23/Feb/2026:15:10:55 +0000] "POST /wp-cron.php?doing_wp_cron=1771859455.8352990150451660156250 HTTP/1.1" 200 31 "-" "WordPress/6.9.1; https://doccure-wp.dreamstechnologies.com"
102.128.76.195 - - [23/Feb/2026:15:10:55 +0000] "GET /favicon.ico HTTP/1.1" 302 11 "-" "Mozilla/5.0 (Macintosh; Intel Mac OS X 10_15_7) AppleWebKit/537.36 (KHTML, like Gecko) Chrome/145.0.0.0 Safari/537.36"
66.249.70.139 - - [23/Feb/2026:15:11:13 +0000] "GET /robots.txt HTTP/1.1" 200 427 "-" "Mozilla/5.0 (compatible; Googlebot/2.1; +http://www.google.com/bot.html)"
50.17.185.102 - - [23/Feb/2026:15:11:13 +0000] "GET / HTTP/1.1" 200 29871 "-" "FreshpingBot/1.0 (+https://freshping.io/)"
172.187.168.139 - - [23/Feb/2026:15:11:15 +0000] "POST /wp-cron.php?doing_wp_cron=1771859475.2919499874114990234375 HTTP/1.1" 200 31 "-" "WordPress/6.9.1; https://doccure-wp.dreamstechnologies.com"
66.249.70.140 - - [23/Feb/2026:15:11:15 +0000] "GET /elementor/wp-content/uploads/2023/07/partners-4.svg HTTP/1.1" 404 17252 "-" "Googlebot-Image/1.0"
66.249.70.141 - - [23/Feb/2026:15:11:17 +0000] "GET /elementor/wp-content/uploads/2023/07/partners-3.svg HTTP/1.1" 404 17252 "-" "Googlebot-Image/1.0"
66.249.70.139 - - [23/Feb/2026:15:11:19 +0000] "GET /elementor/wp-content/uploads/2023/07/partners-5.svg HTTP/1.1" 404 17249 "-" "Googlebot-Image/1.0"
66.249.70.139 - - [23/Feb/2026:15:11:21 +0000] "GET /elementor/wp-content/uploads/2023/07/partners-6.svg HTTP/1.1" 404 17274 "-" "Googlebot-Image/1.0"
66.249.70.139 - - [23/Feb/2026:15:11:23 +0000] "GET /elementor/wp-content/uploads/2023/07/partners-1.svg HTTP/1.1" 404 17251 "-" "Googlebot-Image/1.0"
66.249.70.139 - - [23/Feb/2026:15:11:26 +0000] "GET /elementor/wp-content/uploads/2023/07/partners-2.svg HTTP/1.1" 404 17254 "-" "Googlebot-Image/1.0"
172.187.168.139 - - [23/Feb/2026:15:14:46 +0000] "POST /wp-cron.php?doing_wp_cron=1771859686.7038140296936035156250 HTTP/1.1" 200 31 "-" "WordPress/6.9.1; https://doccure-wp.dreamstechnologies.com"
2a03:2880:f800:1a:: - - [23/Feb/2026:15:14:46 +0000] "GET /steroidi-e-fertilita-maschile-impatti-e-considerazioni/ HTTP/1.1" 404 17213 "-" "meta-externalagent/1.1 (+https://developers.facebook.com/docs/sharing/webmasters/crawler)"
172.187.168.139 - - [23/Feb/2026:15:16:17 +0000] "POST /wp-cron.php?doing_wp_cron=1771859777.3755230903625488281250 HTTP/1.1" 200 31 "-" "WordPress/6.9.1; https://doccure-wp.dreamstechnologies.com"
50.17.185.102 - - [23/Feb/2026:15:16:17 +0000] "GET / HTTP/1.1" 200 29871 "-" "FreshpingBot/1.0 (+https://freshping.io/)"
172.187.168.139 - - [23/Feb/2026:15:17:56 +0000] "POST /wp-cron.php?doing_wp_cron=1771859876.6378839015960693359375 HTTP/1.1" 200 31 "-" "WordPress/6.9.1; https://doccure-wp.dreamstechnologies.com"
217.113.194.103 - - [23/Feb/2026:15:17:56 +0000] "GET /robots.txt HTTP/1.1" 200 427 "-" "Mozilla/5.0 (compatible; Barkrowler/0.9; +https://babbar.tech/crawler)"
172.187.168.139 - - [23/Feb/2026:15:18:37 +0000] "POST /wp-cron.php?doing_wp_cron=1771859917.3450660705566406250000 HTTP/1.1" 200 31 "-" "WordPress/6.9.1; https://doccure-wp.dreamstechnologies.com"
136.119.110.53 - - [23/Feb/2026:15:18:37 +0000] "GET / HTTP/1.1" 200 29871 "-" "Mozilla/5.0 (compatible; DesignProbe/1.0)"
172.187.168.139 - - [23/Feb/2026:15:19:18 +0000] "POST /wp-cron.php?doing_wp_cron=1771859958.5590651035308837890625 HTTP/1.1" 200 31 "-" "WordPress/6.9.1; https://doccure-wp.dreamstechnologies.com"
154.54.249.203 - - [23/Feb/2026:15:19:18 +0000] "GET /blog/page/2/ HTTP/1.1" 404 17175 "-" "Mozilla/5.0 (compatible; Barkrowler/0.9; +https://babbar.tech/crawler)"
172.187.168.139 - - [23/Feb/2026:15:20:11 +0000] "POST /wp-cron.php?doing_wp_cron=1771860011.7137138843536376953125 HTTP/1.1" 200 31 "-" "WordPress/6.9.1; https://doccure-wp.dreamstechnologies.com"
217.113.194.105 - - [23/Feb/2026:15:20:11 +0000] "GET /tag/health/ HTTP/1.1" 200 18488 "-" "Mozilla/5.0 (compatible; Barkrowler/0.9; +https://babbar.tech/crawler)"
172.187.168.139 - - [23/Feb/2026:15:20:57 +0000] "POST /wp-cron.php?doing_wp_cron=1771860057.9251480102539062500000 HTTP/1.1" 200 31 "-" "WordPress/6.9.1; https://doccure-wp.dreamstechnologies.com"
217.113.194.108 - - [23/Feb/2026:15:20:57 +0000] "GET /tag/medical/ HTTP/1.1" 200 18483 "-" "Mozilla/5.0 (compatible; Barkrowler/0.9; +https://babbar.tech/crawler)"
35.173.69.86 - - [23/Feb/2026:15:21:08 +0000] "GET / HTTP/1.1" 200 29871 "-" "FreshpingBot/1.0 (+https://freshping.io/)"
172.187.168.139 - - [23/Feb/2026:15:21:47 +0000] "POST /wp-cron.php?doing_wp_cron=1771860107.6136260032653808593750 HTTP/1.1" 200 31 "-" "WordPress/6.9.1; https://doccure-wp.dreamstechnologies.com"
217.113.194.110 - - [23/Feb/2026:15:21:47 +0000] "GET /test-rest/ HTTP/1.1" 404 17171 "-" "Mozilla/5.0 (compatible; Barkrowler/0.9; +https://babbar.tech/crawler)"
172.187.168.139 - - [23/Feb/2026:15:22:39 +0000] "POST /wp-cron.php?doing_wp_cron=1771860158.9780790805816650390625 HTTP/1.1" 200 31 "-" "WordPress/6.9.1; https://doccure-wp.dreamstechnologies.com"
217.113.194.107 - - [23/Feb/2026:15:22:39 +0000] "GET /blog-grid/page/2/ HTTP/1.1" 200 17399 "-" "Mozilla/5.0 (compatible; Barkrowler/0.9; +https://babbar.tech/crawler)"
172.187.168.139 - - [23/Feb/2026:15:23:28 +0000] "POST /wp-cron.php?doing_wp_cron=1771860208.2210710048675537109375 HTTP/1.1" 200 31 "-" "WordPress/6.9.1; https://doccure-wp.dreamstechnologies.com"
217.113.194.109 - - [23/Feb/2026:15:23:28 +0000] "GET /2026/02/ HTTP/1.1" 200 19109 "-" "Mozilla/5.0 (compatible; Barkrowler/0.9; +https://babbar.tech/crawler)"
172.187.168.139 - - [23/Feb/2026:15:24:15 +0000] "POST /wp-cron.php?doing_wp_cron=1771860255.4508500099182128906250 HTTP/1.1" 200 31 "-" "WordPress/6.9.1; https://doccure-wp.dreamstechnologies.com"
217.113.194.108 - - [23/Feb/2026:15:24:15 +0000] "GET /languages/english/ HTTP/1.1" 200 18384 "-" "Mozilla/5.0 (compatible; Barkrowler/0.9; +https://babbar.tech/crawler)"
52.167.144.212 - - [23/Feb/2026:15:24:48 +0000] "GET /wp-content/uploads/2024/06/doctordemo-02-1-255x200.jpg HTTP/1.1" 200 12717 "-" "Mozilla/5.0 AppleWebKit/537.36 (KHTML, like Gecko; compatible; bingbot/2.0; +http://www.bing.com/bingbot.htm) Chrome/116.0.1938.76 Safari/537.36"
217.113.194.110 - - [23/Feb/2026:15:25:02 +0000] "GET /languages/french/ HTTP/1.1" 200 18381 "-" "Mozilla/5.0 (compatible; Barkrowler/0.9; +https://babbar.tech/crawler)"
100.30.5.6 - - [23/Feb/2026:15:25:11 +0000] "GET /robots.txt HTTP/1.1" 200 427 "-" "Mozilla/5.0 (Macintosh; Intel Mac OS X 10_10_1) AppleWebKit/600.2.5 (KHTML, like Gecko) Version/8.0.2 Safari/600.2.5 (Gort)"
172.187.168.139 - - [23/Feb/2026:15:25:54 +0000] "POST /wp-cron.php?doing_wp_cron=1771860353.9727180004119873046875 HTTP/1.1" 200 31 "-" "WordPress/6.9.1; https://doccure-wp.dreamstechnologies.com"
217.113.194.224 - - [23/Feb/2026:15:25:54 +0000] "GET /specialities/laboratory/ HTTP/1.1" 200 18691 "-" "Mozilla/5.0 (compatible; Barkrowler/0.9; +https://babbar.tech/crawler)"
172.187.168.139 - - [23/Feb/2026:15:26:38 +0000] "POST /wp-cron.php?doing_wp_cron=1771860398.8017880916595458984375 HTTP/1.1" 200 31 "-" "WordPress/6.9.1; https://doccure-wp.dreamstechnologies.com"
35.173.69.86 - - [23/Feb/2026:15:26:38 +0000] "GET / HTTP/1.1" 200 29871 "-" "FreshpingBot/1.0 (+https://freshping.io/)"
217.113.194.223 - - [23/Feb/2026:15:26:39 +0000] "GET /documentation/changelog.html HTTP/1.1" 200 6138 "-" "Mozilla/5.0 (compatible; Barkrowler/0.9; +https://babbar.tech/crawler)"
172.187.168.139 - - [23/Feb/2026:15:27:26 +0000] "POST /wp-cron.php?doing_wp_cron=1771860446.1801540851593017578125 HTTP/1.1" 200 31 "-" "WordPress/6.9.1; https://doccure-wp.dreamstechnologies.com"
217.113.194.104 - - [23/Feb/2026:15:27:26 +0000] "GET /doctors/paul-richard/ HTTP/1.1" 200 23832 "-" "Mozilla/5.0 (compatible; Barkrowler/0.9; +https://babbar.tech/crawler)"
172.187.168.139 - - [23/Feb/2026:15:28:17 +0000] "POST /wp-cron.php?doing_wp_cron=1771860497.6414730548858642578125 HTTP/1.1" 200 31 "-" "WordPress/6.9.1; https://doccure-wp.dreamstechnologies.com"
217.113.194.103 - - [23/Feb/2026:15:28:17 +0000] "GET /doctors/james-amen/ HTTP/1.1" 200 24122 "-" "Mozilla/5.0 (compatible; Barkrowler/0.9; +https://babbar.tech/crawler)"
66.249.70.140 - - [23/Feb/2026:15:28:41 +0000] "GET /wp-content/uploads/2021/10/doctor-1.jpg HTTP/1.1" 200 37390 "-" "Googlebot-Image/1.0"
217.113.194.247 - - [23/Feb/2026:15:29:03 +0000] "GET /category/canli-casino/ HTTP/1.1" 404 17184 "-" "Mozilla/5.0 (compatible; Barkrowler/0.9; +https://babbar.tech/crawler)"
172.187.168.139 - - [23/Feb/2026:15:29:47 +0000] "POST /wp-cron.php?doing_wp_cron=1771860587.8007380962371826171875 HTTP/1.1" 200 31 "-" "WordPress/6.9.1; https://doccure-wp.dreamstechnologies.com"
217.113.194.108 - - [23/Feb/2026:15:29:47 +0000] "GET /specialities/ultrasound/ HTTP/1.1" 200 18708 "-" "Mozilla/5.0 (compatible; Barkrowler/0.9; +https://babbar.tech/crawler)"
172.187.168.139 - - [23/Feb/2026:15:30:31 +0000] "POST /wp-cron.php?doing_wp_cron=1771860631.7524719238281250000000 HTTP/1.1" 200 31 "-" "WordPress/6.9.1; https://doccure-wp.dreamstechnologies.com"
217.113.194.109 - - [23/Feb/2026:15:30:31 +0000] "GET /specialities/orthopedic/ HTTP/1.1" 200 18710 "-" "Mozilla/5.0 (compatible; Barkrowler/0.9; +https://babbar.tech/crawler)"
172.187.168.139 - - [23/Feb/2026:15:31:18 +0000] "POST /wp-cron.php?doing_wp_cron=1771860678.6648149490356445312500 HTTP/1.1" 200 31 "-" "WordPress/6.9.1; https://doccure-wp.dreamstechnologies.com"
217.113.194.102 - - [23/Feb/2026:15:31:18 +0000] "GET /specialities/cardiologist HTTP/1.1" 301 11 "-" "Mozilla/5.0 (compatible; Barkrowler/0.9; +https://babbar.tech/crawler)"
50.17.185.102 - - [23/Feb/2026:15:31:37 +0000] "GET / HTTP/1.1" 200 29871 "-" "FreshpingBot/1.0 (+https://freshping.io/)"
217.113.194.106 - - [23/Feb/2026:15:32:05 +0000] "GET /doctors/ruby-perrin/ HTTP/1.1" 200 23040 "-" "Mozilla/5.0 (compatible; Barkrowler/0.9; +https://babbar.tech/crawler)"
172.187.168.139 - - [23/Feb/2026:15:32:49 +0000] "POST /wp-cron.php?doing_wp_cron=1771860769.2139599323272705078125 HTTP/1.1" 200 31 "-" "WordPress/6.9.1; https://doccure-wp.dreamstechnologies.com"
217.113.194.104 - - [23/Feb/2026:15:32:49 +0000] "GET /doctors/carl-kelly/ HTTP/1.1" 200 23922 "-" "Mozilla/5.0 (compatible; Barkrowler/0.9; +https://babbar.tech/crawler)"
172.187.168.139 - - [23/Feb/2026:15:33:34 +0000] "POST /wp-cron.php?doing_wp_cron=1771860814.0425040721893310546875 HTTP/1.1" 200 31 "-" "WordPress/6.9.1; https://doccure-wp.dreamstechnologies.com"
217.113.194.108 - - [23/Feb/2026:15:33:34 +0000] "GET /doctors/saeed-tamer/ HTTP/1.1" 200 21003 "-" "Mozilla/5.0 (compatible; Barkrowler/0.9; +https://babbar.tech/crawler)"
172.187.168.139 - - [23/Feb/2026:15:34:21 +0000] "POST /wp-cron.php?doing_wp_cron=1771860861.4369609355926513671875 HTTP/1.1" 200 31 "-" "WordPress/6.9.1; https://doccure-wp.dreamstechnologies.com"
154.54.249.203 - - [23/Feb/2026:15:34:21 +0000] "GET /doctors/olga-barlow/ HTTP/1.1" 200 24244 "-" "Mozilla/5.0 (compatible; Barkrowler/0.9; +https://babbar.tech/crawler)"
217.113.194.110 - - [23/Feb/2026:15:35:06 +0000] "GET /doctors/sofia-brient/ HTTP/1.1" 200 23915 "-" "Mozilla/5.0 (compatible; Barkrowler/0.9; +https://babbar.tech/crawler)"
20.114.221.114 - - [23/Feb/2026:15:35:25 +0000] "GET /wp-content/plugins/hellopress/wp_filemanager.php HTTP/1.1" 404 134 "-" "-"
20.114.221.114 - - [23/Feb/2026:15:35:25 +0000] "GET /new4.php HTTP/1.1" 404 134 "-" "-"
20.114.221.114 - - [23/Feb/2026:15:35:25 +0000] "GET /tews.php HTTP/1.1" 404 134 "-" "-"
20.114.221.114 - - [23/Feb/2026:15:35:26 +0000] "GET /wpp.php HTTP/1.1" 404 134 "-" "-"
20.114.221.114 - - [23/Feb/2026:15:35:26 +0000] "GET /shell20211028.php HTTP/1.1" 404 134 "-" "-"
20.114.221.114 - - [23/Feb/2026:15:35:26 +0000] "GET /wp-content/themes/seotheme/mar.php HTTP/1.1" 404 134 "-" "-"
20.114.221.114 - - [23/Feb/2026:15:35:26 +0000] "GET /db.php HTTP/1.1" 404 134 "-" "-"
20.114.221.114 - - [23/Feb/2026:15:35:26 +0000] "GET /wp-content/plugins/index.php HTTP/1.1" 200 31 "-" "-"
20.114.221.114 - - [23/Feb/2026:15:35:26 +0000] "GET /wp-content/plugins/dummyyummy/wp-signup.php HTTP/1.1" 404 134 "-" "-"
20.114.221.114 - - [23/Feb/2026:15:35:26 +0000] "GET /bs1.php HTTP/1.1" 404 134 "-" "-"
20.114.221.114 - - [23/Feb/2026:15:35:27 +0000] "GET /BDKR28WP.php HTTP/1.1" 404 134 "-" "-"
20.114.221.114 - - [23/Feb/2026:15:35:27 +0000] "GET /zu.php HTTP/1.1" 404 134 "-" "-"
20.114.221.114 - - [23/Feb/2026:15:35:27 +0000] "GET /alpha.php HTTP/1.1" 404 134 "-" "-"
20.114.221.114 - - [23/Feb/2026:15:35:27 +0000] "GET /sty.php HTTP/1.1" 404 134 "-" "-"
20.114.221.114 - - [23/Feb/2026:15:35:27 +0000] "GET /htaccess.php HTTP/1.1" 404 134 "-" "-"
20.114.221.114 - - [23/Feb/2026:15:35:27 +0000] "GET /uploads/update_with_pics.php HTTP/1.1" 404 134 "-" "-"
20.114.221.114 - - [23/Feb/2026:15:35:27 +0000] "GET /wp-admin/maint/yes.php HTTP/1.1" 404 134 "-" "-"
20.114.221.114 - - [23/Feb/2026:15:35:28 +0000] "GET /opts.php HTTP/1.1" 404 134 "-" "-"
20.114.221.114 - - [23/Feb/2026:15:35:28 +0000] "GET /wp-act.php HTTP/1.1" 404 134 "-" "-"
20.114.221.114 - - [23/Feb/2026:15:35:28 +0000] "GET /ze.php HTTP/1.1" 404 134 "-" "-"
20.114.221.114 - - [23/Feb/2026:15:35:28 +0000] "GET /seetox.php HTTP/1.1" 404 134 "-" "-"
20.114.221.114 - - [23/Feb/2026:15:35:28 +0000] "GET /wp-content/ HTTP/1.1" 200 31 "-" "-"
20.114.221.114 - - [23/Feb/2026:15:35:28 +0000] "GET /plugins.php?p= HTTP/1.1" 404 134 "-" "-"
20.114.221.114 - - [23/Feb/2026:15:35:28 +0000] "GET /xoot.php HTTP/1.1" 404 134 "-" "-"
20.114.221.114 - - [23/Feb/2026:15:35:29 +0000] "GET /X57.php HTTP/1.1" 404 134 "-" "-"
20.114.221.114 - - [23/Feb/2026:15:35:29 +0000] "GET /vx.php HTTP/1.1" 404 134 "-" "-"
20.114.221.114 - - [23/Feb/2026:15:35:29 +0000] "GET /file59.php HTTP/1.1" 404 134 "-" "-"
20.114.221.114 - - [23/Feb/2026:15:35:29 +0000] "GET /wp-admin/css/bolt.php HTTP/1.1" 404 134 "-" "-"
20.114.221.114 - - [23/Feb/2026:15:35:29 +0000] "GET /xa.php HTTP/1.1" 404 134 "-" "-"
20.114.221.114 - - [23/Feb/2026:15:35:29 +0000] "GET /er.php HTTP/1.1" 404 134 "-" "-"
20.114.221.114 - - [23/Feb/2026:15:35:29 +0000] "GET /fault.php HTTP/1.1" 404 134 "-" "-"
20.114.221.114 - - [23/Feb/2026:15:35:30 +0000] "GET /motu.php HTTP/1.1" 404 134 "-" "-"
20.114.221.114 - - [23/Feb/2026:15:35:30 +0000] "GET /66.php HTTP/1.1" 404 134 "-" "-"
20.114.221.114 - - [23/Feb/2026:15:35:30 +0000] "GET /leuk.php HTTP/1.1" 404 134 "-" "-"
20.114.221.114 - - [23/Feb/2026:15:35:30 +0000] "GET /xqq.php HTTP/1.1" 404 134 "-" "-"
20.114.221.114 - - [23/Feb/2026:15:35:30 +0000] "GET /kolda.php HTTP/1.1" 404 134 "-" "-"
20.114.221.114 - - [23/Feb/2026:15:35:31 +0000] "GET /nw.php HTTP/1.1" 404 134 "-" "-"
20.114.221.114 - - [23/Feb/2026:15:35:31 +0000] "GET /666.php HTTP/1.1" 404 134 "-" "-"
20.114.221.114 - - [23/Feb/2026:15:35:31 +0000] "GET /kj.php HTTP/1.1" 404 134 "-" "-"
20.114.221.114 - - [23/Feb/2026:15:35:31 +0000] "GET /un.php HTTP/1.1" 404 134 "-" "-"
20.114.221.114 - - [23/Feb/2026:15:35:31 +0000] "GET /fs.php HTTP/1.1" 404 134 "-" "-"
20.114.221.114 - - [23/Feb/2026:15:35:31 +0000] "GET /ms.php HTTP/1.1" 404 134 "-" "-"
20.114.221.114 - - [23/Feb/2026:15:35:31 +0000] "GET /login5.php HTTP/1.1" 404 134 "-" "-"
20.114.221.114 - - [23/Feb/2026:15:35:31 +0000] "GET /cu.php HTTP/1.1" 404 134 "-" "-"
20.114.221.114 - - [23/Feb/2026:15:35:32 +0000] "GET /lul.php HTTP/1.1" 404 134 "-" "-"
20.114.221.114 - - [23/Feb/2026:15:35:32 +0000] "GET /0.php HTTP/1.1" 404 134 "-" "-"
20.114.221.114 - - [23/Feb/2026:15:35:32 +0000] "GET /ms-edit.php HTTP/1.1" 404 134 "-" "-"
20.114.221.114 - - [23/Feb/2026:15:35:32 +0000] "GET /grsiuk.php HTTP/1.1" 404 134 "-" "-"
20.114.221.114 - - [23/Feb/2026:15:35:32 +0000] "GET /wp-blog.php HTTP/1.1" 404 134 "-" "-"
20.114.221.114 - - [23/Feb/2026:15:35:33 +0000] "GET /wp-access.php HTTP/1.1" 404 134 "-" "-"
20.114.221.114 - - [23/Feb/2026:15:35:33 +0000] "GET /a1vx.php HTTP/1.1" 404 134 "-" "-"
20.114.221.114 - - [23/Feb/2026:15:35:33 +0000] "GET /sbhu.php HTTP/1.1" 404 134 "-" "-"
20.114.221.114 - - [23/Feb/2026:15:35:33 +0000] "GET /wp-the.php HTTP/1.1" 404 134 "-" "-"
20.114.221.114 - - [23/Feb/2026:15:35:33 +0000] "GET /06.php HTTP/1.1" 404 134 "-" "-"
20.114.221.114 - - [23/Feb/2026:15:35:33 +0000] "GET /classwithtostring.php HTTP/1.1" 404 134 "-" "-"
20.114.221.114 - - [23/Feb/2026:15:35:33 +0000] "GET /fot.php HTTP/1.1" 404 134 "-" "-"
20.114.221.114 - - [23/Feb/2026:15:35:34 +0000] "GET /ff1.php HTTP/1.1" 404 134 "-" "-"
20.114.221.114 - - [23/Feb/2026:15:35:34 +0000] "GET /forbidals.php HTTP/1.1" 404 134 "-" "-"
20.114.221.114 - - [23/Feb/2026:15:35:34 +0000] "GET //erty.php HTTP/1.1" 404 134 "-" "-"
20.114.221.114 - - [23/Feb/2026:15:35:34 +0000] "GET /dev1s.php HTTP/1.1" 404 134 "-" "-"
20.114.221.114 - - [23/Feb/2026:15:35:34 +0000] "GET /ffd.php HTTP/1.1" 404 134 "-" "-"
20.114.221.114 - - [23/Feb/2026:15:35:34 +0000] "GET /admiin.php HTTP/1.1" 404 134 "-" "-"
20.114.221.114 - - [23/Feb/2026:15:35:35 +0000] "GET /ol.php HTTP/1.1" 404 134 "-" "-"
20.114.221.114 - - [23/Feb/2026:15:35:35 +0000] "GET /Sanskrit.php HTTP/1.1" 404 134 "-" "-"
20.114.221.114 - - [23/Feb/2026:15:35:35 +0000] "GET /vxrl.php HTTP/1.1" 404 134 "-" "-"
20.114.221.114 - - [23/Feb/2026:15:35:35 +0000] "GET /re.php HTTP/1.1" 404 134 "-" "-"
20.114.221.114 - - [23/Feb/2026:15:35:35 +0000] "GET /num.php HTTP/1.1" 404 134 "-" "-"
20.114.221.114 - - [23/Feb/2026:15:35:36 +0000] "GET /makeasmtp.php?p= HTTP/1.1" 404 134 "-" "-"
20.114.221.114 - - [23/Feb/2026:15:35:36 +0000] "GET /vxrl.php HTTP/1.1" 404 134 "-" "-"
172.187.168.139 - - [23/Feb/2026:15:35:36 +0000] "POST /wp-cron.php?doing_wp_cron=1771860936.1477320194244384765625 HTTP/1.1" 200 31 "-" "WordPress/6.9.1; https://doccure-wp.dreamstechnologies.com"
91.230.225.185 - - [23/Feb/2026:15:35:36 +0000] "GET /wp-login.php HTTP/1.1" 200 2430 "-" "Mozilla/5.0 (Windows NT 10.0; WOW64) AppleWebKit/537.36 (KHTML, like Gecko) Chrome/88.0.4324.190 Safari/537.36"
20.114.221.114 - - [23/Feb/2026:15:35:36 +0000] "GET /in.php HTTP/1.1" 404 134 "-" "-"
91.230.225.185 - - [23/Feb/2026:15:35:36 +0000] "GET /wp-includes/css/buttons.min.css?ver=6.9.1 HTTP/1.1" 200 6061 "https://doccure-wp.dreamstechnologies.com/wp-login.php" "Mozilla/5.0 (Windows NT 10.0; WOW64) AppleWebKit/537.36 (KHTML, like Gecko) Chrome/88.0.4324.190 Safari/537.36"
91.230.225.185 - - [23/Feb/2026:15:35:36 +0000] "GET /wp-admin/css/forms.min.css?ver=6.9.1 HTTP/1.1" 200 28422 "https://doccure-wp.dreamstechnologies.com/wp-login.php" "Mozilla/5.0 (Windows NT 10.0; WOW64) AppleWebKit/537.36 (KHTML, like Gecko) Chrome/88.0.4324.190 Safari/537.36"
91.230.225.185 - - [23/Feb/2026:15:35:36 +0000] "GET /wp-admin/css/login.min.css?ver=6.9.1 HTTP/1.1" 200 6381 "https://doccure-wp.dreamstechnologies.com/wp-login.php" "Mozilla/5.0 (Windows NT 10.0; WOW64) AppleWebKit/537.36 (KHTML, like Gecko) Chrome/88.0.4324.190 Safari/537.36"
91.230.225.185 - - [23/Feb/2026:15:35:36 +0000] "GET /wp-admin/js/user-profile.min.js?ver=6.9.1 HTTP/1.1" 200 7997 "https://doccure-wp.dreamstechnologies.com/wp-login.php" "Mozilla/5.0 (Windows NT 10.0; WOW64) AppleWebKit/537.36 (KHTML, like Gecko) Chrome/88.0.4324.190 Safari/537.36"
91.230.225.185 - - [23/Feb/2026:15:35:36 +0000] "GET /wp-includes/js/dist/i18n.min.js?ver=c26c3dc7bed366793375 HTTP/1.1" 200 5314 "https://doccure-wp.dreamstechnologies.com/wp-login.php" "Mozilla/5.0 (Windows NT 10.0; WOW64) AppleWebKit/537.36 (KHTML, like Gecko) Chrome/88.0.4324.190 Safari/537.36"
91.230.225.185 - - [23/Feb/2026:15:35:36 +0000] "GET /wp-includes/js/underscore.min.js?ver=1.13.7 HTTP/1.1" 200 18905 "https://doccure-wp.dreamstechnologies.com/wp-login.php" "Mozilla/5.0 (Windows NT 10.0; WOW64) AppleWebKit/537.36 (KHTML, like Gecko) Chrome/88.0.4324.190 Safari/537.36"
91.230.225.185 - - [23/Feb/2026:15:35:36 +0000] "GET /wp-includes/js/zxcvbn-async.min.js?ver=1.0 HTTP/1.1" 200 351 "https://doccure-wp.dreamstechnologies.com/wp-login.php" "Mozilla/5.0 (Windows NT 10.0; WOW64) AppleWebKit/537.36 (KHTML, like Gecko) Chrome/88.0.4324.190 Safari/537.36"
91.230.225.185 - - [23/Feb/2026:15:35:36 +0000] "GET /wp-includes/js/dist/a11y.min.js?ver=cb460b4676c94bd228ed HTTP/1.1" 200 2212 "https://doccure-wp.dreamstechnologies.com/wp-login.php" "Mozilla/5.0 (Windows NT 10.0; WOW64) AppleWebKit/537.36 (KHTML, like Gecko) Chrome/88.0.4324.190 Safari/537.36"
91.230.225.185 - - [23/Feb/2026:15:35:36 +0000] "GET /wp-includes/js/clipboard.min.js?ver=2.0.11 HTTP/1.1" 200 9009 "https://doccure-wp.dreamstechnologies.com/wp-login.php" "Mozilla/5.0 (Windows NT 10.0; WOW64) AppleWebKit/537.36 (KHTML, like Gecko) Chrome/88.0.4324.190 Safari/537.36"
91.230.225.185 - - [23/Feb/2026:15:35:36 +0000] "GET /wp-includes/js/dist/hooks.min.js?ver=dd5603f07f9220ed27f1 HTTP/1.1" 200 5661 "https://doccure-wp.dreamstechnologies.com/wp-login.php" "Mozilla/5.0 (Windows NT 10.0; WOW64) AppleWebKit/537.36 (KHTML, like Gecko) Chrome/88.0.4324.190 Safari/537.36"
91.230.225.185 - - [23/Feb/2026:15:35:36 +0000] "GET /wp-includes/js/jquery/jquery-migrate.min.js?ver=3.4.1 HTTP/1.1" 200 13577 "https://doccure-wp.dreamstechnologies.com/wp-login.php" "Mozilla/5.0 (Windows NT 10.0; WOW64) AppleWebKit/537.36 (KHTML, like Gecko) Chrome/88.0.4324.190 Safari/537.36"
91.230.225.185 - - [23/Feb/2026:15:35:36 +0000] "GET /wp-admin/css/l10n.min.css?ver=6.9.1 HTTP/1.1" 200 3200 "https://doccure-wp.dreamstechnologies.com/wp-login.php" "Mozilla/5.0 (Windows NT 10.0; WOW64) AppleWebKit/537.36 (KHTML, like Gecko) Chrome/88.0.4324.190 Safari/537.36"
20.114.221.114 - - [23/Feb/2026:15:35:36 +0000] "GET /style.php HTTP/1.1" 404 134 "-" "-"
91.230.225.185 - - [23/Feb/2026:15:35:36 +0000] "GET /wp-includes/js/wp-util.min.js?ver=6.9.1 HTTP/1.1" 200 1426 "https://doccure-wp.dreamstechnologies.com/wp-login.php" "Mozilla/5.0 (Windows NT 10.0; WOW64) AppleWebKit/537.36 (KHTML, like Gecko) Chrome/88.0.4324.190 Safari/537.36"
91.230.225.185 - - [23/Feb/2026:15:35:36 +0000] "GET /wp-admin/js/password-strength-meter.min.js?ver=6.9.1 HTTP/1.1" 200 1123 "https://doccure-wp.dreamstechnologies.com/wp-login.php" "Mozilla/5.0 (Windows NT 10.0; WOW64) AppleWebKit/537.36 (KHTML, like Gecko) Chrome/88.0.4324.190 Safari/537.36"
91.230.225.185 - - [23/Feb/2026:15:35:36 +0000] "GET /wp-includes/js/dist/dom-ready.min.js?ver=f77871ff7694fffea381 HTTP/1.1" 200 457 "https://doccure-wp.dreamstechnologies.com/wp-login.php" "Mozilla/5.0 (Windows NT 10.0; WOW64) AppleWebKit/537.36 (KHTML, like Gecko) Chrome/88.0.4324.190 Safari/537.36"
91.230.225.185 - - [23/Feb/2026:15:35:36 +0000] "GET /wp-includes/css/dashicons.min.css?ver=6.9.1 HTTP/1.1" 200 59004 "https://doccure-wp.dreamstechnologies.com/wp-login.php" "Mozilla/5.0 (Windows NT 10.0; WOW64) AppleWebKit/537.36 (KHTML, like Gecko) Chrome/88.0.4324.190 Safari/537.36"
91.230.225.185 - - [23/Feb/2026:15:35:36 +0000] "GET /wp-includes/js/jquery/jquery.min.js?ver=3.7.1 HTTP/1.1" 200 87553 "https://doccure-wp.dreamstechnologies.com/wp-login.php" "Mozilla/5.0 (Windows NT 10.0; WOW64) AppleWebKit/537.36 (KHTML, like Gecko) Chrome/88.0.4324.190 Safari/537.36"
20.114.221.114 - - [23/Feb/2026:15:35:36 +0000] "GET /we.php HTTP/1.1" 404 134 "-" "-"
20.114.221.114 - - [23/Feb/2026:15:35:36 +0000] "GET /zwso.php HTTP/1.1" 404 134 "-" "-"
20.114.221.114 - - [23/Feb/2026:15:35:36 +0000] "GET /karak.php HTTP/1.1" 404 134 "-" "-"
91.230.225.185 - - [23/Feb/2026:15:35:36 +0000] "GET /wp-admin/images/wordpress-logo.svg?ver=20131107 HTTP/1.1" 200 1521 "https://doccure-wp.dreamstechnologies.com/wp-admin/css/login.min.css?ver=6.9.1" "Mozilla/5.0 (Windows NT 10.0; WOW64) AppleWebKit/537.36 (KHTML, like Gecko) Chrome/88.0.4324.190 Safari/537.36"
20.114.221.114 - - [23/Feb/2026:15:35:36 +0000] "GET /prv8.php HTTP/1.1" 404 134 "-" "-"
20.114.221.114 - - [23/Feb/2026:15:35:37 +0000] "GET /wp-admin/css/acces.php HTTP/1.1" 404 134 "-" "-"
91.230.225.185 - - [23/Feb/2026:15:35:37 +0000] "GET /wp-includes/js/zxcvbn.min.js HTTP/1.1" 200 822237 "https://doccure-wp.dreamstechnologies.com/wp-login.php" "Mozilla/5.0 (Windows NT 10.0; WOW64) AppleWebKit/537.36 (KHTML, like Gecko) Chrome/88.0.4324.190 Safari/537.36"
20.114.221.114 - - [23/Feb/2026:15:35:37 +0000] "GET /a.php HTTP/1.1" 404 134 "-" "-"
20.114.221.114 - - [23/Feb/2026:15:35:38 +0000] "GET /xmlrpc.php HTTP/1.1" 405 54 "-" "-"
20.114.221.114 - - [23/Feb/2026:15:35:38 +0000] "GET /aw.php HTTP/1.1" 404 134 "-" "-"
20.114.221.114 - - [23/Feb/2026:15:35:38 +0000] "GET /dev.php HTTP/1.1" 404 134 "-" "-"
20.114.221.114 - - [23/Feb/2026:15:35:38 +0000] "GET /lock360.php HTTP/1.1" 404 134 "-" "-"
20.114.221.114 - - [23/Feb/2026:15:35:39 +0000] "GET /155.php HTTP/1.1" 404 134 "-" "-"
20.114.221.114 - - [23/Feb/2026:15:35:39 +0000] "GET /goat.php HTTP/1.1" 404 134 "-" "-"
20.114.221.114 - - [23/Feb/2026:15:35:39 +0000] "GET /tcp.php HTTP/1.1" 404 134 "-" "-"
20.114.221.114 - - [23/Feb/2026:15:35:39 +0000] "GET /ext.php HTTP/1.1" 404 134 "-" "-"
20.114.221.114 - - [23/Feb/2026:15:35:39 +0000] "GET /inputs.php HTTP/1.1" 404 134 "-" "-"
20.114.221.114 - - [23/Feb/2026:15:35:39 +0000] "GET /ioxi.php HTTP/1.1" 404 134 "-" "-"
20.114.221.114 - - [23/Feb/2026:15:35:39 +0000] "GET /fe5.php HTTP/1.1" 404 134 "-" "-"
20.114.221.114 - - [23/Feb/2026:15:35:39 +0000] "GET /ov.php HTTP/1.1" 404 134 "-" "-"
20.114.221.114 - - [23/Feb/2026:15:35:40 +0000] "GET /wp-content/plugins/index.php HTTP/1.1" 200 31 "-" "-"
20.114.221.114 - - [23/Feb/2026:15:35:40 +0000] "GET /default.php HTTP/1.1" 404 134 "-" "-"
20.114.221.114 - - [23/Feb/2026:15:35:40 +0000] "GET /goods.php HTTP/1.1" 404 134 "-" "-"
20.114.221.114 - - [23/Feb/2026:15:35:40 +0000] "GET /abcd.php HTTP/1.1" 404 134 "-" "-"
20.114.221.114 - - [23/Feb/2026:15:35:40 +0000] "GET /class.1.php HTTP/1.1" 404 134 "-" "-"
91.230.225.185 - - [23/Feb/2026:15:35:40 +0000] "POST /wp-login.php HTTP/1.1" 302 11 "https://doccure-wp.dreamstechnologies.com/wp-login.php" "Mozilla/5.0 (Windows NT 10.0; WOW64) AppleWebKit/537.36 (KHTML, like Gecko) Chrome/88.0.4324.190 Safari/537.36"
20.114.221.114 - - [23/Feb/2026:15:35:40 +0000] "GET /async.php HTTP/1.1" 404 134 "-" "-"
20.114.221.114 - - [23/Feb/2026:15:35:40 +0000] "GET /ff.php HTTP/1.1" 404 134 "-" "-"
20.114.221.114 - - [23/Feb/2026:15:35:40 +0000] "GET /ioxi-o.php HTTP/1.1" 404 134 "-" "-"
20.114.221.114 - - [23/Feb/2026:15:35:41 +0000] "GET /manager.php HTTP/1.1" 404 134 "-" "-"
20.114.221.114 - - [23/Feb/2026:15:35:41 +0000] "GET /wp-update.php HTTP/1.1" 404 134 "-" "-"
20.114.221.114 - - [23/Feb/2026:15:35:41 +0000] "GET /file.php? HTTP/1.1" 404 134 "-" "-"
20.114.221.114 - - [23/Feb/2026:15:35:41 +0000] "GET /lc.php HTTP/1.1" 404 134 "-" "-"
20.114.221.114 - - [23/Feb/2026:15:35:41 +0000] "GET /cbrfo.php HTTP/1.1" 404 134 "-" "-"
20.114.221.114 - - [23/Feb/2026:15:35:41 +0000] "GET /inc.php HTTP/1.1" 404 134 "-" "-"
20.114.221.114 - - [23/Feb/2026:15:35:41 +0000] "GET /gifclass.php HTTP/1.1" 404 134 "-" "-"
20.114.221.114 - - [23/Feb/2026:15:35:41 +0000] "GET /miansha.php HTTP/1.1" 404 134 "-" "-"
20.114.221.114 - - [23/Feb/2026:15:35:42 +0000] "GET /tinyfilemanager.php HTTP/1.1" 404 134 "-" "-"
20.114.221.114 - - [23/Feb/2026:15:35:42 +0000] "GET /admin.php HTTP/1.1" 404 134 "-" "-"
20.114.221.114 - - [23/Feb/2026:15:35:42 +0000] "GET /ok.php HTTP/1.1" 404 134 "-" "-"
20.114.221.114 - - [23/Feb/2026:15:35:42 +0000] "GET /fi.php HTTP/1.1" 404 134 "-" "-"
91.230.225.185 - - [23/Feb/2026:15:35:42 +0000] "GET /wp-admin/ HTTP/1.1" 200 97719 "https://doccure-wp.dreamstechnologies.com/wp-login.php" "Mozilla/5.0 (Windows NT 10.0; WOW64) AppleWebKit/537.36 (KHTML, like Gecko) Chrome/88.0.4324.190 Safari/537.36"
91.230.225.185 - - [23/Feb/2026:15:35:42 +0000] "GET /wp-admin/load-styles.php?c=0&dir=ltr&load%5Bchunk_0%5D=dashicons,wp-pointer,admin-bar,site-health,common,forms,admin-menu,dashboard,list-tables,edit,revisions,media,themes,about,nav-m&load%5Bchunk_1%5D=enus,widgets,site-icon,l10n,buttons,wp-auth-check,wp-components,wp-commands,wp-color-picker,media-views&ver=6.9.1 HTTP/1.1" 200 581145 "https://doccure-wp.dreamstechnologies.com/wp-admin/" "Mozilla/5.0 (Windows NT 10.0; WOW64) AppleWebKit/537.36 (KHTML, like Gecko) Chrome/88.0.4324.190 Safari/537.36"
91.230.225.185 - - [23/Feb/2026:15:35:42 +0000] "GET /wp-includes/js/thickbox/thickbox.css?ver=6.9.1 HTTP/1.1" 200 2668 "https://doccure-wp.dreamstechnologies.com/wp-admin/" "Mozilla/5.0 (Windows NT 10.0; WOW64) AppleWebKit/537.36 (KHTML, like Gecko) Chrome/88.0.4324.190 Safari/537.36"
91.230.225.185 - - [23/Feb/2026:15:35:42 +0000] "GET /wp-content/plugins/wp-file-manager/css/fm_common.css?ver=6.9.1 HTTP/1.1" 200 307 "https://doccure-wp.dreamstechnologies.com/wp-admin/" "Mozilla/5.0 (Windows NT 10.0; WOW64) AppleWebKit/537.36 (KHTML, like Gecko) Chrome/88.0.4324.190 Safari/537.36"
91.230.225.185 - - [23/Feb/2026:15:35:42 +0000] "GET /wp-content/plugins/doccure/admin/css/system-admin.css?ver=1.5.3 HTTP/1.1" 200 0 "https://doccure-wp.dreamstechnologies.com/wp-admin/" "Mozilla/5.0 (Windows NT 10.0; WOW64) AppleWebKit/537.36 (KHTML, like Gecko) Chrome/88.0.4324.190 Safari/537.36"
91.230.225.185 - - [23/Feb/2026:15:35:42 +0000] "GET /wp-content/themes/doccure/admin/css/admin-style.css?ver=1.5.3 HTTP/1.1" 200 101940 "https://doccure-wp.dreamstechnologies.com/wp-admin/" "Mozilla/5.0 (Windows NT 10.0; WOW64) AppleWebKit/537.36 (KHTML, like Gecko) Chrome/88.0.4324.190 Safari/537.36"
91.230.225.185 - - [23/Feb/2026:15:35:42 +0000] "GET /wp-content/plugins/elementor/vendor/elementor/wp-one-package/assets/build/common.css?ver=1.0.51 HTTP/1.1" 200 1526 "https://doccure-wp.dreamstechnologies.com/wp-admin/" "Mozilla/5.0 (Windows NT 10.0; WOW64) AppleWebKit/537.36 (KHTML, like Gecko) Chrome/88.0.4324.190 Safari/537.36"
91.230.225.185 - - [23/Feb/2026:15:35:42 +0000] "GET /wp-admin/load-scripts.php?c=0&load%5Bchunk_0%5D=jquery-core,jquery-migrate,jquery-ui-core,wp-hooks&ver=6.9.1 HTTP/1.1" 200 128273 "https://doccure-wp.dreamstechnologies.com/wp-admin/" "Mozilla/5.0 (Windows NT 10.0; WOW64) AppleWebKit/537.36 (KHTML, like Gecko) Chrome/88.0.4324.190 Safari/537.36"
91.230.225.185 - - [23/Feb/2026:15:35:42 +0000] "GET /wp-content/themes/doccure/assets/css/jquery-confirm.min.css?ver=1.5.3 HTTP/1.1" 200 22538 "https://doccure-wp.dreamstechnologies.com/wp-admin/" "Mozilla/5.0 (Windows NT 10.0; WOW64) AppleWebKit/537.36 (KHTML, like Gecko) Chrome/88.0.4324.190 Safari/537.36"
91.230.225.185 - - [23/Feb/2026:15:35:42 +0000] "GET /wp-includes/js/mediaelement/wp-mediaelement.min.css?ver=6.9.1 HTTP/1.1" 200 4186 "https://doccure-wp.dreamstechnologies.com/wp-admin/" "Mozilla/5.0 (Windows NT 10.0; WOW64) AppleWebKit/537.36 (KHTML, like Gecko) Chrome/88.0.4324.190 Safari/537.36"
91.230.225.185 - - [23/Feb/2026:15:35:42 +0000] "GET /wp-content/plugins/elementor/assets/css/theme-light.min.css?ver=3.35.4 HTTP/1.1" 200 2272 "https://doccure-wp.dreamstechnologies.com/wp-admin/" "Mozilla/5.0 (Windows NT 10.0; WOW64) AppleWebKit/537.36 (KHTML, like Gecko) Chrome/88.0.4324.190 Safari/537.36"
91.230.225.185 - - [23/Feb/2026:15:35:42 +0000] "GET /wp-content/plugins/elementor/assets/css/modules/editor-one/admin-menu.min.css?ver=3.35.4 HTTP/1.1" 200 5221 "https://doccure-wp.dreamstechnologies.com/wp-admin/" "Mozilla/5.0 (Windows NT 10.0; WOW64) AppleWebKit/537.36 (KHTML, like Gecko) Chrome/88.0.4324.190 Safari/537.36"
91.230.225.185 - - [23/Feb/2026:15:35:42 +0000] "GET /wp-content/plugins/woocommerce/assets/css/dashboard.css?ver=10.5.2 HTTP/1.1" 200 5090 "https://doccure-wp.dreamstechnologies.com/wp-admin/" "Mozilla/5.0 (Windows NT 10.0; WOW64) AppleWebKit/537.36 (KHTML, like Gecko) Chrome/88.0.4324.190 Safari/537.36"
91.230.225.185 - - [23/Feb/2026:15:35:42 +0000] "GET /wp-content/plugins/woocommerce/assets/css/menu.css?ver=10.5.2 HTTP/1.1" 200 4918 "https://doccure-wp.dreamstechnologies.com/wp-admin/" "Mozilla/5.0 (Windows NT 10.0; WOW64) AppleWebKit/537.36 (KHTML, like Gecko) Chrome/88.0.4324.190 Safari/537.36"
91.230.225.185 - - [23/Feb/2026:15:35:42 +0000] "GET /wp-content/themes/doccure/assets/css/v4-shims.min.css?ver=5.11.2 HTTP/1.1" 200 34405 "https://doccure-wp.dreamstechnologies.com/wp-admin/" "Mozilla/5.0 (Windows NT 10.0; WOW64) AppleWebKit/537.36 (KHTML, like Gecko) Chrome/88.0.4324.190 Safari/537.36"
91.230.225.185 - - [23/Feb/2026:15:35:42 +0000] "GET /wp-includes/js/mediaelement/mediaelementplayer-legacy.min.css?ver=4.2.17 HTTP/1.1" 200 11256 "https://doccure-wp.dreamstechnologies.com/wp-admin/" "Mozilla/5.0 (Windows NT 10.0; WOW64) AppleWebKit/537.36 (KHTML, like Gecko) Chrome/88.0.4324.190 Safari/537.36"
91.230.225.185 - - [23/Feb/2026:15:35:42 +0000] "GET /wp-includes/js/jquery/ui/draggable.min.js?ver=1.13.3 HTTP/1.1" 200 18420 "https://doccure-wp.dreamstechnologies.com/wp-admin/" "Mozilla/5.0 (Windows NT 10.0; WOW64) AppleWebKit/537.36 (KHTML, like Gecko) Chrome/88.0.4324.190 Safari/537.36"
91.230.225.185 - - [23/Feb/2026:15:35:42 +0000] "GET /wp-includes/js/jquery/ui/mouse.min.js?ver=1.13.3 HTTP/1.1" 200 3428 "https://doccure-wp.dreamstechnologies.com/wp-admin/" "Mozilla/5.0 (Windows NT 10.0; WOW64) AppleWebKit/537.36 (KHTML, like Gecko) Chrome/88.0.4324.190 Safari/537.36"
91.230.225.185 - - [23/Feb/2026:15:35:42 +0000] "GET /wp-content/plugins/elementor/assets/css/common.min.css?ver=3.35.4 HTTP/1.1" 200 25086 "https://doccure-wp.dreamstechnologies.com/wp-admin/" "Mozilla/5.0 (Windows NT 10.0; WOW64) AppleWebKit/537.36 (KHTML, like Gecko) Chrome/88.0.4324.190 Safari/537.36"
91.230.225.185 - - [23/Feb/2026:15:35:42 +0000] "GET /wp-content/plugins/elementor/assets/lib/eicons/css/elementor-icons.min.css?ver=5.47.0 HTTP/1.1" 200 21641 "https://doccure-wp.dreamstechnologies.com/wp-admin/" "Mozilla/5.0 (Windows NT 10.0; WOW64) AppleWebKit/537.36 (KHTML, like Gecko) Chrome/88.0.4324.190 Safari/537.36"
91.230.225.185 - - [23/Feb/2026:15:35:42 +0000] "GET /wp-content/plugins/elementor/assets/css/admin.min.css?ver=3.35.4 HTTP/1.1" 200 136415 "https://doccure-wp.dreamstechnologies.com/wp-admin/" "Mozilla/5.0 (Windows NT 10.0; WOW64) AppleWebKit/537.36 (KHTML, like Gecko) Chrome/88.0.4324.190 Safari/537.36"
91.230.225.185 - - [23/Feb/2026:15:35:42 +0000] "GET /wp-content/plugins/doccure/assets/css/view-prescription-modal.css?ver=1.5.3 HTTP/1.1" 200 4946 "https://doccure-wp.dreamstechnologies.com/wp-admin/" "Mozilla/5.0 (Windows NT 10.0; WOW64) AppleWebKit/537.36 (KHTML, like Gecko) Chrome/88.0.4324.190 Safari/537.36"
91.230.225.185 - - [23/Feb/2026:15:35:42 +0000] "GET /wp-content/plugins/wp-optimize/css/wp-optimize-global-4-5-0.min.css?ver=4.5.0 HTTP/1.1" 200 2495 "https://doccure-wp.dreamstechnologies.com/wp-admin/" "Mozilla/5.0 (Windows NT 10.0; WOW64) AppleWebKit/537.36 (KHTML, like Gecko) Chrome/88.0.4324.190 Safari/537.36"
91.230.225.185 - - [23/Feb/2026:15:35:42 +0000] "GET /wp-content/themes/doccure/assets/css/datetimepicker.css?ver=1.5.3 HTTP/1.1" 200 16573 "https://doccure-wp.dreamstechnologies.com/wp-admin/" "Mozilla/5.0 (Windows NT 10.0; WOW64) AppleWebKit/537.36 (KHTML, like Gecko) Chrome/88.0.4324.190 Safari/537.36"
91.230.225.185 - - [23/Feb/2026:15:35:42 +0000] "GET /wp-content/plugins/woocommerce/assets/css/brands-admin.css?ver=10.5.2 HTTP/1.1" 200 61 "https://doccure-wp.dreamstechnologies.com/wp-admin/" "Mozilla/5.0 (Windows NT 10.0; WOW64) AppleWebKit/537.36 (KHTML, like Gecko) Chrome/88.0.4324.190 Safari/537.36"
20.114.221.114 - - [23/Feb/2026:15:35:42 +0000] "GET /muzu.php HTTP/1.1" 404 134 "-" "-"
91.230.225.185 - - [23/Feb/2026:15:35:42 +0000] "GET /wp-includes/js/imgareaselect/imgareaselect.css?ver=0.9.8 HTTP/1.1" 200 790 "https://doccure-wp.dreamstechnologies.com/wp-admin/" "Mozilla/5.0 (Windows NT 10.0; WOW64) AppleWebKit/537.36 (KHTML, like Gecko) Chrome/88.0.4324.190 Safari/537.36"
91.230.225.185 - - [23/Feb/2026:15:35:42 +0000] "GET /wp-includes/js/utils.min.js?ver=6.9.1 HTTP/1.1" 200 1864 "https://doccure-wp.dreamstechnologies.com/wp-admin/" "Mozilla/5.0 (Windows NT 10.0; WOW64) AppleWebKit/537.36 (KHTML, like Gecko) Chrome/88.0.4324.190 Safari/537.36"
91.230.225.185 - - [23/Feb/2026:15:35:42 +0000] "GET /wp-includes/js/jquery/jquery.ui.touch-punch.js?ver=0.2.2 HTTP/1.1" 200 1179 "https://doccure-wp.dreamstechnologies.com/wp-admin/" "Mozilla/5.0 (Windows NT 10.0; WOW64) AppleWebKit/537.36 (KHTML, like Gecko) Chrome/88.0.4324.190 Safari/537.36"
91.230.225.185 - - [23/Feb/2026:15:35:42 +0000] "GET /wp-includes/js/jquery/ui/slider.min.js?ver=1.13.3 HTTP/1.1" 200 10759 "https://doccure-wp.dreamstechnologies.com/wp-admin/" "Mozilla/5.0 (Windows NT 10.0; WOW64) AppleWebKit/537.36 (KHTML, like Gecko) Chrome/88.0.4324.190 Safari/537.36"
91.230.225.185 - - [23/Feb/2026:15:35:42 +0000] "GET /wp-content/plugins/file-manager-advanced/vendor/freemius/assets/css/admin/common.css?ver=6.9.1 HTTP/1.1" 200 5075 "https://doccure-wp.dreamstechnologies.com/wp-admin/" "Mozilla/5.0 (Windows NT 10.0; WOW64) AppleWebKit/537.36 (KHTML, like Gecko) Chrome/88.0.4324.190 Safari/537.36"
91.230.225.185 - - [23/Feb/2026:15:35:42 +0000] "GET /wp-admin/js/color-picker.min.js?ver=6.9.1 HTTP/1.1" 200 3486 "https://doccure-wp.dreamstechnologies.com/wp-admin/" "Mozilla/5.0 (Windows NT 10.0; WOW64) AppleWebKit/537.36 (KHTML, like Gecko) Chrome/88.0.4324.190 Safari/537.36"
91.230.225.185 - - [23/Feb/2026:15:35:42 +0000] "GET /wp-content/plugins/doccure/admin/js/functions.js?ver=1.5.3 HTTP/1.1" 200 25462 "https://doccure-wp.dreamstechnologies.com/wp-admin/" "Mozilla/5.0 (Windows NT 10.0; WOW64) AppleWebKit/537.36 (KHTML, like Gecko) Chrome/88.0.4324.190 Safari/537.36"
91.230.225.185 - - [23/Feb/2026:15:35:42 +0000] "GET /wp-includes/js/plupload/plupload.min.js?ver=2.1.9 HTTP/1.1" 200 15605 "https://doccure-wp.dreamstechnologies.com/wp-admin/" "Mozilla/5.0 (Windows NT 10.0; WOW64) AppleWebKit/537.36 (KHTML, like Gecko) Chrome/88.0.4324.190 Safari/537.36"
91.230.225.185 - - [23/Feb/2026:15:35:42 +0000] "GET /wp-admin/js/iris.min.js?ver=1.1.1 HTTP/1.1" 200 23643 "https://doccure-wp.dreamstechnologies.com/wp-admin/" "Mozilla/5.0 (Windows NT 10.0; WOW64) AppleWebKit/537.36 (KHTML, like Gecko) Chrome/88.0.4324.190 Safari/537.36"
91.230.225.185 - - [23/Feb/2026:15:35:42 +0000] "GET /wp-content/themes/doccure/admin/js/admin_functions.js?ver=1.5.3 HTTP/1.1" 200 5605 "https://doccure-wp.dreamstechnologies.com/wp-admin/" "Mozilla/5.0 (Windows NT 10.0; WOW64) AppleWebKit/537.36 (KHTML, like Gecko) Chrome/88.0.4324.190 Safari/537.36"
91.230.225.185 - - [23/Feb/2026:15:35:42 +0000] "GET /wp-content/themes/doccure/assets/dashboardjs/jquery-confirm.min.js?ver=1.5.3 HTTP/1.1" 200 28222 "https://doccure-wp.dreamstechnologies.com/wp-admin/" "Mozilla/5.0 (Windows NT 10.0; WOW64) AppleWebKit/537.36 (KHTML, like Gecko) Chrome/88.0.4324.190 Safari/537.36"
91.230.225.185 - - [23/Feb/2026:15:35:42 +0000] "GET /wp-includes/js/plupload/moxie.min.js?ver=1.3.5.1 HTTP/1.1" 200 87394 "https://doccure-wp.dreamstechnologies.com/wp-admin/" "Mozilla/5.0 (Windows NT 10.0; WOW64) AppleWebKit/537.36 (KHTML, like Gecko) Chrome/88.0.4324.190 Safari/537.36"
20.114.221.114 - - [23/Feb/2026:15:35:42 +0000] "GET /reze.php HTTP/1.1" 404 134 "-" "-"
20.114.221.114 - - [23/Feb/2026:15:35:42 +0000] "GET /styll.php HTTP/1.1" 404 134 "-" "-"
20.114.221.114 - - [23/Feb/2026:15:35:42 +0000] "GET /x7.php HTTP/1.1" 404 134 "-" "-"
20.114.221.114 - - [23/Feb/2026:15:35:43 +0000] "GET /thebe.php HTTP/1.1" 404 134 "-" "-"
20.114.221.114 - - [23/Feb/2026:15:35:43 +0000] "GET /ddd.php HTTP/1.1" 404 134 "-" "-"
20.114.221.114 - - [23/Feb/2026:15:35:43 +0000] "GET /bgymj.php HTTP/1.1" 404 134 "-" "-"
20.114.221.114 - - [23/Feb/2026:15:35:43 +0000] "GET /wp-content/themes/twenty/twenty.php HTTP/1.1" 404 134 "-" "-"
20.114.221.114 - - [23/Feb/2026:15:35:43 +0000] "GET /ioxi.php HTTP/1.1" 404 134 "-" "-"
20.114.221.114 - - [23/Feb/2026:15:35:43 +0000] "GET /xpwer1.php HTTP/1.1" 404 134 "-" "-"
20.114.221.114 - - [23/Feb/2026:15:35:43 +0000] "GET //lala.php HTTP/1.1" 404 134 "-" "-"
20.114.221.114 - - [23/Feb/2026:15:35:43 +0000] "GET //about.php HTTP/1.1" 404 134 "-" "-"
20.114.221.114 - - [23/Feb/2026:15:35:44 +0000] "GET /wp-admin/images/commentv.php HTTP/1.1" 404 134 "-" "-"
20.114.221.114 - - [23/Feb/2026:15:35:44 +0000] "GET //cgi-bin/index.php HTTP/1.1" 404 134 "-" "-"
20.114.221.114 - - [23/Feb/2026:15:35:44 +0000] "GET //wp-admin/images/wp-conflg.php HTTP/1.1" 404 134 "-" "-"
91.230.225.185 - - [23/Feb/2026:15:35:44 +0000] "GET /wp-content/themes/doccure/assets/css/font-awesome.min.css?ver=5.11.2 HTTP/1.1" 404 20908 "https://doccure-wp.dreamstechnologies.com/wp-admin/" "Mozilla/5.0 (Windows NT 10.0; WOW64) AppleWebKit/537.36 (KHTML, like Gecko) Chrome/88.0.4324.190 Safari/537.36"
91.230.225.185 - - [23/Feb/2026:15:35:44 +0000] "GET /wp-includes/css/editor.min.css?ver=6.9.1 HTTP/1.1" 200 27487 "https://doccure-wp.dreamstechnologies.com/wp-admin/" "Mozilla/5.0 (Windows NT 10.0; WOW64) AppleWebKit/537.36 (KHTML, like Gecko) Chrome/88.0.4324.190 Safari/537.36"
20.114.221.114 - - [23/Feb/2026:15:35:44 +0000] "GET /wp-admin/images/wp-conflg.php HTTP/1.1" 404 134 "-" "-"
20.114.221.114 - - [23/Feb/2026:15:35:44 +0000] "GET /info.php HTTP/1.1" 404 134 "-" "-"
91.230.225.185 - - [23/Feb/2026:15:35:44 +0000] "GET /wp-content/plugins/woocommerce/assets/css/dashboard-setup.css?ver=10.5.2 HTTP/1.1" 200 660 "https://doccure-wp.dreamstechnologies.com/wp-admin/" "Mozilla/5.0 (Windows NT 10.0; WOW64) AppleWebKit/537.36 (KHTML, like Gecko) Chrome/88.0.4324.190 Safari/537.36"
20.114.221.114 - - [23/Feb/2026:15:35:44 +0000] "GET /about.php HTTP/1.1" 404 134 "-" "-"
91.230.225.185 - - [23/Feb/2026:15:35:44 +0000] "GET /wp-includes/js/wp-pointer.min.js?ver=6.9.1 HTTP/1.1" 200 3621 "https://doccure-wp.dreamstechnologies.com/wp-admin/" "Mozilla/5.0 (Windows NT 10.0; WOW64) AppleWebKit/537.36 (KHTML, like Gecko) Chrome/88.0.4324.190 Safari/537.36"
91.230.225.185 - - [23/Feb/2026:15:35:44 +0000] "GET /wp-content/plugins/eps-301-redirects/js/eps-admin-pointers.js?ver=2.73 HTTP/1.1" 200 826 "https://doccure-wp.dreamstechnologies.com/wp-admin/" "Mozilla/5.0 (Windows NT 10.0; WOW64) AppleWebKit/537.36 (KHTML, like Gecko) Chrome/88.0.4324.190 Safari/537.36"
