122.175.214.137 - - [23/Feb/2026:07:00:19 +0000] "GET /wp-content/uploads/2022/12/feature-03.jpg HTTP/1.1" 200 43817 "https://darkslategrey-mole-966668.hostingersite.com/" "Mozilla/5.0 (X11; Linux x86_64) AppleWebKit/537.36 (KHTML, like Gecko) Chrome/142.0.0.0 Safari/537.36"
122.175.214.137 - - [23/Feb/2026:07:00:20 +0000] "GET /wp-content/uploads/2021/11/banner-bg.png HTTP/1.1" 200 245276 "https://darkslategrey-mole-966668.hostingersite.com/" "Mozilla/5.0 (X11; Linux x86_64) AppleWebKit/537.36 (KHTML, like Gecko) Chrome/142.0.0.0 Safari/537.36"
172.187.168.139 - - [23/Feb/2026:07:01:18 +0000] "POST /wp-cron.php?doing_wp_cron=1771830078.3071429729461669921875 HTTP/1.1" 200 31 "-" "WordPress/6.9.1; https://doccure-wp.dreamstechnologies.com"
50.17.185.102 - - [23/Feb/2026:07:01:18 +0000] "GET / HTTP/1.1" 200 29870 "-" "FreshpingBot/1.0 (+https://freshping.io/)"
45.186.89.88 - - [23/Feb/2026:07:01:38 +0000] "GET /drostargos-200-mg-kur-ein-schlussel-zu-besserer-fitness-und-gesundheit/ HTTP/1.1" 404 17235 "-" "Mozilla/5.0 (Macintosh; Intel Mac OS X 10_13_4) AppleWebKit/537.36 (KHTML, like Gecko) Chrome/65.0.3325.19 Safari/537.36"
172.187.168.139 - - [23/Feb/2026:07:02:17 +0000] "POST /wp-cron.php?doing_wp_cron=1771830137.4093899726867675781250 HTTP/1.1" 200 31 "-" "WordPress/6.9.1; https://doccure-wp.dreamstechnologies.com"
2a03:2880:f800:f:: - - [23/Feb/2026:07:02:17 +0000] "GET /exploring-the-thrilling-world-of-mafia-casino-onli-2/ HTTP/1.1" 404 17217 "-" "meta-externalagent/1.1 (+https://developers.facebook.com/docs/sharing/webmasters/crawler)"
172.187.168.139 - - [23/Feb/2026:07:06:07 +0000] "POST /wp-cron.php?doing_wp_cron=1771830367.7431929111480712890625 HTTP/1.1" 200 31 "-" "WordPress/6.9.1; https://doccure-wp.dreamstechnologies.com"
2a03:2880:f800:f:: - - [23/Feb/2026:07:06:07 +0000] "GET /tren-a-100-bodybuilding-leistungssteigerung-durch-effektive-anabolika/ HTTP/1.1" 404 17238 "-" "meta-externalagent/1.1 (+https://developers.facebook.com/docs/sharing/webmasters/crawler)"
172.187.168.139 - - [23/Feb/2026:07:06:20 +0000] "POST /wp-cron.php?doing_wp_cron=1771830379.9630799293518066406250 HTTP/1.1" 200 31 "-" "WordPress/6.9.1; https://doccure-wp.dreamstechnologies.com"
35.173.69.86 - - [23/Feb/2026:07:06:20 +0000] "GET / HTTP/1.1" 200 29870 "-" "FreshpingBot/1.0 (+https://freshping.io/)"
172.187.168.139 - - [23/Feb/2026:07:10:23 +0000] "POST /wp-cron.php?doing_wp_cron=1771830623.4689130783081054687500 HTTP/1.1" 200 31 "-" "WordPress/6.9.1; https://doccure-wp.dreamstechnologies.com"
222.254.120.149 - - [23/Feb/2026:07:10:23 +0000] "GET /category/uncategorized/ HTTP/1.1" 200 19131 "-" "Mozilla/5.0 (Macintosh; Intel Mac OS X 10_7_3) AppleWebKit/537.36 (KHTML, like Gecko, Mediapartners-Google) Chrome/89.0.4389.130 Safari/537.36"
50.17.185.102 - - [23/Feb/2026:07:11:08 +0000] "GET / HTTP/1.1" 200 29870 "-" "FreshpingBot/1.0 (+https://freshping.io/)"
172.187.168.139 - - [23/Feb/2026:07:16:28 +0000] "POST /wp-cron.php?doing_wp_cron=1771830988.3012599945068359375000 HTTP/1.1" 200 31 "-" "WordPress/6.9.1; https://doccure-wp.dreamstechnologies.com"
50.17.185.102 - - [23/Feb/2026:07:16:28 +0000] "GET / HTTP/1.1" 200 29870 "-" "FreshpingBot/1.0 (+https://freshping.io/)"
172.187.168.139 - - [23/Feb/2026:07:21:13 +0000] "POST /wp-cron.php?doing_wp_cron=1771831273.5825231075286865234375 HTTP/1.1" 200 31 "-" "WordPress/6.9.1; https://doccure-wp.dreamstechnologies.com"
50.17.185.102 - - [23/Feb/2026:07:21:13 +0000] "GET / HTTP/1.1" 200 29870 "-" "FreshpingBot/1.0 (+https://freshping.io/)"
172.187.168.139 - - [23/Feb/2026:07:26:05 +0000] "POST /wp-cron.php?doing_wp_cron=1771831565.2345540523529052734375 HTTP/1.1" 200 31 "-" "WordPress/6.9.1; https://doccure-wp.dreamstechnologies.com"
37.59.204.131 - - [23/Feb/2026:07:26:05 +0000] "GET /wp-sitemap.xml HTTP/1.1" 200 2588 "-" "Mozilla/5.0 (compatible; AhrefsBot/7.0; +http://ahrefs.com/robot/)"
172.187.168.139 - - [23/Feb/2026:07:26:28 +0000] "POST /wp-cron.php?doing_wp_cron=1771831588.5786700248718261718750 HTTP/1.1" 200 31 "-" "WordPress/6.9.1; https://doccure-wp.dreamstechnologies.com"
50.17.185.102 - - [23/Feb/2026:07:26:28 +0000] "GET / HTTP/1.1" 200 29870 "-" "FreshpingBot/1.0 (+https://freshping.io/)"
172.187.168.139 - - [23/Feb/2026:07:29:05 +0000] "POST /wp-cron.php?doing_wp_cron=1771831745.6357979774475097656250 HTTP/1.1" 200 31 "-" "WordPress/6.9.1; https://doccure-wp.dreamstechnologies.com"
14.183.169.231 - - [23/Feb/2026:07:29:05 +0000] "GET /2025/12/ HTTP/1.1" 404 17169 "-" "Mozilla/5.0 (Windows NT 6.1) AppleWebKit/537.36 (KHTML, like Gecko) Chrome/27.0.1453.90 Safari/537.36"
172.187.168.139 - - [23/Feb/2026:07:29:24 +0000] "POST /wp-cron.php?doing_wp_cron=1771831764.8408188819885253906250 HTTP/1.1" 200 31 "-" "WordPress/6.9.1; https://doccure-wp.dreamstechnologies.com"
66.249.70.140 - - [23/Feb/2026:07:29:24 +0000] "GET /robots.txt HTTP/1.1" 200 427 "-" "Mozilla/5.0 (compatible; Googlebot/2.1; +http://www.google.com/bot.html)"
66.249.70.139 - - [23/Feb/2026:07:29:25 +0000] "GET /wp-content/uploads/2025/01/list-icon-07-1.svg HTTP/1.1" 200 748 "https://rujeta.com/" "Mozilla/5.0 (Linux; Android 6.0.1; Nexus 5X Build/MMB29P) AppleWebKit/537.36 (KHTML, like Gecko) Chrome/144.0.7559.132 Mobile Safari/537.36 (compatible; Googlebot/2.1; +http://www.google.com/bot.html)"
66.249.70.140 - - [23/Feb/2026:07:29:26 +0000] "GET /wp-content/uploads/2025/01/list-icon-06-1.svg HTTP/1.1" 200 748 "https://rujeta.com/" "Mozilla/5.0 (Linux; Android 6.0.1; Nexus 5X Build/MMB29P) AppleWebKit/537.36 (KHTML, like Gecko) Chrome/144.0.7559.132 Mobile Safari/537.36 (compatible; Googlebot/2.1; +http://www.google.com/bot.html)"
172.187.168.139 - - [23/Feb/2026:07:31:37 +0000] "POST /wp-cron.php?doing_wp_cron=1771831897.8316519260406494140625 HTTP/1.1" 200 31 "-" "WordPress/6.9.1; https://doccure-wp.dreamstechnologies.com"
50.17.185.102 - - [23/Feb/2026:07:31:37 +0000] "GET / HTTP/1.1" 200 29870 "-" "FreshpingBot/1.0 (+https://freshping.io/)"
172.187.168.139 - - [23/Feb/2026:07:35:55 +0000] "POST /wp-cron.php?doing_wp_cron=1771832155.1285979747772216796875 HTTP/1.1" 200 31 "-" "WordPress/6.9.1; https://doccure-wp.dreamstechnologies.com"
17.22.253.95 - - [23/Feb/2026:07:35:55 +0000] "GET /product-category/uncategorized/feed/ HTTP/1.1" 200 1902 "-" "Mozilla/5.0 (Macintosh; Intel Mac OS X 10_15_7) AppleWebKit/605.1.15 (KHTML, like Gecko) Version/17.4 Safari/605.1.15 (Applebot/0.1; +http://www.apple.com/go/applebot)"
172.187.168.139 - - [23/Feb/2026:07:36:27 +0000] "POST /wp-cron.php?doing_wp_cron=1771832187.7917931079864501953125 HTTP/1.1" 200 31 "-" "WordPress/6.9.1; https://doccure-wp.dreamstechnologies.com"
50.17.185.102 - - [23/Feb/2026:07:36:27 +0000] "GET / HTTP/1.1" 200 29870 "-" "FreshpingBot/1.0 (+https://freshping.io/)"
172.187.168.139 - - [23/Feb/2026:07:41:23 +0000] "POST /wp-cron.php?doing_wp_cron=1771832483.4067969322204589843750 HTTP/1.1" 200 31 "-" "WordPress/6.9.1; https://doccure-wp.dreamstechnologies.com"
35.173.69.86 - - [23/Feb/2026:07:41:23 +0000] "GET / HTTP/1.1" 200 29870 "-" "FreshpingBot/1.0 (+https://freshping.io/)"
172.187.168.139 - - [23/Feb/2026:07:46:08 +0000] "POST /wp-cron.php?doing_wp_cron=1771832767.9928989410400390625000 HTTP/1.1" 200 31 "-" "WordPress/6.9.1; https://doccure-wp.dreamstechnologies.com"
50.17.185.102 - - [23/Feb/2026:07:46:08 +0000] "GET / HTTP/1.1" 200 29870 "-" "FreshpingBot/1.0 (+https://freshping.io/)"
172.187.168.139 - - [23/Feb/2026:07:51:18 +0000] "POST /wp-cron.php?doing_wp_cron=1771833078.7020010948181152343750 HTTP/1.1" 200 31 "-" "WordPress/6.9.1; https://doccure-wp.dreamstechnologies.com"
14.168.236.219 - - [23/Feb/2026:07:51:18 +0000] "GET /doctors/dr-salim-djaouga/ HTTP/1.1" 404 17181 "-" "Mozilla/5.0 (Macintosh; Intel Mac OS X 10_13_6) AppleWebKit/537.36 (KHTML, like Gecko) Brave Chrome/80.0.3987.87 Safari/537.36"
50.17.185.102 - - [23/Feb/2026:07:51:32 +0000] "GET / HTTP/1.1" 200 29870 "-" "FreshpingBot/1.0 (+https://freshping.io/)"
115.244.222.166 - - [23/Feb/2026:07:52:24 +0000] "GET /wp-content/uploads/2025/01/list-icon-03-1.svg HTTP/1.1" 200 919 "https://medicloudsuite.net/" "Mozilla/5.0 (Windows NT 10.0; Win64; x64) AppleWebKit/537.36 (KHTML, like Gecko) Chrome/145.0.0.0 Safari/537.36 Edg/145.0.0.0"
115.244.222.166 - - [23/Feb/2026:07:52:24 +0000] "GET /wp-content/uploads/2025/01/list-icon-06-1.svg HTTP/1.1" 200 748 "https://medicloudsuite.net/" "Mozilla/5.0 (Windows NT 10.0; Win64; x64) AppleWebKit/537.36 (KHTML, like Gecko) Chrome/145.0.0.0 Safari/537.36 Edg/145.0.0.0"
115.244.222.166 - - [23/Feb/2026:07:52:24 +0000] "GET /wp-content/uploads/2025/01/list-icon-01-1.svg HTTP/1.1" 200 2560 "https://medicloudsuite.net/" "Mozilla/5.0 (Windows NT 10.0; Win64; x64) AppleWebKit/537.36 (KHTML, like Gecko) Chrome/145.0.0.0 Safari/537.36 Edg/145.0.0.0"
115.244.222.166 - - [23/Feb/2026:07:52:24 +0000] "GET /wp-content/uploads/2025/01/list-icon-05-1.svg HTTP/1.1" 200 1745 "https://medicloudsuite.net/" "Mozilla/5.0 (Windows NT 10.0; Win64; x64) AppleWebKit/537.36 (KHTML, like Gecko) Chrome/145.0.0.0 Safari/537.36 Edg/145.0.0.0"
115.244.222.166 - - [23/Feb/2026:07:52:24 +0000] "GET /wp-content/uploads/2025/01/list-icon-04-1.svg HTTP/1.1" 200 1065 "https://medicloudsuite.net/" "Mozilla/5.0 (Windows NT 10.0; Win64; x64) AppleWebKit/537.36 (KHTML, like Gecko) Chrome/145.0.0.0 Safari/537.36 Edg/145.0.0.0"
115.244.222.166 - - [23/Feb/2026:07:52:24 +0000] "GET /wp-content/uploads/2025/01/list-icon-02-1.svg HTTP/1.1" 200 1597 "https://medicloudsuite.net/" "Mozilla/5.0 (Windows NT 10.0; Win64; x64) AppleWebKit/537.36 (KHTML, like Gecko) Chrome/145.0.0.0 Safari/537.36 Edg/145.0.0.0"
115.244.222.166 - - [23/Feb/2026:07:52:25 +0000] "GET /wp-content/uploads/2025/01/company-04-1.svg HTTP/1.1" 200 12093 "https://medicloudsuite.net/" "Mozilla/5.0 (Windows NT 10.0; Win64; x64) AppleWebKit/537.36 (KHTML, like Gecko) Chrome/145.0.0.0 Safari/537.36 Edg/145.0.0.0"
115.244.222.166 - - [23/Feb/2026:07:52:25 +0000] "GET /wp-content/uploads/2025/01/company-02-1.svg HTTP/1.1" 200 3851 "https://medicloudsuite.net/" "Mozilla/5.0 (Windows NT 10.0; Win64; x64) AppleWebKit/537.36 (KHTML, like Gecko) Chrome/145.0.0.0 Safari/537.36 Edg/145.0.0.0"
115.244.222.166 - - [23/Feb/2026:07:52:25 +0000] "GET /wp-content/uploads/2025/01/company-03-1.svg HTTP/1.1" 200 4666 "https://medicloudsuite.net/" "Mozilla/5.0 (Windows NT 10.0; Win64; x64) AppleWebKit/537.36 (KHTML, like Gecko) Chrome/145.0.0.0 Safari/537.36 Edg/145.0.0.0"
115.244.222.166 - - [23/Feb/2026:07:52:25 +0000] "GET /wp-content/uploads/2025/01/company-05-1.svg HTTP/1.1" 200 45014 "https://medicloudsuite.net/" "Mozilla/5.0 (Windows NT 10.0; Win64; x64) AppleWebKit/537.36 (KHTML, like Gecko) Chrome/145.0.0.0 Safari/537.36 Edg/145.0.0.0"
115.244.222.166 - - [23/Feb/2026:07:52:25 +0000] "GET /wp-content/uploads/2025/01/company-01-1.svg HTTP/1.1" 200 5600 "https://medicloudsuite.net/" "Mozilla/5.0 (Windows NT 10.0; Win64; x64) AppleWebKit/537.36 (KHTML, like Gecko) Chrome/145.0.0.0 Safari/537.36 Edg/145.0.0.0"
115.244.222.166 - - [23/Feb/2026:07:52:25 +0000] "GET /wp-content/uploads/2025/01/list-icon-07-1.svg HTTP/1.1" 200 748 "https://medicloudsuite.net/" "Mozilla/5.0 (Windows NT 10.0; Win64; x64) AppleWebKit/537.36 (KHTML, like Gecko) Chrome/145.0.0.0 Safari/537.36 Edg/145.0.0.0"
115.244.222.166 - - [23/Feb/2026:07:52:25 +0000] "GET /wp-content/uploads/2025/01/company-08-1.svg HTTP/1.1" 200 3955 "https://medicloudsuite.net/" "Mozilla/5.0 (Windows NT 10.0; Win64; x64) AppleWebKit/537.36 (KHTML, like Gecko) Chrome/145.0.0.0 Safari/537.36 Edg/145.0.0.0"
115.244.222.166 - - [23/Feb/2026:07:52:25 +0000] "GET /wp-content/uploads/2025/01/app-bg-04-1.png HTTP/1.1" 200 46862 "https://medicloudsuite.net/" "Mozilla/5.0 (Windows NT 10.0; Win64; x64) AppleWebKit/537.36 (KHTML, like Gecko) Chrome/145.0.0.0 Safari/537.36 Edg/145.0.0.0"
115.244.222.166 - - [23/Feb/2026:07:52:25 +0000] "GET /wp-content/uploads/2025/01/company-06-1.svg HTTP/1.1" 200 6562 "https://medicloudsuite.net/" "Mozilla/5.0 (Windows NT 10.0; Win64; x64) AppleWebKit/537.36 (KHTML, like Gecko) Chrome/145.0.0.0 Safari/537.36 Edg/145.0.0.0"
115.244.222.166 - - [23/Feb/2026:07:52:25 +0000] "GET /wp-content/uploads/2025/01/app-bg-03-1.png HTTP/1.1" 200 12494 "https://medicloudsuite.net/" "Mozilla/5.0 (Windows NT 10.0; Win64; x64) AppleWebKit/537.36 (KHTML, like Gecko) Chrome/145.0.0.0 Safari/537.36 Edg/145.0.0.0"
115.244.222.166 - - [23/Feb/2026:07:52:25 +0000] "GET /wp-content/uploads/2025/01/mobile-img-1.png HTTP/1.1" 200 33148 "https://medicloudsuite.net/" "Mozilla/5.0 (Windows NT 10.0; Win64; x64) AppleWebKit/537.36 (KHTML, like Gecko) Chrome/145.0.0.0 Safari/537.36 Edg/145.0.0.0"
115.244.222.166 - - [23/Feb/2026:07:52:25 +0000] "GET /wp-content/uploads/2025/01/download-bg-1.png HTTP/1.1" 200 80236 "https://medicloudsuite.net/" "Mozilla/5.0 (Windows NT 10.0; Win64; x64) AppleWebKit/537.36 (KHTML, like Gecko) Chrome/145.0.0.0 Safari/537.36 Edg/145.0.0.0"
115.244.222.166 - - [23/Feb/2026:07:52:25 +0000] "GET /wp-content/uploads/2025/01/company-07-1.svg HTTP/1.1" 200 6375 "https://medicloudsuite.net/" "Mozilla/5.0 (Windows NT 10.0; Win64; x64) AppleWebKit/537.36 (KHTML, like Gecko) Chrome/145.0.0.0 Safari/537.36 Edg/145.0.0.0"
115.244.222.166 - - [23/Feb/2026:07:52:25 +0000] "GET /wp-content/uploads/2025/01/app-store-01-1.svg HTTP/1.1" 200 19093 "https://medicloudsuite.net/" "Mozilla/5.0 (Windows NT 10.0; Win64; x64) AppleWebKit/537.36 (KHTML, like Gecko) Chrome/145.0.0.0 Safari/537.36 Edg/145.0.0.0"
115.244.222.166 - - [23/Feb/2026:07:52:25 +0000] "GET /wp-content/uploads/2025/01/app-bg-02-1.png HTTP/1.1" 200 29932 "https://medicloudsuite.net/" "Mozilla/5.0 (Windows NT 10.0; Win64; x64) AppleWebKit/537.36 (KHTML, like Gecko) Chrome/145.0.0.0 Safari/537.36 Edg/145.0.0.0"
115.244.222.166 - - [23/Feb/2026:07:52:25 +0000] "GET /wp-content/uploads/2025/01/google-play-01-1.svg HTTP/1.1" 200 15483 "https://medicloudsuite.net/" "Mozilla/5.0 (Windows NT 10.0; Win64; x64) AppleWebKit/537.36 (KHTML, like Gecko) Chrome/145.0.0.0 Safari/537.36 Edg/145.0.0.0"
172.187.168.139 - - [23/Feb/2026:07:52:28 +0000] "POST /wp-cron.php?doing_wp_cron=1771833148.8449571132659912109375 HTTP/1.1" 200 31 "-" "WordPress/6.9.1; https://doccure-wp.dreamstechnologies.com"
47.128.109.42 - - [23/Feb/2026:07:52:28 +0000] "GET /robots.txt HTTP/1.1" 200 427 "-" "Mozilla/5.0 (Linux; Android 5.0) AppleWebKit/537.36 (KHTML, like Gecko) Mobile Safari/537.36 (compatible; Bytespider; [email protected])"
122.186.150.42 - - [23/Feb/2026:07:53:30 +0000] "GET /wp-content/uploads/2023/07/work-img.png HTTP/1.1" 200 65514 "https://medicloudsuite.net/" "Mozilla/5.0 (Windows NT 10.0; Win64; x64) AppleWebKit/537.36 (KHTML, like Gecko) Chrome/145.0.0.0 Safari/537.36 Edg/145.0.0.0"
122.186.150.42 - - [23/Feb/2026:07:53:30 +0000] "GET /wp-content/uploads/2023/07/banner-img3.png HTTP/1.1" 200 24993 "https://medicloudsuite.net/" "Mozilla/5.0 (Windows NT 10.0; Win64; x64) AppleWebKit/537.36 (KHTML, like Gecko) Chrome/145.0.0.0 Safari/537.36 Edg/145.0.0.0"
122.186.150.42 - - [23/Feb/2026:07:53:30 +0000] "GET /wp-content/uploads/2023/07/banner-img.png HTTP/1.1" 200 79024 "https://medicloudsuite.net/" "Mozilla/5.0 (Windows NT 10.0; Win64; x64) AppleWebKit/537.36 (KHTML, like Gecko) Chrome/145.0.0.0 Safari/537.36 Edg/145.0.0.0"
122.186.150.42 - - [23/Feb/2026:07:53:30 +0000] "GET /wp-content/uploads/2023/07/banner-img2.png HTTP/1.1" 200 11547 "https://medicloudsuite.net/" "Mozilla/5.0 (Windows NT 10.0; Win64; x64) AppleWebKit/537.36 (KHTML, like Gecko) Chrome/145.0.0.0 Safari/537.36 Edg/145.0.0.0"
122.186.150.42 - - [23/Feb/2026:07:53:30 +0000] "GET /wp-content/uploads/2023/07/banner-img1.png HTTP/1.1" 200 1322 "https://medicloudsuite.net/" "Mozilla/5.0 (Windows NT 10.0; Win64; x64) AppleWebKit/537.36 (KHTML, like Gecko) Chrome/145.0.0.0 Safari/537.36 Edg/145.0.0.0"
122.186.150.42 - - [23/Feb/2026:07:53:30 +0000] "GET /wp-content/uploads/2023/07/smiling-icon.svg HTTP/1.1" 200 51950 "https://medicloudsuite.net/" "Mozilla/5.0 (Windows NT 10.0; Win64; x64) AppleWebKit/537.36 (KHTML, like Gecko) Chrome/145.0.0.0 Safari/537.36 Edg/145.0.0.0"
122.186.150.42 - - [23/Feb/2026:07:53:30 +0000] "GET /wp-content/uploads/2023/07/faq-img.png HTTP/1.1" 200 112081 "https://medicloudsuite.net/" "Mozilla/5.0 (Windows NT 10.0; Win64; x64) AppleWebKit/537.36 (KHTML, like Gecko) Chrome/145.0.0.0 Safari/537.36 Edg/145.0.0.0"
122.186.150.42 - - [23/Feb/2026:07:53:30 +0000] "GET /wp-content/uploads/2023/07/work-02.svg HTTP/1.1" 200 9185 "https://medicloudsuite.net/" "Mozilla/5.0 (Windows NT 10.0; Win64; x64) AppleWebKit/537.36 (KHTML, like Gecko) Chrome/145.0.0.0 Safari/537.36 Edg/145.0.0.0"
122.186.150.42 - - [23/Feb/2026:07:53:30 +0000] "GET /wp-content/uploads/2023/07/work-01.svg HTTP/1.1" 200 7310 "https://medicloudsuite.net/" "Mozilla/5.0 (Windows NT 10.0; Win64; x64) AppleWebKit/537.36 (KHTML, like Gecko) Chrome/145.0.0.0 Safari/537.36 Edg/145.0.0.0"
122.186.150.42 - - [23/Feb/2026:07:53:30 +0000] "GET /wp-content/uploads/2023/07/work-04.svg HTTP/1.1" 200 8108 "https://medicloudsuite.net/" "Mozilla/5.0 (Windows NT 10.0; Win64; x64) AppleWebKit/537.36 (KHTML, like Gecko) Chrome/145.0.0.0 Safari/537.36 Edg/145.0.0.0"
122.186.150.42 - - [23/Feb/2026:07:53:30 +0000] "GET /wp-content/uploads/2023/07/work-03.svg HTTP/1.1" 200 8726 "https://medicloudsuite.net/" "Mozilla/5.0 (Windows NT 10.0; Win64; x64) AppleWebKit/537.36 (KHTML, like Gecko) Chrome/145.0.0.0 Safari/537.36 Edg/145.0.0.0"
122.186.150.42 - - [23/Feb/2026:07:53:30 +0000] "GET /wp-content/uploads/2024/06/partners-6.svg HTTP/1.1" 200 4692 "https://medicloudsuite.net/" "Mozilla/5.0 (Windows NT 10.0; Win64; x64) AppleWebKit/537.36 (KHTML, like Gecko) Chrome/145.0.0.0 Safari/537.36 Edg/145.0.0.0"
122.186.150.42 - - [23/Feb/2026:07:53:30 +0000] "GET /wp-content/uploads/2024/06/partners-2.svg HTTP/1.1" 200 4397 "https://medicloudsuite.net/" "Mozilla/5.0 (Windows NT 10.0; Win64; x64) AppleWebKit/537.36 (KHTML, like Gecko) Chrome/145.0.0.0 Safari/537.36 Edg/145.0.0.0"
122.186.150.42 - - [23/Feb/2026:07:53:30 +0000] "GET /wp-content/uploads/2024/06/partners-5.svg HTTP/1.1" 200 7065 "https://medicloudsuite.net/" "Mozilla/5.0 (Windows NT 10.0; Win64; x64) AppleWebKit/537.36 (KHTML, like Gecko) Chrome/145.0.0.0 Safari/537.36 Edg/145.0.0.0"
122.186.150.42 - - [23/Feb/2026:07:53:30 +0000] "GET /wp-content/uploads/2024/06/partners-1.svg HTTP/1.1" 200 6343 "https://medicloudsuite.net/" "Mozilla/5.0 (Windows NT 10.0; Win64; x64) AppleWebKit/537.36 (KHTML, like Gecko) Chrome/145.0.0.0 Safari/537.36 Edg/145.0.0.0"
122.186.150.42 - - [23/Feb/2026:07:53:30 +0000] "GET /wp-content/uploads/2024/06/partners-4.svg HTTP/1.1" 200 11400 "https://medicloudsuite.net/" "Mozilla/5.0 (Windows NT 10.0; Win64; x64) AppleWebKit/537.36 (KHTML, like Gecko) Chrome/145.0.0.0 Safari/537.36 Edg/145.0.0.0"
122.186.150.42 - - [23/Feb/2026:07:53:30 +0000] "GET /wp-content/uploads/2024/06/partners-3.svg HTTP/1.1" 200 4052 "https://medicloudsuite.net/" "Mozilla/5.0 (Windows NT 10.0; Win64; x64) AppleWebKit/537.36 (KHTML, like Gecko) Chrome/145.0.0.0 Safari/537.36 Edg/145.0.0.0"
2a02:4780:1:1126:0:3b51:e94e:1 - - [23/Feb/2026:07:54:23 +0000] "GET /wp-content/uploads/2023/07/work-01.svg HTTP/1.1" 200 7310 "-" "WordPress/6.8.3; https://medicloudsuite.net"
2a02:4780:1:1126:0:3b51:e94e:1 - - [23/Feb/2026:07:54:24 +0000] "GET /wp-content/uploads/2023/07/work-02.svg HTTP/1.1" 200 9185 "-" "WordPress/6.8.3; https://medicloudsuite.net"
2a02:4780:1:1126:0:3b51:e94e:1 - - [23/Feb/2026:07:54:24 +0000] "GET /wp-content/uploads/2023/07/work-03.svg HTTP/1.1" 200 8726 "-" "WordPress/6.8.3; https://medicloudsuite.net"
2a02:4780:1:1126:0:3b51:e94e:1 - - [23/Feb/2026:07:54:25 +0000] "GET /wp-content/uploads/2023/07/work-04.svg HTTP/1.1" 200 8108 "-" "WordPress/6.8.3; https://medicloudsuite.net"
172.187.168.139 - - [23/Feb/2026:07:56:22 +0000] "POST /wp-cron.php?doing_wp_cron=1771833382.2464849948883056640625 HTTP/1.1" 200 31 "-" "WordPress/6.9.1; https://doccure-wp.dreamstechnologies.com"
14.191.50.1 - - [23/Feb/2026:07:56:22 +0000] "GET /category/news/ HTTP/1.1" 404 17173 "-" "Mozilla/5.0 (Windows NT 10.0; WOW64) AppleWebKit/537.36 (KHTML, like Gecko) Brave Chrome/87.0.4280.101 Safari/537.36"
35.173.69.86 - - [23/Feb/2026:07:56:23 +0000] "GET / HTTP/1.1" 200 29870 "-" "FreshpingBot/1.0 (+https://freshping.io/)"
172.187.168.139 - - [23/Feb/2026:07:59:33 +0000] "POST /wp-cron.php?doing_wp_cron=1771833573.0217440128326416015625 HTTP/1.1" 200 31 "-" "WordPress/6.9.1; https://doccure-wp.dreamstechnologies.com"
2a03:2880:f800:1f:: - - [23/Feb/2026:07:59:33 +0000] "GET /category/english-casino2/ HTTP/1.1" 404 17181 "-" "meta-externalagent/1.1 (+https://developers.facebook.com/docs/sharing/webmasters/crawler)"
172.187.168.139 - - [23/Feb/2026:08:01:12 +0000] "POST /wp-cron.php?doing_wp_cron=1771833672.9462440013885498046875 HTTP/1.1" 200 31 "-" "WordPress/6.9.1; https://doccure-wp.dreamstechnologies.com"
35.173.69.86 - - [23/Feb/2026:08:01:13 +0000] "GET / HTTP/1.1" 200 29870 "-" "FreshpingBot/1.0 (+https://freshping.io/)"
51.68.236.91 - - [23/Feb/2026:08:01:46 +0000] "GET /robots.txt HTTP/1.1" 200 427 "-" "Mozilla/5.0 (compatible; MJ12bot/v2.0.4; http://mj12bot.com/)"
51.68.236.91 - - [23/Feb/2026:08:01:48 +0000] "GET / HTTP/1.1" 200 29870 "-" "Mozilla/5.0 (compatible; MJ12bot/v2.0.4; http://mj12bot.com/)"
115.244.222.166 - - [23/Feb/2026:08:03:49 +0000] "GET /wp-content/uploads/2023/04/banner-img.png HTTP/1.1" 200 83083 "https://medicloudsuite.net/" "Mozilla/5.0 (Windows NT 10.0; Win64; x64) AppleWebKit/537.36 (KHTML, like Gecko) Chrome/145.0.0.0 Safari/537.36 Edg/145.0.0.0"
172.187.168.139 - - [23/Feb/2026:08:04:01 +0000] "POST /wp-cron.php?doing_wp_cron=1771833841.1984059810638427734375 HTTP/1.1" 200 31 "-" "WordPress/6.9.1; https://doccure-wp.dreamstechnologies.com"
14.237.231.193 - - [23/Feb/2026:08:04:01 +0000] "GET /specialities/laboratory HTTP/1.1" 301 11 "-" "Mozilla/5.0 (Macintosh; Intel Mac OS X 10_15_7) AppleWebKit/537.36 (KHTML, like Gecko) Chrome/96.0.4664.45 Safari/537.36"
2a03:2880:f800:d:: - - [23/Feb/2026:08:04:02 +0000] "GET /2025-in-en-emniyetli-ve-trend-casino-siteleri-4-3/ HTTP/1.1" 404 17203 "-" "meta-externalagent/1.1 (+https://developers.facebook.com/docs/sharing/webmasters/crawler)"
14.237.231.193 - - [23/Feb/2026:08:04:03 +0000] "GET /specialities/laboratory/ HTTP/1.1" 200 18687 "-" "Mozilla/5.0 (Macintosh; Intel Mac OS X 10_15_7) AppleWebKit/537.36 (KHTML, like Gecko) Chrome/96.0.4664.45 Safari/537.36"
172.187.168.139 - - [23/Feb/2026:08:04:47 +0000] "POST /wp-cron.php?doing_wp_cron=1771833887.4561378955841064453125 HTTP/1.1" 200 31 "-" "WordPress/6.9.1; https://doccure-wp.dreamstechnologies.com"
177.212.223.38 - - [23/Feb/2026:08:04:47 +0000] "GET /definition-des-benefices-de-dehydroepiandrosteron-pour-les-athletes/ HTTP/1.1" 404 17213 "-" "Mozilla/5.0 (Macintosh; Intel Mac OS X 10_14_6) AppleWebKit/537.36 (KHTML, like Gecko) Chrome/90.0.4430.93 Safari/537.36"
172.187.168.139 - - [23/Feb/2026:08:06:23 +0000] "POST /wp-cron.php?doing_wp_cron=1771833983.4802498817443847656250 HTTP/1.1" 200 31 "-" "WordPress/6.9.1; https://doccure-wp.dreamstechnologies.com"
35.173.69.86 - - [23/Feb/2026:08:06:23 +0000] "GET / HTTP/1.1" 200 29870 "-" "FreshpingBot/1.0 (+https://freshping.io/)"
172.187.168.139 - - [23/Feb/2026:08:11:24 +0000] "POST /wp-cron.php?doing_wp_cron=1771834284.1156969070434570312500 HTTP/1.1" 200 31 "-" "WordPress/6.9.1; https://doccure-wp.dreamstechnologies.com"
50.17.185.102 - - [23/Feb/2026:08:11:24 +0000] "GET / HTTP/1.1" 200 29870 "-" "FreshpingBot/1.0 (+https://freshping.io/)"
66.249.70.140 - - [23/Feb/2026:08:12:24 +0000] "GET /wp-content/uploads/2025/01/speciality-icon-08-1.svg HTTP/1.1" 200 10680 "https://www.reda82.net/" "Mozilla/5.0 (Linux; Android 6.0.1; Nexus 5X Build/MMB29P) AppleWebKit/537.36 (KHTML, like Gecko) Chrome/144.0.7559.132 Mobile Safari/537.36 (compatible; Googlebot/2.1; +http://www.google.com/bot.html)"
66.249.70.140 - - [23/Feb/2026:08:12:25 +0000] "GET /wp-content/uploads/2025/01/speciality-icon-07-1.svg HTTP/1.1" 200 7355 "https://www.reda82.net/" "Mozilla/5.0 (Linux; Android 6.0.1; Nexus 5X Build/MMB29P) AppleWebKit/537.36 (KHTML, like Gecko) Chrome/144.0.7559.132 Mobile Safari/537.36 (compatible; Googlebot/2.1; +http://www.google.com/bot.html)"
200.160.47.94 - - [23/Feb/2026:08:13:17 +0000] "GET /wp-content/uploads/2025/01/banner-patient-3-1.jpg HTTP/1.1" 200 5461 "http://drmoustafaelnahasclinics.com/" "Mozilla/5.0 (Linux; Android 10; K) AppleWebKit/537.36 (KHTML, like Gecko) Chrome/143.0.0.0 Mobile Safari/537.36"
200.160.47.94 - - [23/Feb/2026:08:13:17 +0000] "GET /wp-content/uploads/2025/01/banner-patient-2-1.jpg HTTP/1.1" 200 5251 "http://drmoustafaelnahasclinics.com/" "Mozilla/5.0 (Linux; Android 10; K) AppleWebKit/537.36 (KHTML, like Gecko) Chrome/143.0.0.0 Mobile Safari/537.36"
200.160.47.94 - - [23/Feb/2026:08:13:17 +0000] "GET /wp-content/uploads/2025/01/banner-icon-2-1.png HTTP/1.1" 200 25272 "http://drmoustafaelnahasclinics.com/" "Mozilla/5.0 (Linux; Android 10; K) AppleWebKit/537.36 (KHTML, like Gecko) Chrome/143.0.0.0 Mobile Safari/537.36"
200.160.47.94 - - [23/Feb/2026:08:13:17 +0000] "GET /wp-content/uploads/2025/01/banner-icon-1-1.png HTTP/1.1" 200 35173 "http://drmoustafaelnahasclinics.com/" "Mozilla/5.0 (Linux; Android 10; K) AppleWebKit/537.36 (KHTML, like Gecko) Chrome/143.0.0.0 Mobile Safari/537.36"
200.160.47.94 - - [23/Feb/2026:08:13:17 +0000] "GET /wp-content/uploads/2025/01/banner-patient-1-1.jpg HTTP/1.1" 200 5731 "http://drmoustafaelnahasclinics.com/" "Mozilla/5.0 (Linux; Android 10; K) AppleWebKit/537.36 (KHTML, like Gecko) Chrome/143.0.0.0 Mobile Safari/537.36"
200.160.47.94 - - [23/Feb/2026:08:13:18 +0000] "GET /wp-content/uploads/2025/01/home-banner-bg-1.png HTTP/1.1" 200 1608405 "http://drmoustafaelnahasclinics.com/" "Mozilla/5.0 (Linux; Android 10; K) AppleWebKit/537.36 (KHTML, like Gecko) Chrome/143.0.0.0 Mobile Safari/537.36"
200.160.47.94 - - [23/Feb/2026:08:13:20 +0000] "GET /wp-content/uploads/2025/01/banner-icon-4-1.png HTTP/1.1" 200 5878 "http://drmoustafaelnahasclinics.com/" "Mozilla/5.0 (Windows NT 10.0; Win64; x64) AppleWebKit/537.36 (KHTML, like Gecko) Chrome/143.0.0.0 Safari/537.36"
200.160.47.94 - - [23/Feb/2026:08:13:20 +0000] "GET /wp-content/uploads/2025/01/banner-icon-3-1.png HTTP/1.1" 200 22042 "http://drmoustafaelnahasclinics.com/" "Mozilla/5.0 (Windows NT 10.0; Win64; x64) AppleWebKit/537.36 (KHTML, like Gecko) Chrome/143.0.0.0 Safari/537.36"
200.160.47.94 - - [23/Feb/2026:08:13:20 +0000] "GET /wp-content/uploads/2025/01/banner-icon-5-1.svg HTTP/1.1" 200 428 "http://drmoustafaelnahasclinics.com/" "Mozilla/5.0 (Windows NT 10.0; Win64; x64) AppleWebKit/537.36 (KHTML, like Gecko) Chrome/143.0.0.0 Safari/537.36"
200.160.47.94 - - [23/Feb/2026:08:13:20 +0000] "GET /wp-content/uploads/2025/01/video-1.svg HTTP/1.1" 200 19342 "http://drmoustafaelnahasclinics.com/" "Mozilla/5.0 (Windows NT 10.0; Win64; x64) AppleWebKit/537.36 (KHTML, like Gecko) Chrome/143.0.0.0 Safari/537.36"
200.160.47.94 - - [23/Feb/2026:08:13:31 +0000] "GET /wp-content/uploads/2025/01/speciality-icon-02-1.svg HTTP/1.1" 200 9670 "http://drmoustafaelnahasclinics.com/" "Mozilla/5.0 (Linux; Android 10; K) AppleWebKit/537.36 (KHTML, like Gecko) Chrome/143.0.0.0 Mobile Safari/537.36"
200.160.47.94 - - [23/Feb/2026:08:13:31 +0000] "GET /wp-content/uploads/2025/01/speciality-icon-03-1.svg HTTP/1.1" 200 22720 "http://drmoustafaelnahasclinics.com/" "Mozilla/5.0 (Linux; Android 10; K) AppleWebKit/537.36 (KHTML, like Gecko) Chrome/143.0.0.0 Mobile Safari/537.36"
200.160.47.94 - - [23/Feb/2026:08:13:31 +0000] "GET /wp-content/uploads/2025/01/company-06-1.svg HTTP/1.1" 200 6562 "http://drmoustafaelnahasclinics.com/" "Mozilla/5.0 (Linux; Android 10; K) AppleWebKit/537.36 (KHTML, like Gecko) Chrome/143.0.0.0 Mobile Safari/537.36"
200.160.47.94 - - [23/Feb/2026:08:13:31 +0000] "GET /wp-content/uploads/2025/01/speciality-icon-04-1.svg HTTP/1.1" 200 12836 "http://drmoustafaelnahasclinics.com/" "Mozilla/5.0 (Linux; Android 10; K) AppleWebKit/537.36 (KHTML, like Gecko) Chrome/143.0.0.0 Mobile Safari/537.36"
200.160.47.94 - - [23/Feb/2026:08:13:31 +0000] "GET /wp-content/uploads/2025/01/company-02-1.svg HTTP/1.1" 200 3851 "http://drmoustafaelnahasclinics.com/" "Mozilla/5.0 (Linux; Android 10; K) AppleWebKit/537.36 (KHTML, like Gecko) Chrome/143.0.0.0 Mobile Safari/537.36"
200.160.47.94 - - [23/Feb/2026:08:13:31 +0000] "GET /wp-content/uploads/2025/01/company-07-1.svg HTTP/1.1" 200 6375 "http://drmoustafaelnahasclinics.com/" "Mozilla/5.0 (Linux; Android 10; K) AppleWebKit/537.36 (KHTML, like Gecko) Chrome/143.0.0.0 Mobile Safari/537.36"
200.160.47.94 - - [23/Feb/2026:08:13:31 +0000] "GET /wp-content/uploads/2025/01/speciality-icon-01-1.svg HTTP/1.1" 200 16368 "http://drmoustafaelnahasclinics.com/" "Mozilla/5.0 (Linux; Android 10; K) AppleWebKit/537.36 (KHTML, like Gecko) Chrome/143.0.0.0 Mobile Safari/537.36"
200.160.47.94 - - [23/Feb/2026:08:13:31 +0000] "GET /wp-content/uploads/2025/01/speciality-03-1.jpg HTTP/1.1" 200 69424 "http://drmoustafaelnahasclinics.com/" "Mozilla/5.0 (Linux; Android 10; K) AppleWebKit/537.36 (KHTML, like Gecko) Chrome/143.0.0.0 Mobile Safari/537.36"
200.160.47.94 - - [23/Feb/2026:08:13:31 +0000] "GET /wp-content/uploads/2025/01/company-04-1.svg HTTP/1.1" 200 12093 "http://drmoustafaelnahasclinics.com/" "Mozilla/5.0 (Linux; Android 10; K) AppleWebKit/537.36 (KHTML, like Gecko) Chrome/143.0.0.0 Mobile Safari/537.36"
200.160.47.94 - - [23/Feb/2026:08:13:31 +0000] "GET /wp-content/uploads/2025/01/speciality-01-1.jpg HTTP/1.1" 200 67730 "http://drmoustafaelnahasclinics.com/" "Mozilla/5.0 (Linux; Android 10; K) AppleWebKit/537.36 (KHTML, like Gecko) Chrome/143.0.0.0 Mobile Safari/537.36"
200.160.47.94 - - [23/Feb/2026:08:13:31 +0000] "GET /wp-content/uploads/2025/01/company-08-1.svg HTTP/1.1" 200 3955 "http://drmoustafaelnahasclinics.com/" "Mozilla/5.0 (Linux; Android 10; K) AppleWebKit/537.36 (KHTML, like Gecko) Chrome/143.0.0.0 Mobile Safari/537.36"
200.160.47.94 - - [23/Feb/2026:08:13:31 +0000] "GET /wp-content/uploads/2025/01/speciality-02-1.jpg HTTP/1.1" 200 73191 "http://drmoustafaelnahasclinics.com/" "Mozilla/5.0 (Linux; Android 10; K) AppleWebKit/537.36 (KHTML, like Gecko) Chrome/143.0.0.0 Mobile Safari/537.36"
200.160.47.94 - - [23/Feb/2026:08:13:31 +0000] "GET /wp-content/uploads/2025/01/speciality-04-1.jpg HTTP/1.1" 200 80057 "http://drmoustafaelnahasclinics.com/" "Mozilla/5.0 (Linux; Android 10; K) AppleWebKit/537.36 (KHTML, like Gecko) Chrome/143.0.0.0 Mobile Safari/537.36"
200.160.47.94 - - [23/Feb/2026:08:13:32 +0000] "GET /wp-content/uploads/2025/01/speciality-icon-05-1.svg HTTP/1.1" 200 5445 "http://drmoustafaelnahasclinics.com/" "Mozilla/5.0 (Linux; Android 10; K) AppleWebKit/537.36 (KHTML, like Gecko) Chrome/143.0.0.0 Mobile Safari/537.36"
200.160.47.94 - - [23/Feb/2026:08:13:32 +0000] "GET /wp-content/uploads/2025/01/company-01-1.svg HTTP/1.1" 200 5600 "http://drmoustafaelnahasclinics.com/" "Mozilla/5.0 (Linux; Android 10; K) AppleWebKit/537.36 (KHTML, like Gecko) Chrome/143.0.0.0 Mobile Safari/537.36"
200.160.47.94 - - [23/Feb/2026:08:13:32 +0000] "GET /wp-content/uploads/2025/01/company-03-1.svg HTTP/1.1" 200 4666 "http://drmoustafaelnahasclinics.com/" "Mozilla/5.0 (Linux; Android 10; K) AppleWebKit/537.36 (KHTML, like Gecko) Chrome/143.0.0.0 Mobile Safari/537.36"
200.160.47.94 - - [23/Feb/2026:08:13:32 +0000] "GET /wp-content/uploads/2025/01/company-05-1.svg HTTP/1.1" 200 45014 "http://drmoustafaelnahasclinics.com/" "Mozilla/5.0 (Linux; Android 10; K) AppleWebKit/537.36 (KHTML, like Gecko) Chrome/143.0.0.0 Mobile Safari/537.36"
200.160.47.94 - - [23/Feb/2026:08:13:32 +0000] "GET /wp-content/uploads/2025/01/speciality-05-1.jpg HTTP/1.1" 200 91447 "http://drmoustafaelnahasclinics.com/" "Mozilla/5.0 (Linux; Android 10; K) AppleWebKit/537.36 (KHTML, like Gecko) Chrome/143.0.0.0 Mobile Safari/537.36"
172.187.168.139 - - [23/Feb/2026:08:15:30 +0000] "POST /wp-cron.php?doing_wp_cron=1771834530.5729510784149169921875 HTTP/1.1" 200 31 "-" "WordPress/6.9.1; https://doccure-wp.dreamstechnologies.com"
47.128.96.166 - - [23/Feb/2026:08:15:30 +0000] "GET /elementor/wp-content/uploads/2021/11/footerlogo.png HTTP/1.1" 404 17242 "https://i360c.ae/" "Mozilla/5.0 (Linux; Android 5.0) AppleWebKit/537.36 (KHTML, like Gecko) Mobile Safari/537.36 (compatible; TikTokSpider; [email protected])"
172.187.168.139 - - [23/Feb/2026:08:16:43 +0000] "POST /wp-cron.php?doing_wp_cron=1771834603.7021939754486083984375 HTTP/1.1" 200 31 "-" "WordPress/6.9.1; https://doccure-wp.dreamstechnologies.com"
50.17.185.102 - - [23/Feb/2026:08:16:43 +0000] "GET / HTTP/1.1" 200 29870 "-" "FreshpingBot/1.0 (+https://freshping.io/)"
66.249.70.135 - - [23/Feb/2026:08:19:19 +0000] "GET /wp-content/uploads/2024/09/Ophthalmology-icon-3.svg HTTP/1.1" 200 5713 "https://reda82.net/" "Mozilla/5.0 (Linux; Android 6.0.1; Nexus 5X Build/MMB29P) AppleWebKit/537.36 (KHTML, like Gecko) Chrome/144.0.7559.132 Mobile Safari/537.36 (compatible; Googlebot/2.1; +http://www.google.com/bot.html)"
172.187.168.139 - - [23/Feb/2026:08:19:55 +0000] "POST /wp-cron.php?doing_wp_cron=1771834795.5043659210205078125000 HTTP/1.1" 200 31 "-" "WordPress/6.9.1; https://doccure-wp.dreamstechnologies.com"
43.173.180.6 - - [23/Feb/2026:08:19:55 +0000] "GET /doctors-map-view/page/2/ HTTP/1.1" 200 18060 "-" "Mozilla/5.0 (Windows NT 10.0; Win64; x64) AppleWebKit/537.36 (KHTML, like Gecko) Chrome/109.0.0.0 Safari/537.36"
43.173.181.207 - - [23/Feb/2026:08:20:01 +0000] "GET /wp-content/themes/doccure/assets/js/map.js?ver=1.5.3 HTTP/1.1" 200 5770 "https://doccure-wp.dreamstechnologies.com/doctors-map-view/page/2/" "Mozilla/5.0 (Windows NT 10.0; Win64; x64) AppleWebKit/537.36 (KHTML, like Gecko) Chrome/109.0.0.0 Safari/537.36"
172.187.168.139 - - [23/Feb/2026:08:21:22 +0000] "POST /wp-cron.php?doing_wp_cron=1771834882.9322969913482666015625 HTTP/1.1" 200 31 "-" "WordPress/6.9.1; https://doccure-wp.dreamstechnologies.com"
50.17.185.102 - - [23/Feb/2026:08:21:22 +0000] "GET / HTTP/1.1" 200 29870 "-" "FreshpingBot/1.0 (+https://freshping.io/)"
172.187.168.139 - - [23/Feb/2026:08:23:10 +0000] "POST /wp-cron.php?doing_wp_cron=1771834990.7263851165771484375000 HTTP/1.1" 200 31 "-" "WordPress/6.9.1; https://doccure-wp.dreamstechnologies.com"
14.189.121.127 - - [23/Feb/2026:08:23:10 +0000] "GET /discover-the-best-crypto-casino-canada-has-to-2/ HTTP/1.1" 404 17204 "-" "Mozilla/5.0 (Macintosh; Intel Mac OS X 10_15_7) AppleWebKit/537.36 (KHTML, like Gecko) Brave Chrome/86.0.4240.111 Safari/537.36"
172.187.168.139 - - [23/Feb/2026:08:26:25 +0000] "POST /wp-cron.php?doing_wp_cron=1771835184.9510240554809570312500 HTTP/1.1" 200 31 "-" "WordPress/6.9.1; https://doccure-wp.dreamstechnologies.com"
35.173.69.86 - - [23/Feb/2026:08:26:25 +0000] "GET / HTTP/1.1" 200 29870 "-" "FreshpingBot/1.0 (+https://freshping.io/)"
20.189.202.58 - - [23/Feb/2026:08:26:42 +0000] "GET /wp-trackback.php HTTP/1.1" 404 147 "-" "Mozilla/5.0 (Windows NT 10.0; Win64; x64) AppleWebKit/537.36 (KHTML, like Gecko) Chrome/120.0.0.0 Safari/537.36"
20.189.202.58 - - [23/Feb/2026:08:26:42 +0000] "GET /about.php HTTP/1.1" 404 196 "-" "Mozilla/5.0 (Windows NT 10.0; Win64; x64) AppleWebKit/537.36 (KHTML, like Gecko) Chrome/120.0.0.0 Safari/537.36"
20.189.202.58 - - [23/Feb/2026:08:26:42 +0000] "GET /file.php HTTP/1.1" 404 196 "-" "Mozilla/5.0 (Windows NT 10.0; Win64; x64) AppleWebKit/537.36 (KHTML, like Gecko) Chrome/120.0.0.0 Safari/537.36"
20.189.202.58 - - [23/Feb/2026:08:26:42 +0000] "GET /wp-good.php HTTP/1.1" 404 196 "-" "Mozilla/5.0 (Windows NT 10.0; Win64; x64) AppleWebKit/537.36 (KHTML, like Gecko) Chrome/120.0.0.0 Safari/537.36"
20.189.202.58 - - [23/Feb/2026:08:26:44 +0000] "GET /xmlrpc.php HTTP/1.1" 405 54 "-" "Mozilla/5.0 (Windows NT 10.0; Win64; x64) AppleWebKit/537.36 (KHTML, like Gecko) Chrome/120.0.0.0 Safari/537.36"
20.189.202.58 - - [23/Feb/2026:08:26:44 +0000] "GET /goods.php HTTP/1.1" 404 196 "-" "Mozilla/5.0 (Windows NT 10.0; Win64; x64) AppleWebKit/537.36 (KHTML, like Gecko) Chrome/120.0.0.0 Safari/537.36"
20.189.202.58 - - [23/Feb/2026:08:26:44 +0000] "GET /ioxi-o.php HTTP/1.1" 404 196 "-" "Mozilla/5.0 (Windows NT 10.0; Win64; x64) AppleWebKit/537.36 (KHTML, like Gecko) Chrome/120.0.0.0 Safari/537.36"
20.189.202.58 - - [23/Feb/2026:08:26:45 +0000] "GET /class-t.api.php HTTP/1.1" 404 196 "-" "Mozilla/5.0 (Windows NT 10.0; Win64; x64) AppleWebKit/537.36 (KHTML, like Gecko) Chrome/120.0.0.0 Safari/537.36"
20.189.202.58 - - [23/Feb/2026:08:26:45 +0000] "GET /admin.php HTTP/1.1" 404 196 "-" "Mozilla/5.0 (Windows NT 10.0; Win64; x64) AppleWebKit/537.36 (KHTML, like Gecko) Chrome/120.0.0.0 Safari/537.36"
20.189.202.58 - - [23/Feb/2026:08:26:45 +0000] "GET /sf.php HTTP/1.1" 404 196 "-" "Mozilla/5.0 (Windows NT 10.0; Win64; x64) AppleWebKit/537.36 (KHTML, like Gecko) Chrome/120.0.0.0 Safari/537.36"
20.189.202.58 - - [23/Feb/2026:08:26:45 +0000] "GET /rip.php HTTP/1.1" 404 196 "-" "Mozilla/5.0 (Windows NT 10.0; Win64; x64) AppleWebKit/537.36 (KHTML, like Gecko) Chrome/120.0.0.0 Safari/537.36"
20.189.202.58 - - [23/Feb/2026:08:26:46 +0000] "GET /autoload_classmap.php HTTP/1.1" 404 196 "-" "Mozilla/5.0 (Windows NT 10.0; Win64; x64) AppleWebKit/537.36 (KHTML, like Gecko) Chrome/120.0.0.0 Safari/537.36"
20.189.202.58 - - [23/Feb/2026:08:26:46 +0000] "GET /chosen.php?p= HTTP/1.1" 404 196 "-" "Mozilla/5.0 (Windows NT 10.0; Win64; x64) AppleWebKit/537.36 (KHTML, like Gecko) Chrome/120.0.0.0 Safari/537.36"
20.189.202.58 - - [23/Feb/2026:08:26:46 +0000] "GET /classwithtostring.php HTTP/1.1" 404 196 "-" "Mozilla/5.0 (Windows NT 10.0; Win64; x64) AppleWebKit/537.36 (KHTML, like Gecko) Chrome/120.0.0.0 Safari/537.36"
20.189.202.58 - - [23/Feb/2026:08:26:46 +0000] "GET /defaults.php HTTP/1.1" 404 196 "-" "Mozilla/5.0 (Windows NT 10.0; Win64; x64) AppleWebKit/537.36 (KHTML, like Gecko) Chrome/120.0.0.0 Safari/537.36"
20.189.202.58 - - [23/Feb/2026:08:26:47 +0000] "GET /index/function.php HTTP/1.1" 404 196 "-" "Mozilla/5.0 (Windows NT 10.0; Win64; x64) AppleWebKit/537.36 (KHTML, like Gecko) Chrome/120.0.0.0 Safari/537.36"
20.189.202.58 - - [23/Feb/2026:08:26:47 +0000] "GET /wk/index.php HTTP/1.1" 404 196 "-" "Mozilla/5.0 (Windows NT 10.0; Win64; x64) AppleWebKit/537.36 (KHTML, like Gecko) Chrome/120.0.0.0 Safari/537.36"
20.189.202.58 - - [23/Feb/2026:08:26:47 +0000] "GET /wp-includes/ HTTP/1.1" 403 195 "-" "Mozilla/5.0 (Windows NT 10.0; Win64; x64) AppleWebKit/537.36 (KHTML, like Gecko) Chrome/120.0.0.0 Safari/537.36"
20.189.202.58 - - [23/Feb/2026:08:26:49 +0000] "GET /.well-known/ HTTP/1.1" 404 17197 "-" "Mozilla/5.0 (Windows NT 10.0; Win64; x64) AppleWebKit/537.36 (KHTML, like Gecko) Chrome/120.0.0.0 Safari/537.36"
20.189.202.58 - - [23/Feb/2026:08:26:49 +0000] "GET /info.php HTTP/1.1" 404 196 "-" "Mozilla/5.0 (Windows NT 10.0; Win64; x64) AppleWebKit/537.36 (KHTML, like Gecko) Chrome/120.0.0.0 Safari/537.36"
20.189.202.58 - - [23/Feb/2026:08:26:51 +0000] "GET /cgi-bin/ HTTP/1.1" 404 17171 "-" "Mozilla/5.0 (Windows NT 10.0; Win64; x64) AppleWebKit/537.36 (KHTML, like Gecko) Chrome/120.0.0.0 Safari/537.36"
20.189.202.58 - - [23/Feb/2026:08:26:53 +0000] "GET /uploads/ HTTP/1.1" 404 17167 "-" "Mozilla/5.0 (Windows NT 10.0; Win64; x64) AppleWebKit/537.36 (KHTML, like Gecko) Chrome/120.0.0.0 Safari/537.36"
20.189.202.58 - - [23/Feb/2026:08:26:54 +0000] "GET /wp-admin/images/ HTTP/1.1" 403 195 "-" "Mozilla/5.0 (Windows NT 10.0; Win64; x64) AppleWebKit/537.36 (KHTML, like Gecko) Chrome/120.0.0.0 Safari/537.36"
20.189.202.58 - - [23/Feb/2026:08:26:54 +0000] "GET /wp-includes/Requests/src/Response/about.php HTTP/1.1" 404 196 "-" "Mozilla/5.0 (Windows NT 10.0; Win64; x64) AppleWebKit/537.36 (KHTML, like Gecko) Chrome/120.0.0.0 Safari/537.36"
20.189.202.58 - - [23/Feb/2026:08:26:54 +0000] "GET /wp-includes/html-api/ HTTP/1.1" 403 195 "-" "Mozilla/5.0 (Windows NT 10.0; Win64; x64) AppleWebKit/537.36 (KHTML, like Gecko) Chrome/120.0.0.0 Safari/537.36"
20.189.202.58 - - [23/Feb/2026:08:26:54 +0000] "GET /wp-content/admin.php HTTP/1.1" 200 1782 "-" "Mozilla/5.0 (Windows NT 10.0; Win64; x64) AppleWebKit/537.36 (KHTML, like Gecko) Chrome/120.0.0.0 Safari/537.36"
20.189.202.58 - - [23/Feb/2026:08:26:55 +0000] "GET /adminfuns.php HTTP/1.1" 404 196 "-" "Mozilla/5.0 (Windows NT 10.0; Win64; x64) AppleWebKit/537.36 (KHTML, like Gecko) Chrome/120.0.0.0 Safari/537.36"
20.189.202.58 - - [23/Feb/2026:08:26:55 +0000] "GET /wp-admin/css/colors/ectoplasm/ HTTP/1.1" 403 195 "-" "Mozilla/5.0 (Windows NT 10.0; Win64; x64) AppleWebKit/537.36 (KHTML, like Gecko) Chrome/120.0.0.0 Safari/537.36"
20.189.202.58 - - [23/Feb/2026:08:26:55 +0000] "GET /wp-content/uploads/ HTTP/1.1" 403 195 "-" "Mozilla/5.0 (Windows NT 10.0; Win64; x64) AppleWebKit/537.36 (KHTML, like Gecko) Chrome/120.0.0.0 Safari/537.36"
20.189.202.58 - - [23/Feb/2026:08:26:55 +0000] "GET /wp-content/themes/admin.php HTTP/1.1" 404 196 "-" "Mozilla/5.0 (Windows NT 10.0; Win64; x64) AppleWebKit/537.36 (KHTML, like Gecko) Chrome/120.0.0.0 Safari/537.36"
20.189.202.58 - - [23/Feb/2026:08:26:56 +0000] "GET /wp-content/themes/index.php HTTP/1.1" 200 31 "-" "Mozilla/5.0 (Windows NT 10.0; Win64; x64) AppleWebKit/537.36 (KHTML, like Gecko) Chrome/120.0.0.0 Safari/537.36"
20.189.202.58 - - [23/Feb/2026:08:26:56 +0000] "GET /wp-content/plugins/index.php HTTP/1.1" 200 31 "-" "Mozilla/5.0 (Windows NT 10.0; Win64; x64) AppleWebKit/537.36 (KHTML, like Gecko) Chrome/120.0.0.0 Safari/537.36"
20.189.202.58 - - [23/Feb/2026:08:26:56 +0000] "GET /wp-includes/PHPMailer/ HTTP/1.1" 403 195 "-" "Mozilla/5.0 (Windows NT 10.0; Win64; x64) AppleWebKit/537.36 (KHTML, like Gecko) Chrome/120.0.0.0 Safari/537.36"
20.189.202.58 - - [23/Feb/2026:08:26:57 +0000] "GET /wp-includes/images/ HTTP/1.1" 403 195 "-" "Mozilla/5.0 (Windows NT 10.0; Win64; x64) AppleWebKit/537.36 (KHTML, like Gecko) Chrome/120.0.0.0 Safari/537.36"
20.189.202.58 - - [23/Feb/2026:08:26:58 +0000] "GET /wp-content/plugins/WordPressCore/ HTTP/1.1" 404 17264 "-" "Mozilla/5.0 (Windows NT 10.0; Win64; x64) AppleWebKit/537.36 (KHTML, like Gecko) Chrome/120.0.0.0 Safari/537.36"
216.73.216.143 - - [23/Feb/2026:08:27:02 +0000] "GET /robots.txt HTTP/1.1" 200 427 "-" "Mozilla/5.0 AppleWebKit/537.36 (KHTML, like Gecko; compatible; ClaudeBot/1.0; [email protected])"
216.73.216.143 - - [23/Feb/2026:08:27:04 +0000] "GET /wp-sitemap.xml HTTP/1.1" 200 2588 "-" "Mozilla/5.0 AppleWebKit/537.36 (KHTML, like Gecko; compatible; ClaudeBot/1.0; [email protected])"
79.173.88.151 - - [23/Feb/2026:08:30:07 +0000] "GET /wp-content/uploads/2025/01/banner-user1-1.jpg HTTP/1.1" 304 0 "https://doktorlar.org/" "Mozilla/5.0 (Windows NT 6.1; rv:109.0) Gecko/20100101 Firefox/115.0"
79.173.88.151 - - [23/Feb/2026:08:30:07 +0000] "GET /wp-content/uploads/2025/01/banner-user3-1.jpg HTTP/1.1" 304 0 "https://doktorlar.org/" "Mozilla/5.0 (Windows NT 6.1; rv:109.0) Gecko/20100101 Firefox/115.0"
79.173.88.151 - - [23/Feb/2026:08:30:07 +0000] "GET /wp-content/uploads/2025/01/video-1.svg HTTP/1.1" 304 0 "https://doktorlar.org/" "Mozilla/5.0 (Windows NT 6.1; rv:109.0) Gecko/20100101 Firefox/115.0"
79.173.88.151 - - [23/Feb/2026:08:30:08 +0000] "GET /wp-content/uploads/2025/01/banner-user2-1.jpg HTTP/1.1" 304 0 "https://doktorlar.org/" "Mozilla/5.0 (Windows NT 6.1; rv:109.0) Gecko/20100101 Firefox/115.0"
79.173.88.151 - - [23/Feb/2026:08:30:08 +0000] "GET /wp-content/uploads/2025/01/banner-patient-1-1.jpg HTTP/1.1" 304 0 "https://doktorlar.org/" "Mozilla/5.0 (Windows NT 6.1; rv:109.0) Gecko/20100101 Firefox/115.0"
79.173.88.151 - - [23/Feb/2026:08:30:08 +0000] "GET /wp-content/uploads/2025/01/banner-doctor-1.svg HTTP/1.1" 304 0 "https://doktorlar.org/" "Mozilla/5.0 (Windows NT 6.1; rv:109.0) Gecko/20100101 Firefox/115.0"
79.173.88.151 - - [23/Feb/2026:08:30:08 +0000] "GET /wp-content/uploads/2025/01/home-banner-bg-1.png HTTP/1.1" 304 0 "https://doktorlar.org/" "Mozilla/5.0 (Windows NT 6.1; rv:109.0) Gecko/20100101 Firefox/115.0"
79.173.88.151 - - [23/Feb/2026:08:30:08 +0000] "GET /wp-content/uploads/2025/01/banner-icon-2-1.png HTTP/1.1" 304 0 "https://doktorlar.org/" "Mozilla/5.0 (Windows NT 6.1; rv:109.0) Gecko/20100101 Firefox/115.0"
79.173.88.151 - - [23/Feb/2026:08:30:08 +0000] "GET /wp-content/uploads/2025/01/banner-patient-3-1.jpg HTTP/1.1" 304 0 "https://doktorlar.org/" "Mozilla/5.0 (Windows NT 6.1; rv:109.0) Gecko/20100101 Firefox/115.0"
79.173.88.151 - - [23/Feb/2026:08:30:08 +0000] "GET /wp-content/uploads/2025/01/banner-icon-1-1.png HTTP/1.1" 304 0 "https://doktorlar.org/" "Mozilla/5.0 (Windows NT 6.1; rv:109.0) Gecko/20100101 Firefox/115.0"
79.173.88.151 - - [23/Feb/2026:08:30:08 +0000] "GET /wp-content/uploads/2025/01/banner-patient-2-1.jpg HTTP/1.1" 304 0 "https://doktorlar.org/" "Mozilla/5.0 (Windows NT 6.1; rv:109.0) Gecko/20100101 Firefox/115.0"
79.173.88.151 - - [23/Feb/2026:08:30:08 +0000] "GET /wp-content/uploads/2025/01/banner-icon-4-1.png HTTP/1.1" 304 0 "https://doktorlar.org/" "Mozilla/5.0 (Windows NT 6.1; rv:109.0) Gecko/20100101 Firefox/115.0"
79.173.88.151 - - [23/Feb/2026:08:30:08 +0000] "GET /wp-content/uploads/2025/01/banner-icon-5-1.svg HTTP/1.1" 304 0 "https://doktorlar.org/" "Mozilla/5.0 (Windows NT 6.1; rv:109.0) Gecko/20100101 Firefox/115.0"
79.173.88.151 - - [23/Feb/2026:08:30:08 +0000] "GET /wp-content/uploads/2025/01/banner-icon-3-1.png HTTP/1.1" 304 0 "https://doktorlar.org/" "Mozilla/5.0 (Windows NT 6.1; rv:109.0) Gecko/20100101 Firefox/115.0"
172.187.168.139 - - [23/Feb/2026:08:31:12 +0000] "POST /wp-cron.php?doing_wp_cron=1771835472.7306520938873291015625 HTTP/1.1" 200 31 "-" "WordPress/6.9.1; https://doccure-wp.dreamstechnologies.com"
35.173.69.86 - - [23/Feb/2026:08:31:12 +0000] "GET / HTTP/1.1" 200 29870 "-" "FreshpingBot/1.0 (+https://freshping.io/)"
172.187.168.139 - - [23/Feb/2026:08:33:37 +0000] "POST /wp-cron.php?doing_wp_cron=1771835617.6164319515228271484375 HTTP/1.1" 200 31 "-" "WordPress/6.9.1; https://doccure-wp.dreamstechnologies.com"
194.32.107.163 - - [23/Feb/2026:08:33:37 +0000] "GET /login HTTP/1.1" 200 18578 "https://doccure-wp.dreamstechnologies.com/login" "Mozilla/5.0 (Linux; Android 10; VOG-L09) AppleWebKit/537.36 (KHTML, like Gecko) Chrome/81.0.4044.138 Mobile Safari/537.36"
192.42.116.198 - - [23/Feb/2026:08:33:52 +0000] "POST / HTTP/1.1" 200 29870 "https://doccure-wp.dreamstechnologies.com" "Mozilla/5.0 (Linux; Android 10; VOG-L09) AppleWebKit/537.36 (KHTML, like Gecko) Chrome/81.0.4044.138 Mobile Safari/537.36"
192.42.116.193 - - [23/Feb/2026:08:34:11 +0000] "GET /register HTTP/1.1" 200 19036 "https://doccure-wp.dreamstechnologies.com/register" "Mozilla/5.0 (Linux; Android 10; VOG-L09) AppleWebKit/537.36 (KHTML, like Gecko) Chrome/81.0.4044.138 Mobile Safari/537.36"
192.42.116.197 - - [23/Feb/2026:08:34:13 +0000] "GET /?user_type=regular_users&first_name=%F0%9F%98%9B+Bitcoin+withdraw.+Get+-%3E%3E+yandex.com%2Fpoll%2FYWfQL5UYL9NrETwvu6fWmf%3Fhs%3D480cae62ea65b9f54ae534d76de4e1a7%26++%F0%9F%98%9B&last_name=0ginw5&username=fzgtml&registration_number=661643939016&document=r6tfv2&email=charvard1%40shopcobe.com&otp=5fefu9&password=7StxTTuPuXfi&verify_password=7StxTTuPuXfi&display_name=n82kn9&termsconditions=checked&location=new-york HTTP/1.1" 200 30222 "https://doccure-wp.dreamstechnologies.com?user_type=regular_users&first_name=%F0%9F%98%9B+Bitcoin+withdraw.+Get+-%3E%3E+yandex.com%2Fpoll%2FYWfQL5UYL9NrETwvu6fWmf%3Fhs%3D480cae62ea65b9f54ae534d76de4e1a7%26++%F0%9F%98%9B&last_name=0ginw5&username=fzgtml&registration_number=661643939016&document=r6tfv2&email=charvard1%40shopcobe.com&otp=5fefu9&password=7StxTTuPuXfi&verify_password=7StxTTuPuXfi&display_name=n82kn9&termsconditions=checked&location=new-york" "Mozilla/5.0 (Linux; Android 10; VOG-L09) AppleWebKit/537.36 (KHTML, like Gecko) Chrome/81.0.4044.138 Mobile Safari/537.36"
172.187.168.139 - - [23/Feb/2026:08:34:17 +0000] "POST /wp-cron.php?doing_wp_cron=1771835657.2943971157073974609375 HTTP/1.1" 200 31 "-" "WordPress/6.9.1; https://doccure-wp.dreamstechnologies.com"
192.42.116.197 - - [23/Feb/2026:08:34:17 +0000] "POST / HTTP/1.1" 200 29870 "https://doccure-wp.dreamstechnologies.com" "Mozilla/5.0 (Linux; Android 10; VOG-L09) AppleWebKit/537.36 (KHTML, like Gecko) Chrome/81.0.4044.138 Mobile Safari/537.36"
172.187.168.139 - - [23/Feb/2026:08:36:22 +0000] "POST /wp-cron.php?doing_wp_cron=1771835782.8330020904541015625000 HTTP/1.1" 200 31 "-" "WordPress/6.9.1; https://doccure-wp.dreamstechnologies.com"
50.17.185.102 - - [23/Feb/2026:08:36:22 +0000] "GET / HTTP/1.1" 200 29870 "-" "FreshpingBot/1.0 (+https://freshping.io/)"
172.187.168.139 - - [23/Feb/2026:08:41:23 +0000] "POST /wp-cron.php?doing_wp_cron=1771836083.1493220329284667968750 HTTP/1.1" 200 31 "-" "WordPress/6.9.1; https://doccure-wp.dreamstechnologies.com"
35.173.69.86 - - [23/Feb/2026:08:41:23 +0000] "GET / HTTP/1.1" 200 29870 "-" "FreshpingBot/1.0 (+https://freshping.io/)"
205.169.39.242 - - [23/Feb/2026:08:42:17 +0000] "GET /wp-content/uploads/2025/01/banner-patient-1-1.jpg HTTP/1.1" 200 5731 "https://reda82.net/" "Mozilla/5.0 (Windows NT 10.0; Win64; x64) AppleWebKit/537.36 (KHTML, like Gecko) Chrome/79.0.3945.79 Safari/537.36"
205.169.39.242 - - [23/Feb/2026:08:42:17 +0000] "GET /wp-content/uploads/2025/01/video-1.svg HTTP/1.1" 200 19342 "https://reda82.net/" "Mozilla/5.0 (Windows NT 10.0; Win64; x64) AppleWebKit/537.36 (KHTML, like Gecko) Chrome/79.0.3945.79 Safari/537.36"
205.169.39.242 - - [23/Feb/2026:08:42:18 +0000] "GET /wp-content/uploads/2025/01/banner-user3-1.jpg HTTP/1.1" 200 55292 "https://reda82.net/" "Mozilla/5.0 (Windows NT 10.0; Win64; x64) AppleWebKit/537.36 (KHTML, like Gecko) Chrome/79.0.3945.79 Safari/537.36"
205.169.39.242 - - [23/Feb/2026:08:42:18 +0000] "GET /wp-content/uploads/2025/01/banner-user1-1.jpg HTTP/1.1" 200 61943 "https://reda82.net/" "Mozilla/5.0 (Windows NT 10.0; Win64; x64) AppleWebKit/537.36 (KHTML, like Gecko) Chrome/79.0.3945.79 Safari/537.36"
