43.173.179.44 - - [23/Feb/2026:16:26:39 +0000] "GET /food-truck/ HTTP/1.1" 200 18735 "-" "Mozilla/5.0 (Windows NT 10.0; Win64; x64) AppleWebKit/537.36 (KHTML, like Gecko) Chrome/106.0.5249.119 Safari/537.36"
172.187.168.139 - - [23/Feb/2026:16:34:34 +0000] "POST /wp-cron.php?doing_wp_cron=1771864474.1927399635314941406250 HTTP/1.1" 200 31 "-" "WordPress/6.8.3; https://dreamspos.uk"
187.22.74.42 - - [23/Feb/2026:16:34:34 +0000] "GET /free-trial HTTP/1.1" 404 14827 "-" "Mozilla/5.0 (Macintosh; Intel Mac OS X 10_16_0) AppleWebKit/537.36 (KHTML, like Gecko) Chrome/84.0.4147.89 Safari/537.36"
172.187.168.139 - - [23/Feb/2026:16:39:57 +0000] "POST /wp-cron.php?doing_wp_cron=1771864797.1184580326080322265625 HTTP/1.1" 200 31 "-" "WordPress/6.8.3; https://dreamspos.uk"
34.60.94.12 - - [23/Feb/2026:16:39:57 +0000] "GET / HTTP/1.1" 200 40896 "-" "Mozilla/5.0 (Windows NT 10.0; Win64; x64) AppleWebKit/537.36 (KHTML, like Gecko) Chrome/78.0.3904.108 Safari/537.36"
34.60.94.12 - - [23/Feb/2026:16:40:01 +0000] "GET //wp-includes/wlwmanifest.xml HTTP/1.1" 301 5 "-" "Mozilla/5.0 (Windows NT 10.0; Win64; x64) AppleWebKit/537.36 (KHTML, like Gecko) Chrome/78.0.3904.108 Safari/537.36"
34.60.94.12 - - [23/Feb/2026:16:40:01 +0000] "GET //xmlrpc.php?rsd HTTP/1.1" 200 799 "-" "Mozilla/5.0 (Windows NT 10.0; Win64; x64) AppleWebKit/537.36 (KHTML, like Gecko) Chrome/78.0.3904.108 Safari/537.36"
34.60.94.12 - - [23/Feb/2026:16:40:02 +0000] "GET //?author=1 HTTP/1.1" 301 5 "-" "Mozilla/5.0 (Windows NT 10.0; Win64; x64) AppleWebKit/537.36 (KHTML, like Gecko) Chrome/78.0.3904.108 Safari/537.36"
34.60.94.12 - - [23/Feb/2026:16:40:03 +0000] "GET //?author=2 HTTP/1.1" 301 5 "-" "Mozilla/5.0 (Windows NT 10.0; Win64; x64) AppleWebKit/537.36 (KHTML, like Gecko) Chrome/78.0.3904.108 Safari/537.36"
34.60.94.12 - - [23/Feb/2026:16:40:04 +0000] "GET //wp-json/wp/v2/users/ HTTP/1.1" 200 6150 "-" "Mozilla/5.0 (Windows NT 10.0; Win64; x64) AppleWebKit/537.36 (KHTML, like Gecko) Chrome/78.0.3904.108 Safari/537.36"
34.60.94.12 - - [23/Feb/2026:16:40:05 +0000] "GET //wp-json/oembed/1.0/embed?url=https://dreamspos.uk/ HTTP/1.1" 200 2525 "-" "Mozilla/5.0 (Windows NT 10.0; Win64; x64) AppleWebKit/537.36 (KHTML, like Gecko) Chrome/78.0.3904.108 Safari/537.36"
34.60.94.12 - - [23/Feb/2026:16:40:06 +0000] "POST //xmlrpc.php HTTP/1.1" 200 425 "-" "Mozilla/5.0 (Windows NT 10.0; Win64; x64) AppleWebKit/537.36 (KHTML, like Gecko) Chrome/78.0.3904.108 Safari/537.36"
172.187.168.139 - - [23/Feb/2026:16:42:51 +0000] "POST /wp-cron.php?doing_wp_cron=1771864971.4496231079101562500000 HTTP/1.1" 200 31 "-" "WordPress/6.8.3; https://dreamspos.uk"
115.96.223.108 - - [23/Feb/2026:16:42:51 +0000] "GET / HTTP/1.1" 200 40896 "https://dreamspos.dreamstechnologies.com/" "Mozilla/5.0 (Windows NT 10.0; Win64; x64) AppleWebKit/537.36 (KHTML, like Gecko) Chrome/144.0.0.0 Safari/537.36"
115.96.223.108 - - [23/Feb/2026:16:42:52 +0000] "GET /wp-content/themes/dreamslanding/assets/css/feather.css HTTP/1.1" 304 0 "https://dreamspos.uk/" "Mozilla/5.0 (Windows NT 10.0; Win64; x64) AppleWebKit/537.36 (KHTML, like Gecko) Chrome/144.0.0.0 Safari/537.36"
115.96.223.108 - - [23/Feb/2026:16:42:52 +0000] "GET /wp-content/plugins/country-phone-field-contact-form-7/assets/css/countrySelect.min.css?ver=6.8.3 HTTP/1.1" 304 0 "https://dreamspos.uk/" "Mozilla/5.0 (Windows NT 10.0; Win64; x64) AppleWebKit/537.36 (KHTML, like Gecko) Chrome/144.0.0.0 Safari/537.36"
115.96.223.108 - - [23/Feb/2026:16:42:52 +0000] "GET /wp-content/themes/dreamslanding/assets/plugins/owlcarousel/owl.carousel.min.css HTTP/1.1" 304 0 "https://dreamspos.uk/" "Mozilla/5.0 (Windows NT 10.0; Win64; x64) AppleWebKit/537.36 (KHTML, like Gecko) Chrome/144.0.0.0 Safari/537.36"
115.96.223.108 - - [23/Feb/2026:16:42:52 +0000] "GET /wp-content/plugins/click-to-chat-for-whatsapp/new/inc/assets/css/main.css?ver=4.35 HTTP/1.1" 304 0 "https://dreamspos.uk/" "Mozilla/5.0 (Windows NT 10.0; Win64; x64) AppleWebKit/537.36 (KHTML, like Gecko) Chrome/144.0.0.0 Safari/537.36"
115.96.223.108 - - [23/Feb/2026:16:42:52 +0000] "GET /wp-content/themes/dreamslanding/assets/css/bootstrap.min.css HTTP/1.1" 304 0 "https://dreamspos.uk/" "Mozilla/5.0 (Windows NT 10.0; Win64; x64) AppleWebKit/537.36 (KHTML, like Gecko) Chrome/144.0.0.0 Safari/537.36"
115.96.223.108 - - [23/Feb/2026:16:42:52 +0000] "GET /wp-content/themes/dreamslanding/assets/img/icons/phone-icon.svg HTTP/1.1" 304 0 "https://dreamspos.uk/" "Mozilla/5.0 (Windows NT 10.0; Win64; x64) AppleWebKit/537.36 (KHTML, like Gecko) Chrome/144.0.0.0 Safari/537.36"
115.96.223.108 - - [23/Feb/2026:16:42:52 +0000] "GET /wp-content/themes/dreamslanding/assets/css/lity.css HTTP/1.1" 304 0 "https://dreamspos.uk/" "Mozilla/5.0 (Windows NT 10.0; Win64; x64) AppleWebKit/537.36 (KHTML, like Gecko) Chrome/144.0.0.0 Safari/537.36"
115.96.223.108 - - [23/Feb/2026:16:42:52 +0000] "GET /wp-content/plugins/country-phone-field-contact-form-7/assets/css/intlTelInput.min.css?ver=6.8.3 HTTP/1.1" 304 0 "https://dreamspos.uk/" "Mozilla/5.0 (Windows NT 10.0; Win64; x64) AppleWebKit/537.36 (KHTML, like Gecko) Chrome/144.0.0.0 Safari/537.36"
115.96.223.108 - - [23/Feb/2026:16:42:52 +0000] "GET /wp-content/themes/dreamslanding/assets/css/style.css HTTP/1.1" 304 0 "https://dreamspos.uk/" "Mozilla/5.0 (Windows NT 10.0; Win64; x64) AppleWebKit/537.36 (KHTML, like Gecko) Chrome/144.0.0.0 Safari/537.36"
115.96.223.108 - - [23/Feb/2026:16:42:52 +0000] "GET /wp-content/plugins/contact-form-7/includes/css/styles.css?ver=6.1.3 HTTP/1.1" 304 0 "https://dreamspos.uk/" "Mozilla/5.0 (Windows NT 10.0; Win64; x64) AppleWebKit/537.36 (KHTML, like Gecko) Chrome/144.0.0.0 Safari/537.36"
115.96.223.108 - - [23/Feb/2026:16:42:52 +0000] "GET /wp-includes/js/jquery/jquery-migrate.min.js?ver=3.4.1 HTTP/1.1" 304 0 "https://dreamspos.uk/" "Mozilla/5.0 (Windows NT 10.0; Win64; x64) AppleWebKit/537.36 (KHTML, like Gecko) Chrome/144.0.0.0 Safari/537.36"
115.96.223.108 - - [23/Feb/2026:16:42:52 +0000] "GET /wp-content/themes/dreamslanding/assets/img/icons/envelope-icon.svg HTTP/1.1" 304 0 "https://dreamspos.uk/" "Mozilla/5.0 (Windows NT 10.0; Win64; x64) AppleWebKit/537.36 (KHTML, like Gecko) Chrome/144.0.0.0 Safari/537.36"
115.96.223.108 - - [23/Feb/2026:16:42:52 +0000] "GET /wp-content/plugins/elementor/assets/css/frontend.min.css?ver=3.33.1 HTTP/1.1" 304 0 "https://dreamspos.uk/" "Mozilla/5.0 (Windows NT 10.0; Win64; x64) AppleWebKit/537.36 (KHTML, like Gecko) Chrome/144.0.0.0 Safari/537.36"
115.96.223.108 - - [23/Feb/2026:16:42:52 +0000] "GET /wp-content/themes/dreamslanding/style.css HTTP/1.1" 304 0 "https://dreamspos.uk/" "Mozilla/5.0 (Windows NT 10.0; Win64; x64) AppleWebKit/537.36 (KHTML, like Gecko) Chrome/144.0.0.0 Safari/537.36"
115.96.223.108 - - [23/Feb/2026:16:42:52 +0000] "GET /wp-content/themes/dreamslanding/assets/css/theme-woocommerce.css HTTP/1.1" 304 0 "https://dreamspos.uk/" "Mozilla/5.0 (Windows NT 10.0; Win64; x64) AppleWebKit/537.36 (KHTML, like Gecko) Chrome/144.0.0.0 Safari/537.36"
115.96.223.108 - - [23/Feb/2026:16:42:52 +0000] "GET /wp-content/themes/dreamslanding/assets/plugins/fontawesome/css/fontawesome.min.css HTTP/1.1" 304 0 "https://dreamspos.uk/" "Mozilla/5.0 (Windows NT 10.0; Win64; x64) AppleWebKit/537.36 (KHTML, like Gecko) Chrome/144.0.0.0 Safari/537.36"
115.96.223.108 - - [23/Feb/2026:16:42:52 +0000] "GET /wp-content/themes/dreamslanding/assets/plugins/owlcarousel/owl.theme.default.min.css HTTP/1.1" 304 0 "https://dreamspos.uk/" "Mozilla/5.0 (Windows NT 10.0; Win64; x64) AppleWebKit/537.36 (KHTML, like Gecko) Chrome/144.0.0.0 Safari/537.36"
115.96.223.108 - - [23/Feb/2026:16:42:52 +0000] "GET /wp-includes/js/jquery/jquery.min.js?ver=3.7.1 HTTP/1.1" 304 0 "https://dreamspos.uk/" "Mozilla/5.0 (Windows NT 10.0; Win64; x64) AppleWebKit/537.36 (KHTML, like Gecko) Chrome/144.0.0.0 Safari/537.36"
115.96.223.108 - - [23/Feb/2026:16:42:52 +0000] "GET /wp-content/themes/dreamslanding/assets/plugins/tabler-icons/tabler-icons.css HTTP/1.1" 304 0 "https://dreamspos.uk/" "Mozilla/5.0 (Windows NT 10.0; Win64; x64) AppleWebKit/537.36 (KHTML, like Gecko) Chrome/144.0.0.0 Safari/537.36"
115.96.223.108 - - [23/Feb/2026:16:42:52 +0000] "GET /wp-content/themes/dreamslanding/assets/plugins/fontawesome/css/all.min.css HTTP/1.1" 304 0 "https://dreamspos.uk/" "Mozilla/5.0 (Windows NT 10.0; Win64; x64) AppleWebKit/537.36 (KHTML, like Gecko) Chrome/144.0.0.0 Safari/537.36"
115.96.223.108 - - [23/Feb/2026:16:42:52 +0000] "GET /wp-content/themes/dreamslanding/assets/plugins/aos/aos.css HTTP/1.1" 304 0 "https://dreamspos.uk/" "Mozilla/5.0 (Windows NT 10.0; Win64; x64) AppleWebKit/537.36 (KHTML, like Gecko) Chrome/144.0.0.0 Safari/537.36"
115.96.223.108 - - [23/Feb/2026:16:42:52 +0000] "GET /wp-content/themes/dreamslanding/assets/plugins/swiper/swiper-bundle.min.css HTTP/1.1" 304 0 "https://dreamspos.uk/" "Mozilla/5.0 (Windows NT 10.0; Win64; x64) AppleWebKit/537.36 (KHTML, like Gecko) Chrome/144.0.0.0 Safari/537.36"
115.96.223.108 - - [23/Feb/2026:16:42:52 +0000] "GET /wp-content/themes/dreamslanding/assets/css/theme-default.css HTTP/1.1" 304 0 "https://dreamspos.uk/" "Mozilla/5.0 (Windows NT 10.0; Win64; x64) AppleWebKit/537.36 (KHTML, like Gecko) Chrome/144.0.0.0 Safari/537.36"
115.96.223.108 - - [23/Feb/2026:16:42:52 +0000] "GET /wp-content/uploads/elementor/css/post-6.css?ver=1768902681 HTTP/1.1" 304 0 "https://dreamspos.uk/" "Mozilla/5.0 (Windows NT 10.0; Win64; x64) AppleWebKit/537.36 (KHTML, like Gecko) Chrome/144.0.0.0 Safari/537.36"
115.96.223.108 - - [23/Feb/2026:16:42:52 +0000] "GET /wp-content/plugins/essential-addons-for-elementor-lite/assets/front-end/css/view/general.min.css?ver=6.5.1 HTTP/1.1" 304 0 "https://dreamspos.uk/" "Mozilla/5.0 (Windows NT 10.0; Win64; x64) AppleWebKit/537.36 (KHTML, like Gecko) Chrome/144.0.0.0 Safari/537.36"
115.96.223.108 - - [23/Feb/2026:16:42:53 +0000] "GET /wp-content/themes/dreamslanding/assets/images/logo.svg HTTP/1.1" 304 0 "https://dreamspos.uk/" "Mozilla/5.0 (Windows NT 10.0; Win64; x64) AppleWebKit/537.36 (KHTML, like Gecko) Chrome/144.0.0.0 Safari/537.36"
115.96.223.108 - - [23/Feb/2026:16:42:53 +0000] "GET /wp-includes/js/dist/hooks.min.js?ver=4d63a3d491d11ffd8ac6 HTTP/1.1" 304 0 "https://dreamspos.uk/" "Mozilla/5.0 (Windows NT 10.0; Win64; x64) AppleWebKit/537.36 (KHTML, like Gecko) Chrome/144.0.0.0 Safari/537.36"
115.96.223.108 - - [23/Feb/2026:16:42:53 +0000] "GET /wp-includes/js/dist/i18n.min.js?ver=5e580eb46a90c2b997e6 HTTP/1.1" 304 0 "https://dreamspos.uk/" "Mozilla/5.0 (Windows NT 10.0; Win64; x64) AppleWebKit/537.36 (KHTML, like Gecko) Chrome/144.0.0.0 Safari/537.36"
115.96.223.108 - - [23/Feb/2026:16:42:54 +0000] "GET /wp-content/plugins/contact-form-7/includes/swv/js/index.js?ver=6.1.3 HTTP/1.1" 304 0 "https://dreamspos.uk/" "Mozilla/5.0 (Windows NT 10.0; Win64; x64) AppleWebKit/537.36 (KHTML, like Gecko) Chrome/144.0.0.0 Safari/537.36"
115.96.223.108 - - [23/Feb/2026:16:42:54 +0000] "GET /wp-content/plugins/contact-form-7/includes/js/index.js?ver=6.1.3 HTTP/1.1" 304 0 "https://dreamspos.uk/" "Mozilla/5.0 (Windows NT 10.0; Win64; x64) AppleWebKit/537.36 (KHTML, like Gecko) Chrome/144.0.0.0 Safari/537.36"
115.96.223.108 - - [23/Feb/2026:16:42:54 +0000] "GET /wp-content/plugins/country-phone-field-contact-form-7/assets/js/intlTelInput.min.js?ver=6.8.3 HTTP/1.1" 304 0 "https://dreamspos.uk/" "Mozilla/5.0 (Windows NT 10.0; Win64; x64) AppleWebKit/537.36 (KHTML, like Gecko) Chrome/144.0.0.0 Safari/537.36"
115.96.223.108 - - [23/Feb/2026:16:42:54 +0000] "GET /wp-content/plugins/country-phone-field-contact-form-7/assets/js/countrySelect.min.js?ver=6.8.3 HTTP/1.1" 304 0 "https://dreamspos.uk/" "Mozilla/5.0 (Windows NT 10.0; Win64; x64) AppleWebKit/537.36 (KHTML, like Gecko) Chrome/144.0.0.0 Safari/537.36"
115.96.223.108 - - [23/Feb/2026:16:42:54 +0000] "GET /wp-content/themes/dreamslanding/assets/js/bootstrap.bundle.min.js HTTP/1.1" 304 0 "https://dreamspos.uk/" "Mozilla/5.0 (Windows NT 10.0; Win64; x64) AppleWebKit/537.36 (KHTML, like Gecko) Chrome/144.0.0.0 Safari/537.36"
115.96.223.108 - - [23/Feb/2026:16:42:55 +0000] "GET /wp-content/themes/dreamslanding/assets/plugins/aos/aos.js HTTP/1.1" 304 0 "https://dreamspos.uk/" "Mozilla/5.0 (Windows NT 10.0; Win64; x64) AppleWebKit/537.36 (KHTML, like Gecko) Chrome/144.0.0.0 Safari/537.36"
115.96.223.108 - - [23/Feb/2026:16:42:55 +0000] "GET /wp-content/themes/dreamslanding/assets/plugins/owlcarousel/owl.carousel.min.js HTTP/1.1" 304 0 "https://dreamspos.uk/" "Mozilla/5.0 (Windows NT 10.0; Win64; x64) AppleWebKit/537.36 (KHTML, like Gecko) Chrome/144.0.0.0 Safari/537.36"
115.96.223.108 - - [23/Feb/2026:16:42:55 +0000] "GET /wp-content/themes/dreamslanding/assets/js/backToTop.js HTTP/1.1" 304 0 "https://dreamspos.uk/" "Mozilla/5.0 (Windows NT 10.0; Win64; x64) AppleWebKit/537.36 (KHTML, like Gecko) Chrome/144.0.0.0 Safari/537.36"
115.96.223.108 - - [23/Feb/2026:16:42:56 +0000] "GET /wp-content/themes/dreamslanding/assets/js/lity.js HTTP/1.1" 304 0 "https://dreamspos.uk/" "Mozilla/5.0 (Windows NT 10.0; Win64; x64) AppleWebKit/537.36 (KHTML, like Gecko) Chrome/144.0.0.0 Safari/537.36"
115.96.223.108 - - [23/Feb/2026:16:42:56 +0000] "GET /wp-content/themes/dreamslanding/assets/plugins/swiper/swiper-bundle.min.js HTTP/1.1" 304 0 "https://dreamspos.uk/" "Mozilla/5.0 (Windows NT 10.0; Win64; x64) AppleWebKit/537.36 (KHTML, like Gecko) Chrome/144.0.0.0 Safari/537.36"
115.96.223.108 - - [23/Feb/2026:16:42:56 +0000] "GET /wp-content/themes/dreamslanding/assets/js/script.js HTTP/1.1" 304 0 "https://dreamspos.uk/" "Mozilla/5.0 (Windows NT 10.0; Win64; x64) AppleWebKit/537.36 (KHTML, like Gecko) Chrome/144.0.0.0 Safari/537.36"
115.96.223.108 - - [23/Feb/2026:16:42:56 +0000] "GET /wp-content/plugins/elementor/assets/js/webpack.runtime.min.js?ver=3.33.1 HTTP/1.1" 304 0 "https://dreamspos.uk/" "Mozilla/5.0 (Windows NT 10.0; Win64; x64) AppleWebKit/537.36 (KHTML, like Gecko) Chrome/144.0.0.0 Safari/537.36"
115.96.223.108 - - [23/Feb/2026:16:42:57 +0000] "GET /wp-content/plugins/elementor/assets/js/frontend-modules.min.js?ver=3.33.1 HTTP/1.1" 304 0 "https://dreamspos.uk/" "Mozilla/5.0 (Windows NT 10.0; Win64; x64) AppleWebKit/537.36 (KHTML, like Gecko) Chrome/144.0.0.0 Safari/537.36"
115.96.223.108 - - [23/Feb/2026:16:42:57 +0000] "GET /wp-includes/js/jquery/ui/core.min.js?ver=1.13.3 HTTP/1.1" 304 0 "https://dreamspos.uk/" "Mozilla/5.0 (Windows NT 10.0; Win64; x64) AppleWebKit/537.36 (KHTML, like Gecko) Chrome/144.0.0.0 Safari/537.36"
115.96.223.108 - - [23/Feb/2026:16:42:57 +0000] "GET /wp-content/themes/dreamslanding/assets/plugins/fontawesome/webfonts/fa-solid-900.woff2 HTTP/1.1" 304 0 "https://dreamspos.uk/wp-content/themes/dreamslanding/assets/plugins/fontawesome/css/all.min.css" "Mozilla/5.0 (Windows NT 10.0; Win64; x64) AppleWebKit/537.36 (KHTML, like Gecko) Chrome/144.0.0.0 Safari/537.36"
115.96.223.108 - - [23/Feb/2026:16:42:57 +0000] "GET /wp-content/themes/dreamslanding/assets/plugins/fontawesome/webfonts/fa-brands-400.woff2 HTTP/1.1" 304 0 "https://dreamspos.uk/wp-content/themes/dreamslanding/assets/plugins/fontawesome/css/all.min.css" "Mozilla/5.0 (Windows NT 10.0; Win64; x64) AppleWebKit/537.36 (KHTML, like Gecko) Chrome/144.0.0.0 Safari/537.36"
115.96.223.108 - - [23/Feb/2026:16:42:58 +0000] "GET /wp-content/themes/dreamslanding/assets/img/icons/shopping-icon.svg HTTP/1.1" 304 0 "https://dreamspos.uk/" "Mozilla/5.0 (Windows NT 10.0; Win64; x64) AppleWebKit/537.36 (KHTML, like Gecko) Chrome/144.0.0.0 Safari/537.36"
115.96.223.108 - - [23/Feb/2026:16:42:58 +0000] "GET /wp-content/plugins/elementor/assets/js/frontend.min.js?ver=3.33.1 HTTP/1.1" 304 0 "https://dreamspos.uk/" "Mozilla/5.0 (Windows NT 10.0; Win64; x64) AppleWebKit/537.36 (KHTML, like Gecko) Chrome/144.0.0.0 Safari/537.36"
115.96.223.108 - - [23/Feb/2026:16:42:58 +0000] "GET /wp-content/plugins/dreamslanding-widgets/assets/js/dreamslandingelementor-elementor.js?ver=6.8.3 HTTP/1.1" 304 0 "https://dreamspos.uk/" "Mozilla/5.0 (Windows NT 10.0; Win64; x64) AppleWebKit/537.36 (KHTML, like Gecko) Chrome/144.0.0.0 Safari/537.36"
115.96.223.108 - - [23/Feb/2026:16:42:58 +0000] "GET /wp-content/plugins/essential-addons-for-elementor-lite/assets/front-end/js/view/general.min.js?ver=6.5.1 HTTP/1.1" 304 0 "https://dreamspos.uk/" "Mozilla/5.0 (Windows NT 10.0; Win64; x64) AppleWebKit/537.36 (KHTML, like Gecko) Chrome/144.0.0.0 Safari/537.36"
115.96.223.108 - - [23/Feb/2026:16:42:59 +0000] "GET /wp-content/uploads/2026/02/Madras-Masala-Logo-scaled.png HTTP/1.1" 304 0 "https://dreamspos.uk/" "Mozilla/5.0 (Windows NT 10.0; Win64; x64) AppleWebKit/537.36 (KHTML, like Gecko) Chrome/144.0.0.0 Safari/537.36"
115.96.223.108 - - [23/Feb/2026:16:42:59 +0000] "GET /wp-content/uploads/2025/11/trust-01.svg HTTP/1.1" 304 0 "https://dreamspos.uk/" "Mozilla/5.0 (Windows NT 10.0; Win64; x64) AppleWebKit/537.36 (KHTML, like Gecko) Chrome/144.0.0.0 Safari/537.36"
115.96.223.108 - - [23/Feb/2026:16:42:59 +0000] "GET /wp-content/uploads/2025/11/trust-02.svg HTTP/1.1" 304 0 "https://dreamspos.uk/" "Mozilla/5.0 (Windows NT 10.0; Win64; x64) AppleWebKit/537.36 (KHTML, like Gecko) Chrome/144.0.0.0 Safari/537.36"
115.96.223.108 - - [23/Feb/2026:16:43:00 +0000] "GET /wp-content/uploads/2025/11/trust-03.svg HTTP/1.1" 304 0 "https://dreamspos.uk/" "Mozilla/5.0 (Windows NT 10.0; Win64; x64) AppleWebKit/537.36 (KHTML, like Gecko) Chrome/144.0.0.0 Safari/537.36"
115.96.223.108 - - [23/Feb/2026:16:43:01 +0000] "GET /wp-content/uploads/2026/02/interior-bar-design-scaled.jpg HTTP/1.1" 304 0 "https://dreamspos.uk/" "Mozilla/5.0 (Windows NT 10.0; Win64; x64) AppleWebKit/537.36 (KHTML, like Gecko) Chrome/144.0.0.0 Safari/537.36"
115.96.223.108 - - [23/Feb/2026:16:43:01 +0000] "GET /wp-content/uploads/2026/02/stylish-retail-store-with-strategic-product-placement-flow.jpg HTTP/1.1" 304 0 "https://dreamspos.uk/" "Mozilla/5.0 (Windows NT 10.0; Win64; x64) AppleWebKit/537.36 (KHTML, like Gecko) Chrome/144.0.0.0 Safari/537.36"
115.96.223.108 - - [23/Feb/2026:16:43:01 +0000] "GET /wp-content/uploads/2026/02/food-trucks-serving-gourmet-meals-outdoor-festival-scaled.jpg HTTP/1.1" 304 0 "https://dreamspos.uk/" "Mozilla/5.0 (Windows NT 10.0; Win64; x64) AppleWebKit/537.36 (KHTML, like Gecko) Chrome/144.0.0.0 Safari/537.36"
115.96.223.108 - - [23/Feb/2026:16:43:01 +0000] "GET /wp-content/uploads/2026/02/beauty-salon-template-design-scaled.jpg HTTP/1.1" 304 0 "https://dreamspos.uk/" "Mozilla/5.0 (Windows NT 10.0; Win64; x64) AppleWebKit/537.36 (KHTML, like Gecko) Chrome/144.0.0.0 Safari/537.36"
115.96.223.108 - - [23/Feb/2026:16:43:02 +0000] "GET /wp-content/uploads/2026/02/pharmacy-shelves-filled-with-variety-prescription-medications-scaled.jpg HTTP/1.1" 304 0 "https://dreamspos.uk/" "Mozilla/5.0 (Windows NT 10.0; Win64; x64) AppleWebKit/537.36 (KHTML, like Gecko) Chrome/144.0.0.0 Safari/537.36"
115.96.223.108 - - [23/Feb/2026:16:43:02 +0000] "GET /wp-content/uploads/2026/02/interior-grocery-store-scaled.jpg HTTP/1.1" 304 0 "https://dreamspos.uk/" "Mozilla/5.0 (Windows NT 10.0; Win64; x64) AppleWebKit/537.36 (KHTML, like Gecko) Chrome/144.0.0.0 Safari/537.36"
115.96.223.108 - - [23/Feb/2026:16:43:02 +0000] "GET /wp-content/uploads/2026/02/room-with-lot-bottles-bottle-shelf-scaled.jpg HTTP/1.1" 304 0 "https://dreamspos.uk/" "Mozilla/5.0 (Windows NT 10.0; Win64; x64) AppleWebKit/537.36 (KHTML, like Gecko) Chrome/144.0.0.0 Safari/537.36"
115.96.223.108 - - [23/Feb/2026:16:43:03 +0000] "GET /wp-content/uploads/2026/02/doctor-checking-diagnosis-paralyzed-disabled-senior-woman-wheelchair-sitting-reception-room-scaled.jpg HTTP/1.1" 304 0 "https://dreamspos.uk/" "Mozilla/5.0 (Windows NT 10.0; Win64; x64) AppleWebKit/537.36 (KHTML, like Gecko) Chrome/144.0.0.0 Safari/537.36"
115.96.223.108 - - [23/Feb/2026:16:43:03 +0000] "GET /wp-content/uploads/2026/02/business-people-conversation-with-laptop-office-communication-brainstorming-digital-collaboration-creative-team-graphic-designers-online-with-technology-visual-project-scaled.jpg HTTP/1.1" 304 0 "https://dreamspos.uk/" "Mozilla/5.0 (Windows NT 10.0; Win64; x64) AppleWebKit/537.36 (KHTML, like Gecko) Chrome/144.0.0.0 Safari/537.36"
115.96.223.108 - - [23/Feb/2026:16:43:03 +0000] "GET /wp-content/uploads/2026/02/3d-rendering-business-meeting-working-room-office-building-scaled.jpg HTTP/1.1" 304 0 "https://dreamspos.uk/" "Mozilla/5.0 (Windows NT 10.0; Win64; x64) AppleWebKit/537.36 (KHTML, like Gecko) Chrome/144.0.0.0 Safari/537.36"
115.96.223.108 - - [23/Feb/2026:16:43:03 +0000] "GET /wp-content/themes/dreamslanding/assets/img/icons/social-01.svg HTTP/1.1" 304 0 "https://dreamspos.uk/" "Mozilla/5.0 (Windows NT 10.0; Win64; x64) AppleWebKit/537.36 (KHTML, like Gecko) Chrome/144.0.0.0 Safari/537.36"
115.96.223.108 - - [23/Feb/2026:16:43:03 +0000] "GET /wp-content/uploads/2026/02/call-center-office-team-people-with-telemarketing-communication-customer-support-telecom-startup-talking-computer-chat-business-woman-employees-agent-consulting-agency-company-scaled.jpg HTTP/1.1" 304 0 "https://dreamspos.uk/" "Mozilla/5.0 (Windows NT 10.0; Win64; x64) AppleWebKit/537.36 (KHTML, like Gecko) Chrome/144.0.0.0 Safari/537.36"
115.96.223.108 - - [23/Feb/2026:16:43:03 +0000] "GET /wp-content/themes/dreamslanding/assets/img/icons/social-02.svg HTTP/1.1" 304 0 "https://dreamspos.uk/" "Mozilla/5.0 (Windows NT 10.0; Win64; x64) AppleWebKit/537.36 (KHTML, like Gecko) Chrome/144.0.0.0 Safari/537.36"
115.96.223.108 - - [23/Feb/2026:16:43:03 +0000] "GET /wp-content/themes/dreamslanding/assets/img/icons/top-icon.svg HTTP/1.1" 304 0 "https://dreamspos.uk/" "Mozilla/5.0 (Windows NT 10.0; Win64; x64) AppleWebKit/537.36 (KHTML, like Gecko) Chrome/144.0.0.0 Safari/537.36"
115.96.223.108 - - [23/Feb/2026:16:43:03 +0000] "GET /wp-content/themes/dreamslanding/assets/img/icons/social-03.svg HTTP/1.1" 304 0 "https://dreamspos.uk/" "Mozilla/5.0 (Windows NT 10.0; Win64; x64) AppleWebKit/537.36 (KHTML, like Gecko) Chrome/144.0.0.0 Safari/537.36"
115.96.223.108 - - [23/Feb/2026:16:43:03 +0000] "GET /wp-content/plugins/google-site-kit/dist/assets/js/googlesitekit-events-provider-contact-form-7-40476021fb6e59177033.js HTTP/1.1" 304 0 "https://dreamspos.uk/" "Mozilla/5.0 (Windows NT 10.0; Win64; x64) AppleWebKit/537.36 (KHTML, like Gecko) Chrome/144.0.0.0 Safari/537.36"
115.96.223.108 - - [23/Feb/2026:16:43:03 +0000] "GET /wp-content/themes/dreamslanding/assets/img/icons/footer-03.svg HTTP/1.1" 304 0 "https://dreamspos.uk/" "Mozilla/5.0 (Windows NT 10.0; Win64; x64) AppleWebKit/537.36 (KHTML, like Gecko) Chrome/144.0.0.0 Safari/537.36"
115.96.223.108 - - [23/Feb/2026:16:43:03 +0000] "GET /wp-content/themes/dreamslanding/assets/img/icons/footer-02.svg HTTP/1.1" 304 0 "https://dreamspos.uk/" "Mozilla/5.0 (Windows NT 10.0; Win64; x64) AppleWebKit/537.36 (KHTML, like Gecko) Chrome/144.0.0.0 Safari/537.36"
115.96.223.108 - - [23/Feb/2026:16:43:03 +0000] "GET /wp-content/themes/dreamslanding/assets/img/icons/footer-04.svg HTTP/1.1" 304 0 "https://dreamspos.uk/" "Mozilla/5.0 (Windows NT 10.0; Win64; x64) AppleWebKit/537.36 (KHTML, like Gecko) Chrome/144.0.0.0 Safari/537.36"
115.96.223.108 - - [23/Feb/2026:16:43:03 +0000] "GET /wp-content/plugins/click-to-chat-for-whatsapp/new/inc/assets/js/app.js?ver=4.35 HTTP/1.1" 304 0 "https://dreamspos.uk/" "Mozilla/5.0 (Windows NT 10.0; Win64; x64) AppleWebKit/537.36 (KHTML, like Gecko) Chrome/144.0.0.0 Safari/537.36"
115.96.223.108 - - [23/Feb/2026:16:43:03 +0000] "GET /wp-content/uploads/2026/02/paralyzed-asian-employee-working-call-center-reception-disability-friendly-office-female-operator-wheelchair-user-with-impairment-giving-assistance-customer-service-helpline-scaled.jpg HTTP/1.1" 304 0 "https://dreamspos.uk/" "Mozilla/5.0 (Windows NT 10.0; Win64; x64) AppleWebKit/537.36 (KHTML, like Gecko) Chrome/144.0.0.0 Safari/537.36"
115.96.223.108 - - [23/Feb/2026:16:43:04 +0000] "GET /wp-content/themes/dreamslanding/assets/img/footer-bg.png HTTP/1.1" 404 14881 "https://dreamspos.uk/wp-content/themes/dreamslanding/assets/css/style.css" "Mozilla/5.0 (Windows NT 10.0; Win64; x64) AppleWebKit/537.36 (KHTML, like Gecko) Chrome/144.0.0.0 Safari/537.36"
115.96.223.108 - - [23/Feb/2026:16:43:04 +0000] "GET /wp-content/plugins/elementor/assets/js/shared-frontend-handlers.03caa53373b56d3bab67.bundle.min.js HTTP/1.1" 304 0 "https://dreamspos.uk/" "Mozilla/5.0 (Windows NT 10.0; Win64; x64) AppleWebKit/537.36 (KHTML, like Gecko) Chrome/144.0.0.0 Safari/537.36"
115.96.223.108 - - [23/Feb/2026:16:43:04 +0000] "GET /wp-content/plugins/elementor/assets/js/section-frontend-handlers.d85ab872da118940910d.bundle.min.js HTTP/1.1" 304 0 "https://dreamspos.uk/" "Mozilla/5.0 (Windows NT 10.0; Win64; x64) AppleWebKit/537.36 (KHTML, like Gecko) Chrome/144.0.0.0 Safari/537.36"
115.96.223.108 - - [23/Feb/2026:16:43:04 +0000] "GET /wp-content/themes/dreamslanding/assets/img/icons/footer-01.svg HTTP/1.1" 304 0 "https://dreamspos.uk/" "Mozilla/5.0 (Windows NT 10.0; Win64; x64) AppleWebKit/537.36 (KHTML, like Gecko) Chrome/144.0.0.0 Safari/537.36"
115.96.223.108 - - [23/Feb/2026:16:43:07 +0000] "GET /wp-includes/js/wp-emoji-release.min.js?ver=6.8.3 HTTP/1.1" 304 0 "https://dreamspos.uk/" "Mozilla/5.0 (Windows NT 10.0; Win64; x64) AppleWebKit/537.36 (KHTML, like Gecko) Chrome/144.0.0.0 Safari/537.36"
115.96.223.108 - - [23/Feb/2026:16:43:07 +0000] "GET /wp-content/uploads/2025/12/favicon.png HTTP/1.1" 304 0 "https://dreamspos.uk/" "Mozilla/5.0 (Windows NT 10.0; Win64; x64) AppleWebKit/537.36 (KHTML, like Gecko) Chrome/144.0.0.0 Safari/537.36"
172.187.168.139 - - [23/Feb/2026:16:53:19 +0000] "POST /wp-cron.php?doing_wp_cron=1771865599.5238308906555175781250 HTTP/1.1" 200 31 "-" "WordPress/6.8.3; https://dreamspos.uk"
157.51.79.210 - - [23/Feb/2026:16:53:19 +0000] "GET /wp-content/themes/dreamslanding/assets/img/footer-bg.png HTTP/1.1" 404 14881 "https://dreamspos.uk/wp-content/themes/dreamslanding/assets/css/style.css" "Mozilla/5.0 (Windows NT 10.0; Win64; x64) AppleWebKit/537.36 (KHTML, like Gecko) Chrome/145.0.0.0 Safari/537.36"
172.187.168.139 - - [23/Feb/2026:16:56:14 +0000] "POST /wp-cron.php?doing_wp_cron=1771865774.6538140773773193359375 HTTP/1.1" 200 31 "-" "WordPress/6.8.3; https://dreamspos.uk"
138.91.30.58 - - [23/Feb/2026:16:56:14 +0000] "GET / HTTP/1.1" 200 40896 "-" "Mozilla/5.0 AppleWebKit/537.36 (KHTML, like Gecko); compatible; ChatGPT-User/1.0; +https://openai.com/bot"
172.187.168.139 - - [23/Feb/2026:17:02:51 +0000] "POST /wp-cron.php?doing_wp_cron=1771866171.4011640548706054687500 HTTP/1.1" 200 31 "-" "WordPress/6.8.3; https://dreamspos.uk"
74.7.241.154 - - [23/Feb/2026:17:02:51 +0000] "GET /robots.txt HTTP/1.1" 200 181 "-" "Mozilla/5.0 (Macintosh; Intel Mac OS X 10_15_7) AppleWebKit/537.36 (KHTML, like Gecko) Chrome/131.0.0.0 Safari/537.36; compatible; OAI-SearchBot/1.3; robots.txt; +https://openai.com/searchbot"
172.187.168.139 - - [23/Feb/2026:17:04:40 +0000] "POST /wp-cron.php?doing_wp_cron=1771866280.9425959587097167968750 HTTP/1.1" 200 31 "-" "WordPress/6.8.3; https://dreamspos.uk"
66.249.66.204 - - [23/Feb/2026:17:04:41 +0000] "GET /cafe/ HTTP/1.1" 200 18723 "-" "Mozilla/5.0 (Linux; Android 6.0.1; Nexus 5X Build/MMB29P) AppleWebKit/537.36 (KHTML, like Gecko) Chrome/144.0.7559.132 Mobile Safari/537.36 (compatible; Googlebot/2.1; +http://www.google.com/bot.html)"
66.249.66.192 - - [23/Feb/2026:17:04:44 +0000] "GET /wp-content/themes/dreamslanding/assets/css/theme-default.css HTTP/1.1" 200 136539 "https://dreamspos.uk/cafe/" "Mozilla/5.0 (Linux; Android 6.0.1; Nexus 5X Build/MMB29P) AppleWebKit/537.36 (KHTML, like Gecko) Chrome/144.0.7559.132 Mobile Safari/537.36 (compatible; Googlebot/2.1; +http://www.google.com/bot.html)"
66.249.66.44 - - [23/Feb/2026:17:04:45 +0000] "GET /wp-content/themes/dreamslanding/assets/plugins/swiper/swiper-bundle.min.css HTTP/1.1" 304 0 "https://dreamspos.uk/cafe/" "Mozilla/5.0 (Linux; Android 6.0.1; Nexus 5X Build/MMB29P) AppleWebKit/537.36 (KHTML, like Gecko) Chrome/144.0.7559.132 Mobile Safari/537.36 (compatible; Googlebot/2.1; +http://www.google.com/bot.html)"
66.249.66.167 - - [23/Feb/2026:17:04:45 +0000] "GET /wp-includes/js/dist/i18n.min.js?ver=5e580eb46a90c2b997e6 HTTP/1.1" 304 0 "https://dreamspos.uk/cafe/" "Mozilla/5.0 (Linux; Android 6.0.1; Nexus 5X Build/MMB29P) AppleWebKit/537.36 (KHTML, like Gecko) Chrome/144.0.7559.132 Mobile Safari/537.36 (compatible; Googlebot/2.1; +http://www.google.com/bot.html)"
66.249.66.204 - - [23/Feb/2026:17:04:46 +0000] "GET /wp-content/plugins/country-phone-field-contact-form-7/assets/css/intlTelInput.min.css?ver=6.8.3 HTTP/1.1" 304 0 "https://dreamspos.uk/cafe/" "Mozilla/5.0 (Linux; Android 6.0.1; Nexus 5X Build/MMB29P) AppleWebKit/537.36 (KHTML, like Gecko) Chrome/144.0.7559.132 Mobile Safari/537.36 (compatible; Googlebot/2.1; +http://www.google.com/bot.html)"
66.249.66.168 - - [23/Feb/2026:17:04:46 +0000] "GET /wp-includes/js/jquery/jquery.min.js?ver=3.7.1 HTTP/1.1" 304 0 "https://dreamspos.uk/cafe/" "Mozilla/5.0 (Linux; Android 6.0.1; Nexus 5X Build/MMB29P) AppleWebKit/537.36 (KHTML, like Gecko) Chrome/144.0.7559.132 Mobile Safari/537.36 (compatible; Googlebot/2.1; +http://www.google.com/bot.html)"
66.249.66.168 - - [23/Feb/2026:17:04:47 +0000] "GET /wp-content/themes/dreamslanding/assets/plugins/aos/aos.js HTTP/1.1" 304 0 "https://dreamspos.uk/cafe/" "Mozilla/5.0 (Linux; Android 6.0.1; Nexus 5X Build/MMB29P) AppleWebKit/537.36 (KHTML, like Gecko) Chrome/144.0.7559.132 Mobile Safari/537.36 (compatible; Googlebot/2.1; +http://www.google.com/bot.html)"
66.249.66.71 - - [23/Feb/2026:17:04:47 +0000] "GET /wp-content/themes/dreamslanding/assets/js/lity.js HTTP/1.1" 304 0 "https://dreamspos.uk/cafe/" "Mozilla/5.0 (Linux; Android 6.0.1; Nexus 5X Build/MMB29P) AppleWebKit/537.36 (KHTML, like Gecko) Chrome/144.0.7559.132 Mobile Safari/537.36 (compatible; Googlebot/2.1; +http://www.google.com/bot.html)"
66.249.66.43 - - [23/Feb/2026:17:04:49 +0000] "GET /wp-content/themes/dreamslanding/assets/img/icons/footer-02.svg HTTP/1.1" 200 1230 "https://dreamspos.uk/cafe/" "Mozilla/5.0 (Linux; Android 6.0.1; Nexus 5X Build/MMB29P) AppleWebKit/537.36 (KHTML, like Gecko) Chrome/144.0.7559.132 Mobile Safari/537.36 (compatible; Googlebot/2.1; +http://www.google.com/bot.html)"
66.249.66.204 - - [23/Feb/2026:17:04:55 +0000] "GET /wp-content/themes/dreamslanding/assets/img/icons/social-01.svg HTTP/1.1" 304 0 "https://dreamspos.uk/cafe/" "Mozilla/5.0 (Linux; Android 6.0.1; Nexus 5X Build/MMB29P) AppleWebKit/537.36 (KHTML, like Gecko) Chrome/144.0.7559.132 Mobile Safari/537.36 (compatible; Googlebot/2.1; +http://www.google.com/bot.html)"
66.249.66.167 - - [23/Feb/2026:17:04:56 +0000] "GET /wp-content/themes/dreamslanding/assets/img/icons/top-icon.svg HTTP/1.1" 200 793 "https://dreamspos.uk/cafe/" "Mozilla/5.0 (Linux; Android 6.0.1; Nexus 5X Build/MMB29P) AppleWebKit/537.36 (KHTML, like Gecko) Chrome/144.0.7559.132 Mobile Safari/537.36 (compatible; Googlebot/2.1; +http://www.google.com/bot.html)"
66.249.66.8 - - [23/Feb/2026:17:05:02 +0000] "GET /wp-content/themes/dreamslanding/assets/images/logo.svg HTTP/1.1" 200 8486 "https://dreamspos.uk/cafe/" "Mozilla/5.0 (Linux; Android 6.0.1; Nexus 5X Build/MMB29P) AppleWebKit/537.36 (KHTML, like Gecko) Chrome/144.0.7559.132 Mobile Safari/537.36 (compatible; Googlebot/2.1; +http://www.google.com/bot.html)"
172.187.168.139 - - [23/Feb/2026:17:11:50 +0000] "POST /wp-cron.php?doing_wp_cron=1771866710.4395740032196044921875 HTTP/1.1" 200 31 "-" "WordPress/6.8.3; https://dreamspos.uk"
43.155.27.244 - - [23/Feb/2026:17:11:50 +0000] "GET / HTTP/1.1" 200 40893 "http://www.dreamspos.uk" "Mozilla/5.0 (iPhone; CPU iPhone OS 13_2_3 like Mac OS X) AppleWebKit/605.1.15 (KHTML, like Gecko) Version/13.0.3 Mobile/15E148 Safari/604.1"
172.187.168.139 - - [23/Feb/2026:17:15:07 +0000] "POST /wp-cron.php?doing_wp_cron=1771866907.1127989292144775390625 HTTP/1.1" 200 31 "-" "WordPress/6.8.3; https://dreamspos.uk"
5.255.231.90 - - [23/Feb/2026:17:15:07 +0000] "GET /robots.txt HTTP/1.1" 200 181 "-" "Mozilla/5.0 (compatible; YandexBot/3.0; +http://yandex.com/bots)"
87.250.224.240 - - [23/Feb/2026:17:15:08 +0000] "GET /blog-details/simplifying-sales-transactions-the-power-of-mobile-pos HTTP/1.1" 404 14827 "-" "Mozilla/5.0 (compatible; YandexBot/3.0; +http://yandex.com/bots) AppleWebKit/537.36 (KHTML, like Gecko) Chrome/108.0.0.0"
172.187.168.139 - - [23/Feb/2026:17:17:03 +0000] "POST /wp-cron.php?doing_wp_cron=1771867023.2080628871917724609375 HTTP/1.1" 200 31 "-" "WordPress/6.8.3; https://dreamspos.uk"
14.228.208.135 - - [23/Feb/2026:17:17:03 +0000] "GET /2025/11/22/blog/ HTTP/1.1" 404 14881 "-" "Mozilla/5.0 (Macintosh; Intel Mac OS X 10_14) AppleWebKit/537.36 (KHTML, like Gecko) Chrome/95.0.4582.189 Safari/537.36"
172.187.168.139 - - [23/Feb/2026:17:24:58 +0000] "POST /wp-cron.php?doing_wp_cron=1771867498.2859880924224853515625 HTTP/1.1" 200 31 "-" "WordPress/6.8.3; https://dreamspos.uk"
2a02:598:96:8a00::1200:138 - - [23/Feb/2026:17:24:58 +0000] "GET /robots.txt HTTP/1.1" 200 181 "-" "Mozilla/5.0 (compatible; SeznamBot/4.0; +https://o-seznam.cz/napoveda/vyhledavani/en/seznambot-crawler/)"
2a02:598:96:8a00::1200:138 - - [23/Feb/2026:17:24:58 +0000] "GET /page-sitemap.xml HTTP/1.1" 200 31558 "-" "Mozilla/5.0 (compatible; SeznamBot/4.0; +https://o-seznam.cz/napoveda/vyhledavani/en/seznambot-crawler/)"
172.187.168.139 - - [23/Feb/2026:17:29:14 +0000] "POST /wp-cron.php?doing_wp_cron=1771867754.4756360054016113281250 HTTP/1.1" 200 31 "-" "WordPress/6.8.3; https://dreamspos.uk"
14.232.201.13 - - [23/Feb/2026:17:29:14 +0000] "GET /cloud-based-pos-software-top-options-compared-2026/ HTTP/1.1" 200 25273 "-" "Mozilla/5.0 (Windows NT 6.3; Win64; x64) AppleWebKit/537.36 (KHTML, like Gecko) Brave Chrome/86.0.4240.198 Safari/537.36"
172.187.168.139 - - [23/Feb/2026:17:29:42 +0000] "POST /wp-cron.php?doing_wp_cron=1771867782.0910179615020751953125 HTTP/1.1" 200 31 "-" "WordPress/6.8.3; https://dreamspos.uk"
66.249.66.73 - - [23/Feb/2026:17:29:42 +0000] "GET / HTTP/1.1" 200 40893 "-" "Mozilla/5.0 (Linux; Android 6.0.1; Nexus 5X Build/MMB29P) AppleWebKit/537.36 (KHTML, like Gecko) Chrome/144.0.7559.132 Mobile Safari/537.36 (compatible; Googlebot/2.1; +http://www.google.com/bot.html)"
66.249.66.9 - - [23/Feb/2026:17:29:45 +0000] "GET /wp-content/themes/dreamslanding/assets/img/icons/footer-03.svg HTTP/1.1" 200 3629 "https://dreamspos.uk/" "Mozilla/5.0 (Linux; Android 6.0.1; Nexus 5X Build/MMB29P) AppleWebKit/537.36 (KHTML, like Gecko) Chrome/144.0.7559.132 Mobile Safari/537.36 (compatible; Googlebot/2.1; +http://www.google.com/bot.html)"
66.249.66.167 - - [23/Feb/2026:17:29:45 +0000] "GET /wp-content/plugins/elementor/assets/js/frontend.min.js?ver=3.33.1 HTTP/1.1" 200 31880 "https://dreamspos.uk/" "Mozilla/5.0 (Linux; Android 6.0.1; Nexus 5X Build/MMB29P) AppleWebKit/537.36 (KHTML, like Gecko) Chrome/144.0.7559.132 Mobile Safari/537.36 (compatible; Googlebot/2.1; +http://www.google.com/bot.html)"
66.249.66.43 - - [23/Feb/2026:17:29:59 +0000] "GET / HTTP/1.1" 200 40896 "-" "Mozilla/5.0 (compatible; Googlebot/2.1; +http://www.google.com/bot.html)"
66.249.66.43 - - [23/Feb/2026:17:30:00 +0000] "GET / HTTP/1.1" 200 40893 "-" "Mozilla/5.0 (Linux; Android 6.0.1; Nexus 5X Build/MMB29P) AppleWebKit/537.36 (KHTML, like Gecko) Chrome/99.0.4844.84 Mobile Safari/537.36 (compatible; Googlebot/2.1; +http://www.google.com/bot.html)"
66.249.66.43 - - [23/Feb/2026:17:30:01 +0000] "GET /wp-content/themes/dreamslanding/assets/plugins/aos/aos.js HTTP/1.1" 200 14243 "https://dreamspos.uk/" "Mozilla/5.0 (Linux; Android 6.0.1; Nexus 5X Build/MMB29P) AppleWebKit/537.36 (KHTML, like Gecko) Chrome/144.0.7559.132 Mobile Safari/537.36 (compatible; Googlebot/2.1; +http://www.google.com/bot.html)"
66.249.66.43 - - [23/Feb/2026:17:30:03 +0000] "GET /wp-content/uploads/2025/11/trust-01.svg HTTP/1.1" 304 0 "https://dreamspos.uk/" "Mozilla/5.0 AppleWebKit/537.36 (KHTML, like Gecko; compatible; Googlebot/2.1; +http://www.google.com/bot.html) Chrome/144.0.7559.132 Safari/537.36"
66.249.66.8 - - [23/Feb/2026:17:30:03 +0000] "GET /wp-content/uploads/2025/11/trust-03.svg HTTP/1.1" 304 0 "https://dreamspos.uk/" "Mozilla/5.0 AppleWebKit/537.36 (KHTML, like Gecko; compatible; Googlebot/2.1; +http://www.google.com/bot.html) Chrome/144.0.7559.132 Safari/537.36"
66.249.66.204 - - [23/Feb/2026:17:30:03 +0000] "GET /wp-content/uploads/2025/11/trust-02.svg HTTP/1.1" 304 0 "https://dreamspos.uk/" "Mozilla/5.0 AppleWebKit/537.36 (KHTML, like Gecko; compatible; Googlebot/2.1; +http://www.google.com/bot.html) Chrome/144.0.7559.132 Safari/537.36"
66.249.66.43 - - [23/Feb/2026:17:30:09 +0000] "GET /wp-content/plugins/contact-form-7/includes/css/styles.css?ver=6.1.3 HTTP/1.1" 200 2947 "https://dreamspos.uk/" "Mozilla/5.0 (Linux; Android 6.0.1; Nexus 5X Build/MMB29P) AppleWebKit/537.36 (KHTML, like Gecko) Chrome/144.0.7559.132 Mobile Safari/537.36 (compatible; Googlebot/2.1; +http://www.google.com/bot.html)"
172.187.168.139 - - [23/Feb/2026:17:35:50 +0000] "POST /wp-cron.php?doing_wp_cron=1771868150.6963810920715332031250 HTTP/1.1" 200 31 "-" "WordPress/6.8.3; https://dreamspos.uk"
43.153.104.196 - - [23/Feb/2026:17:35:50 +0000] "GET /?s= HTTP/1.1" 200 24325 "-" "Mozilla/5.0 (iPhone; CPU iPhone OS 13_2_3 like Mac OS X) AppleWebKit/605.1.15 (KHTML, like Gecko) Version/13.0.3 Mobile/15E148 Safari/604.1"
172.187.168.139 - - [23/Feb/2026:17:43:35 +0000] "POST /wp-cron.php?doing_wp_cron=1771868615.5624630451202392578125 HTTP/1.1" 200 31 "-" "WordPress/6.8.3; https://dreamspos.uk"
49.51.166.228 - - [23/Feb/2026:17:43:35 +0000] "GET / HTTP/1.1" 200 40893 "http://dreamspos.uk" "Mozilla/5.0 (iPhone; CPU iPhone OS 13_2_3 like Mac OS X) AppleWebKit/605.1.15 (KHTML, like Gecko) Version/13.0.3 Mobile/15E148 Safari/604.1"
51.75.236.154 - - [23/Feb/2026:17:43:45 +0000] "GET /robots.txt HTTP/1.1" 200 181 "-" "Mozilla/5.0 (compatible; AhrefsBot/7.0; +http://ahrefs.com/robot/)"
94.23.188.218 - - [23/Feb/2026:17:43:49 +0000] "GET / HTTP/1.1" 200 40896 "-" "Mozilla/5.0 (compatible; AhrefsBot/7.0; +http://ahrefs.com/robot/)"
172.187.168.139 - - [23/Feb/2026:17:54:41 +0000] "POST /wp-cron.php?doing_wp_cron=1771869281.1689169406890869140625 HTTP/1.1" 200 31 "-" "WordPress/6.8.3; https://dreamspos.uk"
66.249.66.15 - - [23/Feb/2026:17:54:41 +0000] "GET /?client_id=1663080082.1771804802&session_id=1771804802 HTTP/1.1" 200 40896 "-" "Mozilla/5.0 (Linux; Android 6.0.1; Nexus 5X Build/MMB29P) AppleWebKit/537.36 (KHTML, like Gecko) Chrome/144.0.7559.132 Mobile Safari/537.36 (compatible; Googlebot/2.1; +http://www.google.com/bot.html)"
172.187.168.139 - - [23/Feb/2026:17:56:11 +0000] "POST /wp-cron.php?doing_wp_cron=1771869371.1472330093383789062500 HTTP/1.1" 200 31 "-" "WordPress/6.8.3; https://dreamspos.uk"
123.23.201.15 - - [23/Feb/2026:17:56:11 +0000] "GET /casestudies HTTP/1.1" 404 14827 "-" "Mozilla/5.0 (Windows NT 6.1; Win64; x64) AppleWebKit/537.36 (KHTML, like Gecko) Chrome/68.0.3440.75 Safari/537.36"
172.187.168.139 - - [23/Feb/2026:18:01:10 +0000] "POST /wp-cron.php?doing_wp_cron=1771869670.6512360572814941406250 HTTP/1.1" 200 31 "-" "WordPress/6.8.3; https://dreamspos.uk"
113.167.102.174 - - [23/Feb/2026:18:01:11 +0000] "GET /blog/page/3/ HTTP/1.1" 200 23928 "-" "Mozilla/5.0 (Windows NT 6.1; Win64; x64) AppleWebKit/537.36 (KHTML, like Gecko) Chrome/66.0.3359.117 Safari/537.36"
172.187.168.139 - - [23/Feb/2026:18:05:37 +0000] "POST /wp-cron.php?doing_wp_cron=1771869937.6591188907623291015625 HTTP/1.1" 200 31 "-" "WordPress/6.8.3; https://dreamspos.uk"
37.215.37.206 - - [23/Feb/2026:18:05:37 +0000] "GET /feedback HTTP/1.1" 404 14827 "-" "Mozilla/5.0 (Windows NT 6.1; Win64; x64) AppleWebKit/537.36 (KHTML, like Gecko) Brave Chrome/88.0.4324.152 Safari/537.36"
14.191.68.80 - - [23/Feb/2026:18:06:15 +0000] "GET /blog-details/enhance-your-retail-operations-with-cloud-based-dreamspos-exploring-the-benefits-of-retail-management-software HTTP/1.1" 404 14827 "-" "Mozilla/5.0 (Windows NT 6.3; Win64; x64) AppleWebKit/537.36 (KHTML, like Gecko) Chrome/74.0.3729.169 Safari/537.36"
172.187.168.139 - - [23/Feb/2026:18:10:43 +0000] "POST /wp-cron.php?doing_wp_cron=1771870243.2732200622558593750000 HTTP/1.1" 200 31 "-" "WordPress/6.8.3; https://dreamspos.uk"
43.166.244.66 - - [23/Feb/2026:18:10:43 +0000] "GET /page/3/?s HTTP/1.1" 200 23997 "-" "Mozilla/5.0 (iPhone; CPU iPhone OS 13_2_3 like Mac OS X) AppleWebKit/605.1.15 (KHTML, like Gecko) Version/13.0.3 Mobile/15E148 Safari/604.1"
172.187.168.139 - - [23/Feb/2026:18:19:35 +0000] "POST /wp-cron.php?doing_wp_cron=1771870775.4376020431518554687500 HTTP/1.1" 200 31 "-" "WordPress/6.8.3; https://dreamspos.uk"
43.130.3.120 - - [23/Feb/2026:18:19:35 +0000] "GET /page/9/?s HTTP/1.1" 200 20147 "-" "Mozilla/5.0 (iPhone; CPU iPhone OS 13_2_3 like Mac OS X) AppleWebKit/605.1.15 (KHTML, like Gecko) Version/13.0.3 Mobile/15E148 Safari/604.1"
66.249.66.43 - - [23/Feb/2026:18:19:55 +0000] "GET /company/ HTTP/1.1" 200 18768 "-" "Mozilla/5.0 (Linux; Android 6.0.1; Nexus 5X Build/MMB29P) AppleWebKit/537.36 (KHTML, like Gecko) Chrome/144.0.7559.132 Mobile Safari/537.36 (compatible; Googlebot/2.1; +http://www.google.com/bot.html)"
2a05:d01c:96:3100:fda0:e8ce:a460:5a7f - - [23/Feb/2026:18:23:25 +0000] "GET /.env HTTP/1.1" 403 134 "-" "Mozilla/5.0 (Linux; U; Android 4.4.2; en-US; HM NOTE 1W Build/KOT49H) AppleWebKit/534.30 (KHTML, like Gecko) Version/4.0 UCBrowser/11.0.5.850 U3/0.8.0 Mobile Safari/534.30"
172.187.168.139 - - [23/Feb/2026:18:23:41 +0000] "POST /wp-cron.php?doing_wp_cron=1771871021.3829140663146972656250 HTTP/1.1" 200 31 "-" "WordPress/6.8.3; https://dreamspos.uk"
2a05:d01c:96:3100:fda0:e8ce:a460:5a7f - - [23/Feb/2026:18:23:41 +0000] "POST / HTTP/1.1" 200 40893 "-" "Mozilla/5.0 (Linux; U; Android 4.4.2; en-US; HM NOTE 1W Build/KOT49H) AppleWebKit/534.30 (KHTML, like Gecko) Version/4.0 UCBrowser/11.0.5.850 U3/0.8.0 Mobile Safari/534.30"
2a05:d01c:96:3100:fda0:e8ce:a460:5a7f - - [23/Feb/2026:18:23:55 +0000] "GET /vendor/phpunit/phpunit/src/Util/PHP/eval-stdin.php HTTP/1.1" 404 134 "-" "python-requests/2.25.1"
172.187.168.139 - - [23/Feb/2026:18:28:05 +0000] "POST /wp-cron.php?doing_wp_cron=1771871284.9859690666198730468750 HTTP/1.1" 200 31 "-" "WordPress/6.8.3; https://dreamspos.uk"
145.239.84.133 - - [23/Feb/2026:18:28:05 +0000] "GET / HTTP/1.1" 200 40896 "-" "{USER_AGENT}"
172.187.168.139 - - [23/Feb/2026:18:34:10 +0000] "POST /wp-cron.php?doing_wp_cron=1771871650.8198480606079101562500 HTTP/1.1" 200 31 "-" "WordPress/6.8.3; https://dreamspos.uk"
54.197.102.71 - - [23/Feb/2026:18:34:10 +0000] "GET /robots.txt HTTP/1.1" 200 181 "-" "Mozilla/5.0 AppleWebKit/537.36 (KHTML, like Gecko; compatible; Amazonbot/0.1; +https://developer.amazon.com/support/amazonbot) Chrome/119.0.6045.214 Safari/537.36"
172.187.168.139 - - [23/Feb/2026:18:37:02 +0000] "POST /wp-cron.php?doing_wp_cron=1771871822.2893929481506347656250 HTTP/1.1" 200 31 "-" "WordPress/6.8.3; https://dreamspos.uk"
51.75.236.156 - - [23/Feb/2026:18:37:02 +0000] "GET /feed/ HTTP/1.1" 200 107617 "-" "Mozilla/5.0 (compatible; AhrefsBot/7.0; +http://ahrefs.com/robot/)"
172.187.168.139 - - [23/Feb/2026:18:39:25 +0000] "POST /wp-cron.php?doing_wp_cron=1771871965.0356409549713134765625 HTTP/1.1" 200 31 "-" "WordPress/6.8.3; https://dreamspos.uk"
43.157.95.239 - - [23/Feb/2026:18:39:25 +0000] "GET /best-pos-for-small-business-growth-2026-one-time-buy-vs-subscriptions-worldwide/ HTTP/1.1" 200 24923 "-" "Mozilla/5.0 (iPhone; CPU iPhone OS 13_2_3 like Mac OS X) AppleWebKit/605.1.15 (KHTML, like Gecko) Version/13.0.3 Mobile/15E148 Safari/604.1"
172.187.168.139 - - [23/Feb/2026:18:40:49 +0000] "POST /wp-cron.php?doing_wp_cron=1771872048.9682641029357910156250 HTTP/1.1" 200 31 "-" "WordPress/6.8.3; https://dreamspos.uk"
216.73.216.97 - - [23/Feb/2026:18:40:49 +0000] "GET /robots.txt HTTP/1.1" 200 181 "-" "Mozilla/5.0 AppleWebKit/537.36 (KHTML, like Gecko; compatible; ClaudeBot/1.0; [email protected])"
216.73.216.97 - - [23/Feb/2026:18:40:49 +0000] "GET /sitemap_index.xml HTTP/1.1" 200 904 "-" "Mozilla/5.0 AppleWebKit/537.36 (KHTML, like Gecko; compatible; ClaudeBot/1.0; [email protected])"
172.187.168.139 - - [23/Feb/2026:18:43:03 +0000] "POST /wp-cron.php?doing_wp_cron=1771872183.5731430053710937500000 HTTP/1.1" 200 31 "-" "WordPress/6.8.3; https://dreamspos.uk"
95.108.213.224 - - [23/Feb/2026:18:43:03 +0000] "GET / HTTP/1.1" 200 40896 "-" "Mozilla/5.0 (compatible; YandexBot/3.0; +http://yandex.com/bots)"
172.187.168.139 - - [23/Feb/2026:18:44:41 +0000] "POST /wp-cron.php?doing_wp_cron=1771872280.8947370052337646484375 HTTP/1.1" 200 31 "-" "WordPress/6.8.3; https://dreamspos.uk"
66.249.66.71 - - [23/Feb/2026:18:44:41 +0000] "GET /?client_id=1958219242.1771632002&session_id=1771632002 HTTP/1.1" 200 40896 "-" "Mozilla/5.0 (Linux; Android 6.0.1; Nexus 5X Build/MMB29P) AppleWebKit/537.36 (KHTML, like Gecko) Chrome/144.0.7559.132 Mobile Safari/537.36 (compatible; Googlebot/2.1; +http://www.google.com/bot.html)"
66.249.66.168 - - [23/Feb/2026:18:44:44 +0000] "GET /wp-content/themes/dreamslanding/assets/plugins/fontawesome/css/fontawesome.min.css HTTP/1.1" 304 0 "https://dreamspos.uk/?client_id=1958219242.1771632002&session_id=1771632002" "Mozilla/5.0 (Linux; Android 6.0.1; Nexus 5X Build/MMB29P) AppleWebKit/537.36 (KHTML, like Gecko) Chrome/144.0.7559.132 Mobile Safari/537.36 (compatible; Googlebot/2.1; +http://www.google.com/bot.html)"
66.249.66.72 - - [23/Feb/2026:18:44:45 +0000] "GET /wp-content/themes/dreamslanding/style.css HTTP/1.1" 304 0 "https://dreamspos.uk/?client_id=1958219242.1771632002&session_id=1771632002" "Mozilla/5.0 (Linux; Android 6.0.1; Nexus 5X Build/MMB29P) AppleWebKit/537.36 (KHTML, like Gecko) Chrome/144.0.7559.132 Mobile Safari/537.36 (compatible; Googlebot/2.1; +http://www.google.com/bot.html)"
66.249.66.168 - - [23/Feb/2026:18:44:45 +0000] "GET /wp-content/plugins/click-to-chat-for-whatsapp/new/inc/assets/css/main.css?ver=4.35 HTTP/1.1" 200 3020 "https://dreamspos.uk/?client_id=1958219242.1771632002&session_id=1771632002" "Mozilla/5.0 (Linux; Android 6.0.1; Nexus 5X Build/MMB29P) AppleWebKit/537.36 (KHTML, like Gecko) Chrome/144.0.7559.132 Mobile Safari/537.36 (compatible; Googlebot/2.1; +http://www.google.com/bot.html)"
66.249.66.192 - - [23/Feb/2026:18:44:45 +0000] "GET /wp-includes/js/jquery/ui/core.min.js?ver=1.13.3 HTTP/1.1" 200 21464 "https://dreamspos.uk/?client_id=1958219242.1771632002&session_id=1771632002" "Mozilla/5.0 (Linux; Android 6.0.1; Nexus 5X Build/MMB29P) AppleWebKit/537.36 (KHTML, like Gecko) Chrome/144.0.7559.132 Mobile Safari/537.36 (compatible; Googlebot/2.1; +http://www.google.com/bot.html)"
172.187.168.139 - - [23/Feb/2026:18:50:44 +0000] "POST /wp-cron.php?doing_wp_cron=1771872644.3984630107879638671875 HTTP/1.1" 200 31 "-" "WordPress/6.8.3; https://dreamspos.uk"
34.57.252.205 - - [23/Feb/2026:18:50:44 +0000] "GET / HTTP/1.1" 200 40896 "-" "Mozilla/5.0 (compatible; DesignProbe/1.0)"
172.187.168.139 - - [23/Feb/2026:18:50:44 +0000] "POST /wp-cron.php?doing_wp_cron=1771872644.3989369869232177734375 HTTP/1.1" 200 31 "-" "WordPress/6.8.3; https://dreamspos.uk"
34.57.252.205 - - [23/Feb/2026:18:50:44 +0000] "GET /by-industry HTTP/1.1" 301 5 "-" "Mozilla/5.0 (compatible; DesignProbe/1.0)"
34.57.252.205 - - [23/Feb/2026:18:50:47 +0000] "GET /restaurant-cafe-pos HTTP/1.1" 301 5 "-" "Mozilla/5.0 (compatible; DesignProbe/1.0)"
34.57.252.205 - - [23/Feb/2026:18:50:47 +0000] "GET /retail-store-management HTTP/1.1" 301 5 "-" "Mozilla/5.0 (compatible; DesignProbe/1.0)"
34.57.252.205 - - [23/Feb/2026:18:50:48 +0000] "GET /by-industry/ HTTP/1.1" 200 21696 "-" "Mozilla/5.0 (compatible; DesignProbe/1.0)"
34.57.252.205 - - [23/Feb/2026:18:50:50 +0000] "GET /restaurant-cafe-pos/ HTTP/1.1" 200 31928 "-" "Mozilla/5.0 (compatible; DesignProbe/1.0)"
34.57.252.205 - - [23/Feb/2026:18:50:50 +0000] "GET /retail-store-management/ HTTP/1.1" 200 32517 "-" "Mozilla/5.0 (compatible; DesignProbe/1.0)"
20.196.204.231 - - [23/Feb/2026:18:54:06 +0000] "GET /wk/index.php HTTP/1.1" 404 196 "-" "Mozilla/5.0 (Windows NT 10.0; Win64; x64) AppleWebKit/537.36 (KHTML, like Gecko) Chrome/120.0.0.0 Safari/537.36"
20.196.204.231 - - [23/Feb/2026:18:54:07 +0000] "GET /inputs.php HTTP/1.1" 404 196 "-" "Mozilla/5.0 (Windows NT 10.0; Win64; x64) AppleWebKit/537.36 (KHTML, like Gecko) Chrome/120.0.0.0 Safari/537.36"
20.196.204.231 - - [23/Feb/2026:18:54:07 +0000] "GET /ioxi-o.php HTTP/1.1" 404 196 "-" "Mozilla/5.0 (Windows NT 10.0; Win64; x64) AppleWebKit/537.36 (KHTML, like Gecko) Chrome/120.0.0.0 Safari/537.36"
20.196.204.231 - - [23/Feb/2026:18:54:07 +0000] "GET /function/function.php HTTP/1.1" 404 196 "-" "Mozilla/5.0 (Windows NT 10.0; Win64; x64) AppleWebKit/537.36 (KHTML, like Gecko) Chrome/120.0.0.0 Safari/537.36"
20.196.204.231 - - [23/Feb/2026:18:54:07 +0000] "GET /rip.php HTTP/1.1" 404 196 "-" "Mozilla/5.0 (Windows NT 10.0; Win64; x64) AppleWebKit/537.36 (KHTML, like Gecko) Chrome/120.0.0.0 Safari/537.36"
20.196.204.231 - - [23/Feb/2026:18:54:07 +0000] "GET /admin.php HTTP/1.1" 404 196 "-" "Mozilla/5.0 (Windows NT 10.0; Win64; x64) AppleWebKit/537.36 (KHTML, like Gecko) Chrome/120.0.0.0 Safari/537.36"
20.196.204.231 - - [23/Feb/2026:18:54:08 +0000] "GET /wp-content/uploads/index.php HTTP/1.1" 404 196 "-" "Mozilla/5.0 (Windows NT 10.0; Win64; x64) AppleWebKit/537.36 (KHTML, like Gecko) Chrome/120.0.0.0 Safari/537.36"
20.196.204.231 - - [23/Feb/2026:18:54:08 +0000] "GET /cache.php HTTP/1.1" 404 196 "-" "Mozilla/5.0 (Windows NT 10.0; Win64; x64) AppleWebKit/537.36 (KHTML, like Gecko) Chrome/120.0.0.0 Safari/537.36"
20.196.204.231 - - [23/Feb/2026:18:54:08 +0000] "GET /themes.php HTTP/1.1" 404 196 "-" "Mozilla/5.0 (Windows NT 10.0; Win64; x64) AppleWebKit/537.36 (KHTML, like Gecko) Chrome/120.0.0.0 Safari/537.36"
20.196.204.231 - - [23/Feb/2026:18:54:08 +0000] "GET /an.php HTTP/1.1" 404 196 "-" "Mozilla/5.0 (Windows NT 10.0; Win64; x64) AppleWebKit/537.36 (KHTML, like Gecko) Chrome/120.0.0.0 Safari/537.36"
