20.196.204.231 - - [23/Feb/2026:06:23:53 +0000] "GET /wp-trackback.php HTTP/1.1" 404 146 "-" "Mozilla/5.0 (Windows NT 10.0; Win64; x64) AppleWebKit/537.36 (KHTML, like Gecko) Chrome/120.0.0.0 Safari/537.36"
20.196.204.231 - - [23/Feb/2026:06:23:54 +0000] "GET /about.php HTTP/1.1" 404 196 "-" "Mozilla/5.0 (Windows NT 10.0; Win64; x64) AppleWebKit/537.36 (KHTML, like Gecko) Chrome/120.0.0.0 Safari/537.36"
20.196.204.231 - - [23/Feb/2026:06:23:54 +0000] "GET /file.php HTTP/1.1" 404 196 "-" "Mozilla/5.0 (Windows NT 10.0; Win64; x64) AppleWebKit/537.36 (KHTML, like Gecko) Chrome/120.0.0.0 Safari/537.36"
20.196.204.231 - - [23/Feb/2026:06:23:54 +0000] "GET /adminfuns.php HTTP/1.1" 404 196 "-" "Mozilla/5.0 (Windows NT 10.0; Win64; x64) AppleWebKit/537.36 (KHTML, like Gecko) Chrome/120.0.0.0 Safari/537.36"
20.196.204.231 - - [23/Feb/2026:06:23:54 +0000] "GET /wp-good.php HTTP/1.1" 404 196 "-" "Mozilla/5.0 (Windows NT 10.0; Win64; x64) AppleWebKit/537.36 (KHTML, like Gecko) Chrome/120.0.0.0 Safari/537.36"
20.196.204.231 - - [23/Feb/2026:06:23:55 +0000] "GET /xmlrpc.php HTTP/1.1" 405 53 "-" "Mozilla/5.0 (Windows NT 10.0; Win64; x64) AppleWebKit/537.36 (KHTML, like Gecko) Chrome/120.0.0.0 Safari/537.36"
20.196.204.231 - - [23/Feb/2026:06:23:55 +0000] "GET /goods.php HTTP/1.1" 404 196 "-" "Mozilla/5.0 (Windows NT 10.0; Win64; x64) AppleWebKit/537.36 (KHTML, like Gecko) Chrome/120.0.0.0 Safari/537.36"
20.196.204.231 - - [23/Feb/2026:06:23:55 +0000] "GET /ioxi-o.php HTTP/1.1" 404 196 "-" "Mozilla/5.0 (Windows NT 10.0; Win64; x64) AppleWebKit/537.36 (KHTML, like Gecko) Chrome/120.0.0.0 Safari/537.36"
20.196.204.231 - - [23/Feb/2026:06:23:56 +0000] "GET /class-t.api.php HTTP/1.1" 404 196 "-" "Mozilla/5.0 (Windows NT 10.0; Win64; x64) AppleWebKit/537.36 (KHTML, like Gecko) Chrome/120.0.0.0 Safari/537.36"
20.196.204.231 - - [23/Feb/2026:06:23:56 +0000] "GET /admin.php HTTP/1.1" 404 196 "-" "Mozilla/5.0 (Windows NT 10.0; Win64; x64) AppleWebKit/537.36 (KHTML, like Gecko) Chrome/120.0.0.0 Safari/537.36"
20.196.204.231 - - [23/Feb/2026:06:23:56 +0000] "GET /sf.php HTTP/1.1" 404 196 "-" "Mozilla/5.0 (Windows NT 10.0; Win64; x64) AppleWebKit/537.36 (KHTML, like Gecko) Chrome/120.0.0.0 Safari/537.36"
20.196.204.231 - - [23/Feb/2026:06:23:56 +0000] "GET /rip.php HTTP/1.1" 404 196 "-" "Mozilla/5.0 (Windows NT 10.0; Win64; x64) AppleWebKit/537.36 (KHTML, like Gecko) Chrome/120.0.0.0 Safari/537.36"
20.196.204.231 - - [23/Feb/2026:06:23:57 +0000] "GET /kbfr.php HTTP/1.1" 404 196 "-" "Mozilla/5.0 (Windows NT 10.0; Win64; x64) AppleWebKit/537.36 (KHTML, like Gecko) Chrome/120.0.0.0 Safari/537.36"
20.196.204.231 - - [23/Feb/2026:06:23:57 +0000] "GET /autoload_classmap.php HTTP/1.1" 404 196 "-" "Mozilla/5.0 (Windows NT 10.0; Win64; x64) AppleWebKit/537.36 (KHTML, like Gecko) Chrome/120.0.0.0 Safari/537.36"
20.196.204.231 - - [23/Feb/2026:06:23:57 +0000] "GET /chosen.php?p= HTTP/1.1" 404 196 "-" "Mozilla/5.0 (Windows NT 10.0; Win64; x64) AppleWebKit/537.36 (KHTML, like Gecko) Chrome/120.0.0.0 Safari/537.36"
20.196.204.231 - - [23/Feb/2026:06:23:57 +0000] "GET /classwithtostring.php HTTP/1.1" 404 196 "-" "Mozilla/5.0 (Windows NT 10.0; Win64; x64) AppleWebKit/537.36 (KHTML, like Gecko) Chrome/120.0.0.0 Safari/537.36"
20.196.204.231 - - [23/Feb/2026:06:23:58 +0000] "GET /defaults.php HTTP/1.1" 404 196 "-" "Mozilla/5.0 (Windows NT 10.0; Win64; x64) AppleWebKit/537.36 (KHTML, like Gecko) Chrome/120.0.0.0 Safari/537.36"
20.196.204.231 - - [23/Feb/2026:06:23:58 +0000] "GET /index/function.php HTTP/1.1" 404 196 "-" "Mozilla/5.0 (Windows NT 10.0; Win64; x64) AppleWebKit/537.36 (KHTML, like Gecko) Chrome/120.0.0.0 Safari/537.36"
20.196.204.231 - - [23/Feb/2026:06:23:58 +0000] "GET /wk/index.php HTTP/1.1" 404 196 "-" "Mozilla/5.0 (Windows NT 10.0; Win64; x64) AppleWebKit/537.36 (KHTML, like Gecko) Chrome/120.0.0.0 Safari/537.36"
20.196.204.231 - - [23/Feb/2026:06:23:58 +0000] "GET /wp-includes/ HTTP/1.1" 403 195 "-" "Mozilla/5.0 (Windows NT 10.0; Win64; x64) AppleWebKit/537.36 (KHTML, like Gecko) Chrome/120.0.0.0 Safari/537.36"
20.196.204.231 - - [23/Feb/2026:06:23:59 +0000] "GET /.well-known/ HTTP/1.1" 404 14623 "-" "Mozilla/5.0 (Windows NT 10.0; Win64; x64) AppleWebKit/537.36 (KHTML, like Gecko) Chrome/120.0.0.0 Safari/537.36"
20.196.204.231 - - [23/Feb/2026:06:23:59 +0000] "GET /info.php HTTP/1.1" 404 196 "-" "Mozilla/5.0 (Windows NT 10.0; Win64; x64) AppleWebKit/537.36 (KHTML, like Gecko) Chrome/120.0.0.0 Safari/537.36"
20.196.204.231 - - [23/Feb/2026:06:24:01 +0000] "GET /cgi-bin/ HTTP/1.1" 404 14623 "-" "Mozilla/5.0 (Windows NT 10.0; Win64; x64) AppleWebKit/537.36 (KHTML, like Gecko) Chrome/120.0.0.0 Safari/537.36"
20.196.204.231 - - [23/Feb/2026:06:24:02 +0000] "GET /uploads/ HTTP/1.1" 404 14623 "-" "Mozilla/5.0 (Windows NT 10.0; Win64; x64) AppleWebKit/537.36 (KHTML, like Gecko) Chrome/120.0.0.0 Safari/537.36"
20.196.204.231 - - [23/Feb/2026:06:24:02 +0000] "GET /wp-admin/images/ HTTP/1.1" 403 195 "-" "Mozilla/5.0 (Windows NT 10.0; Win64; x64) AppleWebKit/537.36 (KHTML, like Gecko) Chrome/120.0.0.0 Safari/537.36"
20.196.204.231 - - [23/Feb/2026:06:24:02 +0000] "GET /wp-includes/Requests/src/Response/about.php HTTP/1.1" 404 196 "-" "Mozilla/5.0 (Windows NT 10.0; Win64; x64) AppleWebKit/537.36 (KHTML, like Gecko) Chrome/120.0.0.0 Safari/537.36"
20.196.204.231 - - [23/Feb/2026:06:24:02 +0000] "GET /wp-includes/html-api/ HTTP/1.1" 403 195 "-" "Mozilla/5.0 (Windows NT 10.0; Win64; x64) AppleWebKit/537.36 (KHTML, like Gecko) Chrome/120.0.0.0 Safari/537.36"
20.196.204.231 - - [23/Feb/2026:06:24:03 +0000] "GET /wp-content/admin.php HTTP/1.1" 404 196 "-" "Mozilla/5.0 (Windows NT 10.0; Win64; x64) AppleWebKit/537.36 (KHTML, like Gecko) Chrome/120.0.0.0 Safari/537.36"
20.196.204.231 - - [23/Feb/2026:06:24:03 +0000] "GET /wp-admin/css/colors/ectoplasm/ HTTP/1.1" 403 195 "-" "Mozilla/5.0 (Windows NT 10.0; Win64; x64) AppleWebKit/537.36 (KHTML, like Gecko) Chrome/120.0.0.0 Safari/537.36"
20.196.204.231 - - [23/Feb/2026:06:24:03 +0000] "GET /wp-content/uploads/ HTTP/1.1" 403 195 "-" "Mozilla/5.0 (Windows NT 10.0; Win64; x64) AppleWebKit/537.36 (KHTML, like Gecko) Chrome/120.0.0.0 Safari/537.36"
20.196.204.231 - - [23/Feb/2026:06:24:03 +0000] "GET /wp-content/themes/admin.php HTTP/1.1" 404 196 "-" "Mozilla/5.0 (Windows NT 10.0; Win64; x64) AppleWebKit/537.36 (KHTML, like Gecko) Chrome/120.0.0.0 Safari/537.36"
20.196.204.231 - - [23/Feb/2026:06:24:04 +0000] "GET /wp-content/themes/index.php HTTP/1.1" 200 31 "-" "Mozilla/5.0 (Windows NT 10.0; Win64; x64) AppleWebKit/537.36 (KHTML, like Gecko) Chrome/120.0.0.0 Safari/537.36"
20.196.204.231 - - [23/Feb/2026:06:24:04 +0000] "GET /wp-content/plugins/index.php HTTP/1.1" 200 31 "-" "Mozilla/5.0 (Windows NT 10.0; Win64; x64) AppleWebKit/537.36 (KHTML, like Gecko) Chrome/120.0.0.0 Safari/537.36"
20.196.204.231 - - [23/Feb/2026:06:24:04 +0000] "GET /wp-includes/PHPMailer/ HTTP/1.1" 403 195 "-" "Mozilla/5.0 (Windows NT 10.0; Win64; x64) AppleWebKit/537.36 (KHTML, like Gecko) Chrome/120.0.0.0 Safari/537.36"
20.196.204.231 - - [23/Feb/2026:06:24:04 +0000] "GET /wp-includes/images/ HTTP/1.1" 403 195 "-" "Mozilla/5.0 (Windows NT 10.0; Win64; x64) AppleWebKit/537.36 (KHTML, like Gecko) Chrome/120.0.0.0 Safari/537.36"
20.196.204.231 - - [23/Feb/2026:06:24:05 +0000] "GET /wp-content/plugins/WordPressCore/ HTTP/1.1" 404 14677 "-" "Mozilla/5.0 (Windows NT 10.0; Win64; x64) AppleWebKit/537.36 (KHTML, like Gecko) Chrome/120.0.0.0 Safari/537.36"
172.187.168.139 - - [23/Feb/2026:06:33:14 +0000] "POST /wp-cron.php?doing_wp_cron=1771828394.2130589485168457031250 HTTP/1.1" 200 31 "-" "WordPress/6.8.3; https://dreamspos.uk"
177.66.223.157 - - [23/Feb/2026:06:33:14 +0000] "GET /blog/page/3/ HTTP/1.1" 200 23634 "-" "Mozilla/5.0 (Macintosh; Intel Mac OS X 10_12_6) AppleWebKit/537.36 (KHTML, like Gecko) Brave Chrome/87.0.4280.67 Safari/537.36"
172.187.168.139 - - [23/Feb/2026:06:33:56 +0000] "POST /wp-cron.php?doing_wp_cron=1771828435.9567730426788330078125 HTTP/1.1" 200 31 "-" "WordPress/6.8.3; https://dreamspos.uk"
20.193.233.245 - - [23/Feb/2026:06:33:56 +0000] "GET / HTTP/1.1" 200 40670 "-" "Mozilla/5.0 AppleWebKit/537.36 (KHTML, like Gecko); compatible; ChatGPT-User/1.0; +https://openai.com/bot"
20.193.233.245 - - [23/Feb/2026:06:33:56 +0000] "GET /faq/ HTTP/1.1" 200 23663 "-" "Mozilla/5.0 AppleWebKit/537.36 (KHTML, like Gecko); compatible; ChatGPT-User/1.0; +https://openai.com/bot"
172.187.168.139 - - [23/Feb/2026:06:36:38 +0000] "POST /wp-cron.php?doing_wp_cron=1771828598.6003890037536621093750 HTTP/1.1" 200 31 "-" "WordPress/6.8.3; https://dreamspos.uk"
122.186.150.42 - - [23/Feb/2026:06:36:38 +0000] "GET /wp-content/themes/dreamslanding/assets/img/footer-bg.png HTTP/1.1" 404 14677 "https://dreamspos.uk/wp-content/themes/dreamslanding/assets/css/style.css" "Mozilla/5.0 (Windows NT 10.0; Win64; x64) AppleWebKit/537.36 (KHTML, like Gecko) Chrome/145.0.0.0 Safari/537.36"
172.187.168.139 - - [23/Feb/2026:06:41:24 +0000] "POST /wp-cron.php?doing_wp_cron=1771828884.3552770614624023437500 HTTP/1.1" 200 31 "-" "WordPress/6.8.3; https://dreamspos.uk"
74.7.241.154 - - [23/Feb/2026:06:41:24 +0000] "GET /robots.txt HTTP/1.1" 200 181 "-" "Mozilla/5.0 (Macintosh; Intel Mac OS X 10_15_7) AppleWebKit/537.36 (KHTML, like Gecko) Chrome/131.0.0.0 Safari/537.36; compatible; OAI-SearchBot/1.3; robots.txt; +https://openai.com/searchbot"
122.186.150.42 - - [23/Feb/2026:06:41:58 +0000] "POST /wp-admin/admin-ajax.php HTTP/1.1" 200 58 "https://dreamspos.uk/wp-admin/theme-editor.php?file=templates%2Fheader%2Fheader-style-1.php&theme=dreamslanding" "Mozilla/5.0 (Windows NT 10.0; Win64; x64) AppleWebKit/537.36 (KHTML, like Gecko) Chrome/145.0.0.0 Safari/537.36"
122.186.150.42 - - [23/Feb/2026:06:41:58 +0000] "POST /wp-admin/admin-ajax.php HTTP/1.1" 200 58 "https://dreamspos.uk/wp-admin/customize.php?url=https%3A%2F%2Fdreamspos.uk%2F" "Mozilla/5.0 (Windows NT 10.0; Win64; x64) AppleWebKit/537.36 (KHTML, like Gecko) Chrome/145.0.0.0 Safari/537.36"
122.186.150.42 - - [23/Feb/2026:06:41:58 +0000] "POST /wp-admin/admin-ajax.php HTTP/1.1" 200 58 "https://dreamspos.uk/wp-admin/admin.php?page=click-to-chat" "Mozilla/5.0 (Windows NT 10.0; Win64; x64) AppleWebKit/537.36 (KHTML, like Gecko) Chrome/145.0.0.0 Safari/537.36"
172.187.168.139 - - [23/Feb/2026:06:42:58 +0000] "POST /wp-cron.php?doing_wp_cron=1771828978.8196389675140380859375 HTTP/1.1" 200 31 "-" "WordPress/6.8.3; https://dreamspos.uk"
115.244.222.166 - - [23/Feb/2026:06:42:58 +0000] "POST /wp-admin/admin-ajax.php HTTP/1.1" 200 58 "https://dreamspos.uk/wp-admin/admin.php?page=click-to-chat" "Mozilla/5.0 (Windows NT 10.0; Win64; x64) AppleWebKit/537.36 (KHTML, like Gecko) Chrome/145.0.0.0 Safari/537.36"
122.186.150.42 - - [23/Feb/2026:06:43:36 +0000] "POST /wp-admin/admin-ajax.php HTTP/1.1" 200 58 "https://dreamspos.uk/wp-admin/customize.php?url=https%3A%2F%2Fdreamspos.uk%2F" "Mozilla/5.0 (Windows NT 10.0; Win64; x64) AppleWebKit/537.36 (KHTML, like Gecko) Chrome/145.0.0.0 Safari/537.36"
172.187.168.139 - - [23/Feb/2026:06:43:37 +0000] "POST /wp-cron.php?doing_wp_cron=1771829017.3272678852081298828125 HTTP/1.1" 200 31 "-" "WordPress/6.8.3; https://dreamspos.uk"
122.186.150.42 - - [23/Feb/2026:06:43:37 +0000] "POST /wp-admin/admin-ajax.php HTTP/1.1" 200 58 "https://dreamspos.uk/wp-admin/theme-editor.php?file=templates%2Fheader%2Fheader-style-1.php&theme=dreamslanding" "Mozilla/5.0 (Windows NT 10.0; Win64; x64) AppleWebKit/537.36 (KHTML, like Gecko) Chrome/145.0.0.0 Safari/537.36"
188.166.190.174 - - [23/Feb/2026:06:46:17 +0000] "GET /wp-content/uploads/2025/12/smiling-man-woman-cash-register-1024x683.jpg HTTP/1.1" 200 122781 "https://dreamspos.uk/" "Mozilla/5.0 (Windows NT 10.0; Win64; x64) AppleWebKit/537.36 (KHTML, like Gecko) Chrome/116.0.0.0 Safari/537.36"
172.187.168.139 - - [23/Feb/2026:06:47:48 +0000] "POST /wp-cron.php?doing_wp_cron=1771829268.4959108829498291015625 HTTP/1.1" 200 31 "-" "WordPress/6.8.3; https://dreamspos.uk"
113.170.141.233 - - [23/Feb/2026:06:47:49 +0000] "GET /how-to-choose-the-best-pos-software-for-your-business/ HTTP/1.1" 200 25793 "-" "Mozilla/5.0 (Windows NT 6.1; WOW64) AppleWebKit/537.36 (KHTML, like Gecko) Chrome/100.0.4896.75 Safari/537.36"
172.187.168.139 - - [23/Feb/2026:06:54:12 +0000] "POST /wp-cron.php?doing_wp_cron=1771829652.5647389888763427734375 HTTP/1.1" 200 31 "-" "WordPress/6.8.3; https://dreamspos.uk"
45.61.185.137 - - [23/Feb/2026:06:54:12 +0000] "GET /wp-login.php HTTP/1.1" 200 2365 "-" "Mozilla/5.0 (compatible; MSIE 9.0; Windows NT 6.1; WOW64; Trident/5.0)"
45.61.185.137 - - [23/Feb/2026:06:54:14 +0000] "GET /wp-login.php HTTP/1.1" 200 2365 "-" "Mozilla/5.0 (compatible; MSIE 9.0; Windows NT 6.1; WOW64; Trident/5.0)"
172.187.168.139 - - [23/Feb/2026:06:55:13 +0000] "POST /wp-cron.php?doing_wp_cron=1771829713.0294969081878662109375 HTTP/1.1" 200 31 "-" "WordPress/6.8.3; https://dreamspos.uk"
20.198.75.48 - - [23/Feb/2026:06:55:13 +0000] "GET /wp-trackback.php HTTP/1.1" 404 146 "-" "Mozilla/5.0 (Windows NT 10.0; Win64; x64) AppleWebKit/537.36 (KHTML, like Gecko) Chrome/120.0.0.0 Safari/537.36"
20.198.75.48 - - [23/Feb/2026:06:55:13 +0000] "GET /about.php HTTP/1.1" 404 196 "-" "Mozilla/5.0 (Windows NT 10.0; Win64; x64) AppleWebKit/537.36 (KHTML, like Gecko) Chrome/120.0.0.0 Safari/537.36"
20.198.75.48 - - [23/Feb/2026:06:55:13 +0000] "GET /file.php HTTP/1.1" 404 196 "-" "Mozilla/5.0 (Windows NT 10.0; Win64; x64) AppleWebKit/537.36 (KHTML, like Gecko) Chrome/120.0.0.0 Safari/537.36"
20.198.75.48 - - [23/Feb/2026:06:55:13 +0000] "GET /wp-good.php HTTP/1.1" 404 196 "-" "Mozilla/5.0 (Windows NT 10.0; Win64; x64) AppleWebKit/537.36 (KHTML, like Gecko) Chrome/120.0.0.0 Safari/537.36"
20.198.75.48 - - [23/Feb/2026:06:55:14 +0000] "GET /xmlrpc.php HTTP/1.1" 405 53 "-" "Mozilla/5.0 (Windows NT 10.0; Win64; x64) AppleWebKit/537.36 (KHTML, like Gecko) Chrome/120.0.0.0 Safari/537.36"
20.198.75.48 - - [23/Feb/2026:06:55:14 +0000] "GET /alfanew.php HTTP/1.1" 404 196 "-" "Mozilla/5.0 (Windows NT 10.0; Win64; x64) AppleWebKit/537.36 (KHTML, like Gecko) Chrome/120.0.0.0 Safari/537.36"
20.198.75.48 - - [23/Feb/2026:06:55:14 +0000] "GET /X57.php HTTP/1.1" 404 196 "-" "Mozilla/5.0 (Windows NT 10.0; Win64; x64) AppleWebKit/537.36 (KHTML, like Gecko) Chrome/120.0.0.0 Safari/537.36"
20.198.75.48 - - [23/Feb/2026:06:55:14 +0000] "GET /fff.php HTTP/1.1" 404 196 "-" "Mozilla/5.0 (Windows NT 10.0; Win64; x64) AppleWebKit/537.36 (KHTML, like Gecko) Chrome/120.0.0.0 Safari/537.36"
20.198.75.48 - - [23/Feb/2026:06:55:15 +0000] "GET /ioxi-o.php HTTP/1.1" 404 196 "-" "Mozilla/5.0 (Windows NT 10.0; Win64; x64) AppleWebKit/537.36 (KHTML, like Gecko) Chrome/120.0.0.0 Safari/537.36"
20.198.75.48 - - [23/Feb/2026:06:55:15 +0000] "GET /class-t.api.php HTTP/1.1" 404 196 "-" "Mozilla/5.0 (Windows NT 10.0; Win64; x64) AppleWebKit/537.36 (KHTML, like Gecko) Chrome/120.0.0.0 Safari/537.36"
20.198.75.48 - - [23/Feb/2026:06:55:15 +0000] "GET /admin.php HTTP/1.1" 404 196 "-" "Mozilla/5.0 (Windows NT 10.0; Win64; x64) AppleWebKit/537.36 (KHTML, like Gecko) Chrome/120.0.0.0 Safari/537.36"
20.198.75.48 - - [23/Feb/2026:06:55:15 +0000] "GET /sf.php HTTP/1.1" 404 196 "-" "Mozilla/5.0 (Windows NT 10.0; Win64; x64) AppleWebKit/537.36 (KHTML, like Gecko) Chrome/120.0.0.0 Safari/537.36"
20.198.75.48 - - [23/Feb/2026:06:55:15 +0000] "GET /rip.php HTTP/1.1" 404 196 "-" "Mozilla/5.0 (Windows NT 10.0; Win64; x64) AppleWebKit/537.36 (KHTML, like Gecko) Chrome/120.0.0.0 Safari/537.36"
20.198.75.48 - - [23/Feb/2026:06:55:15 +0000] "GET /autoload_classmap.php HTTP/1.1" 404 196 "-" "Mozilla/5.0 (Windows NT 10.0; Win64; x64) AppleWebKit/537.36 (KHTML, like Gecko) Chrome/120.0.0.0 Safari/537.36"
20.198.75.48 - - [23/Feb/2026:06:55:16 +0000] "GET /chosen.php?p= HTTP/1.1" 404 196 "-" "Mozilla/5.0 (Windows NT 10.0; Win64; x64) AppleWebKit/537.36 (KHTML, like Gecko) Chrome/120.0.0.0 Safari/537.36"
20.198.75.48 - - [23/Feb/2026:06:55:16 +0000] "GET /classwithtostring.php HTTP/1.1" 404 196 "-" "Mozilla/5.0 (Windows NT 10.0; Win64; x64) AppleWebKit/537.36 (KHTML, like Gecko) Chrome/120.0.0.0 Safari/537.36"
20.198.75.48 - - [23/Feb/2026:06:55:16 +0000] "GET /defaults.php HTTP/1.1" 404 196 "-" "Mozilla/5.0 (Windows NT 10.0; Win64; x64) AppleWebKit/537.36 (KHTML, like Gecko) Chrome/120.0.0.0 Safari/537.36"
20.198.75.48 - - [23/Feb/2026:06:55:16 +0000] "GET /index/function.php HTTP/1.1" 404 196 "-" "Mozilla/5.0 (Windows NT 10.0; Win64; x64) AppleWebKit/537.36 (KHTML, like Gecko) Chrome/120.0.0.0 Safari/537.36"
20.198.75.48 - - [23/Feb/2026:06:55:16 +0000] "GET /wk/index.php HTTP/1.1" 404 196 "-" "Mozilla/5.0 (Windows NT 10.0; Win64; x64) AppleWebKit/537.36 (KHTML, like Gecko) Chrome/120.0.0.0 Safari/537.36"
20.198.75.48 - - [23/Feb/2026:06:55:16 +0000] "GET /wp-includes/ HTTP/1.1" 403 195 "-" "Mozilla/5.0 (Windows NT 10.0; Win64; x64) AppleWebKit/537.36 (KHTML, like Gecko) Chrome/120.0.0.0 Safari/537.36"
20.198.75.48 - - [23/Feb/2026:06:55:17 +0000] "GET /.well-known/ HTTP/1.1" 404 14623 "-" "Mozilla/5.0 (Windows NT 10.0; Win64; x64) AppleWebKit/537.36 (KHTML, like Gecko) Chrome/120.0.0.0 Safari/537.36"
20.198.75.48 - - [23/Feb/2026:06:55:17 +0000] "GET /info.php HTTP/1.1" 404 196 "-" "Mozilla/5.0 (Windows NT 10.0; Win64; x64) AppleWebKit/537.36 (KHTML, like Gecko) Chrome/120.0.0.0 Safari/537.36"
20.198.75.48 - - [23/Feb/2026:06:55:18 +0000] "GET /cgi-bin/ HTTP/1.1" 404 14623 "-" "Mozilla/5.0 (Windows NT 10.0; Win64; x64) AppleWebKit/537.36 (KHTML, like Gecko) Chrome/120.0.0.0 Safari/537.36"
20.198.75.48 - - [23/Feb/2026:06:55:19 +0000] "GET /uploads/ HTTP/1.1" 404 14623 "-" "Mozilla/5.0 (Windows NT 10.0; Win64; x64) AppleWebKit/537.36 (KHTML, like Gecko) Chrome/120.0.0.0 Safari/537.36"
20.198.75.48 - - [23/Feb/2026:06:55:19 +0000] "GET /wp-admin/images/ HTTP/1.1" 403 195 "-" "Mozilla/5.0 (Windows NT 10.0; Win64; x64) AppleWebKit/537.36 (KHTML, like Gecko) Chrome/120.0.0.0 Safari/537.36"
20.198.75.48 - - [23/Feb/2026:06:55:20 +0000] "GET /wp-includes/Requests/src/Response/about.php HTTP/1.1" 404 196 "-" "Mozilla/5.0 (Windows NT 10.0; Win64; x64) AppleWebKit/537.36 (KHTML, like Gecko) Chrome/120.0.0.0 Safari/537.36"
20.198.75.48 - - [23/Feb/2026:06:55:20 +0000] "GET /wp-includes/html-api/ HTTP/1.1" 403 195 "-" "Mozilla/5.0 (Windows NT 10.0; Win64; x64) AppleWebKit/537.36 (KHTML, like Gecko) Chrome/120.0.0.0 Safari/537.36"
20.198.75.48 - - [23/Feb/2026:06:55:20 +0000] "GET /wp-content/admin.php HTTP/1.1" 404 196 "-" "Mozilla/5.0 (Windows NT 10.0; Win64; x64) AppleWebKit/537.36 (KHTML, like Gecko) Chrome/120.0.0.0 Safari/537.36"
20.198.75.48 - - [23/Feb/2026:06:55:20 +0000] "GET /adminfuns.php HTTP/1.1" 404 196 "-" "Mozilla/5.0 (Windows NT 10.0; Win64; x64) AppleWebKit/537.36 (KHTML, like Gecko) Chrome/120.0.0.0 Safari/537.36"
20.198.75.48 - - [23/Feb/2026:06:55:20 +0000] "GET /wp-admin/css/colors/ectoplasm/ HTTP/1.1" 403 195 "-" "Mozilla/5.0 (Windows NT 10.0; Win64; x64) AppleWebKit/537.36 (KHTML, like Gecko) Chrome/120.0.0.0 Safari/537.36"
20.198.75.48 - - [23/Feb/2026:06:55:20 +0000] "GET /wp-content/uploads/ HTTP/1.1" 403 195 "-" "Mozilla/5.0 (Windows NT 10.0; Win64; x64) AppleWebKit/537.36 (KHTML, like Gecko) Chrome/120.0.0.0 Safari/537.36"
20.198.75.48 - - [23/Feb/2026:06:55:21 +0000] "GET /wp-content/themes/admin.php HTTP/1.1" 404 196 "-" "Mozilla/5.0 (Windows NT 10.0; Win64; x64) AppleWebKit/537.36 (KHTML, like Gecko) Chrome/120.0.0.0 Safari/537.36"
20.198.75.48 - - [23/Feb/2026:06:55:21 +0000] "GET /wp-content/themes/index.php HTTP/1.1" 200 31 "-" "Mozilla/5.0 (Windows NT 10.0; Win64; x64) AppleWebKit/537.36 (KHTML, like Gecko) Chrome/120.0.0.0 Safari/537.36"
20.198.75.48 - - [23/Feb/2026:06:55:21 +0000] "GET /wp-content/plugins/index.php HTTP/1.1" 200 31 "-" "Mozilla/5.0 (Windows NT 10.0; Win64; x64) AppleWebKit/537.36 (KHTML, like Gecko) Chrome/120.0.0.0 Safari/537.36"
20.198.75.48 - - [23/Feb/2026:06:55:21 +0000] "GET /wp-includes/PHPMailer/ HTTP/1.1" 403 195 "-" "Mozilla/5.0 (Windows NT 10.0; Win64; x64) AppleWebKit/537.36 (KHTML, like Gecko) Chrome/120.0.0.0 Safari/537.36"
20.198.75.48 - - [23/Feb/2026:06:55:21 +0000] "GET /wp-includes/images/ HTTP/1.1" 403 195 "-" "Mozilla/5.0 (Windows NT 10.0; Win64; x64) AppleWebKit/537.36 (KHTML, like Gecko) Chrome/120.0.0.0 Safari/537.36"
20.198.75.48 - - [23/Feb/2026:06:55:22 +0000] "GET /wp-content/plugins/WordPressCore/ HTTP/1.1" 404 14677 "-" "Mozilla/5.0 (Windows NT 10.0; Win64; x64) AppleWebKit/537.36 (KHTML, like Gecko) Chrome/120.0.0.0 Safari/537.36"
172.187.168.139 - - [23/Feb/2026:06:58:37 +0000] "POST /wp-cron.php?doing_wp_cron=1771829917.7444698810577392578125 HTTP/1.1" 200 31 "-" "WordPress/6.8.3; https://dreamspos.uk"
51.75.236.138 - - [23/Feb/2026:06:58:38 +0000] "GET /top-10-pos-systems-2026-ranked-for-retail-and-restaurants/ HTTP/1.1" 200 25259 "-" "Mozilla/5.0 (compatible; AhrefsBot/7.0; +http://ahrefs.com/robot/)"
172.187.168.139 - - [23/Feb/2026:07:07:21 +0000] "POST /wp-cron.php?doing_wp_cron=1771830441.3048911094665527343750 HTTP/1.1" 200 31 "-" "WordPress/6.8.3; https://dreamspos.uk"
122.186.150.42 - - [23/Feb/2026:07:07:21 +0000] "GET / HTTP/1.1" 200 40670 "-" "Mozilla/5.0 (Windows NT 10.0; Win64; x64) AppleWebKit/537.36 (KHTML, like Gecko) Chrome/145.0.0.0 Safari/537.36"
172.187.168.139 - - [23/Feb/2026:07:07:24 +0000] "POST /wp-cron.php?doing_wp_cron=1771830444.4683051109313964843750 HTTP/1.1" 200 31 "-" "WordPress/6.8.3; https://dreamspos.uk"
122.186.150.42 - - [23/Feb/2026:07:07:24 +0000] "GET /wp-content/themes/dreamslanding/assets/img/footer-bg.png HTTP/1.1" 404 14677 "https://dreamspos.uk/wp-content/themes/dreamslanding/assets/css/style.css" "Mozilla/5.0 (Windows NT 10.0; Win64; x64) AppleWebKit/537.36 (KHTML, like Gecko) Chrome/145.0.0.0 Safari/537.36"
122.186.150.42 - - [23/Feb/2026:07:07:36 +0000] "GET /company/ HTTP/1.1" 200 18532 "https://dreamspos.uk/" "Mozilla/5.0 (Windows NT 10.0; Win64; x64) AppleWebKit/537.36 (KHTML, like Gecko) Chrome/145.0.0.0 Safari/537.36"
122.186.150.42 - - [23/Feb/2026:07:07:37 +0000] "GET /blog/ HTTP/1.1" 200 23925 "https://dreamspos.uk/" "Mozilla/5.0 (Windows NT 10.0; Win64; x64) AppleWebKit/537.36 (KHTML, like Gecko) Chrome/145.0.0.0 Safari/537.36"
122.186.150.42 - - [23/Feb/2026:07:07:38 +0000] "GET /wp-includes/css/dist/block-library/style.min.css?ver=6.8.3 HTTP/1.1" 200 116345 "https://dreamspos.uk/blog/" "Mozilla/5.0 (Windows NT 10.0; Win64; x64) AppleWebKit/537.36 (KHTML, like Gecko) Chrome/145.0.0.0 Safari/537.36"
122.186.150.42 - - [23/Feb/2026:07:07:38 +0000] "GET /wp-content/uploads/2026/02/happy-family-paying-their-groceries-855x570.jpg HTTP/1.1" 200 130826 "https://dreamspos.uk/blog/" "Mozilla/5.0 (Windows NT 10.0; Win64; x64) AppleWebKit/537.36 (KHTML, like Gecko) Chrome/145.0.0.0 Safari/537.36"
122.186.150.42 - - [23/Feb/2026:07:07:38 +0000] "GET /blog/ HTTP/1.1" 200 23925 "https://dreamspos.uk/" "Mozilla/5.0 (Windows NT 10.0; Win64; x64) AppleWebKit/537.36 (KHTML, like Gecko) Chrome/145.0.0.0 Safari/537.36"
122.186.150.42 - - [23/Feb/2026:07:07:39 +0000] "GET /wp-content/uploads/2026/02/happy-barista-adding-order-cash-register-while-working-pub-855x570.jpg HTTP/1.1" 304 0 "https://dreamspos.uk/blog/" "Mozilla/5.0 (Windows NT 10.0; Win64; x64) AppleWebKit/537.36 (KHTML, like Gecko) Chrome/145.0.0.0 Safari/537.36"
122.186.150.42 - - [23/Feb/2026:07:07:39 +0000] "GET /wp-content/uploads/2026/02/male-courier-arrives-checkout-counter-2-855x570.jpg HTTP/1.1" 200 114794 "https://dreamspos.uk/blog/" "Mozilla/5.0 (Windows NT 10.0; Win64; x64) AppleWebKit/537.36 (KHTML, like Gecko) Chrome/145.0.0.0 Safari/537.36"
122.186.150.42 - - [23/Feb/2026:07:07:39 +0000] "GET /wp-content/uploads/2026/02/front-view-woman-working-bakery-1-855x569.jpg HTTP/1.1" 200 95724 "https://dreamspos.uk/blog/" "Mozilla/5.0 (Windows NT 10.0; Win64; x64) AppleWebKit/537.36 (KHTML, like Gecko) Chrome/145.0.0.0 Safari/537.36"
122.186.150.42 - - [23/Feb/2026:07:07:39 +0000] "GET /wp-content/uploads/2026/02/woman-with-protective-mask-typing-phone-while-colleague-working-using-clipboard-respecting-social-distancing-freelancer-new-normal-office-chatting-writing-mobile-with-internet-technology-855x481.jpg HTTP/1.1" 200 134893 "https://dreamspos.uk/blog/" "Mozilla/5.0 (Windows NT 10.0; Win64; x64) AppleWebKit/537.36 (KHTML, like Gecko) Chrome/145.0.0.0 Safari/537.36"
122.186.150.42 - - [23/Feb/2026:07:07:39 +0000] "GET /wp-content/uploads/2026/02/client-zero-waste-shop-checkout-855x451.jpg HTTP/1.1" 200 73596 "https://dreamspos.uk/blog/" "Mozilla/5.0 (Windows NT 10.0; Win64; x64) AppleWebKit/537.36 (KHTML, like Gecko) Chrome/145.0.0.0 Safari/537.36"
122.186.150.42 - - [23/Feb/2026:07:07:39 +0000] "GET /wp-content/uploads/2026/02/family-shopping-with-face-mask-855x570.jpg HTTP/1.1" 200 121576 "https://dreamspos.uk/blog/" "Mozilla/5.0 (Windows NT 10.0; Win64; x64) AppleWebKit/537.36 (KHTML, like Gecko) Chrome/145.0.0.0 Safari/537.36"
122.186.150.42 - - [23/Feb/2026:07:07:39 +0000] "GET /wp-content/uploads/2026/02/woman-works-with-tablet-table-cafe-1-855x570.jpg HTTP/1.1" 200 118654 "https://dreamspos.uk/blog/" "Mozilla/5.0 (Windows NT 10.0; Win64; x64) AppleWebKit/537.36 (KHTML, like Gecko) Chrome/145.0.0.0 Safari/537.36"
122.186.150.42 - - [23/Feb/2026:07:07:39 +0000] "GET /wp-content/themes/dreamslanding/assets/fonts/Feather.ttf?sdxovp HTTP/1.1" 200 65112 "https://dreamspos.uk/wp-content/themes/dreamslanding/assets/css/feather.css" "Mozilla/5.0 (Windows NT 10.0; Win64; x64) AppleWebKit/537.36 (KHTML, like Gecko) Chrome/145.0.0.0 Safari/537.36"
122.186.150.42 - - [23/Feb/2026:07:07:39 +0000] "GET /wp-content/uploads/2026/02/relaxed-person-holds-her-card-while-she-pays-online-her-order-855x570.jpg HTTP/1.1" 200 113634 "https://dreamspos.uk/blog/" "Mozilla/5.0 (Windows NT 10.0; Win64; x64) AppleWebKit/537.36 (KHTML, like Gecko) Chrome/145.0.0.0 Safari/537.36"
122.186.150.42 - - [23/Feb/2026:07:07:40 +0000] "GET /wp-content/themes/dreamslanding/assets/img/footer-bg.png HTTP/1.1" 404 14677 "https://dreamspos.uk/wp-content/themes/dreamslanding/assets/css/style.css" "Mozilla/5.0 (Windows NT 10.0; Win64; x64) AppleWebKit/537.36 (KHTML, like Gecko) Chrome/145.0.0.0 Safari/537.36"
122.186.150.42 - - [23/Feb/2026:07:07:40 +0000] "GET /wp-content/uploads/2026/02/screenf.png HTTP/1.1" 200 508454 "https://dreamspos.uk/blog/" "Mozilla/5.0 (Windows NT 10.0; Win64; x64) AppleWebKit/537.36 (KHTML, like Gecko) Chrome/145.0.0.0 Safari/537.36"
122.186.150.42 - - [23/Feb/2026:07:07:44 +0000] "GET /best-pos-systems-for-retail-stores-2026-inventory-multi-location/ HTTP/1.1" 200 24706 "https://dreamspos.uk/blog/" "Mozilla/5.0 (Windows NT 10.0; Win64; x64) AppleWebKit/537.36 (KHTML, like Gecko) Chrome/145.0.0.0 Safari/537.36"
122.186.150.42 - - [23/Feb/2026:07:07:45 +0000] "GET /wp-includes/js/comment-reply.min.js?ver=6.8.3 HTTP/1.1" 200 3026 "https://dreamspos.uk/best-pos-systems-for-retail-stores-2026-inventory-multi-location/" "Mozilla/5.0 (Windows NT 10.0; Win64; x64) AppleWebKit/537.36 (KHTML, like Gecko) Chrome/145.0.0.0 Safari/537.36"
122.186.150.42 - - [23/Feb/2026:07:07:45 +0000] "GET /wp-content/themes/dreamslanding/assets/img/footer-bg.png HTTP/1.1" 404 14677 "https://dreamspos.uk/wp-content/themes/dreamslanding/assets/css/style.css" "Mozilla/5.0 (Windows NT 10.0; Win64; x64) AppleWebKit/537.36 (KHTML, like Gecko) Chrome/145.0.0.0 Safari/537.36"
122.186.150.42 - - [23/Feb/2026:07:07:45 +0000] "GET /wp-content/uploads/2026/02/happy-family-paying-their-groceries-1024x683.jpg HTTP/1.1" 200 163314 "https://dreamspos.uk/best-pos-systems-for-retail-stores-2026-inventory-multi-location/" "Mozilla/5.0 (Windows NT 10.0; Win64; x64) AppleWebKit/537.36 (KHTML, like Gecko) Chrome/145.0.0.0 Safari/537.36"
203.188.171.53 - - [23/Feb/2026:07:08:26 +0000] "GET /.env HTTP/1.1" 403 134 "-" "Mozilla/5.0 (Linux; U; Android 4.4.2; en-US; HM NOTE 1W Build/KOT49H) AppleWebKit/534.30 (KHTML, like Gecko) Version/4.0 UCBrowser/11.0.5.850 U3/0.8.0 Mobile Safari/534.30"
203.188.171.53 - - [23/Feb/2026:07:08:46 +0000] "POST / HTTP/1.1" 499 0 "-" "Mozilla/5.0 (Linux; U; Android 4.4.2; en-US; HM NOTE 1W Build/KOT49H) AppleWebKit/534.30 (KHTML, like Gecko) Version/4.0 UCBrowser/11.0.5.850 U3/0.8.0 Mobile Safari/534.30"
172.187.168.139 - - [23/Feb/2026:07:08:46 +0000] "POST /wp-cron.php?doing_wp_cron=1771830526.3077800273895263671875 HTTP/1.1" 200 31 "-" "WordPress/6.8.3; https://dreamspos.uk"
172.187.168.139 - - [23/Feb/2026:07:13:45 +0000] "POST /wp-cron.php?doing_wp_cron=1771830825.2506809234619140625000 HTTP/1.1" 200 31 "-" "WordPress/6.8.3; https://dreamspos.uk"
20.194.29.45 - - [23/Feb/2026:07:13:45 +0000] "GET /wp-trackback.php HTTP/1.1" 404 146 "-" "Mozilla/5.0 (Windows NT 10.0; Win64; x64) AppleWebKit/537.36 (KHTML, like Gecko) Chrome/120.0.0.0 Safari/537.36"
20.194.29.45 - - [23/Feb/2026:07:13:46 +0000] "GET /about.php HTTP/1.1" 404 196 "-" "Mozilla/5.0 (Windows NT 10.0; Win64; x64) AppleWebKit/537.36 (KHTML, like Gecko) Chrome/120.0.0.0 Safari/537.36"
20.194.29.45 - - [23/Feb/2026:07:13:46 +0000] "GET /file.php HTTP/1.1" 404 196 "-" "Mozilla/5.0 (Windows NT 10.0; Win64; x64) AppleWebKit/537.36 (KHTML, like Gecko) Chrome/120.0.0.0 Safari/537.36"
20.194.29.45 - - [23/Feb/2026:07:13:46 +0000] "GET /wp-good.php HTTP/1.1" 404 196 "-" "Mozilla/5.0 (Windows NT 10.0; Win64; x64) AppleWebKit/537.36 (KHTML, like Gecko) Chrome/120.0.0.0 Safari/537.36"
20.194.29.45 - - [23/Feb/2026:07:13:47 +0000] "GET /xmlrpc.php HTTP/1.1" 405 53 "-" "Mozilla/5.0 (Windows NT 10.0; Win64; x64) AppleWebKit/537.36 (KHTML, like Gecko) Chrome/120.0.0.0 Safari/537.36"
20.194.29.45 - - [23/Feb/2026:07:13:47 +0000] "GET /goods.php HTTP/1.1" 404 196 "-" "Mozilla/5.0 (Windows NT 10.0; Win64; x64) AppleWebKit/537.36 (KHTML, like Gecko) Chrome/120.0.0.0 Safari/537.36"
20.194.29.45 - - [23/Feb/2026:07:13:47 +0000] "GET /ioxi-o.php HTTP/1.1" 404 196 "-" "Mozilla/5.0 (Windows NT 10.0; Win64; x64) AppleWebKit/537.36 (KHTML, like Gecko) Chrome/120.0.0.0 Safari/537.36"
20.194.29.45 - - [23/Feb/2026:07:13:48 +0000] "GET /class-t.api.php HTTP/1.1" 404 196 "-" "Mozilla/5.0 (Windows NT 10.0; Win64; x64) AppleWebKit/537.36 (KHTML, like Gecko) Chrome/120.0.0.0 Safari/537.36"
20.194.29.45 - - [23/Feb/2026:07:13:48 +0000] "GET /admin.php HTTP/1.1" 404 196 "-" "Mozilla/5.0 (Windows NT 10.0; Win64; x64) AppleWebKit/537.36 (KHTML, like Gecko) Chrome/120.0.0.0 Safari/537.36"
20.194.29.45 - - [23/Feb/2026:07:13:48 +0000] "GET /sf.php HTTP/1.1" 404 196 "-" "Mozilla/5.0 (Windows NT 10.0; Win64; x64) AppleWebKit/537.36 (KHTML, like Gecko) Chrome/120.0.0.0 Safari/537.36"
20.194.29.45 - - [23/Feb/2026:07:13:48 +0000] "GET /rip.php HTTP/1.1" 404 196 "-" "Mozilla/5.0 (Windows NT 10.0; Win64; x64) AppleWebKit/537.36 (KHTML, like Gecko) Chrome/120.0.0.0 Safari/537.36"
20.194.29.45 - - [23/Feb/2026:07:13:48 +0000] "GET /autoload_classmap.php HTTP/1.1" 404 196 "-" "Mozilla/5.0 (Windows NT 10.0; Win64; x64) AppleWebKit/537.36 (KHTML, like Gecko) Chrome/120.0.0.0 Safari/537.36"
20.194.29.45 - - [23/Feb/2026:07:13:49 +0000] "GET /chosen.php?p= HTTP/1.1" 404 196 "-" "Mozilla/5.0 (Windows NT 10.0; Win64; x64) AppleWebKit/537.36 (KHTML, like Gecko) Chrome/120.0.0.0 Safari/537.36"
20.194.29.45 - - [23/Feb/2026:07:13:49 +0000] "GET /classwithtostring.php HTTP/1.1" 404 196 "-" "Mozilla/5.0 (Windows NT 10.0; Win64; x64) AppleWebKit/537.36 (KHTML, like Gecko) Chrome/120.0.0.0 Safari/537.36"
20.194.29.45 - - [23/Feb/2026:07:13:49 +0000] "GET /defaults.php HTTP/1.1" 404 196 "-" "Mozilla/5.0 (Windows NT 10.0; Win64; x64) AppleWebKit/537.36 (KHTML, like Gecko) Chrome/120.0.0.0 Safari/537.36"
20.194.29.45 - - [23/Feb/2026:07:13:49 +0000] "GET /index/function.php HTTP/1.1" 404 196 "-" "Mozilla/5.0 (Windows NT 10.0; Win64; x64) AppleWebKit/537.36 (KHTML, like Gecko) Chrome/120.0.0.0 Safari/537.36"
20.194.29.45 - - [23/Feb/2026:07:13:50 +0000] "GET /wk/index.php HTTP/1.1" 404 196 "-" "Mozilla/5.0 (Windows NT 10.0; Win64; x64) AppleWebKit/537.36 (KHTML, like Gecko) Chrome/120.0.0.0 Safari/537.36"
20.194.29.45 - - [23/Feb/2026:07:13:50 +0000] "GET /wp-includes/ HTTP/1.1" 403 195 "-" "Mozilla/5.0 (Windows NT 10.0; Win64; x64) AppleWebKit/537.36 (KHTML, like Gecko) Chrome/120.0.0.0 Safari/537.36"
20.194.29.45 - - [23/Feb/2026:07:13:51 +0000] "GET /.well-known/ HTTP/1.1" 404 14623 "-" "Mozilla/5.0 (Windows NT 10.0; Win64; x64) AppleWebKit/537.36 (KHTML, like Gecko) Chrome/120.0.0.0 Safari/537.36"
20.194.29.45 - - [23/Feb/2026:07:13:52 +0000] "GET /info.php HTTP/1.1" 404 196 "-" "Mozilla/5.0 (Windows NT 10.0; Win64; x64) AppleWebKit/537.36 (KHTML, like Gecko) Chrome/120.0.0.0 Safari/537.36"
20.194.29.45 - - [23/Feb/2026:07:13:52 +0000] "GET /cgi-bin/ HTTP/1.1" 404 14623 "-" "Mozilla/5.0 (Windows NT 10.0; Win64; x64) AppleWebKit/537.36 (KHTML, like Gecko) Chrome/120.0.0.0 Safari/537.36"
20.194.29.45 - - [23/Feb/2026:07:13:54 +0000] "GET /uploads/ HTTP/1.1" 404 14623 "-" "Mozilla/5.0 (Windows NT 10.0; Win64; x64) AppleWebKit/537.36 (KHTML, like Gecko) Chrome/120.0.0.0 Safari/537.36"
20.194.29.45 - - [23/Feb/2026:07:13:54 +0000] "GET /wp-admin/images/ HTTP/1.1" 403 195 "-" "Mozilla/5.0 (Windows NT 10.0; Win64; x64) AppleWebKit/537.36 (KHTML, like Gecko) Chrome/120.0.0.0 Safari/537.36"
20.194.29.45 - - [23/Feb/2026:07:13:54 +0000] "GET /wp-includes/Requests/src/Response/about.php HTTP/1.1" 404 196 "-" "Mozilla/5.0 (Windows NT 10.0; Win64; x64) AppleWebKit/537.36 (KHTML, like Gecko) Chrome/120.0.0.0 Safari/537.36"
20.194.29.45 - - [23/Feb/2026:07:13:54 +0000] "GET /wp-includes/html-api/ HTTP/1.1" 403 195 "-" "Mozilla/5.0 (Windows NT 10.0; Win64; x64) AppleWebKit/537.36 (KHTML, like Gecko) Chrome/120.0.0.0 Safari/537.36"
20.194.29.45 - - [23/Feb/2026:07:13:55 +0000] "GET /wp-content/admin.php HTTP/1.1" 404 196 "-" "Mozilla/5.0 (Windows NT 10.0; Win64; x64) AppleWebKit/537.36 (KHTML, like Gecko) Chrome/120.0.0.0 Safari/537.36"
20.194.29.45 - - [23/Feb/2026:07:13:55 +0000] "GET /adminfuns.php HTTP/1.1" 404 196 "-" "Mozilla/5.0 (Windows NT 10.0; Win64; x64) AppleWebKit/537.36 (KHTML, like Gecko) Chrome/120.0.0.0 Safari/537.36"
20.194.29.45 - - [23/Feb/2026:07:13:55 +0000] "GET /wp-admin/css/colors/ectoplasm/ HTTP/1.1" 403 195 "-" "Mozilla/5.0 (Windows NT 10.0; Win64; x64) AppleWebKit/537.36 (KHTML, like Gecko) Chrome/120.0.0.0 Safari/537.36"
20.194.29.45 - - [23/Feb/2026:07:13:55 +0000] "GET /wp-content/uploads/ HTTP/1.1" 403 195 "-" "Mozilla/5.0 (Windows NT 10.0; Win64; x64) AppleWebKit/537.36 (KHTML, like Gecko) Chrome/120.0.0.0 Safari/537.36"
20.194.29.45 - - [23/Feb/2026:07:13:56 +0000] "GET /wp-content/themes/admin.php HTTP/1.1" 404 196 "-" "Mozilla/5.0 (Windows NT 10.0; Win64; x64) AppleWebKit/537.36 (KHTML, like Gecko) Chrome/120.0.0.0 Safari/537.36"
20.194.29.45 - - [23/Feb/2026:07:13:56 +0000] "GET /wp-content/themes/index.php HTTP/1.1" 200 31 "-" "Mozilla/5.0 (Windows NT 10.0; Win64; x64) AppleWebKit/537.36 (KHTML, like Gecko) Chrome/120.0.0.0 Safari/537.36"
20.194.29.45 - - [23/Feb/2026:07:13:56 +0000] "GET /wp-content/plugins/index.php HTTP/1.1" 200 31 "-" "Mozilla/5.0 (Windows NT 10.0; Win64; x64) AppleWebKit/537.36 (KHTML, like Gecko) Chrome/120.0.0.0 Safari/537.36"
20.194.29.45 - - [23/Feb/2026:07:13:56 +0000] "GET /wp-includes/PHPMailer/ HTTP/1.1" 403 195 "-" "Mozilla/5.0 (Windows NT 10.0; Win64; x64) AppleWebKit/537.36 (KHTML, like Gecko) Chrome/120.0.0.0 Safari/537.36"
20.194.29.45 - - [23/Feb/2026:07:13:56 +0000] "GET /wp-includes/images/ HTTP/1.1" 403 195 "-" "Mozilla/5.0 (Windows NT 10.0; Win64; x64) AppleWebKit/537.36 (KHTML, like Gecko) Chrome/120.0.0.0 Safari/537.36"
20.194.29.45 - - [23/Feb/2026:07:13:57 +0000] "GET /wp-content/plugins/WordPressCore/ HTTP/1.1" 404 14677 "-" "Mozilla/5.0 (Windows NT 10.0; Win64; x64) AppleWebKit/537.36 (KHTML, like Gecko) Chrome/120.0.0.0 Safari/537.36"
172.187.168.139 - - [23/Feb/2026:07:16:38 +0000] "POST /wp-cron.php?doing_wp_cron=1771830998.6954960823059082031250 HTTP/1.1" 200 31 "-" "WordPress/6.8.3; https://dreamspos.uk"
115.244.222.166 - - [23/Feb/2026:07:16:38 +0000] "GET /wp-content/themes/dreamslanding/assets/img/footer-bg.png HTTP/1.1" 404 14677 "https://dreamspos.uk/wp-content/themes/dreamslanding/assets/css/style.css" "Mozilla/5.0 (Windows NT 10.0; Win64; x64) AppleWebKit/537.36 (KHTML, like Gecko) Chrome/145.0.0.0 Safari/537.36"
172.187.168.139 - - [23/Feb/2026:07:18:11 +0000] "POST /wp-cron.php?doing_wp_cron=1771831091.7649059295654296875000 HTTP/1.1" 200 31 "-" "WordPress/6.8.3; https://dreamspos.uk"
115.244.222.166 - - [23/Feb/2026:07:18:12 +0000] "GET / HTTP/1.1" 200 40670 "https://dreamspos.uk/employee-management/" "Mozilla/5.0 (Windows NT 10.0; Win64; x64) AppleWebKit/537.36 (KHTML, like Gecko) Chrome/145.0.0.0 Safari/537.36"
115.244.222.166 - - [23/Feb/2026:07:18:14 +0000] "GET /wp-content/themes/dreamslanding/assets/img/footer-bg.png HTTP/1.1" 404 14677 "https://dreamspos.uk/wp-content/themes/dreamslanding/assets/css/style.css" "Mozilla/5.0 (Windows NT 10.0; Win64; x64) AppleWebKit/537.36 (KHTML, like Gecko) Chrome/145.0.0.0 Safari/537.36"
172.187.168.139 - - [23/Feb/2026:07:18:35 +0000] "POST /wp-cron.php?doing_wp_cron=1771831115.8618431091308593750000 HTTP/1.1" 200 31 "-" "WordPress/6.8.3; https://dreamspos.uk"
115.244.222.166 - - [23/Feb/2026:07:18:36 +0000] "GET / HTTP/1.1" 200 54035 "-" "Mozilla/5.0 (Windows NT 10.0; Win64; x64) AppleWebKit/537.36 (KHTML, like Gecko) Chrome/145.0.0.0 Safari/537.36"
115.244.222.166 - - [23/Feb/2026:07:18:37 +0000] "GET /wp-content/themes/dreamslanding/assets/img/footer-bg.png HTTP/1.1" 404 21929 "https://dreamspos.uk/wp-content/themes/dreamslanding/assets/css/style.css" "Mozilla/5.0 (Windows NT 10.0; Win64; x64) AppleWebKit/537.36 (KHTML, like Gecko) Chrome/145.0.0.0 Safari/537.36"
172.187.168.139 - - [23/Feb/2026:07:21:06 +0000] "POST /wp-cron.php?doing_wp_cron=1771831266.8229269981384277343750 HTTP/1.1" 200 31 "-" "WordPress/6.8.3; https://dreamspos.uk"
115.244.222.166 - - [23/Feb/2026:07:21:07 +0000] "GET /wp-admin/ HTTP/1.1" 200 48268 "https://dreamspos.uk/" "Mozilla/5.0 (Windows NT 10.0; Win64; x64) AppleWebKit/537.36 (KHTML, like Gecko) Chrome/145.0.0.0 Safari/537.36"
115.244.222.166 - - [23/Feb/2026:07:21:10 +0000] "GET /wp-json/wp/v2/ HTTP/1.1" 200 236020 "https://dreamspos.uk/wp-admin/" "Mozilla/5.0 (Windows NT 10.0; Win64; x64) AppleWebKit/537.36 (KHTML, like Gecko) Chrome/145.0.0.0 Safari/537.36"
115.244.222.166 - - [23/Feb/2026:07:21:10 +0000] "GET /wp-json/yoast/v1/statistics HTTP/1.1" 200 750 "https://dreamspos.uk/wp-admin/" "Mozilla/5.0 (Windows NT 10.0; Win64; x64) AppleWebKit/537.36 (KHTML, like Gecko) Chrome/145.0.0.0 Safari/537.36"
115.244.222.166 - - [23/Feb/2026:07:21:11 +0000] "POST /wp-admin/admin-ajax.php HTTP/1.1" 200 1361 "https://dreamspos.uk/wp-admin/" "Mozilla/5.0 (Windows NT 10.0; Win64; x64) AppleWebKit/537.36 (KHTML, like Gecko) Chrome/145.0.0.0 Safari/537.36"
115.244.222.166 - - [23/Feb/2026:07:21:14 +0000] "GET /wp-admin/theme-editor.php HTTP/1.1" 200 34176 "https://dreamspos.uk/wp-admin/" "Mozilla/5.0 (Windows NT 10.0; Win64; x64) AppleWebKit/537.36 (KHTML, like Gecko) Chrome/145.0.0.0 Safari/537.36"
115.244.222.166 - - [23/Feb/2026:07:21:21 +0000] "GET /wp-admin/theme-editor.php?file=header.php&theme=dreamslanding HTTP/1.1" 200 33067 "https://dreamspos.uk/wp-admin/theme-editor.php" "Mozilla/5.0 (Windows NT 10.0; Win64; x64) AppleWebKit/537.36 (KHTML, like Gecko) Chrome/145.0.0.0 Safari/537.36"
172.187.168.139 - - [23/Feb/2026:07:22:30 +0000] "POST /wp-cron.php?doing_wp_cron=1771831350.5853199958801269531250 HTTP/1.1" 200 31 "-" "WordPress/6.8.3; https://dreamspos.uk"
115.244.222.166 - - [23/Feb/2026:07:22:30 +0000] "POST /wp-admin/admin-ajax.php HTTP/1.1" 200 58 "https://dreamspos.uk/wp-admin/theme-editor.php?file=header.php&theme=dreamslanding" "Mozilla/5.0 (Windows NT 10.0; Win64; x64) AppleWebKit/537.36 (KHTML, like Gecko) Chrome/145.0.0.0 Safari/537.36"
113.165.157.54 - - [23/Feb/2026:07:23:09 +0000] "GET /2025/12/23/top-10-white-label-pos-systems-compared-dreamspos/ HTTP/1.1" 404 14677 "-" "Mozilla/5.0 (Macintosh; Intel Mac OS X 10_15_7) AppleWebKit/537.36 (KHTML, like Gecko) Chrome/92.0.4515.69 Safari/537.36"
172.187.168.139 - - [23/Feb/2026:07:23:23 +0000] "POST /wp-cron.php?doing_wp_cron=1771831403.7292089462280273437500 HTTP/1.1" 200 31 "-" "WordPress/6.8.3; https://dreamspos.uk"
122.186.150.42 - - [23/Feb/2026:07:23:23 +0000] "POST /wp-admin/admin-ajax.php HTTP/1.1" 200 58 "https://dreamspos.uk/wp-admin/theme-editor.php?file=header.php&theme=dreamslanding" "Mozilla/5.0 (Windows NT 10.0; Win64; x64) AppleWebKit/537.36 (KHTML, like Gecko) Chrome/145.0.0.0 Safari/537.36"
122.186.150.42 - - [23/Feb/2026:07:24:04 +0000] "GET /wp-admin/theme-editor.php?file=templates%2Fheader%2Fheader-style-1.php&theme=dreamslanding HTTP/1.1" 200 36745 "https://dreamspos.uk/wp-admin/theme-editor.php?file=header.php&theme=dreamslanding" "Mozilla/5.0 (Windows NT 10.0; Win64; x64) AppleWebKit/537.36 (KHTML, like Gecko) Chrome/145.0.0.0 Safari/537.36"
172.187.168.139 - - [23/Feb/2026:07:25:06 +0000] "POST /wp-cron.php?doing_wp_cron=1771831506.2051351070404052734375 HTTP/1.1" 200 31 "-" "WordPress/6.8.3; https://dreamspos.uk"
122.186.150.42 - - [23/Feb/2026:07:25:06 +0000] "POST /wp-admin/admin-ajax.php HTTP/1.1" 200 58 "https://dreamspos.uk/wp-admin/theme-editor.php?file=templates%2Fheader%2Fheader-style-1.php&theme=dreamslanding" "Mozilla/5.0 (Windows NT 10.0; Win64; x64) AppleWebKit/537.36 (KHTML, like Gecko) Chrome/145.0.0.0 Safari/537.36"
172.187.168.139 - - [23/Feb/2026:07:26:07 +0000] "POST /wp-cron.php?doing_wp_cron=1771831567.1571860313415527343750 HTTP/1.1" 200 31 "-" "WordPress/6.8.3; https://dreamspos.uk"
122.186.150.42 - - [23/Feb/2026:07:26:07 +0000] "POST /wp-admin/admin-ajax.php HTTP/1.1" 200 58 "https://dreamspos.uk/wp-admin/theme-editor.php?file=templates%2Fheader%2Fheader-style-1.php&theme=dreamslanding" "Mozilla/5.0 (Windows NT 10.0; Win64; x64) AppleWebKit/537.36 (KHTML, like Gecko) Chrome/145.0.0.0 Safari/537.36"
172.187.168.139 - - [23/Feb/2026:07:27:07 +0000] "POST /wp-cron.php?doing_wp_cron=1771831627.2181370258331298828125 HTTP/1.1" 200 31 "-" "WordPress/6.8.3; https://dreamspos.uk"
122.186.150.42 - - [23/Feb/2026:07:27:07 +0000] "POST /wp-admin/admin-ajax.php HTTP/1.1" 200 58 "https://dreamspos.uk/wp-admin/theme-editor.php?file=templates%2Fheader%2Fheader-style-1.php&theme=dreamslanding" "Mozilla/5.0 (Windows NT 10.0; Win64; x64) AppleWebKit/537.36 (KHTML, like Gecko) Chrome/145.0.0.0 Safari/537.36"
172.187.168.139 - - [23/Feb/2026:07:27:21 +0000] "GET /wp-admin/theme-editor.php?theme=dreamslanding&file=templates%2Fheader%2Fheader-style-1.php&wp_scrape_key=2e70ac1f876331b8284a4cbc7369846b&wp_scrape_nonce=473069649 HTTP/1.1" 200 36982 "-" "WordPress/6.8.3; https://dreamspos.uk"
172.187.168.139 - - [23/Feb/2026:07:27:22 +0000] "GET /?wp_scrape_key=2e70ac1f876331b8284a4cbc7369846b&wp_scrape_nonce=473069649 HTTP/1.1" 200 54240 "-" "WordPress/6.8.3; https://dreamspos.uk"
115.244.222.166 - - [23/Feb/2026:07:27:22 +0000] "POST /wp-admin/admin-ajax.php HTTP/1.1" 200 74 "https://dreamspos.uk/wp-admin/theme-editor.php?file=templates%2Fheader%2Fheader-style-1.php&theme=dreamslanding" "Mozilla/5.0 (Windows NT 10.0; Win64; x64) AppleWebKit/537.36 (KHTML, like Gecko) Chrome/145.0.0.0 Safari/537.36"
172.187.168.139 - - [23/Feb/2026:07:27:23 +0000] "POST /wp-cron.php?doing_wp_cron=1771831643.8608820438385009765625 HTTP/1.1" 200 31 "-" "WordPress/6.8.3; https://dreamspos.uk"
115.244.222.166 - - [23/Feb/2026:07:27:24 +0000] "GET / HTTP/1.1" 200 54246 "https://dreamspos.uk/wp-admin/theme-editor.php?file=templates%2Fheader%2Fheader-style-1.php&theme=dreamslanding" "Mozilla/5.0 (Windows NT 10.0; Win64; x64) AppleWebKit/537.36 (KHTML, like Gecko) Chrome/145.0.0.0 Safari/537.36"
115.244.222.166 - - [23/Feb/2026:07:27:26 +0000] "GET /wp-content/themes/dreamslanding/assets/img/footer-bg.png HTTP/1.1" 404 21929 "https://dreamspos.uk/wp-content/themes/dreamslanding/assets/css/style.css" "Mozilla/5.0 (Windows NT 10.0; Win64; x64) AppleWebKit/537.36 (KHTML, like Gecko) Chrome/145.0.0.0 Safari/537.36"
115.244.222.166 - - [23/Feb/2026:07:27:44 +0000] "GET /wp-admin/customize.php?url=https%3A%2F%2Fdreamspos.uk%2F HTTP/1.1" 200 97040 "https://dreamspos.uk/" "Mozilla/5.0 (Windows NT 10.0; Win64; x64) AppleWebKit/537.36 (KHTML, like Gecko) Chrome/145.0.0.0 Safari/537.36"
115.244.222.166 - - [23/Feb/2026:07:27:47 +0000] "GET /?customize_changeset_uuid=2834d9e1-ee0f-40df-91ef-18669f80207c&customize_theme=dreamslanding&customize_messenger_channel=preview-0 HTTP/1.1" 200 53775 "https://dreamspos.uk/wp-admin/customize.php?url=https%3A%2F%2Fdreamspos.uk%2F" "Mozilla/5.0 (Windows NT 10.0; Win64; x64) AppleWebKit/537.36 (KHTML, like Gecko) Chrome/145.0.0.0 Safari/537.36"
115.244.222.166 - - [23/Feb/2026:07:27:50 +0000] "GET /wp-content/themes/dreamslanding/assets/img/footer-bg.png HTTP/1.1" 404 21929 "https://dreamspos.uk/wp-content/themes/dreamslanding/assets/css/style.css" "Mozilla/5.0 (Windows NT 10.0; Win64; x64) AppleWebKit/537.36 (KHTML, like Gecko) Chrome/145.0.0.0 Safari/537.36"
115.244.222.166 - - [23/Feb/2026:07:28:02 +0000] "POST /wp-admin/admin-ajax.php HTTP/1.1" 200 182 "https://dreamspos.uk/wp-admin/customize.php?url=https%3A%2F%2Fdreamspos.uk%2F" "Mozilla/5.0 (Windows NT 10.0; Win64; x64) AppleWebKit/537.36 (KHTML, like Gecko) Chrome/145.0.0.0 Safari/537.36"
115.244.222.166 - - [23/Feb/2026:07:28:03 +0000] "POST /wp-admin/admin-ajax.php HTTP/1.1" 200 1441 "https://dreamspos.uk/wp-admin/customize.php?url=https%3A%2F%2Fdreamspos.uk%2F" "Mozilla/5.0 (Windows NT 10.0; Win64; x64) AppleWebKit/537.36 (KHTML, like Gecko) Chrome/145.0.0.0 Safari/537.36"
115.244.222.166 - - [23/Feb/2026:07:28:08 +0000] "POST /wp-admin/admin-ajax.php HTTP/1.1" 200 58 "https://dreamspos.uk/wp-admin/theme-editor.php?file=templates%2Fheader%2Fheader-style-1.php&theme=dreamslanding" "Mozilla/5.0 (Windows NT 10.0; Win64; x64) AppleWebKit/537.36 (KHTML, like Gecko) Chrome/145.0.0.0 Safari/537.36"
115.244.222.166 - - [23/Feb/2026:07:28:10 +0000] "POST /wp-admin/admin-ajax.php HTTP/1.1" 404 61 "https://dreamspos.uk/wp-admin/customize.php?url=https%3A%2F%2Fdreamspos.uk%2F" "Mozilla/5.0 (Windows NT 10.0; Win64; x64) AppleWebKit/537.36 (KHTML, like Gecko) Chrome/145.0.0.0 Safari/537.36"
115.244.222.166 - - [23/Feb/2026:07:28:10 +0000] "GET / HTTP/1.1" 200 54383 "https://dreamspos.uk/wp-admin/customize.php?url=https%3A%2F%2Fdreamspos.uk%2F" "Mozilla/5.0 (Windows NT 10.0; Win64; x64) AppleWebKit/537.36 (KHTML, like Gecko) Chrome/145.0.0.0 Safari/537.36"
115.244.222.166 - - [23/Feb/2026:07:28:13 +0000] "GET /wp-content/themes/dreamslanding/assets/img/footer-bg.png HTTP/1.1" 404 22064 "https://dreamspos.uk/wp-content/themes/dreamslanding/assets/css/style.css" "Mozilla/5.0 (Windows NT 10.0; Win64; x64) AppleWebKit/537.36 (KHTML, like Gecko) Chrome/145.0.0.0 Safari/537.36"
115.244.222.166 - - [23/Feb/2026:07:28:17 +0000] "GET / HTTP/1.1" 200 54383 "https://dreamspos.uk/wp-admin/customize.php?url=https%3A%2F%2Fdreamspos.uk%2F" "Mozilla/5.0 (Windows NT 10.0; Win64; x64) AppleWebKit/537.36 (KHTML, like Gecko) Chrome/145.0.0.0 Safari/537.36"
115.244.222.166 - - [23/Feb/2026:07:28:19 +0000] "GET /wp-content/themes/dreamslanding/assets/img/footer-bg.png HTTP/1.1" 404 22064 "https://dreamspos.uk/wp-content/themes/dreamslanding/assets/css/style.css" "Mozilla/5.0 (Windows NT 10.0; Win64; x64) AppleWebKit/537.36 (KHTML, like Gecko) Chrome/145.0.0.0 Safari/537.36"
122.186.150.42 - - [23/Feb/2026:07:29:03 +0000] "GET /wp-json/google-site-kit/v1/modules/search-console/data/searchanalytics?startDate=2025-12-29&endDate=2026-02-22&dimensions=date&url=https%3A%2F%2Fdreamspos.uk%2F&reportID=adminbar_admin-bar-clicks_component_reportArgs&_locale=user HTTP/1.1" 200 5561 "https://dreamspos.uk/" "Mozilla/5.0 (Windows NT 10.0; Win64; x64) AppleWebKit/537.36 (KHTML, like Gecko) Chrome/145.0.0.0 Safari/537.36"
172.187.168.139 - - [23/Feb/2026:07:29:03 +0000] "POST /wp-cron.php?doing_wp_cron=1771831743.1933639049530029296875 HTTP/1.1" 200 31 "-" "WordPress/6.8.3; https://dreamspos.uk"
122.186.150.42 - - [23/Feb/2026:07:29:04 +0000] "GET /wp-json/google-site-kit/v1/modules/search-console/data/searchanalytics?startDate=2025-12-29&endDate=2026-02-22&dimensions=date&url=https%3A%2F%2Fdreamspos.uk%2F&reportID=adminbar_admin-bar-impressions_component_reportArgs&_locale=user HTTP/1.1" 200 5561 "https://dreamspos.uk/" "Mozilla/5.0 (Windows NT 10.0; Win64; x64) AppleWebKit/537.36 (KHTML, like Gecko) Chrome/145.0.0.0 Safari/537.36"
122.186.150.42 - - [23/Feb/2026:07:29:04 +0000] "GET /wp-json/google-site-kit/v1/modules/analytics-4/data/report?metrics%5B0%5D%5Bname%5D=totalUsers&startDate=2026-01-26&endDate=2026-02-22&compareStartDate=2025-12-29&compareEndDate=2026-01-25&url=https%3A%2F%2Fdreamspos.uk%2F&reportID=adminbar_admin-bar-unique-visitors-ga4_component_reportArgs&_locale=user HTTP/1.1" 200 987 "https://dreamspos.uk/" "Mozilla/5.0 (Windows NT 10.0; Win64; x64) AppleWebKit/537.36 (KHTML, like Gecko) Chrome/145.0.0.0 Safari/537.36"
122.186.150.42 - - [23/Feb/2026:07:29:04 +0000] "GET /wp-json/google-site-kit/v1/modules/analytics-4/data/report?metrics%5B0%5D%5Bname%5D=sessions&dimensions%5B0%5D%5Bname%5D=date&startDate=2026-01-26&endDate=2026-02-22&compareStartDate=2025-12-29&compareEndDate=2026-01-25&limit=10&url=https%3A%2F%2Fdreamspos.uk%2F&reportID=adminbar_admin-bar-sessions-ga4_component_reportArgs&_locale=user HTTP/1.1" 200 12104 "https://dreamspos.uk/" "Mozilla/5.0 (Windows NT 10.0; Win64; x64) AppleWebKit/537.36 (KHTML, like Gecko) Chrome/145.0.0.0 Safari/537.36"
115.244.222.166 - - [23/Feb/2026:07:29:05 +0000] "GET /wp-admin/customize.php?url=https%3A%2F%2Fdreamspos.uk%2F HTTP/1.1" 200 97079 "https://dreamspos.uk/" "Mozilla/5.0 (Windows NT 10.0; Win64; x64) AppleWebKit/537.36 (KHTML, like Gecko) Chrome/145.0.0.0 Safari/537.36"
