115.244.222.166 - - [23/Feb/2026:07:29:08 +0000] "GET /?customize_changeset_uuid=a544a07b-cc67-4708-b25f-067e6b1449f1&customize_theme=dreamslanding&customize_messenger_channel=preview-0 HTTP/1.1" 200 54100 "https://dreamspos.uk/wp-admin/customize.php?url=https%3A%2F%2Fdreamspos.uk%2F" "Mozilla/5.0 (Windows NT 10.0; Win64; x64) AppleWebKit/537.36 (KHTML, like Gecko) Chrome/145.0.0.0 Safari/537.36"
115.244.222.166 - - [23/Feb/2026:07:29:09 +0000] "GET /wp-content/themes/dreamslanding/assets/img/footer-bg.png HTTP/1.1" 404 22064 "https://dreamspos.uk/wp-content/themes/dreamslanding/assets/css/style.css" "Mozilla/5.0 (Windows NT 10.0; Win64; x64) AppleWebKit/537.36 (KHTML, like Gecko) Chrome/145.0.0.0 Safari/537.36"
115.244.222.166 - - [23/Feb/2026:07:29:22 +0000] "POST /wp-admin/admin-ajax.php HTTP/1.1" 200 182 "https://dreamspos.uk/wp-admin/customize.php?url=https%3A%2F%2Fdreamspos.uk%2F" "Mozilla/5.0 (Windows NT 10.0; Win64; x64) AppleWebKit/537.36 (KHTML, like Gecko) Chrome/145.0.0.0 Safari/537.36"
172.187.168.139 - - [23/Feb/2026:07:29:24 +0000] "POST /wp-cron.php?doing_wp_cron=1771831764.2021269798278808593750 HTTP/1.1" 200 31 "-" "WordPress/6.8.3; https://dreamspos.uk"
115.244.222.166 - - [23/Feb/2026:07:29:24 +0000] "POST /wp-admin/admin-ajax.php HTTP/1.1" 200 1441 "https://dreamspos.uk/wp-admin/customize.php?url=https%3A%2F%2Fdreamspos.uk%2F" "Mozilla/5.0 (Windows NT 10.0; Win64; x64) AppleWebKit/537.36 (KHTML, like Gecko) Chrome/145.0.0.0 Safari/537.36"
115.244.222.166 - - [23/Feb/2026:07:29:25 +0000] "POST /wp-admin/admin-ajax.php HTTP/1.1" 200 58 "https://dreamspos.uk/wp-admin/theme-editor.php?file=templates%2Fheader%2Fheader-style-1.php&theme=dreamslanding" "Mozilla/5.0 (Windows NT 10.0; Win64; x64) AppleWebKit/537.36 (KHTML, like Gecko) Chrome/145.0.0.0 Safari/537.36"
115.244.222.166 - - [23/Feb/2026:07:29:27 +0000] "GET / HTTP/1.1" 200 54519 "https://dreamspos.uk/wp-admin/theme-editor.php?file=templates%2Fheader%2Fheader-style-1.php&theme=dreamslanding" "Mozilla/5.0 (Windows NT 10.0; Win64; x64) AppleWebKit/537.36 (KHTML, like Gecko) Chrome/145.0.0.0 Safari/537.36"
115.244.222.166 - - [23/Feb/2026:07:29:29 +0000] "GET /wp-content/themes/dreamslanding/assets/img/footer-bg.png HTTP/1.1" 404 22195 "https://dreamspos.uk/wp-content/themes/dreamslanding/assets/css/style.css" "Mozilla/5.0 (Windows NT 10.0; Win64; x64) AppleWebKit/537.36 (KHTML, like Gecko) Chrome/145.0.0.0 Safari/537.36"
115.244.222.166 - - [23/Feb/2026:07:29:30 +0000] "GET /wp-json/google-site-kit/v1/modules/analytics-4/data/report?metrics%5B0%5D%5Bname%5D=totalUsers&startDate=2026-01-26&endDate=2026-02-22&compareStartDate=2025-12-29&compareEndDate=2026-01-25&url=https%3A%2F%2Fdreamspos.uk%2F&reportID=adminbar_admin-bar-unique-visitors-ga4_component_reportArgs&_locale=user HTTP/1.1" 200 987 "https://dreamspos.uk/" "Mozilla/5.0 (Windows NT 10.0; Win64; x64) AppleWebKit/537.36 (KHTML, like Gecko) Chrome/145.0.0.0 Safari/537.36"
115.244.222.166 - - [23/Feb/2026:07:29:30 +0000] "GET /wp-json/google-site-kit/v1/modules/search-console/data/searchanalytics?startDate=2025-12-29&endDate=2026-02-22&dimensions=date&url=https%3A%2F%2Fdreamspos.uk%2F&reportID=adminbar_admin-bar-impressions_component_reportArgs&_locale=user HTTP/1.1" 200 5567 "https://dreamspos.uk/" "Mozilla/5.0 (Windows NT 10.0; Win64; x64) AppleWebKit/537.36 (KHTML, like Gecko) Chrome/145.0.0.0 Safari/537.36"
115.244.222.166 - - [23/Feb/2026:07:29:30 +0000] "GET /wp-json/google-site-kit/v1/modules/search-console/data/searchanalytics?startDate=2025-12-29&endDate=2026-02-22&dimensions=date&url=https%3A%2F%2Fdreamspos.uk%2F&reportID=adminbar_admin-bar-clicks_component_reportArgs&_locale=user HTTP/1.1" 200 5561 "https://dreamspos.uk/" "Mozilla/5.0 (Windows NT 10.0; Win64; x64) AppleWebKit/537.36 (KHTML, like Gecko) Chrome/145.0.0.0 Safari/537.36"
115.244.222.166 - - [23/Feb/2026:07:29:32 +0000] "GET /wp-json/google-site-kit/v1/modules/analytics-4/data/report?metrics%5B0%5D%5Bname%5D=sessions&dimensions%5B0%5D%5Bname%5D=date&startDate=2026-01-26&endDate=2026-02-22&compareStartDate=2025-12-29&compareEndDate=2026-01-25&limit=10&url=https%3A%2F%2Fdreamspos.uk%2F&reportID=adminbar_admin-bar-sessions-ga4_component_reportArgs&_locale=user HTTP/1.1" 200 12098 "https://dreamspos.uk/" "Mozilla/5.0 (Windows NT 10.0; Win64; x64) AppleWebKit/537.36 (KHTML, like Gecko) Chrome/145.0.0.0 Safari/537.36"
115.244.222.166 - - [23/Feb/2026:07:29:47 +0000] "POST /wp-admin/admin-ajax.php HTTP/1.1" 200 182 "https://dreamspos.uk/wp-admin/customize.php?url=https%3A%2F%2Fdreamspos.uk%2F" "Mozilla/5.0 (Windows NT 10.0; Win64; x64) AppleWebKit/537.36 (KHTML, like Gecko) Chrome/145.0.0.0 Safari/537.36"
115.244.222.166 - - [23/Feb/2026:07:29:47 +0000] "POST /wp-admin/admin-ajax.php HTTP/1.1" 200 1441 "https://dreamspos.uk/wp-admin/customize.php?url=https%3A%2F%2Fdreamspos.uk%2F" "Mozilla/5.0 (Windows NT 10.0; Win64; x64) AppleWebKit/537.36 (KHTML, like Gecko) Chrome/145.0.0.0 Safari/537.36"
115.244.222.166 - - [23/Feb/2026:07:29:51 +0000] "GET / HTTP/1.1" 200 54536 "https://dreamspos.uk/wp-admin/theme-editor.php?file=templates%2Fheader%2Fheader-style-1.php&theme=dreamslanding" "Mozilla/5.0 (Windows NT 10.0; Win64; x64) AppleWebKit/537.36 (KHTML, like Gecko) Chrome/145.0.0.0 Safari/537.36"
115.244.222.166 - - [23/Feb/2026:07:29:53 +0000] "GET /wp-content/themes/dreamslanding/assets/img/footer-bg.png HTTP/1.1" 404 22207 "https://dreamspos.uk/wp-content/themes/dreamslanding/assets/css/style.css" "Mozilla/5.0 (Windows NT 10.0; Win64; x64) AppleWebKit/537.36 (KHTML, like Gecko) Chrome/145.0.0.0 Safari/537.36"
115.244.222.166 - - [23/Feb/2026:07:30:08 +0000] "POST /wp-admin/admin-ajax.php HTTP/1.1" 200 58 "https://dreamspos.uk/wp-admin/customize.php?url=https%3A%2F%2Fdreamspos.uk%2F" "Mozilla/5.0 (Windows NT 10.0; Win64; x64) AppleWebKit/537.36 (KHTML, like Gecko) Chrome/145.0.0.0 Safari/537.36"
114.119.138.173 - - [23/Feb/2026:07:30:17 +0000] "GET /wp-content/uploads/2026/02/front-view-woman-working-bakery-1-scaled.jpg HTTP/1.1" 200 401388 "https://dreamspos.uk/top-restaurant-pos-software-2026-dreamspos-vs-toast-for-worldwide-operations/" "Mozilla/5.0 (Linux; Android 7.0;) AppleWebKit/537.36 (KHTML, like Gecko) Mobile Safari/537.36 (compatible; PetalBot;+https://webmaster.petalsearch.com/site/petalbot)"
172.187.168.139 - - [23/Feb/2026:07:30:26 +0000] "POST /wp-cron.php?doing_wp_cron=1771831826.2102100849151611328125 HTTP/1.1" 200 31 "-" "WordPress/6.8.3; https://dreamspos.uk"
115.244.222.166 - - [23/Feb/2026:07:30:26 +0000] "POST /wp-admin/admin-ajax.php HTTP/1.1" 200 58 "https://dreamspos.uk/wp-admin/theme-editor.php?file=templates%2Fheader%2Fheader-style-1.php&theme=dreamslanding" "Mozilla/5.0 (Windows NT 10.0; Win64; x64) AppleWebKit/537.36 (KHTML, like Gecko) Chrome/145.0.0.0 Safari/537.36"
115.244.222.166 - - [23/Feb/2026:07:30:41 +0000] "POST /wp-admin/admin-ajax.php HTTP/1.1" 200 182 "https://dreamspos.uk/wp-admin/customize.php?url=https%3A%2F%2Fdreamspos.uk%2F" "Mozilla/5.0 (Windows NT 10.0; Win64; x64) AppleWebKit/537.36 (KHTML, like Gecko) Chrome/145.0.0.0 Safari/537.36"
115.244.222.166 - - [23/Feb/2026:07:30:42 +0000] "POST /wp-admin/admin-ajax.php HTTP/1.1" 200 1441 "https://dreamspos.uk/wp-admin/customize.php?url=https%3A%2F%2Fdreamspos.uk%2F" "Mozilla/5.0 (Windows NT 10.0; Win64; x64) AppleWebKit/537.36 (KHTML, like Gecko) Chrome/145.0.0.0 Safari/537.36"
115.244.222.166 - - [23/Feb/2026:07:30:46 +0000] "GET / HTTP/1.1" 200 54662 "https://dreamspos.uk/wp-admin/theme-editor.php?file=templates%2Fheader%2Fheader-style-1.php&theme=dreamslanding" "Mozilla/5.0 (Windows NT 10.0; Win64; x64) AppleWebKit/537.36 (KHTML, like Gecko) Chrome/145.0.0.0 Safari/537.36"
115.244.222.166 - - [23/Feb/2026:07:30:47 +0000] "GET /wp-content/themes/dreamslanding/assets/img/footer-bg.png HTTP/1.1" 404 22342 "https://dreamspos.uk/wp-content/themes/dreamslanding/assets/css/style.css" "Mozilla/5.0 (Windows NT 10.0; Win64; x64) AppleWebKit/537.36 (KHTML, like Gecko) Chrome/145.0.0.0 Safari/537.36"
115.244.222.166 - - [23/Feb/2026:07:31:08 +0000] "POST /wp-admin/admin-ajax.php HTTP/1.1" 200 58 "https://dreamspos.uk/wp-admin/customize.php?url=https%3A%2F%2Fdreamspos.uk%2F" "Mozilla/5.0 (Windows NT 10.0; Win64; x64) AppleWebKit/537.36 (KHTML, like Gecko) Chrome/145.0.0.0 Safari/537.36"
122.186.150.42 - - [23/Feb/2026:07:32:07 +0000] "POST /wp-admin/admin-ajax.php HTTP/1.1" 200 182 "https://dreamspos.uk/wp-admin/customize.php?url=https%3A%2F%2Fdreamspos.uk%2F" "Mozilla/5.0 (Windows NT 10.0; Win64; x64) AppleWebKit/537.36 (KHTML, like Gecko) Chrome/145.0.0.0 Safari/537.36"
172.187.168.139 - - [23/Feb/2026:07:32:07 +0000] "POST /wp-cron.php?doing_wp_cron=1771831927.7422409057617187500000 HTTP/1.1" 200 31 "-" "WordPress/6.8.3; https://dreamspos.uk"
122.186.150.42 - - [23/Feb/2026:07:32:07 +0000] "POST /wp-admin/admin-ajax.php HTTP/1.1" 200 1441 "https://dreamspos.uk/wp-admin/customize.php?url=https%3A%2F%2Fdreamspos.uk%2F" "Mozilla/5.0 (Windows NT 10.0; Win64; x64) AppleWebKit/537.36 (KHTML, like Gecko) Chrome/145.0.0.0 Safari/537.36"
122.186.150.42 - - [23/Feb/2026:07:32:08 +0000] "POST /wp-admin/admin-ajax.php HTTP/1.1" 200 58 "https://dreamspos.uk/wp-admin/customize.php?url=https%3A%2F%2Fdreamspos.uk%2F" "Mozilla/5.0 (Windows NT 10.0; Win64; x64) AppleWebKit/537.36 (KHTML, like Gecko) Chrome/145.0.0.0 Safari/537.36"
122.186.150.42 - - [23/Feb/2026:07:32:14 +0000] "GET / HTTP/1.1" 200 54515 "https://dreamspos.uk/wp-admin/theme-editor.php?file=templates%2Fheader%2Fheader-style-1.php&theme=dreamslanding" "Mozilla/5.0 (Windows NT 10.0; Win64; x64) AppleWebKit/537.36 (KHTML, like Gecko) Chrome/145.0.0.0 Safari/537.36"
122.186.150.42 - - [23/Feb/2026:07:32:15 +0000] "GET /wp-content/themes/dreamslanding/assets/img/footer-bg.png HTTP/1.1" 404 22208 "https://dreamspos.uk/wp-content/themes/dreamslanding/assets/css/style.css" "Mozilla/5.0 (Windows NT 10.0; Win64; x64) AppleWebKit/537.36 (KHTML, like Gecko) Chrome/145.0.0.0 Safari/537.36"
172.187.168.139 - - [23/Feb/2026:07:32:27 +0000] "POST /wp-cron.php?doing_wp_cron=1771831947.5047180652618408203125 HTTP/1.1" 200 31 "-" "WordPress/6.8.3; https://dreamspos.uk"
122.186.150.42 - - [23/Feb/2026:07:32:27 +0000] "POST /wp-admin/admin-ajax.php HTTP/1.1" 200 58 "https://dreamspos.uk/wp-admin/theme-editor.php?file=templates%2Fheader%2Fheader-style-1.php&theme=dreamslanding" "Mozilla/5.0 (Windows NT 10.0; Win64; x64) AppleWebKit/537.36 (KHTML, like Gecko) Chrome/145.0.0.0 Safari/537.36"
122.186.150.42 - - [23/Feb/2026:07:33:04 +0000] "POST /wp-admin/admin-ajax.php HTTP/1.1" 200 182 "https://dreamspos.uk/wp-admin/customize.php?url=https%3A%2F%2Fdreamspos.uk%2F" "Mozilla/5.0 (Windows NT 10.0; Win64; x64) AppleWebKit/537.36 (KHTML, like Gecko) Chrome/145.0.0.0 Safari/537.36"
122.186.150.42 - - [23/Feb/2026:07:33:12 +0000] "POST /wp-admin/admin-ajax.php HTTP/1.1" 200 1441 "https://dreamspos.uk/wp-admin/customize.php?url=https%3A%2F%2Fdreamspos.uk%2F" "Mozilla/5.0 (Windows NT 10.0; Win64; x64) AppleWebKit/537.36 (KHTML, like Gecko) Chrome/145.0.0.0 Safari/537.36"
122.186.150.42 - - [23/Feb/2026:07:33:12 +0000] "POST /wp-admin/admin-ajax.php HTTP/1.1" 200 58 "https://dreamspos.uk/wp-admin/customize.php?url=https%3A%2F%2Fdreamspos.uk%2F" "Mozilla/5.0 (Windows NT 10.0; Win64; x64) AppleWebKit/537.36 (KHTML, like Gecko) Chrome/145.0.0.0 Safari/537.36"
122.186.150.42 - - [23/Feb/2026:07:33:12 +0000] "GET / HTTP/1.1" 200 54745 "https://dreamspos.uk/wp-admin/theme-editor.php?file=templates%2Fheader%2Fheader-style-1.php&theme=dreamslanding" "Mozilla/5.0 (Windows NT 10.0; Win64; x64) AppleWebKit/537.36 (KHTML, like Gecko) Chrome/145.0.0.0 Safari/537.36"
122.186.150.42 - - [23/Feb/2026:07:33:14 +0000] "GET /wp-content/themes/dreamslanding/assets/img/footer-bg.png HTTP/1.1" 404 22445 "https://dreamspos.uk/wp-content/themes/dreamslanding/assets/css/style.css" "Mozilla/5.0 (Windows NT 10.0; Win64; x64) AppleWebKit/537.36 (KHTML, like Gecko) Chrome/145.0.0.0 Safari/537.36"
172.187.168.139 - - [23/Feb/2026:07:33:28 +0000] "POST /wp-cron.php?doing_wp_cron=1771832008.1745231151580810546875 HTTP/1.1" 200 31 "-" "WordPress/6.8.3; https://dreamspos.uk"
122.186.150.42 - - [23/Feb/2026:07:33:28 +0000] "POST /wp-admin/admin-ajax.php HTTP/1.1" 200 58 "https://dreamspos.uk/wp-admin/theme-editor.php?file=templates%2Fheader%2Fheader-style-1.php&theme=dreamslanding" "Mozilla/5.0 (Windows NT 10.0; Win64; x64) AppleWebKit/537.36 (KHTML, like Gecko) Chrome/145.0.0.0 Safari/537.36"
122.186.150.42 - - [23/Feb/2026:07:33:30 +0000] "POST /wp-admin/admin-ajax.php HTTP/1.1" 200 182 "https://dreamspos.uk/wp-admin/customize.php?url=https%3A%2F%2Fdreamspos.uk%2F" "Mozilla/5.0 (Windows NT 10.0; Win64; x64) AppleWebKit/537.36 (KHTML, like Gecko) Chrome/145.0.0.0 Safari/537.36"
122.186.150.42 - - [23/Feb/2026:07:33:30 +0000] "POST /wp-admin/admin-ajax.php HTTP/1.1" 200 1441 "https://dreamspos.uk/wp-admin/customize.php?url=https%3A%2F%2Fdreamspos.uk%2F" "Mozilla/5.0 (Windows NT 10.0; Win64; x64) AppleWebKit/537.36 (KHTML, like Gecko) Chrome/145.0.0.0 Safari/537.36"
122.186.150.42 - - [23/Feb/2026:07:33:32 +0000] "GET / HTTP/1.1" 200 54246 "https://dreamspos.uk/wp-admin/theme-editor.php?file=templates%2Fheader%2Fheader-style-1.php&theme=dreamslanding" "Mozilla/5.0 (Windows NT 10.0; Win64; x64) AppleWebKit/537.36 (KHTML, like Gecko) Chrome/145.0.0.0 Safari/537.36"
122.186.150.42 - - [23/Feb/2026:07:33:33 +0000] "GET /wp-content/themes/dreamslanding/assets/img/footer-bg.png HTTP/1.1" 404 21928 "https://dreamspos.uk/wp-content/themes/dreamslanding/assets/css/style.css" "Mozilla/5.0 (Windows NT 10.0; Win64; x64) AppleWebKit/537.36 (KHTML, like Gecko) Chrome/145.0.0.0 Safari/537.36"
122.186.150.42 - - [23/Feb/2026:07:34:11 +0000] "POST /wp-admin/admin-ajax.php HTTP/1.1" 200 58 "https://dreamspos.uk/wp-admin/customize.php?url=https%3A%2F%2Fdreamspos.uk%2F" "Mozilla/5.0 (Windows NT 10.0; Win64; x64) AppleWebKit/537.36 (KHTML, like Gecko) Chrome/145.0.0.0 Safari/537.36"
122.186.150.42 - - [23/Feb/2026:07:35:11 +0000] "POST /wp-admin/admin-ajax.php HTTP/1.1" 200 58 "https://dreamspos.uk/wp-admin/customize.php?url=https%3A%2F%2Fdreamspos.uk%2F" "Mozilla/5.0 (Windows NT 10.0; Win64; x64) AppleWebKit/537.36 (KHTML, like Gecko) Chrome/145.0.0.0 Safari/537.36"
172.187.168.139 - - [23/Feb/2026:07:35:20 +0000] "POST /wp-cron.php?doing_wp_cron=1771832120.7370591163635253906250 HTTP/1.1" 200 31 "-" "WordPress/6.8.3; https://dreamspos.uk"
115.244.222.166 - - [23/Feb/2026:07:35:20 +0000] "POST /wp-admin/admin-ajax.php HTTP/1.1" 200 58 "https://dreamspos.uk/wp-admin/theme-editor.php?file=templates%2Fheader%2Fheader-style-1.php&theme=dreamslanding" "Mozilla/5.0 (Windows NT 10.0; Win64; x64) AppleWebKit/537.36 (KHTML, like Gecko) Chrome/145.0.0.0 Safari/537.36"
122.186.150.42 - - [23/Feb/2026:07:36:11 +0000] "POST /wp-admin/admin-ajax.php HTTP/1.1" 200 58 "https://dreamspos.uk/wp-admin/customize.php?url=https%3A%2F%2Fdreamspos.uk%2F" "Mozilla/5.0 (Windows NT 10.0; Win64; x64) AppleWebKit/537.36 (KHTML, like Gecko) Chrome/145.0.0.0 Safari/537.36"
172.187.168.139 - - [23/Feb/2026:07:36:20 +0000] "POST /wp-cron.php?doing_wp_cron=1771832180.6598019599914550781250 HTTP/1.1" 200 31 "-" "WordPress/6.8.3; https://dreamspos.uk"
115.244.222.166 - - [23/Feb/2026:07:36:20 +0000] "POST /wp-admin/admin-ajax.php HTTP/1.1" 200 58 "https://dreamspos.uk/wp-admin/theme-editor.php?file=templates%2Fheader%2Fheader-style-1.php&theme=dreamslanding" "Mozilla/5.0 (Windows NT 10.0; Win64; x64) AppleWebKit/537.36 (KHTML, like Gecko) Chrome/145.0.0.0 Safari/537.36"
122.186.150.42 - - [23/Feb/2026:07:37:12 +0000] "POST /wp-admin/admin-ajax.php HTTP/1.1" 200 58 "https://dreamspos.uk/wp-admin/customize.php?url=https%3A%2F%2Fdreamspos.uk%2F" "Mozilla/5.0 (Windows NT 10.0; Win64; x64) AppleWebKit/537.36 (KHTML, like Gecko) Chrome/145.0.0.0 Safari/537.36"
172.187.168.139 - - [23/Feb/2026:07:37:20 +0000] "POST /wp-cron.php?doing_wp_cron=1771832240.5569128990173339843750 HTTP/1.1" 200 31 "-" "WordPress/6.8.3; https://dreamspos.uk"
122.186.150.42 - - [23/Feb/2026:07:37:20 +0000] "POST /wp-admin/admin-ajax.php HTTP/1.1" 200 58 "https://dreamspos.uk/wp-admin/theme-editor.php?file=templates%2Fheader%2Fheader-style-1.php&theme=dreamslanding" "Mozilla/5.0 (Windows NT 10.0; Win64; x64) AppleWebKit/537.36 (KHTML, like Gecko) Chrome/145.0.0.0 Safari/537.36"
172.187.168.139 - - [23/Feb/2026:07:38:12 +0000] "POST /wp-cron.php?doing_wp_cron=1771832292.1876931190490722656250 HTTP/1.1" 200 31 "-" "WordPress/6.8.3; https://dreamspos.uk"
122.186.150.42 - - [23/Feb/2026:07:38:12 +0000] "POST /wp-admin/admin-ajax.php HTTP/1.1" 200 58 "https://dreamspos.uk/wp-admin/customize.php?url=https%3A%2F%2Fdreamspos.uk%2F" "Mozilla/5.0 (Windows NT 10.0; Win64; x64) AppleWebKit/537.36 (KHTML, like Gecko) Chrome/145.0.0.0 Safari/537.36"
172.187.168.139 - - [23/Feb/2026:07:38:14 +0000] "GET /wp-admin/theme-editor.php?theme=dreamslanding&file=templates%2Fheader%2Fheader-style-1.php&wp_scrape_key=954349e0f4f37cc224937732fca2ddf7&wp_scrape_nonce=1404350359 HTTP/1.1" 200 36952 "-" "WordPress/6.8.3; https://dreamspos.uk"
172.187.168.139 - - [23/Feb/2026:07:38:15 +0000] "GET /?wp_scrape_key=954349e0f4f37cc224937732fca2ddf7&wp_scrape_nonce=1404350359 HTTP/1.1" 200 54217 "-" "WordPress/6.8.3; https://dreamspos.uk"
122.186.150.42 - - [23/Feb/2026:07:38:15 +0000] "POST /wp-admin/admin-ajax.php HTTP/1.1" 200 74 "https://dreamspos.uk/wp-admin/theme-editor.php?file=templates%2Fheader%2Fheader-style-1.php&theme=dreamslanding" "Mozilla/5.0 (Windows NT 10.0; Win64; x64) AppleWebKit/537.36 (KHTML, like Gecko) Chrome/145.0.0.0 Safari/537.36"
115.244.222.166 - - [23/Feb/2026:07:38:21 +0000] "POST /wp-admin/admin-ajax.php HTTP/1.1" 200 58 "https://dreamspos.uk/wp-admin/theme-editor.php?file=templates%2Fheader%2Fheader-style-1.php&theme=dreamslanding" "Mozilla/5.0 (Windows NT 10.0; Win64; x64) AppleWebKit/537.36 (KHTML, like Gecko) Chrome/145.0.0.0 Safari/537.36"
172.187.168.139 - - [23/Feb/2026:07:38:25 +0000] "POST /wp-cron.php?doing_wp_cron=1771832305.5208280086517333984375 HTTP/1.1" 200 31 "-" "WordPress/6.8.3; https://dreamspos.uk"
115.244.222.166 - - [23/Feb/2026:07:38:26 +0000] "GET / HTTP/1.1" 200 54213 "https://dreamspos.uk/wp-admin/theme-editor.php?file=templates%2Fheader%2Fheader-style-1.php&theme=dreamslanding" "Mozilla/5.0 (Windows NT 10.0; Win64; x64) AppleWebKit/537.36 (KHTML, like Gecko) Chrome/145.0.0.0 Safari/537.36"
115.244.222.166 - - [23/Feb/2026:07:38:28 +0000] "GET /wp-content/themes/dreamslanding/assets/img/footer-bg.png HTTP/1.1" 404 21928 "https://dreamspos.uk/wp-content/themes/dreamslanding/assets/css/style.css" "Mozilla/5.0 (Windows NT 10.0; Win64; x64) AppleWebKit/537.36 (KHTML, like Gecko) Chrome/145.0.0.0 Safari/537.36"
172.187.168.139 - - [23/Feb/2026:07:38:43 +0000] "POST /wp-cron.php?doing_wp_cron=1771832323.1207408905029296875000 HTTP/1.1" 200 31 "-" "WordPress/6.8.3; https://dreamspos.uk"
54.37.118.64 - - [23/Feb/2026:07:38:43 +0000] "GET /top-restaurant-pos-systems-ranked-for-2026/feed/ HTTP/1.1" 200 829 "-" "Mozilla/5.0 (compatible; AhrefsBot/7.0; +http://ahrefs.com/robot/)"
122.186.150.42 - - [23/Feb/2026:07:39:13 +0000] "POST /wp-admin/admin-ajax.php HTTP/1.1" 200 58 "https://dreamspos.uk/wp-admin/customize.php?url=https%3A%2F%2Fdreamspos.uk%2F" "Mozilla/5.0 (Windows NT 10.0; Win64; x64) AppleWebKit/537.36 (KHTML, like Gecko) Chrome/145.0.0.0 Safari/537.36"
122.186.150.42 - - [23/Feb/2026:07:39:19 +0000] "POST /wp-admin/admin-ajax.php HTTP/1.1" 200 141 "https://dreamspos.uk/wp-admin/customize.php?url=https%3A%2F%2Fdreamspos.uk%2F" "Mozilla/5.0 (Windows NT 10.0; Win64; x64) AppleWebKit/537.36 (KHTML, like Gecko) Chrome/145.0.0.0 Safari/537.36"
122.186.150.42 - - [23/Feb/2026:07:39:19 +0000] "POST /wp-admin/admin-ajax.php HTTP/1.1" 404 61 "https://dreamspos.uk/wp-admin/customize.php?url=https%3A%2F%2Fdreamspos.uk%2F" "Mozilla/5.0 (Windows NT 10.0; Win64; x64) AppleWebKit/537.36 (KHTML, like Gecko) Chrome/145.0.0.0 Safari/537.36"
122.186.150.42 - - [23/Feb/2026:07:39:20 +0000] "GET / HTTP/1.1" 200 54189 "https://dreamspos.uk/wp-admin/customize.php?url=https%3A%2F%2Fdreamspos.uk%2F" "Mozilla/5.0 (Windows NT 10.0; Win64; x64) AppleWebKit/537.36 (KHTML, like Gecko) Chrome/145.0.0.0 Safari/537.36"
122.186.150.42 - - [23/Feb/2026:07:39:22 +0000] "GET /wp-content/themes/dreamslanding/assets/img/footer-bg.png HTTP/1.1" 404 21928 "https://dreamspos.uk/wp-content/themes/dreamslanding/assets/css/style.css" "Mozilla/5.0 (Windows NT 10.0; Win64; x64) AppleWebKit/537.36 (KHTML, like Gecko) Chrome/145.0.0.0 Safari/537.36"
172.187.168.139 - - [23/Feb/2026:07:39:23 +0000] "POST /wp-cron.php?doing_wp_cron=1771832363.1658060550689697265625 HTTP/1.1" 200 31 "-" "WordPress/6.8.3; https://dreamspos.uk"
122.186.150.42 - - [23/Feb/2026:07:39:23 +0000] "POST /wp-admin/admin-ajax.php HTTP/1.1" 200 58 "https://dreamspos.uk/wp-admin/theme-editor.php?file=templates%2Fheader%2Fheader-style-1.php&theme=dreamslanding" "Mozilla/5.0 (Windows NT 10.0; Win64; x64) AppleWebKit/537.36 (KHTML, like Gecko) Chrome/145.0.0.0 Safari/537.36"
122.186.150.42 - - [23/Feb/2026:07:39:24 +0000] "GET /wp-admin/customize.php?url=https%3A%2F%2Fdreamspos.uk%2F HTTP/1.1" 200 97081 "https://dreamspos.uk/" "Mozilla/5.0 (Windows NT 10.0; Win64; x64) AppleWebKit/537.36 (KHTML, like Gecko) Chrome/145.0.0.0 Safari/537.36"
122.186.150.42 - - [23/Feb/2026:07:39:27 +0000] "GET /?customize_changeset_uuid=ccbc34de-e547-4554-96fe-f2819d431d04&customize_theme=dreamslanding&customize_messenger_channel=preview-0 HTTP/1.1" 200 53748 "https://dreamspos.uk/wp-admin/customize.php?url=https%3A%2F%2Fdreamspos.uk%2F" "Mozilla/5.0 (Windows NT 10.0; Win64; x64) AppleWebKit/537.36 (KHTML, like Gecko) Chrome/145.0.0.0 Safari/537.36"
122.186.150.42 - - [23/Feb/2026:07:39:29 +0000] "GET /wp-content/themes/dreamslanding/assets/img/footer-bg.png HTTP/1.1" 404 21928 "https://dreamspos.uk/wp-content/themes/dreamslanding/assets/css/style.css" "Mozilla/5.0 (Windows NT 10.0; Win64; x64) AppleWebKit/537.36 (KHTML, like Gecko) Chrome/145.0.0.0 Safari/537.36"
122.186.150.42 - - [23/Feb/2026:07:39:33 +0000] "POST /wp-admin/admin-ajax.php HTTP/1.1" 200 57 "https://dreamspos.uk/wp-admin/customize.php?url=https%3A%2F%2Fdreamspos.uk%2F" "Mozilla/5.0 (Windows NT 10.0; Win64; x64) AppleWebKit/537.36 (KHTML, like Gecko) Chrome/145.0.0.0 Safari/537.36"
122.186.150.42 - - [23/Feb/2026:07:39:41 +0000] "POST /wp-admin/admin-ajax.php HTTP/1.1" 200 182 "https://dreamspos.uk/wp-admin/customize.php?url=https%3A%2F%2Fdreamspos.uk%2F" "Mozilla/5.0 (Windows NT 10.0; Win64; x64) AppleWebKit/537.36 (KHTML, like Gecko) Chrome/145.0.0.0 Safari/537.36"
122.186.150.42 - - [23/Feb/2026:07:39:42 +0000] "POST /wp-admin/admin-ajax.php HTTP/1.1" 200 1441 "https://dreamspos.uk/wp-admin/customize.php?url=https%3A%2F%2Fdreamspos.uk%2F" "Mozilla/5.0 (Windows NT 10.0; Win64; x64) AppleWebKit/537.36 (KHTML, like Gecko) Chrome/145.0.0.0 Safari/537.36"
122.186.150.42 - - [23/Feb/2026:07:39:45 +0000] "GET / HTTP/1.1" 200 54348 "https://dreamspos.uk/wp-admin/theme-editor.php?file=templates%2Fheader%2Fheader-style-1.php&theme=dreamslanding" "Mozilla/5.0 (Windows NT 10.0; Win64; x64) AppleWebKit/537.36 (KHTML, like Gecko) Chrome/145.0.0.0 Safari/537.36"
122.186.150.42 - - [23/Feb/2026:07:39:47 +0000] "GET /wp-content/themes/dreamslanding/assets/img/footer-bg.png HTTP/1.1" 404 22129 "https://dreamspos.uk/wp-content/themes/dreamslanding/assets/css/style.css" "Mozilla/5.0 (Windows NT 10.0; Win64; x64) AppleWebKit/537.36 (KHTML, like Gecko) Chrome/145.0.0.0 Safari/537.36"
122.186.150.42 - - [23/Feb/2026:07:40:22 +0000] "POST /wp-admin/admin-ajax.php HTTP/1.1" 200 58 "https://dreamspos.uk/wp-admin/theme-editor.php?file=templates%2Fheader%2Fheader-style-1.php&theme=dreamslanding" "Mozilla/5.0 (Windows NT 10.0; Win64; x64) AppleWebKit/537.36 (KHTML, like Gecko) Chrome/145.0.0.0 Safari/537.36"
172.187.168.139 - - [23/Feb/2026:07:40:23 +0000] "GET /wp-admin/theme-editor.php?theme=dreamslanding&file=templates%2Fheader%2Fheader-style-1.php&wp_scrape_key=902a61783d2db7ecb7ae77fb6020d944&wp_scrape_nonce=1005844238 HTTP/1.1" 200 36949 "-" "WordPress/6.8.3; https://dreamspos.uk"
172.187.168.139 - - [23/Feb/2026:07:40:24 +0000] "POST /wp-cron.php?doing_wp_cron=1771832424.0981609821319580078125 HTTP/1.1" 200 31 "-" "WordPress/6.8.3; https://dreamspos.uk"
172.187.168.139 - - [23/Feb/2026:07:40:24 +0000] "GET /?wp_scrape_key=902a61783d2db7ecb7ae77fb6020d944&wp_scrape_nonce=1005844238 HTTP/1.1" 200 54338 "-" "WordPress/6.8.3; https://dreamspos.uk"
122.186.150.42 - - [23/Feb/2026:07:40:24 +0000] "POST /wp-admin/admin-ajax.php HTTP/1.1" 200 74 "https://dreamspos.uk/wp-admin/theme-editor.php?file=templates%2Fheader%2Fheader-style-1.php&theme=dreamslanding" "Mozilla/5.0 (Windows NT 10.0; Win64; x64) AppleWebKit/537.36 (KHTML, like Gecko) Chrome/145.0.0.0 Safari/537.36"
122.186.150.42 - - [23/Feb/2026:07:40:26 +0000] "POST /wp-admin/admin-ajax.php HTTP/1.1" 200 58 "https://dreamspos.uk/wp-admin/customize.php?url=https%3A%2F%2Fdreamspos.uk%2F" "Mozilla/5.0 (Windows NT 10.0; Win64; x64) AppleWebKit/537.36 (KHTML, like Gecko) Chrome/145.0.0.0 Safari/537.36"
122.186.150.42 - - [23/Feb/2026:07:40:30 +0000] "GET / HTTP/1.1" 200 54348 "https://dreamspos.uk/wp-admin/theme-editor.php?file=templates%2Fheader%2Fheader-style-1.php&theme=dreamslanding" "Mozilla/5.0 (Windows NT 10.0; Win64; x64) AppleWebKit/537.36 (KHTML, like Gecko) Chrome/145.0.0.0 Safari/537.36"
122.186.150.42 - - [23/Feb/2026:07:40:31 +0000] "GET /wp-content/themes/dreamslanding/assets/img/footer-bg.png HTTP/1.1" 404 22129 "https://dreamspos.uk/wp-content/themes/dreamslanding/assets/css/style.css" "Mozilla/5.0 (Windows NT 10.0; Win64; x64) AppleWebKit/537.36 (KHTML, like Gecko) Chrome/145.0.0.0 Safari/537.36"
115.244.222.166 - - [23/Feb/2026:07:41:00 +0000] "GET / HTTP/1.1" 200 40895 "https://dreamspos.uk/employee-management/" "Mozilla/5.0 (Windows NT 10.0; Win64; x64) AppleWebKit/537.36 (KHTML, like Gecko) Chrome/145.0.0.0 Safari/537.36"
115.244.222.166 - - [23/Feb/2026:07:41:02 +0000] "GET /wp-content/themes/dreamslanding/assets/img/footer-bg.png HTTP/1.1" 404 14881 "https://dreamspos.uk/wp-content/themes/dreamslanding/assets/css/style.css" "Mozilla/5.0 (Windows NT 10.0; Win64; x64) AppleWebKit/537.36 (KHTML, like Gecko) Chrome/145.0.0.0 Safari/537.36"
172.187.168.139 - - [23/Feb/2026:07:41:23 +0000] "POST /wp-cron.php?doing_wp_cron=1771832483.3992629051208496093750 HTTP/1.1" 200 31 "-" "WordPress/6.8.3; https://dreamspos.uk"
122.186.150.42 - - [23/Feb/2026:07:41:23 +0000] "POST /wp-admin/admin-ajax.php HTTP/1.1" 200 58 "https://dreamspos.uk/wp-admin/theme-editor.php?file=templates%2Fheader%2Fheader-style-1.php&theme=dreamslanding" "Mozilla/5.0 (Windows NT 10.0; Win64; x64) AppleWebKit/537.36 (KHTML, like Gecko) Chrome/145.0.0.0 Safari/537.36"
115.244.222.166 - - [23/Feb/2026:07:41:58 +0000] "POST /wp-admin/admin-ajax.php HTTP/1.1" 200 58 "https://dreamspos.uk/wp-admin/customize.php?url=https%3A%2F%2Fdreamspos.uk%2F" "Mozilla/5.0 (Windows NT 10.0; Win64; x64) AppleWebKit/537.36 (KHTML, like Gecko) Chrome/145.0.0.0 Safari/537.36"
172.187.168.139 - - [23/Feb/2026:07:53:03 +0000] "POST /wp-cron.php?doing_wp_cron=1771833183.2391090393066406250000 HTTP/1.1" 200 31 "-" "WordPress/6.8.3; https://dreamspos.uk"
85.208.96.198 - - [23/Feb/2026:07:53:03 +0000] "GET /robots.txt HTTP/1.1" 200 181 "-" "Mozilla/5.0 (compatible; SemrushBot/7~bl; +http://www.semrush.com/bot.html)"
185.191.171.3 - - [23/Feb/2026:07:53:04 +0000] "GET /author/admin/ HTTP/1.1" 200 24642 "-" "Mozilla/5.0 (compatible; SemrushBot/7~bl; +http://www.semrush.com/bot.html)"
114.119.138.173 - - [23/Feb/2026:08:06:16 +0000] "GET /wp-content/uploads/2026/02/family-shopping-with-face-mask-scaled.jpg HTTP/1.1" 200 513349 "https://dreamspos.uk/best-pos-for-small-business-one-time-payment-vs-subscription/" "Mozilla/5.0 (Linux; Android 7.0;) AppleWebKit/537.36 (KHTML, like Gecko) Mobile Safari/537.36 (compatible; PetalBot;+https://webmaster.petalsearch.com/site/petalbot)"
172.187.168.139 - - [23/Feb/2026:08:07:44 +0000] "POST /wp-cron.php?doing_wp_cron=1771834063.9818110466003417968750 HTTP/1.1" 200 31 "-" "WordPress/6.8.3; https://dreamspos.uk"
209.97.174.196 - - [23/Feb/2026:08:07:44 +0000] "GET / HTTP/1.1" 200 40895 "-" "python-requests/2.27.1"
172.187.168.139 - - [23/Feb/2026:08:10:07 +0000] "POST /wp-cron.php?doing_wp_cron=1771834207.2963089942932128906250 HTTP/1.1" 200 31 "-" "WordPress/6.8.3; https://dreamspos.uk"
144.79.220.240 - - [23/Feb/2026:08:10:07 +0000] "GET /wp-content/themes/dreamslanding/assets/img/footer-bg.png HTTP/1.1" 404 14881 "https://dreamspos.uk/wp-content/themes/dreamslanding/assets/css/style.css" "Mozilla/5.0 (Windows NT 10.0; Win64; x64) AppleWebKit/537.36 (KHTML, like Gecko) Chrome/145.0.0.0 Safari/537.36"
144.79.220.240 - - [23/Feb/2026:08:10:22 +0000] "GET / HTTP/1.1" 200 40895 "https://dreamspos.uk/" "Mozilla/5.0 (Windows NT 10.0; Win64; x64) AppleWebKit/537.36 (KHTML, like Gecko) Chrome/145.0.0.0 Safari/537.36"
144.79.220.240 - - [23/Feb/2026:08:10:22 +0000] "GET /wp-content/plugins/country-phone-field-contact-form-7/assets/css/intlTelInput.min.css?ver=6.8.3 HTTP/1.1" 304 0 "https://dreamspos.uk/" "Mozilla/5.0 (Windows NT 10.0; Win64; x64) AppleWebKit/537.36 (KHTML, like Gecko) Chrome/145.0.0.0 Safari/537.36"
144.79.220.240 - - [23/Feb/2026:08:10:23 +0000] "GET /wp-content/themes/dreamslanding/assets/css/feather.css HTTP/1.1" 304 0 "https://dreamspos.uk/" "Mozilla/5.0 (Windows NT 10.0; Win64; x64) AppleWebKit/537.36 (KHTML, like Gecko) Chrome/145.0.0.0 Safari/537.36"
144.79.220.240 - - [23/Feb/2026:08:10:23 +0000] "GET /wp-content/themes/dreamslanding/assets/plugins/owlcarousel/owl.theme.default.min.css HTTP/1.1" 304 0 "https://dreamspos.uk/" "Mozilla/5.0 (Windows NT 10.0; Win64; x64) AppleWebKit/537.36 (KHTML, like Gecko) Chrome/145.0.0.0 Safari/537.36"
144.79.220.240 - - [23/Feb/2026:08:10:23 +0000] "GET /wp-content/themes/dreamslanding/assets/css/lity.css HTTP/1.1" 304 0 "https://dreamspos.uk/" "Mozilla/5.0 (Windows NT 10.0; Win64; x64) AppleWebKit/537.36 (KHTML, like Gecko) Chrome/145.0.0.0 Safari/537.36"
144.79.220.240 - - [23/Feb/2026:08:10:23 +0000] "GET /wp-content/themes/dreamslanding/assets/plugins/fontawesome/css/fontawesome.min.css HTTP/1.1" 304 0 "https://dreamspos.uk/" "Mozilla/5.0 (Windows NT 10.0; Win64; x64) AppleWebKit/537.36 (KHTML, like Gecko) Chrome/145.0.0.0 Safari/537.36"
144.79.220.240 - - [23/Feb/2026:08:10:23 +0000] "GET /wp-content/themes/dreamslanding/assets/plugins/fontawesome/css/all.min.css HTTP/1.1" 304 0 "https://dreamspos.uk/" "Mozilla/5.0 (Windows NT 10.0; Win64; x64) AppleWebKit/537.36 (KHTML, like Gecko) Chrome/145.0.0.0 Safari/537.36"
144.79.220.240 - - [23/Feb/2026:08:10:23 +0000] "GET /wp-includes/js/jquery/jquery-migrate.min.js?ver=3.4.1 HTTP/1.1" 304 0 "https://dreamspos.uk/" "Mozilla/5.0 (Windows NT 10.0; Win64; x64) AppleWebKit/537.36 (KHTML, like Gecko) Chrome/145.0.0.0 Safari/537.36"
144.79.220.240 - - [23/Feb/2026:08:10:23 +0000] "GET /wp-content/themes/dreamslanding/style.css HTTP/1.1" 304 0 "https://dreamspos.uk/" "Mozilla/5.0 (Windows NT 10.0; Win64; x64) AppleWebKit/537.36 (KHTML, like Gecko) Chrome/145.0.0.0 Safari/537.36"
144.79.220.240 - - [23/Feb/2026:08:10:23 +0000] "GET /wp-content/themes/dreamslanding/assets/css/theme-default.css HTTP/1.1" 304 0 "https://dreamspos.uk/" "Mozilla/5.0 (Windows NT 10.0; Win64; x64) AppleWebKit/537.36 (KHTML, like Gecko) Chrome/145.0.0.0 Safari/537.36"
144.79.220.240 - - [23/Feb/2026:08:10:23 +0000] "GET /wp-content/themes/dreamslanding/assets/img/icons/envelope-icon.svg HTTP/1.1" 304 0 "https://dreamspos.uk/" "Mozilla/5.0 (Windows NT 10.0; Win64; x64) AppleWebKit/537.36 (KHTML, like Gecko) Chrome/145.0.0.0 Safari/537.36"
144.79.220.240 - - [23/Feb/2026:08:10:23 +0000] "GET /wp-content/plugins/elementor/assets/css/frontend.min.css?ver=3.33.1 HTTP/1.1" 304 0 "https://dreamspos.uk/" "Mozilla/5.0 (Windows NT 10.0; Win64; x64) AppleWebKit/537.36 (KHTML, like Gecko) Chrome/145.0.0.0 Safari/537.36"
144.79.220.240 - - [23/Feb/2026:08:10:23 +0000] "GET /wp-content/themes/dreamslanding/assets/plugins/owlcarousel/owl.carousel.min.css HTTP/1.1" 304 0 "https://dreamspos.uk/" "Mozilla/5.0 (Windows NT 10.0; Win64; x64) AppleWebKit/537.36 (KHTML, like Gecko) Chrome/145.0.0.0 Safari/537.36"
144.79.220.240 - - [23/Feb/2026:08:10:23 +0000] "GET /wp-content/plugins/country-phone-field-contact-form-7/assets/css/countrySelect.min.css?ver=6.8.3 HTTP/1.1" 304 0 "https://dreamspos.uk/" "Mozilla/5.0 (Windows NT 10.0; Win64; x64) AppleWebKit/537.36 (KHTML, like Gecko) Chrome/145.0.0.0 Safari/537.36"
144.79.220.240 - - [23/Feb/2026:08:10:23 +0000] "GET /wp-content/themes/dreamslanding/assets/plugins/aos/aos.css HTTP/1.1" 304 0 "https://dreamspos.uk/" "Mozilla/5.0 (Windows NT 10.0; Win64; x64) AppleWebKit/537.36 (KHTML, like Gecko) Chrome/145.0.0.0 Safari/537.36"
144.79.220.240 - - [23/Feb/2026:08:10:23 +0000] "GET /wp-includes/js/jquery/jquery.min.js?ver=3.7.1 HTTP/1.1" 304 0 "https://dreamspos.uk/" "Mozilla/5.0 (Windows NT 10.0; Win64; x64) AppleWebKit/537.36 (KHTML, like Gecko) Chrome/145.0.0.0 Safari/537.36"
144.79.220.240 - - [23/Feb/2026:08:10:23 +0000] "GET /wp-content/plugins/contact-form-7/includes/css/styles.css?ver=6.1.3 HTTP/1.1" 304 0 "https://dreamspos.uk/" "Mozilla/5.0 (Windows NT 10.0; Win64; x64) AppleWebKit/537.36 (KHTML, like Gecko) Chrome/145.0.0.0 Safari/537.36"
144.79.220.240 - - [23/Feb/2026:08:10:23 +0000] "GET /wp-content/uploads/elementor/css/post-6.css?ver=1768902681 HTTP/1.1" 304 0 "https://dreamspos.uk/" "Mozilla/5.0 (Windows NT 10.0; Win64; x64) AppleWebKit/537.36 (KHTML, like Gecko) Chrome/145.0.0.0 Safari/537.36"
144.79.220.240 - - [23/Feb/2026:08:10:23 +0000] "GET /wp-content/plugins/essential-addons-for-elementor-lite/assets/front-end/css/view/general.min.css?ver=6.5.1 HTTP/1.1" 304 0 "https://dreamspos.uk/" "Mozilla/5.0 (Windows NT 10.0; Win64; x64) AppleWebKit/537.36 (KHTML, like Gecko) Chrome/145.0.0.0 Safari/537.36"
144.79.220.240 - - [23/Feb/2026:08:10:23 +0000] "GET /wp-content/themes/dreamslanding/assets/css/style.css HTTP/1.1" 304 0 "https://dreamspos.uk/" "Mozilla/5.0 (Windows NT 10.0; Win64; x64) AppleWebKit/537.36 (KHTML, like Gecko) Chrome/145.0.0.0 Safari/537.36"
144.79.220.240 - - [23/Feb/2026:08:10:23 +0000] "GET /wp-content/plugins/click-to-chat-for-whatsapp/new/inc/assets/css/main.css?ver=4.35 HTTP/1.1" 304 0 "https://dreamspos.uk/" "Mozilla/5.0 (Windows NT 10.0; Win64; x64) AppleWebKit/537.36 (KHTML, like Gecko) Chrome/145.0.0.0 Safari/537.36"
144.79.220.240 - - [23/Feb/2026:08:10:23 +0000] "GET /wp-content/themes/dreamslanding/assets/plugins/tabler-icons/tabler-icons.css HTTP/1.1" 304 0 "https://dreamspos.uk/" "Mozilla/5.0 (Windows NT 10.0; Win64; x64) AppleWebKit/537.36 (KHTML, like Gecko) Chrome/145.0.0.0 Safari/537.36"
144.79.220.240 - - [23/Feb/2026:08:10:23 +0000] "GET /wp-content/themes/dreamslanding/assets/plugins/swiper/swiper-bundle.min.css HTTP/1.1" 304 0 "https://dreamspos.uk/" "Mozilla/5.0 (Windows NT 10.0; Win64; x64) AppleWebKit/537.36 (KHTML, like Gecko) Chrome/145.0.0.0 Safari/537.36"
144.79.220.240 - - [23/Feb/2026:08:10:23 +0000] "GET /wp-content/themes/dreamslanding/assets/css/bootstrap.min.css HTTP/1.1" 304 0 "https://dreamspos.uk/" "Mozilla/5.0 (Windows NT 10.0; Win64; x64) AppleWebKit/537.36 (KHTML, like Gecko) Chrome/145.0.0.0 Safari/537.36"
144.79.220.240 - - [23/Feb/2026:08:10:23 +0000] "GET /wp-content/themes/dreamslanding/assets/css/theme-woocommerce.css HTTP/1.1" 304 0 "https://dreamspos.uk/" "Mozilla/5.0 (Windows NT 10.0; Win64; x64) AppleWebKit/537.36 (KHTML, like Gecko) Chrome/145.0.0.0 Safari/537.36"
144.79.220.240 - - [23/Feb/2026:08:10:23 +0000] "GET /wp-content/themes/dreamslanding/assets/img/icons/phone-icon.svg HTTP/1.1" 304 0 "https://dreamspos.uk/" "Mozilla/5.0 (Windows NT 10.0; Win64; x64) AppleWebKit/537.36 (KHTML, like Gecko) Chrome/145.0.0.0 Safari/537.36"
144.79.220.240 - - [23/Feb/2026:08:10:23 +0000] "GET /wp-includes/js/dist/i18n.min.js?ver=5e580eb46a90c2b997e6 HTTP/1.1" 304 0 "https://dreamspos.uk/" "Mozilla/5.0 (Windows NT 10.0; Win64; x64) AppleWebKit/537.36 (KHTML, like Gecko) Chrome/145.0.0.0 Safari/537.36"
144.79.220.240 - - [23/Feb/2026:08:10:23 +0000] "GET /wp-content/plugins/contact-form-7/includes/js/index.js?ver=6.1.3 HTTP/1.1" 304 0 "https://dreamspos.uk/" "Mozilla/5.0 (Windows NT 10.0; Win64; x64) AppleWebKit/537.36 (KHTML, like Gecko) Chrome/145.0.0.0 Safari/537.36"
144.79.220.240 - - [23/Feb/2026:08:10:23 +0000] "GET /wp-content/themes/dreamslanding/assets/js/bootstrap.bundle.min.js HTTP/1.1" 304 0 "https://dreamspos.uk/" "Mozilla/5.0 (Windows NT 10.0; Win64; x64) AppleWebKit/537.36 (KHTML, like Gecko) Chrome/145.0.0.0 Safari/537.36"
144.79.220.240 - - [23/Feb/2026:08:10:23 +0000] "GET /wp-content/themes/dreamslanding/assets/plugins/owlcarousel/owl.carousel.min.js HTTP/1.1" 304 0 "https://dreamspos.uk/" "Mozilla/5.0 (Windows NT 10.0; Win64; x64) AppleWebKit/537.36 (KHTML, like Gecko) Chrome/145.0.0.0 Safari/537.36"
144.79.220.240 - - [23/Feb/2026:08:10:23 +0000] "GET /wp-content/themes/dreamslanding/assets/js/backToTop.js HTTP/1.1" 304 0 "https://dreamspos.uk/" "Mozilla/5.0 (Windows NT 10.0; Win64; x64) AppleWebKit/537.36 (KHTML, like Gecko) Chrome/145.0.0.0 Safari/537.36"
144.79.220.240 - - [23/Feb/2026:08:10:23 +0000] "GET /wp-content/themes/dreamslanding/assets/plugins/swiper/swiper-bundle.min.js HTTP/1.1" 304 0 "https://dreamspos.uk/" "Mozilla/5.0 (Windows NT 10.0; Win64; x64) AppleWebKit/537.36 (KHTML, like Gecko) Chrome/145.0.0.0 Safari/537.36"
144.79.220.240 - - [23/Feb/2026:08:10:23 +0000] "GET /wp-content/plugins/elementor/assets/js/frontend-modules.min.js?ver=3.33.1 HTTP/1.1" 304 0 "https://dreamspos.uk/" "Mozilla/5.0 (Windows NT 10.0; Win64; x64) AppleWebKit/537.36 (KHTML, like Gecko) Chrome/145.0.0.0 Safari/537.36"
144.79.220.240 - - [23/Feb/2026:08:10:23 +0000] "GET /wp-content/plugins/elementor/assets/js/frontend.min.js?ver=3.33.1 HTTP/1.1" 304 0 "https://dreamspos.uk/" "Mozilla/5.0 (Windows NT 10.0; Win64; x64) AppleWebKit/537.36 (KHTML, like Gecko) Chrome/145.0.0.0 Safari/537.36"
144.79.220.240 - - [23/Feb/2026:08:10:23 +0000] "GET /wp-content/uploads/2025/11/trust-02.svg HTTP/1.1" 304 0 "https://dreamspos.uk/" "Mozilla/5.0 (Windows NT 10.0; Win64; x64) AppleWebKit/537.36 (KHTML, like Gecko) Chrome/145.0.0.0 Safari/537.36"
144.79.220.240 - - [23/Feb/2026:08:10:23 +0000] "GET /wp-content/themes/dreamslanding/assets/plugins/aos/aos.js HTTP/1.1" 304 0 "https://dreamspos.uk/" "Mozilla/5.0 (Windows NT 10.0; Win64; x64) AppleWebKit/537.36 (KHTML, like Gecko) Chrome/145.0.0.0 Safari/537.36"
144.79.220.240 - - [23/Feb/2026:08:10:23 +0000] "GET /wp-content/themes/dreamslanding/assets/js/script.js HTTP/1.1" 304 0 "https://dreamspos.uk/" "Mozilla/5.0 (Windows NT 10.0; Win64; x64) AppleWebKit/537.36 (KHTML, like Gecko) Chrome/145.0.0.0 Safari/537.36"
144.79.220.240 - - [23/Feb/2026:08:10:23 +0000] "GET /wp-content/uploads/2026/02/room-with-lot-bottles-bottle-shelf-scaled.jpg HTTP/1.1" 304 0 "https://dreamspos.uk/" "Mozilla/5.0 (Windows NT 10.0; Win64; x64) AppleWebKit/537.36 (KHTML, like Gecko) Chrome/145.0.0.0 Safari/537.36"
144.79.220.240 - - [23/Feb/2026:08:10:23 +0000] "GET /wp-content/uploads/2026/02/3d-rendering-business-meeting-working-room-office-building-scaled.jpg HTTP/1.1" 304 0 "https://dreamspos.uk/" "Mozilla/5.0 (Windows NT 10.0; Win64; x64) AppleWebKit/537.36 (KHTML, like Gecko) Chrome/145.0.0.0 Safari/537.36"
144.79.220.240 - - [23/Feb/2026:08:10:23 +0000] "GET /wp-includes/js/jquery/ui/core.min.js?ver=1.13.3 HTTP/1.1" 304 0 "https://dreamspos.uk/" "Mozilla/5.0 (Windows NT 10.0; Win64; x64) AppleWebKit/537.36 (KHTML, like Gecko) Chrome/145.0.0.0 Safari/537.36"
144.79.220.240 - - [23/Feb/2026:08:10:23 +0000] "GET /wp-content/uploads/2026/02/beauty-salon-template-design-scaled.jpg HTTP/1.1" 304 0 "https://dreamspos.uk/" "Mozilla/5.0 (Windows NT 10.0; Win64; x64) AppleWebKit/537.36 (KHTML, like Gecko) Chrome/145.0.0.0 Safari/537.36"
144.79.220.240 - - [23/Feb/2026:08:10:23 +0000] "GET /wp-content/uploads/2026/02/call-center-office-team-people-with-telemarketing-communication-customer-support-telecom-startup-talking-computer-chat-business-woman-employees-agent-consulting-agency-company-scaled.jpg HTTP/1.1" 304 0 "https://dreamspos.uk/" "Mozilla/5.0 (Windows NT 10.0; Win64; x64) AppleWebKit/537.36 (KHTML, like Gecko) Chrome/145.0.0.0 Safari/537.36"
144.79.220.240 - - [23/Feb/2026:08:10:23 +0000] "GET /wp-content/themes/dreamslanding/assets/img/icons/footer-02.svg HTTP/1.1" 304 0 "https://dreamspos.uk/" "Mozilla/5.0 (Windows NT 10.0; Win64; x64) AppleWebKit/537.36 (KHTML, like Gecko) Chrome/145.0.0.0 Safari/537.36"
144.79.220.240 - - [23/Feb/2026:08:10:23 +0000] "GET /wp-content/uploads/2026/02/Madras-Masala-Logo-scaled.png HTTP/1.1" 304 0 "https://dreamspos.uk/" "Mozilla/5.0 (Windows NT 10.0; Win64; x64) AppleWebKit/537.36 (KHTML, like Gecko) Chrome/145.0.0.0 Safari/537.36"
144.79.220.240 - - [23/Feb/2026:08:10:23 +0000] "GET /wp-content/uploads/2025/11/trust-01.svg HTTP/1.1" 304 0 "https://dreamspos.uk/" "Mozilla/5.0 (Windows NT 10.0; Win64; x64) AppleWebKit/537.36 (KHTML, like Gecko) Chrome/145.0.0.0 Safari/537.36"
144.79.220.240 - - [23/Feb/2026:08:10:23 +0000] "GET /wp-content/uploads/2026/02/food-trucks-serving-gourmet-meals-outdoor-festival-scaled.jpg HTTP/1.1" 304 0 "https://dreamspos.uk/" "Mozilla/5.0 (Windows NT 10.0; Win64; x64) AppleWebKit/537.36 (KHTML, like Gecko) Chrome/145.0.0.0 Safari/537.36"
144.79.220.240 - - [23/Feb/2026:08:10:23 +0000] "GET /wp-content/themes/dreamslanding/assets/img/icons/footer-04.svg HTTP/1.1" 304 0 "https://dreamspos.uk/" "Mozilla/5.0 (Windows NT 10.0; Win64; x64) AppleWebKit/537.36 (KHTML, like Gecko) Chrome/145.0.0.0 Safari/537.36"
144.79.220.240 - - [23/Feb/2026:08:10:23 +0000] "GET /wp-content/uploads/2026/02/doctor-checking-diagnosis-paralyzed-disabled-senior-woman-wheelchair-sitting-reception-room-scaled.jpg HTTP/1.1" 304 0 "https://dreamspos.uk/" "Mozilla/5.0 (Windows NT 10.0; Win64; x64) AppleWebKit/537.36 (KHTML, like Gecko) Chrome/145.0.0.0 Safari/537.36"
144.79.220.240 - - [23/Feb/2026:08:10:23 +0000] "GET /wp-content/themes/dreamslanding/assets/images/logo.svg HTTP/1.1" 304 0 "https://dreamspos.uk/" "Mozilla/5.0 (Windows NT 10.0; Win64; x64) AppleWebKit/537.36 (KHTML, like Gecko) Chrome/145.0.0.0 Safari/537.36"
144.79.220.240 - - [23/Feb/2026:08:10:23 +0000] "GET /wp-content/plugins/elementor/assets/js/webpack.runtime.min.js?ver=3.33.1 HTTP/1.1" 304 0 "https://dreamspos.uk/" "Mozilla/5.0 (Windows NT 10.0; Win64; x64) AppleWebKit/537.36 (KHTML, like Gecko) Chrome/145.0.0.0 Safari/537.36"
144.79.220.240 - - [23/Feb/2026:08:10:23 +0000] "GET /wp-content/plugins/country-phone-field-contact-form-7/assets/js/countrySelect.min.js?ver=6.8.3 HTTP/1.1" 304 0 "https://dreamspos.uk/" "Mozilla/5.0 (Windows NT 10.0; Win64; x64) AppleWebKit/537.36 (KHTML, like Gecko) Chrome/145.0.0.0 Safari/537.36"
144.79.220.240 - - [23/Feb/2026:08:10:23 +0000] "GET /wp-content/uploads/2026/02/interior-bar-design-scaled.jpg HTTP/1.1" 304 0 "https://dreamspos.uk/" "Mozilla/5.0 (Windows NT 10.0; Win64; x64) AppleWebKit/537.36 (KHTML, like Gecko) Chrome/145.0.0.0 Safari/537.36"
144.79.220.240 - - [23/Feb/2026:08:10:24 +0000] "GET /wp-content/uploads/2026/02/interior-grocery-store-scaled.jpg HTTP/1.1" 304 0 "https://dreamspos.uk/" "Mozilla/5.0 (Windows NT 10.0; Win64; x64) AppleWebKit/537.36 (KHTML, like Gecko) Chrome/145.0.0.0 Safari/537.36"
144.79.220.240 - - [23/Feb/2026:08:10:24 +0000] "GET /wp-content/themes/dreamslanding/assets/img/icons/social-02.svg HTTP/1.1" 304 0 "https://dreamspos.uk/" "Mozilla/5.0 (Windows NT 10.0; Win64; x64) AppleWebKit/537.36 (KHTML, like Gecko) Chrome/145.0.0.0 Safari/537.36"
144.79.220.240 - - [23/Feb/2026:08:10:24 +0000] "GET /wp-includes/js/dist/hooks.min.js?ver=4d63a3d491d11ffd8ac6 HTTP/1.1" 304 0 "https://dreamspos.uk/" "Mozilla/5.0 (Windows NT 10.0; Win64; x64) AppleWebKit/537.36 (KHTML, like Gecko) Chrome/145.0.0.0 Safari/537.36"
144.79.220.240 - - [23/Feb/2026:08:10:24 +0000] "GET /wp-content/uploads/2026/02/pharmacy-shelves-filled-with-variety-prescription-medications-scaled.jpg HTTP/1.1" 304 0 "https://dreamspos.uk/" "Mozilla/5.0 (Windows NT 10.0; Win64; x64) AppleWebKit/537.36 (KHTML, like Gecko) Chrome/145.0.0.0 Safari/537.36"
144.79.220.240 - - [23/Feb/2026:08:10:24 +0000] "GET /wp-content/themes/dreamslanding/assets/img/icons/footer-03.svg HTTP/1.1" 304 0 "https://dreamspos.uk/" "Mozilla/5.0 (Windows NT 10.0; Win64; x64) AppleWebKit/537.36 (KHTML, like Gecko) Chrome/145.0.0.0 Safari/537.36"
144.79.220.240 - - [23/Feb/2026:08:10:24 +0000] "GET /wp-content/themes/dreamslanding/assets/js/lity.js HTTP/1.1" 304 0 "https://dreamspos.uk/" "Mozilla/5.0 (Windows NT 10.0; Win64; x64) AppleWebKit/537.36 (KHTML, like Gecko) Chrome/145.0.0.0 Safari/537.36"
144.79.220.240 - - [23/Feb/2026:08:10:24 +0000] "GET /wp-content/uploads/2026/02/business-people-conversation-with-laptop-office-communication-brainstorming-digital-collaboration-creative-team-graphic-designers-online-with-technology-visual-project-scaled.jpg HTTP/1.1" 304 0 "https://dreamspos.uk/" "Mozilla/5.0 (Windows NT 10.0; Win64; x64) AppleWebKit/537.36 (KHTML, like Gecko) Chrome/145.0.0.0 Safari/537.36"
144.79.220.240 - - [23/Feb/2026:08:10:24 +0000] "GET /wp-content/plugins/essential-addons-for-elementor-lite/assets/front-end/js/view/general.min.js?ver=6.5.1 HTTP/1.1" 304 0 "https://dreamspos.uk/" "Mozilla/5.0 (Windows NT 10.0; Win64; x64) AppleWebKit/537.36 (KHTML, like Gecko) Chrome/145.0.0.0 Safari/537.36"
144.79.220.240 - - [23/Feb/2026:08:10:24 +0000] "GET /wp-content/plugins/country-phone-field-contact-form-7/assets/js/intlTelInput.min.js?ver=6.8.3 HTTP/1.1" 304 0 "https://dreamspos.uk/" "Mozilla/5.0 (Windows NT 10.0; Win64; x64) AppleWebKit/537.36 (KHTML, like Gecko) Chrome/145.0.0.0 Safari/537.36"
144.79.220.240 - - [23/Feb/2026:08:10:24 +0000] "GET /wp-content/uploads/2026/02/paralyzed-asian-employee-working-call-center-reception-disability-friendly-office-female-operator-wheelchair-user-with-impairment-giving-assistance-customer-service-helpline-scaled.jpg HTTP/1.1" 304 0 "https://dreamspos.uk/" "Mozilla/5.0 (Windows NT 10.0; Win64; x64) AppleWebKit/537.36 (KHTML, like Gecko) Chrome/145.0.0.0 Safari/537.36"
144.79.220.240 - - [23/Feb/2026:08:10:24 +0000] "GET /wp-content/plugins/dreamslanding-widgets/assets/js/dreamslandingelementor-elementor.js?ver=6.8.3 HTTP/1.1" 304 0 "https://dreamspos.uk/" "Mozilla/5.0 (Windows NT 10.0; Win64; x64) AppleWebKit/537.36 (KHTML, like Gecko) Chrome/145.0.0.0 Safari/537.36"
144.79.220.240 - - [23/Feb/2026:08:10:24 +0000] "GET /wp-content/uploads/2026/02/stylish-retail-store-with-strategic-product-placement-flow.jpg HTTP/1.1" 304 0 "https://dreamspos.uk/" "Mozilla/5.0 (Windows NT 10.0; Win64; x64) AppleWebKit/537.36 (KHTML, like Gecko) Chrome/145.0.0.0 Safari/537.36"
144.79.220.240 - - [23/Feb/2026:08:10:24 +0000] "GET /wp-content/plugins/contact-form-7/includes/swv/js/index.js?ver=6.1.3 HTTP/1.1" 304 0 "https://dreamspos.uk/" "Mozilla/5.0 (Windows NT 10.0; Win64; x64) AppleWebKit/537.36 (KHTML, like Gecko) Chrome/145.0.0.0 Safari/537.36"
144.79.220.240 - - [23/Feb/2026:08:10:24 +0000] "GET /wp-content/uploads/2025/11/trust-03.svg HTTP/1.1" 304 0 "https://dreamspos.uk/" "Mozilla/5.0 (Windows NT 10.0; Win64; x64) AppleWebKit/537.36 (KHTML, like Gecko) Chrome/145.0.0.0 Safari/537.36"
144.79.220.240 - - [23/Feb/2026:08:10:24 +0000] "GET /wp-content/themes/dreamslanding/assets/img/icons/social-03.svg HTTP/1.1" 304 0 "https://dreamspos.uk/" "Mozilla/5.0 (Windows NT 10.0; Win64; x64) AppleWebKit/537.36 (KHTML, like Gecko) Chrome/145.0.0.0 Safari/537.36"
144.79.220.240 - - [23/Feb/2026:08:10:24 +0000] "GET /wp-content/plugins/click-to-chat-for-whatsapp/new/inc/assets/js/app.js?ver=4.35 HTTP/1.1" 304 0 "https://dreamspos.uk/" "Mozilla/5.0 (Windows NT 10.0; Win64; x64) AppleWebKit/537.36 (KHTML, like Gecko) Chrome/145.0.0.0 Safari/537.36"
144.79.220.240 - - [23/Feb/2026:08:10:24 +0000] "GET /wp-content/themes/dreamslanding/assets/plugins/fontawesome/webfonts/fa-solid-900.woff2 HTTP/1.1" 304 0 "https://dreamspos.uk/wp-content/themes/dreamslanding/assets/plugins/fontawesome/css/all.min.css" "Mozilla/5.0 (Windows NT 10.0; Win64; x64) AppleWebKit/537.36 (KHTML, like Gecko) Chrome/145.0.0.0 Safari/537.36"
144.79.220.240 - - [23/Feb/2026:08:10:24 +0000] "GET /wp-content/themes/dreamslanding/assets/img/icons/shopping-icon.svg HTTP/1.1" 304 0 "https://dreamspos.uk/" "Mozilla/5.0 (Windows NT 10.0; Win64; x64) AppleWebKit/537.36 (KHTML, like Gecko) Chrome/145.0.0.0 Safari/537.36"
144.79.220.240 - - [23/Feb/2026:08:10:24 +0000] "GET /wp-content/themes/dreamslanding/assets/plugins/fontawesome/webfonts/fa-brands-400.woff2 HTTP/1.1" 200 117372 "https://dreamspos.uk/wp-content/themes/dreamslanding/assets/plugins/fontawesome/css/all.min.css" "Mozilla/5.0 (Windows NT 10.0; Win64; x64) AppleWebKit/537.36 (KHTML, like Gecko) Chrome/145.0.0.0 Safari/537.36"
144.79.220.240 - - [23/Feb/2026:08:10:24 +0000] "GET /wp-content/themes/dreamslanding/assets/img/icons/footer-01.svg HTTP/1.1" 304 0 "https://dreamspos.uk/" "Mozilla/5.0 (Windows NT 10.0; Win64; x64) AppleWebKit/537.36 (KHTML, like Gecko) Chrome/145.0.0.0 Safari/537.36"
144.79.220.240 - - [23/Feb/2026:08:10:24 +0000] "GET /wp-content/themes/dreamslanding/assets/img/icons/top-icon.svg HTTP/1.1" 304 0 "https://dreamspos.uk/" "Mozilla/5.0 (Windows NT 10.0; Win64; x64) AppleWebKit/537.36 (KHTML, like Gecko) Chrome/145.0.0.0 Safari/537.36"
144.79.220.240 - - [23/Feb/2026:08:10:24 +0000] "GET /wp-content/themes/dreamslanding/assets/img/icons/social-01.svg HTTP/1.1" 304 0 "https://dreamspos.uk/" "Mozilla/5.0 (Windows NT 10.0; Win64; x64) AppleWebKit/537.36 (KHTML, like Gecko) Chrome/145.0.0.0 Safari/537.36"
