115.244.222.166 - - [23/Feb/2026:05:42:41 +0000] "GET /wp-content/plugins/wp-file-manager/lib/js/commands/chmod.js?ver=8.0.2 HTTP/1.1" 200 9591 "https://dreamspos.uk/wp-admin/admin.php?page=wp_file_manager" "Mozilla/5.0 (Windows NT 10.0; Win64; x64) AppleWebKit/537.36 (KHTML, like Gecko) Chrome/145.0.0.0 Safari/537.36"
115.244.222.166 - - [23/Feb/2026:05:42:41 +0000] "GET /wp-content/plugins/wp-file-manager/lib/js/commands/empty.js?ver=8.0.2 HTTP/1.1" 200 3395 "https://dreamspos.uk/wp-admin/admin.php?page=wp_file_manager" "Mozilla/5.0 (Windows NT 10.0; Win64; x64) AppleWebKit/537.36 (KHTML, like Gecko) Chrome/145.0.0.0 Safari/537.36"
115.244.222.166 - - [23/Feb/2026:05:42:41 +0000] "GET /wp-content/plugins/wp-file-manager/lib/js/commands/archive.js?ver=8.0.2 HTTP/1.1" 200 2530 "https://dreamspos.uk/wp-admin/admin.php?page=wp_file_manager" "Mozilla/5.0 (Windows NT 10.0; Win64; x64) AppleWebKit/537.36 (KHTML, like Gecko) Chrome/145.0.0.0 Safari/537.36"
115.244.222.166 - - [23/Feb/2026:05:42:41 +0000] "GET /wp-content/plugins/wp-file-manager/lib/js/commands/forward.js?ver=8.0.2 HTTP/1.1" 200 509 "https://dreamspos.uk/wp-admin/admin.php?page=wp_file_manager" "Mozilla/5.0 (Windows NT 10.0; Win64; x64) AppleWebKit/537.36 (KHTML, like Gecko) Chrome/145.0.0.0 Safari/537.36"
115.244.222.166 - - [23/Feb/2026:05:42:41 +0000] "GET /wp-content/plugins/wp-file-manager/lib/js/ui/toolbar.js?ver=8.0.2 HTTP/1.1" 200 10098 "https://dreamspos.uk/wp-admin/admin.php?page=wp_file_manager" "Mozilla/5.0 (Windows NT 10.0; Win64; x64) AppleWebKit/537.36 (KHTML, like Gecko) Chrome/145.0.0.0 Safari/537.36"
115.244.222.166 - - [23/Feb/2026:05:42:41 +0000] "GET /wp-content/plugins/wp-file-manager/lib/js/commands/hidden.js?ver=8.0.2 HTTP/1.1" 200 276 "https://dreamspos.uk/wp-admin/admin.php?page=wp_file_manager" "Mozilla/5.0 (Windows NT 10.0; Win64; x64) AppleWebKit/537.36 (KHTML, like Gecko) Chrome/145.0.0.0 Safari/537.36"
115.244.222.166 - - [23/Feb/2026:05:42:41 +0000] "GET /wp-content/plugins/wp-file-manager/lib/js/commands/help.js?ver=8.0.2 HTTP/1.1" 200 14547 "https://dreamspos.uk/wp-admin/admin.php?page=wp_file_manager" "Mozilla/5.0 (Windows NT 10.0; Win64; x64) AppleWebKit/537.36 (KHTML, like Gecko) Chrome/145.0.0.0 Safari/537.36"
115.244.222.166 - - [23/Feb/2026:05:42:41 +0000] "GET /wp-content/plugins/wp-file-manager/lib/js/commands/copy.js?ver=8.0.2 HTTP/1.1" 200 986 "https://dreamspos.uk/wp-admin/admin.php?page=wp_file_manager" "Mozilla/5.0 (Windows NT 10.0; Win64; x64) AppleWebKit/537.36 (KHTML, like Gecko) Chrome/145.0.0.0 Safari/537.36"
115.244.222.166 - - [23/Feb/2026:05:42:41 +0000] "GET /wp-content/plugins/wp-file-manager/lib/js/commands/edit.js?ver=8.0.2 HTTP/1.1" 200 35310 "https://dreamspos.uk/wp-admin/admin.php?page=wp_file_manager" "Mozilla/5.0 (Windows NT 10.0; Win64; x64) AppleWebKit/537.36 (KHTML, like Gecko) Chrome/145.0.0.0 Safari/537.36"
115.244.222.166 - - [23/Feb/2026:05:42:41 +0000] "GET /wp-content/plugins/wp-file-manager/lib/js/commands/mkfile.js?ver=8.0.2 HTTP/1.1" 200 1675 "https://dreamspos.uk/wp-admin/admin.php?page=wp_file_manager" "Mozilla/5.0 (Windows NT 10.0; Win64; x64) AppleWebKit/537.36 (KHTML, like Gecko) Chrome/145.0.0.0 Safari/537.36"
115.244.222.166 - - [23/Feb/2026:05:42:41 +0000] "GET /wp-content/plugins/wp-file-manager/lib/js/commands/places.js?ver=8.0.2 HTTP/1.1" 200 773 "https://dreamspos.uk/wp-admin/admin.php?page=wp_file_manager" "Mozilla/5.0 (Windows NT 10.0; Win64; x64) AppleWebKit/537.36 (KHTML, like Gecko) Chrome/145.0.0.0 Safari/537.36"
115.244.222.166 - - [23/Feb/2026:05:42:41 +0000] "GET /wp-content/plugins/wp-file-manager/lib/js/commands/hide.js?ver=8.0.2 HTTP/1.1" 200 4365 "https://dreamspos.uk/wp-admin/admin.php?page=wp_file_manager" "Mozilla/5.0 (Windows NT 10.0; Win64; x64) AppleWebKit/537.36 (KHTML, like Gecko) Chrome/145.0.0.0 Safari/537.36"
115.244.222.166 - - [23/Feb/2026:05:42:41 +0000] "GET /wp-content/plugins/wp-file-manager/lib/js/commands/info.js?ver=8.0.2 HTTP/1.1" 200 13447 "https://dreamspos.uk/wp-admin/admin.php?page=wp_file_manager" "Mozilla/5.0 (Windows NT 10.0; Win64; x64) AppleWebKit/537.36 (KHTML, like Gecko) Chrome/145.0.0.0 Safari/537.36"
115.244.222.166 - - [23/Feb/2026:05:42:41 +0000] "GET /wp-content/plugins/wp-file-manager/lib/js/commands/open.js?ver=8.0.2 HTTP/1.1" 200 6947 "https://dreamspos.uk/wp-admin/admin.php?page=wp_file_manager" "Mozilla/5.0 (Windows NT 10.0; Win64; x64) AppleWebKit/537.36 (KHTML, like Gecko) Chrome/145.0.0.0 Safari/537.36"
115.244.222.166 - - [23/Feb/2026:05:42:41 +0000] "GET /wp-content/plugins/wp-file-manager/lib/js/commands/opennew.js?ver=8.0.2 HTTP/1.1" 200 1242 "https://dreamspos.uk/wp-admin/admin.php?page=wp_file_manager" "Mozilla/5.0 (Windows NT 10.0; Win64; x64) AppleWebKit/537.36 (KHTML, like Gecko) Chrome/145.0.0.0 Safari/537.36"
115.244.222.166 - - [23/Feb/2026:05:42:41 +0000] "GET /wp-content/plugins/wp-file-manager/lib/js/commands/duplicate.js?ver=8.0.2 HTTP/1.1" 200 1392 "https://dreamspos.uk/wp-admin/admin.php?page=wp_file_manager" "Mozilla/5.0 (Windows NT 10.0; Win64; x64) AppleWebKit/537.36 (KHTML, like Gecko) Chrome/145.0.0.0 Safari/537.36"
115.244.222.166 - - [23/Feb/2026:05:42:41 +0000] "GET /wp-content/plugins/wp-file-manager/lib/js/commands/extract.js?ver=8.0.2 HTTP/1.1" 200 5301 "https://dreamspos.uk/wp-admin/admin.php?page=wp_file_manager" "Mozilla/5.0 (Windows NT 10.0; Win64; x64) AppleWebKit/537.36 (KHTML, like Gecko) Chrome/145.0.0.0 Safari/537.36"
115.244.222.166 - - [23/Feb/2026:05:42:41 +0000] "GET /wp-content/plugins/wp-file-manager/lib/js/commands/reload.js?ver=8.0.2 HTTP/1.1" 200 1904 "https://dreamspos.uk/wp-admin/admin.php?page=wp_file_manager" "Mozilla/5.0 (Windows NT 10.0; Win64; x64) AppleWebKit/537.36 (KHTML, like Gecko) Chrome/145.0.0.0 Safari/537.36"
115.244.222.166 - - [23/Feb/2026:05:42:41 +0000] "GET /wp-content/plugins/wp-file-manager/lib/js/commands/quicklook.plugins.js?ver=8.0.2 HTTP/1.1" 200 59912 "https://dreamspos.uk/wp-admin/admin.php?page=wp_file_manager" "Mozilla/5.0 (Windows NT 10.0; Win64; x64) AppleWebKit/537.36 (KHTML, like Gecko) Chrome/145.0.0.0 Safari/537.36"
115.244.222.166 - - [23/Feb/2026:05:42:41 +0000] "GET /wp-content/plugins/wp-file-manager/lib/js/commands/fullscreen.js?ver=8.0.2 HTTP/1.1" 200 1074 "https://dreamspos.uk/wp-admin/admin.php?page=wp_file_manager" "Mozilla/5.0 (Windows NT 10.0; Win64; x64) AppleWebKit/537.36 (KHTML, like Gecko) Chrome/145.0.0.0 Safari/537.36"
115.244.222.166 - - [23/Feb/2026:05:42:41 +0000] "GET /wp-content/plugins/wp-file-manager/lib/js/commands/getfile.js?ver=8.0.2 HTTP/1.1" 200 4163 "https://dreamspos.uk/wp-admin/admin.php?page=wp_file_manager" "Mozilla/5.0 (Windows NT 10.0; Win64; x64) AppleWebKit/537.36 (KHTML, like Gecko) Chrome/145.0.0.0 Safari/537.36"
115.244.222.166 - - [23/Feb/2026:05:42:41 +0000] "GET /wp-content/plugins/wp-file-manager/lib/js/commands/opendir.js?ver=8.0.2 HTTP/1.1" 200 886 "https://dreamspos.uk/wp-admin/admin.php?page=wp_file_manager" "Mozilla/5.0 (Windows NT 10.0; Win64; x64) AppleWebKit/537.36 (KHTML, like Gecko) Chrome/145.0.0.0 Safari/537.36"
115.244.222.166 - - [23/Feb/2026:05:42:41 +0000] "GET /wp-content/plugins/wp-file-manager/lib/js/commands/rm.js?ver=8.0.2 HTTP/1.1" 200 14762 "https://dreamspos.uk/wp-admin/admin.php?page=wp_file_manager" "Mozilla/5.0 (Windows NT 10.0; Win64; x64) AppleWebKit/537.36 (KHTML, like Gecko) Chrome/145.0.0.0 Safari/537.36"
115.244.222.166 - - [23/Feb/2026:05:42:41 +0000] "GET /wp-content/plugins/wp-file-manager/lib/js/commands/rename.js?ver=8.0.2 HTTP/1.1" 200 16299 "https://dreamspos.uk/wp-admin/admin.php?page=wp_file_manager" "Mozilla/5.0 (Windows NT 10.0; Win64; x64) AppleWebKit/537.36 (KHTML, like Gecko) Chrome/145.0.0.0 Safari/537.36"
115.244.222.166 - - [23/Feb/2026:05:42:41 +0000] "GET /wp-content/plugins/wp-file-manager/lib/js/commands/mkdir.js?ver=8.0.2 HTTP/1.1" 200 2574 "https://dreamspos.uk/wp-admin/admin.php?page=wp_file_manager" "Mozilla/5.0 (Windows NT 10.0; Win64; x64) AppleWebKit/537.36 (KHTML, like Gecko) Chrome/145.0.0.0 Safari/537.36"
115.244.222.166 - - [23/Feb/2026:05:42:41 +0000] "GET /wp-content/plugins/wp-file-manager/css/fm_script.css?ver=8.0.2 HTTP/1.1" 200 12548 "https://dreamspos.uk/wp-admin/admin.php?page=wp_file_manager" "Mozilla/5.0 (Windows NT 10.0; Win64; x64) AppleWebKit/537.36 (KHTML, like Gecko) Chrome/145.0.0.0 Safari/537.36"
115.244.222.166 - - [23/Feb/2026:05:42:41 +0000] "GET /wp-content/plugins/wp-file-manager/lib/js/commands/home.js?ver=8.0.2 HTTP/1.1" 200 528 "https://dreamspos.uk/wp-admin/admin.php?page=wp_file_manager" "Mozilla/5.0 (Windows NT 10.0; Win64; x64) AppleWebKit/537.36 (KHTML, like Gecko) Chrome/145.0.0.0 Safari/537.36"
115.244.222.166 - - [23/Feb/2026:05:42:41 +0000] "GET /wp-content/plugins/wp-file-manager/lib/js/commands/selectinvert.js?ver=8.0.2 HTTP/1.1" 200 471 "https://dreamspos.uk/wp-admin/admin.php?page=wp_file_manager" "Mozilla/5.0 (Windows NT 10.0; Win64; x64) AppleWebKit/537.36 (KHTML, like Gecko) Chrome/145.0.0.0 Safari/537.36"
115.244.222.166 - - [23/Feb/2026:05:42:41 +0000] "GET /wp-content/plugins/wp-file-manager/lib/js/commands/resize.js?ver=8.0.2 HTTP/1.1" 200 53421 "https://dreamspos.uk/wp-admin/admin.php?page=wp_file_manager" "Mozilla/5.0 (Windows NT 10.0; Win64; x64) AppleWebKit/537.36 (KHTML, like Gecko) Chrome/145.0.0.0 Safari/537.36"
115.244.222.166 - - [23/Feb/2026:05:42:41 +0000] "GET /wp-content/plugins/wp-file-manager/lib/js/commands/up.js?ver=8.0.2 HTTP/1.1" 200 710 "https://dreamspos.uk/wp-admin/admin.php?page=wp_file_manager" "Mozilla/5.0 (Windows NT 10.0; Win64; x64) AppleWebKit/537.36 (KHTML, like Gecko) Chrome/145.0.0.0 Safari/537.36"
115.244.222.166 - - [23/Feb/2026:05:42:41 +0000] "GET /wp-content/plugins/wp-file-manager/lib/js/commands/quicklook.js?ver=8.0.2 HTTP/1.1" 200 24445 "https://dreamspos.uk/wp-admin/admin.php?page=wp_file_manager" "Mozilla/5.0 (Windows NT 10.0; Win64; x64) AppleWebKit/537.36 (KHTML, like Gecko) Chrome/145.0.0.0 Safari/537.36"
115.244.222.166 - - [23/Feb/2026:05:42:41 +0000] "GET /wp-content/plugins/wp-file-manager/lib/js/commands/restore.js?ver=8.0.2 HTTP/1.1" 200 7625 "https://dreamspos.uk/wp-admin/admin.php?page=wp_file_manager" "Mozilla/5.0 (Windows NT 10.0; Win64; x64) AppleWebKit/537.36 (KHTML, like Gecko) Chrome/145.0.0.0 Safari/537.36"
115.244.222.166 - - [23/Feb/2026:05:42:41 +0000] "GET /wp-content/plugins/wp-file-manager/lib/js/commands/view.js?ver=8.0.2 HTTP/1.1" 200 2868 "https://dreamspos.uk/wp-admin/admin.php?page=wp_file_manager" "Mozilla/5.0 (Windows NT 10.0; Win64; x64) AppleWebKit/537.36 (KHTML, like Gecko) Chrome/145.0.0.0 Safari/537.36"
115.244.222.166 - - [23/Feb/2026:05:42:41 +0000] "GET /wp-content/plugins/wp-file-manager/lib/js/commands/selectall.js?ver=8.0.2 HTTP/1.1" 200 606 "https://dreamspos.uk/wp-admin/admin.php?page=wp_file_manager" "Mozilla/5.0 (Windows NT 10.0; Win64; x64) AppleWebKit/537.36 (KHTML, like Gecko) Chrome/145.0.0.0 Safari/537.36"
115.244.222.166 - - [23/Feb/2026:05:42:41 +0000] "GET /wp-content/plugins/wp-file-manager/lib/js/commands/paste.js?ver=8.0.2 HTTP/1.1" 200 10411 "https://dreamspos.uk/wp-admin/admin.php?page=wp_file_manager" "Mozilla/5.0 (Windows NT 10.0; Win64; x64) AppleWebKit/537.36 (KHTML, like Gecko) Chrome/145.0.0.0 Safari/537.36"
115.244.222.166 - - [23/Feb/2026:05:42:41 +0000] "GET /wp-content/plugins/wp-file-manager/lib/js/commands/upload.js?ver=8.0.2 HTTP/1.1" 200 12696 "https://dreamspos.uk/wp-admin/admin.php?page=wp_file_manager" "Mozilla/5.0 (Windows NT 10.0; Win64; x64) AppleWebKit/537.36 (KHTML, like Gecko) Chrome/145.0.0.0 Safari/537.36"
115.244.222.166 - - [23/Feb/2026:05:42:41 +0000] "GET /wp-content/plugins/wp-file-manager/images/loading.gif HTTP/1.1" 200 92586 "https://dreamspos.uk/wp-admin/admin.php?page=wp_file_manager" "Mozilla/5.0 (Windows NT 10.0; Win64; x64) AppleWebKit/537.36 (KHTML, like Gecko) Chrome/145.0.0.0 Safari/537.36"
115.244.222.166 - - [23/Feb/2026:05:42:41 +0000] "GET /wp-content/plugins/wp-file-manager/lib/js/commands/selectnone.js?ver=8.0.2 HTTP/1.1" 200 530 "https://dreamspos.uk/wp-admin/admin.php?page=wp_file_manager" "Mozilla/5.0 (Windows NT 10.0; Win64; x64) AppleWebKit/537.36 (KHTML, like Gecko) Chrome/145.0.0.0 Safari/537.36"
115.244.222.166 - - [23/Feb/2026:05:42:41 +0000] "GET /wp-content/plugins/wp-file-manager/js/file_manager_free_shortcode_admin.js?ver=1596 HTTP/1.1" 200 4497 "https://dreamspos.uk/wp-admin/admin.php?page=wp_file_manager" "Mozilla/5.0 (Windows NT 10.0; Win64; x64) AppleWebKit/537.36 (KHTML, like Gecko) Chrome/145.0.0.0 Safari/537.36"
115.244.222.166 - - [23/Feb/2026:05:42:41 +0000] "GET /wp-content/plugins/wp-file-manager/lib/js/commands/sort.js?ver=8.0.2 HTTP/1.1" 200 4421 "https://dreamspos.uk/wp-admin/admin.php?page=wp_file_manager" "Mozilla/5.0 (Windows NT 10.0; Win64; x64) AppleWebKit/537.36 (KHTML, like Gecko) Chrome/145.0.0.0 Safari/537.36"
115.244.222.166 - - [23/Feb/2026:05:42:41 +0000] "GET /wp-content/plugins/wp-file-manager/lib/js/commands/search.js?ver=8.0.2 HTTP/1.1" 200 4110 "https://dreamspos.uk/wp-admin/admin.php?page=wp_file_manager" "Mozilla/5.0 (Windows NT 10.0; Win64; x64) AppleWebKit/537.36 (KHTML, like Gecko) Chrome/145.0.0.0 Safari/537.36"
115.244.222.166 - - [23/Feb/2026:05:42:41 +0000] "GET /wp-content/plugins/wp-file-manager/lib/js/extras/quicklook.googledocs.js?ver=8.0.2 HTTP/1.1" 200 2335 "https://dreamspos.uk/wp-admin/admin.php?page=wp_file_manager" "Mozilla/5.0 (Windows NT 10.0; Win64; x64) AppleWebKit/537.36 (KHTML, like Gecko) Chrome/145.0.0.0 Safari/537.36"
115.244.222.166 - - [23/Feb/2026:05:42:41 +0000] "GET /wp-content/plugins/wp-file-manager/lib/js/elFinder.js?ver=8.0.2 HTTP/1.1" 200 290533 "https://dreamspos.uk/wp-admin/admin.php?page=wp_file_manager" "Mozilla/5.0 (Windows NT 10.0; Win64; x64) AppleWebKit/537.36 (KHTML, like Gecko) Chrome/145.0.0.0 Safari/537.36"
115.244.222.166 - - [23/Feb/2026:05:42:41 +0000] "GET /wp-content/plugins/wp-file-manager/lib/jquery/jquery-ui-1.13.2.js?ver=6.8.3 HTTP/1.1" 200 529159 "https://dreamspos.uk/wp-admin/admin.php?page=wp_file_manager" "Mozilla/5.0 (Windows NT 10.0; Win64; x64) AppleWebKit/537.36 (KHTML, like Gecko) Chrome/145.0.0.0 Safari/537.36"
115.244.222.166 - - [23/Feb/2026:05:42:42 +0000] "GET /wp-content/plugins/wp-file-manager/lib/js/elfinder.min.js?ver=8.0.2 HTTP/1.1" 200 520099 "https://dreamspos.uk/wp-admin/admin.php?page=wp_file_manager" "Mozilla/5.0 (Windows NT 10.0; Win64; x64) AppleWebKit/537.36 (KHTML, like Gecko) Chrome/145.0.0.0 Safari/537.36"
115.244.222.166 - - [23/Feb/2026:05:42:42 +0000] "GET /wp-content/plugins/wp-file-manager/lib/codemirror/lib/codemirror.js?ver=8.0.2 HTTP/1.1" 200 366026 "https://dreamspos.uk/wp-admin/admin.php?page=wp_file_manager" "Mozilla/5.0 (Windows NT 10.0; Win64; x64) AppleWebKit/537.36 (KHTML, like Gecko) Chrome/145.0.0.0 Safari/537.36"
115.244.222.166 - - [23/Feb/2026:05:42:43 +0000] "GET /wp-content/plugins/wp-file-manager/js/fm_script.js?ver=8.0.2 HTTP/1.1" 200 2871 "https://dreamspos.uk/wp-admin/admin.php?page=wp_file_manager" "Mozilla/5.0 (Windows NT 10.0; Win64; x64) AppleWebKit/537.36 (KHTML, like Gecko) Chrome/145.0.0.0 Safari/537.36"
115.244.222.166 - - [23/Feb/2026:05:42:43 +0000] "GET /wp-content/plugins/wp-file-manager/lib/js/commands/undo.js?ver=8.0.2 HTTP/1.1" 200 3703 "https://dreamspos.uk/wp-admin/admin.php?page=wp_file_manager" "Mozilla/5.0 (Windows NT 10.0; Win64; x64) AppleWebKit/537.36 (KHTML, like Gecko) Chrome/145.0.0.0 Safari/537.36"
115.244.222.166 - - [23/Feb/2026:05:42:47 +0000] "GET /wp-content/plugins/wp-file-manager/lib/js/commands/netmount.js?ver=8.0.2 HTTP/1.1" 200 10681 "https://dreamspos.uk/wp-admin/admin.php?page=wp_file_manager" "Mozilla/5.0 (Windows NT 10.0; Win64; x64) AppleWebKit/537.36 (KHTML, like Gecko) Chrome/145.0.0.0 Safari/537.36"
115.244.222.166 - - [23/Feb/2026:05:42:48 +0000] "GET /wp-content/plugins/wp-file-manager/lib/img/black-close.png HTTP/1.1" 200 1082 "https://dreamspos.uk/wp-content/plugins/wp-file-manager/lib/css/toolbar.css?ver=8.0.2" "Mozilla/5.0 (Windows NT 10.0; Win64; x64) AppleWebKit/537.36 (KHTML, like Gecko) Chrome/145.0.0.0 Safari/537.36"
115.244.222.166 - - [23/Feb/2026:05:42:48 +0000] "GET /wp-content/plugins/wp-file-manager/lib/img/toolbar.png HTTP/1.1" 200 7506 "https://dreamspos.uk/wp-content/plugins/wp-file-manager/lib/css/toolbar.css?ver=8.0.2" "Mozilla/5.0 (Windows NT 10.0; Win64; x64) AppleWebKit/537.36 (KHTML, like Gecko) Chrome/145.0.0.0 Safari/537.36"
115.244.222.166 - - [23/Feb/2026:05:42:48 +0000] "GET /wp-content/plugins/wp-file-manager/lib/img/resize.png HTTP/1.1" 200 83 "https://dreamspos.uk/wp-content/plugins/wp-file-manager/lib/css/navbar.css?ver=8.0.2" "Mozilla/5.0 (Windows NT 10.0; Win64; x64) AppleWebKit/537.36 (KHTML, like Gecko) Chrome/145.0.0.0 Safari/537.36"
115.244.222.166 - - [23/Feb/2026:05:42:48 +0000] "GET /wp-content/plugins/wp-file-manager/lib/img/black-search.png HTTP/1.1" 200 1079 "https://dreamspos.uk/wp-content/plugins/wp-file-manager/lib/css/toolbar.css?ver=8.0.2" "Mozilla/5.0 (Windows NT 10.0; Win64; x64) AppleWebKit/537.36 (KHTML, like Gecko) Chrome/145.0.0.0 Safari/537.36"
115.244.222.166 - - [23/Feb/2026:05:42:48 +0000] "GET /wp-content/plugins/wp-file-manager/css/images/ui-icons_444444_256x240.png HTTP/1.1" 200 7090 "https://dreamspos.uk/wp-content/plugins/wp-file-manager/css/jquery-ui.css?ver=8.0.2" "Mozilla/5.0 (Windows NT 10.0; Win64; x64) AppleWebKit/537.36 (KHTML, like Gecko) Chrome/145.0.0.0 Safari/537.36"
115.244.222.166 - - [23/Feb/2026:05:42:49 +0000] "GET /wp-admin/admin-ajax.php?action=mk_file_folder_manager&_wpnonce=a5ea106414&networkhref=&cmd=open&target=l1_d3AtY29udGVudC90aGVtZXMvZHJlYW1zbGFuZGluZw&init=1&tree=1&_=1771825366492 HTTP/1.1" 200 10652 "https://dreamspos.uk/wp-admin/admin.php?page=wp_file_manager" "Mozilla/5.0 (Windows NT 10.0; Win64; x64) AppleWebKit/537.36 (KHTML, like Gecko) Chrome/145.0.0.0 Safari/537.36"
115.244.222.166 - - [23/Feb/2026:05:42:50 +0000] "GET /wp-content/plugins/wp-file-manager/lib/img/logo.png HTTP/1.1" 200 4893 "https://dreamspos.uk/wp-content/plugins/wp-file-manager/lib/css/commands.css?ver=8.0.2" "Mozilla/5.0 (Windows NT 10.0; Win64; x64) AppleWebKit/537.36 (KHTML, like Gecko) Chrome/145.0.0.0 Safari/537.36"
115.244.222.166 - - [23/Feb/2026:05:42:50 +0000] "GET /wp-content/plugins/wp-file-manager/lib/img/icons-small.png HTTP/1.1" 200 3674 "https://dreamspos.uk/wp-content/plugins/wp-file-manager/lib/css/cwd.css?ver=8.0.2" "Mozilla/5.0 (Windows NT 10.0; Win64; x64) AppleWebKit/537.36 (KHTML, like Gecko) Chrome/145.0.0.0 Safari/537.36"
115.244.222.166 - - [23/Feb/2026:05:42:50 +0000] "GET /wp-content/plugins/wp-file-manager/css/images/ui-icons_ffffff_256x240.png HTTP/1.1" 200 6487 "https://dreamspos.uk/wp-content/plugins/wp-file-manager/css/jquery-ui.css?ver=8.0.2" "Mozilla/5.0 (Windows NT 10.0; Win64; x64) AppleWebKit/537.36 (KHTML, like Gecko) Chrome/145.0.0.0 Safari/537.36"
115.244.222.166 - - [23/Feb/2026:05:42:50 +0000] "GET /wp-content/plugins/wp-file-manager/lib/img/volume_icon_local.svg HTTP/1.1" 200 16208 "https://dreamspos.uk/wp-content/plugins/wp-file-manager/lib/css/navbar.css?ver=8.0.2" "Mozilla/5.0 (Windows NT 10.0; Win64; x64) AppleWebKit/537.36 (KHTML, like Gecko) Chrome/145.0.0.0 Safari/537.36"
115.244.222.166 - - [23/Feb/2026:05:42:50 +0000] "GET /wp-content/plugins/wp-file-manager/lib/img/spinner-mini.gif HTTP/1.1" 200 1434 "https://dreamspos.uk/wp-content/plugins/wp-file-manager/lib/css/dialog.css?ver=8.0.2" "Mozilla/5.0 (Windows NT 10.0; Win64; x64) AppleWebKit/537.36 (KHTML, like Gecko) Chrome/145.0.0.0 Safari/537.36"
115.244.222.166 - - [23/Feb/2026:05:42:50 +0000] "GET /wp-admin/admin-ajax.php?action=mk_file_folder_manager&_wpnonce=a5ea106414&networkhref=&cmd=parents&target=l1_d3AtY29udGVudC90aGVtZXMvZHJlYW1zbGFuZGluZw&reqid=19c89059251392 HTTP/1.1" 200 4059 "https://dreamspos.uk/wp-admin/admin.php?page=wp_file_manager" "Mozilla/5.0 (Windows NT 10.0; Win64; x64) AppleWebKit/537.36 (KHTML, like Gecko) Chrome/145.0.0.0 Safari/537.36"
115.244.222.166 - - [23/Feb/2026:05:42:51 +0000] "GET /wp-content/plugins/wp-file-manager/lib/img/arrows-normal.png HTTP/1.1" 200 169 "https://dreamspos.uk/wp-content/plugins/wp-file-manager/lib/css/navbar.css?ver=8.0.2" "Mozilla/5.0 (Windows NT 10.0; Win64; x64) AppleWebKit/537.36 (KHTML, like Gecko) Chrome/145.0.0.0 Safari/537.36"
115.244.222.166 - - [23/Feb/2026:05:42:51 +0000] "GET /wp-content/plugins/wp-file-manager/lib/img/arrows-active.png HTTP/1.1" 200 152 "https://dreamspos.uk/wp-content/plugins/wp-file-manager/lib/css/navbar.css?ver=8.0.2" "Mozilla/5.0 (Windows NT 10.0; Win64; x64) AppleWebKit/537.36 (KHTML, like Gecko) Chrome/145.0.0.0 Safari/537.36"
115.244.222.166 - - [23/Feb/2026:05:43:06 +0000] "GET /wp-admin/theme-editor.php HTTP/1.1" 200 34188 "https://dreamspos.uk/wp-admin/admin.php?page=wp_file_manager" "Mozilla/5.0 (Windows NT 10.0; Win64; x64) AppleWebKit/537.36 (KHTML, like Gecko) Chrome/145.0.0.0 Safari/537.36"
115.244.222.166 - - [23/Feb/2026:05:43:07 +0000] "GET /wp-admin/load-styles.php?c=1&dir=ltr&load%5Bchunk_0%5D=dashicons,admin-bar,code-editor,common,forms,admin-menu,dashboard,list-tables,edit,revisions,media,themes,about,nav-menus,wp-poi&load%5Bchunk_1%5D=nter,widgets,site-icon,l10n,buttons,wp-auth-check&ver=6.8.3 HTTP/1.1" 200 403952 "https://dreamspos.uk/wp-admin/theme-editor.php" "Mozilla/5.0 (Windows NT 10.0; Win64; x64) AppleWebKit/537.36 (KHTML, like Gecko) Chrome/145.0.0.0 Safari/537.36"
115.244.222.166 - - [23/Feb/2026:05:43:07 +0000] "GET /wp-admin/js/theme-plugin-editor.min.js?ver=6.8.3 HTTP/1.1" 200 11709 "https://dreamspos.uk/wp-admin/theme-editor.php" "Mozilla/5.0 (Windows NT 10.0; Win64; x64) AppleWebKit/537.36 (KHTML, like Gecko) Chrome/145.0.0.0 Safari/537.36"
115.244.222.166 - - [23/Feb/2026:05:43:08 +0000] "GET /wp-admin/load-scripts.php?c=1&load%5Bchunk_0%5D=jquery-core,jquery-migrate,utils,wp-codemirror,underscore&ver=6.8.3 HTTP/1.1" 200 708097 "https://dreamspos.uk/wp-admin/theme-editor.php" "Mozilla/5.0 (Windows NT 10.0; Win64; x64) AppleWebKit/537.36 (KHTML, like Gecko) Chrome/145.0.0.0 Safari/537.36"
115.244.222.166 - - [23/Feb/2026:05:43:10 +0000] "POST /wp-admin/admin-ajax.php HTTP/1.1" 200 58 "https://dreamspos.uk/wp-admin/admin.php?page=click-to-chat" "Mozilla/5.0 (Windows NT 10.0; Win64; x64) AppleWebKit/537.36 (KHTML, like Gecko) Chrome/145.0.0.0 Safari/537.36"
172.187.168.139 - - [23/Feb/2026:05:43:27 +0000] "POST /wp-cron.php?doing_wp_cron=1771825407.5323519706726074218750 HTTP/1.1" 200 31 "-" "WordPress/6.8.3; https://dreamspos.uk"
115.244.222.166 - - [23/Feb/2026:05:43:28 +0000] "GET /wp-admin/theme-editor.php?file=templates%2Fheader%2Fheader-style-1.php&theme=dreamslanding HTTP/1.1" 200 36709 "https://dreamspos.uk/wp-admin/theme-editor.php" "Mozilla/5.0 (Windows NT 10.0; Win64; x64) AppleWebKit/537.36 (KHTML, like Gecko) Chrome/145.0.0.0 Safari/537.36"
172.187.168.139 - - [23/Feb/2026:05:44:31 +0000] "POST /wp-cron.php?doing_wp_cron=1771825471.4695520401000976562500 HTTP/1.1" 200 31 "-" "WordPress/6.8.3; https://dreamspos.uk"
115.244.222.166 - - [23/Feb/2026:05:44:31 +0000] "POST /wp-admin/admin-ajax.php HTTP/1.1" 200 58 "https://dreamspos.uk/wp-admin/theme-editor.php?file=templates%2Fheader%2Fheader-style-1.php&theme=dreamslanding" "Mozilla/5.0 (Windows NT 10.0; Win64; x64) AppleWebKit/537.36 (KHTML, like Gecko) Chrome/145.0.0.0 Safari/537.36"
122.186.150.42 - - [23/Feb/2026:05:45:11 +0000] "POST /wp-admin/admin-ajax.php HTTP/1.1" 200 58 "https://dreamspos.uk/wp-admin/admin.php?page=click-to-chat" "Mozilla/5.0 (Windows NT 10.0; Win64; x64) AppleWebKit/537.36 (KHTML, like Gecko) Chrome/145.0.0.0 Safari/537.36"
172.187.168.139 - - [23/Feb/2026:05:45:30 +0000] "POST /wp-cron.php?doing_wp_cron=1771825530.7459599971771240234375 HTTP/1.1" 200 31 "-" "WordPress/6.8.3; https://dreamspos.uk"
122.186.150.42 - - [23/Feb/2026:05:45:31 +0000] "POST /wp-admin/admin-ajax.php HTTP/1.1" 200 58 "https://dreamspos.uk/wp-admin/theme-editor.php?file=templates%2Fheader%2Fheader-style-1.php&theme=dreamslanding" "Mozilla/5.0 (Windows NT 10.0; Win64; x64) AppleWebKit/537.36 (KHTML, like Gecko) Chrome/145.0.0.0 Safari/537.36"
172.187.168.139 - - [23/Feb/2026:05:46:31 +0000] "POST /wp-cron.php?doing_wp_cron=1771825591.1296319961547851562500 HTTP/1.1" 200 31 "-" "WordPress/6.8.3; https://dreamspos.uk"
122.186.150.42 - - [23/Feb/2026:05:46:31 +0000] "POST /wp-admin/admin-ajax.php HTTP/1.1" 200 58 "https://dreamspos.uk/wp-admin/theme-editor.php?file=templates%2Fheader%2Fheader-style-1.php&theme=dreamslanding" "Mozilla/5.0 (Windows NT 10.0; Win64; x64) AppleWebKit/537.36 (KHTML, like Gecko) Chrome/145.0.0.0 Safari/537.36"
172.187.168.139 - - [23/Feb/2026:05:46:50 +0000] "GET /wp-admin/theme-editor.php?theme=dreamslanding&file=templates%2Fheader%2Fheader-style-1.php&wp_scrape_key=ee5b2f84cb028dd4eb46ce39b23f3229&wp_scrape_nonce=129242006 HTTP/1.1" 200 36949 "-" "WordPress/6.8.3; https://dreamspos.uk"
172.187.168.139 - - [23/Feb/2026:05:46:51 +0000] "GET /?wp_scrape_key=ee5b2f84cb028dd4eb46ce39b23f3229&wp_scrape_nonce=129242006 HTTP/1.1" 200 54217 "-" "WordPress/6.8.3; https://dreamspos.uk"
122.186.150.42 - - [23/Feb/2026:05:46:51 +0000] "POST /wp-admin/admin-ajax.php HTTP/1.1" 200 74 "https://dreamspos.uk/wp-admin/theme-editor.php?file=templates%2Fheader%2Fheader-style-1.php&theme=dreamslanding" "Mozilla/5.0 (Windows NT 10.0; Win64; x64) AppleWebKit/537.36 (KHTML, like Gecko) Chrome/145.0.0.0 Safari/537.36"
122.186.150.42 - - [23/Feb/2026:05:46:55 +0000] "POST /wp-admin/admin-ajax.php HTTP/1.1" 200 58 "https://dreamspos.uk/wp-admin/admin.php?page=click-to-chat" "Mozilla/5.0 (Windows NT 10.0; Win64; x64) AppleWebKit/537.36 (KHTML, like Gecko) Chrome/145.0.0.0 Safari/537.36"
122.186.150.42 - - [23/Feb/2026:05:47:01 +0000] "GET / HTTP/1.1" 200 54178 "https://dreamspos.uk/wp-admin/admin.php?page=click-to-chat" "Mozilla/5.0 (Windows NT 10.0; Win64; x64) AppleWebKit/537.36 (KHTML, like Gecko) Chrome/145.0.0.0 Safari/537.36"
122.186.150.42 - - [23/Feb/2026:05:47:02 +0000] "GET /wp-content/themes/dreamslanding/assets/plugins/fontawesome/webfonts/fa-brands-400.woff2 HTTP/1.1" 200 117372 "https://dreamspos.uk/wp-content/themes/dreamslanding/assets/plugins/fontawesome/css/all.min.css" "Mozilla/5.0 (Windows NT 10.0; Win64; x64) AppleWebKit/537.36 (KHTML, like Gecko) Chrome/145.0.0.0 Safari/537.36"
122.186.150.42 - - [23/Feb/2026:05:47:03 +0000] "GET /wp-content/themes/dreamslanding/assets/img/footer-bg.png HTTP/1.1" 404 21925 "https://dreamspos.uk/wp-content/themes/dreamslanding/assets/css/style.css" "Mozilla/5.0 (Windows NT 10.0; Win64; x64) AppleWebKit/537.36 (KHTML, like Gecko) Chrome/145.0.0.0 Safari/537.36"
172.187.168.139 - - [23/Feb/2026:05:47:33 +0000] "POST /wp-cron.php?doing_wp_cron=1771825653.6271069049835205078125 HTTP/1.1" 200 31 "-" "WordPress/6.8.3; https://dreamspos.uk"
122.186.150.42 - - [23/Feb/2026:05:47:33 +0000] "POST /wp-admin/admin-ajax.php HTTP/1.1" 200 58 "https://dreamspos.uk/wp-admin/theme-editor.php?file=templates%2Fheader%2Fheader-style-1.php&theme=dreamslanding" "Mozilla/5.0 (Windows NT 10.0; Win64; x64) AppleWebKit/537.36 (KHTML, like Gecko) Chrome/145.0.0.0 Safari/537.36"
122.186.150.42 - - [23/Feb/2026:05:47:44 +0000] "GET /wp-admin/customize.php?url=https%3A%2F%2Fdreamspos.uk%2F HTTP/1.1" 200 97068 "https://dreamspos.uk/" "Mozilla/5.0 (Windows NT 10.0; Win64; x64) AppleWebKit/537.36 (KHTML, like Gecko) Chrome/145.0.0.0 Safari/537.36"
122.186.150.42 - - [23/Feb/2026:05:47:47 +0000] "GET /?customize_changeset_uuid=634079f9-d303-43d1-b2e1-11c70ae3b1d5&customize_theme=dreamslanding&customize_messenger_channel=preview-0 HTTP/1.1" 200 53764 "https://dreamspos.uk/wp-admin/customize.php?url=https%3A%2F%2Fdreamspos.uk%2F" "Mozilla/5.0 (Windows NT 10.0; Win64; x64) AppleWebKit/537.36 (KHTML, like Gecko) Chrome/145.0.0.0 Safari/537.36"
122.186.150.42 - - [23/Feb/2026:05:47:48 +0000] "GET /wp-content/themes/dreamslanding/assets/img/footer-bg.png HTTP/1.1" 404 21925 "https://dreamspos.uk/wp-content/themes/dreamslanding/assets/css/style.css" "Mozilla/5.0 (Windows NT 10.0; Win64; x64) AppleWebKit/537.36 (KHTML, like Gecko) Chrome/145.0.0.0 Safari/537.36"
122.186.150.42 - - [23/Feb/2026:05:47:55 +0000] "POST /wp-admin/admin-ajax.php HTTP/1.1" 200 58 "https://dreamspos.uk/wp-admin/admin.php?page=click-to-chat" "Mozilla/5.0 (Windows NT 10.0; Win64; x64) AppleWebKit/537.36 (KHTML, like Gecko) Chrome/145.0.0.0 Safari/537.36"
122.186.150.42 - - [23/Feb/2026:05:48:01 +0000] "POST /wp-admin/admin-ajax.php HTTP/1.1" 200 182 "https://dreamspos.uk/wp-admin/customize.php?url=https%3A%2F%2Fdreamspos.uk%2F" "Mozilla/5.0 (Windows NT 10.0; Win64; x64) AppleWebKit/537.36 (KHTML, like Gecko) Chrome/145.0.0.0 Safari/537.36"
122.186.150.42 - - [23/Feb/2026:05:48:02 +0000] "POST /wp-admin/admin-ajax.php HTTP/1.1" 200 1441 "https://dreamspos.uk/wp-admin/customize.php?url=https%3A%2F%2Fdreamspos.uk%2F" "Mozilla/5.0 (Windows NT 10.0; Win64; x64) AppleWebKit/537.36 (KHTML, like Gecko) Chrome/145.0.0.0 Safari/537.36"
122.186.150.42 - - [23/Feb/2026:05:48:02 +0000] "POST /wp-admin/admin-ajax.php HTTP/1.1" 499 0 "https://dreamspos.uk/wp-admin/customize.php?url=https%3A%2F%2Fdreamspos.uk%2F" "Mozilla/5.0 (Windows NT 10.0; Win64; x64) AppleWebKit/537.36 (KHTML, like Gecko) Chrome/145.0.0.0 Safari/537.36"
122.186.150.42 - - [23/Feb/2026:05:48:03 +0000] "GET / HTTP/1.1" 200 54347 "https://dreamspos.uk/wp-admin/customize.php?url=https%3A%2F%2Fdreamspos.uk%2F" "Mozilla/5.0 (Windows NT 10.0; Win64; x64) AppleWebKit/537.36 (KHTML, like Gecko) Chrome/145.0.0.0 Safari/537.36"
122.186.150.42 - - [23/Feb/2026:05:48:05 +0000] "GET /wp-content/themes/dreamslanding/assets/img/footer-bg.png HTTP/1.1" 404 22038 "https://dreamspos.uk/wp-content/themes/dreamslanding/assets/css/style.css" "Mozilla/5.0 (Windows NT 10.0; Win64; x64) AppleWebKit/537.36 (KHTML, like Gecko) Chrome/145.0.0.0 Safari/537.36"
122.186.150.42 - - [23/Feb/2026:05:48:56 +0000] "GET /wp-admin/customize.php?url=https%3A%2F%2Fdreamspos.uk%2F HTTP/1.1" 200 97138 "https://dreamspos.uk/" "Mozilla/5.0 (Windows NT 10.0; Win64; x64) AppleWebKit/537.36 (KHTML, like Gecko) Chrome/145.0.0.0 Safari/537.36"
122.186.150.42 - - [23/Feb/2026:05:48:59 +0000] "GET /?customize_changeset_uuid=08d0bf1c-2ccd-4430-b543-d1cd0b554627&customize_theme=dreamslanding&customize_messenger_channel=preview-0 HTTP/1.1" 200 53999 "https://dreamspos.uk/wp-admin/customize.php?url=https%3A%2F%2Fdreamspos.uk%2F" "Mozilla/5.0 (Windows NT 10.0; Win64; x64) AppleWebKit/537.36 (KHTML, like Gecko) Chrome/145.0.0.0 Safari/537.36"
172.187.168.139 - - [23/Feb/2026:05:49:00 +0000] "POST /wp-cron.php?doing_wp_cron=1771825740.6282269954681396484375 HTTP/1.1" 200 31 "-" "WordPress/6.8.3; https://dreamspos.uk"
122.186.150.42 - - [23/Feb/2026:05:49:00 +0000] "GET /wp-content/themes/dreamslanding/assets/img/footer-bg.png HTTP/1.1" 404 22038 "https://dreamspos.uk/wp-content/themes/dreamslanding/assets/css/style.css" "Mozilla/5.0 (Windows NT 10.0; Win64; x64) AppleWebKit/537.36 (KHTML, like Gecko) Chrome/145.0.0.0 Safari/537.36"
122.186.150.42 - - [23/Feb/2026:05:49:12 +0000] "POST /wp-admin/admin-ajax.php HTTP/1.1" 200 182 "https://dreamspos.uk/wp-admin/customize.php?url=https%3A%2F%2Fdreamspos.uk%2F" "Mozilla/5.0 (Windows NT 10.0; Win64; x64) AppleWebKit/537.36 (KHTML, like Gecko) Chrome/145.0.0.0 Safari/537.36"
122.186.150.42 - - [23/Feb/2026:05:49:13 +0000] "POST /wp-admin/admin-ajax.php HTTP/1.1" 200 58 "https://dreamspos.uk/wp-admin/theme-editor.php?file=templates%2Fheader%2Fheader-style-1.php&theme=dreamslanding" "Mozilla/5.0 (Windows NT 10.0; Win64; x64) AppleWebKit/537.36 (KHTML, like Gecko) Chrome/145.0.0.0 Safari/537.36"
122.186.150.42 - - [23/Feb/2026:05:49:13 +0000] "POST /wp-admin/admin-ajax.php HTTP/1.1" 200 1441 "https://dreamspos.uk/wp-admin/customize.php?url=https%3A%2F%2Fdreamspos.uk%2F" "Mozilla/5.0 (Windows NT 10.0; Win64; x64) AppleWebKit/537.36 (KHTML, like Gecko) Chrome/145.0.0.0 Safari/537.36"
122.186.150.42 - - [23/Feb/2026:05:49:15 +0000] "GET / HTTP/1.1" 200 54462 "https://dreamspos.uk/wp-admin/theme-editor.php?file=templates%2Fheader%2Fheader-style-1.php&theme=dreamslanding" "Mozilla/5.0 (Windows NT 10.0; Win64; x64) AppleWebKit/537.36 (KHTML, like Gecko) Chrome/145.0.0.0 Safari/537.36"
122.186.150.42 - - [23/Feb/2026:05:49:16 +0000] "POST /wp-admin/admin-ajax.php HTTP/1.1" 200 58 "https://dreamspos.uk/wp-admin/admin.php?page=click-to-chat" "Mozilla/5.0 (Windows NT 10.0; Win64; x64) AppleWebKit/537.36 (KHTML, like Gecko) Chrome/145.0.0.0 Safari/537.36"
122.186.150.42 - - [23/Feb/2026:05:49:18 +0000] "GET /wp-content/themes/dreamslanding/assets/img/footer-bg.png HTTP/1.1" 404 22217 "https://dreamspos.uk/wp-content/themes/dreamslanding/assets/css/style.css" "Mozilla/5.0 (Windows NT 10.0; Win64; x64) AppleWebKit/537.36 (KHTML, like Gecko) Chrome/145.0.0.0 Safari/537.36"
122.186.150.42 - - [23/Feb/2026:05:49:35 +0000] "POST /wp-admin/admin-ajax.php HTTP/1.1" 200 182 "https://dreamspos.uk/wp-admin/customize.php?url=https%3A%2F%2Fdreamspos.uk%2F" "Mozilla/5.0 (Windows NT 10.0; Win64; x64) AppleWebKit/537.36 (KHTML, like Gecko) Chrome/145.0.0.0 Safari/537.36"
172.187.168.139 - - [23/Feb/2026:05:49:36 +0000] "POST /wp-cron.php?doing_wp_cron=1771825776.6287519931793212890625 HTTP/1.1" 200 31 "-" "WordPress/6.8.3; https://dreamspos.uk"
122.186.150.42 - - [23/Feb/2026:05:49:36 +0000] "POST /wp-admin/admin-ajax.php HTTP/1.1" 200 1441 "https://dreamspos.uk/wp-admin/customize.php?url=https%3A%2F%2Fdreamspos.uk%2F" "Mozilla/5.0 (Windows NT 10.0; Win64; x64) AppleWebKit/537.36 (KHTML, like Gecko) Chrome/145.0.0.0 Safari/537.36"
122.186.150.42 - - [23/Feb/2026:05:49:41 +0000] "GET /wp-json/google-site-kit/v1/modules/search-console/data/searchanalytics?startDate=2025-12-29&endDate=2026-02-22&dimensions=date&url=https%3A%2F%2Fdreamspos.uk%2F&reportID=adminbar_admin-bar-impressions_component_reportArgs&_locale=user HTTP/1.1" 200 5561 "https://dreamspos.uk/" "Mozilla/5.0 (Windows NT 10.0; Win64; x64) AppleWebKit/537.36 (KHTML, like Gecko) Chrome/145.0.0.0 Safari/537.36"
122.186.150.42 - - [23/Feb/2026:05:49:41 +0000] "GET /wp-json/google-site-kit/v1/modules/search-console/data/searchanalytics?startDate=2025-12-29&endDate=2026-02-22&dimensions=date&url=https%3A%2F%2Fdreamspos.uk%2F&reportID=adminbar_admin-bar-clicks_component_reportArgs&_locale=user HTTP/1.1" 200 5561 "https://dreamspos.uk/" "Mozilla/5.0 (Windows NT 10.0; Win64; x64) AppleWebKit/537.36 (KHTML, like Gecko) Chrome/145.0.0.0 Safari/537.36"
122.186.150.42 - - [23/Feb/2026:05:49:42 +0000] "GET /wp-json/google-site-kit/v1/modules/analytics-4/data/report?metrics%5B0%5D%5Bname%5D=totalUsers&startDate=2026-01-26&endDate=2026-02-22&compareStartDate=2025-12-29&compareEndDate=2026-01-25&url=https%3A%2F%2Fdreamspos.uk%2F&reportID=adminbar_admin-bar-unique-visitors-ga4_component_reportArgs&_locale=user HTTP/1.1" 200 987 "https://dreamspos.uk/" "Mozilla/5.0 (Windows NT 10.0; Win64; x64) AppleWebKit/537.36 (KHTML, like Gecko) Chrome/145.0.0.0 Safari/537.36"
122.186.150.42 - - [23/Feb/2026:05:49:42 +0000] "GET / HTTP/1.1" 200 54487 "https://dreamspos.uk/wp-admin/theme-editor.php?file=templates%2Fheader%2Fheader-style-1.php&theme=dreamslanding" "Mozilla/5.0 (Windows NT 10.0; Win64; x64) AppleWebKit/537.36 (KHTML, like Gecko) Chrome/145.0.0.0 Safari/537.36"
122.186.150.42 - - [23/Feb/2026:05:49:42 +0000] "GET /wp-json/google-site-kit/v1/modules/analytics-4/data/report?metrics%5B0%5D%5Bname%5D=sessions&dimensions%5B0%5D%5Bname%5D=date&startDate=2026-01-26&endDate=2026-02-22&compareStartDate=2025-12-29&compareEndDate=2026-01-25&limit=10&url=https%3A%2F%2Fdreamspos.uk%2F&reportID=adminbar_admin-bar-sessions-ga4_component_reportArgs&_locale=user HTTP/1.1" 200 12098 "https://dreamspos.uk/" "Mozilla/5.0 (Windows NT 10.0; Win64; x64) AppleWebKit/537.36 (KHTML, like Gecko) Chrome/145.0.0.0 Safari/537.36"
122.186.150.42 - - [23/Feb/2026:05:49:44 +0000] "GET /wp-content/themes/dreamslanding/assets/img/footer-bg.png HTTP/1.1" 404 22248 "https://dreamspos.uk/wp-content/themes/dreamslanding/assets/css/style.css" "Mozilla/5.0 (Windows NT 10.0; Win64; x64) AppleWebKit/537.36 (KHTML, like Gecko) Chrome/145.0.0.0 Safari/537.36"
122.186.150.42 - - [23/Feb/2026:05:49:58 +0000] "POST /wp-admin/admin-ajax.php HTTP/1.1" 200 58 "https://dreamspos.uk/wp-admin/customize.php?url=https%3A%2F%2Fdreamspos.uk%2F" "Mozilla/5.0 (Windows NT 10.0; Win64; x64) AppleWebKit/537.36 (KHTML, like Gecko) Chrome/145.0.0.0 Safari/537.36"
122.186.150.42 - - [23/Feb/2026:05:50:13 +0000] "POST /wp-admin/admin-ajax.php HTTP/1.1" 200 58 "https://dreamspos.uk/wp-admin/theme-editor.php?file=templates%2Fheader%2Fheader-style-1.php&theme=dreamslanding" "Mozilla/5.0 (Windows NT 10.0; Win64; x64) AppleWebKit/537.36 (KHTML, like Gecko) Chrome/145.0.0.0 Safari/537.36"
122.186.150.42 - - [23/Feb/2026:05:50:15 +0000] "POST /wp-admin/admin-ajax.php HTTP/1.1" 200 58 "https://dreamspos.uk/wp-admin/admin.php?page=click-to-chat" "Mozilla/5.0 (Windows NT 10.0; Win64; x64) AppleWebKit/537.36 (KHTML, like Gecko) Chrome/145.0.0.0 Safari/537.36"
172.187.168.139 - - [23/Feb/2026:05:50:55 +0000] "POST /wp-cron.php?doing_wp_cron=1771825855.0084490776062011718750 HTTP/1.1" 200 31 "-" "WordPress/6.8.3; https://dreamspos.uk"
122.186.150.42 - - [23/Feb/2026:05:50:55 +0000] "POST /wp-admin/admin-ajax.php HTTP/1.1" 200 182 "https://dreamspos.uk/wp-admin/customize.php?url=https%3A%2F%2Fdreamspos.uk%2F" "Mozilla/5.0 (Windows NT 10.0; Win64; x64) AppleWebKit/537.36 (KHTML, like Gecko) Chrome/145.0.0.0 Safari/537.36"
122.186.150.42 - - [23/Feb/2026:05:50:55 +0000] "POST /wp-admin/admin-ajax.php HTTP/1.1" 200 1441 "https://dreamspos.uk/wp-admin/customize.php?url=https%3A%2F%2Fdreamspos.uk%2F" "Mozilla/5.0 (Windows NT 10.0; Win64; x64) AppleWebKit/537.36 (KHTML, like Gecko) Chrome/145.0.0.0 Safari/537.36"
122.186.150.42 - - [23/Feb/2026:05:50:58 +0000] "POST /wp-admin/admin-ajax.php HTTP/1.1" 200 58 "https://dreamspos.uk/wp-admin/customize.php?url=https%3A%2F%2Fdreamspos.uk%2F" "Mozilla/5.0 (Windows NT 10.0; Win64; x64) AppleWebKit/537.36 (KHTML, like Gecko) Chrome/145.0.0.0 Safari/537.36"
122.186.150.42 - - [23/Feb/2026:05:51:00 +0000] "GET / HTTP/1.1" 200 54777 "https://dreamspos.uk/wp-admin/theme-editor.php?file=templates%2Fheader%2Fheader-style-1.php&theme=dreamslanding" "Mozilla/5.0 (Windows NT 10.0; Win64; x64) AppleWebKit/537.36 (KHTML, like Gecko) Chrome/145.0.0.0 Safari/537.36"
122.186.150.42 - - [23/Feb/2026:05:51:02 +0000] "GET /wp-content/themes/dreamslanding/assets/img/footer-bg.png HTTP/1.1" 404 22464 "https://dreamspos.uk/wp-content/themes/dreamslanding/assets/css/style.css" "Mozilla/5.0 (Windows NT 10.0; Win64; x64) AppleWebKit/537.36 (KHTML, like Gecko) Chrome/145.0.0.0 Safari/537.36"
122.186.150.42 - - [23/Feb/2026:05:51:14 +0000] "POST /wp-admin/admin-ajax.php HTTP/1.1" 200 58 "https://dreamspos.uk/wp-admin/theme-editor.php?file=templates%2Fheader%2Fheader-style-1.php&theme=dreamslanding" "Mozilla/5.0 (Windows NT 10.0; Win64; x64) AppleWebKit/537.36 (KHTML, like Gecko) Chrome/145.0.0.0 Safari/537.36"
172.187.168.139 - - [23/Feb/2026:05:52:17 +0000] "POST /wp-cron.php?doing_wp_cron=1771825937.3628640174865722656250 HTTP/1.1" 200 31 "-" "WordPress/6.8.3; https://dreamspos.uk"
122.186.150.42 - - [23/Feb/2026:05:52:17 +0000] "POST /wp-admin/admin-ajax.php HTTP/1.1" 200 58 "https://dreamspos.uk/wp-admin/admin.php?page=click-to-chat" "Mozilla/5.0 (Windows NT 10.0; Win64; x64) AppleWebKit/537.36 (KHTML, like Gecko) Chrome/145.0.0.0 Safari/537.36"
172.187.168.139 - - [23/Feb/2026:05:52:26 +0000] "POST /wp-cron.php?doing_wp_cron=1771825946.2661979198455810546875 HTTP/1.1" 200 31 "-" "WordPress/6.8.3; https://dreamspos.uk"
122.186.150.42 - - [23/Feb/2026:05:52:26 +0000] "POST /wp-admin/admin-ajax.php HTTP/1.1" 200 58 "https://dreamspos.uk/wp-admin/theme-editor.php?file=templates%2Fheader%2Fheader-style-1.php&theme=dreamslanding" "Mozilla/5.0 (Windows NT 10.0; Win64; x64) AppleWebKit/537.36 (KHTML, like Gecko) Chrome/145.0.0.0 Safari/537.36"
122.186.150.42 - - [23/Feb/2026:05:52:27 +0000] "POST /wp-admin/admin-ajax.php HTTP/1.1" 200 58 "https://dreamspos.uk/wp-admin/customize.php?url=https%3A%2F%2Fdreamspos.uk%2F" "Mozilla/5.0 (Windows NT 10.0; Win64; x64) AppleWebKit/537.36 (KHTML, like Gecko) Chrome/145.0.0.0 Safari/537.36"
122.186.150.42 - - [23/Feb/2026:05:52:39 +0000] "POST /wp-admin/admin-ajax.php HTTP/1.1" 200 182 "https://dreamspos.uk/wp-admin/customize.php?url=https%3A%2F%2Fdreamspos.uk%2F" "Mozilla/5.0 (Windows NT 10.0; Win64; x64) AppleWebKit/537.36 (KHTML, like Gecko) Chrome/145.0.0.0 Safari/537.36"
122.186.150.42 - - [23/Feb/2026:05:52:40 +0000] "POST /wp-admin/admin-ajax.php HTTP/1.1" 200 1441 "https://dreamspos.uk/wp-admin/customize.php?url=https%3A%2F%2Fdreamspos.uk%2F" "Mozilla/5.0 (Windows NT 10.0; Win64; x64) AppleWebKit/537.36 (KHTML, like Gecko) Chrome/145.0.0.0 Safari/537.36"
172.187.168.139 - - [23/Feb/2026:05:53:07 +0000] "GET /wp-admin/theme-editor.php?theme=dreamslanding&file=templates%2Fheader%2Fheader-style-1.php&wp_scrape_key=18786ad4ccd817759465cd8a97adbb91&wp_scrape_nonce=1508660767 HTTP/1.1" 200 36882 "-" "WordPress/6.8.3; https://dreamspos.uk"
172.187.168.139 - - [23/Feb/2026:05:53:07 +0000] "GET /?wp_scrape_key=18786ad4ccd817759465cd8a97adbb91&wp_scrape_nonce=1508660767 HTTP/1.1" 200 54082 "-" "WordPress/6.8.3; https://dreamspos.uk"
122.186.150.42 - - [23/Feb/2026:05:53:08 +0000] "POST /wp-admin/admin-ajax.php HTTP/1.1" 200 74 "https://dreamspos.uk/wp-admin/theme-editor.php?file=templates%2Fheader%2Fheader-style-1.php&theme=dreamslanding" "Mozilla/5.0 (Windows NT 10.0; Win64; x64) AppleWebKit/537.36 (KHTML, like Gecko) Chrome/145.0.0.0 Safari/537.36"
122.186.150.42 - - [23/Feb/2026:05:53:11 +0000] "GET / HTTP/1.1" 200 54089 "https://dreamspos.uk/wp-admin/theme-editor.php?file=templates%2Fheader%2Fheader-style-1.php&theme=dreamslanding" "Mozilla/5.0 (Windows NT 10.0; Win64; x64) AppleWebKit/537.36 (KHTML, like Gecko) Chrome/145.0.0.0 Safari/537.36"
122.186.150.42 - - [23/Feb/2026:05:53:13 +0000] "GET /wp-content/themes/dreamslanding/assets/img/footer-bg.png HTTP/1.1" 404 21929 "https://dreamspos.uk/wp-content/themes/dreamslanding/assets/css/style.css" "Mozilla/5.0 (Windows NT 10.0; Win64; x64) AppleWebKit/537.36 (KHTML, like Gecko) Chrome/145.0.0.0 Safari/537.36"
172.187.168.139 - - [23/Feb/2026:05:53:31 +0000] "POST /wp-cron.php?doing_wp_cron=1771826011.8590209484100341796875 HTTP/1.1" 200 31 "-" "WordPress/6.8.3; https://dreamspos.uk"
122.186.150.42 - - [23/Feb/2026:05:53:32 +0000] "POST /wp-admin/admin-ajax.php HTTP/1.1" 200 58 "https://dreamspos.uk/wp-admin/theme-editor.php?file=templates%2Fheader%2Fheader-style-1.php&theme=dreamslanding" "Mozilla/5.0 (Windows NT 10.0; Win64; x64) AppleWebKit/537.36 (KHTML, like Gecko) Chrome/145.0.0.0 Safari/537.36"
122.186.150.42 - - [23/Feb/2026:05:53:32 +0000] "POST /wp-admin/admin-ajax.php HTTP/1.1" 200 58 "https://dreamspos.uk/wp-admin/customize.php?url=https%3A%2F%2Fdreamspos.uk%2F" "Mozilla/5.0 (Windows NT 10.0; Win64; x64) AppleWebKit/537.36 (KHTML, like Gecko) Chrome/145.0.0.0 Safari/537.36"
122.186.150.42 - - [23/Feb/2026:05:54:20 +0000] "POST /wp-admin/admin-ajax.php HTTP/1.1" 200 58 "https://dreamspos.uk/wp-admin/admin.php?page=click-to-chat" "Mozilla/5.0 (Windows NT 10.0; Win64; x64) AppleWebKit/537.36 (KHTML, like Gecko) Chrome/145.0.0.0 Safari/537.36"
172.187.168.139 - - [23/Feb/2026:05:55:32 +0000] "POST /wp-cron.php?doing_wp_cron=1771826132.7045559883117675781250 HTTP/1.1" 200 31 "-" "WordPress/6.8.3; https://dreamspos.uk"
115.244.222.166 - - [23/Feb/2026:05:55:33 +0000] "POST /wp-admin/admin-ajax.php HTTP/1.1" 200 58 "https://dreamspos.uk/wp-admin/theme-editor.php?file=templates%2Fheader%2Fheader-style-1.php&theme=dreamslanding" "Mozilla/5.0 (Windows NT 10.0; Win64; x64) AppleWebKit/537.36 (KHTML, like Gecko) Chrome/145.0.0.0 Safari/537.36"
115.244.222.166 - - [23/Feb/2026:05:55:33 +0000] "POST /wp-admin/admin-ajax.php HTTP/1.1" 200 58 "https://dreamspos.uk/wp-admin/customize.php?url=https%3A%2F%2Fdreamspos.uk%2F" "Mozilla/5.0 (Windows NT 10.0; Win64; x64) AppleWebKit/537.36 (KHTML, like Gecko) Chrome/145.0.0.0 Safari/537.36"
115.244.222.166 - - [23/Feb/2026:05:56:22 +0000] "POST /wp-admin/admin-ajax.php HTTP/1.1" 200 58 "https://dreamspos.uk/wp-admin/admin.php?page=click-to-chat" "Mozilla/5.0 (Windows NT 10.0; Win64; x64) AppleWebKit/537.36 (KHTML, like Gecko) Chrome/145.0.0.0 Safari/537.36"
115.244.222.166 - - [23/Feb/2026:05:57:33 +0000] "POST /wp-admin/admin-ajax.php HTTP/1.1" 200 58 "https://dreamspos.uk/wp-admin/customize.php?url=https%3A%2F%2Fdreamspos.uk%2F" "Mozilla/5.0 (Windows NT 10.0; Win64; x64) AppleWebKit/537.36 (KHTML, like Gecko) Chrome/145.0.0.0 Safari/537.36"
172.187.168.139 - - [23/Feb/2026:05:57:33 +0000] "POST /wp-cron.php?doing_wp_cron=1771826253.4737389087677001953125 HTTP/1.1" 200 31 "-" "WordPress/6.8.3; https://dreamspos.uk"
115.244.222.166 - - [23/Feb/2026:05:57:33 +0000] "POST /wp-admin/admin-ajax.php HTTP/1.1" 200 58 "https://dreamspos.uk/wp-admin/theme-editor.php?file=templates%2Fheader%2Fheader-style-1.php&theme=dreamslanding" "Mozilla/5.0 (Windows NT 10.0; Win64; x64) AppleWebKit/537.36 (KHTML, like Gecko) Chrome/145.0.0.0 Safari/537.36"
43.130.116.87 - - [23/Feb/2026:05:58:16 +0000] "GET / HTTP/1.1" 200 40669 "http://www.dreamspos.uk" "Mozilla/5.0 (iPhone; CPU iPhone OS 13_2_3 like Mac OS X) AppleWebKit/605.1.15 (KHTML, like Gecko) Version/13.0.3 Mobile/15E148 Safari/604.1"
115.244.222.166 - - [23/Feb/2026:05:58:21 +0000] "POST /wp-admin/admin-ajax.php HTTP/1.1" 200 58 "https://dreamspos.uk/wp-admin/admin.php?page=click-to-chat" "Mozilla/5.0 (Windows NT 10.0; Win64; x64) AppleWebKit/537.36 (KHTML, like Gecko) Chrome/145.0.0.0 Safari/537.36"
115.244.222.166 - - [23/Feb/2026:05:59:33 +0000] "POST /wp-admin/admin-ajax.php HTTP/1.1" 200 58 "https://dreamspos.uk/wp-admin/customize.php?url=https%3A%2F%2Fdreamspos.uk%2F" "Mozilla/5.0 (Windows NT 10.0; Win64; x64) AppleWebKit/537.36 (KHTML, like Gecko) Chrome/145.0.0.0 Safari/537.36"
172.187.168.139 - - [23/Feb/2026:05:59:33 +0000] "POST /wp-cron.php?doing_wp_cron=1771826373.7019870281219482421875 HTTP/1.1" 200 31 "-" "WordPress/6.8.3; https://dreamspos.uk"
115.244.222.166 - - [23/Feb/2026:05:59:33 +0000] "POST /wp-admin/admin-ajax.php HTTP/1.1" 200 58 "https://dreamspos.uk/wp-admin/theme-editor.php?file=templates%2Fheader%2Fheader-style-1.php&theme=dreamslanding" "Mozilla/5.0 (Windows NT 10.0; Win64; x64) AppleWebKit/537.36 (KHTML, like Gecko) Chrome/145.0.0.0 Safari/537.36"
172.187.168.139 - - [23/Feb/2026:06:01:33 +0000] "POST /wp-cron.php?doing_wp_cron=1771826493.4393820762634277343750 HTTP/1.1" 200 31 "-" "WordPress/6.8.3; https://dreamspos.uk"
115.244.222.166 - - [23/Feb/2026:06:01:33 +0000] "POST /wp-admin/admin-ajax.php HTTP/1.1" 200 58 "https://dreamspos.uk/wp-admin/theme-editor.php?file=templates%2Fheader%2Fheader-style-1.php&theme=dreamslanding" "Mozilla/5.0 (Windows NT 10.0; Win64; x64) AppleWebKit/537.36 (KHTML, like Gecko) Chrome/145.0.0.0 Safari/537.36"
115.244.222.166 - - [23/Feb/2026:06:01:33 +0000] "POST /wp-admin/admin-ajax.php HTTP/1.1" 200 58 "https://dreamspos.uk/wp-admin/customize.php?url=https%3A%2F%2Fdreamspos.uk%2F" "Mozilla/5.0 (Windows NT 10.0; Win64; x64) AppleWebKit/537.36 (KHTML, like Gecko) Chrome/145.0.0.0 Safari/537.36"
172.187.168.139 - - [23/Feb/2026:06:03:34 +0000] "POST /wp-cron.php?doing_wp_cron=1771826614.1934900283813476562500 HTTP/1.1" 200 31 "-" "WordPress/6.8.3; https://dreamspos.uk"
115.244.222.166 - - [23/Feb/2026:06:03:34 +0000] "POST /wp-admin/admin-ajax.php HTTP/1.1" 200 58 "https://dreamspos.uk/wp-admin/theme-editor.php?file=templates%2Fheader%2Fheader-style-1.php&theme=dreamslanding" "Mozilla/5.0 (Windows NT 10.0; Win64; x64) AppleWebKit/537.36 (KHTML, like Gecko) Chrome/145.0.0.0 Safari/537.36"
172.187.168.139 - - [23/Feb/2026:06:06:26 +0000] "POST /wp-cron.php?doing_wp_cron=1771826786.7300419807434082031250 HTTP/1.1" 200 31 "-" "WordPress/6.8.3; https://dreamspos.uk"
105.235.137.145 - - [23/Feb/2026:06:06:27 +0000] "GET /author/admin/ HTTP/1.1" 200 24378 "-" "Mozilla/5.0 (Windows NT 10.0; Win64; x64) AppleWebKit/537.36 (KHTML, like Gecko) Chrome/77.0.3865.120 Safari/537.36"
172.187.168.139 - - [23/Feb/2026:06:15:53 +0000] "POST /wp-cron.php?doing_wp_cron=1771827353.5764989852905273437500 HTTP/1.1" 200 31 "-" "WordPress/6.8.3; https://dreamspos.uk"
14.161.127.210 - - [23/Feb/2026:06:15:53 +0000] "GET /blog-details/features HTTP/1.1" 404 14623 "-" "Mozilla/5.0 (Macintosh; Intel Mac OS X 10_11_2) AppleWebKit/537.36 (KHTML, like Gecko) Chrome/67.0.3396.8 Safari/537.36"
172.187.168.139 - - [23/Feb/2026:06:19:12 +0000] "POST /wp-cron.php?doing_wp_cron=1771827552.8339920043945312500000 HTTP/1.1" 200 31 "-" "WordPress/6.8.3; https://dreamspos.uk"
5.39.109.180 - - [23/Feb/2026:06:19:12 +0000] "GET /free-vs-paid-pos-systems-whats-best-for-your-business-in-2026/feed/ HTTP/1.1" 200 895 "-" "Mozilla/5.0 (compatible; AhrefsBot/7.0; +http://ahrefs.com/robot/)"
172.187.168.139 - - [23/Feb/2026:06:21:45 +0000] "POST /wp-cron.php?doing_wp_cron=1771827704.8493969440460205078125 HTTP/1.1" 200 31 "-" "WordPress/6.8.3; https://dreamspos.uk"
43.159.149.56 - - [23/Feb/2026:06:21:45 +0000] "GET / HTTP/1.1" 200 40669 "http://dreamspos.uk" "Mozilla/5.0 (iPhone; CPU iPhone OS 13_2_3 like Mac OS X) AppleWebKit/605.1.15 (KHTML, like Gecko) Version/13.0.3 Mobile/15E148 Safari/604.1"
172.187.168.139 - - [23/Feb/2026:06:23:39 +0000] "POST /wp-cron.php?doing_wp_cron=1771827819.3309440612792968750000 HTTP/1.1" 200 31 "-" "WordPress/6.8.3; https://dreamspos.uk"
216.73.216.97 - - [23/Feb/2026:06:23:39 +0000] "GET /robots.txt HTTP/1.1" 200 181 "-" "Mozilla/5.0 AppleWebKit/537.36 (KHTML, like Gecko; compatible; ClaudeBot/1.0; [email protected])"
216.73.216.97 - - [23/Feb/2026:06:23:40 +0000] "GET /sitemap_index.xml HTTP/1.1" 200 904 "-" "Mozilla/5.0 AppleWebKit/537.36 (KHTML, like Gecko; compatible; ClaudeBot/1.0; [email protected])"
