46.62.152.231 - - [23/Feb/2026:08:12:53 +0000] "GET /wp-content/uploads/2023/12/bx-history.svg HTTP/1.1" 200 1489 "https://www.fethiyeprestijrentacar.com/" "Mozilla/5.0 (Windows NT 10.0; Win64; x64) AppleWebKit/537.36 (KHTML, like Gecko) Chrome/137.0.0.0 Safari/537.36"
46.62.152.231 - - [23/Feb/2026:08:12:53 +0000] "GET /wp-content/uploads/2023/12/bx-selection.svg HTTP/1.1" 200 2138 "https://www.fethiyeprestijrentacar.com/" "Mozilla/5.0 (Windows NT 10.0; Win64; x64) AppleWebKit/537.36 (KHTML, like Gecko) Chrome/137.0.0.0 Safari/537.36"
46.62.152.231 - - [23/Feb/2026:08:12:53 +0000] "GET /wp-content/uploads/2023/12/bx-crown.svg HTTP/1.1" 200 1040 "https://www.fethiyeprestijrentacar.com/" "Mozilla/5.0 (Windows NT 10.0; Win64; x64) AppleWebKit/537.36 (KHTML, like Gecko) Chrome/137.0.0.0 Safari/537.36"
46.62.152.231 - - [23/Feb/2026:08:12:53 +0000] "GET /wp-content/uploads/2023/12/bx-user-check.svg HTTP/1.1" 200 2357 "https://www.fethiyeprestijrentacar.com/" "Mozilla/5.0 (Windows NT 10.0; Win64; x64) AppleWebKit/537.36 (KHTML, like Gecko) Chrome/137.0.0.0 Safari/537.36"
46.62.152.231 - - [23/Feb/2026:08:12:53 +0000] "GET /wp-content/uploads/2023/12/play-store.svg HTTP/1.1" 200 7019 "https://www.fethiyeprestijrentacar.com/" "Mozilla/5.0 (Windows NT 10.0; Win64; x64) AppleWebKit/537.36 (KHTML, like Gecko) Chrome/137.0.0.0 Safari/537.36"
46.62.152.231 - - [23/Feb/2026:08:12:53 +0000] "GET /wp-content/uploads/2023/12/apple.svg HTTP/1.1" 200 7355 "https://www.fethiyeprestijrentacar.com/" "Mozilla/5.0 (Windows NT 10.0; Win64; x64) AppleWebKit/537.36 (KHTML, like Gecko) Chrome/137.0.0.0 Safari/537.36"
46.62.152.231 - - [23/Feb/2026:08:12:53 +0000] "GET /wp-content/uploads/2023/12/app-car.png HTTP/1.1" 200 41121 "https://www.fethiyeprestijrentacar.com/" "Mozilla/5.0 (Windows NT 10.0; Win64; x64) AppleWebKit/537.36 (KHTML, like Gecko) Chrome/137.0.0.0 Safari/537.36"
152.42.215.183 - - [23/Feb/2026:08:12:53 +0000] "POST /wp-login.php HTTP/1.1" 200 2513 "https://dreamsrent-wp.dreamstechnologies.com/wp-login.php" "Mozilla/5.0 (Windows NT 11.0; Win64; x64; rv:121.0) Gecko/20100101 Firefox/121.0"
152.42.215.183 - - [23/Feb/2026:08:12:55 +0000] "GET /wp-admin/index.php HTTP/1.1" 302 5 "https://dreamsrent-wp.dreamstechnologies.com/wp-login.php" "Mozilla/5.0 (Windows NT 10.0; Win64; x64) AppleWebKit/537.36 (KHTML, like Gecko) Chrome/118.0.0.0 Safari/537.36"
152.42.215.183 - - [23/Feb/2026:08:12:56 +0000] "GET /wp-login.php?redirect_to=https%3A%2F%2Fdreamsrent-wp.dreamstechnologies.com%2Fwp-admin%2Findex.php&reauth=1 HTTP/1.1" 200 2416 "https://dreamsrent-wp.dreamstechnologies.com/wp-login.php" "Mozilla/5.0 (Windows NT 10.0; Win64; x64) AppleWebKit/537.36 (KHTML, like Gecko) Chrome/118.0.0.0 Safari/537.36"
152.42.215.183 - - [23/Feb/2026:08:12:57 +0000] "POST /wp-login.php HTTP/1.1" 200 2578 "https://dreamsrent-wp.dreamstechnologies.com/wp-login.php" "Mozilla/5.0 (Macintosh; Intel Mac OS X 10_15_7) AppleWebKit/537.36 (KHTML, like Gecko) Chrome/118.0.0.0 Safari/537.36"
152.42.215.183 - - [23/Feb/2026:08:12:58 +0000] "GET /wp-admin/index.php HTTP/1.1" 302 5 "https://dreamsrent-wp.dreamstechnologies.com/wp-login.php" "Mozilla/5.0 (Windows NT 11.0; Win64; x64) AppleWebKit/537.36 (KHTML, like Gecko) Chrome/121.0.0.0 Safari/537.36"
152.42.215.183 - - [23/Feb/2026:08:12:59 +0000] "GET /wp-login.php?redirect_to=https%3A%2F%2Fdreamsrent-wp.dreamstechnologies.com%2Fwp-admin%2Findex.php&reauth=1 HTTP/1.1" 200 2416 "https://dreamsrent-wp.dreamstechnologies.com/wp-login.php" "Mozilla/5.0 (Windows NT 11.0; Win64; x64) AppleWebKit/537.36 (KHTML, like Gecko) Chrome/121.0.0.0 Safari/537.36"
152.42.215.183 - - [23/Feb/2026:08:13:00 +0000] "POST /wp-login.php HTTP/1.1" 200 2577 "https://dreamsrent-wp.dreamstechnologies.com/wp-login.php" "Mozilla/5.0 (Macintosh; Intel Mac OS X 10_15_7; rv:118.0) Gecko/20100101 Firefox/118.0"
152.42.215.183 - - [23/Feb/2026:08:13:01 +0000] "GET /wp-admin/index.php HTTP/1.1" 302 5 "https://dreamsrent-wp.dreamstechnologies.com/wp-login.php" "Mozilla/5.0 (X11; Ubuntu; Linux x86_64) AppleWebKit/537.36 (KHTML, like Gecko) Chrome/121.0.0.0 Safari/537.36"
152.42.215.183 - - [23/Feb/2026:08:13:02 +0000] "GET /wp-login.php?redirect_to=https%3A%2F%2Fdreamsrent-wp.dreamstechnologies.com%2Fwp-admin%2Findex.php&reauth=1 HTTP/1.1" 200 2416 "https://dreamsrent-wp.dreamstechnologies.com/wp-login.php" "Mozilla/5.0 (X11; Ubuntu; Linux x86_64) AppleWebKit/537.36 (KHTML, like Gecko) Chrome/121.0.0.0 Safari/537.36"
152.42.215.183 - - [23/Feb/2026:08:13:03 +0000] "POST /wp-login.php HTTP/1.1" 200 2580 "https://dreamsrent-wp.dreamstechnologies.com/wp-login.php" "Mozilla/5.0 (Macintosh; Intel Mac OS X 13_6_1) AppleWebKit/537.36 (KHTML, like Gecko) Chrome/119.0.0.0 Safari/537.36"
152.42.215.183 - - [23/Feb/2026:08:13:05 +0000] "GET /wp-admin/index.php HTTP/1.1" 302 5 "https://dreamsrent-wp.dreamstechnologies.com/wp-login.php" "Mozilla/5.0 (Windows NT 11.0; Win64; x64) AppleWebKit/537.36 (KHTML, like Gecko) Chrome/121.0.0.0 Safari/537.36"
152.42.215.183 - - [23/Feb/2026:08:13:06 +0000] "GET /wp-login.php?redirect_to=https%3A%2F%2Fdreamsrent-wp.dreamstechnologies.com%2Fwp-admin%2Findex.php&reauth=1 HTTP/1.1" 200 2416 "https://dreamsrent-wp.dreamstechnologies.com/wp-login.php" "Mozilla/5.0 (Windows NT 11.0; Win64; x64) AppleWebKit/537.36 (KHTML, like Gecko) Chrome/121.0.0.0 Safari/537.36"
152.42.215.183 - - [23/Feb/2026:08:13:07 +0000] "POST /wp-login.php HTTP/1.1" 200 2577 "https://dreamsrent-wp.dreamstechnologies.com/wp-login.php" "Mozilla/5.0 (Macintosh; Intel Mac OS X 13_6_1; rv:118.0) Gecko/20100101 Firefox/118.0"
152.42.215.183 - - [23/Feb/2026:08:13:08 +0000] "GET /wp-admin/index.php HTTP/1.1" 302 5 "https://dreamsrent-wp.dreamstechnologies.com/wp-login.php" "Mozilla/5.0 (Windows NT 11.0; Win64; x64) AppleWebKit/537.36 (KHTML, like Gecko) Chrome/119.0.0.0 Safari/537.36"
152.42.215.183 - - [23/Feb/2026:08:13:09 +0000] "GET /wp-login.php?redirect_to=https%3A%2F%2Fdreamsrent-wp.dreamstechnologies.com%2Fwp-admin%2Findex.php&reauth=1 HTTP/1.1" 200 2416 "https://dreamsrent-wp.dreamstechnologies.com/wp-login.php" "Mozilla/5.0 (Windows NT 11.0; Win64; x64) AppleWebKit/537.36 (KHTML, like Gecko) Chrome/119.0.0.0 Safari/537.36"
51.89.136.71 - - [23/Feb/2026:08:13:09 +0000] "GET /wp-content/uploads/2023/12/services-icon-01.svg HTTP/1.1" 200 6805 "https://www.fethiyeprestijrentacar.com/" "Mozilla/5.0 (Linux; Android 10; K) AppleWebKit/537.36 (KHTML, like Gecko) Chrome/131.0.0.0 Mobile Safari/537.36"
51.89.136.71 - - [23/Feb/2026:08:13:09 +0000] "GET /wp-content/uploads/2023/12/services-icon-02.svg HTTP/1.1" 200 8688 "https://www.fethiyeprestijrentacar.com/" "Mozilla/5.0 (Linux; Android 10; K) AppleWebKit/537.36 (KHTML, like Gecko) Chrome/131.0.0.0 Mobile Safari/537.36"
51.89.136.71 - - [23/Feb/2026:08:13:09 +0000] "GET /wp-content/uploads/2023/12/services-icon-03.svg HTTP/1.1" 200 10006 "https://www.fethiyeprestijrentacar.com/" "Mozilla/5.0 (Linux; Android 10; K) AppleWebKit/537.36 (KHTML, like Gecko) Chrome/131.0.0.0 Mobile Safari/537.36"
51.89.136.71 - - [23/Feb/2026:08:13:10 +0000] "GET /wp-content/uploads/2023/12/bx-car.svg HTTP/1.1" 200 1844 "https://www.fethiyeprestijrentacar.com/" "Mozilla/5.0 (Linux; Android 10; K) AppleWebKit/537.36 (KHTML, like Gecko) Chrome/131.0.0.0 Mobile Safari/537.36"
51.89.136.71 - - [23/Feb/2026:08:13:10 +0000] "GET /wp-content/uploads/2023/12/bx-headphone.svg HTTP/1.1" 200 902 "https://www.fethiyeprestijrentacar.com/" "Mozilla/5.0 (Linux; Android 10; K) AppleWebKit/537.36 (KHTML, like Gecko) Chrome/131.0.0.0 Mobile Safari/537.36"
51.89.136.71 - - [23/Feb/2026:08:13:10 +0000] "GET /wp-content/uploads/2023/12/bx-heart.svg HTTP/1.1" 200 1182 "https://www.fethiyeprestijrentacar.com/" "Mozilla/5.0 (Linux; Android 10; K) AppleWebKit/537.36 (KHTML, like Gecko) Chrome/131.0.0.0 Mobile Safari/537.36"
51.89.136.71 - - [23/Feb/2026:08:13:10 +0000] "GET /wp-content/uploads/2023/12/bx-history.svg HTTP/1.1" 200 1489 "https://www.fethiyeprestijrentacar.com/" "Mozilla/5.0 (Linux; Android 10; K) AppleWebKit/537.36 (KHTML, like Gecko) Chrome/131.0.0.0 Mobile Safari/537.36"
51.89.136.71 - - [23/Feb/2026:08:13:10 +0000] "GET /wp-content/uploads/2023/12/bx-selection.svg HTTP/1.1" 200 2138 "https://www.fethiyeprestijrentacar.com/" "Mozilla/5.0 (Linux; Android 10; K) AppleWebKit/537.36 (KHTML, like Gecko) Chrome/131.0.0.0 Mobile Safari/537.36"
51.89.136.71 - - [23/Feb/2026:08:13:10 +0000] "GET /wp-content/uploads/2023/12/bx-crown.svg HTTP/1.1" 200 1040 "https://www.fethiyeprestijrentacar.com/" "Mozilla/5.0 (Linux; Android 10; K) AppleWebKit/537.36 (KHTML, like Gecko) Chrome/131.0.0.0 Mobile Safari/537.36"
51.89.136.71 - - [23/Feb/2026:08:13:10 +0000] "GET /wp-content/uploads/2023/12/bx-user-check.svg HTTP/1.1" 200 2357 "https://www.fethiyeprestijrentacar.com/" "Mozilla/5.0 (Linux; Android 10; K) AppleWebKit/537.36 (KHTML, like Gecko) Chrome/131.0.0.0 Mobile Safari/537.36"
51.89.136.71 - - [23/Feb/2026:08:13:10 +0000] "GET /wp-content/uploads/2023/12/play-store.svg HTTP/1.1" 200 7019 "https://www.fethiyeprestijrentacar.com/" "Mozilla/5.0 (Linux; Android 10; K) AppleWebKit/537.36 (KHTML, like Gecko) Chrome/131.0.0.0 Mobile Safari/537.36"
51.89.136.71 - - [23/Feb/2026:08:13:10 +0000] "GET /wp-content/uploads/2023/12/apple.svg HTTP/1.1" 200 7355 "https://www.fethiyeprestijrentacar.com/" "Mozilla/5.0 (Linux; Android 10; K) AppleWebKit/537.36 (KHTML, like Gecko) Chrome/131.0.0.0 Mobile Safari/537.36"
51.89.136.71 - - [23/Feb/2026:08:13:10 +0000] "GET /wp-content/uploads/2023/12/app-car.png HTTP/1.1" 200 41121 "https://www.fethiyeprestijrentacar.com/" "Mozilla/5.0 (Linux; Android 10; K) AppleWebKit/537.36 (KHTML, like Gecko) Chrome/131.0.0.0 Mobile Safari/537.36"
152.42.215.183 - - [23/Feb/2026:08:13:11 +0000] "POST /wp-login.php HTTP/1.1" 200 2574 "https://dreamsrent-wp.dreamstechnologies.com/wp-login.php" "Mozilla/5.0 (X11; Linux x86_64) AppleWebKit/537.36 (KHTML, like Gecko) Chrome/118.0.0.0 Safari/537.36"
152.42.215.183 - - [23/Feb/2026:08:13:12 +0000] "GET /wp-admin/index.php HTTP/1.1" 302 5 "https://dreamsrent-wp.dreamstechnologies.com/wp-login.php" "Mozilla/5.0 (Macintosh; Intel Mac OS X 13_6_1; rv:121.0) Gecko/20100101 Firefox/121.0"
152.42.215.183 - - [23/Feb/2026:08:13:13 +0000] "GET /wp-login.php?redirect_to=https%3A%2F%2Fdreamsrent-wp.dreamstechnologies.com%2Fwp-admin%2Findex.php&reauth=1 HTTP/1.1" 200 2416 "https://dreamsrent-wp.dreamstechnologies.com/wp-login.php" "Mozilla/5.0 (Macintosh; Intel Mac OS X 13_6_1; rv:121.0) Gecko/20100101 Firefox/121.0"
152.42.215.183 - - [23/Feb/2026:08:13:14 +0000] "POST /wp-login.php HTTP/1.1" 200 2575 "https://dreamsrent-wp.dreamstechnologies.com/wp-login.php" "Mozilla/5.0 (Windows NT 10.0; Win64; x64) AppleWebKit/537.36 (KHTML, like Gecko) Chrome/121.0.0.0 Safari/537.36"
152.42.215.183 - - [23/Feb/2026:08:13:15 +0000] "GET /wp-admin/index.php HTTP/1.1" 302 5 "https://dreamsrent-wp.dreamstechnologies.com/wp-login.php" "Mozilla/5.0 (X11; Ubuntu; Linux x86_64) AppleWebKit/537.36 (KHTML, like Gecko) Chrome/119.0.0.0 Safari/537.36"
152.42.215.183 - - [23/Feb/2026:08:13:16 +0000] "GET /wp-login.php?redirect_to=https%3A%2F%2Fdreamsrent-wp.dreamstechnologies.com%2Fwp-admin%2Findex.php&reauth=1 HTTP/1.1" 200 2416 "https://dreamsrent-wp.dreamstechnologies.com/wp-login.php" "Mozilla/5.0 (X11; Ubuntu; Linux x86_64) AppleWebKit/537.36 (KHTML, like Gecko) Chrome/119.0.0.0 Safari/537.36"
51.210.165.7 - - [23/Feb/2026:08:13:17 +0000] "GET /wp-content/uploads/2023/12/services-icon-01.svg HTTP/1.1" 200 6805 "https://www.fethiyeprestijrentacar.com/" "Mozilla/5.0 (Windows NT 10.0; Win64; x64) AppleWebKit/537.36 (KHTML, like Gecko) Chrome/138.0.0.0 Safari/537.36"
152.42.215.183 - - [23/Feb/2026:08:13:17 +0000] "POST /wp-login.php HTTP/1.1" 200 2574 "https://dreamsrent-wp.dreamstechnologies.com/wp-login.php" "Mozilla/5.0 (X11; Linux x86_64) AppleWebKit/537.36 (KHTML, like Gecko) Chrome/120.0.0.0 Safari/537.36"
152.42.215.183 - - [23/Feb/2026:08:13:18 +0000] "GET /wp-admin/index.php HTTP/1.1" 302 5 "https://dreamsrent-wp.dreamstechnologies.com/wp-login.php" "Mozilla/5.0 (X11; Linux x86_64) AppleWebKit/537.36 (KHTML, like Gecko) Chrome/119.0.0.0 Safari/537.36"
152.42.215.183 - - [23/Feb/2026:08:13:19 +0000] "GET /wp-login.php?redirect_to=https%3A%2F%2Fdreamsrent-wp.dreamstechnologies.com%2Fwp-admin%2Findex.php&reauth=1 HTTP/1.1" 200 2416 "https://dreamsrent-wp.dreamstechnologies.com/wp-login.php" "Mozilla/5.0 (X11; Linux x86_64) AppleWebKit/537.36 (KHTML, like Gecko) Chrome/119.0.0.0 Safari/537.36"
46.62.152.231 - - [23/Feb/2026:08:13:21 +0000] "GET /wp-content/uploads/2024/01/contact-info.jpg HTTP/1.1" 200 27328 "https://www.fethiyeprestijrentacar.com/bize-ulasin/" "Mozilla/5.0 (Windows NT 10.0; Win64; x64) AppleWebKit/537.36 (KHTML, like Gecko) Chrome/137.0.0.0 Safari/537.36"
51.210.165.7 - - [23/Feb/2026:08:13:21 +0000] "GET /wp-content/uploads/2023/12/services-icon-02.svg HTTP/1.1" 200 8688 "https://www.fethiyeprestijrentacar.com/" "Mozilla/5.0 (Windows NT 10.0; Win64; x64) AppleWebKit/537.36 (KHTML, like Gecko) Chrome/138.0.0.0 Safari/537.36"
51.210.165.7 - - [23/Feb/2026:08:13:21 +0000] "GET /wp-content/uploads/2023/12/services-icon-03.svg HTTP/1.1" 200 10006 "https://www.fethiyeprestijrentacar.com/" "Mozilla/5.0 (Windows NT 10.0; Win64; x64) AppleWebKit/537.36 (KHTML, like Gecko) Chrome/138.0.0.0 Safari/537.36"
152.42.215.183 - - [23/Feb/2026:08:13:21 +0000] "POST /wp-login.php HTTP/1.1" 200 2576 "https://dreamsrent-wp.dreamstechnologies.com/wp-login.php" "Mozilla/5.0 (X11; Linux x86_64) AppleWebKit/537.36 (KHTML, like Gecko) Chrome/121.0.0.0 Safari/537.36"
51.210.165.7 - - [23/Feb/2026:08:13:22 +0000] "GET /wp-content/uploads/2023/12/bx-car.svg HTTP/1.1" 200 1844 "https://www.fethiyeprestijrentacar.com/" "Mozilla/5.0 (Windows NT 10.0; Win64; x64) AppleWebKit/537.36 (KHTML, like Gecko) Chrome/138.0.0.0 Safari/537.36"
51.210.165.7 - - [23/Feb/2026:08:13:22 +0000] "GET /wp-content/uploads/2023/12/bx-headphone.svg HTTP/1.1" 200 902 "https://www.fethiyeprestijrentacar.com/" "Mozilla/5.0 (Windows NT 10.0; Win64; x64) AppleWebKit/537.36 (KHTML, like Gecko) Chrome/138.0.0.0 Safari/537.36"
51.210.165.7 - - [23/Feb/2026:08:13:22 +0000] "GET /wp-content/uploads/2023/12/bx-heart.svg HTTP/1.1" 200 1182 "https://www.fethiyeprestijrentacar.com/" "Mozilla/5.0 (Windows NT 10.0; Win64; x64) AppleWebKit/537.36 (KHTML, like Gecko) Chrome/138.0.0.0 Safari/537.36"
51.210.165.7 - - [23/Feb/2026:08:13:22 +0000] "GET /wp-content/uploads/2023/12/bx-history.svg HTTP/1.1" 200 1489 "https://www.fethiyeprestijrentacar.com/" "Mozilla/5.0 (Windows NT 10.0; Win64; x64) AppleWebKit/537.36 (KHTML, like Gecko) Chrome/138.0.0.0 Safari/537.36"
51.210.165.7 - - [23/Feb/2026:08:13:22 +0000] "GET /wp-content/uploads/2023/12/bx-selection.svg HTTP/1.1" 200 2138 "https://www.fethiyeprestijrentacar.com/" "Mozilla/5.0 (Windows NT 10.0; Win64; x64) AppleWebKit/537.36 (KHTML, like Gecko) Chrome/138.0.0.0 Safari/537.36"
51.210.165.7 - - [23/Feb/2026:08:13:22 +0000] "GET /wp-content/uploads/2023/12/bx-crown.svg HTTP/1.1" 200 1040 "https://www.fethiyeprestijrentacar.com/" "Mozilla/5.0 (Windows NT 10.0; Win64; x64) AppleWebKit/537.36 (KHTML, like Gecko) Chrome/138.0.0.0 Safari/537.36"
51.210.165.7 - - [23/Feb/2026:08:13:22 +0000] "GET /wp-content/uploads/2023/12/bx-user-check.svg HTTP/1.1" 200 2357 "https://www.fethiyeprestijrentacar.com/" "Mozilla/5.0 (Windows NT 10.0; Win64; x64) AppleWebKit/537.36 (KHTML, like Gecko) Chrome/138.0.0.0 Safari/537.36"
51.210.165.7 - - [23/Feb/2026:08:13:22 +0000] "GET /wp-content/uploads/2023/12/play-store.svg HTTP/1.1" 200 7019 "https://www.fethiyeprestijrentacar.com/" "Mozilla/5.0 (Windows NT 10.0; Win64; x64) AppleWebKit/537.36 (KHTML, like Gecko) Chrome/138.0.0.0 Safari/537.36"
51.210.165.7 - - [23/Feb/2026:08:13:22 +0000] "GET /wp-content/uploads/2023/12/apple.svg HTTP/1.1" 200 7355 "https://www.fethiyeprestijrentacar.com/" "Mozilla/5.0 (Windows NT 10.0; Win64; x64) AppleWebKit/537.36 (KHTML, like Gecko) Chrome/138.0.0.0 Safari/537.36"
51.210.165.7 - - [23/Feb/2026:08:13:22 +0000] "GET /wp-content/uploads/2023/12/app-car.png HTTP/1.1" 200 41121 "https://www.fethiyeprestijrentacar.com/" "Mozilla/5.0 (Windows NT 10.0; Win64; x64) AppleWebKit/537.36 (KHTML, like Gecko) Chrome/138.0.0.0 Safari/537.36"
152.42.215.183 - - [23/Feb/2026:08:13:26 +0000] "GET /wp-admin/index.php HTTP/1.1" 302 5 "https://dreamsrent-wp.dreamstechnologies.com/wp-login.php" "Mozilla/5.0 (Macintosh; Intel Mac OS X 13_6_1) AppleWebKit/605.1.15 (KHTML, like Gecko) Version/17.0 Safari/605.1.15"
152.42.215.183 - - [23/Feb/2026:08:13:27 +0000] "GET /wp-login.php?redirect_to=https%3A%2F%2Fdreamsrent-wp.dreamstechnologies.com%2Fwp-admin%2Findex.php&reauth=1 HTTP/1.1" 200 2416 "https://dreamsrent-wp.dreamstechnologies.com/wp-login.php" "Mozilla/5.0 (Macintosh; Intel Mac OS X 13_6_1) AppleWebKit/605.1.15 (KHTML, like Gecko) Version/17.0 Safari/605.1.15"
51.89.136.71 - - [23/Feb/2026:08:13:28 +0000] "GET /wp-content/uploads/2023/12/about-us.png HTTP/1.1" 200 442760 "https://www.fethiyeprestijrentacar.com/hakkimizda/" "Mozilla/5.0 (Linux; Android 10; K) AppleWebKit/537.36 (KHTML, like Gecko) Chrome/131.0.0.0 Mobile Safari/537.36"
51.89.136.71 - - [23/Feb/2026:08:13:28 +0000] "GET /wp-content/uploads/2023/12/avatar-07.jpg HTTP/1.1" 200 42462 "https://www.fethiyeprestijrentacar.com/hakkimizda/" "Mozilla/5.0 (Linux; Android 10; K) AppleWebKit/537.36 (KHTML, like Gecko) Chrome/131.0.0.0 Mobile Safari/537.36"
51.89.136.71 - - [23/Feb/2026:08:13:28 +0000] "GET /wp-content/uploads/2023/12/avatar-02.jpg HTTP/1.1" 200 27342 "https://www.fethiyeprestijrentacar.com/hakkimizda/" "Mozilla/5.0 (Linux; Android 10; K) AppleWebKit/537.36 (KHTML, like Gecko) Chrome/131.0.0.0 Mobile Safari/537.36"
51.89.136.71 - - [23/Feb/2026:08:13:28 +0000] "GET /wp-content/uploads/2023/12/avatar-04.jpg HTTP/1.1" 200 29593 "https://www.fethiyeprestijrentacar.com/hakkimizda/" "Mozilla/5.0 (Linux; Android 10; K) AppleWebKit/537.36 (KHTML, like Gecko) Chrome/131.0.0.0 Mobile Safari/537.36"
51.89.136.71 - - [23/Feb/2026:08:13:28 +0000] "GET /wp-content/uploads/2023/12/avatar-03.jpg HTTP/1.1" 200 34744 "https://www.fethiyeprestijrentacar.com/hakkimizda/" "Mozilla/5.0 (Linux; Android 10; K) AppleWebKit/537.36 (KHTML, like Gecko) Chrome/131.0.0.0 Mobile Safari/537.36"
51.89.136.71 - - [23/Feb/2026:08:13:29 +0000] "GET /wp-content/uploads/2023/12/avatar-06.jpg HTTP/1.1" 200 39913 "https://www.fethiyeprestijrentacar.com/hakkimizda/" "Mozilla/5.0 (Linux; Android 10; K) AppleWebKit/537.36 (KHTML, like Gecko) Chrome/131.0.0.0 Mobile Safari/537.36"
152.42.215.183 - - [23/Feb/2026:08:13:30 +0000] "POST /wp-login.php HTTP/1.1" 200 2571 "https://dreamsrent-wp.dreamstechnologies.com/wp-login.php" "Mozilla/5.0 (Macintosh; Intel Mac OS X 13_6_1) AppleWebKit/605.1.15 (KHTML, like Gecko) Version/17.1 Safari/605.1.15"
152.42.215.183 - - [23/Feb/2026:08:13:33 +0000] "GET /wp-admin/index.php HTTP/1.1" 302 5 "https://dreamsrent-wp.dreamstechnologies.com/wp-login.php" "Mozilla/5.0 (Macintosh; Intel Mac OS X 10_15_7) AppleWebKit/605.1.15 (KHTML, like Gecko) Version/17.0 Safari/605.1.15"
172.187.168.139 - - [23/Feb/2026:08:13:34 +0000] "POST /wp-cron.php?doing_wp_cron=1771834414.3532629013061523437500 HTTP/1.1" 200 31 "-" "WordPress/6.9; https://dreamsrent-wp.dreamstechnologies.com"
152.42.215.183 - - [23/Feb/2026:08:13:34 +0000] "GET /wp-login.php?redirect_to=https%3A%2F%2Fdreamsrent-wp.dreamstechnologies.com%2Fwp-admin%2Findex.php&reauth=1 HTTP/1.1" 200 2416 "https://dreamsrent-wp.dreamstechnologies.com/wp-login.php" "Mozilla/5.0 (Macintosh; Intel Mac OS X 10_15_7) AppleWebKit/605.1.15 (KHTML, like Gecko) Version/17.0 Safari/605.1.15"
152.42.215.183 - - [23/Feb/2026:08:13:35 +0000] "POST /wp-login.php HTTP/1.1" 200 2582 "https://dreamsrent-wp.dreamstechnologies.com/wp-login.php" "Mozilla/5.0 (Macintosh; Intel Mac OS X 13_6_1; rv:121.0) Gecko/20100101 Firefox/121.0"
152.42.215.183 - - [23/Feb/2026:08:13:36 +0000] "GET /wp-admin/index.php HTTP/1.1" 302 5 "https://dreamsrent-wp.dreamstechnologies.com/wp-login.php" "Mozilla/5.0 (Windows NT 11.0; Win64; x64) AppleWebKit/537.36 (KHTML, like Gecko) Chrome/118.0.0.0 Safari/537.36"
152.42.215.183 - - [23/Feb/2026:08:13:37 +0000] "GET /wp-login.php?redirect_to=https%3A%2F%2Fdreamsrent-wp.dreamstechnologies.com%2Fwp-admin%2Findex.php&reauth=1 HTTP/1.1" 200 2416 "https://dreamsrent-wp.dreamstechnologies.com/wp-login.php" "Mozilla/5.0 (Windows NT 11.0; Win64; x64) AppleWebKit/537.36 (KHTML, like Gecko) Chrome/118.0.0.0 Safari/537.36"
172.187.168.139 - - [23/Feb/2026:08:13:39 +0000] "POST /wp-cron.php?doing_wp_cron=1771834419.2818388938903808593750 HTTP/1.1" 200 31 "-" "WordPress/6.9; https://dreamsrent-wp.dreamstechnologies.com"
152.42.215.183 - - [23/Feb/2026:08:13:39 +0000] "POST /wp-login.php HTTP/1.1" 200 2576 "https://dreamsrent-wp.dreamstechnologies.com/wp-login.php" "Mozilla/5.0 (Windows NT 11.0; Win64; x64) AppleWebKit/537.36 (KHTML, like Gecko) Chrome/118.0.0.0 Safari/537.36"
152.42.215.183 - - [23/Feb/2026:08:13:40 +0000] "GET /wp-admin/index.php HTTP/1.1" 302 5 "https://dreamsrent-wp.dreamstechnologies.com/wp-login.php" "Mozilla/5.0 (Macintosh; Intel Mac OS X 10_15_7; rv:118.0) Gecko/20100101 Firefox/118.0"
152.42.215.183 - - [23/Feb/2026:08:13:41 +0000] "GET /wp-login.php?redirect_to=https%3A%2F%2Fdreamsrent-wp.dreamstechnologies.com%2Fwp-admin%2Findex.php&reauth=1 HTTP/1.1" 200 2416 "https://dreamsrent-wp.dreamstechnologies.com/wp-login.php" "Mozilla/5.0 (Macintosh; Intel Mac OS X 10_15_7; rv:118.0) Gecko/20100101 Firefox/118.0"
152.42.215.183 - - [23/Feb/2026:08:13:42 +0000] "POST /wp-login.php HTTP/1.1" 200 2576 "https://dreamsrent-wp.dreamstechnologies.com/wp-login.php" "Mozilla/5.0 (Macintosh; Intel Mac OS X 13_6_1) AppleWebKit/605.1.15 (KHTML, like Gecko) Version/17.1 Safari/605.1.15"
152.42.215.183 - - [23/Feb/2026:08:13:44 +0000] "GET /wp-admin/index.php HTTP/1.1" 302 5 "https://dreamsrent-wp.dreamstechnologies.com/wp-login.php" "Mozilla/5.0 (X11; Ubuntu; Linux x86_64) AppleWebKit/537.36 (KHTML, like Gecko) Chrome/118.0.0.0 Safari/537.36"
152.42.215.183 - - [23/Feb/2026:08:13:45 +0000] "GET /wp-login.php?redirect_to=https%3A%2F%2Fdreamsrent-wp.dreamstechnologies.com%2Fwp-admin%2Findex.php&reauth=1 HTTP/1.1" 200 2416 "https://dreamsrent-wp.dreamstechnologies.com/wp-login.php" "Mozilla/5.0 (X11; Ubuntu; Linux x86_64) AppleWebKit/537.36 (KHTML, like Gecko) Chrome/118.0.0.0 Safari/537.36"
152.42.215.183 - - [23/Feb/2026:08:13:46 +0000] "POST /wp-login.php HTTP/1.1" 200 2571 "https://dreamsrent-wp.dreamstechnologies.com/wp-login.php" "Mozilla/5.0 (Windows NT 10.0; Win64; x64; rv:121.0) Gecko/20100101 Firefox/121.0"
152.42.215.183 - - [23/Feb/2026:08:13:48 +0000] "GET /wp-admin/index.php HTTP/1.1" 302 5 "https://dreamsrent-wp.dreamstechnologies.com/wp-login.php" "Mozilla/5.0 (Macintosh; Intel Mac OS X 13_6_1; rv:119.0) Gecko/20100101 Firefox/119.0"
152.42.215.183 - - [23/Feb/2026:08:13:49 +0000] "GET /wp-login.php?redirect_to=https%3A%2F%2Fdreamsrent-wp.dreamstechnologies.com%2Fwp-admin%2Findex.php&reauth=1 HTTP/1.1" 200 2416 "https://dreamsrent-wp.dreamstechnologies.com/wp-login.php" "Mozilla/5.0 (Macintosh; Intel Mac OS X 13_6_1; rv:119.0) Gecko/20100101 Firefox/119.0"
152.42.215.183 - - [23/Feb/2026:08:13:50 +0000] "POST /wp-login.php HTTP/1.1" 200 2578 "https://dreamsrent-wp.dreamstechnologies.com/wp-login.php" "Mozilla/5.0 (Macintosh; Intel Mac OS X 10_15_7; rv:119.0) Gecko/20100101 Firefox/119.0"
152.42.215.183 - - [23/Feb/2026:08:13:51 +0000] "GET /wp-admin/index.php HTTP/1.1" 302 5 "https://dreamsrent-wp.dreamstechnologies.com/wp-login.php" "Mozilla/5.0 (Windows NT 10.0; Win64; x64) AppleWebKit/537.36 (KHTML, like Gecko) Chrome/120.0.0.0 Safari/537.36"
152.42.215.183 - - [23/Feb/2026:08:13:52 +0000] "GET /wp-login.php?redirect_to=https%3A%2F%2Fdreamsrent-wp.dreamstechnologies.com%2Fwp-admin%2Findex.php&reauth=1 HTTP/1.1" 200 2416 "https://dreamsrent-wp.dreamstechnologies.com/wp-login.php" "Mozilla/5.0 (Windows NT 10.0; Win64; x64) AppleWebKit/537.36 (KHTML, like Gecko) Chrome/120.0.0.0 Safari/537.36"
152.42.215.183 - - [23/Feb/2026:08:13:53 +0000] "POST /wp-login.php HTTP/1.1" 200 2577 "https://dreamsrent-wp.dreamstechnologies.com/wp-login.php" "Mozilla/5.0 (Macintosh; Intel Mac OS X 13_6_1; rv:118.0) Gecko/20100101 Firefox/118.0"
152.42.215.183 - - [23/Feb/2026:08:13:55 +0000] "GET /wp-admin/index.php HTTP/1.1" 302 5 "https://dreamsrent-wp.dreamstechnologies.com/wp-login.php" "Mozilla/5.0 (Windows NT 10.0; Win64; x64; rv:120.0) Gecko/20100101 Firefox/120.0"
152.42.215.183 - - [23/Feb/2026:08:13:56 +0000] "GET /wp-login.php?redirect_to=https%3A%2F%2Fdreamsrent-wp.dreamstechnologies.com%2Fwp-admin%2Findex.php&reauth=1 HTTP/1.1" 200 2416 "https://dreamsrent-wp.dreamstechnologies.com/wp-login.php" "Mozilla/5.0 (Windows NT 10.0; Win64; x64; rv:120.0) Gecko/20100101 Firefox/120.0"
152.42.215.183 - - [23/Feb/2026:08:13:57 +0000] "POST /wp-login.php HTTP/1.1" 200 2584 "https://dreamsrent-wp.dreamstechnologies.com/wp-login.php" "Mozilla/5.0 (X11; Linux x86_64) AppleWebKit/537.36 (KHTML, like Gecko) Chrome/121.0.0.0 Safari/537.36"
152.42.215.183 - - [23/Feb/2026:08:13:58 +0000] "GET /wp-admin/index.php HTTP/1.1" 302 5 "https://dreamsrent-wp.dreamstechnologies.com/wp-login.php" "Mozilla/5.0 (X11; Linux x86_64) AppleWebKit/537.36 (KHTML, like Gecko) Chrome/118.0.0.0 Safari/537.36"
152.42.215.183 - - [23/Feb/2026:08:13:59 +0000] "GET /wp-login.php?redirect_to=https%3A%2F%2Fdreamsrent-wp.dreamstechnologies.com%2Fwp-admin%2Findex.php&reauth=1 HTTP/1.1" 200 2416 "https://dreamsrent-wp.dreamstechnologies.com/wp-login.php" "Mozilla/5.0 (X11; Linux x86_64) AppleWebKit/537.36 (KHTML, like Gecko) Chrome/118.0.0.0 Safari/537.36"
152.42.215.183 - - [23/Feb/2026:08:14:00 +0000] "POST /wp-login.php HTTP/1.1" 200 2580 "https://dreamsrent-wp.dreamstechnologies.com/wp-login.php" "Mozilla/5.0 (Macintosh; Intel Mac OS X 10_15_7) AppleWebKit/605.1.15 (KHTML, like Gecko) Version/16.6 Safari/605.1.15"
152.42.215.183 - - [23/Feb/2026:08:14:02 +0000] "GET /wp-admin/index.php HTTP/1.1" 302 5 "https://dreamsrent-wp.dreamstechnologies.com/wp-login.php" "Mozilla/5.0 (Windows NT 11.0; Win64; x64; rv:121.0) Gecko/20100101 Firefox/121.0"
152.42.215.183 - - [23/Feb/2026:08:14:03 +0000] "GET /wp-login.php?redirect_to=https%3A%2F%2Fdreamsrent-wp.dreamstechnologies.com%2Fwp-admin%2Findex.php&reauth=1 HTTP/1.1" 200 2416 "https://dreamsrent-wp.dreamstechnologies.com/wp-login.php" "Mozilla/5.0 (Windows NT 11.0; Win64; x64; rv:121.0) Gecko/20100101 Firefox/121.0"
152.42.215.183 - - [23/Feb/2026:08:14:04 +0000] "POST /wp-login.php HTTP/1.1" 200 2578 "https://dreamsrent-wp.dreamstechnologies.com/wp-login.php" "Mozilla/5.0 (Windows NT 10.0; Win64; x64) AppleWebKit/537.36 (KHTML, like Gecko) Chrome/119.0.0.0 Safari/537.36"
152.42.215.183 - - [23/Feb/2026:08:14:05 +0000] "GET /wp-admin/index.php HTTP/1.1" 302 5 "https://dreamsrent-wp.dreamstechnologies.com/wp-login.php" "Mozilla/5.0 (Windows NT 11.0; Win64; x64) AppleWebKit/537.36 (KHTML, like Gecko) Chrome/118.0.0.0 Safari/537.36"
152.42.215.183 - - [23/Feb/2026:08:14:06 +0000] "GET /wp-login.php?redirect_to=https%3A%2F%2Fdreamsrent-wp.dreamstechnologies.com%2Fwp-admin%2Findex.php&reauth=1 HTTP/1.1" 200 2416 "https://dreamsrent-wp.dreamstechnologies.com/wp-login.php" "Mozilla/5.0 (Windows NT 11.0; Win64; x64) AppleWebKit/537.36 (KHTML, like Gecko) Chrome/118.0.0.0 Safari/537.36"
152.42.215.183 - - [23/Feb/2026:08:14:07 +0000] "POST /wp-login.php HTTP/1.1" 200 2576 "https://dreamsrent-wp.dreamstechnologies.com/wp-login.php" "Mozilla/5.0 (Macintosh; Intel Mac OS X 10_15_7) AppleWebKit/537.36 (KHTML, like Gecko) Chrome/119.0.0.0 Safari/537.36"
152.42.215.183 - - [23/Feb/2026:08:14:09 +0000] "GET /wp-admin/index.php HTTP/1.1" 302 5 "https://dreamsrent-wp.dreamstechnologies.com/wp-login.php" "Mozilla/5.0 (Macintosh; Intel Mac OS X 10_15_7) AppleWebKit/605.1.15 (KHTML, like Gecko) Version/17.0 Safari/605.1.15"
152.42.215.183 - - [23/Feb/2026:08:14:10 +0000] "GET /wp-login.php?redirect_to=https%3A%2F%2Fdreamsrent-wp.dreamstechnologies.com%2Fwp-admin%2Findex.php&reauth=1 HTTP/1.1" 200 2416 "https://dreamsrent-wp.dreamstechnologies.com/wp-login.php" "Mozilla/5.0 (Macintosh; Intel Mac OS X 10_15_7) AppleWebKit/605.1.15 (KHTML, like Gecko) Version/17.0 Safari/605.1.15"
152.42.215.183 - - [23/Feb/2026:08:14:11 +0000] "POST /wp-login.php HTTP/1.1" 200 2578 "https://dreamsrent-wp.dreamstechnologies.com/wp-login.php" "Mozilla/5.0 (Macintosh; Intel Mac OS X 13_6_1) AppleWebKit/537.36 (KHTML, like Gecko) Chrome/120.0.0.0 Safari/537.36"
152.42.215.183 - - [23/Feb/2026:08:14:12 +0000] "GET /wp-admin/index.php HTTP/1.1" 302 5 "https://dreamsrent-wp.dreamstechnologies.com/wp-login.php" "Mozilla/5.0 (Macintosh; Intel Mac OS X 13_6_1; rv:121.0) Gecko/20100101 Firefox/121.0"
152.42.215.183 - - [23/Feb/2026:08:14:13 +0000] "GET /wp-login.php?redirect_to=https%3A%2F%2Fdreamsrent-wp.dreamstechnologies.com%2Fwp-admin%2Findex.php&reauth=1 HTTP/1.1" 200 2416 "https://dreamsrent-wp.dreamstechnologies.com/wp-login.php" "Mozilla/5.0 (Macintosh; Intel Mac OS X 13_6_1; rv:121.0) Gecko/20100101 Firefox/121.0"
152.42.215.183 - - [23/Feb/2026:08:14:14 +0000] "POST /wp-login.php HTTP/1.1" 200 2574 "https://dreamsrent-wp.dreamstechnologies.com/wp-login.php" "Mozilla/5.0 (X11; Linux x86_64) AppleWebKit/537.36 (KHTML, like Gecko) Chrome/120.0.0.0 Safari/537.36"
152.42.215.183 - - [23/Feb/2026:08:14:15 +0000] "GET /wp-admin/index.php HTTP/1.1" 302 5 "https://dreamsrent-wp.dreamstechnologies.com/wp-login.php" "Mozilla/5.0 (Macintosh; Intel Mac OS X 10_15_7) AppleWebKit/537.36 (KHTML, like Gecko) Chrome/121.0.0.0 Safari/537.36"
152.42.215.183 - - [23/Feb/2026:08:14:16 +0000] "GET /wp-login.php?redirect_to=https%3A%2F%2Fdreamsrent-wp.dreamstechnologies.com%2Fwp-admin%2Findex.php&reauth=1 HTTP/1.1" 200 2416 "https://dreamsrent-wp.dreamstechnologies.com/wp-login.php" "Mozilla/5.0 (Macintosh; Intel Mac OS X 10_15_7) AppleWebKit/537.36 (KHTML, like Gecko) Chrome/121.0.0.0 Safari/537.36"
152.42.215.183 - - [23/Feb/2026:08:14:18 +0000] "POST /wp-login.php HTTP/1.1" 200 2574 "https://dreamsrent-wp.dreamstechnologies.com/wp-login.php" "Mozilla/5.0 (Macintosh; Intel Mac OS X 10_15_7) AppleWebKit/537.36 (KHTML, like Gecko) Chrome/119.0.0.0 Safari/537.36"
152.42.215.183 - - [23/Feb/2026:08:14:19 +0000] "GET /wp-admin/index.php HTTP/1.1" 302 5 "https://dreamsrent-wp.dreamstechnologies.com/wp-login.php" "Mozilla/5.0 (Macintosh; Intel Mac OS X 13_6_1; rv:120.0) Gecko/20100101 Firefox/120.0"
152.42.215.183 - - [23/Feb/2026:08:14:20 +0000] "GET /wp-login.php?redirect_to=https%3A%2F%2Fdreamsrent-wp.dreamstechnologies.com%2Fwp-admin%2Findex.php&reauth=1 HTTP/1.1" 200 2416 "https://dreamsrent-wp.dreamstechnologies.com/wp-login.php" "Mozilla/5.0 (Macintosh; Intel Mac OS X 13_6_1; rv:120.0) Gecko/20100101 Firefox/120.0"
152.42.215.183 - - [23/Feb/2026:08:14:21 +0000] "POST /wp-login.php HTTP/1.1" 200 2580 "https://dreamsrent-wp.dreamstechnologies.com/wp-login.php" "Mozilla/5.0 (Windows NT 11.0; Win64; x64; rv:121.0) Gecko/20100101 Firefox/121.0"
152.42.215.183 - - [23/Feb/2026:08:14:22 +0000] "GET /wp-admin/index.php HTTP/1.1" 302 5 "https://dreamsrent-wp.dreamstechnologies.com/wp-login.php" "Mozilla/5.0 (Windows NT 11.0; Win64; x64) AppleWebKit/537.36 (KHTML, like Gecko) Chrome/121.0.0.0 Safari/537.36"
152.42.215.183 - - [23/Feb/2026:08:14:23 +0000] "GET /wp-login.php?redirect_to=https%3A%2F%2Fdreamsrent-wp.dreamstechnologies.com%2Fwp-admin%2Findex.php&reauth=1 HTTP/1.1" 200 2416 "https://dreamsrent-wp.dreamstechnologies.com/wp-login.php" "Mozilla/5.0 (Windows NT 11.0; Win64; x64) AppleWebKit/537.36 (KHTML, like Gecko) Chrome/121.0.0.0 Safari/537.36"
152.42.215.183 - - [23/Feb/2026:08:14:24 +0000] "POST /wp-login.php HTTP/1.1" 200 2585 "https://dreamsrent-wp.dreamstechnologies.com/wp-login.php" "Mozilla/5.0 (Macintosh; Intel Mac OS X 13_6_1) AppleWebKit/605.1.15 (KHTML, like Gecko) Version/17.2 Safari/605.1.15"
152.42.215.183 - - [23/Feb/2026:08:14:25 +0000] "GET /wp-admin/index.php HTTP/1.1" 302 5 "https://dreamsrent-wp.dreamstechnologies.com/wp-login.php" "Mozilla/5.0 (Macintosh; Intel Mac OS X 10_15_7) AppleWebKit/605.1.15 (KHTML, like Gecko) Version/17.2 Safari/605.1.15"
152.42.215.183 - - [23/Feb/2026:08:14:26 +0000] "GET /wp-login.php?redirect_to=https%3A%2F%2Fdreamsrent-wp.dreamstechnologies.com%2Fwp-admin%2Findex.php&reauth=1 HTTP/1.1" 200 2416 "https://dreamsrent-wp.dreamstechnologies.com/wp-login.php" "Mozilla/5.0 (Macintosh; Intel Mac OS X 10_15_7) AppleWebKit/605.1.15 (KHTML, like Gecko) Version/17.2 Safari/605.1.15"
152.42.215.183 - - [23/Feb/2026:08:14:28 +0000] "POST /wp-login.php HTTP/1.1" 200 2576 "https://dreamsrent-wp.dreamstechnologies.com/wp-login.php" "Mozilla/5.0 (Windows NT 10.0; Win64; x64; rv:119.0) Gecko/20100101 Firefox/119.0"
152.42.215.183 - - [23/Feb/2026:08:14:29 +0000] "GET /wp-admin/index.php HTTP/1.1" 302 5 "https://dreamsrent-wp.dreamstechnologies.com/wp-login.php" "Mozilla/5.0 (Macintosh; Intel Mac OS X 10_15_7) AppleWebKit/537.36 (KHTML, like Gecko) Chrome/121.0.0.0 Safari/537.36"
152.42.215.183 - - [23/Feb/2026:08:14:30 +0000] "GET /wp-login.php?redirect_to=https%3A%2F%2Fdreamsrent-wp.dreamstechnologies.com%2Fwp-admin%2Findex.php&reauth=1 HTTP/1.1" 200 2416 "https://dreamsrent-wp.dreamstechnologies.com/wp-login.php" "Mozilla/5.0 (Macintosh; Intel Mac OS X 10_15_7) AppleWebKit/537.36 (KHTML, like Gecko) Chrome/121.0.0.0 Safari/537.36"
152.42.215.183 - - [23/Feb/2026:08:14:31 +0000] "POST /wp-login.php HTTP/1.1" 200 2576 "https://dreamsrent-wp.dreamstechnologies.com/wp-login.php" "Mozilla/5.0 (Windows NT 10.0; Win64; x64; rv:121.0) Gecko/20100101 Firefox/121.0"
152.42.215.183 - - [23/Feb/2026:08:14:32 +0000] "GET /wp-admin/index.php HTTP/1.1" 302 5 "https://dreamsrent-wp.dreamstechnologies.com/wp-login.php" "Mozilla/5.0 (Macintosh; Intel Mac OS X 10_15_7) AppleWebKit/605.1.15 (KHTML, like Gecko) Version/17.2 Safari/605.1.15"
152.42.215.183 - - [23/Feb/2026:08:14:33 +0000] "GET /wp-login.php?redirect_to=https%3A%2F%2Fdreamsrent-wp.dreamstechnologies.com%2Fwp-admin%2Findex.php&reauth=1 HTTP/1.1" 200 2416 "https://dreamsrent-wp.dreamstechnologies.com/wp-login.php" "Mozilla/5.0 (Macintosh; Intel Mac OS X 10_15_7) AppleWebKit/605.1.15 (KHTML, like Gecko) Version/17.2 Safari/605.1.15"
172.187.168.139 - - [23/Feb/2026:08:14:34 +0000] "POST /wp-cron.php?doing_wp_cron=1771834474.7953650951385498046875 HTTP/1.1" 200 31 "-" "WordPress/6.9; https://dreamsrent-wp.dreamstechnologies.com"
152.42.215.183 - - [23/Feb/2026:08:14:34 +0000] "POST /wp-login.php HTTP/1.1" 200 2576 "https://dreamsrent-wp.dreamstechnologies.com/wp-login.php" "Mozilla/5.0 (Macintosh; Intel Mac OS X 13_6_1; rv:119.0) Gecko/20100101 Firefox/119.0"
152.42.215.183 - - [23/Feb/2026:08:14:35 +0000] "GET /wp-admin/index.php HTTP/1.1" 302 5 "https://dreamsrent-wp.dreamstechnologies.com/wp-login.php" "Mozilla/5.0 (Macintosh; Intel Mac OS X 10_15_7) AppleWebKit/605.1.15 (KHTML, like Gecko) Version/17.2 Safari/605.1.15"
152.42.215.183 - - [23/Feb/2026:08:14:37 +0000] "GET /wp-login.php?redirect_to=https%3A%2F%2Fdreamsrent-wp.dreamstechnologies.com%2Fwp-admin%2Findex.php&reauth=1 HTTP/1.1" 200 2416 "https://dreamsrent-wp.dreamstechnologies.com/wp-login.php" "Mozilla/5.0 (Macintosh; Intel Mac OS X 10_15_7) AppleWebKit/605.1.15 (KHTML, like Gecko) Version/17.2 Safari/605.1.15"
152.42.215.183 - - [23/Feb/2026:08:14:38 +0000] "POST /wp-login.php HTTP/1.1" 200 2580 "https://dreamsrent-wp.dreamstechnologies.com/wp-login.php" "Mozilla/5.0 (Macintosh; Intel Mac OS X 10_15_7) AppleWebKit/537.36 (KHTML, like Gecko) Chrome/118.0.0.0 Safari/537.36"
152.42.215.183 - - [23/Feb/2026:08:14:39 +0000] "GET /wp-admin/index.php HTTP/1.1" 302 5 "https://dreamsrent-wp.dreamstechnologies.com/wp-login.php" "Mozilla/5.0 (Macintosh; Intel Mac OS X 10_15_7) AppleWebKit/537.36 (KHTML, like Gecko) Chrome/121.0.0.0 Safari/537.36"
152.42.215.183 - - [23/Feb/2026:08:14:40 +0000] "GET /wp-login.php?redirect_to=https%3A%2F%2Fdreamsrent-wp.dreamstechnologies.com%2Fwp-admin%2Findex.php&reauth=1 HTTP/1.1" 200 2416 "https://dreamsrent-wp.dreamstechnologies.com/wp-login.php" "Mozilla/5.0 (Macintosh; Intel Mac OS X 10_15_7) AppleWebKit/537.36 (KHTML, like Gecko) Chrome/121.0.0.0 Safari/537.36"
152.42.215.183 - - [23/Feb/2026:08:14:42 +0000] "POST /wp-login.php HTTP/1.1" 200 2582 "https://dreamsrent-wp.dreamstechnologies.com/wp-login.php" "Mozilla/5.0 (Macintosh; Intel Mac OS X 10_15_7) AppleWebKit/605.1.15 (KHTML, like Gecko) Version/17.1 Safari/605.1.15"
152.42.215.183 - - [23/Feb/2026:08:14:43 +0000] "GET /wp-admin/index.php HTTP/1.1" 302 5 "https://dreamsrent-wp.dreamstechnologies.com/wp-login.php" "Mozilla/5.0 (Windows NT 11.0; Win64; x64) AppleWebKit/537.36 (KHTML, like Gecko) Chrome/119.0.0.0 Safari/537.36"
152.42.215.183 - - [23/Feb/2026:08:14:44 +0000] "GET /wp-login.php?redirect_to=https%3A%2F%2Fdreamsrent-wp.dreamstechnologies.com%2Fwp-admin%2Findex.php&reauth=1 HTTP/1.1" 200 2416 "https://dreamsrent-wp.dreamstechnologies.com/wp-login.php" "Mozilla/5.0 (Windows NT 11.0; Win64; x64) AppleWebKit/537.36 (KHTML, like Gecko) Chrome/119.0.0.0 Safari/537.36"
152.42.215.183 - - [23/Feb/2026:08:14:45 +0000] "POST /wp-login.php HTTP/1.1" 200 2578 "https://dreamsrent-wp.dreamstechnologies.com/wp-login.php" "Mozilla/5.0 (X11; Linux x86_64) AppleWebKit/537.36 (KHTML, like Gecko) Chrome/118.0.0.0 Safari/537.36"
152.42.215.183 - - [23/Feb/2026:08:14:46 +0000] "GET /wp-admin/index.php HTTP/1.1" 302 5 "https://dreamsrent-wp.dreamstechnologies.com/wp-login.php" "Mozilla/5.0 (Macintosh; Intel Mac OS X 10_15_7) AppleWebKit/605.1.15 (KHTML, like Gecko) Version/16.6 Safari/605.1.15"
152.42.215.183 - - [23/Feb/2026:08:14:47 +0000] "GET /wp-login.php?redirect_to=https%3A%2F%2Fdreamsrent-wp.dreamstechnologies.com%2Fwp-admin%2Findex.php&reauth=1 HTTP/1.1" 200 2416 "https://dreamsrent-wp.dreamstechnologies.com/wp-login.php" "Mozilla/5.0 (Macintosh; Intel Mac OS X 10_15_7) AppleWebKit/605.1.15 (KHTML, like Gecko) Version/16.6 Safari/605.1.15"
152.42.215.183 - - [23/Feb/2026:08:14:48 +0000] "POST /wp-login.php HTTP/1.1" 200 2585 "https://dreamsrent-wp.dreamstechnologies.com/wp-login.php" "Mozilla/5.0 (Macintosh; Intel Mac OS X 10_15_7) AppleWebKit/537.36 (KHTML, like Gecko) Chrome/119.0.0.0 Safari/537.36"
152.42.215.183 - - [23/Feb/2026:08:14:50 +0000] "GET /wp-admin/index.php HTTP/1.1" 302 5 "https://dreamsrent-wp.dreamstechnologies.com/wp-login.php" "Mozilla/5.0 (Macintosh; Intel Mac OS X 13_6_1; rv:119.0) Gecko/20100101 Firefox/119.0"
152.42.215.183 - - [23/Feb/2026:08:14:51 +0000] "GET /wp-login.php?redirect_to=https%3A%2F%2Fdreamsrent-wp.dreamstechnologies.com%2Fwp-admin%2Findex.php&reauth=1 HTTP/1.1" 200 2416 "https://dreamsrent-wp.dreamstechnologies.com/wp-login.php" "Mozilla/5.0 (Macintosh; Intel Mac OS X 13_6_1; rv:119.0) Gecko/20100101 Firefox/119.0"
152.42.215.183 - - [23/Feb/2026:08:14:52 +0000] "POST /wp-login.php HTTP/1.1" 200 2584 "https://dreamsrent-wp.dreamstechnologies.com/wp-login.php" "Mozilla/5.0 (Macintosh; Intel Mac OS X 13_6_1) AppleWebKit/537.36 (KHTML, like Gecko) Chrome/118.0.0.0 Safari/537.36"
152.42.215.183 - - [23/Feb/2026:08:14:53 +0000] "GET /wp-admin/index.php HTTP/1.1" 302 5 "https://dreamsrent-wp.dreamstechnologies.com/wp-login.php" "Mozilla/5.0 (X11; Ubuntu; Linux x86_64) AppleWebKit/537.36 (KHTML, like Gecko) Chrome/120.0.0.0 Safari/537.36"
152.42.215.183 - - [23/Feb/2026:08:14:54 +0000] "GET /wp-login.php?redirect_to=https%3A%2F%2Fdreamsrent-wp.dreamstechnologies.com%2Fwp-admin%2Findex.php&reauth=1 HTTP/1.1" 200 2416 "https://dreamsrent-wp.dreamstechnologies.com/wp-login.php" "Mozilla/5.0 (X11; Ubuntu; Linux x86_64) AppleWebKit/537.36 (KHTML, like Gecko) Chrome/120.0.0.0 Safari/537.36"
152.42.215.183 - - [23/Feb/2026:08:14:55 +0000] "POST /wp-login.php HTTP/1.1" 200 2576 "https://dreamsrent-wp.dreamstechnologies.com/wp-login.php" "Mozilla/5.0 (Macintosh; Intel Mac OS X 10_15_7) AppleWebKit/605.1.15 (KHTML, like Gecko) Version/16.6 Safari/605.1.15"
152.42.215.183 - - [23/Feb/2026:08:14:57 +0000] "GET /wp-admin/index.php HTTP/1.1" 302 5 "https://dreamsrent-wp.dreamstechnologies.com/wp-login.php" "Mozilla/5.0 (Windows NT 11.0; Win64; x64) AppleWebKit/537.36 (KHTML, like Gecko) Chrome/120.0.0.0 Safari/537.36"
152.42.215.183 - - [23/Feb/2026:08:14:58 +0000] "GET /wp-login.php?redirect_to=https%3A%2F%2Fdreamsrent-wp.dreamstechnologies.com%2Fwp-admin%2Findex.php&reauth=1 HTTP/1.1" 200 2416 "https://dreamsrent-wp.dreamstechnologies.com/wp-login.php" "Mozilla/5.0 (Windows NT 11.0; Win64; x64) AppleWebKit/537.36 (KHTML, like Gecko) Chrome/120.0.0.0 Safari/537.36"
152.42.215.183 - - [23/Feb/2026:08:14:59 +0000] "POST /wp-login.php HTTP/1.1" 200 2570 "https://dreamsrent-wp.dreamstechnologies.com/wp-login.php" "Mozilla/5.0 (Windows NT 11.0; Win64; x64) AppleWebKit/537.36 (KHTML, like Gecko) Chrome/118.0.0.0 Safari/537.36"
152.42.215.183 - - [23/Feb/2026:08:15:00 +0000] "GET /wp-admin/index.php HTTP/1.1" 302 5 "https://dreamsrent-wp.dreamstechnologies.com/wp-login.php" "Mozilla/5.0 (X11; Linux x86_64) AppleWebKit/537.36 (KHTML, like Gecko) Chrome/121.0.0.0 Safari/537.36"
152.42.215.183 - - [23/Feb/2026:08:15:07 +0000] "GET /wp-login.php?redirect_to=https%3A%2F%2Fdreamsrent-wp.dreamstechnologies.com%2Fwp-admin%2Findex.php&reauth=1 HTTP/1.1" 200 2416 "https://dreamsrent-wp.dreamstechnologies.com/wp-login.php" "Mozilla/5.0 (X11; Linux x86_64) AppleWebKit/537.36 (KHTML, like Gecko) Chrome/121.0.0.0 Safari/537.36"
152.42.215.183 - - [23/Feb/2026:08:15:09 +0000] "POST /wp-login.php HTTP/1.1" 200 2578 "https://dreamsrent-wp.dreamstechnologies.com/wp-login.php" "Mozilla/5.0 (Macintosh; Intel Mac OS X 13_6_1) AppleWebKit/605.1.15 (KHTML, like Gecko) Version/16.6 Safari/605.1.15"
152.42.215.183 - - [23/Feb/2026:08:15:10 +0000] "GET /wp-admin/index.php HTTP/1.1" 302 5 "https://dreamsrent-wp.dreamstechnologies.com/wp-login.php" "Mozilla/5.0 (Macintosh; Intel Mac OS X 10_15_7) AppleWebKit/537.36 (KHTML, like Gecko) Chrome/121.0.0.0 Safari/537.36"
152.42.215.183 - - [23/Feb/2026:08:15:11 +0000] "GET /wp-login.php?redirect_to=https%3A%2F%2Fdreamsrent-wp.dreamstechnologies.com%2Fwp-admin%2Findex.php&reauth=1 HTTP/1.1" 200 2416 "https://dreamsrent-wp.dreamstechnologies.com/wp-login.php" "Mozilla/5.0 (Macintosh; Intel Mac OS X 10_15_7) AppleWebKit/537.36 (KHTML, like Gecko) Chrome/121.0.0.0 Safari/537.36"
152.42.215.183 - - [23/Feb/2026:08:15:12 +0000] "POST /wp-login.php HTTP/1.1" 200 2574 "https://dreamsrent-wp.dreamstechnologies.com/wp-login.php" "Mozilla/5.0 (X11; Ubuntu; Linux x86_64) AppleWebKit/537.36 (KHTML, like Gecko) Chrome/119.0.0.0 Safari/537.36"
152.42.215.183 - - [23/Feb/2026:08:15:14 +0000] "GET /wp-admin/index.php HTTP/1.1" 302 5 "https://dreamsrent-wp.dreamstechnologies.com/wp-login.php" "Mozilla/5.0 (Macintosh; Intel Mac OS X 13_6_1) AppleWebKit/537.36 (KHTML, like Gecko) Chrome/120.0.0.0 Safari/537.36"
152.42.215.183 - - [23/Feb/2026:08:15:15 +0000] "GET /wp-login.php?redirect_to=https%3A%2F%2Fdreamsrent-wp.dreamstechnologies.com%2Fwp-admin%2Findex.php&reauth=1 HTTP/1.1" 200 2416 "https://dreamsrent-wp.dreamstechnologies.com/wp-login.php" "Mozilla/5.0 (Macintosh; Intel Mac OS X 13_6_1) AppleWebKit/537.36 (KHTML, like Gecko) Chrome/120.0.0.0 Safari/537.36"
152.42.215.183 - - [23/Feb/2026:08:15:16 +0000] "POST /wp-login.php HTTP/1.1" 200 2578 "https://dreamsrent-wp.dreamstechnologies.com/wp-login.php" "Mozilla/5.0 (Macintosh; Intel Mac OS X 13_6_1; rv:121.0) Gecko/20100101 Firefox/121.0"
152.42.215.183 - - [23/Feb/2026:08:15:17 +0000] "GET /wp-admin/index.php HTTP/1.1" 302 5 "https://dreamsrent-wp.dreamstechnologies.com/wp-login.php" "Mozilla/5.0 (Windows NT 11.0; Win64; x64; rv:119.0) Gecko/20100101 Firefox/119.0"
152.42.215.183 - - [23/Feb/2026:08:15:18 +0000] "GET /wp-login.php?redirect_to=https%3A%2F%2Fdreamsrent-wp.dreamstechnologies.com%2Fwp-admin%2Findex.php&reauth=1 HTTP/1.1" 200 2416 "https://dreamsrent-wp.dreamstechnologies.com/wp-login.php" "Mozilla/5.0 (Windows NT 11.0; Win64; x64; rv:119.0) Gecko/20100101 Firefox/119.0"
152.42.215.183 - - [23/Feb/2026:08:15:19 +0000] "POST /wp-login.php HTTP/1.1" 200 2580 "https://dreamsrent-wp.dreamstechnologies.com/wp-login.php" "Mozilla/5.0 (Windows NT 10.0; Win64; x64; rv:121.0) Gecko/20100101 Firefox/121.0"
152.42.215.183 - - [23/Feb/2026:08:15:20 +0000] "GET /wp-admin/index.php HTTP/1.1" 302 5 "https://dreamsrent-wp.dreamstechnologies.com/wp-login.php" "Mozilla/5.0 (Windows NT 10.0; Win64; x64; rv:119.0) Gecko/20100101 Firefox/119.0"
145.239.188.80 - - [23/Feb/2026:08:15:20 +0000] "GET /wp-content/uploads/2023/12/services-icon-02.svg HTTP/1.1" 200 8688 "https://www.fethiyeprestijrentacar.com/" "Mozilla/5.0 (Linux; Android 10; K) AppleWebKit/537.36 (KHTML, like Gecko) Chrome/131.0.0.0 Mobile Safari/537.36"
145.239.188.80 - - [23/Feb/2026:08:15:20 +0000] "GET /wp-content/uploads/2023/12/services-icon-01.svg HTTP/1.1" 200 6805 "https://www.fethiyeprestijrentacar.com/" "Mozilla/5.0 (Linux; Android 10; K) AppleWebKit/537.36 (KHTML, like Gecko) Chrome/131.0.0.0 Mobile Safari/537.36"
145.239.188.80 - - [23/Feb/2026:08:15:20 +0000] "GET /wp-content/uploads/2023/12/services-icon-03.svg HTTP/1.1" 200 10006 "https://www.fethiyeprestijrentacar.com/" "Mozilla/5.0 (Linux; Android 10; K) AppleWebKit/537.36 (KHTML, like Gecko) Chrome/131.0.0.0 Mobile Safari/537.36"
145.239.188.80 - - [23/Feb/2026:08:15:21 +0000] "GET /wp-content/uploads/2023/12/bx-car.svg HTTP/1.1" 200 1844 "https://www.fethiyeprestijrentacar.com/" "Mozilla/5.0 (Linux; Android 10; K) AppleWebKit/537.36 (KHTML, like Gecko) Chrome/131.0.0.0 Mobile Safari/537.36"
145.239.188.80 - - [23/Feb/2026:08:15:21 +0000] "GET /wp-content/uploads/2023/12/bx-headphone.svg HTTP/1.1" 200 902 "https://www.fethiyeprestijrentacar.com/" "Mozilla/5.0 (Linux; Android 10; K) AppleWebKit/537.36 (KHTML, like Gecko) Chrome/131.0.0.0 Mobile Safari/537.36"
145.239.188.80 - - [23/Feb/2026:08:15:21 +0000] "GET /wp-content/uploads/2023/12/bx-heart.svg HTTP/1.1" 200 1182 "https://www.fethiyeprestijrentacar.com/" "Mozilla/5.0 (Linux; Android 10; K) AppleWebKit/537.36 (KHTML, like Gecko) Chrome/131.0.0.0 Mobile Safari/537.36"
145.239.188.80 - - [23/Feb/2026:08:15:21 +0000] "GET /wp-content/uploads/2023/12/bx-history.svg HTTP/1.1" 200 1489 "https://www.fethiyeprestijrentacar.com/" "Mozilla/5.0 (Linux; Android 10; K) AppleWebKit/537.36 (KHTML, like Gecko) Chrome/131.0.0.0 Mobile Safari/537.36"
145.239.188.80 - - [23/Feb/2026:08:15:21 +0000] "GET /wp-content/uploads/2023/12/bx-selection.svg HTTP/1.1" 200 2138 "https://www.fethiyeprestijrentacar.com/" "Mozilla/5.0 (Linux; Android 10; K) AppleWebKit/537.36 (KHTML, like Gecko) Chrome/131.0.0.0 Mobile Safari/537.36"
145.239.188.80 - - [23/Feb/2026:08:15:21 +0000] "GET /wp-content/uploads/2023/12/bx-crown.svg HTTP/1.1" 200 1040 "https://www.fethiyeprestijrentacar.com/" "Mozilla/5.0 (Linux; Android 10; K) AppleWebKit/537.36 (KHTML, like Gecko) Chrome/131.0.0.0 Mobile Safari/537.36"
145.239.188.80 - - [23/Feb/2026:08:15:21 +0000] "GET /wp-content/uploads/2023/12/bx-user-check.svg HTTP/1.1" 200 2357 "https://www.fethiyeprestijrentacar.com/" "Mozilla/5.0 (Linux; Android 10; K) AppleWebKit/537.36 (KHTML, like Gecko) Chrome/131.0.0.0 Mobile Safari/537.36"
152.42.215.183 - - [23/Feb/2026:08:15:21 +0000] "GET /wp-login.php?redirect_to=https%3A%2F%2Fdreamsrent-wp.dreamstechnologies.com%2Fwp-admin%2Findex.php&reauth=1 HTTP/1.1" 200 2416 "https://dreamsrent-wp.dreamstechnologies.com/wp-login.php" "Mozilla/5.0 (Windows NT 10.0; Win64; x64; rv:119.0) Gecko/20100101 Firefox/119.0"
145.239.188.80 - - [23/Feb/2026:08:15:21 +0000] "GET /wp-content/uploads/2023/12/play-store.svg HTTP/1.1" 200 7019 "https://www.fethiyeprestijrentacar.com/" "Mozilla/5.0 (Linux; Android 10; K) AppleWebKit/537.36 (KHTML, like Gecko) Chrome/131.0.0.0 Mobile Safari/537.36"
145.239.188.80 - - [23/Feb/2026:08:15:21 +0000] "GET /wp-content/uploads/2023/12/apple.svg HTTP/1.1" 200 7355 "https://www.fethiyeprestijrentacar.com/" "Mozilla/5.0 (Linux; Android 10; K) AppleWebKit/537.36 (KHTML, like Gecko) Chrome/131.0.0.0 Mobile Safari/537.36"
145.239.188.80 - - [23/Feb/2026:08:15:21 +0000] "GET /wp-content/uploads/2023/12/app-car.png HTTP/1.1" 200 41121 "https://www.fethiyeprestijrentacar.com/" "Mozilla/5.0 (Linux; Android 10; K) AppleWebKit/537.36 (KHTML, like Gecko) Chrome/131.0.0.0 Mobile Safari/537.36"
152.42.215.183 - - [23/Feb/2026:08:15:22 +0000] "POST /wp-login.php HTTP/1.1" 200 2579 "https://dreamsrent-wp.dreamstechnologies.com/wp-login.php" "Mozilla/5.0 (Macintosh; Intel Mac OS X 13_6_1) AppleWebKit/605.1.15 (KHTML, like Gecko) Version/16.6 Safari/605.1.15"
152.42.215.183 - - [23/Feb/2026:08:15:23 +0000] "GET /wp-admin/index.php HTTP/1.1" 302 5 "https://dreamsrent-wp.dreamstechnologies.com/wp-login.php" "Mozilla/5.0 (Macintosh; Intel Mac OS X 13_6_1) AppleWebKit/605.1.15 (KHTML, like Gecko) Version/17.1 Safari/605.1.15"
152.42.215.183 - - [23/Feb/2026:08:15:25 +0000] "GET /wp-login.php?redirect_to=https%3A%2F%2Fdreamsrent-wp.dreamstechnologies.com%2Fwp-admin%2Findex.php&reauth=1 HTTP/1.1" 200 2416 "https://dreamsrent-wp.dreamstechnologies.com/wp-login.php" "Mozilla/5.0 (Macintosh; Intel Mac OS X 13_6_1) AppleWebKit/605.1.15 (KHTML, like Gecko) Version/17.1 Safari/605.1.15"
152.42.215.183 - - [23/Feb/2026:08:15:26 +0000] "POST /wp-login.php HTTP/1.1" 200 2574 "https://dreamsrent-wp.dreamstechnologies.com/wp-login.php" "Mozilla/5.0 (Macintosh; Intel Mac OS X 10_15_7) AppleWebKit/605.1.15 (KHTML, like Gecko) Version/17.1 Safari/605.1.15"
152.42.215.183 - - [23/Feb/2026:08:15:27 +0000] "GET /wp-admin/index.php HTTP/1.1" 302 5 "https://dreamsrent-wp.dreamstechnologies.com/wp-login.php" "Mozilla/5.0 (Windows NT 11.0; Win64; x64) AppleWebKit/537.36 (KHTML, like Gecko) Chrome/120.0.0.0 Safari/537.36"
