152.42.215.183 - - [23/Feb/2026:08:15:28 +0000] "GET /wp-login.php?redirect_to=https%3A%2F%2Fdreamsrent-wp.dreamstechnologies.com%2Fwp-admin%2Findex.php&reauth=1 HTTP/1.1" 200 2416 "https://dreamsrent-wp.dreamstechnologies.com/wp-login.php" "Mozilla/5.0 (Windows NT 11.0; Win64; x64) AppleWebKit/537.36 (KHTML, like Gecko) Chrome/120.0.0.0 Safari/537.36"
152.42.215.183 - - [23/Feb/2026:08:15:29 +0000] "POST /wp-login.php HTTP/1.1" 200 2579 "https://dreamsrent-wp.dreamstechnologies.com/wp-login.php" "Mozilla/5.0 (Windows NT 10.0; Win64; x64; rv:120.0) Gecko/20100101 Firefox/120.0"
65.75.110.3 - - [23/Feb/2026:08:15:29 +0000] "GET /wp-content/uploads/2023/12/services-icon-01.svg HTTP/1.1" 200 6805 "https://hellocarrentals.net/" "Mozilla/5.0 (Macintosh; Intel Mac OS X 10_15_7) AppleWebKit/537.36 (KHTML, like Gecko) Chrome/144.0.0.0 Safari/537.36"
65.75.110.3 - - [23/Feb/2026:08:15:29 +0000] "GET /wp-content/uploads/2023/12/services-icon-02.svg HTTP/1.1" 200 8688 "https://hellocarrentals.net/" "Mozilla/5.0 (Macintosh; Intel Mac OS X 10_15_7) AppleWebKit/537.36 (KHTML, like Gecko) Chrome/144.0.0.0 Safari/537.36"
65.75.110.3 - - [23/Feb/2026:08:15:29 +0000] "GET /wp-content/uploads/2023/12/services-icon-03.svg HTTP/1.1" 200 10006 "https://hellocarrentals.net/" "Mozilla/5.0 (Macintosh; Intel Mac OS X 10_15_7) AppleWebKit/537.36 (KHTML, like Gecko) Chrome/144.0.0.0 Safari/537.36"
152.42.215.183 - - [23/Feb/2026:08:15:31 +0000] "GET /wp-admin/index.php HTTP/1.1" 302 5 "https://dreamsrent-wp.dreamstechnologies.com/wp-login.php" "Mozilla/5.0 (Macintosh; Intel Mac OS X 10_15_7) AppleWebKit/537.36 (KHTML, like Gecko) Chrome/120.0.0.0 Safari/537.36"
152.42.215.183 - - [23/Feb/2026:08:15:32 +0000] "GET /wp-login.php?redirect_to=https%3A%2F%2Fdreamsrent-wp.dreamstechnologies.com%2Fwp-admin%2Findex.php&reauth=1 HTTP/1.1" 200 2416 "https://dreamsrent-wp.dreamstechnologies.com/wp-login.php" "Mozilla/5.0 (Macintosh; Intel Mac OS X 10_15_7) AppleWebKit/537.36 (KHTML, like Gecko) Chrome/120.0.0.0 Safari/537.36"
152.42.215.183 - - [23/Feb/2026:08:15:33 +0000] "POST /wp-login.php HTTP/1.1" 200 2580 "https://dreamsrent-wp.dreamstechnologies.com/wp-login.php" "Mozilla/5.0 (Macintosh; Intel Mac OS X 10_15_7; rv:121.0) Gecko/20100101 Firefox/121.0"
172.187.168.139 - - [23/Feb/2026:08:15:34 +0000] "POST /wp-cron.php?doing_wp_cron=1771834534.4973769187927246093750 HTTP/1.1" 200 31 "-" "WordPress/6.9; https://dreamsrent-wp.dreamstechnologies.com"
152.42.215.183 - - [23/Feb/2026:08:15:34 +0000] "GET /wp-admin/index.php HTTP/1.1" 302 5 "https://dreamsrent-wp.dreamstechnologies.com/wp-login.php" "Mozilla/5.0 (Windows NT 11.0; Win64; x64; rv:119.0) Gecko/20100101 Firefox/119.0"
152.42.215.183 - - [23/Feb/2026:08:15:35 +0000] "GET /wp-login.php?redirect_to=https%3A%2F%2Fdreamsrent-wp.dreamstechnologies.com%2Fwp-admin%2Findex.php&reauth=1 HTTP/1.1" 200 2416 "https://dreamsrent-wp.dreamstechnologies.com/wp-login.php" "Mozilla/5.0 (Windows NT 11.0; Win64; x64; rv:119.0) Gecko/20100101 Firefox/119.0"
152.42.215.183 - - [23/Feb/2026:08:15:36 +0000] "POST /wp-login.php HTTP/1.1" 200 2579 "https://dreamsrent-wp.dreamstechnologies.com/wp-login.php" "Mozilla/5.0 (Windows NT 11.0; Win64; x64) AppleWebKit/537.36 (KHTML, like Gecko) Chrome/121.0.0.0 Safari/537.36"
152.42.215.183 - - [23/Feb/2026:08:15:38 +0000] "GET /wp-admin/index.php HTTP/1.1" 302 5 "https://dreamsrent-wp.dreamstechnologies.com/wp-login.php" "Mozilla/5.0 (Windows NT 11.0; Win64; x64; rv:118.0) Gecko/20100101 Firefox/118.0"
152.42.215.183 - - [23/Feb/2026:08:15:39 +0000] "GET /wp-login.php?redirect_to=https%3A%2F%2Fdreamsrent-wp.dreamstechnologies.com%2Fwp-admin%2Findex.php&reauth=1 HTTP/1.1" 200 2416 "https://dreamsrent-wp.dreamstechnologies.com/wp-login.php" "Mozilla/5.0 (Windows NT 11.0; Win64; x64; rv:118.0) Gecko/20100101 Firefox/118.0"
152.42.215.183 - - [23/Feb/2026:08:15:40 +0000] "POST /wp-login.php HTTP/1.1" 200 2577 "https://dreamsrent-wp.dreamstechnologies.com/wp-login.php" "Mozilla/5.0 (Macintosh; Intel Mac OS X 10_15_7) AppleWebKit/605.1.15 (KHTML, like Gecko) Version/17.1 Safari/605.1.15"
152.42.215.183 - - [23/Feb/2026:08:15:41 +0000] "GET /wp-admin/index.php HTTP/1.1" 302 5 "https://dreamsrent-wp.dreamstechnologies.com/wp-login.php" "Mozilla/5.0 (Macintosh; Intel Mac OS X 10_15_7) AppleWebKit/605.1.15 (KHTML, like Gecko) Version/17.1 Safari/605.1.15"
152.42.215.183 - - [23/Feb/2026:08:15:42 +0000] "GET /wp-login.php?redirect_to=https%3A%2F%2Fdreamsrent-wp.dreamstechnologies.com%2Fwp-admin%2Findex.php&reauth=1 HTTP/1.1" 200 2416 "https://dreamsrent-wp.dreamstechnologies.com/wp-login.php" "Mozilla/5.0 (Macintosh; Intel Mac OS X 10_15_7) AppleWebKit/605.1.15 (KHTML, like Gecko) Version/17.1 Safari/605.1.15"
152.42.215.183 - - [23/Feb/2026:08:15:43 +0000] "POST /wp-login.php HTTP/1.1" 200 2574 "https://dreamsrent-wp.dreamstechnologies.com/wp-login.php" "Mozilla/5.0 (Macintosh; Intel Mac OS X 10_15_7; rv:119.0) Gecko/20100101 Firefox/119.0"
152.42.215.183 - - [23/Feb/2026:08:15:45 +0000] "GET /wp-admin/index.php HTTP/1.1" 302 5 "https://dreamsrent-wp.dreamstechnologies.com/wp-login.php" "Mozilla/5.0 (Macintosh; Intel Mac OS X 13_6_1) AppleWebKit/537.36 (KHTML, like Gecko) Chrome/118.0.0.0 Safari/537.36"
185.94.120.66 - - [23/Feb/2026:08:15:45 +0000] "GET /wp-content/uploads/2023/12/services-icon-01.svg HTTP/1.1" 200 6805 "https://bmautoverhuur.nl/" "Mozilla/5.0 (Macintosh; Intel Mac OS X 10_15_7) AppleWebKit/605.1.15 (KHTML, like Gecko) Version/26.2 Safari/605.1.15"
185.94.120.66 - - [23/Feb/2026:08:15:45 +0000] "GET /wp-content/uploads/2023/12/services-icon-03.svg HTTP/1.1" 200 10006 "https://bmautoverhuur.nl/" "Mozilla/5.0 (Macintosh; Intel Mac OS X 10_15_7) AppleWebKit/605.1.15 (KHTML, like Gecko) Version/26.2 Safari/605.1.15"
185.94.120.66 - - [23/Feb/2026:08:15:45 +0000] "GET /wp-content/uploads/2023/12/services-icon-02.svg HTTP/1.1" 200 8688 "https://bmautoverhuur.nl/" "Mozilla/5.0 (Macintosh; Intel Mac OS X 10_15_7) AppleWebKit/605.1.15 (KHTML, like Gecko) Version/26.2 Safari/605.1.15"
152.42.215.183 - - [23/Feb/2026:08:15:46 +0000] "GET /wp-login.php?redirect_to=https%3A%2F%2Fdreamsrent-wp.dreamstechnologies.com%2Fwp-admin%2Findex.php&reauth=1 HTTP/1.1" 200 2416 "https://dreamsrent-wp.dreamstechnologies.com/wp-login.php" "Mozilla/5.0 (Macintosh; Intel Mac OS X 13_6_1) AppleWebKit/537.36 (KHTML, like Gecko) Chrome/118.0.0.0 Safari/537.36"
152.42.215.183 - - [23/Feb/2026:08:15:47 +0000] "POST /wp-login.php HTTP/1.1" 200 2572 "https://dreamsrent-wp.dreamstechnologies.com/wp-login.php" "Mozilla/5.0 (X11; Ubuntu; Linux x86_64) AppleWebKit/537.36 (KHTML, like Gecko) Chrome/118.0.0.0 Safari/537.36"
152.42.215.183 - - [23/Feb/2026:08:15:48 +0000] "GET /wp-admin/index.php HTTP/1.1" 302 5 "https://dreamsrent-wp.dreamstechnologies.com/wp-login.php" "Mozilla/5.0 (Macintosh; Intel Mac OS X 10_15_7; rv:120.0) Gecko/20100101 Firefox/120.0"
152.42.215.183 - - [23/Feb/2026:08:15:50 +0000] "GET /wp-login.php?redirect_to=https%3A%2F%2Fdreamsrent-wp.dreamstechnologies.com%2Fwp-admin%2Findex.php&reauth=1 HTTP/1.1" 200 2416 "https://dreamsrent-wp.dreamstechnologies.com/wp-login.php" "Mozilla/5.0 (Macintosh; Intel Mac OS X 10_15_7; rv:120.0) Gecko/20100101 Firefox/120.0"
152.42.215.183 - - [23/Feb/2026:08:15:52 +0000] "POST /wp-login.php HTTP/1.1" 200 2586 "https://dreamsrent-wp.dreamstechnologies.com/wp-login.php" "Mozilla/5.0 (Macintosh; Intel Mac OS X 13_6_1) AppleWebKit/605.1.15 (KHTML, like Gecko) Version/17.1 Safari/605.1.15"
152.42.215.183 - - [23/Feb/2026:08:15:53 +0000] "GET /wp-admin/index.php HTTP/1.1" 302 5 "https://dreamsrent-wp.dreamstechnologies.com/wp-login.php" "Mozilla/5.0 (Macintosh; Intel Mac OS X 10_15_7; rv:120.0) Gecko/20100101 Firefox/120.0"
51.195.91.135 - - [23/Feb/2026:08:15:53 +0000] "GET /wp-content/uploads/2023/12/bx-selection.svg HTTP/1.1" 200 2138 "https://www.fethiyeprestijrentacar.com/" "Mozilla/5.0 (Windows NT 10.0; Win64; x64; rv:137.0) Gecko/20100101 Firefox/137.0"
51.195.91.135 - - [23/Feb/2026:08:15:53 +0000] "GET /wp-content/uploads/2023/12/bx-history.svg HTTP/1.1" 200 1489 "https://www.fethiyeprestijrentacar.com/" "Mozilla/5.0 (Windows NT 10.0; Win64; x64; rv:137.0) Gecko/20100101 Firefox/137.0"
51.195.91.135 - - [23/Feb/2026:08:15:53 +0000] "GET /wp-content/uploads/2023/12/bx-crown.svg HTTP/1.1" 200 1040 "https://www.fethiyeprestijrentacar.com/" "Mozilla/5.0 (Windows NT 10.0; Win64; x64; rv:137.0) Gecko/20100101 Firefox/137.0"
51.195.91.135 - - [23/Feb/2026:08:15:53 +0000] "GET /wp-content/uploads/2023/12/bx-user-check.svg HTTP/1.1" 200 2357 "https://www.fethiyeprestijrentacar.com/" "Mozilla/5.0 (Windows NT 10.0; Win64; x64; rv:137.0) Gecko/20100101 Firefox/137.0"
51.195.91.135 - - [23/Feb/2026:08:15:53 +0000] "GET /wp-content/uploads/2023/12/play-store.svg HTTP/1.1" 200 7019 "https://www.fethiyeprestijrentacar.com/" "Mozilla/5.0 (Windows NT 10.0; Win64; x64; rv:137.0) Gecko/20100101 Firefox/137.0"
51.195.91.135 - - [23/Feb/2026:08:15:53 +0000] "GET /wp-content/uploads/2023/12/apple.svg HTTP/1.1" 200 7355 "https://www.fethiyeprestijrentacar.com/" "Mozilla/5.0 (Windows NT 10.0; Win64; x64; rv:137.0) Gecko/20100101 Firefox/137.0"
51.195.91.135 - - [23/Feb/2026:08:15:53 +0000] "GET /wp-content/uploads/2023/12/services-icon-03.svg HTTP/1.1" 200 10006 "https://www.fethiyeprestijrentacar.com/" "Mozilla/5.0 (Windows NT 10.0; Win64; x64; rv:137.0) Gecko/20100101 Firefox/137.0"
51.195.91.135 - - [23/Feb/2026:08:15:53 +0000] "GET /wp-content/uploads/2023/12/app-car.png HTTP/1.1" 200 41121 "https://www.fethiyeprestijrentacar.com/" "Mozilla/5.0 (Windows NT 10.0; Win64; x64; rv:137.0) Gecko/20100101 Firefox/137.0"
51.195.91.135 - - [23/Feb/2026:08:15:53 +0000] "GET /wp-content/uploads/2023/12/bx-heart.svg HTTP/1.1" 200 1182 "https://www.fethiyeprestijrentacar.com/" "Mozilla/5.0 (Windows NT 10.0; Win64; x64; rv:137.0) Gecko/20100101 Firefox/137.0"
51.195.91.135 - - [23/Feb/2026:08:15:53 +0000] "GET /wp-content/uploads/2023/12/services-icon-01.svg HTTP/1.1" 200 6805 "https://www.fethiyeprestijrentacar.com/" "Mozilla/5.0 (Windows NT 10.0; Win64; x64; rv:137.0) Gecko/20100101 Firefox/137.0"
51.195.91.135 - - [23/Feb/2026:08:15:53 +0000] "GET /wp-content/uploads/2023/12/bx-car.svg HTTP/1.1" 200 1844 "https://www.fethiyeprestijrentacar.com/" "Mozilla/5.0 (Windows NT 10.0; Win64; x64; rv:137.0) Gecko/20100101 Firefox/137.0"
51.195.91.135 - - [23/Feb/2026:08:15:53 +0000] "GET /wp-content/uploads/2023/12/services-icon-02.svg HTTP/1.1" 200 8688 "https://www.fethiyeprestijrentacar.com/" "Mozilla/5.0 (Windows NT 10.0; Win64; x64; rv:137.0) Gecko/20100101 Firefox/137.0"
51.195.91.135 - - [23/Feb/2026:08:15:54 +0000] "GET /wp-content/uploads/2023/12/bx-headphone.svg HTTP/1.1" 200 902 "https://www.fethiyeprestijrentacar.com/" "Mozilla/5.0 (Windows NT 10.0; Win64; x64; rv:137.0) Gecko/20100101 Firefox/137.0"
152.42.215.183 - - [23/Feb/2026:08:15:54 +0000] "GET /wp-login.php?redirect_to=https%3A%2F%2Fdreamsrent-wp.dreamstechnologies.com%2Fwp-admin%2Findex.php&reauth=1 HTTP/1.1" 200 2416 "https://dreamsrent-wp.dreamstechnologies.com/wp-login.php" "Mozilla/5.0 (Macintosh; Intel Mac OS X 10_15_7; rv:120.0) Gecko/20100101 Firefox/120.0"
152.42.215.183 - - [23/Feb/2026:08:15:55 +0000] "POST /wp-login.php HTTP/1.1" 200 2576 "https://dreamsrent-wp.dreamstechnologies.com/wp-login.php" "Mozilla/5.0 (Macintosh; Intel Mac OS X 10_15_7) AppleWebKit/537.36 (KHTML, like Gecko) Chrome/118.0.0.0 Safari/537.36"
152.42.215.183 - - [23/Feb/2026:08:15:56 +0000] "GET /wp-admin/index.php HTTP/1.1" 302 5 "https://dreamsrent-wp.dreamstechnologies.com/wp-login.php" "Mozilla/5.0 (X11; Linux x86_64) AppleWebKit/537.36 (KHTML, like Gecko) Chrome/121.0.0.0 Safari/537.36"
152.42.215.183 - - [23/Feb/2026:08:15:58 +0000] "GET /wp-login.php?redirect_to=https%3A%2F%2Fdreamsrent-wp.dreamstechnologies.com%2Fwp-admin%2Findex.php&reauth=1 HTTP/1.1" 200 2416 "https://dreamsrent-wp.dreamstechnologies.com/wp-login.php" "Mozilla/5.0 (X11; Linux x86_64) AppleWebKit/537.36 (KHTML, like Gecko) Chrome/121.0.0.0 Safari/537.36"
152.42.215.183 - - [23/Feb/2026:08:15:59 +0000] "POST /wp-login.php HTTP/1.1" 200 2577 "https://dreamsrent-wp.dreamstechnologies.com/wp-login.php" "Mozilla/5.0 (Macintosh; Intel Mac OS X 13_6_1) AppleWebKit/605.1.15 (KHTML, like Gecko) Version/17.2 Safari/605.1.15"
152.42.215.183 - - [23/Feb/2026:08:16:00 +0000] "GET /wp-admin/index.php HTTP/1.1" 302 5 "https://dreamsrent-wp.dreamstechnologies.com/wp-login.php" "Mozilla/5.0 (Macintosh; Intel Mac OS X 10_15_7) AppleWebKit/605.1.15 (KHTML, like Gecko) Version/17.0 Safari/605.1.15"
152.42.215.183 - - [23/Feb/2026:08:16:01 +0000] "GET /wp-login.php?redirect_to=https%3A%2F%2Fdreamsrent-wp.dreamstechnologies.com%2Fwp-admin%2Findex.php&reauth=1 HTTP/1.1" 200 2416 "https://dreamsrent-wp.dreamstechnologies.com/wp-login.php" "Mozilla/5.0 (Macintosh; Intel Mac OS X 10_15_7) AppleWebKit/605.1.15 (KHTML, like Gecko) Version/17.0 Safari/605.1.15"
152.42.215.183 - - [23/Feb/2026:08:16:02 +0000] "POST /wp-login.php HTTP/1.1" 200 2577 "https://dreamsrent-wp.dreamstechnologies.com/wp-login.php" "Mozilla/5.0 (Windows NT 10.0; Win64; x64) AppleWebKit/537.36 (KHTML, like Gecko) Chrome/118.0.0.0 Safari/537.36"
152.42.215.183 - - [23/Feb/2026:08:16:04 +0000] "GET /wp-admin/index.php HTTP/1.1" 302 5 "https://dreamsrent-wp.dreamstechnologies.com/wp-login.php" "Mozilla/5.0 (X11; Linux x86_64) AppleWebKit/537.36 (KHTML, like Gecko) Chrome/119.0.0.0 Safari/537.36"
152.42.215.183 - - [23/Feb/2026:08:16:05 +0000] "GET /wp-login.php?redirect_to=https%3A%2F%2Fdreamsrent-wp.dreamstechnologies.com%2Fwp-admin%2Findex.php&reauth=1 HTTP/1.1" 200 2416 "https://dreamsrent-wp.dreamstechnologies.com/wp-login.php" "Mozilla/5.0 (X11; Linux x86_64) AppleWebKit/537.36 (KHTML, like Gecko) Chrome/119.0.0.0 Safari/537.36"
152.42.215.183 - - [23/Feb/2026:08:16:06 +0000] "POST /wp-login.php HTTP/1.1" 200 2574 "https://dreamsrent-wp.dreamstechnologies.com/wp-login.php" "Mozilla/5.0 (Macintosh; Intel Mac OS X 10_15_7; rv:121.0) Gecko/20100101 Firefox/121.0"
152.42.215.183 - - [23/Feb/2026:08:16:07 +0000] "GET /wp-admin/index.php HTTP/1.1" 302 5 "https://dreamsrent-wp.dreamstechnologies.com/wp-login.php" "Mozilla/5.0 (Windows NT 10.0; Win64; x64; rv:121.0) Gecko/20100101 Firefox/121.0"
152.42.215.183 - - [23/Feb/2026:08:16:09 +0000] "GET /wp-login.php?redirect_to=https%3A%2F%2Fdreamsrent-wp.dreamstechnologies.com%2Fwp-admin%2Findex.php&reauth=1 HTTP/1.1" 200 2416 "https://dreamsrent-wp.dreamstechnologies.com/wp-login.php" "Mozilla/5.0 (Windows NT 10.0; Win64; x64; rv:121.0) Gecko/20100101 Firefox/121.0"
152.42.215.183 - - [23/Feb/2026:08:16:10 +0000] "POST /wp-login.php HTTP/1.1" 200 2575 "https://dreamsrent-wp.dreamstechnologies.com/wp-login.php" "Mozilla/5.0 (Windows NT 10.0; Win64; x64; rv:120.0) Gecko/20100101 Firefox/120.0"
152.42.215.183 - - [23/Feb/2026:08:16:11 +0000] "GET /wp-admin/index.php HTTP/1.1" 302 5 "https://dreamsrent-wp.dreamstechnologies.com/wp-login.php" "Mozilla/5.0 (X11; Ubuntu; Linux x86_64) AppleWebKit/537.36 (KHTML, like Gecko) Chrome/120.0.0.0 Safari/537.36"
51.195.91.135 - - [23/Feb/2026:08:16:12 +0000] "GET /wp-content/uploads/2024/01/contact-info.jpg HTTP/1.1" 200 27328 "https://www.fethiyeprestijrentacar.com/bize-ulasin/" "Mozilla/5.0 (Windows NT 10.0; Win64; x64; rv:137.0) Gecko/20100101 Firefox/137.0"
152.42.215.183 - - [23/Feb/2026:08:16:13 +0000] "GET /wp-login.php?redirect_to=https%3A%2F%2Fdreamsrent-wp.dreamstechnologies.com%2Fwp-admin%2Findex.php&reauth=1 HTTP/1.1" 200 2416 "https://dreamsrent-wp.dreamstechnologies.com/wp-login.php" "Mozilla/5.0 (X11; Ubuntu; Linux x86_64) AppleWebKit/537.36 (KHTML, like Gecko) Chrome/120.0.0.0 Safari/537.36"
152.42.215.183 - - [23/Feb/2026:08:16:14 +0000] "POST /wp-login.php HTTP/1.1" 200 2576 "https://dreamsrent-wp.dreamstechnologies.com/wp-login.php" "Mozilla/5.0 (Macintosh; Intel Mac OS X 13_6_1) AppleWebKit/605.1.15 (KHTML, like Gecko) Version/16.6 Safari/605.1.15"
152.42.215.183 - - [23/Feb/2026:08:16:15 +0000] "GET /wp-admin/index.php HTTP/1.1" 302 5 "https://dreamsrent-wp.dreamstechnologies.com/wp-login.php" "Mozilla/5.0 (Windows NT 11.0; Win64; x64) AppleWebKit/537.36 (KHTML, like Gecko) Chrome/121.0.0.0 Safari/537.36"
152.42.215.183 - - [23/Feb/2026:08:16:16 +0000] "GET /wp-login.php?redirect_to=https%3A%2F%2Fdreamsrent-wp.dreamstechnologies.com%2Fwp-admin%2Findex.php&reauth=1 HTTP/1.1" 200 2416 "https://dreamsrent-wp.dreamstechnologies.com/wp-login.php" "Mozilla/5.0 (Windows NT 11.0; Win64; x64) AppleWebKit/537.36 (KHTML, like Gecko) Chrome/121.0.0.0 Safari/537.36"
152.42.215.183 - - [23/Feb/2026:08:16:17 +0000] "POST /wp-login.php HTTP/1.1" 200 2580 "https://dreamsrent-wp.dreamstechnologies.com/wp-login.php" "Mozilla/5.0 (Macintosh; Intel Mac OS X 10_15_7) AppleWebKit/605.1.15 (KHTML, like Gecko) Version/17.0 Safari/605.1.15"
152.42.215.183 - - [23/Feb/2026:08:16:19 +0000] "GET /wp-admin/index.php HTTP/1.1" 302 5 "https://dreamsrent-wp.dreamstechnologies.com/wp-login.php" "Mozilla/5.0 (Windows NT 11.0; Win64; x64; rv:120.0) Gecko/20100101 Firefox/120.0"
152.42.215.183 - - [23/Feb/2026:08:16:20 +0000] "GET /wp-login.php?redirect_to=https%3A%2F%2Fdreamsrent-wp.dreamstechnologies.com%2Fwp-admin%2Findex.php&reauth=1 HTTP/1.1" 200 2416 "https://dreamsrent-wp.dreamstechnologies.com/wp-login.php" "Mozilla/5.0 (Windows NT 11.0; Win64; x64; rv:120.0) Gecko/20100101 Firefox/120.0"
152.42.215.183 - - [23/Feb/2026:08:16:21 +0000] "POST /wp-login.php HTTP/1.1" 200 2583 "https://dreamsrent-wp.dreamstechnologies.com/wp-login.php" "Mozilla/5.0 (X11; Linux x86_64) AppleWebKit/537.36 (KHTML, like Gecko) Chrome/118.0.0.0 Safari/537.36"
152.42.215.183 - - [23/Feb/2026:08:16:22 +0000] "GET /wp-admin/index.php HTTP/1.1" 302 5 "https://dreamsrent-wp.dreamstechnologies.com/wp-login.php" "Mozilla/5.0 (Macintosh; Intel Mac OS X 10_15_7) AppleWebKit/605.1.15 (KHTML, like Gecko) Version/17.2 Safari/605.1.15"
152.42.215.183 - - [23/Feb/2026:08:16:23 +0000] "GET /wp-login.php?redirect_to=https%3A%2F%2Fdreamsrent-wp.dreamstechnologies.com%2Fwp-admin%2Findex.php&reauth=1 HTTP/1.1" 200 2416 "https://dreamsrent-wp.dreamstechnologies.com/wp-login.php" "Mozilla/5.0 (Macintosh; Intel Mac OS X 10_15_7) AppleWebKit/605.1.15 (KHTML, like Gecko) Version/17.2 Safari/605.1.15"
152.42.215.183 - - [23/Feb/2026:08:16:25 +0000] "POST /wp-login.php HTTP/1.1" 200 2574 "https://dreamsrent-wp.dreamstechnologies.com/wp-login.php" "Mozilla/5.0 (Windows NT 10.0; Win64; x64) AppleWebKit/537.36 (KHTML, like Gecko) Chrome/118.0.0.0 Safari/537.36"
152.42.215.183 - - [23/Feb/2026:08:16:26 +0000] "GET /wp-admin/index.php HTTP/1.1" 302 5 "https://dreamsrent-wp.dreamstechnologies.com/wp-login.php" "Mozilla/5.0 (X11; Ubuntu; Linux x86_64) AppleWebKit/537.36 (KHTML, like Gecko) Chrome/119.0.0.0 Safari/537.36"
152.42.215.183 - - [23/Feb/2026:08:16:27 +0000] "GET /wp-login.php?redirect_to=https%3A%2F%2Fdreamsrent-wp.dreamstechnologies.com%2Fwp-admin%2Findex.php&reauth=1 HTTP/1.1" 200 2416 "https://dreamsrent-wp.dreamstechnologies.com/wp-login.php" "Mozilla/5.0 (X11; Ubuntu; Linux x86_64) AppleWebKit/537.36 (KHTML, like Gecko) Chrome/119.0.0.0 Safari/537.36"
152.42.215.183 - - [23/Feb/2026:08:16:28 +0000] "POST /wp-login.php HTTP/1.1" 200 2577 "https://dreamsrent-wp.dreamstechnologies.com/wp-login.php" "Mozilla/5.0 (Macintosh; Intel Mac OS X 10_15_7; rv:118.0) Gecko/20100101 Firefox/118.0"
152.42.215.183 - - [23/Feb/2026:08:16:29 +0000] "GET /wp-admin/index.php HTTP/1.1" 302 5 "https://dreamsrent-wp.dreamstechnologies.com/wp-login.php" "Mozilla/5.0 (X11; Ubuntu; Linux x86_64) AppleWebKit/537.36 (KHTML, like Gecko) Chrome/121.0.0.0 Safari/537.36"
152.42.215.183 - - [23/Feb/2026:08:16:30 +0000] "GET /wp-login.php?redirect_to=https%3A%2F%2Fdreamsrent-wp.dreamstechnologies.com%2Fwp-admin%2Findex.php&reauth=1 HTTP/1.1" 200 2416 "https://dreamsrent-wp.dreamstechnologies.com/wp-login.php" "Mozilla/5.0 (X11; Ubuntu; Linux x86_64) AppleWebKit/537.36 (KHTML, like Gecko) Chrome/121.0.0.0 Safari/537.36"
152.42.215.183 - - [23/Feb/2026:08:16:31 +0000] "POST /wp-login.php HTTP/1.1" 200 2583 "https://dreamsrent-wp.dreamstechnologies.com/wp-login.php" "Mozilla/5.0 (Macintosh; Intel Mac OS X 13_6_1) AppleWebKit/605.1.15 (KHTML, like Gecko) Version/17.0 Safari/605.1.15"
152.42.215.183 - - [23/Feb/2026:08:16:33 +0000] "GET /wp-admin/index.php HTTP/1.1" 302 5 "https://dreamsrent-wp.dreamstechnologies.com/wp-login.php" "Mozilla/5.0 (X11; Ubuntu; Linux x86_64) AppleWebKit/537.36 (KHTML, like Gecko) Chrome/121.0.0.0 Safari/537.36"
172.187.168.139 - - [23/Feb/2026:08:16:34 +0000] "POST /wp-cron.php?doing_wp_cron=1771834594.1474709510803222656250 HTTP/1.1" 200 31 "-" "WordPress/6.9; https://dreamsrent-wp.dreamstechnologies.com"
152.42.215.183 - - [23/Feb/2026:08:16:34 +0000] "GET /wp-login.php?redirect_to=https%3A%2F%2Fdreamsrent-wp.dreamstechnologies.com%2Fwp-admin%2Findex.php&reauth=1 HTTP/1.1" 200 2416 "https://dreamsrent-wp.dreamstechnologies.com/wp-login.php" "Mozilla/5.0 (X11; Ubuntu; Linux x86_64) AppleWebKit/537.36 (KHTML, like Gecko) Chrome/121.0.0.0 Safari/537.36"
152.42.215.183 - - [23/Feb/2026:08:16:35 +0000] "POST /wp-login.php HTTP/1.1" 200 2579 "https://dreamsrent-wp.dreamstechnologies.com/wp-login.php" "Mozilla/5.0 (Windows NT 11.0; Win64; x64) AppleWebKit/537.36 (KHTML, like Gecko) Chrome/119.0.0.0 Safari/537.36"
152.42.215.183 - - [23/Feb/2026:08:16:36 +0000] "GET /wp-admin/index.php HTTP/1.1" 302 5 "https://dreamsrent-wp.dreamstechnologies.com/wp-login.php" "Mozilla/5.0 (Macintosh; Intel Mac OS X 10_15_7) AppleWebKit/605.1.15 (KHTML, like Gecko) Version/16.6 Safari/605.1.15"
152.42.215.183 - - [23/Feb/2026:08:16:37 +0000] "GET /wp-login.php?redirect_to=https%3A%2F%2Fdreamsrent-wp.dreamstechnologies.com%2Fwp-admin%2Findex.php&reauth=1 HTTP/1.1" 200 2416 "https://dreamsrent-wp.dreamstechnologies.com/wp-login.php" "Mozilla/5.0 (Macintosh; Intel Mac OS X 10_15_7) AppleWebKit/605.1.15 (KHTML, like Gecko) Version/16.6 Safari/605.1.15"
152.42.215.183 - - [23/Feb/2026:08:16:38 +0000] "POST /wp-login.php HTTP/1.1" 200 2572 "https://dreamsrent-wp.dreamstechnologies.com/wp-login.php" "Mozilla/5.0 (Macintosh; Intel Mac OS X 13_6_1; rv:119.0) Gecko/20100101 Firefox/119.0"
152.42.215.183 - - [23/Feb/2026:08:16:40 +0000] "GET /wp-admin/index.php HTTP/1.1" 302 5 "https://dreamsrent-wp.dreamstechnologies.com/wp-login.php" "Mozilla/5.0 (Windows NT 11.0; Win64; x64) AppleWebKit/537.36 (KHTML, like Gecko) Chrome/121.0.0.0 Safari/537.36"
152.42.215.183 - - [23/Feb/2026:08:16:41 +0000] "GET /wp-login.php?redirect_to=https%3A%2F%2Fdreamsrent-wp.dreamstechnologies.com%2Fwp-admin%2Findex.php&reauth=1 HTTP/1.1" 200 2416 "https://dreamsrent-wp.dreamstechnologies.com/wp-login.php" "Mozilla/5.0 (Windows NT 11.0; Win64; x64) AppleWebKit/537.36 (KHTML, like Gecko) Chrome/121.0.0.0 Safari/537.36"
35.173.69.86 - - [23/Feb/2026:08:16:43 +0000] "GET / HTTP/1.1" 200 30857 "-" "FreshpingBot/1.0 (+https://freshping.io/)"
152.42.215.183 - - [23/Feb/2026:08:16:43 +0000] "POST /wp-login.php HTTP/1.1" 200 2579 "https://dreamsrent-wp.dreamstechnologies.com/wp-login.php" "Mozilla/5.0 (Macintosh; Intel Mac OS X 10_15_7) AppleWebKit/537.36 (KHTML, like Gecko) Chrome/120.0.0.0 Safari/537.36"
152.42.215.183 - - [23/Feb/2026:08:16:44 +0000] "GET /wp-admin/index.php HTTP/1.1" 302 5 "https://dreamsrent-wp.dreamstechnologies.com/wp-login.php" "Mozilla/5.0 (Macintosh; Intel Mac OS X 13_6_1) AppleWebKit/605.1.15 (KHTML, like Gecko) Version/17.2 Safari/605.1.15"
152.42.215.183 - - [23/Feb/2026:08:16:45 +0000] "GET /wp-login.php?redirect_to=https%3A%2F%2Fdreamsrent-wp.dreamstechnologies.com%2Fwp-admin%2Findex.php&reauth=1 HTTP/1.1" 200 2416 "https://dreamsrent-wp.dreamstechnologies.com/wp-login.php" "Mozilla/5.0 (Macintosh; Intel Mac OS X 13_6_1) AppleWebKit/605.1.15 (KHTML, like Gecko) Version/17.2 Safari/605.1.15"
152.42.215.183 - - [23/Feb/2026:08:16:48 +0000] "POST /wp-login.php HTTP/1.1" 200 2577 "https://dreamsrent-wp.dreamstechnologies.com/wp-login.php" "Mozilla/5.0 (X11; Ubuntu; Linux x86_64) AppleWebKit/537.36 (KHTML, like Gecko) Chrome/119.0.0.0 Safari/537.36"
152.42.215.183 - - [23/Feb/2026:08:16:49 +0000] "GET /wp-admin/index.php HTTP/1.1" 302 5 "https://dreamsrent-wp.dreamstechnologies.com/wp-login.php" "Mozilla/5.0 (Windows NT 11.0; Win64; x64) AppleWebKit/537.36 (KHTML, like Gecko) Chrome/118.0.0.0 Safari/537.36"
152.42.215.183 - - [23/Feb/2026:08:16:50 +0000] "GET /wp-login.php?redirect_to=https%3A%2F%2Fdreamsrent-wp.dreamstechnologies.com%2Fwp-admin%2Findex.php&reauth=1 HTTP/1.1" 200 2416 "https://dreamsrent-wp.dreamstechnologies.com/wp-login.php" "Mozilla/5.0 (Windows NT 11.0; Win64; x64) AppleWebKit/537.36 (KHTML, like Gecko) Chrome/118.0.0.0 Safari/537.36"
152.42.215.183 - - [23/Feb/2026:08:16:52 +0000] "POST /wp-login.php HTTP/1.1" 200 2574 "https://dreamsrent-wp.dreamstechnologies.com/wp-login.php" "Mozilla/5.0 (Macintosh; Intel Mac OS X 13_6_1) AppleWebKit/605.1.15 (KHTML, like Gecko) Version/16.6 Safari/605.1.15"
152.42.215.183 - - [23/Feb/2026:08:16:53 +0000] "GET /wp-admin/index.php HTTP/1.1" 302 5 "https://dreamsrent-wp.dreamstechnologies.com/wp-login.php" "Mozilla/5.0 (Windows NT 10.0; Win64; x64; rv:118.0) Gecko/20100101 Firefox/118.0"
152.42.215.183 - - [23/Feb/2026:08:16:54 +0000] "GET /wp-login.php?redirect_to=https%3A%2F%2Fdreamsrent-wp.dreamstechnologies.com%2Fwp-admin%2Findex.php&reauth=1 HTTP/1.1" 200 2416 "https://dreamsrent-wp.dreamstechnologies.com/wp-login.php" "Mozilla/5.0 (Windows NT 10.0; Win64; x64; rv:118.0) Gecko/20100101 Firefox/118.0"
152.42.215.183 - - [23/Feb/2026:08:16:55 +0000] "POST /wp-login.php HTTP/1.1" 200 2572 "https://dreamsrent-wp.dreamstechnologies.com/wp-login.php" "Mozilla/5.0 (Macintosh; Intel Mac OS X 10_15_7) AppleWebKit/605.1.15 (KHTML, like Gecko) Version/17.1 Safari/605.1.15"
152.42.215.183 - - [23/Feb/2026:08:16:56 +0000] "GET /wp-admin/index.php HTTP/1.1" 302 5 "https://dreamsrent-wp.dreamstechnologies.com/wp-login.php" "Mozilla/5.0 (Macintosh; Intel Mac OS X 10_15_7; rv:121.0) Gecko/20100101 Firefox/121.0"
152.42.215.183 - - [23/Feb/2026:08:16:57 +0000] "GET /wp-login.php?redirect_to=https%3A%2F%2Fdreamsrent-wp.dreamstechnologies.com%2Fwp-admin%2Findex.php&reauth=1 HTTP/1.1" 200 2416 "https://dreamsrent-wp.dreamstechnologies.com/wp-login.php" "Mozilla/5.0 (Macintosh; Intel Mac OS X 10_15_7; rv:121.0) Gecko/20100101 Firefox/121.0"
152.42.215.183 - - [23/Feb/2026:08:16:58 +0000] "POST /wp-login.php HTTP/1.1" 200 2513 "https://dreamsrent-wp.dreamstechnologies.com/wp-login.php" "Mozilla/5.0 (Macintosh; Intel Mac OS X 10_15_7) AppleWebKit/605.1.15 (KHTML, like Gecko) Version/17.2 Safari/605.1.15"
152.42.215.183 - - [23/Feb/2026:08:16:59 +0000] "GET /wp-admin/index.php HTTP/1.1" 302 5 "https://dreamsrent-wp.dreamstechnologies.com/wp-login.php" "Mozilla/5.0 (Macintosh; Intel Mac OS X 10_15_7; rv:120.0) Gecko/20100101 Firefox/120.0"
152.42.215.183 - - [23/Feb/2026:08:17:00 +0000] "GET /wp-login.php?redirect_to=https%3A%2F%2Fdreamsrent-wp.dreamstechnologies.com%2Fwp-admin%2Findex.php&reauth=1 HTTP/1.1" 200 2416 "https://dreamsrent-wp.dreamstechnologies.com/wp-login.php" "Mozilla/5.0 (Macintosh; Intel Mac OS X 10_15_7; rv:120.0) Gecko/20100101 Firefox/120.0"
152.42.215.183 - - [23/Feb/2026:08:17:01 +0000] "POST /wp-login.php HTTP/1.1" 200 2574 "https://dreamsrent-wp.dreamstechnologies.com/wp-login.php" "Mozilla/5.0 (Windows NT 10.0; Win64; x64; rv:120.0) Gecko/20100101 Firefox/120.0"
152.42.215.183 - - [23/Feb/2026:08:17:03 +0000] "GET /wp-admin/index.php HTTP/1.1" 302 5 "https://dreamsrent-wp.dreamstechnologies.com/wp-login.php" "Mozilla/5.0 (X11; Ubuntu; Linux x86_64) AppleWebKit/537.36 (KHTML, like Gecko) Chrome/121.0.0.0 Safari/537.36"
152.42.215.183 - - [23/Feb/2026:08:17:04 +0000] "GET /wp-login.php?redirect_to=https%3A%2F%2Fdreamsrent-wp.dreamstechnologies.com%2Fwp-admin%2Findex.php&reauth=1 HTTP/1.1" 200 2416 "https://dreamsrent-wp.dreamstechnologies.com/wp-login.php" "Mozilla/5.0 (X11; Ubuntu; Linux x86_64) AppleWebKit/537.36 (KHTML, like Gecko) Chrome/121.0.0.0 Safari/537.36"
152.42.215.183 - - [23/Feb/2026:08:17:05 +0000] "POST /wp-login.php HTTP/1.1" 200 2580 "https://dreamsrent-wp.dreamstechnologies.com/wp-login.php" "Mozilla/5.0 (Macintosh; Intel Mac OS X 10_15_7; rv:119.0) Gecko/20100101 Firefox/119.0"
64.188.91.92 - - [23/Feb/2026:08:17:06 +0000] "GET /wp-content/plugins/order-delivery-date/readme.txt HTTP/1.1" 404 10558 "-" "Mozilla/5.0 (Windows NT 10.0; Win64; x64) AppleWebKit/537.36 (KHTML, like Gecko) Chrome/131.0.0.0 Safari/537.36"
152.42.215.183 - - [23/Feb/2026:08:17:06 +0000] "GET /wp-admin/index.php HTTP/1.1" 302 5 "https://dreamsrent-wp.dreamstechnologies.com/wp-login.php" "Mozilla/5.0 (X11; Linux x86_64) AppleWebKit/537.36 (KHTML, like Gecko) Chrome/118.0.0.0 Safari/537.36"
64.188.91.92 - - [23/Feb/2026:08:17:07 +0000] "GET /wp-content/plugins/wp-marketing-automations/readme.txt HTTP/1.1" 404 10558 "-" "Mozilla/5.0 (Windows NT 10.0; Win64; x64) AppleWebKit/537.36 (KHTML, like Gecko) Chrome/131.0.0.0 Safari/537.36"
152.42.215.183 - - [23/Feb/2026:08:17:07 +0000] "GET /wp-login.php?redirect_to=https%3A%2F%2Fdreamsrent-wp.dreamstechnologies.com%2Fwp-admin%2Findex.php&reauth=1 HTTP/1.1" 200 2416 "https://dreamsrent-wp.dreamstechnologies.com/wp-login.php" "Mozilla/5.0 (X11; Linux x86_64) AppleWebKit/537.36 (KHTML, like Gecko) Chrome/118.0.0.0 Safari/537.36"
152.42.215.183 - - [23/Feb/2026:08:17:08 +0000] "POST /wp-login.php HTTP/1.1" 200 2576 "https://dreamsrent-wp.dreamstechnologies.com/wp-login.php" "Mozilla/5.0 (Windows NT 11.0; Win64; x64) AppleWebKit/537.36 (KHTML, like Gecko) Chrome/121.0.0.0 Safari/537.36"
152.42.215.183 - - [23/Feb/2026:08:17:10 +0000] "GET /wp-admin/index.php HTTP/1.1" 302 5 "https://dreamsrent-wp.dreamstechnologies.com/wp-login.php" "Mozilla/5.0 (Macintosh; Intel Mac OS X 10_15_7) AppleWebKit/605.1.15 (KHTML, like Gecko) Version/16.6 Safari/605.1.15"
152.42.215.183 - - [23/Feb/2026:08:17:11 +0000] "GET /wp-login.php?redirect_to=https%3A%2F%2Fdreamsrent-wp.dreamstechnologies.com%2Fwp-admin%2Findex.php&reauth=1 HTTP/1.1" 200 2416 "https://dreamsrent-wp.dreamstechnologies.com/wp-login.php" "Mozilla/5.0 (Macintosh; Intel Mac OS X 10_15_7) AppleWebKit/605.1.15 (KHTML, like Gecko) Version/16.6 Safari/605.1.15"
152.42.215.183 - - [23/Feb/2026:08:17:12 +0000] "POST /wp-login.php HTTP/1.1" 200 2574 "https://dreamsrent-wp.dreamstechnologies.com/wp-login.php" "Mozilla/5.0 (Macintosh; Intel Mac OS X 10_15_7) AppleWebKit/605.1.15 (KHTML, like Gecko) Version/17.2 Safari/605.1.15"
152.42.215.183 - - [23/Feb/2026:08:17:13 +0000] "GET /wp-admin/index.php HTTP/1.1" 302 5 "https://dreamsrent-wp.dreamstechnologies.com/wp-login.php" "Mozilla/5.0 (X11; Ubuntu; Linux x86_64) AppleWebKit/537.36 (KHTML, like Gecko) Chrome/119.0.0.0 Safari/537.36"
152.42.215.183 - - [23/Feb/2026:08:17:14 +0000] "GET /wp-login.php?redirect_to=https%3A%2F%2Fdreamsrent-wp.dreamstechnologies.com%2Fwp-admin%2Findex.php&reauth=1 HTTP/1.1" 200 2416 "https://dreamsrent-wp.dreamstechnologies.com/wp-login.php" "Mozilla/5.0 (X11; Ubuntu; Linux x86_64) AppleWebKit/537.36 (KHTML, like Gecko) Chrome/119.0.0.0 Safari/537.36"
152.42.215.183 - - [23/Feb/2026:08:17:15 +0000] "POST /wp-login.php HTTP/1.1" 200 2579 "https://dreamsrent-wp.dreamstechnologies.com/wp-login.php" "Mozilla/5.0 (Macintosh; Intel Mac OS X 13_6_1) AppleWebKit/605.1.15 (KHTML, like Gecko) Version/17.0 Safari/605.1.15"
152.42.215.183 - - [23/Feb/2026:08:17:16 +0000] "GET /wp-admin/index.php HTTP/1.1" 302 5 "https://dreamsrent-wp.dreamstechnologies.com/wp-login.php" "Mozilla/5.0 (Windows NT 10.0; Win64; x64) AppleWebKit/537.36 (KHTML, like Gecko) Chrome/118.0.0.0 Safari/537.36"
152.42.215.183 - - [23/Feb/2026:08:17:17 +0000] "GET /wp-login.php?redirect_to=https%3A%2F%2Fdreamsrent-wp.dreamstechnologies.com%2Fwp-admin%2Findex.php&reauth=1 HTTP/1.1" 200 2416 "https://dreamsrent-wp.dreamstechnologies.com/wp-login.php" "Mozilla/5.0 (Windows NT 10.0; Win64; x64) AppleWebKit/537.36 (KHTML, like Gecko) Chrome/118.0.0.0 Safari/537.36"
152.42.215.183 - - [23/Feb/2026:08:17:18 +0000] "POST /wp-login.php HTTP/1.1" 200 2579 "https://dreamsrent-wp.dreamstechnologies.com/wp-login.php" "Mozilla/5.0 (Windows NT 10.0; Win64; x64) AppleWebKit/537.36 (KHTML, like Gecko) Chrome/121.0.0.0 Safari/537.36"
152.42.215.183 - - [23/Feb/2026:08:17:20 +0000] "GET /wp-admin/index.php HTTP/1.1" 302 5 "https://dreamsrent-wp.dreamstechnologies.com/wp-login.php" "Mozilla/5.0 (Macintosh; Intel Mac OS X 13_6_1; rv:118.0) Gecko/20100101 Firefox/118.0"
152.42.215.183 - - [23/Feb/2026:08:17:21 +0000] "GET /wp-login.php?redirect_to=https%3A%2F%2Fdreamsrent-wp.dreamstechnologies.com%2Fwp-admin%2Findex.php&reauth=1 HTTP/1.1" 200 2416 "https://dreamsrent-wp.dreamstechnologies.com/wp-login.php" "Mozilla/5.0 (Macintosh; Intel Mac OS X 13_6_1; rv:118.0) Gecko/20100101 Firefox/118.0"
152.42.215.183 - - [23/Feb/2026:08:17:22 +0000] "POST /wp-login.php HTTP/1.1" 200 2579 "https://dreamsrent-wp.dreamstechnologies.com/wp-login.php" "Mozilla/5.0 (Windows NT 11.0; Win64; x64; rv:121.0) Gecko/20100101 Firefox/121.0"
23.177.184.197 - - [23/Feb/2026:08:17:23 +0000] "GET /wp-content/uploads/2023/12/services-icon-02.svg HTTP/1.1" 200 8688 "https://www.fethiyeprestijrentacar.com/" "Mozilla/5.0 (Windows NT 10.0; Win64; x64) AppleWebKit/537.36 (KHTML, like Gecko) Chrome/138.0.0.0 Safari/537.36"
152.42.215.183 - - [23/Feb/2026:08:17:23 +0000] "GET /wp-admin/index.php HTTP/1.1" 302 5 "https://dreamsrent-wp.dreamstechnologies.com/wp-login.php" "Mozilla/5.0 (Windows NT 11.0; Win64; x64) AppleWebKit/537.36 (KHTML, like Gecko) Chrome/121.0.0.0 Safari/537.36"
172.187.168.139 - - [23/Feb/2026:08:17:24 +0000] "POST /wp-cron.php?doing_wp_cron=1771834644.9435629844665527343750 HTTP/1.1" 200 31 "-" "WordPress/6.9; https://dreamsrent-wp.dreamstechnologies.com"
152.42.215.183 - - [23/Feb/2026:08:17:24 +0000] "GET /wp-login.php?redirect_to=https%3A%2F%2Fdreamsrent-wp.dreamstechnologies.com%2Fwp-admin%2Findex.php&reauth=1 HTTP/1.1" 200 2416 "https://dreamsrent-wp.dreamstechnologies.com/wp-login.php" "Mozilla/5.0 (Windows NT 11.0; Win64; x64) AppleWebKit/537.36 (KHTML, like Gecko) Chrome/121.0.0.0 Safari/537.36"
152.42.215.183 - - [23/Feb/2026:08:17:26 +0000] "POST /wp-login.php HTTP/1.1" 200 2513 "https://dreamsrent-wp.dreamstechnologies.com/wp-login.php" "Mozilla/5.0 (X11; Ubuntu; Linux x86_64) AppleWebKit/537.36 (KHTML, like Gecko) Chrome/121.0.0.0 Safari/537.36"
152.42.215.183 - - [23/Feb/2026:08:17:27 +0000] "GET /wp-admin/index.php HTTP/1.1" 302 5 "https://dreamsrent-wp.dreamstechnologies.com/wp-login.php" "Mozilla/5.0 (X11; Linux x86_64) AppleWebKit/537.36 (KHTML, like Gecko) Chrome/121.0.0.0 Safari/537.36"
152.42.215.183 - - [23/Feb/2026:08:17:28 +0000] "GET /wp-login.php?redirect_to=https%3A%2F%2Fdreamsrent-wp.dreamstechnologies.com%2Fwp-admin%2Findex.php&reauth=1 HTTP/1.1" 200 2416 "https://dreamsrent-wp.dreamstechnologies.com/wp-login.php" "Mozilla/5.0 (X11; Linux x86_64) AppleWebKit/537.36 (KHTML, like Gecko) Chrome/121.0.0.0 Safari/537.36"
152.42.215.183 - - [23/Feb/2026:08:17:30 +0000] "POST /wp-login.php HTTP/1.1" 200 2578 "https://dreamsrent-wp.dreamstechnologies.com/wp-login.php" "Mozilla/5.0 (Windows NT 11.0; Win64; x64) AppleWebKit/537.36 (KHTML, like Gecko) Chrome/121.0.0.0 Safari/537.36"
152.42.215.183 - - [23/Feb/2026:08:17:32 +0000] "GET /wp-admin/index.php HTTP/1.1" 302 5 "https://dreamsrent-wp.dreamstechnologies.com/wp-login.php" "Mozilla/5.0 (Macintosh; Intel Mac OS X 13_6_1) AppleWebKit/605.1.15 (KHTML, like Gecko) Version/17.2 Safari/605.1.15"
152.42.215.183 - - [23/Feb/2026:08:17:33 +0000] "GET /wp-login.php?redirect_to=https%3A%2F%2Fdreamsrent-wp.dreamstechnologies.com%2Fwp-admin%2Findex.php&reauth=1 HTTP/1.1" 200 2416 "https://dreamsrent-wp.dreamstechnologies.com/wp-login.php" "Mozilla/5.0 (Macintosh; Intel Mac OS X 13_6_1) AppleWebKit/605.1.15 (KHTML, like Gecko) Version/17.2 Safari/605.1.15"
172.187.168.139 - - [23/Feb/2026:08:17:34 +0000] "POST /wp-cron.php?doing_wp_cron=1771834654.9052600860595703125000 HTTP/1.1" 200 31 "-" "WordPress/6.9; https://dreamsrent-wp.dreamstechnologies.com"
152.42.215.183 - - [23/Feb/2026:08:17:34 +0000] "POST /wp-login.php HTTP/1.1" 200 2513 "https://dreamsrent-wp.dreamstechnologies.com/wp-login.php" "Mozilla/5.0 (X11; Linux x86_64) AppleWebKit/537.36 (KHTML, like Gecko) Chrome/119.0.0.0 Safari/537.36"
152.42.215.183 - - [23/Feb/2026:08:17:36 +0000] "GET /wp-admin/index.php HTTP/1.1" 302 5 "https://dreamsrent-wp.dreamstechnologies.com/wp-login.php" "Mozilla/5.0 (X11; Ubuntu; Linux x86_64) AppleWebKit/537.36 (KHTML, like Gecko) Chrome/120.0.0.0 Safari/537.36"
86.107.43.38 - - [23/Feb/2026:08:17:36 +0000] "GET /wp-content/uploads/2023/12/bx-car.svg HTTP/1.1" 200 1844 "-" "-"
86.107.43.38 - - [23/Feb/2026:08:17:36 +0000] "GET /wp-content/uploads/2023/12/bx-headphone.svg HTTP/1.1" 200 902 "-" "-"
86.107.43.38 - - [23/Feb/2026:08:17:36 +0000] "GET /wp-content/uploads/2023/12/bx-heart.svg HTTP/1.1" 200 1182 "-" "-"
86.107.43.38 - - [23/Feb/2026:08:17:37 +0000] "GET /wp-content/uploads/2023/12/bx-history.svg HTTP/1.1" 200 1489 "-" "-"
152.42.215.183 - - [23/Feb/2026:08:17:37 +0000] "GET /wp-login.php?redirect_to=https%3A%2F%2Fdreamsrent-wp.dreamstechnologies.com%2Fwp-admin%2Findex.php&reauth=1 HTTP/1.1" 200 2416 "https://dreamsrent-wp.dreamstechnologies.com/wp-login.php" "Mozilla/5.0 (X11; Ubuntu; Linux x86_64) AppleWebKit/537.36 (KHTML, like Gecko) Chrome/120.0.0.0 Safari/537.36"
152.42.215.183 - - [23/Feb/2026:08:17:38 +0000] "POST /wp-login.php HTTP/1.1" 200 2575 "https://dreamsrent-wp.dreamstechnologies.com/wp-login.php" "Mozilla/5.0 (Windows NT 10.0; Win64; x64) AppleWebKit/537.36 (KHTML, like Gecko) Chrome/121.0.0.0 Safari/537.36"
86.107.43.38 - - [23/Feb/2026:08:17:38 +0000] "GET /wp-content/uploads/2023/12/bx-car.svg HTTP/1.1" 200 1844 "-" "-"
86.107.43.38 - - [23/Feb/2026:08:17:38 +0000] "GET /wp-content/uploads/2023/12/bx-headphone.svg HTTP/1.1" 200 902 "-" "-"
86.107.43.38 - - [23/Feb/2026:08:17:38 +0000] "GET /wp-content/uploads/2023/12/bx-heart.svg HTTP/1.1" 200 1182 "-" "-"
86.107.43.38 - - [23/Feb/2026:08:17:39 +0000] "GET /wp-content/uploads/2023/12/bx-history.svg HTTP/1.1" 200 1489 "-" "-"
152.42.215.183 - - [23/Feb/2026:08:17:39 +0000] "GET /wp-admin/index.php HTTP/1.1" 302 5 "https://dreamsrent-wp.dreamstechnologies.com/wp-login.php" "Mozilla/5.0 (X11; Linux x86_64) AppleWebKit/537.36 (KHTML, like Gecko) Chrome/119.0.0.0 Safari/537.36"
152.42.215.183 - - [23/Feb/2026:08:17:41 +0000] "GET /wp-login.php?redirect_to=https%3A%2F%2Fdreamsrent-wp.dreamstechnologies.com%2Fwp-admin%2Findex.php&reauth=1 HTTP/1.1" 200 2416 "https://dreamsrent-wp.dreamstechnologies.com/wp-login.php" "Mozilla/5.0 (X11; Linux x86_64) AppleWebKit/537.36 (KHTML, like Gecko) Chrome/119.0.0.0 Safari/537.36"
152.42.215.183 - - [23/Feb/2026:08:17:43 +0000] "POST /wp-login.php HTTP/1.1" 200 2556 "https://dreamsrent-wp.dreamstechnologies.com/wp-login.php" "Mozilla/5.0 (Macintosh; Intel Mac OS X 13_6_1; rv:121.0) Gecko/20100101 Firefox/121.0"
152.42.215.183 - - [23/Feb/2026:08:17:45 +0000] "GET /wp-admin/index.php HTTP/1.1" 302 5 "https://dreamsrent-wp.dreamstechnologies.com/wp-login.php" "Mozilla/5.0 (Macintosh; Intel Mac OS X 10_15_7) AppleWebKit/537.36 (KHTML, like Gecko) Chrome/121.0.0.0 Safari/537.36"
152.42.215.183 - - [23/Feb/2026:08:17:46 +0000] "GET /wp-login.php?redirect_to=https%3A%2F%2Fdreamsrent-wp.dreamstechnologies.com%2Fwp-admin%2Findex.php&reauth=1 HTTP/1.1" 200 2416 "https://dreamsrent-wp.dreamstechnologies.com/wp-login.php" "Mozilla/5.0 (Macintosh; Intel Mac OS X 10_15_7) AppleWebKit/537.36 (KHTML, like Gecko) Chrome/121.0.0.0 Safari/537.36"
152.42.215.183 - - [23/Feb/2026:08:17:47 +0000] "POST /wp-login.php HTTP/1.1" 200 2556 "https://dreamsrent-wp.dreamstechnologies.com/wp-login.php" "Mozilla/5.0 (Windows NT 10.0; Win64; x64) AppleWebKit/537.36 (KHTML, like Gecko) Chrome/121.0.0.0 Safari/537.36"
152.42.215.183 - - [23/Feb/2026:08:17:48 +0000] "GET /wp-admin/index.php HTTP/1.1" 302 5 "https://dreamsrent-wp.dreamstechnologies.com/wp-login.php" "Mozilla/5.0 (Windows NT 11.0; Win64; x64) AppleWebKit/537.36 (KHTML, like Gecko) Chrome/120.0.0.0 Safari/537.36"
152.42.215.183 - - [23/Feb/2026:08:17:50 +0000] "GET /wp-login.php?redirect_to=https%3A%2F%2Fdreamsrent-wp.dreamstechnologies.com%2Fwp-admin%2Findex.php&reauth=1 HTTP/1.1" 200 2416 "https://dreamsrent-wp.dreamstechnologies.com/wp-login.php" "Mozilla/5.0 (Windows NT 11.0; Win64; x64) AppleWebKit/537.36 (KHTML, like Gecko) Chrome/120.0.0.0 Safari/537.36"
152.42.215.183 - - [23/Feb/2026:08:17:53 +0000] "POST /wp-login.php HTTP/1.1" 200 2556 "https://dreamsrent-wp.dreamstechnologies.com/wp-login.php" "Mozilla/5.0 (Windows NT 11.0; Win64; x64) AppleWebKit/537.36 (KHTML, like Gecko) Chrome/121.0.0.0 Safari/537.36"
152.42.215.183 - - [23/Feb/2026:08:17:55 +0000] "GET /wp-admin/index.php HTTP/1.1" 302 5 "https://dreamsrent-wp.dreamstechnologies.com/wp-login.php" "Mozilla/5.0 (Macintosh; Intel Mac OS X 10_15_7; rv:118.0) Gecko/20100101 Firefox/118.0"
152.42.215.183 - - [23/Feb/2026:08:17:56 +0000] "GET /wp-login.php?redirect_to=https%3A%2F%2Fdreamsrent-wp.dreamstechnologies.com%2Fwp-admin%2Findex.php&reauth=1 HTTP/1.1" 200 2416 "https://dreamsrent-wp.dreamstechnologies.com/wp-login.php" "Mozilla/5.0 (Macintosh; Intel Mac OS X 10_15_7; rv:118.0) Gecko/20100101 Firefox/118.0"
152.42.215.183 - - [23/Feb/2026:08:17:57 +0000] "POST /wp-login.php HTTP/1.1" 200 2556 "https://dreamsrent-wp.dreamstechnologies.com/wp-login.php" "Mozilla/5.0 (Macintosh; Intel Mac OS X 10_15_7) AppleWebKit/537.36 (KHTML, like Gecko) Chrome/120.0.0.0 Safari/537.36"
152.42.215.183 - - [23/Feb/2026:08:17:59 +0000] "GET /wp-admin/index.php HTTP/1.1" 302 5 "https://dreamsrent-wp.dreamstechnologies.com/wp-login.php" "Mozilla/5.0 (Macintosh; Intel Mac OS X 13_6_1) AppleWebKit/605.1.15 (KHTML, like Gecko) Version/16.6 Safari/605.1.15"
152.42.215.183 - - [23/Feb/2026:08:18:00 +0000] "GET /wp-login.php?redirect_to=https%3A%2F%2Fdreamsrent-wp.dreamstechnologies.com%2Fwp-admin%2Findex.php&reauth=1 HTTP/1.1" 200 2416 "https://dreamsrent-wp.dreamstechnologies.com/wp-login.php" "Mozilla/5.0 (Macintosh; Intel Mac OS X 13_6_1) AppleWebKit/605.1.15 (KHTML, like Gecko) Version/16.6 Safari/605.1.15"
152.42.215.183 - - [23/Feb/2026:08:18:01 +0000] "POST /wp-login.php HTTP/1.1" 200 2556 "https://dreamsrent-wp.dreamstechnologies.com/wp-login.php" "Mozilla/5.0 (Macintosh; Intel Mac OS X 10_15_7; rv:119.0) Gecko/20100101 Firefox/119.0"
152.42.215.183 - - [23/Feb/2026:08:18:02 +0000] "GET /wp-admin/index.php HTTP/1.1" 302 5 "https://dreamsrent-wp.dreamstechnologies.com/wp-login.php" "Mozilla/5.0 (Macintosh; Intel Mac OS X 13_6_1; rv:118.0) Gecko/20100101 Firefox/118.0"
152.42.215.183 - - [23/Feb/2026:08:18:04 +0000] "GET /wp-login.php?redirect_to=https%3A%2F%2Fdreamsrent-wp.dreamstechnologies.com%2Fwp-admin%2Findex.php&reauth=1 HTTP/1.1" 200 2416 "https://dreamsrent-wp.dreamstechnologies.com/wp-login.php" "Mozilla/5.0 (Macintosh; Intel Mac OS X 13_6_1; rv:118.0) Gecko/20100101 Firefox/118.0"
1.53.51.121 - - [23/Feb/2026:08:18:04 +0000] "GET /wp-content/themes/dreamsrent/assets/images/breadcrumb.png HTTP/1.1" 200 11763 "https://karplus.vn/" "Mozilla/5.0 (iPad; CPU OS 26_3 like Mac OS X) AppleWebKit/605.1.15 (KHTML, like Gecko) Mobile/23D127 Safari/604.1 [FBAN/FBIOS;FBAV/548.0.0.36.68;FBBV/880335931;FBDV/iPad13,10;FBMD/iPad;FBSN/iPadOS;FBSV/26.3;FBSS/2;FBID/tablet;FBLC/en_US;FBOP/5;FBRV/888643198;IABMV/1]"
152.42.215.183 - - [23/Feb/2026:08:18:05 +0000] "POST /wp-login.php HTTP/1.1" 200 2556 "https://dreamsrent-wp.dreamstechnologies.com/wp-login.php" "Mozilla/5.0 (Macintosh; Intel Mac OS X 10_15_7) AppleWebKit/537.36 (KHTML, like Gecko) Chrome/119.0.0.0 Safari/537.36"
152.42.215.183 - - [23/Feb/2026:08:18:06 +0000] "GET /wp-admin/index.php HTTP/1.1" 302 5 "https://dreamsrent-wp.dreamstechnologies.com/wp-login.php" "Mozilla/5.0 (Windows NT 11.0; Win64; x64) AppleWebKit/537.36 (KHTML, like Gecko) Chrome/120.0.0.0 Safari/537.36"
152.42.215.183 - - [23/Feb/2026:08:18:07 +0000] "GET /wp-login.php?redirect_to=https%3A%2F%2Fdreamsrent-wp.dreamstechnologies.com%2Fwp-admin%2Findex.php&reauth=1 HTTP/1.1" 200 2416 "https://dreamsrent-wp.dreamstechnologies.com/wp-login.php" "Mozilla/5.0 (Windows NT 11.0; Win64; x64) AppleWebKit/537.36 (KHTML, like Gecko) Chrome/120.0.0.0 Safari/537.36"
152.42.215.183 - - [23/Feb/2026:08:18:09 +0000] "POST /wp-login.php HTTP/1.1" 200 2556 "https://dreamsrent-wp.dreamstechnologies.com/wp-login.php" "Mozilla/5.0 (X11; Linux x86_64) AppleWebKit/537.36 (KHTML, like Gecko) Chrome/121.0.0.0 Safari/537.36"
152.42.215.183 - - [23/Feb/2026:08:18:10 +0000] "GET /wp-admin/index.php HTTP/1.1" 302 5 "https://dreamsrent-wp.dreamstechnologies.com/wp-login.php" "Mozilla/5.0 (Windows NT 10.0; Win64; x64; rv:118.0) Gecko/20100101 Firefox/118.0"
152.42.215.183 - - [23/Feb/2026:08:18:11 +0000] "GET /wp-login.php?redirect_to=https%3A%2F%2Fdreamsrent-wp.dreamstechnologies.com%2Fwp-admin%2Findex.php&reauth=1 HTTP/1.1" 200 2416 "https://dreamsrent-wp.dreamstechnologies.com/wp-login.php" "Mozilla/5.0 (Windows NT 10.0; Win64; x64; rv:118.0) Gecko/20100101 Firefox/118.0"
190.104.106.146 - - [23/Feb/2026:08:18:24 +0000] "GET /wp-content/uploads/2023/12/services-icon-01.svg HTTP/1.1" 200 6805 "https://www.master.cw/" "Mozilla/5.0 (iPhone; CPU iPhone OS 18_7 like Mac OS X) AppleWebKit/605.1.15 (KHTML, like Gecko) Version/26.2 Mobile/15E148 Safari/604.1"
190.104.106.146 - - [23/Feb/2026:08:18:25 +0000] "GET /wp-content/uploads/2023/12/bx-user-check.svg HTTP/1.1" 200 2357 "https://www.master.cw/" "Mozilla/5.0 (iPhone; CPU iPhone OS 18_7 like Mac OS X) AppleWebKit/605.1.15 (KHTML, like Gecko) Version/26.2 Mobile/15E148 Safari/604.1"
190.104.106.146 - - [23/Feb/2026:08:18:25 +0000] "GET /wp-content/uploads/2023/12/play-store.svg HTTP/1.1" 200 7019 "https://www.master.cw/" "Mozilla/5.0 (iPhone; CPU iPhone OS 18_7 like Mac OS X) AppleWebKit/605.1.15 (KHTML, like Gecko) Version/26.2 Mobile/15E148 Safari/604.1"
190.104.106.146 - - [23/Feb/2026:08:18:25 +0000] "GET /wp-content/uploads/2023/12/services-icon-03.svg HTTP/1.1" 200 10006 "https://www.master.cw/" "Mozilla/5.0 (iPhone; CPU iPhone OS 18_7 like Mac OS X) AppleWebKit/605.1.15 (KHTML, like Gecko) Version/26.2 Mobile/15E148 Safari/604.1"
190.104.106.146 - - [23/Feb/2026:08:18:25 +0000] "GET /wp-content/uploads/2023/12/apple.svg HTTP/1.1" 200 7355 "https://www.master.cw/" "Mozilla/5.0 (iPhone; CPU iPhone OS 18_7 like Mac OS X) AppleWebKit/605.1.15 (KHTML, like Gecko) Version/26.2 Mobile/15E148 Safari/604.1"
92.36.184.163 - - [23/Feb/2026:08:18:45 +0000] "GET /wp-content/uploads/2023/12/car-right.png HTTP/1.1" 200 149054 "https://yes.ba/" "Mozilla/5.0 (Linux; Android 10; K) AppleWebKit/537.36 (KHTML, like Gecko) Chrome/145.0.0.0 Mobile Safari/537.36"
92.36.184.163 - - [23/Feb/2026:08:18:45 +0000] "GET /wp-content/uploads/2023/12/banner.jpg HTTP/1.1" 200 26277 "https://yes.ba/" "Mozilla/5.0 (Linux; Android 10; K) AppleWebKit/537.36 (KHTML, like Gecko) Chrome/145.0.0.0 Mobile Safari/537.36"
92.36.184.163 - - [23/Feb/2026:08:18:45 +0000] "GET /wp-content/uploads/2023/12/services-icon-01.svg HTTP/1.1" 200 6805 "https://yes.ba/" "Mozilla/5.0 (Linux; Android 10; K) AppleWebKit/537.36 (KHTML, like Gecko) Chrome/145.0.0.0 Mobile Safari/537.36"
92.36.184.163 - - [23/Feb/2026:08:18:45 +0000] "GET /wp-content/uploads/2023/12/services-icon-02.svg HTTP/1.1" 200 8688 "https://yes.ba/" "Mozilla/5.0 (Linux; Android 10; K) AppleWebKit/537.36 (KHTML, like Gecko) Chrome/145.0.0.0 Mobile Safari/537.36"
92.36.184.163 - - [23/Feb/2026:08:18:45 +0000] "GET /wp-content/uploads/2023/12/services-icon-03.svg HTTP/1.1" 200 10006 "https://yes.ba/" "Mozilla/5.0 (Linux; Android 10; K) AppleWebKit/537.36 (KHTML, like Gecko) Chrome/145.0.0.0 Mobile Safari/537.36"
92.36.184.163 - - [23/Feb/2026:08:18:45 +0000] "GET /wp-content/uploads/2023/12/bx-car.svg HTTP/1.1" 200 1844 "https://yes.ba/" "Mozilla/5.0 (Linux; Android 10; K) AppleWebKit/537.36 (KHTML, like Gecko) Chrome/145.0.0.0 Mobile Safari/537.36"
92.36.184.163 - - [23/Feb/2026:08:18:45 +0000] "GET /wp-content/uploads/2023/12/bx-headphone.svg HTTP/1.1" 200 902 "https://yes.ba/" "Mozilla/5.0 (Linux; Android 10; K) AppleWebKit/537.36 (KHTML, like Gecko) Chrome/145.0.0.0 Mobile Safari/537.36"
92.36.184.163 - - [23/Feb/2026:08:18:45 +0000] "GET /wp-content/uploads/2023/12/bx-heart.svg HTTP/1.1" 200 1182 "https://yes.ba/" "Mozilla/5.0 (Linux; Android 10; K) AppleWebKit/537.36 (KHTML, like Gecko) Chrome/145.0.0.0 Mobile Safari/537.36"
92.36.184.163 - - [23/Feb/2026:08:18:45 +0000] "GET /wp-content/uploads/2023/12/bx-history.svg HTTP/1.1" 200 1489 "https://yes.ba/" "Mozilla/5.0 (Linux; Android 10; K) AppleWebKit/537.36 (KHTML, like Gecko) Chrome/145.0.0.0 Mobile Safari/537.36"
92.36.184.163 - - [23/Feb/2026:08:18:46 +0000] "GET /wp-content/uploads/2023/12/bx-crown.svg HTTP/1.1" 200 1040 "https://yes.ba/" "Mozilla/5.0 (Linux; Android 10; K) AppleWebKit/537.36 (KHTML, like Gecko) Chrome/145.0.0.0 Mobile Safari/537.36"
92.36.184.163 - - [23/Feb/2026:08:18:46 +0000] "GET /wp-content/uploads/2023/12/bx-user-check.svg HTTP/1.1" 200 2357 "https://yes.ba/" "Mozilla/5.0 (Linux; Android 10; K) AppleWebKit/537.36 (KHTML, like Gecko) Chrome/145.0.0.0 Mobile Safari/537.36"
92.36.184.163 - - [23/Feb/2026:08:18:46 +0000] "GET /wp-content/uploads/2023/12/app-car.png HTTP/1.1" 200 41121 "https://yes.ba/" "Mozilla/5.0 (Linux; Android 10; K) AppleWebKit/537.36 (KHTML, like Gecko) Chrome/145.0.0.0 Mobile Safari/537.36"
92.36.184.163 - - [23/Feb/2026:08:18:46 +0000] "GET /wp-content/themes/dreamsrent/assets/images/breadcrumb.png HTTP/1.1" 200 11763 "https://yes.ba/" "Mozilla/5.0 (Linux; Android 10; K) AppleWebKit/537.36 (KHTML, like Gecko) Chrome/145.0.0.0 Mobile Safari/537.36"
