31.13.115.9 - - [23/Feb/2026:02:45:56 +0000] "GET /wp-content/uploads/2023/12/avatar-03.jpg HTTP/1.1" 200 34744 "http://www.fortur.com.tr/" "Mozilla/5.0 (Windows NT 10.0; Win64; x64) AppleWebKit/537.36 (KHTML, like Gecko) Chrome/145.0.0.0 Safari/537.36 Edg/145.0.0.0"
31.13.115.9 - - [23/Feb/2026:02:45:56 +0000] "GET /wp-content/uploads/2023/12/avatar-02.jpg HTTP/1.1" 200 27342 "http://www.fortur.com.tr/" "Mozilla/5.0 (Windows NT 10.0; Win64; x64) AppleWebKit/537.36 (KHTML, like Gecko) Chrome/145.0.0.0 Safari/537.36 Edg/145.0.0.0"
31.13.115.9 - - [23/Feb/2026:02:45:56 +0000] "GET /wp-content/uploads/2023/12/avatar-04.jpg HTTP/1.1" 200 29593 "http://www.fortur.com.tr/" "Mozilla/5.0 (Windows NT 10.0; Win64; x64) AppleWebKit/537.36 (KHTML, like Gecko) Chrome/145.0.0.0 Safari/537.36 Edg/145.0.0.0"
31.13.115.9 - - [23/Feb/2026:02:45:56 +0000] "GET /wp-content/uploads/2023/12/avatar-06.jpg HTTP/1.1" 200 39913 "http://www.fortur.com.tr/" "Mozilla/5.0 (Windows NT 10.0; Win64; x64) AppleWebKit/537.36 (KHTML, like Gecko) Chrome/145.0.0.0 Safari/537.36 Edg/145.0.0.0"
172.187.168.139 - - [23/Feb/2026:02:46:27 +0000] "POST /wp-cron.php?doing_wp_cron=1771814787.2996780872344970703125 HTTP/1.1" 200 31 "-" "WordPress/6.9; https://dreamsrent-wp.dreamstechnologies.com"
35.173.69.86 - - [23/Feb/2026:02:46:27 +0000] "GET / HTTP/1.1" 200 30857 "-" "FreshpingBot/1.0 (+https://freshping.io/)"
172.187.168.139 - - [23/Feb/2026:02:46:46 +0000] "POST /wp-cron.php?doing_wp_cron=1771814806.7313289642333984375000 HTTP/1.1" 200 31 "-" "WordPress/6.9; https://dreamsrent-wp.dreamstechnologies.com"
69.171.231.10 - - [23/Feb/2026:02:46:46 +0000] "GET /robots.txt HTTP/1.1" 200 554 "-" "facebookexternalhit/1.1 (+http://www.facebook.com/externalhit_uatext.php)"
92.205.134.242 - - [23/Feb/2026:02:47:15 +0000] "GET /wp-content/uploads/2023/12/services-icon-01.svg HTTP/1.1" 200 6805 "-" "-"
92.205.134.242 - - [23/Feb/2026:02:47:15 +0000] "GET /wp-content/uploads/2023/12/services-icon-02.svg HTTP/1.1" 200 8688 "-" "-"
92.205.134.242 - - [23/Feb/2026:02:47:16 +0000] "GET /wp-content/uploads/2023/12/services-icon-03.svg HTTP/1.1" 200 10006 "-" "-"
92.205.134.242 - - [23/Feb/2026:02:47:16 +0000] "GET /wp-content/uploads/2023/12/bx-car.svg HTTP/1.1" 200 1844 "-" "-"
92.205.134.242 - - [23/Feb/2026:02:47:16 +0000] "GET /wp-content/uploads/2023/12/bx-headphone.svg HTTP/1.1" 200 902 "-" "-"
92.205.134.242 - - [23/Feb/2026:02:47:16 +0000] "GET /wp-content/uploads/2023/12/bx-heart.svg HTTP/1.1" 200 1182 "-" "-"
92.205.134.242 - - [23/Feb/2026:02:47:16 +0000] "GET /wp-content/uploads/2023/12/bx-history.svg HTTP/1.1" 200 1489 "-" "-"
92.205.134.242 - - [23/Feb/2026:02:47:16 +0000] "GET /wp-content/uploads/2023/12/bx-selection.svg HTTP/1.1" 200 2138 "-" "-"
92.205.134.242 - - [23/Feb/2026:02:47:16 +0000] "GET /wp-content/uploads/2023/12/bx-crown.svg HTTP/1.1" 200 1040 "-" "-"
92.205.134.242 - - [23/Feb/2026:02:47:16 +0000] "GET /wp-content/uploads/2023/12/bx-user-check.svg HTTP/1.1" 200 2357 "-" "-"
172.187.168.139 - - [23/Feb/2026:02:47:56 +0000] "POST /wp-cron.php?doing_wp_cron=1771814876.8138849735260009765625 HTTP/1.1" 200 31 "-" "WordPress/6.9; https://dreamsrent-wp.dreamstechnologies.com"
123.17.3.34 - - [23/Feb/2026:02:47:56 +0000] "GET /?p=3908 HTTP/1.1" 301 5 "-" "Mozilla/5.0 (Macintosh; Intel Mac OS X 10_13_3) AppleWebKit/537.36 (KHTML, like Gecko) Chrome/67.0.3396.2 Safari/537.36"
123.17.3.34 - - [23/Feb/2026:02:47:58 +0000] "GET /acura-sport-version/ HTTP/1.1" 200 19713 "-" "Mozilla/5.0 (Macintosh; Intel Mac OS X 10_13_3) AppleWebKit/537.36 (KHTML, like Gecko) Chrome/67.0.3396.2 Safari/537.36"
76.137.37.87 - - [23/Feb/2026:02:48:35 +0000] "GET /wp-content/uploads/2023/12/services-icon-02.svg HTTP/1.1" 200 8688 "https://hellocarrentals.net/" "Mozilla/5.0 (iPhone; CPU iPhone OS 26_2_1 like Mac OS X) AppleWebKit/605.1.15 (KHTML, like Gecko) Mobile/23C71 Safari/604.1 [FBAN/FBIOS;FBAV/548.0.0.36.68;FBBV/880335931;FBDV/iPhone14,5;FBMD/iPhone;FBSN/iOS;FBSV/26.2.1;FBSS/3;FBID/phone;FBLC/en_US;FBOP/5;FBRV/889860814;IABMV/1]"
76.137.37.87 - - [23/Feb/2026:02:48:35 +0000] "GET /wp-content/uploads/2023/12/services-icon-01.svg HTTP/1.1" 200 6805 "https://hellocarrentals.net/" "Mozilla/5.0 (iPhone; CPU iPhone OS 26_2_1 like Mac OS X) AppleWebKit/605.1.15 (KHTML, like Gecko) Mobile/23C71 Safari/604.1 [FBAN/FBIOS;FBAV/548.0.0.36.68;FBBV/880335931;FBDV/iPhone14,5;FBMD/iPhone;FBSN/iOS;FBSV/26.2.1;FBSS/3;FBID/phone;FBLC/en_US;FBOP/5;FBRV/889860814;IABMV/1]"
76.137.37.87 - - [23/Feb/2026:02:48:36 +0000] "GET /wp-content/uploads/2023/12/services-icon-03.svg HTTP/1.1" 200 10006 "https://hellocarrentals.net/" "Mozilla/5.0 (iPhone; CPU iPhone OS 26_2_1 like Mac OS X) AppleWebKit/605.1.15 (KHTML, like Gecko) Mobile/23C71 Safari/604.1 [FBAN/FBIOS;FBAV/548.0.0.36.68;FBBV/880335931;FBDV/iPhone14,5;FBMD/iPhone;FBSN/iOS;FBSV/26.2.1;FBSS/3;FBID/phone;FBLC/en_US;FBOP/5;FBRV/889860814;IABMV/1]"
76.137.37.87 - - [23/Feb/2026:02:48:43 +0000] "GET /wp-content/uploads/2023/12/bx-selection.svg HTTP/1.1" 200 2138 "https://hellocarrentals.net/" "Mozilla/5.0 (iPhone; CPU iPhone OS 26_2_1 like Mac OS X) AppleWebKit/605.1.15 (KHTML, like Gecko) Mobile/23C71 Safari/604.1 [FBAN/FBIOS;FBAV/548.0.0.36.68;FBBV/880335931;FBDV/iPhone14,5;FBMD/iPhone;FBSN/iOS;FBSV/26.2.1;FBSS/3;FBID/phone;FBLC/en_US;FBOP/5;FBRV/889860814;IABMV/1]"
95.154.200.61 - - [23/Feb/2026:02:48:46 +0000] "GET /wp-content/themes/dreamsrent/assets/images/breadcrumb.png HTTP/1.1" 200 11763 "https://fivedriverentacar.me/" "Mozilla/5.0 (Macintosh; Intel Mac OS X 10_15_7) AppleWebKit/537.36 (KHTML, like Gecko, Foregenix) Chrome/144.0.0.0 Safari/537.36"
76.137.37.87 - - [23/Feb/2026:02:49:24 +0000] "GET /wp-content/uploads/2023/12/bx-crown.svg HTTP/1.1" 200 1040 "https://hellocarrentals.net/" "Mozilla/5.0 (iPhone; CPU iPhone OS 26_2_1 like Mac OS X) AppleWebKit/605.1.15 (KHTML, like Gecko) Mobile/23C71 Safari/604.1 [FBAN/FBIOS;FBAV/548.0.0.36.68;FBBV/880335931;FBDV/iPhone14,5;FBMD/iPhone;FBSN/iOS;FBSV/26.2.1;FBSS/3;FBID/phone;FBLC/en_US;FBOP/5;FBRV/889860814;IABMV/1]"
76.137.37.87 - - [23/Feb/2026:02:49:26 +0000] "GET /wp-content/uploads/2023/12/bx-user-check.svg HTTP/1.1" 200 2357 "https://hellocarrentals.net/" "Mozilla/5.0 (iPhone; CPU iPhone OS 26_2_1 like Mac OS X) AppleWebKit/605.1.15 (KHTML, like Gecko) Mobile/23C71 Safari/604.1 [FBAN/FBIOS;FBAV/548.0.0.36.68;FBBV/880335931;FBDV/iPhone14,5;FBMD/iPhone;FBSN/iOS;FBSV/26.2.1;FBSS/3;FBID/phone;FBLC/en_US;FBOP/5;FBRV/889860814;IABMV/1]"
34.214.212.42 - - [23/Feb/2026:02:50:48 +0000] "GET /wp-content/uploads/2023/12/services-icon-01.svg HTTP/1.1" 200 6805 "https://rkfleets.com.au/" "Mozilla/5.0 (Windows NT 10.0; Win64; x64; rv:109.0) Gecko/20100101 Firefox/110.0"
34.214.212.42 - - [23/Feb/2026:02:50:48 +0000] "GET /wp-content/uploads/2023/12/services-icon-02.svg HTTP/1.1" 200 8688 "https://rkfleets.com.au/" "Mozilla/5.0 (Windows NT 10.0; Win64; x64; rv:109.0) Gecko/20100101 Firefox/110.0"
34.214.212.42 - - [23/Feb/2026:02:50:48 +0000] "GET /wp-content/uploads/2023/12/services-icon-03.svg HTTP/1.1" 200 10006 "https://rkfleets.com.au/" "Mozilla/5.0 (Windows NT 10.0; Win64; x64; rv:109.0) Gecko/20100101 Firefox/110.0"
34.214.212.42 - - [23/Feb/2026:02:50:48 +0000] "GET /wp-content/uploads/2023/12/bx-car.svg HTTP/1.1" 200 1844 "https://rkfleets.com.au/" "Mozilla/5.0 (Windows NT 10.0; Win64; x64; rv:109.0) Gecko/20100101 Firefox/110.0"
34.214.212.42 - - [23/Feb/2026:02:50:48 +0000] "GET /wp-content/uploads/2023/12/bx-heart.svg HTTP/1.1" 200 1182 "https://rkfleets.com.au/" "Mozilla/5.0 (Windows NT 10.0; Win64; x64; rv:109.0) Gecko/20100101 Firefox/110.0"
34.214.212.42 - - [23/Feb/2026:02:50:48 +0000] "GET /wp-content/uploads/2023/12/bx-selection.svg HTTP/1.1" 200 2138 "https://rkfleets.com.au/" "Mozilla/5.0 (Windows NT 10.0; Win64; x64; rv:109.0) Gecko/20100101 Firefox/110.0"
34.214.212.42 - - [23/Feb/2026:02:50:48 +0000] "GET /wp-content/uploads/2023/12/bx-crown.svg HTTP/1.1" 200 1040 "https://rkfleets.com.au/" "Mozilla/5.0 (Windows NT 10.0; Win64; x64; rv:109.0) Gecko/20100101 Firefox/110.0"
34.214.212.42 - - [23/Feb/2026:02:50:49 +0000] "GET /wp-content/uploads/2023/12/bx-user-check.svg HTTP/1.1" 200 2357 "https://rkfleets.com.au/" "Mozilla/5.0 (Windows NT 10.0; Win64; x64; rv:109.0) Gecko/20100101 Firefox/110.0"
172.187.168.139 - - [23/Feb/2026:02:51:22 +0000] "POST /wp-cron.php?doing_wp_cron=1771815082.5230278968811035156250 HTTP/1.1" 200 31 "-" "WordPress/6.9; https://dreamsrent-wp.dreamstechnologies.com"
50.17.185.102 - - [23/Feb/2026:02:51:22 +0000] "GET / HTTP/1.1" 200 30857 "-" "FreshpingBot/1.0 (+https://freshping.io/)"
57.128.165.199 - - [23/Feb/2026:02:51:25 +0000] "GET /wp-content/uploads/2023/12/services-icon-02.svg HTTP/1.1" 200 8688 "https://www.fethiyeprestijrentacar.com/" "Mozilla/5.0 (Linux; Android 10; K) AppleWebKit/537.36 (KHTML, like Gecko) Chrome/131.0.0.0 Mobile Safari/537.36"
57.128.165.199 - - [23/Feb/2026:02:51:25 +0000] "GET /wp-content/uploads/2023/12/services-icon-01.svg HTTP/1.1" 200 6805 "https://www.fethiyeprestijrentacar.com/" "Mozilla/5.0 (Linux; Android 10; K) AppleWebKit/537.36 (KHTML, like Gecko) Chrome/131.0.0.0 Mobile Safari/537.36"
57.128.165.199 - - [23/Feb/2026:02:51:25 +0000] "GET /wp-content/uploads/2023/12/services-icon-03.svg HTTP/1.1" 200 10006 "https://www.fethiyeprestijrentacar.com/" "Mozilla/5.0 (Linux; Android 10; K) AppleWebKit/537.36 (KHTML, like Gecko) Chrome/131.0.0.0 Mobile Safari/537.36"
57.128.165.199 - - [23/Feb/2026:02:51:27 +0000] "GET /wp-content/uploads/2023/12/bx-car.svg HTTP/1.1" 200 1844 "https://www.fethiyeprestijrentacar.com/" "Mozilla/5.0 (Linux; Android 10; K) AppleWebKit/537.36 (KHTML, like Gecko) Chrome/131.0.0.0 Mobile Safari/537.36"
57.128.165.199 - - [23/Feb/2026:02:51:27 +0000] "GET /wp-content/uploads/2023/12/bx-headphone.svg HTTP/1.1" 200 902 "https://www.fethiyeprestijrentacar.com/" "Mozilla/5.0 (Linux; Android 10; K) AppleWebKit/537.36 (KHTML, like Gecko) Chrome/131.0.0.0 Mobile Safari/537.36"
57.128.165.199 - - [23/Feb/2026:02:51:27 +0000] "GET /wp-content/uploads/2023/12/bx-heart.svg HTTP/1.1" 200 1182 "https://www.fethiyeprestijrentacar.com/" "Mozilla/5.0 (Linux; Android 10; K) AppleWebKit/537.36 (KHTML, like Gecko) Chrome/131.0.0.0 Mobile Safari/537.36"
57.128.165.199 - - [23/Feb/2026:02:51:27 +0000] "GET /wp-content/uploads/2023/12/bx-history.svg HTTP/1.1" 200 1489 "https://www.fethiyeprestijrentacar.com/" "Mozilla/5.0 (Linux; Android 10; K) AppleWebKit/537.36 (KHTML, like Gecko) Chrome/131.0.0.0 Mobile Safari/537.36"
57.128.165.199 - - [23/Feb/2026:02:51:27 +0000] "GET /wp-content/uploads/2023/12/bx-selection.svg HTTP/1.1" 200 2138 "https://www.fethiyeprestijrentacar.com/" "Mozilla/5.0 (Linux; Android 10; K) AppleWebKit/537.36 (KHTML, like Gecko) Chrome/131.0.0.0 Mobile Safari/537.36"
57.128.165.199 - - [23/Feb/2026:02:51:27 +0000] "GET /wp-content/uploads/2023/12/bx-crown.svg HTTP/1.1" 200 1040 "https://www.fethiyeprestijrentacar.com/" "Mozilla/5.0 (Linux; Android 10; K) AppleWebKit/537.36 (KHTML, like Gecko) Chrome/131.0.0.0 Mobile Safari/537.36"
57.128.165.199 - - [23/Feb/2026:02:51:27 +0000] "GET /wp-content/uploads/2023/12/bx-user-check.svg HTTP/1.1" 200 2357 "https://www.fethiyeprestijrentacar.com/" "Mozilla/5.0 (Linux; Android 10; K) AppleWebKit/537.36 (KHTML, like Gecko) Chrome/131.0.0.0 Mobile Safari/537.36"
57.128.165.199 - - [23/Feb/2026:02:51:27 +0000] "GET /wp-content/uploads/2023/12/play-store.svg HTTP/1.1" 200 7019 "https://www.fethiyeprestijrentacar.com/" "Mozilla/5.0 (Linux; Android 10; K) AppleWebKit/537.36 (KHTML, like Gecko) Chrome/131.0.0.0 Mobile Safari/537.36"
57.128.165.199 - - [23/Feb/2026:02:51:27 +0000] "GET /wp-content/uploads/2023/12/apple.svg HTTP/1.1" 200 7355 "https://www.fethiyeprestijrentacar.com/" "Mozilla/5.0 (Linux; Android 10; K) AppleWebKit/537.36 (KHTML, like Gecko) Chrome/131.0.0.0 Mobile Safari/537.36"
57.128.165.199 - - [23/Feb/2026:02:51:27 +0000] "GET /wp-content/uploads/2023/12/app-car.png HTTP/1.1" 200 41121 "https://www.fethiyeprestijrentacar.com/" "Mozilla/5.0 (Linux; Android 10; K) AppleWebKit/537.36 (KHTML, like Gecko) Chrome/131.0.0.0 Mobile Safari/537.36"
172.187.168.139 - - [23/Feb/2026:02:56:08 +0000] "POST /wp-cron.php?doing_wp_cron=1771815368.1675179004669189453125 HTTP/1.1" 200 31 "-" "WordPress/6.9; https://dreamsrent-wp.dreamstechnologies.com"
35.173.69.86 - - [23/Feb/2026:02:56:08 +0000] "GET / HTTP/1.1" 200 30857 "-" "FreshpingBot/1.0 (+https://freshping.io/)"
113.185.81.124 - - [23/Feb/2026:02:58:26 +0000] "GET /wp-content/themes/dreamsrent/assets/images/breadcrumb.png HTTP/1.1" 200 11763 "https://karplus.vn/" "Mozilla/5.0 (iPhone; CPU iPhone OS 26_2_1 like Mac OS X) AppleWebKit/605.1.15 (KHTML, like Gecko) Mobile/23C71 Safari/604.1 [FBAN/FBIOS;FBAV/545.0.0.28.64;FBBV/865364471;FBDV/iPhone16,2;FBMD/iPhone;FBSN/iOS;FBSV/26.2.1;FBSS/3;FBID/phone;FBLC/en_US;FBOP/5;FBRV/872530649;IABMV/1]"
152.59.32.71 - - [23/Feb/2026:03:00:08 +0000] "GET /wp-content/uploads/2023/12/services-icon-02.svg HTTP/1.1" 200 8688 "https://srmcarrentals.com/" "Mozilla/5.0 (iPhone; CPU iPhone OS 18_7 like Mac OS X) AppleWebKit/605.1.15 (KHTML, like Gecko) Version/26.3 Mobile/15E148 Safari/604.1"
152.59.32.71 - - [23/Feb/2026:03:00:08 +0000] "GET /wp-content/uploads/2023/12/bx-headphone.svg HTTP/1.1" 200 902 "https://srmcarrentals.com/" "Mozilla/5.0 (iPhone; CPU iPhone OS 18_7 like Mac OS X) AppleWebKit/605.1.15 (KHTML, like Gecko) Version/26.3 Mobile/15E148 Safari/604.1"
152.59.32.71 - - [23/Feb/2026:03:00:08 +0000] "GET /wp-content/uploads/2023/12/bx-heart.svg HTTP/1.1" 200 1182 "https://srmcarrentals.com/" "Mozilla/5.0 (iPhone; CPU iPhone OS 18_7 like Mac OS X) AppleWebKit/605.1.15 (KHTML, like Gecko) Version/26.3 Mobile/15E148 Safari/604.1"
152.59.32.71 - - [23/Feb/2026:03:00:08 +0000] "GET /wp-content/uploads/2023/12/bx-car.svg HTTP/1.1" 200 1844 "https://srmcarrentals.com/" "Mozilla/5.0 (iPhone; CPU iPhone OS 18_7 like Mac OS X) AppleWebKit/605.1.15 (KHTML, like Gecko) Version/26.3 Mobile/15E148 Safari/604.1"
152.59.32.71 - - [23/Feb/2026:03:00:09 +0000] "GET /wp-content/uploads/2023/12/bx-selection.svg HTTP/1.1" 200 2138 "https://srmcarrentals.com/" "Mozilla/5.0 (iPhone; CPU iPhone OS 18_7 like Mac OS X) AppleWebKit/605.1.15 (KHTML, like Gecko) Version/26.3 Mobile/15E148 Safari/604.1"
152.59.32.71 - - [23/Feb/2026:03:00:09 +0000] "GET /wp-content/uploads/2023/12/bx-history.svg HTTP/1.1" 200 1489 "https://srmcarrentals.com/" "Mozilla/5.0 (iPhone; CPU iPhone OS 18_7 like Mac OS X) AppleWebKit/605.1.15 (KHTML, like Gecko) Version/26.3 Mobile/15E148 Safari/604.1"
152.59.32.71 - - [23/Feb/2026:03:00:09 +0000] "GET /wp-content/uploads/2023/12/bx-crown.svg HTTP/1.1" 200 1040 "https://srmcarrentals.com/" "Mozilla/5.0 (iPhone; CPU iPhone OS 18_7 like Mac OS X) AppleWebKit/605.1.15 (KHTML, like Gecko) Version/26.3 Mobile/15E148 Safari/604.1"
152.59.32.71 - - [23/Feb/2026:03:00:09 +0000] "GET /wp-content/uploads/2023/12/bx-user-check.svg HTTP/1.1" 200 2357 "https://srmcarrentals.com/" "Mozilla/5.0 (iPhone; CPU iPhone OS 18_7 like Mac OS X) AppleWebKit/605.1.15 (KHTML, like Gecko) Version/26.3 Mobile/15E148 Safari/604.1"
152.59.32.71 - - [23/Feb/2026:03:00:09 +0000] "GET /wp-content/uploads/2023/12/play-store.svg HTTP/1.1" 200 7019 "https://srmcarrentals.com/" "Mozilla/5.0 (iPhone; CPU iPhone OS 18_7 like Mac OS X) AppleWebKit/605.1.15 (KHTML, like Gecko) Version/26.3 Mobile/15E148 Safari/604.1"
152.59.32.71 - - [23/Feb/2026:03:00:09 +0000] "GET /wp-content/uploads/2023/12/apple.svg HTTP/1.1" 200 7355 "https://srmcarrentals.com/" "Mozilla/5.0 (iPhone; CPU iPhone OS 18_7 like Mac OS X) AppleWebKit/605.1.15 (KHTML, like Gecko) Version/26.3 Mobile/15E148 Safari/604.1"
152.59.32.71 - - [23/Feb/2026:03:00:09 +0000] "GET /wp-content/uploads/2023/12/app-car.png HTTP/1.1" 200 41121 "https://srmcarrentals.com/" "Mozilla/5.0 (iPhone; CPU iPhone OS 18_7 like Mac OS X) AppleWebKit/605.1.15 (KHTML, like Gecko) Version/26.3 Mobile/15E148 Safari/604.1"
172.187.168.139 - - [23/Feb/2026:03:01:22 +0000] "POST /wp-cron.php?doing_wp_cron=1771815682.6657319068908691406250 HTTP/1.1" 200 31 "-" "WordPress/6.9; https://dreamsrent-wp.dreamstechnologies.com"
50.17.185.102 - - [23/Feb/2026:03:01:22 +0000] "GET / HTTP/1.1" 200 30857 "-" "FreshpingBot/1.0 (+https://freshping.io/)"
116.102.186.110 - - [23/Feb/2026:03:02:29 +0000] "GET /wp-content/themes/dreamsrent/assets/images/breadcrumb.png HTTP/1.1" 200 11763 "https://karplus.vn/" "Mozilla/5.0 (Windows NT 10.0; Win64; x64) AppleWebKit/537.36 (KHTML, like Gecko) Chrome/144.0.0.0 Safari/537.36 Edg/144.0.0.0"
172.187.168.139 - - [23/Feb/2026:03:03:01 +0000] "POST /wp-cron.php?doing_wp_cron=1771815781.6535398960113525390625 HTTP/1.1" 200 31 "-" "WordPress/6.9; https://dreamsrent-wp.dreamstechnologies.com"
57.141.0.48 - - [23/Feb/2026:03:03:01 +0000] "GET /brand-sitemap.xml HTTP/1.1" 200 784 "-" "meta-externalagent/1.1 (+https://developers.facebook.com/docs/sharing/webmasters/crawler)"
172.187.168.139 - - [23/Feb/2026:03:03:57 +0000] "POST /wp-cron.php?doing_wp_cron=1771815837.3166530132293701171875 HTTP/1.1" 200 31 "-" "WordPress/6.9; https://dreamsrent-wp.dreamstechnologies.com"
45.61.185.137 - - [23/Feb/2026:03:03:57 +0000] "GET /wp-login.php HTTP/1.1" 200 7228 "-" "Mozilla/5.0 (Windows NT 6.1; WOW64; rv:24.0) Gecko/20100101 Firefox/24.0"
45.61.185.137 - - [23/Feb/2026:03:04:02 +0000] "POST /wp-login.php HTTP/1.1" 200 7611 "-" "Mozilla/5.0 (Windows NT 6.1; WOW64; rv:24.0) Gecko/20100101 Firefox/24.0"
171.244.211.52 - - [23/Feb/2026:03:04:18 +0000] "GET /wp-content/themes/dreamsrent/assets/images/breadcrumb.png HTTP/1.1" 200 11763 "https://karplus.vn/" "Mozilla/5.0 (iPhone; CPU iPhone OS 26_3 like Mac OS X) AppleWebKit/605.1.15 (KHTML, like Gecko) Mobile/23D127 Safari/604.1 [FBAN/FBIOS;FBAV/548.0.0.36.68;FBBV/880335931;FBDV/iPhone17,2;FBMD/iPhone;FBSN/iOS;FBSV/26.3;FBSS/3;FBID/phone;FBLC/vi_VN;FBOP/5;FBRV/889860814;IABMV/1]"
171.244.211.52 - - [23/Feb/2026:03:04:32 +0000] "GET /wp-content/uploads/2023/12/bx-car.svg HTTP/1.1" 200 1844 "https://karplus.vn/" "Mozilla/5.0 (iPhone; CPU iPhone OS 26_3 like Mac OS X) AppleWebKit/605.1.15 (KHTML, like Gecko) Mobile/23D127 Safari/604.1 [FBAN/FBIOS;FBAV/548.0.0.36.68;FBBV/880335931;FBDV/iPhone17,2;FBMD/iPhone;FBSN/iOS;FBSV/26.3;FBSS/3;FBID/phone;FBLC/vi_VN;FBOP/5;FBRV/889860814;IABMV/1]"
171.244.211.52 - - [23/Feb/2026:03:04:33 +0000] "GET /wp-content/uploads/2023/12/bx-heart.svg HTTP/1.1" 200 1182 "https://karplus.vn/" "Mozilla/5.0 (iPhone; CPU iPhone OS 26_3 like Mac OS X) AppleWebKit/605.1.15 (KHTML, like Gecko) Mobile/23D127 Safari/604.1 [FBAN/FBIOS;FBAV/548.0.0.36.68;FBBV/880335931;FBDV/iPhone17,2;FBMD/iPhone;FBSN/iOS;FBSV/26.3;FBSS/3;FBID/phone;FBLC/vi_VN;FBOP/5;FBRV/889860814;IABMV/1]"
171.244.211.52 - - [23/Feb/2026:03:04:33 +0000] "GET /wp-content/uploads/2023/12/bx-headphone.svg HTTP/1.1" 200 902 "https://karplus.vn/" "Mozilla/5.0 (iPhone; CPU iPhone OS 26_3 like Mac OS X) AppleWebKit/605.1.15 (KHTML, like Gecko) Mobile/23D127 Safari/604.1 [FBAN/FBIOS;FBAV/548.0.0.36.68;FBBV/880335931;FBDV/iPhone17,2;FBMD/iPhone;FBSN/iOS;FBSV/26.3;FBSS/3;FBID/phone;FBLC/vi_VN;FBOP/5;FBRV/889860814;IABMV/1]"
172.187.168.139 - - [23/Feb/2026:03:06:32 +0000] "POST /wp-cron.php?doing_wp_cron=1771815992.7182419300079345703125 HTTP/1.1" 200 31 "-" "WordPress/6.9; https://dreamsrent-wp.dreamstechnologies.com"
35.173.69.86 - - [23/Feb/2026:03:06:32 +0000] "GET / HTTP/1.1" 200 30857 "-" "FreshpingBot/1.0 (+https://freshping.io/)"
172.187.168.139 - - [23/Feb/2026:03:08:23 +0000] "POST /wp-cron.php?doing_wp_cron=1771816103.1582119464874267578125 HTTP/1.1" 200 31 "-" "WordPress/6.9; https://dreamsrent-wp.dreamstechnologies.com"
110.249.201.138 - - [23/Feb/2026:03:08:23 +0000] "GET /robots.txt HTTP/1.1" 200 554 "-" "Mozilla/5.0 (Linux; Android 5.0) AppleWebKit/537.36 (KHTML, like Gecko) Mobile Safari/537.36 (compatible; Bytespider; https://zhanzhang.toutiao.com/)"
172.187.168.139 - - [23/Feb/2026:03:11:13 +0000] "POST /wp-cron.php?doing_wp_cron=1771816273.0657260417938232421875 HTTP/1.1" 200 31 "-" "WordPress/6.9; https://dreamsrent-wp.dreamstechnologies.com"
35.173.69.86 - - [23/Feb/2026:03:11:13 +0000] "GET / HTTP/1.1" 200 30857 "-" "FreshpingBot/1.0 (+https://freshping.io/)"
190.88.97.51 - - [23/Feb/2026:03:11:17 +0000] "GET /wp-content/uploads/2023/12/bx-user-check.svg HTTP/1.1" 200 2357 "https://www.master.cw/" "Mozilla/5.0 (Linux; Android 15; moto g15 Build/VVTA35.51-137-10; wv) AppleWebKit/537.36 (KHTML, like Gecko) Version/4.0 Chrome/145.0.7632.52 Mobile Safari/537.36 [FB_IAB/FB4A;FBAV/548.1.0.51.64;IABMV/1;]"
190.88.97.51 - - [23/Feb/2026:03:11:17 +0000] "GET /wp-content/uploads/2023/12/services-icon-01.svg HTTP/1.1" 200 6805 "https://www.master.cw/" "Mozilla/5.0 (Linux; Android 15; moto g15 Build/VVTA35.51-137-10; wv) AppleWebKit/537.36 (KHTML, like Gecko) Version/4.0 Chrome/145.0.7632.52 Mobile Safari/537.36 [FB_IAB/FB4A;FBAV/548.1.0.51.64;IABMV/1;]"
190.88.97.51 - - [23/Feb/2026:03:11:17 +0000] "GET /wp-content/uploads/2023/12/services-icon-03.svg HTTP/1.1" 200 10006 "https://www.master.cw/" "Mozilla/5.0 (Linux; Android 15; moto g15 Build/VVTA35.51-137-10; wv) AppleWebKit/537.36 (KHTML, like Gecko) Version/4.0 Chrome/145.0.7632.52 Mobile Safari/537.36 [FB_IAB/FB4A;FBAV/548.1.0.51.64;IABMV/1;]"
190.88.97.51 - - [23/Feb/2026:03:11:17 +0000] "GET /wp-content/uploads/2023/12/play-store.svg HTTP/1.1" 200 7019 "https://www.master.cw/" "Mozilla/5.0 (Linux; Android 15; moto g15 Build/VVTA35.51-137-10; wv) AppleWebKit/537.36 (KHTML, like Gecko) Version/4.0 Chrome/145.0.7632.52 Mobile Safari/537.36 [FB_IAB/FB4A;FBAV/548.1.0.51.64;IABMV/1;]"
190.88.97.51 - - [23/Feb/2026:03:11:17 +0000] "GET /wp-content/uploads/2023/12/apple.svg HTTP/1.1" 200 7355 "https://www.master.cw/" "Mozilla/5.0 (Linux; Android 15; moto g15 Build/VVTA35.51-137-10; wv) AppleWebKit/537.36 (KHTML, like Gecko) Version/4.0 Chrome/145.0.7632.52 Mobile Safari/537.36 [FB_IAB/FB4A;FBAV/548.1.0.51.64;IABMV/1;]"
196.221.119.188 - - [23/Feb/2026:03:12:24 +0000] "GET /wp-content/uploads/2023/12/bx-heart.svg HTTP/1.1" 200 1182 "https://www.fethiyeprestijrentacar.com/" "Mozilla/5.0 (Windows NT 10.0; Win64; x64) AppleWebKit/537.36 (KHTML, like Gecko) Chrome/128.0.0.0 Safari/537.36 OPR/114.0.0.0"
196.221.119.188 - - [23/Feb/2026:03:12:24 +0000] "GET /wp-content/uploads/2023/12/services-icon-01.svg HTTP/1.1" 200 6805 "https://www.fethiyeprestijrentacar.com/" "Mozilla/5.0 (Windows NT 10.0; Win64; x64) AppleWebKit/537.36 (KHTML, like Gecko) Chrome/128.0.0.0 Safari/537.36 OPR/114.0.0.0"
196.221.119.188 - - [23/Feb/2026:03:12:24 +0000] "GET /wp-content/uploads/2023/12/services-icon-02.svg HTTP/1.1" 200 8688 "https://www.fethiyeprestijrentacar.com/" "Mozilla/5.0 (Windows NT 10.0; Win64; x64) AppleWebKit/537.36 (KHTML, like Gecko) Chrome/128.0.0.0 Safari/537.36 OPR/114.0.0.0"
196.221.119.188 - - [23/Feb/2026:03:12:24 +0000] "GET /wp-content/uploads/2023/12/bx-headphone.svg HTTP/1.1" 200 902 "https://www.fethiyeprestijrentacar.com/" "Mozilla/5.0 (Windows NT 10.0; Win64; x64) AppleWebKit/537.36 (KHTML, like Gecko) Chrome/128.0.0.0 Safari/537.36 OPR/114.0.0.0"
196.221.119.188 - - [23/Feb/2026:03:12:24 +0000] "GET /wp-content/uploads/2023/12/services-icon-03.svg HTTP/1.1" 200 10006 "https://www.fethiyeprestijrentacar.com/" "Mozilla/5.0 (Windows NT 10.0; Win64; x64) AppleWebKit/537.36 (KHTML, like Gecko) Chrome/128.0.0.0 Safari/537.36 OPR/114.0.0.0"
196.221.119.188 - - [23/Feb/2026:03:12:24 +0000] "GET /wp-content/uploads/2023/12/bx-history.svg HTTP/1.1" 200 1489 "https://www.fethiyeprestijrentacar.com/" "Mozilla/5.0 (Windows NT 10.0; Win64; x64) AppleWebKit/537.36 (KHTML, like Gecko) Chrome/128.0.0.0 Safari/537.36 OPR/114.0.0.0"
196.221.119.188 - - [23/Feb/2026:03:12:24 +0000] "GET /wp-content/uploads/2023/12/apple.svg HTTP/1.1" 200 7355 "https://www.fethiyeprestijrentacar.com/" "Mozilla/5.0 (Windows NT 10.0; Win64; x64) AppleWebKit/537.36 (KHTML, like Gecko) Chrome/128.0.0.0 Safari/537.36 OPR/114.0.0.0"
196.221.119.188 - - [23/Feb/2026:03:12:24 +0000] "GET /wp-content/uploads/2023/12/bx-user-check.svg HTTP/1.1" 200 2357 "https://www.fethiyeprestijrentacar.com/" "Mozilla/5.0 (Windows NT 10.0; Win64; x64) AppleWebKit/537.36 (KHTML, like Gecko) Chrome/128.0.0.0 Safari/537.36 OPR/114.0.0.0"
196.221.119.188 - - [23/Feb/2026:03:12:24 +0000] "GET /wp-content/uploads/2023/12/bx-crown.svg HTTP/1.1" 200 1040 "https://www.fethiyeprestijrentacar.com/" "Mozilla/5.0 (Windows NT 10.0; Win64; x64) AppleWebKit/537.36 (KHTML, like Gecko) Chrome/128.0.0.0 Safari/537.36 OPR/114.0.0.0"
196.221.119.188 - - [23/Feb/2026:03:12:24 +0000] "GET /wp-content/uploads/2023/12/play-store.svg HTTP/1.1" 200 7019 "https://www.fethiyeprestijrentacar.com/" "Mozilla/5.0 (Windows NT 10.0; Win64; x64) AppleWebKit/537.36 (KHTML, like Gecko) Chrome/128.0.0.0 Safari/537.36 OPR/114.0.0.0"
196.221.119.188 - - [23/Feb/2026:03:12:24 +0000] "GET /wp-content/uploads/2023/12/bx-selection.svg HTTP/1.1" 200 2138 "https://www.fethiyeprestijrentacar.com/" "Mozilla/5.0 (Windows NT 10.0; Win64; x64) AppleWebKit/537.36 (KHTML, like Gecko) Chrome/128.0.0.0 Safari/537.36 OPR/114.0.0.0"
196.221.119.188 - - [23/Feb/2026:03:12:24 +0000] "GET /wp-content/uploads/2023/12/bx-car.svg HTTP/1.1" 200 1844 "https://www.fethiyeprestijrentacar.com/" "Mozilla/5.0 (Windows NT 10.0; Win64; x64) AppleWebKit/537.36 (KHTML, like Gecko) Chrome/128.0.0.0 Safari/537.36 OPR/114.0.0.0"
196.221.119.188 - - [23/Feb/2026:03:12:24 +0000] "GET /wp-content/uploads/2023/12/app-car.png HTTP/1.1" 200 41121 "https://www.fethiyeprestijrentacar.com/" "Mozilla/5.0 (Windows NT 10.0; Win64; x64) AppleWebKit/537.36 (KHTML, like Gecko) Chrome/128.0.0.0 Safari/537.36 OPR/114.0.0.0"
181.60.122.84 - - [23/Feb/2026:03:12:45 +0000] "GET /wp-content/uploads/2023/12/bx-heart.svg HTTP/1.1" 200 1182 "https://leonard-rentcars.com/" "Mozilla/5.0 (Linux; Android 14; moto g04s Build/ULAS34.89-164-2-2; wv) AppleWebKit/537.36 (KHTML, like Gecko) Version/4.0 Chrome/145.0.7632.52 Mobile Safari/537.36 [FB_IAB/FB4A;FBAV/548.1.0.51.64;IABMV/1;]"
181.60.122.84 - - [23/Feb/2026:03:12:45 +0000] "GET /wp-content/uploads/2023/12/bx-history.svg HTTP/1.1" 200 1489 "https://leonard-rentcars.com/" "Mozilla/5.0 (Linux; Android 14; moto g04s Build/ULAS34.89-164-2-2; wv) AppleWebKit/537.36 (KHTML, like Gecko) Version/4.0 Chrome/145.0.7632.52 Mobile Safari/537.36 [FB_IAB/FB4A;FBAV/548.1.0.51.64;IABMV/1;]"
196.221.119.188 - - [23/Feb/2026:03:12:58 +0000] "GET /wp-content/uploads/2024/01/contact-info.jpg HTTP/1.1" 200 27328 "https://www.fethiyeprestijrentacar.com/bize-ulasin/" "Mozilla/5.0 (Windows NT 10.0; Win64; x64) AppleWebKit/537.36 (KHTML, like Gecko) Chrome/128.0.0.0 Safari/537.36 OPR/114.0.0.0"
223.181.73.207 - - [23/Feb/2026:03:13:04 +0000] "GET /wp-content/uploads/2023/12/services-icon-01.svg HTTP/1.1" 200 6805 "https://ruthvikrentals.com/" "Mozilla/5.0 (Windows NT 10.0; Win64; x64) AppleWebKit/537.36 (KHTML, like Gecko) Chrome/145.0.0.0 Safari/537.36"
223.181.73.207 - - [23/Feb/2026:03:13:04 +0000] "GET /wp-content/uploads/2023/12/banner.jpg HTTP/1.1" 200 26277 "https://ruthvikrentals.com/" "Mozilla/5.0 (Windows NT 10.0; Win64; x64) AppleWebKit/537.36 (KHTML, like Gecko) Chrome/145.0.0.0 Safari/537.36"
223.181.73.207 - - [23/Feb/2026:03:13:04 +0000] "GET /wp-content/uploads/2023/12/services-icon-02.svg HTTP/1.1" 200 8688 "https://ruthvikrentals.com/" "Mozilla/5.0 (Windows NT 10.0; Win64; x64) AppleWebKit/537.36 (KHTML, like Gecko) Chrome/145.0.0.0 Safari/537.36"
223.181.73.207 - - [23/Feb/2026:03:13:04 +0000] "GET /wp-content/uploads/2023/12/services-icon-03.svg HTTP/1.1" 200 10006 "https://ruthvikrentals.com/" "Mozilla/5.0 (Windows NT 10.0; Win64; x64) AppleWebKit/537.36 (KHTML, like Gecko) Chrome/145.0.0.0 Safari/537.36"
223.181.73.207 - - [23/Feb/2026:03:13:04 +0000] "GET /wp-content/uploads/2023/12/bx-car.svg HTTP/1.1" 200 1844 "https://ruthvikrentals.com/" "Mozilla/5.0 (Windows NT 10.0; Win64; x64) AppleWebKit/537.36 (KHTML, like Gecko) Chrome/145.0.0.0 Safari/537.36"
223.181.73.207 - - [23/Feb/2026:03:13:04 +0000] "GET /wp-content/uploads/2023/12/bx-headphone.svg HTTP/1.1" 200 902 "https://ruthvikrentals.com/" "Mozilla/5.0 (Windows NT 10.0; Win64; x64) AppleWebKit/537.36 (KHTML, like Gecko) Chrome/145.0.0.0 Safari/537.36"
223.181.73.207 - - [23/Feb/2026:03:13:04 +0000] "GET /wp-content/uploads/2023/12/bx-heart.svg HTTP/1.1" 200 1182 "https://ruthvikrentals.com/" "Mozilla/5.0 (Windows NT 10.0; Win64; x64) AppleWebKit/537.36 (KHTML, like Gecko) Chrome/145.0.0.0 Safari/537.36"
223.181.73.207 - - [23/Feb/2026:03:13:04 +0000] "GET /wp-content/uploads/2023/12/bx-history.svg HTTP/1.1" 200 1489 "https://ruthvikrentals.com/" "Mozilla/5.0 (Windows NT 10.0; Win64; x64) AppleWebKit/537.36 (KHTML, like Gecko) Chrome/145.0.0.0 Safari/537.36"
223.181.73.207 - - [23/Feb/2026:03:13:04 +0000] "GET /wp-content/uploads/2023/12/bx-selection.svg HTTP/1.1" 200 2138 "https://ruthvikrentals.com/" "Mozilla/5.0 (Windows NT 10.0; Win64; x64) AppleWebKit/537.36 (KHTML, like Gecko) Chrome/145.0.0.0 Safari/537.36"
223.181.73.207 - - [23/Feb/2026:03:13:04 +0000] "GET /wp-content/uploads/2023/12/bx-crown.svg HTTP/1.1" 200 1040 "https://ruthvikrentals.com/" "Mozilla/5.0 (Windows NT 10.0; Win64; x64) AppleWebKit/537.36 (KHTML, like Gecko) Chrome/145.0.0.0 Safari/537.36"
223.181.73.207 - - [23/Feb/2026:03:13:04 +0000] "GET /wp-content/uploads/2023/12/bx-user-check.svg HTTP/1.1" 200 2357 "https://ruthvikrentals.com/" "Mozilla/5.0 (Windows NT 10.0; Win64; x64) AppleWebKit/537.36 (KHTML, like Gecko) Chrome/145.0.0.0 Safari/537.36"
223.181.73.207 - - [23/Feb/2026:03:13:04 +0000] "GET /wp-content/uploads/2023/12/avatar-07.jpg HTTP/1.1" 200 42462 "https://ruthvikrentals.com/" "Mozilla/5.0 (Windows NT 10.0; Win64; x64) AppleWebKit/537.36 (KHTML, like Gecko) Chrome/145.0.0.0 Safari/537.36"
223.181.73.207 - - [23/Feb/2026:03:13:05 +0000] "GET /wp-content/uploads/2023/12/play-store.svg HTTP/1.1" 200 7019 "https://ruthvikrentals.com/" "Mozilla/5.0 (Windows NT 10.0; Win64; x64) AppleWebKit/537.36 (KHTML, like Gecko) Chrome/145.0.0.0 Safari/537.36"
223.181.73.207 - - [23/Feb/2026:03:13:05 +0000] "GET /wp-content/uploads/2023/12/app-car.png HTTP/1.1" 200 41121 "https://ruthvikrentals.com/" "Mozilla/5.0 (Windows NT 10.0; Win64; x64) AppleWebKit/537.36 (KHTML, like Gecko) Chrome/145.0.0.0 Safari/537.36"
223.181.73.207 - - [23/Feb/2026:03:13:05 +0000] "GET /wp-content/uploads/2023/12/apple.svg HTTP/1.1" 200 7355 "https://ruthvikrentals.com/" "Mozilla/5.0 (Windows NT 10.0; Win64; x64) AppleWebKit/537.36 (KHTML, like Gecko) Chrome/145.0.0.0 Safari/537.36"
172.187.168.139 - - [23/Feb/2026:03:13:56 +0000] "POST /wp-cron.php?doing_wp_cron=1771816436.2492079734802246093750 HTTP/1.1" 200 31 "-" "WordPress/6.9; https://dreamsrent-wp.dreamstechnologies.com"
45.61.185.137 - - [23/Feb/2026:03:13:56 +0000] "GET /wp-login.php HTTP/1.1" 200 7228 "-" "Mozilla/5.0 (Macintosh; Intel Mac OS X 10.8; rv:31.0) Gecko/20100101 Firefox/31.0"
45.61.185.137 - - [23/Feb/2026:03:14:07 +0000] "POST /wp-login.php HTTP/1.1" 200 7596 "-" "Mozilla/5.0 (Macintosh; Intel Mac OS X 10.8; rv:31.0) Gecko/20100101 Firefox/31.0"
57.141.0.17 - - [23/Feb/2026:03:14:12 +0000] "GET /cartype-sitemap.xml HTTP/1.1" 200 1342 "-" "meta-externalagent/1.1 (+https://developers.facebook.com/docs/sharing/webmasters/crawler)"
186.2.177.62 - - [23/Feb/2026:03:15:16 +0000] "GET /wp-content/uploads/2023/12/services-icon-01.svg HTTP/1.1" 200 6805 "https://www.master.cw/" "Mozilla/5.0 (iPhone; CPU iPhone OS 18_3_2 like Mac OS X) AppleWebKit/605.1.15 (KHTML, like Gecko) Version/18.3.1 Mobile/15E148 Safari/604.1"
186.2.177.62 - - [23/Feb/2026:03:15:16 +0000] "GET /wp-content/uploads/2023/12/bx-user-check.svg HTTP/1.1" 200 2357 "https://www.master.cw/" "Mozilla/5.0 (iPhone; CPU iPhone OS 18_3_2 like Mac OS X) AppleWebKit/605.1.15 (KHTML, like Gecko) Version/18.3.1 Mobile/15E148 Safari/604.1"
186.2.177.62 - - [23/Feb/2026:03:15:16 +0000] "GET /wp-content/uploads/2023/12/play-store.svg HTTP/1.1" 200 7019 "https://www.master.cw/" "Mozilla/5.0 (iPhone; CPU iPhone OS 18_3_2 like Mac OS X) AppleWebKit/605.1.15 (KHTML, like Gecko) Version/18.3.1 Mobile/15E148 Safari/604.1"
186.2.177.62 - - [23/Feb/2026:03:15:16 +0000] "GET /wp-content/uploads/2023/12/services-icon-03.svg HTTP/1.1" 200 10006 "https://www.master.cw/" "Mozilla/5.0 (iPhone; CPU iPhone OS 18_3_2 like Mac OS X) AppleWebKit/605.1.15 (KHTML, like Gecko) Version/18.3.1 Mobile/15E148 Safari/604.1"
186.2.177.62 - - [23/Feb/2026:03:15:16 +0000] "GET /wp-content/uploads/2023/12/apple.svg HTTP/1.1" 200 7355 "https://www.master.cw/" "Mozilla/5.0 (iPhone; CPU iPhone OS 18_3_2 like Mac OS X) AppleWebKit/605.1.15 (KHTML, like Gecko) Version/18.3.1 Mobile/15E148 Safari/604.1"
130.51.23.24 - - [23/Feb/2026:03:15:31 +0000] "GET /wp-content/uploads/2023/12/services-icon-02.svg HTTP/1.1" 200 8688 "https://www.fethiyeprestijrentacar.com/" "Mozilla/5.0 (Linux; Android 10; K) AppleWebKit/537.36 (KHTML, like Gecko) Chrome/136.0.0.0 Mobile Safari/537.36"
130.51.23.24 - - [23/Feb/2026:03:15:31 +0000] "GET /wp-content/uploads/2023/12/services-icon-03.svg HTTP/1.1" 200 10006 "https://www.fethiyeprestijrentacar.com/" "Mozilla/5.0 (Linux; Android 10; K) AppleWebKit/537.36 (KHTML, like Gecko) Chrome/136.0.0.0 Mobile Safari/537.36"
130.51.23.24 - - [23/Feb/2026:03:15:31 +0000] "GET /wp-content/uploads/2023/12/services-icon-01.svg HTTP/1.1" 200 6805 "https://www.fethiyeprestijrentacar.com/" "Mozilla/5.0 (Linux; Android 10; K) AppleWebKit/537.36 (KHTML, like Gecko) Chrome/136.0.0.0 Mobile Safari/537.36"
130.51.23.24 - - [23/Feb/2026:03:15:34 +0000] "GET /wp-content/uploads/2023/12/bx-car.svg HTTP/1.1" 200 1844 "https://www.fethiyeprestijrentacar.com/" "Mozilla/5.0 (Linux; Android 10; K) AppleWebKit/537.36 (KHTML, like Gecko) Chrome/136.0.0.0 Mobile Safari/537.36"
45.78.91.246 - - [23/Feb/2026:03:15:34 +0000] "GET /wp-content/themes/dreamsrent/assets/images/car-parts-03.svg HTTP/1.1" 200 2496 "-" "Mozilla/5.0 (compatible; crawler)"
130.51.23.24 - - [23/Feb/2026:03:15:34 +0000] "GET /wp-content/uploads/2023/12/bx-headphone.svg HTTP/1.1" 200 902 "https://www.fethiyeprestijrentacar.com/" "Mozilla/5.0 (Linux; Android 10; K) AppleWebKit/537.36 (KHTML, like Gecko) Chrome/136.0.0.0 Mobile Safari/537.36"
130.51.23.24 - - [23/Feb/2026:03:15:34 +0000] "GET /wp-content/uploads/2023/12/bx-heart.svg HTTP/1.1" 200 1182 "https://www.fethiyeprestijrentacar.com/" "Mozilla/5.0 (Linux; Android 10; K) AppleWebKit/537.36 (KHTML, like Gecko) Chrome/136.0.0.0 Mobile Safari/537.36"
130.51.23.24 - - [23/Feb/2026:03:15:34 +0000] "GET /wp-content/uploads/2023/12/bx-history.svg HTTP/1.1" 200 1489 "https://www.fethiyeprestijrentacar.com/" "Mozilla/5.0 (Linux; Android 10; K) AppleWebKit/537.36 (KHTML, like Gecko) Chrome/136.0.0.0 Mobile Safari/537.36"
130.51.23.24 - - [23/Feb/2026:03:15:34 +0000] "GET /wp-content/uploads/2023/12/bx-selection.svg HTTP/1.1" 200 2138 "https://www.fethiyeprestijrentacar.com/" "Mozilla/5.0 (Linux; Android 10; K) AppleWebKit/537.36 (KHTML, like Gecko) Chrome/136.0.0.0 Mobile Safari/537.36"
130.51.23.24 - - [23/Feb/2026:03:15:34 +0000] "GET /wp-content/uploads/2023/12/bx-crown.svg HTTP/1.1" 200 1040 "https://www.fethiyeprestijrentacar.com/" "Mozilla/5.0 (Linux; Android 10; K) AppleWebKit/537.36 (KHTML, like Gecko) Chrome/136.0.0.0 Mobile Safari/537.36"
130.51.23.24 - - [23/Feb/2026:03:15:34 +0000] "GET /wp-content/uploads/2023/12/bx-user-check.svg HTTP/1.1" 200 2357 "https://www.fethiyeprestijrentacar.com/" "Mozilla/5.0 (Linux; Android 10; K) AppleWebKit/537.36 (KHTML, like Gecko) Chrome/136.0.0.0 Mobile Safari/537.36"
130.51.23.24 - - [23/Feb/2026:03:15:35 +0000] "GET /wp-content/uploads/2023/12/play-store.svg HTTP/1.1" 200 7019 "https://www.fethiyeprestijrentacar.com/" "Mozilla/5.0 (Linux; Android 10; K) AppleWebKit/537.36 (KHTML, like Gecko) Chrome/136.0.0.0 Mobile Safari/537.36"
130.51.23.24 - - [23/Feb/2026:03:15:35 +0000] "GET /wp-content/uploads/2023/12/apple.svg HTTP/1.1" 200 7355 "https://www.fethiyeprestijrentacar.com/" "Mozilla/5.0 (Linux; Android 10; K) AppleWebKit/537.36 (KHTML, like Gecko) Chrome/136.0.0.0 Mobile Safari/537.36"
130.51.23.24 - - [23/Feb/2026:03:15:35 +0000] "GET /wp-content/uploads/2023/12/app-car.png HTTP/1.1" 200 41121 "https://www.fethiyeprestijrentacar.com/" "Mozilla/5.0 (Linux; Android 10; K) AppleWebKit/537.36 (KHTML, like Gecko) Chrome/136.0.0.0 Mobile Safari/537.36"
130.51.23.24 - - [23/Feb/2026:03:15:57 +0000] "GET /wp-content/uploads/2024/01/contact-info.jpg HTTP/1.1" 200 27328 "https://www.fethiyeprestijrentacar.com/bize-ulasin/" "Mozilla/5.0 (Linux; Android 10; K) AppleWebKit/537.36 (KHTML, like Gecko) Chrome/136.0.0.0 Mobile Safari/537.36"
14.169.153.91 - - [23/Feb/2026:03:16:08 +0000] "GET /wp-content/themes/dreamsrent/assets/images/breadcrumb.png HTTP/1.1" 200 11763 "https://karplus.vn/" "Mozilla/5.0 (iPhone; CPU iPhone OS 26_2_1 like Mac OS X) AppleWebKit/605.1.15 (KHTML, like Gecko) Mobile/23C71 Safari/604.1 [FBAN/FBIOS;FBAV/548.0.0.36.68;FBBV/880335931;FBDV/iPhone16,2;FBMD/iPhone;FBSN/iOS;FBSV/26.2.1;FBSS/3;FBID/phone;FBLC/vi_VN;FBOP/5;FBRV/889766401;IABMV/1]"
172.187.168.139 - - [23/Feb/2026:03:16:13 +0000] "POST /wp-cron.php?doing_wp_cron=1771816573.1168100833892822265625 HTTP/1.1" 200 31 "-" "WordPress/6.9; https://dreamsrent-wp.dreamstechnologies.com"
50.17.185.102 - - [23/Feb/2026:03:16:13 +0000] "GET / HTTP/1.1" 200 30857 "-" "FreshpingBot/1.0 (+https://freshping.io/)"
14.169.153.91 - - [23/Feb/2026:03:16:21 +0000] "GET /wp-content/uploads/2023/12/bx-car.svg HTTP/1.1" 200 1844 "https://karplus.vn/" "Mozilla/5.0 (iPhone; CPU iPhone OS 26_2_1 like Mac OS X) AppleWebKit/605.1.15 (KHTML, like Gecko) Mobile/23C71 Safari/604.1 [FBAN/FBIOS;FBAV/548.0.0.36.68;FBBV/880335931;FBDV/iPhone16,2;FBMD/iPhone;FBSN/iOS;FBSV/26.2.1;FBSS/3;FBID/phone;FBLC/vi_VN;FBOP/5;FBRV/889766401;IABMV/1]"
14.169.153.91 - - [23/Feb/2026:03:16:22 +0000] "GET /wp-content/uploads/2023/12/bx-headphone.svg HTTP/1.1" 200 902 "https://karplus.vn/" "Mozilla/5.0 (iPhone; CPU iPhone OS 26_2_1 like Mac OS X) AppleWebKit/605.1.15 (KHTML, like Gecko) Mobile/23C71 Safari/604.1 [FBAN/FBIOS;FBAV/548.0.0.36.68;FBBV/880335931;FBDV/iPhone16,2;FBMD/iPhone;FBSN/iOS;FBSV/26.2.1;FBSS/3;FBID/phone;FBLC/vi_VN;FBOP/5;FBRV/889766401;IABMV/1]"
14.169.153.91 - - [23/Feb/2026:03:16:22 +0000] "GET /wp-content/uploads/2023/12/bx-heart.svg HTTP/1.1" 200 1182 "https://karplus.vn/" "Mozilla/5.0 (iPhone; CPU iPhone OS 26_2_1 like Mac OS X) AppleWebKit/605.1.15 (KHTML, like Gecko) Mobile/23C71 Safari/604.1 [FBAN/FBIOS;FBAV/548.0.0.36.68;FBBV/880335931;FBDV/iPhone16,2;FBMD/iPhone;FBSN/iOS;FBSV/26.2.1;FBSS/3;FBID/phone;FBLC/vi_VN;FBOP/5;FBRV/889766401;IABMV/1]"
172.187.168.139 - - [23/Feb/2026:03:16:57 +0000] "POST /wp-cron.php?doing_wp_cron=1771816616.9948160648345947265625 HTTP/1.1" 200 31 "-" "WordPress/6.9; https://dreamsrent-wp.dreamstechnologies.com"
57.141.0.53 - - [23/Feb/2026:03:16:57 +0000] "GET /doors-sitemap.xml HTTP/1.1" 200 920 "-" "meta-externalagent/1.1 (+https://developers.facebook.com/docs/sharing/webmasters/crawler)"
51.89.229.231 - - [23/Feb/2026:03:18:25 +0000] "GET /wp-content/uploads/2023/12/services-icon-01.svg HTTP/1.1" 200 6805 "https://www.fethiyeprestijrentacar.com/" "Mozilla/5.0 (Windows NT 6.1; WOW64) AppleWebKit/537.36 (KHTML, like Gecko) Chrome/109.0.0.0 Safari/537.36 OPR/95.0.0.0"
51.89.229.231 - - [23/Feb/2026:03:18:25 +0000] "GET /wp-content/uploads/2023/12/services-icon-02.svg HTTP/1.1" 200 8688 "https://www.fethiyeprestijrentacar.com/" "Mozilla/5.0 (Windows NT 6.1; WOW64) AppleWebKit/537.36 (KHTML, like Gecko) Chrome/109.0.0.0 Safari/537.36 OPR/95.0.0.0"
51.89.229.231 - - [23/Feb/2026:03:18:25 +0000] "GET /wp-content/uploads/2023/12/services-icon-03.svg HTTP/1.1" 200 10006 "https://www.fethiyeprestijrentacar.com/" "Mozilla/5.0 (Windows NT 6.1; WOW64) AppleWebKit/537.36 (KHTML, like Gecko) Chrome/109.0.0.0 Safari/537.36 OPR/95.0.0.0"
51.89.229.231 - - [23/Feb/2026:03:18:26 +0000] "GET /wp-content/uploads/2023/12/bx-car.svg HTTP/1.1" 200 1844 "https://www.fethiyeprestijrentacar.com/" "Mozilla/5.0 (Windows NT 6.1; WOW64) AppleWebKit/537.36 (KHTML, like Gecko) Chrome/109.0.0.0 Safari/537.36 OPR/95.0.0.0"
51.89.229.231 - - [23/Feb/2026:03:18:26 +0000] "GET /wp-content/uploads/2023/12/bx-headphone.svg HTTP/1.1" 200 902 "https://www.fethiyeprestijrentacar.com/" "Mozilla/5.0 (Windows NT 6.1; WOW64) AppleWebKit/537.36 (KHTML, like Gecko) Chrome/109.0.0.0 Safari/537.36 OPR/95.0.0.0"
51.89.229.231 - - [23/Feb/2026:03:18:26 +0000] "GET /wp-content/uploads/2023/12/bx-heart.svg HTTP/1.1" 200 1182 "https://www.fethiyeprestijrentacar.com/" "Mozilla/5.0 (Windows NT 6.1; WOW64) AppleWebKit/537.36 (KHTML, like Gecko) Chrome/109.0.0.0 Safari/537.36 OPR/95.0.0.0"
51.89.229.231 - - [23/Feb/2026:03:18:26 +0000] "GET /wp-content/uploads/2023/12/bx-history.svg HTTP/1.1" 200 1489 "https://www.fethiyeprestijrentacar.com/" "Mozilla/5.0 (Windows NT 6.1; WOW64) AppleWebKit/537.36 (KHTML, like Gecko) Chrome/109.0.0.0 Safari/537.36 OPR/95.0.0.0"
51.89.229.231 - - [23/Feb/2026:03:18:26 +0000] "GET /wp-content/uploads/2023/12/bx-selection.svg HTTP/1.1" 200 2138 "https://www.fethiyeprestijrentacar.com/" "Mozilla/5.0 (Windows NT 6.1; WOW64) AppleWebKit/537.36 (KHTML, like Gecko) Chrome/109.0.0.0 Safari/537.36 OPR/95.0.0.0"
51.89.229.231 - - [23/Feb/2026:03:18:26 +0000] "GET /wp-content/uploads/2023/12/bx-crown.svg HTTP/1.1" 200 1040 "https://www.fethiyeprestijrentacar.com/" "Mozilla/5.0 (Windows NT 6.1; WOW64) AppleWebKit/537.36 (KHTML, like Gecko) Chrome/109.0.0.0 Safari/537.36 OPR/95.0.0.0"
51.89.229.231 - - [23/Feb/2026:03:18:26 +0000] "GET /wp-content/uploads/2023/12/bx-user-check.svg HTTP/1.1" 200 2357 "https://www.fethiyeprestijrentacar.com/" "Mozilla/5.0 (Windows NT 6.1; WOW64) AppleWebKit/537.36 (KHTML, like Gecko) Chrome/109.0.0.0 Safari/537.36 OPR/95.0.0.0"
51.89.229.231 - - [23/Feb/2026:03:18:26 +0000] "GET /wp-content/uploads/2023/12/play-store.svg HTTP/1.1" 200 7019 "https://www.fethiyeprestijrentacar.com/" "Mozilla/5.0 (Windows NT 6.1; WOW64) AppleWebKit/537.36 (KHTML, like Gecko) Chrome/109.0.0.0 Safari/537.36 OPR/95.0.0.0"
51.89.229.231 - - [23/Feb/2026:03:18:26 +0000] "GET /wp-content/uploads/2023/12/apple.svg HTTP/1.1" 200 7355 "https://www.fethiyeprestijrentacar.com/" "Mozilla/5.0 (Windows NT 6.1; WOW64) AppleWebKit/537.36 (KHTML, like Gecko) Chrome/109.0.0.0 Safari/537.36 OPR/95.0.0.0"
51.89.229.231 - - [23/Feb/2026:03:18:26 +0000] "GET /wp-content/uploads/2023/12/app-car.png HTTP/1.1" 200 41121 "https://www.fethiyeprestijrentacar.com/" "Mozilla/5.0 (Windows NT 6.1; WOW64) AppleWebKit/537.36 (KHTML, like Gecko) Chrome/109.0.0.0 Safari/537.36 OPR/95.0.0.0"
51.89.229.231 - - [23/Feb/2026:03:19:14 +0000] "GET /wp-content/uploads/2024/01/contact-info.jpg HTTP/1.1" 200 27328 "https://www.fethiyeprestijrentacar.com/bize-ulasin/" "Mozilla/5.0 (Windows NT 6.1; WOW64) AppleWebKit/537.36 (KHTML, like Gecko) Chrome/109.0.0.0 Safari/537.36 OPR/95.0.0.0"
159.148.204.52 - - [23/Feb/2026:03:19:29 +0000] "GET /wp-content/themes/dreamsrent/assets/images/breadcrumb.png HTTP/1.1" 200 11763 "https://yes.ba/" "Mozilla/5.0 (Macintosh; Intel Mac OS X 10_15_7) AppleWebKit/537.36 (KHTML, like Gecko) Chrome/139.0.0.0 Safari/537.36"
176.76.102.19 - - [23/Feb/2026:03:19:50 +0000] "GET /wp-content/themes/dreamsrent/assets/images/breadcrumb.png HTTP/1.1" 304 0 "https://yes.ba/" "Mozilla/5.0 (iPhone; CPU iPhone OS 26_3_0 like Mac OS X) AppleWebKit/605.1.15 (KHTML, like Gecko) CriOS/145.0.7632.108 Mobile/15E148 Safari/604.1"
131.226.107.222 - - [23/Feb/2026:03:19:58 +0000] "GET /wp-content/uploads/2023/12/car-right.png HTTP/1.1" 200 149054 "-" "WhatsApp/3.0.0.0 A"
123.20.126.121 - - [23/Feb/2026:03:21:09 +0000] "GET /wp-content/themes/dreamsrent/assets/images/breadcrumb.png HTTP/1.1" 200 11763 "https://karplus.vn/" "Mozilla/5.0 (iPhone; CPU iPhone OS 17_7_2 like Mac OS X) AppleWebKit/605.1.15 (KHTML, like Gecko) Mobile/21H221 Safari/604.1 [FBAN/FBIOS;FBAV/548.0.0.36.68;FBBV/880335931;FBDV/iPhone14,5;FBMD/iPhone;FBSN/iOS;FBSV/17.7.2;FBSS/3;FBID/phone;FBLC/en_GB;FBOP/5;FBRV/889685837;IABMV/1]"
172.187.168.139 - - [23/Feb/2026:03:21:43 +0000] "POST /wp-cron.php?doing_wp_cron=1771816903.5115649700164794921875 HTTP/1.1" 200 31 "-" "WordPress/6.9; https://dreamsrent-wp.dreamstechnologies.com"
35.173.69.86 - - [23/Feb/2026:03:21:43 +0000] "GET / HTTP/1.1" 200 30857 "-" "FreshpingBot/1.0 (+https://freshping.io/)"
123.20.126.121 - - [23/Feb/2026:03:21:43 +0000] "GET /wp-content/uploads/2023/12/bx-car.svg HTTP/1.1" 200 1844 "https://karplus.vn/" "Mozilla/5.0 (iPhone; CPU iPhone OS 17_7_2 like Mac OS X) AppleWebKit/605.1.15 (KHTML, like Gecko) Mobile/21H221 Safari/604.1 [FBAN/FBIOS;FBAV/548.0.0.36.68;FBBV/880335931;FBDV/iPhone14,5;FBMD/iPhone;FBSN/iOS;FBSV/17.7.2;FBSS/3;FBID/phone;FBLC/en_GB;FBOP/5;FBRV/889685837;IABMV/1]"
123.20.126.121 - - [23/Feb/2026:03:21:43 +0000] "GET /wp-content/uploads/2023/12/bx-headphone.svg HTTP/1.1" 200 902 "https://karplus.vn/" "Mozilla/5.0 (iPhone; CPU iPhone OS 17_7_2 like Mac OS X) AppleWebKit/605.1.15 (KHTML, like Gecko) Mobile/21H221 Safari/604.1 [FBAN/FBIOS;FBAV/548.0.0.36.68;FBBV/880335931;FBDV/iPhone14,5;FBMD/iPhone;FBSN/iOS;FBSV/17.7.2;FBSS/3;FBID/phone;FBLC/en_GB;FBOP/5;FBRV/889685837;IABMV/1]"
172.187.168.139 - - [23/Feb/2026:03:22:57 +0000] "POST /wp-cron.php?doing_wp_cron=1771816977.2209019660949707031250 HTTP/1.1" 200 31 "-" "WordPress/6.9; https://dreamsrent-wp.dreamstechnologies.com"
57.141.0.17 - - [23/Feb/2026:03:22:57 +0000] "GET /navigare-nel-mondo-dei-casino-non-aams-guida-pratica-e-consigli-per-la-stagione-natalizia/ HTTP/1.1" 200 84010 "-" "meta-externalagent/1.1 (+https://developers.facebook.com/docs/sharing/webmasters/crawler)"
172.187.168.139 - - [23/Feb/2026:03:23:49 +0000] "POST /wp-cron.php?doing_wp_cron=1771817029.2989079952239990234375 HTTP/1.1" 200 31 "-" "WordPress/6.9; https://dreamsrent-wp.dreamstechnologies.com"
57.141.0.63 - - [23/Feb/2026:03:23:49 +0000] "GET /cartransmission-sitemap.xml HTTP/1.1" 200 941 "-" "meta-externalagent/1.1 (+https://developers.facebook.com/docs/sharing/webmasters/crawler)"
129.226.197.229 - - [23/Feb/2026:03:24:07 +0000] "GET /wp-content/uploads/2023/12/services-icon-01.svg HTTP/1.1" 200 6805 "https://zeniodis.gr/" "Mozilla/5.0 (X11; Linux x86_64) AppleWebKit/537.36 (KHTML, like Gecko) Chrome/141.0.7390.55 Safari/537.36"
129.226.197.229 - - [23/Feb/2026:03:24:07 +0000] "GET /wp-content/uploads/2023/12/services-icon-02.svg HTTP/1.1" 200 8688 "https://zeniodis.gr/" "Mozilla/5.0 (X11; Linux x86_64) AppleWebKit/537.36 (KHTML, like Gecko) Chrome/141.0.7390.55 Safari/537.36"
129.226.197.229 - - [23/Feb/2026:03:24:07 +0000] "GET /wp-content/uploads/2023/12/services-icon-03.svg HTTP/1.1" 200 10006 "https://zeniodis.gr/" "Mozilla/5.0 (X11; Linux x86_64) AppleWebKit/537.36 (KHTML, like Gecko) Chrome/141.0.7390.55 Safari/537.36"
129.226.197.229 - - [23/Feb/2026:03:24:07 +0000] "GET /wp-content/uploads/2023/12/bx-selection.svg HTTP/1.1" 200 2138 "https://zeniodis.gr/" "Mozilla/5.0 (X11; Linux x86_64) AppleWebKit/537.36 (KHTML, like Gecko) Chrome/141.0.7390.55 Safari/537.36"
129.226.197.229 - - [23/Feb/2026:03:24:07 +0000] "GET /wp-content/uploads/2023/12/bx-crown.svg HTTP/1.1" 200 1040 "https://zeniodis.gr/" "Mozilla/5.0 (X11; Linux x86_64) AppleWebKit/537.36 (KHTML, like Gecko) Chrome/141.0.7390.55 Safari/537.36"
129.226.197.229 - - [23/Feb/2026:03:24:07 +0000] "GET /wp-content/uploads/2023/12/bx-user-check.svg HTTP/1.1" 200 2357 "https://zeniodis.gr/" "Mozilla/5.0 (X11; Linux x86_64) AppleWebKit/537.36 (KHTML, like Gecko) Chrome/141.0.7390.55 Safari/537.36"
74.48.96.77 - - [23/Feb/2026:03:24:27 +0000] "GET /wp-content/uploads/2023/12/services-icon-03.svg HTTP/1.1" 200 10006 "https://www.fethiyeprestijrentacar.com/" "Mozilla/5.0 (Linux; Android 10; K) AppleWebKit/537.36 (KHTML, like Gecko) Chrome/131.0.0.0 Mobile Safari/537.36"
74.48.96.77 - - [23/Feb/2026:03:24:27 +0000] "GET /wp-content/uploads/2023/12/bx-heart.svg HTTP/1.1" 200 1182 "https://www.fethiyeprestijrentacar.com/" "Mozilla/5.0 (Linux; Android 10; K) AppleWebKit/537.36 (KHTML, like Gecko) Chrome/131.0.0.0 Mobile Safari/537.36"
74.48.96.77 - - [23/Feb/2026:03:24:27 +0000] "GET /wp-content/uploads/2023/12/bx-crown.svg HTTP/1.1" 200 1040 "https://www.fethiyeprestijrentacar.com/" "Mozilla/5.0 (Linux; Android 10; K) AppleWebKit/537.36 (KHTML, like Gecko) Chrome/131.0.0.0 Mobile Safari/537.36"
74.48.96.77 - - [23/Feb/2026:03:24:27 +0000] "GET /wp-content/uploads/2023/12/bx-headphone.svg HTTP/1.1" 200 902 "https://www.fethiyeprestijrentacar.com/" "Mozilla/5.0 (Linux; Android 10; K) AppleWebKit/537.36 (KHTML, like Gecko) Chrome/131.0.0.0 Mobile Safari/537.36"
74.48.96.77 - - [23/Feb/2026:03:24:27 +0000] "GET /wp-content/uploads/2023/12/app-car.png HTTP/1.1" 200 41121 "https://www.fethiyeprestijrentacar.com/" "Mozilla/5.0 (Linux; Android 10; K) AppleWebKit/537.36 (KHTML, like Gecko) Chrome/131.0.0.0 Mobile Safari/537.36"
74.48.96.77 - - [23/Feb/2026:03:24:27 +0000] "GET /wp-content/uploads/2023/12/bx-car.svg HTTP/1.1" 200 1844 "https://www.fethiyeprestijrentacar.com/" "Mozilla/5.0 (Linux; Android 10; K) AppleWebKit/537.36 (KHTML, like Gecko) Chrome/131.0.0.0 Mobile Safari/537.36"
74.48.96.77 - - [23/Feb/2026:03:24:27 +0000] "GET /wp-content/uploads/2023/12/bx-history.svg HTTP/1.1" 200 1489 "https://www.fethiyeprestijrentacar.com/" "Mozilla/5.0 (Linux; Android 10; K) AppleWebKit/537.36 (KHTML, like Gecko) Chrome/131.0.0.0 Mobile Safari/537.36"
74.48.96.77 - - [23/Feb/2026:03:24:27 +0000] "GET /wp-content/uploads/2023/12/bx-selection.svg HTTP/1.1" 200 2138 "https://www.fethiyeprestijrentacar.com/" "Mozilla/5.0 (Linux; Android 10; K) AppleWebKit/537.36 (KHTML, like Gecko) Chrome/131.0.0.0 Mobile Safari/537.36"
