117.102.60.116 - - [23/Feb/2026:02:19:11 +0000] "GET /wp-content/uploads/2023/12/services-icon-02.svg HTTP/1.1" 304 0 "https://deinfa.com/" "Mozilla/5.0 (iPhone; CPU iPhone OS 18_7 like Mac OS X) AppleWebKit/605.1.15 (KHTML, like Gecko) Version/26.2 Mobile/15E148 Safari/604.1"
167.160.60.205 - - [23/Feb/2026:02:20:07 +0000] "GET /wp-content/uploads/2023/12/car-right.png HTTP/1.1" 200 149054 "https://yes.ba/" "Mozilla/5.0 (Macintosh; Intel Mac OS X 10_15_7) AppleWebKit/537.36 (KHTML, like Gecko) Chrome/139.0.0.0 Safari/537.36"
167.160.60.205 - - [23/Feb/2026:02:20:07 +0000] "GET /wp-content/uploads/2023/12/services-icon-01.svg HTTP/1.1" 200 6805 "https://yes.ba/" "Mozilla/5.0 (Macintosh; Intel Mac OS X 10_15_7) AppleWebKit/537.36 (KHTML, like Gecko) Chrome/139.0.0.0 Safari/537.36"
167.160.60.205 - - [23/Feb/2026:02:20:07 +0000] "GET /wp-content/uploads/2023/12/banner.jpg HTTP/1.1" 200 26277 "https://yes.ba/" "Mozilla/5.0 (Macintosh; Intel Mac OS X 10_15_7) AppleWebKit/537.36 (KHTML, like Gecko) Chrome/139.0.0.0 Safari/537.36"
167.160.60.205 - - [23/Feb/2026:02:20:07 +0000] "GET /wp-content/uploads/2023/12/services-icon-02.svg HTTP/1.1" 200 8688 "https://yes.ba/" "Mozilla/5.0 (Macintosh; Intel Mac OS X 10_15_7) AppleWebKit/537.36 (KHTML, like Gecko) Chrome/139.0.0.0 Safari/537.36"
167.160.60.205 - - [23/Feb/2026:02:20:07 +0000] "GET /wp-content/uploads/2023/12/services-icon-03.svg HTTP/1.1" 200 10006 "https://yes.ba/" "Mozilla/5.0 (Macintosh; Intel Mac OS X 10_15_7) AppleWebKit/537.36 (KHTML, like Gecko) Chrome/139.0.0.0 Safari/537.36"
167.160.60.205 - - [23/Feb/2026:02:20:07 +0000] "GET /wp-content/uploads/2023/12/bx-car.svg HTTP/1.1" 200 1844 "https://yes.ba/" "Mozilla/5.0 (Macintosh; Intel Mac OS X 10_15_7) AppleWebKit/537.36 (KHTML, like Gecko) Chrome/139.0.0.0 Safari/537.36"
167.160.60.205 - - [23/Feb/2026:02:20:07 +0000] "GET /wp-content/uploads/2023/12/bx-headphone.svg HTTP/1.1" 200 902 "https://yes.ba/" "Mozilla/5.0 (Macintosh; Intel Mac OS X 10_15_7) AppleWebKit/537.36 (KHTML, like Gecko) Chrome/139.0.0.0 Safari/537.36"
167.160.60.205 - - [23/Feb/2026:02:20:07 +0000] "GET /wp-content/uploads/2023/12/bx-heart.svg HTTP/1.1" 200 1182 "https://yes.ba/" "Mozilla/5.0 (Macintosh; Intel Mac OS X 10_15_7) AppleWebKit/537.36 (KHTML, like Gecko) Chrome/139.0.0.0 Safari/537.36"
167.160.60.205 - - [23/Feb/2026:02:20:07 +0000] "GET /wp-content/uploads/2023/12/bx-history.svg HTTP/1.1" 200 1489 "https://yes.ba/" "Mozilla/5.0 (Macintosh; Intel Mac OS X 10_15_7) AppleWebKit/537.36 (KHTML, like Gecko) Chrome/139.0.0.0 Safari/537.36"
167.160.60.205 - - [23/Feb/2026:02:20:07 +0000] "GET /wp-content/uploads/2023/12/bx-crown.svg HTTP/1.1" 200 1040 "https://yes.ba/" "Mozilla/5.0 (Macintosh; Intel Mac OS X 10_15_7) AppleWebKit/537.36 (KHTML, like Gecko) Chrome/139.0.0.0 Safari/537.36"
167.160.60.205 - - [23/Feb/2026:02:20:07 +0000] "GET /wp-content/uploads/2023/12/bx-selection.svg HTTP/1.1" 200 2138 "https://yes.ba/" "Mozilla/5.0 (Macintosh; Intel Mac OS X 10_15_7) AppleWebKit/537.36 (KHTML, like Gecko) Chrome/139.0.0.0 Safari/537.36"
167.160.60.205 - - [23/Feb/2026:02:20:08 +0000] "GET /wp-content/uploads/2023/12/bx-user-check.svg HTTP/1.1" 200 2357 "https://yes.ba/" "Mozilla/5.0 (Macintosh; Intel Mac OS X 10_15_7) AppleWebKit/537.36 (KHTML, like Gecko) Chrome/139.0.0.0 Safari/537.36"
167.160.60.205 - - [23/Feb/2026:02:20:08 +0000] "GET /wp-content/uploads/2023/12/app-car.png HTTP/1.1" 200 41121 "https://yes.ba/" "Mozilla/5.0 (Macintosh; Intel Mac OS X 10_15_7) AppleWebKit/537.36 (KHTML, like Gecko) Chrome/139.0.0.0 Safari/537.36"
167.160.60.205 - - [23/Feb/2026:02:20:08 +0000] "GET /wp-content/themes/dreamsrent/assets/images/breadcrumb.png HTTP/1.1" 200 11763 "https://yes.ba/" "Mozilla/5.0 (Macintosh; Intel Mac OS X 10_15_7) AppleWebKit/537.36 (KHTML, like Gecko) Chrome/139.0.0.0 Safari/537.36"
172.187.168.139 - - [23/Feb/2026:02:21:13 +0000] "POST /wp-cron.php?doing_wp_cron=1771813273.0365769863128662109375 HTTP/1.1" 200 31 "-" "WordPress/6.9; https://dreamsrent-wp.dreamstechnologies.com"
35.173.69.86 - - [23/Feb/2026:02:21:13 +0000] "GET / HTTP/1.1" 200 30857 "-" "FreshpingBot/1.0 (+https://freshping.io/)"
40.77.167.156 - - [23/Feb/2026:02:21:30 +0000] "GET /checkout/ HTTP/1.1" 302 5 "-" "Mozilla/5.0 AppleWebKit/537.36 (KHTML, like Gecko; compatible; bingbot/2.0; +http://www.bing.com/bingbot.htm) Chrome/116.0.1938.76 Safari/537.36"
40.77.167.156 - - [23/Feb/2026:02:21:32 +0000] "GET /cart/ HTTP/1.1" 200 39223 "-" "Mozilla/5.0 AppleWebKit/537.36 (KHTML, like Gecko; compatible; bingbot/2.0; +http://www.bing.com/bingbot.htm) Chrome/116.0.1938.76 Safari/537.36"
38.101.95.144 - - [23/Feb/2026:02:21:35 +0000] "GET /wp-content/themes/dreamsrent/assets/images/breadcrumb.png HTTP/1.1" 200 11763 "https://yes.ba/" "Mozilla/5.0 (Windows NT 10.0; Win64; x64) AppleWebKit/537.36 (KHTML, like Gecko) Chrome/142.0.0.0 Safari/537.36"
86.107.43.38 - - [23/Feb/2026:02:22:51 +0000] "GET /wp-content/uploads/2023/12/bx-car.svg HTTP/1.1" 200 1844 "-" "-"
86.107.43.38 - - [23/Feb/2026:02:22:52 +0000] "GET /wp-content/uploads/2023/12/bx-headphone.svg HTTP/1.1" 200 902 "-" "-"
86.107.43.38 - - [23/Feb/2026:02:22:52 +0000] "GET /wp-content/uploads/2023/12/bx-heart.svg HTTP/1.1" 200 1182 "-" "-"
86.107.43.38 - - [23/Feb/2026:02:22:52 +0000] "GET /wp-content/uploads/2023/12/bx-history.svg HTTP/1.1" 200 1489 "-" "-"
172.187.168.139 - - [23/Feb/2026:02:22:55 +0000] "POST /wp-cron.php?doing_wp_cron=1771813375.2235798835754394531250 HTTP/1.1" 200 31 "-" "WordPress/6.9; https://dreamsrent-wp.dreamstechnologies.com"
57.141.0.65 - - [23/Feb/2026:02:22:55 +0000] "GET /tag/%d0%ba%d0%b0%d0%b7%d0%b8%d0%bd%d0%be-%d0%b8%d0%b3%d1%80%d0%b0%d1%82%d1%8c/ HTTP/1.1" 200 71365 "-" "meta-externalagent/1.1 (+https://developers.facebook.com/docs/sharing/webmasters/crawler)"
103.199.36.33 - - [23/Feb/2026:02:25:49 +0000] "GET /wp-content/themes/dreamsrent/assets/images/breadcrumb.png HTTP/1.1" 200 11763 "https://karplus.vn/" "Mozilla/5.0 (Windows NT 10.0; Win64; x64) AppleWebKit/537.36 (KHTML, like Gecko) Chrome/145.0.0.0 Safari/537.36"
157.48.204.40 - - [23/Feb/2026:02:25:50 +0000] "GET /wp-content/uploads/2023/12/services-icon-02.svg HTTP/1.1" 200 8688 "https://srmcarrentals.com/" "Mozilla/5.0 (iPhone; CPU iPhone OS 18_7 like Mac OS X) AppleWebKit/605.1.15 (KHTML, like Gecko) Version/26.2 Mobile/15E148 Safari/604.1"
157.48.204.40 - - [23/Feb/2026:02:25:50 +0000] "GET /wp-content/uploads/2023/12/bx-headphone.svg HTTP/1.1" 200 902 "https://srmcarrentals.com/" "Mozilla/5.0 (iPhone; CPU iPhone OS 18_7 like Mac OS X) AppleWebKit/605.1.15 (KHTML, like Gecko) Version/26.2 Mobile/15E148 Safari/604.1"
157.48.204.40 - - [23/Feb/2026:02:25:51 +0000] "GET /wp-content/uploads/2023/12/bx-heart.svg HTTP/1.1" 200 1182 "https://srmcarrentals.com/" "Mozilla/5.0 (iPhone; CPU iPhone OS 18_7 like Mac OS X) AppleWebKit/605.1.15 (KHTML, like Gecko) Version/26.2 Mobile/15E148 Safari/604.1"
157.48.204.40 - - [23/Feb/2026:02:25:51 +0000] "GET /wp-content/uploads/2023/12/bx-car.svg HTTP/1.1" 200 1844 "https://srmcarrentals.com/" "Mozilla/5.0 (iPhone; CPU iPhone OS 18_7 like Mac OS X) AppleWebKit/605.1.15 (KHTML, like Gecko) Version/26.2 Mobile/15E148 Safari/604.1"
157.48.204.40 - - [23/Feb/2026:02:25:51 +0000] "GET /wp-content/uploads/2023/12/bx-history.svg HTTP/1.1" 200 1489 "https://srmcarrentals.com/" "Mozilla/5.0 (iPhone; CPU iPhone OS 18_7 like Mac OS X) AppleWebKit/605.1.15 (KHTML, like Gecko) Version/26.2 Mobile/15E148 Safari/604.1"
157.48.204.40 - - [23/Feb/2026:02:25:51 +0000] "GET /wp-content/uploads/2023/12/bx-selection.svg HTTP/1.1" 200 2138 "https://srmcarrentals.com/" "Mozilla/5.0 (iPhone; CPU iPhone OS 18_7 like Mac OS X) AppleWebKit/605.1.15 (KHTML, like Gecko) Version/26.2 Mobile/15E148 Safari/604.1"
157.48.204.40 - - [23/Feb/2026:02:25:52 +0000] "GET /wp-content/uploads/2023/12/bx-crown.svg HTTP/1.1" 200 1040 "https://srmcarrentals.com/" "Mozilla/5.0 (iPhone; CPU iPhone OS 18_7 like Mac OS X) AppleWebKit/605.1.15 (KHTML, like Gecko) Version/26.2 Mobile/15E148 Safari/604.1"
157.48.204.40 - - [23/Feb/2026:02:25:52 +0000] "GET /wp-content/uploads/2023/12/bx-user-check.svg HTTP/1.1" 200 2357 "https://srmcarrentals.com/" "Mozilla/5.0 (iPhone; CPU iPhone OS 18_7 like Mac OS X) AppleWebKit/605.1.15 (KHTML, like Gecko) Version/26.2 Mobile/15E148 Safari/604.1"
157.48.204.40 - - [23/Feb/2026:02:25:52 +0000] "GET /wp-content/uploads/2023/12/play-store.svg HTTP/1.1" 200 7019 "https://srmcarrentals.com/" "Mozilla/5.0 (iPhone; CPU iPhone OS 18_7 like Mac OS X) AppleWebKit/605.1.15 (KHTML, like Gecko) Version/26.2 Mobile/15E148 Safari/604.1"
157.48.204.40 - - [23/Feb/2026:02:25:52 +0000] "GET /wp-content/uploads/2023/12/apple.svg HTTP/1.1" 200 7355 "https://srmcarrentals.com/" "Mozilla/5.0 (iPhone; CPU iPhone OS 18_7 like Mac OS X) AppleWebKit/605.1.15 (KHTML, like Gecko) Version/26.2 Mobile/15E148 Safari/604.1"
157.48.204.40 - - [23/Feb/2026:02:25:52 +0000] "GET /wp-content/uploads/2023/12/app-car.png HTTP/1.1" 200 41121 "https://srmcarrentals.com/" "Mozilla/5.0 (iPhone; CPU iPhone OS 18_7 like Mac OS X) AppleWebKit/605.1.15 (KHTML, like Gecko) Version/26.2 Mobile/15E148 Safari/604.1"
103.199.36.33 - - [23/Feb/2026:02:26:06 +0000] "GET /wp-content/uploads/2023/12/bx-headphone.svg HTTP/1.1" 200 902 "https://karplus.vn/" "Mozilla/5.0 (Windows NT 10.0; Win64; x64) AppleWebKit/537.36 (KHTML, like Gecko) Chrome/145.0.0.0 Safari/537.36"
103.199.36.33 - - [23/Feb/2026:02:26:06 +0000] "GET /wp-content/uploads/2023/12/bx-car.svg HTTP/1.1" 200 1844 "https://karplus.vn/" "Mozilla/5.0 (Windows NT 10.0; Win64; x64) AppleWebKit/537.36 (KHTML, like Gecko) Chrome/145.0.0.0 Safari/537.36"
103.199.36.33 - - [23/Feb/2026:02:26:07 +0000] "GET /wp-content/uploads/2023/12/bx-heart.svg HTTP/1.1" 200 1182 "https://karplus.vn/" "Mozilla/5.0 (Windows NT 10.0; Win64; x64) AppleWebKit/537.36 (KHTML, like Gecko) Chrome/145.0.0.0 Safari/537.36"
172.187.168.139 - - [23/Feb/2026:02:26:13 +0000] "POST /wp-cron.php?doing_wp_cron=1771813573.0428400039672851562500 HTTP/1.1" 200 31 "-" "WordPress/6.9; https://dreamsrent-wp.dreamstechnologies.com"
35.173.69.86 - - [23/Feb/2026:02:26:13 +0000] "GET / HTTP/1.1" 200 30857 "-" "FreshpingBot/1.0 (+https://freshping.io/)"
172.56.77.110 - - [23/Feb/2026:02:27:00 +0000] "GET /wp-content/uploads/2023/12/car-right.png HTTP/1.1" 200 65157 "-" "WhatsApp/3.0.0.0 A"
172.187.168.139 - - [23/Feb/2026:02:28:18 +0000] "POST /wp-cron.php?doing_wp_cron=1771813698.8446030616760253906250 HTTP/1.1" 200 31 "-" "WordPress/6.9; https://dreamsrent-wp.dreamstechnologies.com"
123.25.159.0 - - [23/Feb/2026:02:28:18 +0000] "GET /features/adaptive-cruise-control/ HTTP/1.1" 200 18802 "-" "Mozilla/5.0 (Windows NT 5.1) AppleWebKit/537.36 (KHTML, like Gecko) Chrome/41.0.2224.3 Safari/537.36"
176.76.102.19 - - [23/Feb/2026:02:30:18 +0000] "GET /wp-content/themes/dreamsrent/assets/images/breadcrumb.png HTTP/1.1" 200 11763 "https://yes.ba/" "Mozilla/5.0 (iPhone; CPU iPhone OS 26_3_0 like Mac OS X) AppleWebKit/605.1.15 (KHTML, like Gecko) CriOS/145.0.7632.108 Mobile/15E148 Safari/604.1"
176.76.102.19 - - [23/Feb/2026:02:30:33 +0000] "GET /wp-content/uploads/2023/12/car-right.png HTTP/1.1" 200 149054 "https://yes.ba/" "Mozilla/5.0 (iPhone; CPU iPhone OS 26_3_0 like Mac OS X) AppleWebKit/605.1.15 (KHTML, like Gecko) CriOS/145.0.7632.108 Mobile/15E148 Safari/604.1"
176.76.102.19 - - [23/Feb/2026:02:30:33 +0000] "GET /wp-content/uploads/2023/12/services-icon-01.svg HTTP/1.1" 200 6805 "https://yes.ba/" "Mozilla/5.0 (iPhone; CPU iPhone OS 26_3_0 like Mac OS X) AppleWebKit/605.1.15 (KHTML, like Gecko) CriOS/145.0.7632.108 Mobile/15E148 Safari/604.1"
176.76.102.19 - - [23/Feb/2026:02:30:33 +0000] "GET /wp-content/uploads/2023/12/banner.jpg HTTP/1.1" 200 26277 "https://yes.ba/" "Mozilla/5.0 (iPhone; CPU iPhone OS 26_3_0 like Mac OS X) AppleWebKit/605.1.15 (KHTML, like Gecko) CriOS/145.0.7632.108 Mobile/15E148 Safari/604.1"
176.76.102.19 - - [23/Feb/2026:02:30:33 +0000] "GET /wp-content/uploads/2023/12/services-icon-02.svg HTTP/1.1" 200 8688 "https://yes.ba/" "Mozilla/5.0 (iPhone; CPU iPhone OS 26_3_0 like Mac OS X) AppleWebKit/605.1.15 (KHTML, like Gecko) CriOS/145.0.7632.108 Mobile/15E148 Safari/604.1"
176.76.102.19 - - [23/Feb/2026:02:30:33 +0000] "GET /wp-content/uploads/2023/12/services-icon-03.svg HTTP/1.1" 200 10006 "https://yes.ba/" "Mozilla/5.0 (iPhone; CPU iPhone OS 26_3_0 like Mac OS X) AppleWebKit/605.1.15 (KHTML, like Gecko) CriOS/145.0.7632.108 Mobile/15E148 Safari/604.1"
176.76.102.19 - - [23/Feb/2026:02:30:33 +0000] "GET /wp-content/uploads/2023/12/bx-car.svg HTTP/1.1" 200 1844 "https://yes.ba/" "Mozilla/5.0 (iPhone; CPU iPhone OS 26_3_0 like Mac OS X) AppleWebKit/605.1.15 (KHTML, like Gecko) CriOS/145.0.7632.108 Mobile/15E148 Safari/604.1"
176.76.102.19 - - [23/Feb/2026:02:30:33 +0000] "GET /wp-content/uploads/2023/12/bx-selection.svg HTTP/1.1" 200 2138 "https://yes.ba/" "Mozilla/5.0 (iPhone; CPU iPhone OS 26_3_0 like Mac OS X) AppleWebKit/605.1.15 (KHTML, like Gecko) CriOS/145.0.7632.108 Mobile/15E148 Safari/604.1"
176.76.102.19 - - [23/Feb/2026:02:30:33 +0000] "GET /wp-content/uploads/2023/12/bx-crown.svg HTTP/1.1" 200 1040 "https://yes.ba/" "Mozilla/5.0 (iPhone; CPU iPhone OS 26_3_0 like Mac OS X) AppleWebKit/605.1.15 (KHTML, like Gecko) CriOS/145.0.7632.108 Mobile/15E148 Safari/604.1"
176.76.102.19 - - [23/Feb/2026:02:30:33 +0000] "GET /wp-content/uploads/2023/12/bx-user-check.svg HTTP/1.1" 200 2357 "https://yes.ba/" "Mozilla/5.0 (iPhone; CPU iPhone OS 26_3_0 like Mac OS X) AppleWebKit/605.1.15 (KHTML, like Gecko) CriOS/145.0.7632.108 Mobile/15E148 Safari/604.1"
176.76.102.19 - - [23/Feb/2026:02:30:33 +0000] "GET /wp-content/uploads/2023/12/app-car.png HTTP/1.1" 200 41121 "https://yes.ba/" "Mozilla/5.0 (iPhone; CPU iPhone OS 26_3_0 like Mac OS X) AppleWebKit/605.1.15 (KHTML, like Gecko) CriOS/145.0.7632.108 Mobile/15E148 Safari/604.1"
176.76.102.19 - - [23/Feb/2026:02:30:34 +0000] "GET /wp-content/uploads/2023/12/bx-headphone.svg HTTP/1.1" 200 902 "https://yes.ba/" "Mozilla/5.0 (iPhone; CPU iPhone OS 26_3_0 like Mac OS X) AppleWebKit/605.1.15 (KHTML, like Gecko) CriOS/145.0.7632.108 Mobile/15E148 Safari/604.1"
176.76.102.19 - - [23/Feb/2026:02:30:34 +0000] "GET /wp-content/uploads/2023/12/bx-history.svg HTTP/1.1" 200 1489 "https://yes.ba/" "Mozilla/5.0 (iPhone; CPU iPhone OS 26_3_0 like Mac OS X) AppleWebKit/605.1.15 (KHTML, like Gecko) CriOS/145.0.7632.108 Mobile/15E148 Safari/604.1"
176.76.102.19 - - [23/Feb/2026:02:30:34 +0000] "GET /wp-content/uploads/2023/12/bx-heart.svg HTTP/1.1" 200 1182 "https://yes.ba/" "Mozilla/5.0 (iPhone; CPU iPhone OS 26_3_0 like Mac OS X) AppleWebKit/605.1.15 (KHTML, like Gecko) CriOS/145.0.7632.108 Mobile/15E148 Safari/604.1"
38.101.95.144 - - [23/Feb/2026:02:30:36 +0000] "GET /wp-content/uploads/2023/12/services-icon-01.svg HTTP/1.1" 200 6805 "https://yes.ba/" "Mozilla/5.0 (Windows NT 10.0; Win64; x64) AppleWebKit/537.36 (KHTML, like Gecko) Chrome/142.0.0.0 Safari/537.36"
38.101.95.144 - - [23/Feb/2026:02:30:36 +0000] "GET /wp-content/uploads/2023/12/services-icon-02.svg HTTP/1.1" 200 8688 "https://yes.ba/" "Mozilla/5.0 (Windows NT 10.0; Win64; x64) AppleWebKit/537.36 (KHTML, like Gecko) Chrome/142.0.0.0 Safari/537.36"
38.101.95.144 - - [23/Feb/2026:02:30:36 +0000] "GET /wp-content/uploads/2023/12/car-right.png HTTP/1.1" 200 149054 "https://yes.ba/" "Mozilla/5.0 (Windows NT 10.0; Win64; x64) AppleWebKit/537.36 (KHTML, like Gecko) Chrome/142.0.0.0 Safari/537.36"
38.101.95.144 - - [23/Feb/2026:02:30:36 +0000] "GET /wp-content/uploads/2023/12/services-icon-03.svg HTTP/1.1" 200 10006 "https://yes.ba/" "Mozilla/5.0 (Windows NT 10.0; Win64; x64) AppleWebKit/537.36 (KHTML, like Gecko) Chrome/142.0.0.0 Safari/537.36"
38.101.95.144 - - [23/Feb/2026:02:30:36 +0000] "GET /wp-content/uploads/2023/12/banner.jpg HTTP/1.1" 200 26277 "https://yes.ba/" "Mozilla/5.0 (Windows NT 10.0; Win64; x64) AppleWebKit/537.36 (KHTML, like Gecko) Chrome/142.0.0.0 Safari/537.36"
38.101.95.144 - - [23/Feb/2026:02:30:36 +0000] "GET /wp-content/uploads/2023/12/bx-car.svg HTTP/1.1" 200 1844 "https://yes.ba/" "Mozilla/5.0 (Windows NT 10.0; Win64; x64) AppleWebKit/537.36 (KHTML, like Gecko) Chrome/142.0.0.0 Safari/537.36"
38.101.95.144 - - [23/Feb/2026:02:30:36 +0000] "GET /wp-content/uploads/2023/12/bx-headphone.svg HTTP/1.1" 200 902 "https://yes.ba/" "Mozilla/5.0 (Windows NT 10.0; Win64; x64) AppleWebKit/537.36 (KHTML, like Gecko) Chrome/142.0.0.0 Safari/537.36"
38.101.95.144 - - [23/Feb/2026:02:30:36 +0000] "GET /wp-content/uploads/2023/12/bx-history.svg HTTP/1.1" 200 1489 "https://yes.ba/" "Mozilla/5.0 (Windows NT 10.0; Win64; x64) AppleWebKit/537.36 (KHTML, like Gecko) Chrome/142.0.0.0 Safari/537.36"
38.101.95.144 - - [23/Feb/2026:02:30:36 +0000] "GET /wp-content/uploads/2023/12/bx-heart.svg HTTP/1.1" 200 1182 "https://yes.ba/" "Mozilla/5.0 (Windows NT 10.0; Win64; x64) AppleWebKit/537.36 (KHTML, like Gecko) Chrome/142.0.0.0 Safari/537.36"
38.101.95.144 - - [23/Feb/2026:02:30:36 +0000] "GET /wp-content/uploads/2023/12/bx-selection.svg HTTP/1.1" 200 2138 "https://yes.ba/" "Mozilla/5.0 (Windows NT 10.0; Win64; x64) AppleWebKit/537.36 (KHTML, like Gecko) Chrome/142.0.0.0 Safari/537.36"
38.101.95.144 - - [23/Feb/2026:02:30:36 +0000] "GET /wp-content/uploads/2023/12/bx-crown.svg HTTP/1.1" 200 1040 "https://yes.ba/" "Mozilla/5.0 (Windows NT 10.0; Win64; x64) AppleWebKit/537.36 (KHTML, like Gecko) Chrome/142.0.0.0 Safari/537.36"
38.101.95.144 - - [23/Feb/2026:02:30:36 +0000] "GET /wp-content/uploads/2023/12/bx-user-check.svg HTTP/1.1" 200 2357 "https://yes.ba/" "Mozilla/5.0 (Windows NT 10.0; Win64; x64) AppleWebKit/537.36 (KHTML, like Gecko) Chrome/142.0.0.0 Safari/537.36"
38.101.95.144 - - [23/Feb/2026:02:30:36 +0000] "GET /wp-content/uploads/2023/12/app-car.png HTTP/1.1" 200 41121 "https://yes.ba/" "Mozilla/5.0 (Windows NT 10.0; Win64; x64) AppleWebKit/537.36 (KHTML, like Gecko) Chrome/142.0.0.0 Safari/537.36"
103.82.123.142 - - [23/Feb/2026:02:31:11 +0000] "GET /wp-content/uploads/2023/12/services-icon-03.svg HTTP/1.1" 200 10006 "https://deinfa.com/" "Mozilla/5.0 (Linux; Android 10; K) AppleWebKit/537.36 (KHTML, like Gecko) Chrome/145.0.0.0 Mobile Safari/537.36"
103.82.123.142 - - [23/Feb/2026:02:31:11 +0000] "GET /wp-content/uploads/2023/12/services-icon-01.svg HTTP/1.1" 200 6805 "https://deinfa.com/" "Mozilla/5.0 (Linux; Android 10; K) AppleWebKit/537.36 (KHTML, like Gecko) Chrome/145.0.0.0 Mobile Safari/537.36"
103.82.123.142 - - [23/Feb/2026:02:31:11 +0000] "GET /wp-content/uploads/2023/12/services-icon-02.svg HTTP/1.1" 200 8688 "https://deinfa.com/" "Mozilla/5.0 (Linux; Android 10; K) AppleWebKit/537.36 (KHTML, like Gecko) Chrome/145.0.0.0 Mobile Safari/537.36"
172.187.168.139 - - [23/Feb/2026:02:31:30 +0000] "POST /wp-cron.php?doing_wp_cron=1771813890.3642890453338623046875 HTTP/1.1" 200 31 "-" "WordPress/6.9; https://dreamsrent-wp.dreamstechnologies.com"
35.173.69.86 - - [23/Feb/2026:02:31:30 +0000] "GET / HTTP/1.1" 200 30857 "-" "FreshpingBot/1.0 (+https://freshping.io/)"
167.71.17.55 - - [23/Feb/2026:02:31:37 +0000] "GET /wp-content/uploads/2024/03/gallery-05-2.jpg HTTP/1.1" 200 55569 "https://dreamsrent-wp.dreamstechnologies.com/" "Mozilla/5.0 (Windows NT 10.0; Win64; x64) AppleWebKit/537.36 (KHTML, like Gecko) Chrome/105.0.0.0 Safari/537.3"
34.72.176.129 - - [23/Feb/2026:02:32:34 +0000] "GET /wp-content/uploads/2023/12/services-icon-01.svg HTTP/1.1" 200 6805 "https://ceyloncruise.com/" "Mozilla/5.0 (X11; Linux x86_64) AppleWebKit/537.36 (KHTML, like Gecko) Chrome/125.0.0.0 Safari/537.36"
34.72.176.129 - - [23/Feb/2026:02:32:34 +0000] "GET /wp-content/uploads/2023/12/services-icon-02.svg HTTP/1.1" 200 8688 "https://ceyloncruise.com/" "Mozilla/5.0 (X11; Linux x86_64) AppleWebKit/537.36 (KHTML, like Gecko) Chrome/125.0.0.0 Safari/537.36"
34.72.176.129 - - [23/Feb/2026:02:32:35 +0000] "GET /wp-content/uploads/2023/12/services-icon-03.svg HTTP/1.1" 200 10006 "https://ceyloncruise.com/" "Mozilla/5.0 (X11; Linux x86_64) AppleWebKit/537.36 (KHTML, like Gecko) Chrome/125.0.0.0 Safari/537.36"
131.226.100.188 - - [23/Feb/2026:02:32:49 +0000] "GET /wp-content/uploads/2023/12/car-right.png HTTP/1.1" 200 149054 "-" "Mozilla/5.0 (Windows NT 10.0; Win64; x64) AppleWebKit/537.36 (KHTML, like Gecko) Chrome/108.0.5359.98 Safari/537.36"
131.226.100.188 - - [23/Feb/2026:02:32:49 +0000] "GET /wp-content/uploads/2023/12/car-right.png HTTP/1.1" 200 149054 "-" "Mozilla/5.0 (Windows NT 10.0; Win64; x64) AppleWebKit/537.36 (KHTML, like Gecko) Chrome/108.0.5359.98 Safari/537.36"
205.169.39.3 - - [23/Feb/2026:02:33:04 +0000] "GET /wp-content/uploads/2023/12/services-icon-01.svg HTTP/1.1" 200 6805 "https://ceyloncruise.com/" "Mozilla/5.0 (Windows NT 10.0; Win64; x64) AppleWebKit/537.36 (KHTML, like Gecko) Chrome/117.0.5938.132 Safari/537.36"
205.169.39.3 - - [23/Feb/2026:02:33:04 +0000] "GET /wp-content/uploads/2023/12/services-icon-02.svg HTTP/1.1" 200 8688 "https://ceyloncruise.com/" "Mozilla/5.0 (Windows NT 10.0; Win64; x64) AppleWebKit/537.36 (KHTML, like Gecko) Chrome/117.0.5938.132 Safari/537.36"
205.169.39.3 - - [23/Feb/2026:02:33:04 +0000] "GET /wp-content/uploads/2023/12/services-icon-03.svg HTTP/1.1" 200 10006 "https://ceyloncruise.com/" "Mozilla/5.0 (Windows NT 10.0; Win64; x64) AppleWebKit/537.36 (KHTML, like Gecko) Chrome/117.0.5938.132 Safari/537.36"
101.53.218.87 - - [23/Feb/2026:02:33:40 +0000] "GET /wp-content/uploads/2023/12/car-right.png HTTP/1.1" 200 149054 "-" "WhatsApp/3.0.0.0 A"
172.187.168.139 - - [23/Feb/2026:02:34:54 +0000] "POST /wp-cron.php?doing_wp_cron=1771814094.3668489456176757812500 HTTP/1.1" 200 31 "-" "WordPress/6.9; https://dreamsrent-wp.dreamstechnologies.com"
66.249.92.15 - - [23/Feb/2026:02:34:54 +0000] "GET / HTTP/1.1" 200 30857 "-" "Mozilla/5.0 (Linux; Android 6.0.1; Nexus 5X Build/MMB29P) AppleWebKit/537.36 (KHTML, like Gecko) Chrome/144.0.7559.132 Mobile Safari/537.36 (compatible; AdsBot-Google-Mobile; +http://www.google.com/mobile/adsbot.html)"
66.249.92.167 - - [23/Feb/2026:02:34:57 +0000] "GET /wp-content/plugins/woocommerce/assets/css/woocommerce-layout.css?ver=10.4.3 HTTP/1.1" 200 19727 "https://dreamsrent-wp.dreamstechnologies.com/" "AdsBot-Google (+http://www.google.com/adsbot.html)"
66.249.92.168 - - [23/Feb/2026:02:34:59 +0000] "GET /wp-content/themes/dreamsrent/assets/css/style.css HTTP/1.1" 200 342468 "https://dreamsrent-wp.dreamstechnologies.com/" "AdsBot-Google (+http://www.google.com/adsbot.html)"
66.249.92.44 - - [23/Feb/2026:02:35:00 +0000] "GET /wp-content/themes/dreamsrent/assets/plugins/ion-rangeslider/css/ion.rangeSlider.min.css HTTP/1.1" 200 11084 "https://dreamsrent-wp.dreamstechnologies.com/" "AdsBot-Google (+http://www.google.com/adsbot.html)"
66.249.92.44 - - [23/Feb/2026:02:35:01 +0000] "GET /wp-content/plugins/contact-form-7/includes/css/styles.css?ver=6.1.4 HTTP/1.1" 200 2947 "https://dreamsrent-wp.dreamstechnologies.com/" "AdsBot-Google (+http://www.google.com/adsbot.html)"
66.249.92.43 - - [23/Feb/2026:02:35:02 +0000] "GET /wp-content/plugins/categories-images/assets/css/zci-styles.css?ver=3.3.1 HTTP/1.1" 200 1835 "https://dreamsrent-wp.dreamstechnologies.com/" "AdsBot-Google (+http://www.google.com/adsbot.html)"
66.249.92.140 - - [23/Feb/2026:02:35:04 +0000] "GET /wp-content/themes/dreamsrent/assets/css/custom.css HTTP/1.1" 200 1870 "https://dreamsrent-wp.dreamstechnologies.com/" "AdsBot-Google (+http://www.google.com/adsbot.html)"
66.249.92.13 - - [23/Feb/2026:02:35:05 +0000] "GET /wp-content/themes/dreamsrent/assets/css/owl.carousel.min.css HTTP/1.1" 200 3351 "https://dreamsrent-wp.dreamstechnologies.com/" "AdsBot-Google (+http://www.google.com/adsbot.html)"
66.249.92.167 - - [23/Feb/2026:02:35:06 +0000] "GET /wp-content/plugins/woocommerce/assets/css/woocommerce-smallscreen.css?ver=10.4.3 HTTP/1.1" 200 7527 "https://dreamsrent-wp.dreamstechnologies.com/" "AdsBot-Google (+http://www.google.com/adsbot.html)"
66.249.92.192 - - [23/Feb/2026:02:35:08 +0000] "GET /wp-content/themes/dreamsrent/assets/css/feather.css HTTP/1.1" 200 13391 "https://dreamsrent-wp.dreamstechnologies.com/" "AdsBot-Google (+http://www.google.com/adsbot.html)"
66.249.92.192 - - [23/Feb/2026:02:35:10 +0000] "GET /wp-content/themes/dreamsrent/assets/plugins/fontawesome/css/fontawesome.min.css HTTP/1.1" 200 80795 "https://dreamsrent-wp.dreamstechnologies.com/" "AdsBot-Google (+http://www.google.com/adsbot.html)"
66.249.92.43 - - [23/Feb/2026:02:35:11 +0000] "GET /wp-content/themes/dreamsrent/assets/plugins/datatables/datatables.min.css HTTP/1.1" 200 5548 "https://dreamsrent-wp.dreamstechnologies.com/" "AdsBot-Google (+http://www.google.com/adsbot.html)"
66.249.92.140 - - [23/Feb/2026:02:35:13 +0000] "GET /wp-content/themes/dreamsrent/assets/css/bootstrap-datetimepicker.min.css HTTP/1.1" 200 7785 "https://dreamsrent-wp.dreamstechnologies.com/" "AdsBot-Google (+http://www.google.com/adsbot.html)"
66.249.92.140 - - [23/Feb/2026:02:35:14 +0000] "GET /wp-content/plugins/elementor/assets/css/frontend.min.css?ver=3.34.2 HTTP/1.1" 200 54511 "https://dreamsrent-wp.dreamstechnologies.com/" "AdsBot-Google (+http://www.google.com/adsbot.html)"
66.249.92.167 - - [23/Feb/2026:02:35:16 +0000] "GET /wp-content/themes/dreamsrent/assets/plugins/tabler-icons/tabler-icons.min.css HTTP/1.1" 200 247726 "https://dreamsrent-wp.dreamstechnologies.com/" "AdsBot-Google (+http://www.google.com/adsbot.html)"
66.249.92.167 - - [23/Feb/2026:02:35:17 +0000] "GET /wp-content/themes/dreamsrent/assets/plugins/fontawesome/css/all.min.css HTTP/1.1" 200 102641 "https://dreamsrent-wp.dreamstechnologies.com/" "AdsBot-Google (+http://www.google.com/adsbot.html)"
66.249.92.13 - - [23/Feb/2026:02:35:18 +0000] "GET /wp-content/plugins/recent-posts-widget-with-thumbnails/public.css?ver=7.1.1 HTTP/1.1" 200 1082 "https://dreamsrent-wp.dreamstechnologies.com/" "AdsBot-Google (+http://www.google.com/adsbot.html)"
66.249.92.13 - - [23/Feb/2026:02:35:20 +0000] "GET /wp-content/themes/dreamsrent/assets/css/theme-woocommerce.css HTTP/1.1" 200 120921 "https://dreamsrent-wp.dreamstechnologies.com/" "AdsBot-Google (+http://www.google.com/adsbot.html)"
66.249.92.192 - - [23/Feb/2026:02:35:21 +0000] "GET /wp-content/themes/dreamsrent/style.css?ver=6.9 HTTP/1.1" 200 6894 "https://dreamsrent-wp.dreamstechnologies.com/" "AdsBot-Google (+http://www.google.com/adsbot.html)"
66.249.92.140 - - [23/Feb/2026:02:35:23 +0000] "GET /wp-includes/js/jquery/jquery.min.js?ver=3.7.1 HTTP/1.1" 200 87553 "https://dreamsrent-wp.dreamstechnologies.com/" "AdsBot-Google (+http://www.google.com/adsbot.html)"
66.249.92.43 - - [23/Feb/2026:02:35:24 +0000] "GET /wp-content/themes/dreamsrent/assets/plugins/select2/css/select2.min.css HTTP/1.1" 200 14988 "https://dreamsrent-wp.dreamstechnologies.com/" "AdsBot-Google (+http://www.google.com/adsbot.html)"
66.249.92.167 - - [23/Feb/2026:02:35:26 +0000] "GET /wp-includes/js/jquery/jquery-migrate.min.js?ver=3.4.1 HTTP/1.1" 200 13577 "https://dreamsrent-wp.dreamstechnologies.com/" "AdsBot-Google (+http://www.google.com/adsbot.html)"
66.249.92.43 - - [23/Feb/2026:02:35:27 +0000] "GET /wp-content/themes/dreamsrent/assets/js/jquery.waypoints.js HTTP/1.1" 200 17408 "https://dreamsrent-wp.dreamstechnologies.com/" "AdsBot-Google (+http://www.google.com/adsbot.html)"
66.249.92.140 - - [23/Feb/2026:02:35:28 +0000] "GET /wp-content/themes/dreamsrent/assets/plugins/slick/slick.js HTTP/1.1" 200 43177 "https://dreamsrent-wp.dreamstechnologies.com/" "AdsBot-Google (+http://www.google.com/adsbot.html)"
45.61.186.19 - - [23/Feb/2026:02:35:29 +0000] "GET /wp-login.php HTTP/1.1" 200 2402 "https://duckduckgo.com/" "Mozilla/5.0 (Linux; Android 13; SM-G991B) AppleWebKit/537.36 (KHTML, like Gecko) Chrome/131.0.0.0 Mobile Safari/537.36"
66.249.92.192 - - [23/Feb/2026:02:35:30 +0000] "GET /wp-content/themes/dreamsrent/assets/plugins/theia-sticky-sidebar/theia-sticky-sidebar.js HTTP/1.1" 200 16379 "https://dreamsrent-wp.dreamstechnologies.com/" "AdsBot-Google (+http://www.google.com/adsbot.html)"
66.249.92.167 - - [23/Feb/2026:02:35:31 +0000] "GET /wp-content/plugins/contact-form-7/includes/swv/js/index.js?ver=6.1.4 HTTP/1.1" 200 12512 "https://dreamsrent-wp.dreamstechnologies.com/" "AdsBot-Google (+http://www.google.com/adsbot.html)"
66.249.92.167 - - [23/Feb/2026:02:35:32 +0000] "GET /wp-content/themes/dreamsrent/assets/js/jquery.counterup.min.js HTTP/1.1" 200 1915 "https://dreamsrent-wp.dreamstechnologies.com/" "AdsBot-Google (+http://www.google.com/adsbot.html)"
45.61.186.19 - - [23/Feb/2026:02:35:33 +0000] "POST /wp-login.php HTTP/1.1" 200 2565 "https://duckduckgo.com/" "Mozilla/5.0 (Linux; Android 13; SM-G991B) AppleWebKit/537.36 (KHTML, like Gecko) Chrome/131.0.0.0 Mobile Safari/537.36"
66.249.92.167 - - [23/Feb/2026:02:35:34 +0000] "GET /wp-includes/js/dist/i18n.min.js?ver=c26c3dc7bed366793375 HTTP/1.1" 200 5314 "https://dreamsrent-wp.dreamstechnologies.com/" "AdsBot-Google (+http://www.google.com/adsbot.html)"
66.249.92.167 - - [23/Feb/2026:02:35:35 +0000] "GET /wp-content/plugins/dreamsrent-booking/admin/admin_script.js?ver=6.9 HTTP/1.1" 200 10429 "https://dreamsrent-wp.dreamstechnologies.com/" "AdsBot-Google (+http://www.google.com/adsbot.html)"
66.249.92.167 - - [23/Feb/2026:02:35:36 +0000] "GET /wp-content/themes/dreamsrent/assets/js/backToTop.js HTTP/1.1" 200 1003 "https://dreamsrent-wp.dreamstechnologies.com/" "AdsBot-Google (+http://www.google.com/adsbot.html)"
66.249.92.13 - - [23/Feb/2026:02:35:37 +0000] "GET /wp-content/themes/dreamsrent/assets/plugins/select2/js/select2.min.js HTTP/1.1" 200 70337 "https://dreamsrent-wp.dreamstechnologies.com/" "AdsBot-Google (+http://www.google.com/adsbot.html)"
14.192.72.10 - - [23/Feb/2026:02:35:38 +0000] "GET /wp-content/uploads/2023/12/car-right.png HTTP/1.1" 200 149054 "-" "GoogleMessages/20.2 facebookexternalhit/1.1 Facebot Twitterbot/1.0"
66.249.92.43 - - [23/Feb/2026:02:35:39 +0000] "GET /wp-content/themes/dreamsrent/assets/plugins/ion-rangeslider/js/custom-rangeslider.js HTTP/1.1" 200 1414 "https://dreamsrent-wp.dreamstechnologies.com/" "AdsBot-Google (+http://www.google.com/adsbot.html)"
66.249.92.13 - - [23/Feb/2026:02:35:40 +0000] "GET /wp-content/plugins/contact-form-7/includes/js/index.js?ver=6.1.4 HTTP/1.1" 200 13452 "https://dreamsrent-wp.dreamstechnologies.com/" "AdsBot-Google (+http://www.google.com/adsbot.html)"
66.249.92.13 - - [23/Feb/2026:02:35:41 +0000] "GET /wp-content/themes/dreamsrent/assets/js/script.js HTTP/1.1" 200 23252 "https://dreamsrent-wp.dreamstechnologies.com/" "AdsBot-Google (+http://www.google.com/adsbot.html)"
172.187.168.139 - - [23/Feb/2026:02:35:42 +0000] "POST /wp-cron.php?doing_wp_cron=1771814142.9633429050445556640625 HTTP/1.1" 200 31 "-" "WordPress/6.9; https://dreamsrent-wp.dreamstechnologies.com"
57.141.0.7 - - [23/Feb/2026:02:35:42 +0000] "GET /invoices/ HTTP/1.1" 302 5 "-" "meta-externalagent/1.1 (+https://developers.facebook.com/docs/sharing/webmasters/crawler)"
66.249.92.140 - - [23/Feb/2026:02:35:43 +0000] "GET /wp-content/themes/dreamsrent/assets/plugins/moment/moment.min.js HTTP/1.1" 200 58890 "https://dreamsrent-wp.dreamstechnologies.com/" "AdsBot-Google (+http://www.google.com/adsbot.html)"
66.249.92.13 - - [23/Feb/2026:02:35:44 +0000] "GET /wp-content/themes/dreamsrent/assets/js/owl.carousel.min.js HTTP/1.1" 200 44342 "https://dreamsrent-wp.dreamstechnologies.com/" "AdsBot-Google (+http://www.google.com/adsbot.html)"
66.249.92.192 - - [23/Feb/2026:02:35:45 +0000] "GET /wp-content/themes/dreamsrent/assets/plugins/ion-rangeslider/js/ion.rangeSlider.min.js HTTP/1.1" 200 41171 "https://dreamsrent-wp.dreamstechnologies.com/" "AdsBot-Google (+http://www.google.com/adsbot.html)"
66.249.92.43 - - [23/Feb/2026:02:35:46 +0000] "GET /wp-content/themes/dreamsrent/assets/plugins/theia-sticky-sidebar/ResizeSensor.js HTTP/1.1" 200 5955 "https://dreamsrent-wp.dreamstechnologies.com/" "AdsBot-Google (+http://www.google.com/adsbot.html)"
66.249.92.13 - - [23/Feb/2026:02:35:47 +0000] "GET /wp-content/themes/dreamsrent/assets/js/notification.js HTTP/1.1" 200 1399 "https://dreamsrent-wp.dreamstechnologies.com/" "AdsBot-Google (+http://www.google.com/adsbot.html)"
66.249.92.13 - - [23/Feb/2026:02:35:49 +0000] "GET /wp-content/themes/dreamsrent/assets/js/bootstrap-datetimepicker.min.js HTTP/1.1" 200 38510 "https://dreamsrent-wp.dreamstechnologies.com/" "AdsBot-Google (+http://www.google.com/adsbot.html)"
66.249.92.140 - - [23/Feb/2026:02:35:50 +0000] "GET /wp-content/themes/dreamsrent/assets/js/bootstrap.bundle.min.js HTTP/1.1" 200 80663 "https://dreamsrent-wp.dreamstechnologies.com/" "AdsBot-Google (+http://www.google.com/adsbot.html)"
66.249.92.13 - - [23/Feb/2026:02:35:51 +0000] "GET /wp-content/themes/dreamsrent/assets/js/booking.js HTTP/1.1" 200 21011 "https://dreamsrent-wp.dreamstechnologies.com/" "AdsBot-Google (+http://www.google.com/adsbot.html)"
66.249.92.43 - - [23/Feb/2026:02:35:52 +0000] "GET /wp-content/plugins/woocommerce/assets/js/frontend/order-attribution.min.js?ver=10.4.3 HTTP/1.1" 200 2346 "https://dreamsrent-wp.dreamstechnologies.com/" "AdsBot-Google (+http://www.google.com/adsbot.html)"
14.192.72.10 - - [23/Feb/2026:02:35:53 +0000] "GET /wp-content/uploads/2023/12/car-right.png HTTP/1.1" 200 81541 "-" "Dalvik/2.1.0 (Linux; U; Android 14; SM-A065F Build/UP1A.231005.007)"
66.249.92.167 - - [23/Feb/2026:02:35:53 +0000] "GET /wp-content/plugins/dreamsrent-widgets/assets/js/dreamsrentelementor-elementor.js?ver=6.9 HTTP/1.1" 200 33288 "https://dreamsrent-wp.dreamstechnologies.com/" "AdsBot-Google (+http://www.google.com/adsbot.html)"
66.249.92.13 - - [23/Feb/2026:02:35:54 +0000] "GET /wp-content/plugins/woocommerce/assets/js/jquery-blockui/jquery.blockUI.min.js?ver=2.7.0-wc.10.4.3 HTTP/1.1" 200 9636 "https://dreamsrent-wp.dreamstechnologies.com/" "AdsBot-Google (+http://www.google.com/adsbot.html)"
66.249.92.167 - - [23/Feb/2026:02:35:55 +0000] "GET /wp-content/plugins/elementor/assets/js/webpack.runtime.min.js?ver=3.34.2 HTTP/1.1" 200 5677 "https://dreamsrent-wp.dreamstechnologies.com/" "AdsBot-Google (+http://www.google.com/adsbot.html)"
66.249.92.13 - - [23/Feb/2026:02:35:57 +0000] "GET /wp-content/plugins/elementor/assets/js/frontend-modules.min.js?ver=3.34.2 HTTP/1.1" 200 87335 "https://dreamsrent-wp.dreamstechnologies.com/" "AdsBot-Google (+http://www.google.com/adsbot.html)"
66.249.92.43 - - [23/Feb/2026:02:35:58 +0000] "GET /wp-content/themes/dreamsrent/assets/fonts/Feather.ttf?sdxovp HTTP/1.1" 200 65112 "https://dreamsrent-wp.dreamstechnologies.com/wp-content/themes/dreamsrent/assets/css/feather.css" "AdsBot-Google (+http://www.google.com/adsbot.html)"
66.249.92.167 - - [23/Feb/2026:02:35:59 +0000] "GET /wp-content/themes/dreamsrent/assets/plugins/fontawesome/webfonts/fa-solid-900.woff2 HTTP/1.1" 200 156496 "https://dreamsrent-wp.dreamstechnologies.com/wp-content/themes/dreamsrent/assets/plugins/fontawesome/css/all.min.css" "AdsBot-Google (+http://www.google.com/adsbot.html)"
66.249.92.43 - - [23/Feb/2026:02:36:00 +0000] "GET /wp-content/themes/dreamsrent/assets/plugins/fontawesome/webfonts/fa-brands-400.woff2 HTTP/1.1" 200 117372 "https://dreamsrent-wp.dreamstechnologies.com/wp-content/themes/dreamsrent/assets/plugins/fontawesome/css/all.min.css" "AdsBot-Google (+http://www.google.com/adsbot.html)"
66.249.92.43 - - [23/Feb/2026:02:36:01 +0000] "GET /wp-content/themes/dreamsrent/assets/plugins/fontawesome/webfonts/fa-regular-400.woff2 HTTP/1.1" 200 25452 "https://dreamsrent-wp.dreamstechnologies.com/wp-content/themes/dreamsrent/assets/plugins/fontawesome/css/all.min.css" "AdsBot-Google (+http://www.google.com/adsbot.html)"
138.219.141.62 - - [23/Feb/2026:02:36:07 +0000] "GET /wp-content/uploads/2023/12/services-icon-01.svg HTTP/1.1" 200 6805 "https://www.master.cw/" "Mozilla/5.0 (Linux; Android 10; K) AppleWebKit/537.36 (KHTML, like Gecko) SamsungBrowser/27.0 Chrome/125.0.0.0 Mobile Safari/537.36"
138.219.141.62 - - [23/Feb/2026:02:36:08 +0000] "GET /wp-content/uploads/2023/12/services-icon-03.svg HTTP/1.1" 200 10006 "https://www.master.cw/" "Mozilla/5.0 (Linux; Android 10; K) AppleWebKit/537.36 (KHTML, like Gecko) SamsungBrowser/27.0 Chrome/125.0.0.0 Mobile Safari/537.36"
138.219.141.62 - - [23/Feb/2026:02:36:12 +0000] "GET /wp-content/uploads/2023/12/bx-user-check.svg HTTP/1.1" 200 2357 "https://www.master.cw/" "Mozilla/5.0 (Linux; Android 10; K) AppleWebKit/537.36 (KHTML, like Gecko) SamsungBrowser/27.0 Chrome/125.0.0.0 Mobile Safari/537.36"
138.219.141.62 - - [23/Feb/2026:02:36:13 +0000] "GET /wp-content/uploads/2023/12/play-store.svg HTTP/1.1" 200 7019 "https://www.master.cw/" "Mozilla/5.0 (Linux; Android 10; K) AppleWebKit/537.36 (KHTML, like Gecko) SamsungBrowser/27.0 Chrome/125.0.0.0 Mobile Safari/537.36"
138.219.141.62 - - [23/Feb/2026:02:36:13 +0000] "GET /wp-content/uploads/2023/12/apple.svg HTTP/1.1" 200 7355 "https://www.master.cw/" "Mozilla/5.0 (Linux; Android 10; K) AppleWebKit/537.36 (KHTML, like Gecko) SamsungBrowser/27.0 Chrome/125.0.0.0 Mobile Safari/537.36"
152.42.171.196 - - [23/Feb/2026:02:36:23 +0000] "GET /wp-content/uploads/2023/12/services-icon-01.svg HTTP/1.1" 200 6805 "https://www.fethiyeprestijrentacar.com/" "Mozilla/5.0 (Linux; Android 15; K) AppleWebKit/537.36 (KHTML, like Gecko) Chrome/137.0.7151.115 Mobile Safari/537.36"
152.42.171.196 - - [23/Feb/2026:02:36:23 +0000] "GET /wp-content/uploads/2023/12/services-icon-02.svg HTTP/1.1" 200 8688 "https://www.fethiyeprestijrentacar.com/" "Mozilla/5.0 (Linux; Android 15; K) AppleWebKit/537.36 (KHTML, like Gecko) Chrome/137.0.7151.115 Mobile Safari/537.36"
152.42.171.196 - - [23/Feb/2026:02:36:23 +0000] "GET /wp-content/uploads/2023/12/services-icon-03.svg HTTP/1.1" 200 10006 "https://www.fethiyeprestijrentacar.com/" "Mozilla/5.0 (Linux; Android 15; K) AppleWebKit/537.36 (KHTML, like Gecko) Chrome/137.0.7151.115 Mobile Safari/537.36"
172.187.168.139 - - [23/Feb/2026:02:36:27 +0000] "POST /wp-cron.php?doing_wp_cron=1771814187.8398060798645019531250 HTTP/1.1" 200 31 "-" "WordPress/6.9; https://dreamsrent-wp.dreamstechnologies.com"
35.173.69.86 - - [23/Feb/2026:02:36:27 +0000] "GET / HTTP/1.1" 200 30857 "-" "FreshpingBot/1.0 (+https://freshping.io/)"
152.42.171.196 - - [23/Feb/2026:02:36:30 +0000] "GET /wp-content/uploads/2023/12/bx-car.svg HTTP/1.1" 200 1844 "https://www.fethiyeprestijrentacar.com/" "Mozilla/5.0 (Linux; Android 15; K) AppleWebKit/537.36 (KHTML, like Gecko) Chrome/137.0.7151.115 Mobile Safari/537.36"
152.42.171.196 - - [23/Feb/2026:02:36:30 +0000] "GET /wp-content/uploads/2023/12/bx-headphone.svg HTTP/1.1" 200 902 "https://www.fethiyeprestijrentacar.com/" "Mozilla/5.0 (Linux; Android 15; K) AppleWebKit/537.36 (KHTML, like Gecko) Chrome/137.0.7151.115 Mobile Safari/537.36"
152.42.171.196 - - [23/Feb/2026:02:36:30 +0000] "GET /wp-content/uploads/2023/12/bx-heart.svg HTTP/1.1" 200 1182 "https://www.fethiyeprestijrentacar.com/" "Mozilla/5.0 (Linux; Android 15; K) AppleWebKit/537.36 (KHTML, like Gecko) Chrome/137.0.7151.115 Mobile Safari/537.36"
152.42.171.196 - - [23/Feb/2026:02:36:30 +0000] "GET /wp-content/uploads/2023/12/bx-history.svg HTTP/1.1" 200 1489 "https://www.fethiyeprestijrentacar.com/" "Mozilla/5.0 (Linux; Android 15; K) AppleWebKit/537.36 (KHTML, like Gecko) Chrome/137.0.7151.115 Mobile Safari/537.36"
152.42.171.196 - - [23/Feb/2026:02:36:31 +0000] "GET /wp-content/uploads/2023/12/bx-selection.svg HTTP/1.1" 200 2138 "https://www.fethiyeprestijrentacar.com/" "Mozilla/5.0 (Linux; Android 15; K) AppleWebKit/537.36 (KHTML, like Gecko) Chrome/137.0.7151.115 Mobile Safari/537.36"
152.42.171.196 - - [23/Feb/2026:02:36:31 +0000] "GET /wp-content/uploads/2023/12/bx-crown.svg HTTP/1.1" 200 1040 "https://www.fethiyeprestijrentacar.com/" "Mozilla/5.0 (Linux; Android 15; K) AppleWebKit/537.36 (KHTML, like Gecko) Chrome/137.0.7151.115 Mobile Safari/537.36"
152.42.171.196 - - [23/Feb/2026:02:36:31 +0000] "GET /wp-content/uploads/2023/12/bx-user-check.svg HTTP/1.1" 200 2357 "https://www.fethiyeprestijrentacar.com/" "Mozilla/5.0 (Linux; Android 15; K) AppleWebKit/537.36 (KHTML, like Gecko) Chrome/137.0.7151.115 Mobile Safari/537.36"
152.42.171.196 - - [23/Feb/2026:02:36:31 +0000] "GET /wp-content/uploads/2023/12/play-store.svg HTTP/1.1" 200 7019 "https://www.fethiyeprestijrentacar.com/" "Mozilla/5.0 (Linux; Android 15; K) AppleWebKit/537.36 (KHTML, like Gecko) Chrome/137.0.7151.115 Mobile Safari/537.36"
152.42.171.196 - - [23/Feb/2026:02:36:31 +0000] "GET /wp-content/uploads/2023/12/apple.svg HTTP/1.1" 200 7355 "https://www.fethiyeprestijrentacar.com/" "Mozilla/5.0 (Linux; Android 15; K) AppleWebKit/537.36 (KHTML, like Gecko) Chrome/137.0.7151.115 Mobile Safari/537.36"
152.42.171.196 - - [23/Feb/2026:02:36:31 +0000] "GET /wp-content/uploads/2023/12/app-car.png HTTP/1.1" 200 41121 "https://www.fethiyeprestijrentacar.com/" "Mozilla/5.0 (Linux; Android 15; K) AppleWebKit/537.36 (KHTML, like Gecko) Chrome/137.0.7151.115 Mobile Safari/537.36"
185.93.89.110 - - [23/Feb/2026:02:36:45 +0000] "GET /invoices//.git/HEAD HTTP/1.1" 403 134 "-" "Go-http-client/1.1"
68.161.145.70 - - [23/Feb/2026:02:37:05 +0000] "GET /wp-content/uploads/2023/12/services-icon-01.svg HTTP/1.1" 200 6805 "https://www.master.cw/" "Mozilla/5.0 (Macintosh; Intel Mac OS X 10_15_7) AppleWebKit/605.1.15 (KHTML, like Gecko) Version/16.1 Safari/605.1.15"
68.161.145.70 - - [23/Feb/2026:02:37:05 +0000] "GET /wp-content/uploads/2023/12/bx-user-check.svg HTTP/1.1" 200 2357 "https://www.master.cw/" "Mozilla/5.0 (Macintosh; Intel Mac OS X 10_15_7) AppleWebKit/605.1.15 (KHTML, like Gecko) Version/16.1 Safari/605.1.15"
68.161.145.70 - - [23/Feb/2026:02:37:05 +0000] "GET /wp-content/uploads/2023/12/services-icon-03.svg HTTP/1.1" 200 10006 "https://www.master.cw/" "Mozilla/5.0 (Macintosh; Intel Mac OS X 10_15_7) AppleWebKit/605.1.15 (KHTML, like Gecko) Version/16.1 Safari/605.1.15"
68.161.145.70 - - [23/Feb/2026:02:37:05 +0000] "GET /wp-content/uploads/2023/12/play-store.svg HTTP/1.1" 200 7019 "https://www.master.cw/" "Mozilla/5.0 (Macintosh; Intel Mac OS X 10_15_7) AppleWebKit/605.1.15 (KHTML, like Gecko) Version/16.1 Safari/605.1.15"
68.161.145.70 - - [23/Feb/2026:02:37:05 +0000] "GET /wp-content/uploads/2023/12/apple.svg HTTP/1.1" 200 7355 "https://www.master.cw/" "Mozilla/5.0 (Macintosh; Intel Mac OS X 10_15_7) AppleWebKit/605.1.15 (KHTML, like Gecko) Version/16.1 Safari/605.1.15"
152.42.171.196 - - [23/Feb/2026:02:37:11 +0000] "GET /wp-content/uploads/2024/01/contact-info.jpg HTTP/1.1" 200 27328 "https://www.fethiyeprestijrentacar.com/bize-ulasin/" "Mozilla/5.0 (Linux; Android 15; K) AppleWebKit/537.36 (KHTML, like Gecko) Chrome/137.0.7151.115 Mobile Safari/537.36"
172.59.130.211 - - [23/Feb/2026:02:37:15 +0000] "GET /wp-content/uploads/2023/12/services-icon-02.svg HTTP/1.1" 200 8688 "https://rentalcarllc.net/" "Mozilla/5.0 (Linux; Android 10; K) AppleWebKit/537.36 (KHTML, like Gecko) Chrome/138.0.0.0 Mobile Safari/537.36"
172.59.130.211 - - [23/Feb/2026:02:37:15 +0000] "GET /wp-content/uploads/2023/12/services-icon-01.svg HTTP/1.1" 200 6805 "https://rentalcarllc.net/" "Mozilla/5.0 (Linux; Android 10; K) AppleWebKit/537.36 (KHTML, like Gecko) Chrome/138.0.0.0 Mobile Safari/537.36"
172.59.130.211 - - [23/Feb/2026:02:37:15 +0000] "GET /wp-content/uploads/2023/12/services-icon-03.svg HTTP/1.1" 200 10006 "https://rentalcarllc.net/" "Mozilla/5.0 (Linux; Android 10; K) AppleWebKit/537.36 (KHTML, like Gecko) Chrome/138.0.0.0 Mobile Safari/537.36"
172.59.130.211 - - [23/Feb/2026:02:37:15 +0000] "GET /wp-content/uploads/2023/12/bx-car.svg HTTP/1.1" 200 1844 "https://rentalcarllc.net/" "Mozilla/5.0 (Linux; Android 10; K) AppleWebKit/537.36 (KHTML, like Gecko) Chrome/138.0.0.0 Mobile Safari/537.36"
172.59.130.211 - - [23/Feb/2026:02:37:15 +0000] "GET /wp-content/uploads/2023/12/bx-headphone.svg HTTP/1.1" 200 902 "https://rentalcarllc.net/" "Mozilla/5.0 (Linux; Android 10; K) AppleWebKit/537.36 (KHTML, like Gecko) Chrome/138.0.0.0 Mobile Safari/537.36"
172.59.130.211 - - [23/Feb/2026:02:37:15 +0000] "GET /wp-content/uploads/2023/12/bx-selection.svg HTTP/1.1" 200 2138 "https://rentalcarllc.net/" "Mozilla/5.0 (Linux; Android 10; K) AppleWebKit/537.36 (KHTML, like Gecko) Chrome/138.0.0.0 Mobile Safari/537.36"
172.59.130.211 - - [23/Feb/2026:02:37:15 +0000] "GET /wp-content/uploads/2023/12/bx-heart.svg HTTP/1.1" 200 1182 "https://rentalcarllc.net/" "Mozilla/5.0 (Linux; Android 10; K) AppleWebKit/537.36 (KHTML, like Gecko) Chrome/138.0.0.0 Mobile Safari/537.36"
172.59.130.211 - - [23/Feb/2026:02:37:15 +0000] "GET /wp-content/uploads/2023/12/bx-history.svg HTTP/1.1" 200 1489 "https://rentalcarllc.net/" "Mozilla/5.0 (Linux; Android 10; K) AppleWebKit/537.36 (KHTML, like Gecko) Chrome/138.0.0.0 Mobile Safari/537.36"
172.59.130.211 - - [23/Feb/2026:02:37:15 +0000] "GET /wp-content/uploads/2023/12/bx-crown.svg HTTP/1.1" 200 1040 "https://rentalcarllc.net/" "Mozilla/5.0 (Linux; Android 10; K) AppleWebKit/537.36 (KHTML, like Gecko) Chrome/138.0.0.0 Mobile Safari/537.36"
172.59.130.211 - - [23/Feb/2026:02:37:15 +0000] "GET /wp-content/uploads/2023/12/bx-user-check.svg HTTP/1.1" 200 2357 "https://rentalcarllc.net/" "Mozilla/5.0 (Linux; Android 10; K) AppleWebKit/537.36 (KHTML, like Gecko) Chrome/138.0.0.0 Mobile Safari/537.36"
172.59.130.211 - - [23/Feb/2026:02:37:15 +0000] "GET /wp-content/uploads/2023/12/car-right.png HTTP/1.1" 200 149054 "https://rentalcarllc.net/" "Mozilla/5.0 (Linux; Android 10; K) AppleWebKit/537.36 (KHTML, like Gecko) Chrome/138.0.0.0 Mobile Safari/537.36"
172.59.130.211 - - [23/Feb/2026:02:37:16 +0000] "GET /wp-content/uploads/2023/12/avatar-07.jpg HTTP/1.1" 200 42462 "https://rentalcarllc.net/" "Mozilla/5.0 (Linux; Android 10; K) AppleWebKit/537.36 (KHTML, like Gecko) Chrome/138.0.0.0 Mobile Safari/537.36"
172.59.130.211 - - [23/Feb/2026:02:37:16 +0000] "GET /wp-content/uploads/2023/12/avatar-04.jpg HTTP/1.1" 200 29593 "https://rentalcarllc.net/" "Mozilla/5.0 (Linux; Android 10; K) AppleWebKit/537.36 (KHTML, like Gecko) Chrome/138.0.0.0 Mobile Safari/537.36"
172.59.130.211 - - [23/Feb/2026:02:37:16 +0000] "GET /wp-content/uploads/2023/12/avatar-02.jpg HTTP/1.1" 200 27342 "https://rentalcarllc.net/" "Mozilla/5.0 (Linux; Android 10; K) AppleWebKit/537.36 (KHTML, like Gecko) Chrome/138.0.0.0 Mobile Safari/537.36"
172.59.130.211 - - [23/Feb/2026:02:37:16 +0000] "GET /wp-content/uploads/2023/12/avatar-03.jpg HTTP/1.1" 200 34744 "https://rentalcarllc.net/" "Mozilla/5.0 (Linux; Android 10; K) AppleWebKit/537.36 (KHTML, like Gecko) Chrome/138.0.0.0 Mobile Safari/537.36"
172.59.130.211 - - [23/Feb/2026:02:37:16 +0000] "GET /wp-content/uploads/2023/12/apple.svg HTTP/1.1" 200 7355 "https://rentalcarllc.net/" "Mozilla/5.0 (Linux; Android 10; K) AppleWebKit/537.36 (KHTML, like Gecko) Chrome/138.0.0.0 Mobile Safari/537.36"
172.59.130.211 - - [23/Feb/2026:02:37:16 +0000] "GET /wp-content/uploads/2023/12/app-car.png HTTP/1.1" 200 41121 "https://rentalcarllc.net/" "Mozilla/5.0 (Linux; Android 10; K) AppleWebKit/537.36 (KHTML, like Gecko) Chrome/138.0.0.0 Mobile Safari/537.36"
58.164.24.106 - - [23/Feb/2026:02:37:26 +0000] "GET /wp-content/themes/dreamsrent/assets/images/breadcrumb.png HTTP/1.1" 200 11763 "https://yes.ba/" "Mozilla/5.0 (iPad; CPU OS 26_2_1 like Mac OS X) AppleWebKit/605.1.15 (KHTML, like Gecko) GSA/408.0.868297084 Mobile/15E148 Safari/604.1"
86.107.43.38 - - [23/Feb/2026:02:39:04 +0000] "GET /wp-content/uploads/2023/12/bx-car.svg HTTP/1.1" 200 1844 "-" "-"
86.107.43.38 - - [23/Feb/2026:02:39:04 +0000] "GET /wp-content/uploads/2023/12/bx-headphone.svg HTTP/1.1" 200 902 "-" "-"
86.107.43.38 - - [23/Feb/2026:02:39:05 +0000] "GET /wp-content/uploads/2023/12/bx-heart.svg HTTP/1.1" 200 1182 "-" "-"
86.107.43.38 - - [23/Feb/2026:02:39:05 +0000] "GET /wp-content/uploads/2023/12/bx-history.svg HTTP/1.1" 200 1489 "-" "-"
172.187.168.139 - - [23/Feb/2026:02:41:08 +0000] "POST /wp-cron.php?doing_wp_cron=1771814467.9831869602203369140625 HTTP/1.1" 200 31 "-" "WordPress/6.9; https://dreamsrent-wp.dreamstechnologies.com"
50.17.185.102 - - [23/Feb/2026:02:41:08 +0000] "GET / HTTP/1.1" 200 30857 "-" "FreshpingBot/1.0 (+https://freshping.io/)"
47.128.54.36 - - [23/Feb/2026:02:41:14 +0000] "GET /wp-content/uploads/2023/12/bx-selection.svg HTTP/1.1" 206 500 "-" "Mozilla/5.0 (Linux; Android 5.0) AppleWebKit/537.36 (KHTML, like Gecko) Mobile Safari/537.36 (compatible; Bytespider; [email protected])"
172.187.168.139 - - [23/Feb/2026:02:44:14 +0000] "POST /wp-cron.php?doing_wp_cron=1771814654.2519619464874267578125 HTTP/1.1" 200 31 "-" "WordPress/6.9; https://dreamsrent-wp.dreamstechnologies.com"
135.181.180.59 - - [23/Feb/2026:02:44:14 +0000] "GET /robots.txt HTTP/1.1" 200 554 "-" "Mozilla/5.0 (compatible; MJ12bot/v1.4.8; http://mj12bot.com/)"
135.181.180.59 - - [23/Feb/2026:02:44:16 +0000] "GET /?p=5683 HTTP/1.1" 301 5 "-" "Mozilla/5.0 (compatible; MJ12bot/v1.4.8; http://mj12bot.com/)"
135.181.180.59 - - [23/Feb/2026:02:44:19 +0000] "GET /rental/honda-v3/ HTTP/1.1" 200 30908 "-" "Mozilla/5.0 (compatible; MJ12bot/v1.4.8; http://mj12bot.com/)"
135.181.180.59 - - [23/Feb/2026:02:44:22 +0000] "GET /rental/honda-v3/ HTTP/1.1" 200 30952 "-" "Mozilla/5.0 (compatible; MJ12bot/v1.4.8; http://mj12bot.com/)"
31.13.115.9 - - [23/Feb/2026:02:45:55 +0000] "GET /wp-content/uploads/2023/12/services-icon-02.svg HTTP/1.1" 200 8688 "http://www.fortur.com.tr/" "Mozilla/5.0 (Windows NT 10.0; Win64; x64) AppleWebKit/537.36 (KHTML, like Gecko) Chrome/145.0.0.0 Safari/537.36 Edg/145.0.0.0"
31.13.115.9 - - [23/Feb/2026:02:45:55 +0000] "GET /wp-content/uploads/2023/12/services-icon-03.svg HTTP/1.1" 200 10006 "http://www.fortur.com.tr/" "Mozilla/5.0 (Windows NT 10.0; Win64; x64) AppleWebKit/537.36 (KHTML, like Gecko) Chrome/145.0.0.0 Safari/537.36 Edg/145.0.0.0"
31.13.115.9 - - [23/Feb/2026:02:45:56 +0000] "GET /wp-content/uploads/2023/12/avatar-07.jpg HTTP/1.1" 200 42462 "http://www.fortur.com.tr/" "Mozilla/5.0 (Windows NT 10.0; Win64; x64) AppleWebKit/537.36 (KHTML, like Gecko) Chrome/145.0.0.0 Safari/537.36 Edg/145.0.0.0"
