160.242.13.125 - - [23/Feb/2026:11:27:09 +0000] "GET /wp-content/themes/dreamstour/assets/images/payment/visa.svg HTTP/1.1" 404 10360 "https://dreamstour-wp.dreamsmarketplace.com/" "Mozilla/5.0 (Linux; Android 10; K) AppleWebKit/537.36 (KHTML, like Gecko) SamsungBrowser/29.0 Chrome/136.0.0.0 Mobile Safari/537.36"
160.242.13.125 - - [23/Feb/2026:11:27:09 +0000] "GET /win-big-with-linebet-s-huge-casino-jackpots/ HTTP/1.1" 200 21304 "https://dreamstour-wp.dreamsmarketplace.com/" "Mozilla/5.0 (Linux; Android 10; K) AppleWebKit/537.36 (KHTML, like Gecko) SamsungBrowser/29.0 Chrome/136.0.0.0 Mobile Safari/537.36"
160.242.13.125 - - [23/Feb/2026:11:27:10 +0000] "GET /wp-includes/js/wp-emoji-release.min.js?ver=6.9 HTTP/1.1" 304 0 "https://dreamstour-wp.dreamsmarketplace.com/" "Mozilla/5.0 (Linux; Android 10; K) AppleWebKit/537.36 (KHTML, like Gecko) SamsungBrowser/29.0 Chrome/136.0.0.0 Mobile Safari/537.36"
160.242.13.125 - - [23/Feb/2026:11:27:10 +0000] "GET /wp-json/contact-form-7/v1/contact-forms/523/feedback/schema HTTP/1.1" 401 85 "https://dreamstour-wp.dreamsmarketplace.com/" "Mozilla/5.0 (Linux; Android 10; K) AppleWebKit/537.36 (KHTML, like Gecko) SamsungBrowser/29.0 Chrome/136.0.0.0 Mobile Safari/537.36"
2400:1a00:4ba6:e6fa:287c:8ede:3e43:1a66 - - [23/Feb/2026:11:29:33 +0000] "GET /wp-content/uploads/2025/09/user-01.jpg HTTP/1.1" 200 24594 "https://gorkhatourism.com/" "Mozilla/5.0 (Windows NT 10.0; Win64; x64) AppleWebKit/537.36 (KHTML, like Gecko) Chrome/145.0.0.0 Safari/537.36"
2400:1a00:4ba6:e6fa:287c:8ede:3e43:1a66 - - [23/Feb/2026:11:29:33 +0000] "GET /wp-content/uploads/2025/09/listing.svg HTTP/1.1" 200 6243 "https://gorkhatourism.com/" "Mozilla/5.0 (Windows NT 10.0; Win64; x64) AppleWebKit/537.36 (KHTML, like Gecko) Chrome/145.0.0.0 Safari/537.36"
2400:1a00:4ba6:e6fa:287c:8ede:3e43:1a66 - - [23/Feb/2026:11:29:33 +0000] "GET /wp-content/uploads/2025/09/user-02.jpg HTTP/1.1" 200 27172 "https://gorkhatourism.com/" "Mozilla/5.0 (Windows NT 10.0; Win64; x64) AppleWebKit/537.36 (KHTML, like Gecko) Chrome/145.0.0.0 Safari/537.36"
172.187.168.139 - - [23/Feb/2026:11:31:32 +0000] "POST /wp-cron.php?doing_wp_cron=1771846292.6633279323577880859375 HTTP/1.1" 200 31 "-" "WordPress/6.9; https://dreamstour-wp.dreamsmarketplace.com"
2a03:2880:f800:1a:: - - [23/Feb/2026:11:31:32 +0000] "GET /tag/online-casino-deutschland-empfehlung-wildz/ HTTP/1.1" 200 16464 "-" "meta-externalagent/1.1 (+https://developers.facebook.com/docs/sharing/webmasters/crawler)"
172.187.168.139 - - [23/Feb/2026:11:33:57 +0000] "POST /wp-cron.php?doing_wp_cron=1771846436.8284909725189208984375 HTTP/1.1" 200 31 "-" "WordPress/6.9; https://dreamstour-wp.dreamsmarketplace.com"
2a03:2880:f800:8:: - - [23/Feb/2026:11:33:57 +0000] "GET /tag/jetzt-ausprobieren/ HTTP/1.1" 200 16366 "-" "meta-externalagent/1.1 (+https://developers.facebook.com/docs/sharing/webmasters/crawler)"
31.148.250.195 - - [23/Feb/2026:11:34:11 +0000] "GET /tag/photography/ HTTP/1.1" 200 16740 "-" "Mozilla/5.0 (Macintosh; Intel Mac OS X 10_14_6) AppleWebKit/537.36 (KHTML, like Gecko) Brave Chrome/80.0.3987.122 Safari/537.36"
172.187.168.139 - - [23/Feb/2026:11:35:57 +0000] "POST /wp-cron.php?doing_wp_cron=1771846557.7981979846954345703125 HTTP/1.1" 200 31 "-" "WordPress/6.9; https://dreamstour-wp.dreamsmarketplace.com"
2a03:2880:f800:6:: - - [23/Feb/2026:11:35:57 +0000] "GET /tour_why_book/client-satisfaction/ HTTP/1.1" 200 18073 "-" "meta-externalagent/1.1 (+https://developers.facebook.com/docs/sharing/webmasters/crawler)"
172.187.168.139 - - [23/Feb/2026:11:36:48 +0000] "POST /wp-cron.php?doing_wp_cron=1771846608.3217051029205322265625 HTTP/1.1" 200 31 "-" "WordPress/6.9; https://dreamstour-wp.dreamsmarketplace.com"
14.230.155.207 - - [23/Feb/2026:11:36:48 +0000] "GET /tag/cresus-casino-devient-olympe/ HTTP/1.1" 200 16285 "-" "Mozilla/5.0 (Windows NT 10.0; Win64; x64) AppleWebKit/537.36 (KHTML, like Gecko) Chrome/78.0.3904.97 Safari/537.36"
172.187.168.139 - - [23/Feb/2026:11:37:36 +0000] "POST /wp-cron.php?doing_wp_cron=1771846656.2305738925933837890625 HTTP/1.1" 200 31 "-" "WordPress/6.9; https://dreamstour-wp.dreamsmarketplace.com"
41.182.104.168 - - [23/Feb/2026:11:37:36 +0000] "GET /contact-us/ HTTP/1.1" 200 16374 "https://dreamstour-wp.dreamsmarketplace.com/" "Mozilla/5.0 (Windows NT 10.0; Win64; x64) AppleWebKit/537.36 (KHTML, like Gecko) Chrome/145.0.0.0 Safari/537.36"
41.182.104.168 - - [23/Feb/2026:11:37:38 +0000] "GET /wp-content/uploads/elementor/css/post-144.css?ver=1770249738 HTTP/1.1" 404 10360 "https://dreamstour-wp.dreamsmarketplace.com/contact-us/" "Mozilla/5.0 (Windows NT 10.0; Win64; x64) AppleWebKit/537.36 (KHTML, like Gecko) Chrome/145.0.0.0 Safari/537.36"
41.182.104.168 - - [23/Feb/2026:11:37:38 +0000] "GET /wp-content/uploads/elementor/css/custom-frontend.min.css?ver=1770249738 HTTP/1.1" 404 10360 "https://dreamstour-wp.dreamsmarketplace.com/contact-us/" "Mozilla/5.0 (Windows NT 10.0; Win64; x64) AppleWebKit/537.36 (KHTML, like Gecko) Chrome/145.0.0.0 Safari/537.36"
41.182.104.168 - - [23/Feb/2026:11:37:40 +0000] "GET /wp-content/themes/dreamstour/assets/images/payment/visa.svg HTTP/1.1" 404 10360 "https://dreamstour-wp.dreamsmarketplace.com/contact-us/" "Mozilla/5.0 (Windows NT 10.0; Win64; x64) AppleWebKit/537.36 (KHTML, like Gecko) Chrome/145.0.0.0 Safari/537.36"
41.182.104.168 - - [23/Feb/2026:11:37:40 +0000] "GET /wp-json/contact-form-7/v1/contact-forms/242/feedback/schema HTTP/1.1" 401 85 "https://dreamstour-wp.dreamsmarketplace.com/contact-us/" "Mozilla/5.0 (Windows NT 10.0; Win64; x64) AppleWebKit/537.36 (KHTML, like Gecko) Chrome/145.0.0.0 Safari/537.36"
41.182.104.168 - - [23/Feb/2026:11:37:40 +0000] "GET /wp-content/themes/dreamstour/assets/images/payment/mastercard.svg HTTP/1.1" 404 10360 "https://dreamstour-wp.dreamsmarketplace.com/contact-us/" "Mozilla/5.0 (Windows NT 10.0; Win64; x64) AppleWebKit/537.36 (KHTML, like Gecko) Chrome/145.0.0.0 Safari/537.36"
172.187.168.139 - - [23/Feb/2026:11:38:16 +0000] "POST /wp-cron.php?doing_wp_cron=1771846696.3181369304656982421875 HTTP/1.1" 200 31 "-" "WordPress/6.9; https://dreamstour-wp.dreamsmarketplace.com"
41.182.104.168 - - [23/Feb/2026:11:38:16 +0000] "GET / HTTP/1.1" 200 31222 "https://dreamstour-wp.dreamsmarketplace.com/contact-us/" "Mozilla/5.0 (Windows NT 10.0; Win64; x64) AppleWebKit/537.36 (KHTML, like Gecko) Chrome/145.0.0.0 Safari/537.36"
41.182.104.168 - - [23/Feb/2026:11:38:17 +0000] "GET /wp-content/uploads/elementor/css/custom-frontend.min.css?ver=1770249738 HTTP/1.1" 404 10360 "https://dreamstour-wp.dreamsmarketplace.com/" "Mozilla/5.0 (Windows NT 10.0; Win64; x64) AppleWebKit/537.36 (KHTML, like Gecko) Chrome/145.0.0.0 Safari/537.36"
41.182.104.168 - - [23/Feb/2026:11:38:18 +0000] "GET /wp-content/uploads/elementor/css/post-76.css?ver=1770249739 HTTP/1.1" 404 10360 "https://dreamstour-wp.dreamsmarketplace.com/" "Mozilla/5.0 (Windows NT 10.0; Win64; x64) AppleWebKit/537.36 (KHTML, like Gecko) Chrome/145.0.0.0 Safari/537.36"
41.182.104.168 - - [23/Feb/2026:11:38:18 +0000] "GET /wp-content/uploads/elementor/css/post-144.css?ver=1770249738 HTTP/1.1" 404 10360 "https://dreamstour-wp.dreamsmarketplace.com/" "Mozilla/5.0 (Windows NT 10.0; Win64; x64) AppleWebKit/537.36 (KHTML, like Gecko) Chrome/145.0.0.0 Safari/537.36"
41.182.104.168 - - [23/Feb/2026:11:38:19 +0000] "GET /wp-content/themes/dreamstour/assets/images/payment/mastercard.svg HTTP/1.1" 404 10360 "https://dreamstour-wp.dreamsmarketplace.com/" "Mozilla/5.0 (Windows NT 10.0; Win64; x64) AppleWebKit/537.36 (KHTML, like Gecko) Chrome/145.0.0.0 Safari/537.36"
41.182.104.168 - - [23/Feb/2026:11:38:19 +0000] "GET /wp-content/themes/dreamstour/assets/images/payment/visa.svg HTTP/1.1" 404 10360 "https://dreamstour-wp.dreamsmarketplace.com/" "Mozilla/5.0 (Windows NT 10.0; Win64; x64) AppleWebKit/537.36 (KHTML, like Gecko) Chrome/145.0.0.0 Safari/537.36"
41.182.104.168 - - [23/Feb/2026:11:38:19 +0000] "GET /wp-json/contact-form-7/v1/contact-forms/523/feedback/schema HTTP/1.1" 401 85 "https://dreamstour-wp.dreamsmarketplace.com/" "Mozilla/5.0 (Windows NT 10.0; Win64; x64) AppleWebKit/537.36 (KHTML, like Gecko) Chrome/145.0.0.0 Safari/537.36"
172.187.168.139 - - [23/Feb/2026:11:39:31 +0000] "POST /wp-cron.php?doing_wp_cron=1771846771.3915240764617919921875 HTTP/1.1" 200 31 "-" "WordPress/6.9; https://dreamstour-wp.dreamsmarketplace.com"
14.236.48.74 - - [23/Feb/2026:11:39:31 +0000] "GET /the-chain-straps-pop-in-opposition-to-the-ornamental-quilting/ HTTP/1.1" 404 10360 "-" "Mozilla/5.0 (Windows NT 10.0) AppleWebKit/537.36 (KHTML, like Gecko) Chrome/40.0.2214.93 Safari/537.36"
172.187.168.139 - - [23/Feb/2026:11:41:28 +0000] "POST /wp-cron.php?doing_wp_cron=1771846888.2610929012298583984375 HTTP/1.1" 200 31 "-" "WordPress/6.9; https://dreamstour-wp.dreamsmarketplace.com"
41.182.104.168 - - [23/Feb/2026:11:41:28 +0000] "GET /contact-us/ HTTP/1.1" 200 16374 "https://dreamstour-wp.dreamsmarketplace.com/" "Mozilla/5.0 (Windows NT 10.0; Win64; x64) AppleWebKit/537.36 (KHTML, like Gecko) Chrome/145.0.0.0 Safari/537.36"
41.182.104.168 - - [23/Feb/2026:11:41:29 +0000] "GET /wp-content/uploads/elementor/css/custom-frontend.min.css?ver=1770249738 HTTP/1.1" 404 10360 "https://dreamstour-wp.dreamsmarketplace.com/contact-us/" "Mozilla/5.0 (Windows NT 10.0; Win64; x64) AppleWebKit/537.36 (KHTML, like Gecko) Chrome/145.0.0.0 Safari/537.36"
41.182.104.168 - - [23/Feb/2026:11:41:29 +0000] "GET /wp-content/uploads/elementor/css/post-144.css?ver=1770249738 HTTP/1.1" 404 10360 "https://dreamstour-wp.dreamsmarketplace.com/contact-us/" "Mozilla/5.0 (Windows NT 10.0; Win64; x64) AppleWebKit/537.36 (KHTML, like Gecko) Chrome/145.0.0.0 Safari/537.36"
41.182.104.168 - - [23/Feb/2026:11:41:31 +0000] "GET /wp-content/themes/dreamstour/assets/images/payment/mastercard.svg HTTP/1.1" 404 10360 "https://dreamstour-wp.dreamsmarketplace.com/contact-us/" "Mozilla/5.0 (Windows NT 10.0; Win64; x64) AppleWebKit/537.36 (KHTML, like Gecko) Chrome/145.0.0.0 Safari/537.36"
41.182.104.168 - - [23/Feb/2026:11:41:31 +0000] "GET /wp-content/themes/dreamstour/assets/images/payment/visa.svg HTTP/1.1" 404 10360 "https://dreamstour-wp.dreamsmarketplace.com/contact-us/" "Mozilla/5.0 (Windows NT 10.0; Win64; x64) AppleWebKit/537.36 (KHTML, like Gecko) Chrome/145.0.0.0 Safari/537.36"
41.182.104.168 - - [23/Feb/2026:11:41:31 +0000] "GET /wp-json/contact-form-7/v1/contact-forms/242/feedback/schema HTTP/1.1" 401 85 "https://dreamstour-wp.dreamsmarketplace.com/contact-us/" "Mozilla/5.0 (Windows NT 10.0; Win64; x64) AppleWebKit/537.36 (KHTML, like Gecko) Chrome/145.0.0.0 Safari/537.36"
172.187.168.139 - - [23/Feb/2026:11:41:56 +0000] "POST /wp-cron.php?doing_wp_cron=1771846916.1961100101470947265625 HTTP/1.1" 200 31 "-" "WordPress/6.9; https://dreamstour-wp.dreamsmarketplace.com"
41.182.104.168 - - [23/Feb/2026:11:41:56 +0000] "GET /blog-grid/ HTTP/1.1" 200 14698 "https://dreamstour-wp.dreamsmarketplace.com/contact-us/" "Mozilla/5.0 (Windows NT 10.0; Win64; x64) AppleWebKit/537.36 (KHTML, like Gecko) Chrome/145.0.0.0 Safari/537.36"
41.182.104.168 - - [23/Feb/2026:11:41:57 +0000] "GET /wp-content/uploads/elementor/css/post-144.css?ver=1770249738 HTTP/1.1" 404 10360 "https://dreamstour-wp.dreamsmarketplace.com/blog-grid/" "Mozilla/5.0 (Windows NT 10.0; Win64; x64) AppleWebKit/537.36 (KHTML, like Gecko) Chrome/145.0.0.0 Safari/537.36"
41.182.104.168 - - [23/Feb/2026:11:41:57 +0000] "GET /wp-content/uploads/elementor/css/custom-frontend.min.css?ver=1770249738 HTTP/1.1" 404 10360 "https://dreamstour-wp.dreamsmarketplace.com/blog-grid/" "Mozilla/5.0 (Windows NT 10.0; Win64; x64) AppleWebKit/537.36 (KHTML, like Gecko) Chrome/145.0.0.0 Safari/537.36"
41.182.104.168 - - [23/Feb/2026:11:41:58 +0000] "GET /wp-content/themes/dreamstour/assets/images/payment/mastercard.svg HTTP/1.1" 404 10360 "https://dreamstour-wp.dreamsmarketplace.com/blog-grid/" "Mozilla/5.0 (Windows NT 10.0; Win64; x64) AppleWebKit/537.36 (KHTML, like Gecko) Chrome/145.0.0.0 Safari/537.36"
41.182.104.168 - - [23/Feb/2026:11:41:58 +0000] "GET /wp-content/themes/dreamstour/assets/images/payment/visa.svg HTTP/1.1" 404 10360 "https://dreamstour-wp.dreamsmarketplace.com/blog-grid/" "Mozilla/5.0 (Windows NT 10.0; Win64; x64) AppleWebKit/537.36 (KHTML, like Gecko) Chrome/145.0.0.0 Safari/537.36"
172.187.168.139 - - [23/Feb/2026:11:44:31 +0000] "POST /wp-cron.php?doing_wp_cron=1771847071.6486411094665527343750 HTTP/1.1" 200 31 "-" "WordPress/6.9; https://dreamstour-wp.dreamsmarketplace.com"
41.182.104.168 - - [23/Feb/2026:11:44:31 +0000] "GET /blog-list/ HTTP/1.1" 200 18744 "https://dreamstour-wp.dreamsmarketplace.com/blog-grid/" "Mozilla/5.0 (Windows NT 10.0; Win64; x64) AppleWebKit/537.36 (KHTML, like Gecko) Chrome/145.0.0.0 Safari/537.36"
41.182.104.168 - - [23/Feb/2026:11:44:33 +0000] "GET /wp-content/themes/dreamstour/assets/images/payment/visa.svg HTTP/1.1" 404 10360 "https://dreamstour-wp.dreamsmarketplace.com/blog-list/" "Mozilla/5.0 (Windows NT 10.0; Win64; x64) AppleWebKit/537.36 (KHTML, like Gecko) Chrome/145.0.0.0 Safari/537.36"
41.182.104.168 - - [23/Feb/2026:11:44:33 +0000] "GET /wp-content/themes/dreamstour/assets/images/payment/mastercard.svg HTTP/1.1" 404 10360 "https://dreamstour-wp.dreamsmarketplace.com/blog-list/" "Mozilla/5.0 (Windows NT 10.0; Win64; x64) AppleWebKit/537.36 (KHTML, like Gecko) Chrome/145.0.0.0 Safari/537.36"
41.182.104.168 - - [23/Feb/2026:11:44:50 +0000] "GET /about-us/ HTTP/1.1" 200 17947 "https://dreamstour-wp.dreamsmarketplace.com/blog-list/" "Mozilla/5.0 (Windows NT 10.0; Win64; x64) AppleWebKit/537.36 (KHTML, like Gecko) Chrome/145.0.0.0 Safari/537.36"
41.182.104.168 - - [23/Feb/2026:11:44:52 +0000] "GET /wp-content/uploads/elementor/css/post-144.css?ver=1770249738 HTTP/1.1" 404 10360 "https://dreamstour-wp.dreamsmarketplace.com/about-us/" "Mozilla/5.0 (Windows NT 10.0; Win64; x64) AppleWebKit/537.36 (KHTML, like Gecko) Chrome/145.0.0.0 Safari/537.36"
41.182.104.168 - - [23/Feb/2026:11:44:52 +0000] "GET /wp-content/uploads/elementor/css/custom-frontend.min.css?ver=1770249738 HTTP/1.1" 404 10360 "https://dreamstour-wp.dreamsmarketplace.com/about-us/" "Mozilla/5.0 (Windows NT 10.0; Win64; x64) AppleWebKit/537.36 (KHTML, like Gecko) Chrome/145.0.0.0 Safari/537.36"
172.187.168.139 - - [23/Feb/2026:11:44:53 +0000] "POST /wp-cron.php?doing_wp_cron=1771847093.6080338954925537109375 HTTP/1.1" 200 31 "-" "WordPress/6.9; https://dreamstour-wp.dreamsmarketplace.com"
41.182.104.168 - - [23/Feb/2026:11:44:53 +0000] "GET /wp-content/themes/dreamstour/assets/images/payment/mastercard.svg HTTP/1.1" 404 10360 "https://dreamstour-wp.dreamsmarketplace.com/about-us/" "Mozilla/5.0 (Windows NT 10.0; Win64; x64) AppleWebKit/537.36 (KHTML, like Gecko) Chrome/145.0.0.0 Safari/537.36"
41.182.104.168 - - [23/Feb/2026:11:44:53 +0000] "GET /wp-content/themes/dreamstour/assets/images/payment/visa.svg HTTP/1.1" 404 10360 "https://dreamstour-wp.dreamsmarketplace.com/about-us/" "Mozilla/5.0 (Windows NT 10.0; Win64; x64) AppleWebKit/537.36 (KHTML, like Gecko) Chrome/145.0.0.0 Safari/537.36"
41.182.104.168 - - [23/Feb/2026:11:45:06 +0000] "GET /gallery/ HTTP/1.1" 200 15145 "https://dreamstour-wp.dreamsmarketplace.com/about-us/" "Mozilla/5.0 (Windows NT 10.0; Win64; x64) AppleWebKit/537.36 (KHTML, like Gecko) Chrome/145.0.0.0 Safari/537.36"
41.182.104.168 - - [23/Feb/2026:11:45:07 +0000] "GET /wp-content/uploads/elementor/css/post-144.css?ver=1770249738 HTTP/1.1" 404 10360 "https://dreamstour-wp.dreamsmarketplace.com/gallery/" "Mozilla/5.0 (Windows NT 10.0; Win64; x64) AppleWebKit/537.36 (KHTML, like Gecko) Chrome/145.0.0.0 Safari/537.36"
41.182.104.168 - - [23/Feb/2026:11:45:07 +0000] "GET /wp-content/uploads/elementor/css/custom-frontend.min.css?ver=1770249738 HTTP/1.1" 404 10360 "https://dreamstour-wp.dreamsmarketplace.com/gallery/" "Mozilla/5.0 (Windows NT 10.0; Win64; x64) AppleWebKit/537.36 (KHTML, like Gecko) Chrome/145.0.0.0 Safari/537.36"
41.182.104.168 - - [23/Feb/2026:11:45:08 +0000] "GET /wp-content/themes/dreamstour/assets/images/payment/visa.svg HTTP/1.1" 404 10360 "https://dreamstour-wp.dreamsmarketplace.com/gallery/" "Mozilla/5.0 (Windows NT 10.0; Win64; x64) AppleWebKit/537.36 (KHTML, like Gecko) Chrome/145.0.0.0 Safari/537.36"
41.182.104.168 - - [23/Feb/2026:11:45:09 +0000] "GET /wp-content/themes/dreamstour/assets/images/payment/mastercard.svg HTTP/1.1" 404 10360 "https://dreamstour-wp.dreamsmarketplace.com/gallery/" "Mozilla/5.0 (Windows NT 10.0; Win64; x64) AppleWebKit/537.36 (KHTML, like Gecko) Chrome/145.0.0.0 Safari/537.36"
41.182.104.168 - - [23/Feb/2026:11:45:09 +0000] "GET /wp-content/uploads/elementor/css/custom-lightbox.min.css?ver=3.34.3 HTTP/1.1" 404 10360 "https://dreamstour-wp.dreamsmarketplace.com/gallery/" "Mozilla/5.0 (Windows NT 10.0; Win64; x64) AppleWebKit/537.36 (KHTML, like Gecko) Chrome/145.0.0.0 Safari/537.36"
41.182.104.168 - - [23/Feb/2026:11:45:38 +0000] "GET / HTTP/1.1" 200 31237 "https://dreamstour-wp.dreamsmarketplace.com/gallery/" "Mozilla/5.0 (Windows NT 10.0; Win64; x64) AppleWebKit/537.36 (KHTML, like Gecko) Chrome/145.0.0.0 Safari/537.36"
41.182.104.168 - - [23/Feb/2026:11:45:40 +0000] "GET /wp-content/uploads/elementor/css/custom-frontend.min.css?ver=1770249738 HTTP/1.1" 404 10360 "https://dreamstour-wp.dreamsmarketplace.com/" "Mozilla/5.0 (Windows NT 10.0; Win64; x64) AppleWebKit/537.36 (KHTML, like Gecko) Chrome/145.0.0.0 Safari/537.36"
41.182.104.168 - - [23/Feb/2026:11:45:40 +0000] "GET /wp-content/uploads/elementor/css/post-144.css?ver=1770249738 HTTP/1.1" 404 10360 "https://dreamstour-wp.dreamsmarketplace.com/" "Mozilla/5.0 (Windows NT 10.0; Win64; x64) AppleWebKit/537.36 (KHTML, like Gecko) Chrome/145.0.0.0 Safari/537.36"
41.182.104.168 - - [23/Feb/2026:11:45:40 +0000] "GET /wp-content/uploads/elementor/css/post-76.css?ver=1770249739 HTTP/1.1" 404 10360 "https://dreamstour-wp.dreamsmarketplace.com/" "Mozilla/5.0 (Windows NT 10.0; Win64; x64) AppleWebKit/537.36 (KHTML, like Gecko) Chrome/145.0.0.0 Safari/537.36"
41.182.104.168 - - [23/Feb/2026:11:45:41 +0000] "GET /wp-content/themes/dreamstour/assets/images/payment/mastercard.svg HTTP/1.1" 404 10360 "https://dreamstour-wp.dreamsmarketplace.com/" "Mozilla/5.0 (Windows NT 10.0; Win64; x64) AppleWebKit/537.36 (KHTML, like Gecko) Chrome/145.0.0.0 Safari/537.36"
41.182.104.168 - - [23/Feb/2026:11:45:41 +0000] "GET /wp-content/themes/dreamstour/assets/images/payment/visa.svg HTTP/1.1" 404 10360 "https://dreamstour-wp.dreamsmarketplace.com/" "Mozilla/5.0 (Windows NT 10.0; Win64; x64) AppleWebKit/537.36 (KHTML, like Gecko) Chrome/145.0.0.0 Safari/537.36"
41.182.104.168 - - [23/Feb/2026:11:45:41 +0000] "GET /wp-json/contact-form-7/v1/contact-forms/523/feedback/schema HTTP/1.1" 401 85 "https://dreamstour-wp.dreamsmarketplace.com/" "Mozilla/5.0 (Windows NT 10.0; Win64; x64) AppleWebKit/537.36 (KHTML, like Gecko) Chrome/145.0.0.0 Safari/537.36"
172.187.168.139 - - [23/Feb/2026:11:46:16 +0000] "POST /wp-cron.php?doing_wp_cron=1771847176.2516279220581054687500 HTTP/1.1" 200 31 "-" "WordPress/6.9; https://dreamstour-wp.dreamsmarketplace.com"
66.249.64.7 - - [23/Feb/2026:11:46:16 +0000] "GET /starzino-casino-waar-kansberekening-en-strategie-elkaar-ontmoeten/ HTTP/1.1" 404 10360 "-" "Mozilla/5.0 (Linux; Android 6.0.1; Nexus 5X Build/MMB29P) AppleWebKit/537.36 (KHTML, like Gecko) Chrome/144.0.7559.132 Mobile Safari/537.36 (compatible; Googlebot/2.1; +http://www.google.com/bot.html)"
66.249.64.8 - - [23/Feb/2026:11:48:11 +0000] "GET /wp-content/uploads/2025/10/client-06.svg HTTP/1.1" 200 4734 "https://travokart.com/" "Mozilla/5.0 (compatible; Googlebot/2.1; +http://www.google.com/bot.html)"
66.249.64.6 - - [23/Feb/2026:11:48:12 +0000] "GET /wp-content/uploads/2025/10/client-03.svg HTTP/1.1" 200 4788 "https://travokart.com/" "Mozilla/5.0 (compatible; Googlebot/2.1; +http://www.google.com/bot.html)"
40.77.167.74 - - [23/Feb/2026:11:48:21 +0000] "GET /wp-content/uploads/2025/09/tour-large-new-03-855x400.jpg HTTP/1.1" 200 80939 "-" "Mozilla/5.0 AppleWebKit/537.36 (KHTML, like Gecko; compatible; bingbot/2.0; +http://www.bing.com/bingbot.htm) Chrome/116.0.1938.76 Safari/537.36"
172.187.168.139 - - [23/Feb/2026:11:49:00 +0000] "POST /wp-cron.php?doing_wp_cron=1771847340.0815970897674560546875 HTTP/1.1" 200 31 "-" "WordPress/6.9; https://dreamstour-wp.dreamsmarketplace.com"
2a03:2880:f800:36:: - - [23/Feb/2026:11:49:00 +0000] "GET /wp-sitemap-posts-post-1.xml HTTP/1.1" 301 5 "-" "meta-externalagent/1.1 (+https://developers.facebook.com/docs/sharing/webmasters/crawler)"
172.187.168.139 - - [23/Feb/2026:11:50:39 +0000] "POST /wp-cron.php?doing_wp_cron=1771847439.4665629863739013671875 HTTP/1.1" 200 31 "-" "WordPress/6.9; https://dreamstour-wp.dreamsmarketplace.com"
41.182.104.168 - - [23/Feb/2026:11:50:39 +0000] "GET /blog-list/ HTTP/1.1" 200 18744 "https://dreamstour-wp.dreamsmarketplace.com/" "Mozilla/5.0 (Windows NT 10.0; Win64; x64) AppleWebKit/537.36 (KHTML, like Gecko) Chrome/145.0.0.0 Safari/537.36"
41.182.104.168 - - [23/Feb/2026:11:50:40 +0000] "GET /wp-content/themes/dreamstour/assets/images/payment/mastercard.svg HTTP/1.1" 404 10360 "https://dreamstour-wp.dreamsmarketplace.com/blog-list/" "Mozilla/5.0 (Windows NT 10.0; Win64; x64) AppleWebKit/537.36 (KHTML, like Gecko) Chrome/145.0.0.0 Safari/537.36"
41.182.104.168 - - [23/Feb/2026:11:50:40 +0000] "GET /wp-content/themes/dreamstour/assets/images/payment/visa.svg HTTP/1.1" 404 10360 "https://dreamstour-wp.dreamsmarketplace.com/blog-list/" "Mozilla/5.0 (Windows NT 10.0; Win64; x64) AppleWebKit/537.36 (KHTML, like Gecko) Chrome/145.0.0.0 Safari/537.36"
172.187.168.139 - - [23/Feb/2026:11:50:53 +0000] "POST /wp-cron.php?doing_wp_cron=1771847453.8897180557250976562500 HTTP/1.1" 200 31 "-" "WordPress/6.9; https://dreamstour-wp.dreamsmarketplace.com"
2a03:2880:f800:21:: - - [23/Feb/2026:11:50:53 +0000] "GET /wp-sitemap-taxonomies-product_cat-1.xml HTTP/1.1" 301 5 "-" "meta-externalagent/1.1 (+https://developers.facebook.com/docs/sharing/webmasters/crawler)"
172.187.168.139 - - [23/Feb/2026:11:59:32 +0000] "POST /wp-cron.php?doing_wp_cron=1771847972.0590050220489501953125 HTTP/1.1" 200 31 "-" "WordPress/6.9; https://dreamstour-wp.dreamsmarketplace.com"
36.37.228.75 - - [23/Feb/2026:11:59:32 +0000] "GET /category/travel/ HTTP/1.1" 200 18313 "-" "Mozilla/5.0 (Windows NT 6.1) AppleWebKit/537.36 (KHTML, like Gecko) Chrome/79.0.3945.117 Safari/537.36"
172.187.168.139 - - [23/Feb/2026:12:02:58 +0000] "POST /wp-cron.php?doing_wp_cron=1771848178.4283449649810791015625 HTTP/1.1" 200 31 "-" "WordPress/6.9; https://dreamstour-wp.dreamsmarketplace.com"
216.244.66.236 - - [23/Feb/2026:12:02:58 +0000] "GET /robots.txt HTTP/1.1" 200 428 "-" "Mozilla/5.0 (compatible; DotBot/1.2; +https://opensiteexplorer.org/dotbot; [email protected])"
172.187.168.139 - - [23/Feb/2026:12:05:15 +0000] "POST /wp-cron.php?doing_wp_cron=1771848315.4540379047393798828125 HTTP/1.1" 200 31 "-" "WordPress/6.9; https://dreamstour-wp.dreamsmarketplace.com"
113.188.139.168 - - [23/Feb/2026:12:05:15 +0000] "GET /faq/ HTTP/1.1" 200 15591 "-" "Mozilla/5.0 (Windows NT 6.1; WOW64) AppleWebKit/537.36 (KHTML, like Gecko) Chrome/67.0.3396.62 Safari/537.36"
172.187.168.139 - - [23/Feb/2026:12:07:29 +0000] "POST /wp-cron.php?doing_wp_cron=1771848449.8924770355224609375000 HTTP/1.1" 200 31 "-" "WordPress/6.9; https://dreamstour-wp.dreamsmarketplace.com"
216.244.66.236 - - [23/Feb/2026:12:07:29 +0000] "GET /forgot-password/ HTTP/1.1" 200 11193 "-" "Mozilla/5.0 (compatible; DotBot/1.2; +https://opensiteexplorer.org/dotbot; [email protected])"
172.187.168.139 - - [23/Feb/2026:12:12:01 +0000] "POST /wp-cron.php?doing_wp_cron=1771848721.1167340278625488281250 HTTP/1.1" 200 31 "-" "WordPress/6.9; https://dreamstour-wp.dreamsmarketplace.com"
2a03:2880:f800:34:: - - [23/Feb/2026:12:12:01 +0000] "GET /wp-sitemap-taxonomies-tour_country-1.xml HTTP/1.1" 301 5 "-" "meta-externalagent/1.1 (+https://developers.facebook.com/docs/sharing/webmasters/crawler)"
172.187.168.139 - - [23/Feb/2026:12:26:21 +0000] "POST /wp-cron.php?doing_wp_cron=1771849581.3901441097259521484375 HTTP/1.1" 200 31 "-" "WordPress/6.9; https://dreamstour-wp.dreamsmarketplace.com"
2a03:2880:f800:13:: - - [23/Feb/2026:12:26:21 +0000] "GET /tour_activities/culinary-tours/ HTTP/1.1" 200 18059 "-" "meta-externalagent/1.1 (+https://developers.facebook.com/docs/sharing/webmasters/crawler)"
172.187.168.139 - - [23/Feb/2026:12:33:12 +0000] "POST /wp-cron.php?doing_wp_cron=1771849992.8942029476165771484375 HTTP/1.1" 200 31 "-" "WordPress/6.9; https://dreamstour-wp.dreamsmarketplace.com"
2a03:2880:f800:3d:: - - [23/Feb/2026:12:33:12 +0000] "GET /tour_category/summer-trip/ HTTP/1.1" 200 15406 "-" "meta-externalagent/1.1 (+https://developers.facebook.com/docs/sharing/webmasters/crawler)"
172.187.168.139 - - [23/Feb/2026:12:35:24 +0000] "POST /wp-cron.php?doing_wp_cron=1771850124.2721960544586181640625 HTTP/1.1" 200 31 "-" "WordPress/6.9; https://dreamstour-wp.dreamsmarketplace.com"
2a03:2880:f800:1c:: - - [23/Feb/2026:12:35:24 +0000] "GET /tour/majestic-peaks/ HTTP/1.1" 200 23352 "-" "meta-externalagent/1.1 (+https://developers.facebook.com/docs/sharing/webmasters/crawler)"
172.187.168.139 - - [23/Feb/2026:12:38:36 +0000] "POST /wp-cron.php?doing_wp_cron=1771850316.4826600551605224609375 HTTP/1.1" 200 31 "-" "WordPress/6.9; https://dreamstour-wp.dreamsmarketplace.com"
123.23.79.176 - - [23/Feb/2026:12:38:36 +0000] "GET /online-casino-belgium/ HTTP/1.1" 404 10359 "-" "Mozilla/5.0 (Windows NT 10.0; Win64; x64) AppleWebKit/537.36 (KHTML, like Gecko) Chrome/79.0.3945.79 Safari/537.36"
172.187.168.139 - - [23/Feb/2026:12:41:04 +0000] "POST /wp-cron.php?doing_wp_cron=1771850464.8918070793151855468750 HTTP/1.1" 200 31 "-" "WordPress/6.9; https://dreamstour-wp.dreamsmarketplace.com"
123.31.176.63 - - [23/Feb/2026:12:41:04 +0000] "GET /casino-de-barbazan/ HTTP/1.1" 404 10359 "-" "Mozilla/5.0 (Macintosh; Intel Mac OS X 10_15_6) AppleWebKit/537.36 (KHTML, like Gecko) Chrome/91.0.4450.0 Safari/537.36"
172.187.168.139 - - [23/Feb/2026:12:43:17 +0000] "POST /wp-cron.php?doing_wp_cron=1771850597.6255021095275878906250 HTTP/1.1" 200 31 "-" "WordPress/6.9; https://dreamstour-wp.dreamsmarketplace.com"
2a03:2880:f800:35:: - - [23/Feb/2026:12:43:17 +0000] "GET /hacked-by-manzz/ HTTP/1.1" 200 18134 "-" "meta-externalagent/1.1 (+https://developers.facebook.com/docs/sharing/webmasters/crawler)"
2a03:2880:f800:2e:: - - [23/Feb/2026:12:43:49 +0000] "GET /tour_activities/sightseeing/ HTTP/1.1" 200 18046 "-" "meta-externalagent/1.1 (+https://developers.facebook.com/docs/sharing/webmasters/crawler)"
172.187.168.139 - - [23/Feb/2026:12:47:36 +0000] "POST /wp-cron.php?doing_wp_cron=1771850855.9906339645385742187500 HTTP/1.1" 200 31 "-" "WordPress/6.9; https://dreamstour-wp.dreamsmarketplace.com"
2a03:2880:f800:13:: - - [23/Feb/2026:12:47:36 +0000] "GET /top-10-hidden-gems-places-in-central-europe-in-2025/ HTTP/1.1" 200 18560 "-" "meta-externalagent/1.1 (+https://developers.facebook.com/docs/sharing/webmasters/crawler)"
172.187.168.139 - - [23/Feb/2026:12:51:02 +0000] "POST /wp-cron.php?doing_wp_cron=1771851062.2036650180816650390625 HTTP/1.1" 200 31 "-" "WordPress/6.9; https://dreamstour-wp.dreamsmarketplace.com"
2a03:2880:f800:3a:: - - [23/Feb/2026:12:51:02 +0000] "GET /tour_excludes/accommodation/ HTTP/1.1" 200 18026 "-" "meta-externalagent/1.1 (+https://developers.facebook.com/docs/sharing/webmasters/crawler)"
172.187.168.139 - - [23/Feb/2026:12:52:56 +0000] "POST /wp-cron.php?doing_wp_cron=1771851176.5356199741363525390625 HTTP/1.1" 200 31 "-" "WordPress/6.9; https://dreamstour-wp.dreamsmarketplace.com"
66.249.66.166 - - [23/Feb/2026:12:52:56 +0000] "GET /robots.txt HTTP/1.1" 200 428 "-" "Mozilla/5.0 (compatible; Googlebot/2.1; +http://www.google.com/bot.html)"
66.249.66.6 - - [23/Feb/2026:12:52:57 +0000] "GET /category/mrplaycasino/feed/ HTTP/1.1" 200 3435 "-" "Mozilla/5.0 (compatible; Googlebot/2.1; +http://www.google.com/bot.html)"
113.176.42.83 - - [23/Feb/2026:12:53:21 +0000] "GET /just-like-we-talked-about-before/ HTTP/1.1" 404 10359 "-" "Mozilla/5.0 (Windows NT 6.1; Win64; x64) AppleWebKit/537.36 (KHTML, like Gecko) Chrome/84.0.4147.135 Safari/537.36"
172.187.168.139 - - [23/Feb/2026:13:02:15 +0000] "POST /wp-cron.php?doing_wp_cron=1771851735.3941330909729003906250 HTTP/1.1" 200 31 "-" "WordPress/6.9; https://dreamstour-wp.dreamsmarketplace.com"
2a03:2880:f800:3f:: - - [23/Feb/2026:13:02:15 +0000] "GET /shop/ HTTP/1.1" 200 16756 "-" "meta-externalagent/1.1 (+https://developers.facebook.com/docs/sharing/webmasters/crawler)"
172.187.168.139 - - [23/Feb/2026:13:04:34 +0000] "POST /wp-cron.php?doing_wp_cron=1771851874.6763119697570800781250 HTTP/1.1" 200 31 "-" "WordPress/6.9; https://dreamstour-wp.dreamsmarketplace.com"
2a03:2880:f800:3f:: - - [23/Feb/2026:13:04:34 +0000] "GET /tour_duration_nights/4-nights/ HTTP/1.1" 200 17050 "-" "meta-externalagent/1.1 (+https://developers.facebook.com/docs/sharing/webmasters/crawler)"
172.187.168.139 - - [23/Feb/2026:13:17:49 +0000] "POST /wp-cron.php?doing_wp_cron=1771852669.1577520370483398437500 HTTP/1.1" 200 31 "-" "WordPress/6.9; https://dreamstour-wp.dreamsmarketplace.com"
2a03:2880:f800:42:: - - [23/Feb/2026:13:17:49 +0000] "GET /wp-sitemap-taxonomies-category-1.xml HTTP/1.1" 301 5 "-" "meta-externalagent/1.1 (+https://developers.facebook.com/docs/sharing/webmasters/crawler)"
172.187.168.139 - - [23/Feb/2026:13:19:40 +0000] "POST /wp-cron.php?doing_wp_cron=1771852780.7775559425354003906250 HTTP/1.1" 200 31 "-" "WordPress/6.9; https://dreamstour-wp.dreamsmarketplace.com"
168.228.211.44 - - [23/Feb/2026:13:19:40 +0000] "GET /kings-casino-poker/ HTTP/1.1" 404 10359 "-" "Mozilla/5.0 (Macintosh; Intel Mac OS X 10_13_3) AppleWebKit/537.36 (KHTML, like Gecko) Chrome/67.0.3396.2 Safari/537.36"
172.187.168.139 - - [23/Feb/2026:13:25:59 +0000] "POST /wp-cron.php?doing_wp_cron=1771853159.1084580421447753906250 HTTP/1.1" 200 31 "-" "WordPress/6.9; https://dreamstour-wp.dreamsmarketplace.com"
113.187.249.151 - - [23/Feb/2026:13:25:59 +0000] "GET /lalabet-casino-analytisch-spelen-voor-nederlandse-gebruikers/ HTTP/1.1" 404 10359 "-" "Mozilla/5.0 (Macintosh; Intel Mac OS X 10_15_7) AppleWebKit/537.36 (KHTML, like Gecko) Chrome/105.0.0.0 Safari/537.36"
172.187.168.139 - - [23/Feb/2026:13:30:04 +0000] "POST /wp-cron.php?doing_wp_cron=1771853404.0625360012054443359375 HTTP/1.1" 200 31 "-" "WordPress/6.9; https://dreamstour-wp.dreamsmarketplace.com"
17.241.75.243 - - [23/Feb/2026:13:30:04 +0000] "GET /robots.txt HTTP/1.1" 200 428 "-" "Mozilla/5.0 (Macintosh; Intel Mac OS X 10_15_7) AppleWebKit/605.1.15 (KHTML, like Gecko) Version/17.4 Safari/605.1.15 (Applebot/0.1; +http://www.apple.com/go/applebot)"
17.241.75.243 - - [23/Feb/2026:13:30:04 +0000] "GET /wp-content/uploads/2025/09/blog-list-02.jpg HTTP/1.1" 200 35542 "-" "Mozilla/5.0 (Macintosh; Intel Mac OS X 10_15_7) AppleWebKit/605.1.15 (KHTML, like Gecko) Version/17.4 Safari/605.1.15 (Applebot/0.1; +http://www.apple.com/go/applebot)"
172.187.168.139 - - [23/Feb/2026:13:35:42 +0000] "POST /wp-cron.php?doing_wp_cron=1771853742.3983340263366699218750 HTTP/1.1" 200 31 "-" "WordPress/6.9; https://dreamstour-wp.dreamsmarketplace.com"
160.242.13.125 - - [23/Feb/2026:13:35:42 +0000] "GET / HTTP/1.1" 200 31231 "-" "Mozilla/5.0 (Linux; Android 10; K) AppleWebKit/537.36 (KHTML, like Gecko) SamsungBrowser/29.0 Chrome/136.0.0.0 Mobile Safari/537.36"
160.242.13.125 - - [23/Feb/2026:13:35:44 +0000] "GET /wp-content/uploads/elementor/css/post-144.css?ver=1770249738 HTTP/1.1" 404 10359 "https://dreamstour-wp.dreamsmarketplace.com/" "Mozilla/5.0 (Linux; Android 10; K) AppleWebKit/537.36 (KHTML, like Gecko) SamsungBrowser/29.0 Chrome/136.0.0.0 Mobile Safari/537.36"
160.242.13.125 - - [23/Feb/2026:13:35:45 +0000] "GET /wp-content/uploads/elementor/css/post-76.css?ver=1770249739 HTTP/1.1" 404 10359 "https://dreamstour-wp.dreamsmarketplace.com/" "Mozilla/5.0 (Linux; Android 10; K) AppleWebKit/537.36 (KHTML, like Gecko) SamsungBrowser/29.0 Chrome/136.0.0.0 Mobile Safari/537.36"
160.242.13.125 - - [23/Feb/2026:13:35:45 +0000] "GET /wp-content/uploads/elementor/css/custom-frontend.min.css?ver=1770249738 HTTP/1.1" 404 10359 "https://dreamstour-wp.dreamsmarketplace.com/" "Mozilla/5.0 (Linux; Android 10; K) AppleWebKit/537.36 (KHTML, like Gecko) SamsungBrowser/29.0 Chrome/136.0.0.0 Mobile Safari/537.36"
160.242.13.125 - - [23/Feb/2026:13:35:46 +0000] "GET /wp-content/themes/dreamstour/assets/images/payment/mastercard.svg HTTP/1.1" 404 10359 "https://dreamstour-wp.dreamsmarketplace.com/" "Mozilla/5.0 (Linux; Android 10; K) AppleWebKit/537.36 (KHTML, like Gecko) SamsungBrowser/29.0 Chrome/136.0.0.0 Mobile Safari/537.36"
160.242.13.125 - - [23/Feb/2026:13:35:46 +0000] "GET /wp-content/themes/dreamstour/assets/images/payment/visa.svg HTTP/1.1" 404 10359 "https://dreamstour-wp.dreamsmarketplace.com/" "Mozilla/5.0 (Linux; Android 10; K) AppleWebKit/537.36 (KHTML, like Gecko) SamsungBrowser/29.0 Chrome/136.0.0.0 Mobile Safari/537.36"
160.242.13.125 - - [23/Feb/2026:13:35:48 +0000] "GET /wp-json/contact-form-7/v1/contact-forms/523/feedback/schema HTTP/1.1" 401 85 "https://dreamstour-wp.dreamsmarketplace.com/" "Mozilla/5.0 (Linux; Android 10; K) AppleWebKit/537.36 (KHTML, like Gecko) SamsungBrowser/29.0 Chrome/136.0.0.0 Mobile Safari/537.36"
172.187.168.139 - - [23/Feb/2026:13:45:23 +0000] "POST /wp-cron.php?doing_wp_cron=1771854323.4400289058685302734375 HTTP/1.1" 200 31 "-" "WordPress/6.9; https://dreamstour-wp.dreamsmarketplace.com"
2a03:2880:f800:15:: - - [23/Feb/2026:13:45:23 +0000] "GET /product/rainbow-mountain-valley/ HTTP/1.1" 200 17890 "-" "meta-externalagent/1.1 (+https://developers.facebook.com/docs/sharing/webmasters/crawler)"
172.187.168.139 - - [23/Feb/2026:13:49:21 +0000] "POST /wp-cron.php?doing_wp_cron=1771854561.4654529094696044921875 HTTP/1.1" 200 31 "-" "WordPress/6.9; https://dreamstour-wp.dreamsmarketplace.com"
2a03:2880:f800:25:: - - [23/Feb/2026:13:49:21 +0000] "GET /tour_why_book/comprehensive-planning/ HTTP/1.1" 200 18072 "-" "meta-externalagent/1.1 (+https://developers.facebook.com/docs/sharing/webmasters/crawler)"
172.187.168.139 - - [23/Feb/2026:13:50:36 +0000] "POST /wp-cron.php?doing_wp_cron=1771854636.7446160316467285156250 HTTP/1.1" 200 31 "-" "WordPress/6.9; https://dreamstour-wp.dreamsmarketplace.com"
2a03:2880:f800:34:: - - [23/Feb/2026:13:50:36 +0000] "GET /tag/mr-play-casino-promo/ HTTP/1.1" 200 16277 "-" "meta-externalagent/1.1 (+https://developers.facebook.com/docs/sharing/webmasters/crawler)"
172.187.168.139 - - [23/Feb/2026:13:51:11 +0000] "POST /wp-cron.php?doing_wp_cron=1771854671.6601550579071044921875 HTTP/1.1" 200 31 "-" "WordPress/6.9; https://dreamstour-wp.dreamsmarketplace.com"
2a03:2880:f800:31:: - - [23/Feb/2026:13:51:11 +0000] "GET /tour_why_book/tailored-services/ HTTP/1.1" 200 18084 "-" "meta-externalagent/1.1 (+https://developers.facebook.com/docs/sharing/webmasters/crawler)"
172.187.168.139 - - [23/Feb/2026:13:54:21 +0000] "POST /wp-cron.php?doing_wp_cron=1771854861.2806410789489746093750 HTTP/1.1" 200 31 "-" "WordPress/6.9; https://dreamstour-wp.dreamsmarketplace.com"
2a03:2880:f800:46:: - - [23/Feb/2026:13:54:21 +0000] "GET /product/mystical-caves/ HTTP/1.1" 200 17959 "-" "meta-externalagent/1.1 (+https://developers.facebook.com/docs/sharing/webmasters/crawler)"
172.187.168.139 - - [23/Feb/2026:13:54:59 +0000] "POST /wp-cron.php?doing_wp_cron=1771854899.9155719280242919921875 HTTP/1.1" 200 31 "-" "WordPress/6.9; https://dreamstour-wp.dreamsmarketplace.com"
2a03:2880:f800:17:: - - [23/Feb/2026:13:54:59 +0000] "GET /tag/tauchen-sie-ein/ HTTP/1.1" 200 16354 "-" "meta-externalagent/1.1 (+https://developers.facebook.com/docs/sharing/webmasters/crawler)"
172.187.168.139 - - [23/Feb/2026:13:56:06 +0000] "POST /wp-cron.php?doing_wp_cron=1771854966.0010681152343750000000 HTTP/1.1" 200 31 "-" "WordPress/6.9; https://dreamstour-wp.dreamsmarketplace.com"
41.75.173.127 - - [23/Feb/2026:13:56:06 +0000] "GET /home-02/ HTTP/1.1" 200 26850 "-" "Mozilla/5.0 (Windows NT 10.0; Win64; x64) AppleWebKit/537.36 (KHTML, like Gecko) Chrome/141.0.0.0 Safari/537.36"
41.75.173.127 - - [23/Feb/2026:13:56:07 +0000] "GET /wp-content/uploads/elementor/css/custom-frontend.min.css?ver=1770249738 HTTP/1.1" 404 10359 "https://dreamstour-wp.dreamsmarketplace.com/home-02/" "Mozilla/5.0 (Windows NT 10.0; Win64; x64) AppleWebKit/537.36 (KHTML, like Gecko) Chrome/141.0.0.0 Safari/537.36"
41.75.173.127 - - [23/Feb/2026:13:56:07 +0000] "GET /wp-content/uploads/elementor/css/post-144.css?ver=1770249738 HTTP/1.1" 404 10359 "https://dreamstour-wp.dreamsmarketplace.com/home-02/" "Mozilla/5.0 (Windows NT 10.0; Win64; x64) AppleWebKit/537.36 (KHTML, like Gecko) Chrome/141.0.0.0 Safari/537.36"
41.75.173.127 - - [23/Feb/2026:13:56:08 +0000] "GET /wp-content/uploads/2025/10/gallery-tour-06.jpg HTTP/1.1" 304 0 "https://dreamstour-wp.dreamsmarketplace.com/home-02/" "Mozilla/5.0 (Windows NT 10.0; Win64; x64) AppleWebKit/537.36 (KHTML, like Gecko) Chrome/141.0.0.0 Safari/537.36"
41.75.173.127 - - [23/Feb/2026:13:56:08 +0000] "GET /wp-content/uploads/2025/10/gallery-tour-03.jpg HTTP/1.1" 304 0 "https://dreamstour-wp.dreamsmarketplace.com/home-02/" "Mozilla/5.0 (Windows NT 10.0; Win64; x64) AppleWebKit/537.36 (KHTML, like Gecko) Chrome/141.0.0.0 Safari/537.36"
41.75.173.127 - - [23/Feb/2026:13:56:08 +0000] "GET /wp-content/uploads/2025/10/section-img-03.png HTTP/1.1" 304 0 "https://dreamstour-wp.dreamsmarketplace.com/home-02/" "Mozilla/5.0 (Windows NT 10.0; Win64; x64) AppleWebKit/537.36 (KHTML, like Gecko) Chrome/141.0.0.0 Safari/537.36"
41.75.173.127 - - [23/Feb/2026:13:56:08 +0000] "GET /wp-content/uploads/2025/10/gallery-tour-05.jpg HTTP/1.1" 304 0 "https://dreamstour-wp.dreamsmarketplace.com/home-02/" "Mozilla/5.0 (Windows NT 10.0; Win64; x64) AppleWebKit/537.36 (KHTML, like Gecko) Chrome/141.0.0.0 Safari/537.36"
41.75.173.127 - - [23/Feb/2026:13:56:08 +0000] "GET /wp-content/uploads/2025/10/gallery-tour-04.jpg HTTP/1.1" 304 0 "https://dreamstour-wp.dreamsmarketplace.com/home-02/" "Mozilla/5.0 (Windows NT 10.0; Win64; x64) AppleWebKit/537.36 (KHTML, like Gecko) Chrome/141.0.0.0 Safari/537.36"
41.75.173.127 - - [23/Feb/2026:13:56:08 +0000] "GET /wp-content/uploads/2025/10/gallery-tour-01.jpg HTTP/1.1" 304 0 "https://dreamstour-wp.dreamsmarketplace.com/home-02/" "Mozilla/5.0 (Windows NT 10.0; Win64; x64) AppleWebKit/537.36 (KHTML, like Gecko) Chrome/141.0.0.0 Safari/537.36"
41.75.173.127 - - [23/Feb/2026:13:56:08 +0000] "GET /wp-content/uploads/2025/10/gallery-tour-02.jpg HTTP/1.1" 304 0 "https://dreamstour-wp.dreamsmarketplace.com/home-02/" "Mozilla/5.0 (Windows NT 10.0; Win64; x64) AppleWebKit/537.36 (KHTML, like Gecko) Chrome/141.0.0.0 Safari/537.36"
41.75.173.127 - - [23/Feb/2026:13:56:08 +0000] "GET /wp-content/uploads/2025/10/section-img-02.png HTTP/1.1" 304 0 "https://dreamstour-wp.dreamsmarketplace.com/home-02/" "Mozilla/5.0 (Windows NT 10.0; Win64; x64) AppleWebKit/537.36 (KHTML, like Gecko) Chrome/141.0.0.0 Safari/537.36"
41.75.173.127 - - [23/Feb/2026:13:56:08 +0000] "GET /wp-content/uploads/2025/09/user-01-1.jpg HTTP/1.1" 304 0 "https://dreamstour-wp.dreamsmarketplace.com/home-02/" "Mozilla/5.0 (Windows NT 10.0; Win64; x64) AppleWebKit/537.36 (KHTML, like Gecko) Chrome/141.0.0.0 Safari/537.36"
41.75.173.127 - - [23/Feb/2026:13:56:08 +0000] "GET /wp-content/uploads/2025/09/user-18.jpg HTTP/1.1" 304 0 "https://dreamstour-wp.dreamsmarketplace.com/home-02/" "Mozilla/5.0 (Windows NT 10.0; Win64; x64) AppleWebKit/537.36 (KHTML, like Gecko) Chrome/141.0.0.0 Safari/537.36"
41.75.173.127 - - [23/Feb/2026:13:56:08 +0000] "GET /wp-content/uploads/2025/10/client-02.svg HTTP/1.1" 304 0 "https://dreamstour-wp.dreamsmarketplace.com/home-02/" "Mozilla/5.0 (Windows NT 10.0; Win64; x64) AppleWebKit/537.36 (KHTML, like Gecko) Chrome/141.0.0.0 Safari/537.36"
41.75.173.127 - - [23/Feb/2026:13:56:08 +0000] "GET /wp-content/uploads/2025/10/client-03.svg HTTP/1.1" 304 0 "https://dreamstour-wp.dreamsmarketplace.com/home-02/" "Mozilla/5.0 (Windows NT 10.0; Win64; x64) AppleWebKit/537.36 (KHTML, like Gecko) Chrome/141.0.0.0 Safari/537.36"
41.75.173.127 - - [23/Feb/2026:13:56:08 +0000] "GET /wp-content/uploads/2025/09/user-19.jpg HTTP/1.1" 304 0 "https://dreamstour-wp.dreamsmarketplace.com/home-02/" "Mozilla/5.0 (Windows NT 10.0; Win64; x64) AppleWebKit/537.36 (KHTML, like Gecko) Chrome/141.0.0.0 Safari/537.36"
41.75.173.127 - - [23/Feb/2026:13:56:08 +0000] "GET /wp-content/uploads/2025/09/user-17.jpg HTTP/1.1" 304 0 "https://dreamstour-wp.dreamsmarketplace.com/home-02/" "Mozilla/5.0 (Windows NT 10.0; Win64; x64) AppleWebKit/537.36 (KHTML, like Gecko) Chrome/141.0.0.0 Safari/537.36"
41.75.173.127 - - [23/Feb/2026:13:56:08 +0000] "GET /wp-content/uploads/2025/10/client-01.svg HTTP/1.1" 304 0 "https://dreamstour-wp.dreamsmarketplace.com/home-02/" "Mozilla/5.0 (Windows NT 10.0; Win64; x64) AppleWebKit/537.36 (KHTML, like Gecko) Chrome/141.0.0.0 Safari/537.36"
41.75.173.127 - - [23/Feb/2026:13:56:08 +0000] "GET /wp-content/uploads/2025/09/user-20.jpg HTTP/1.1" 304 0 "https://dreamstour-wp.dreamsmarketplace.com/home-02/" "Mozilla/5.0 (Windows NT 10.0; Win64; x64) AppleWebKit/537.36 (KHTML, like Gecko) Chrome/141.0.0.0 Safari/537.36"
41.75.173.127 - - [23/Feb/2026:13:56:08 +0000] "GET /wp-content/uploads/2025/10/client-04.svg HTTP/1.1" 304 0 "https://dreamstour-wp.dreamsmarketplace.com/home-02/" "Mozilla/5.0 (Windows NT 10.0; Win64; x64) AppleWebKit/537.36 (KHTML, like Gecko) Chrome/141.0.0.0 Safari/537.36"
41.75.173.127 - - [23/Feb/2026:13:56:08 +0000] "GET /wp-content/uploads/2025/10/client-06.svg HTTP/1.1" 304 0 "https://dreamstour-wp.dreamsmarketplace.com/home-02/" "Mozilla/5.0 (Windows NT 10.0; Win64; x64) AppleWebKit/537.36 (KHTML, like Gecko) Chrome/141.0.0.0 Safari/537.36"
41.75.173.127 - - [23/Feb/2026:13:56:08 +0000] "GET /wp-content/uploads/2025/10/tour-img.jpg HTTP/1.1" 304 0 "https://dreamstour-wp.dreamsmarketplace.com/home-02/" "Mozilla/5.0 (Windows NT 10.0; Win64; x64) AppleWebKit/537.36 (KHTML, like Gecko) Chrome/141.0.0.0 Safari/537.36"
41.75.173.127 - - [23/Feb/2026:13:56:08 +0000] "GET /wp-content/uploads/2025/10/client-05.svg HTTP/1.1" 304 0 "https://dreamstour-wp.dreamsmarketplace.com/home-02/" "Mozilla/5.0 (Windows NT 10.0; Win64; x64) AppleWebKit/537.36 (KHTML, like Gecko) Chrome/141.0.0.0 Safari/537.36"
41.75.173.127 - - [23/Feb/2026:13:56:08 +0000] "GET /wp-content/uploads/2025/10/client-07.svg HTTP/1.1" 304 0 "https://dreamstour-wp.dreamsmarketplace.com/home-02/" "Mozilla/5.0 (Windows NT 10.0; Win64; x64) AppleWebKit/537.36 (KHTML, like Gecko) Chrome/141.0.0.0 Safari/537.36"
41.75.173.127 - - [23/Feb/2026:13:56:08 +0000] "GET /wp-content/uploads/2025/10/blog-30.jpg HTTP/1.1" 304 0 "https://dreamstour-wp.dreamsmarketplace.com/home-02/" "Mozilla/5.0 (Windows NT 10.0; Win64; x64) AppleWebKit/537.36 (KHTML, like Gecko) Chrome/141.0.0.0 Safari/537.36"
41.75.173.127 - - [23/Feb/2026:13:56:08 +0000] "GET /wp-content/uploads/2025/10/blog-31.jpg HTTP/1.1" 304 0 "https://dreamstour-wp.dreamsmarketplace.com/home-02/" "Mozilla/5.0 (Windows NT 10.0; Win64; x64) AppleWebKit/537.36 (KHTML, like Gecko) Chrome/141.0.0.0 Safari/537.36"
41.75.173.127 - - [23/Feb/2026:13:56:08 +0000] "GET /wp-content/uploads/2025/10/blog-32.jpg HTTP/1.1" 304 0 "https://dreamstour-wp.dreamsmarketplace.com/home-02/" "Mozilla/5.0 (Windows NT 10.0; Win64; x64) AppleWebKit/537.36 (KHTML, like Gecko) Chrome/141.0.0.0 Safari/537.36"
41.75.173.127 - - [23/Feb/2026:13:56:08 +0000] "GET /wp-content/uploads/2025/09/user-02-150x150.jpg HTTP/1.1" 304 0 "https://dreamstour-wp.dreamsmarketplace.com/home-02/" "Mozilla/5.0 (Windows NT 10.0; Win64; x64) AppleWebKit/537.36 (KHTML, like Gecko) Chrome/141.0.0.0 Safari/537.36"
41.75.173.127 - - [23/Feb/2026:13:56:08 +0000] "GET /wp-content/uploads/2025/10/home-banner-2-scaled.jpg HTTP/1.1" 304 0 "https://dreamstour-wp.dreamsmarketplace.com/home-02/" "Mozilla/5.0 (Windows NT 10.0; Win64; x64) AppleWebKit/537.36 (KHTML, like Gecko) Chrome/141.0.0.0 Safari/537.36"
41.75.173.127 - - [23/Feb/2026:13:56:08 +0000] "GET /wp-content/uploads/2025/10/section-top-bg.png HTTP/1.1" 304 0 "https://dreamstour-wp.dreamsmarketplace.com/home-02/" "Mozilla/5.0 (Windows NT 10.0; Win64; x64) AppleWebKit/537.36 (KHTML, like Gecko) Chrome/141.0.0.0 Safari/537.36"
41.75.173.127 - - [23/Feb/2026:13:56:08 +0000] "GET /wp-content/themes/dreamstour/assets/images/star-icon-2.svg HTTP/1.1" 304 0 "https://dreamstour-wp.dreamsmarketplace.com/wp-content/themes/dreamstour/assets/css/style.css" "Mozilla/5.0 (Windows NT 10.0; Win64; x64) AppleWebKit/537.36 (KHTML, like Gecko) Chrome/141.0.0.0 Safari/537.36"
14.166.138.188 - - [23/Feb/2026:13:56:22 +0000] "GET /on-the-other-hand-profits-are-taxable-if-the-eu-casino/ HTTP/1.1" 404 10359 "-" "Mozilla/5.0 (Macintosh; Intel Mac OS X 10_12_6) AppleWebKit/537.36 (KHTML, like Gecko) Chrome/101.0.4951.54 Safari/537.36"
46.149.184.25 - - [23/Feb/2026:13:56:23 +0000] "GET /if-one-sew-gets-worn-out-or-minimize/ HTTP/1.1" 404 10359 "-" "Mozilla/5.0 (Windows NT 10.0; Win64; x64) AppleWebKit/537.36 (KHTML, like Gecko) Chrome/98.0.4758.81 Safari/537.36"
41.75.173.127 - - [23/Feb/2026:13:56:35 +0000] "GET / HTTP/1.1" 200 31216 "https://dreamstour-wp.dreamsmarketplace.com/home-02/" "Mozilla/5.0 (Windows NT 10.0; Win64; x64) AppleWebKit/537.36 (KHTML, like Gecko) Chrome/141.0.0.0 Safari/537.36"
41.75.173.127 - - [23/Feb/2026:13:56:37 +0000] "GET /wp-content/uploads/elementor/css/custom-frontend.min.css?ver=1770249738 HTTP/1.1" 404 10359 "https://dreamstour-wp.dreamsmarketplace.com/" "Mozilla/5.0 (Windows NT 10.0; Win64; x64) AppleWebKit/537.36 (KHTML, like Gecko) Chrome/141.0.0.0 Safari/537.36"
41.75.173.127 - - [23/Feb/2026:13:56:37 +0000] "GET /wp-content/uploads/elementor/css/post-144.css?ver=1770249738 HTTP/1.1" 404 10359 "https://dreamstour-wp.dreamsmarketplace.com/" "Mozilla/5.0 (Windows NT 10.0; Win64; x64) AppleWebKit/537.36 (KHTML, like Gecko) Chrome/141.0.0.0 Safari/537.36"
41.75.173.127 - - [23/Feb/2026:13:56:37 +0000] "GET /wp-content/uploads/elementor/css/post-76.css?ver=1770249739 HTTP/1.1" 404 10359 "https://dreamstour-wp.dreamsmarketplace.com/" "Mozilla/5.0 (Windows NT 10.0; Win64; x64) AppleWebKit/537.36 (KHTML, like Gecko) Chrome/141.0.0.0 Safari/537.36"
41.75.173.127 - - [23/Feb/2026:13:56:39 +0000] "GET /wp-content/themes/dreamstour/assets/images/payment/visa.svg HTTP/1.1" 404 10359 "https://dreamstour-wp.dreamsmarketplace.com/" "Mozilla/5.0 (Windows NT 10.0; Win64; x64) AppleWebKit/537.36 (KHTML, like Gecko) Chrome/141.0.0.0 Safari/537.36"
41.75.173.127 - - [23/Feb/2026:13:56:39 +0000] "GET /wp-content/themes/dreamstour/assets/images/payment/mastercard.svg HTTP/1.1" 404 10359 "https://dreamstour-wp.dreamsmarketplace.com/" "Mozilla/5.0 (Windows NT 10.0; Win64; x64) AppleWebKit/537.36 (KHTML, like Gecko) Chrome/141.0.0.0 Safari/537.36"
41.75.173.127 - - [23/Feb/2026:13:56:40 +0000] "GET /wp-json/contact-form-7/v1/contact-forms/523/feedback/schema HTTP/1.1" 401 85 "https://dreamstour-wp.dreamsmarketplace.com/" "Mozilla/5.0 (Windows NT 10.0; Win64; x64) AppleWebKit/537.36 (KHTML, like Gecko) Chrome/141.0.0.0 Safari/537.36"
52.167.144.212 - - [23/Feb/2026:13:56:50 +0000] "GET /wp-content/uploads/2025/09/tour-large-new-02.jpg HTTP/1.1" 200 296846 "-" "Mozilla/5.0 AppleWebKit/537.36 (KHTML, like Gecko; compatible; bingbot/2.0; +http://www.bing.com/bingbot.htm) Chrome/116.0.1938.76 Safari/537.36"
172.187.168.139 - - [23/Feb/2026:13:56:57 +0000] "POST /wp-cron.php?doing_wp_cron=1771855017.0259230136871337890625 HTTP/1.1" 200 31 "-" "WordPress/6.9; https://dreamstour-wp.dreamsmarketplace.com"
41.75.173.127 - - [23/Feb/2026:13:56:57 +0000] "GET /tour/mystical-caves/ HTTP/1.1" 200 23241 "https://dreamstour-wp.dreamsmarketplace.com/" "Mozilla/5.0 (Windows NT 10.0; Win64; x64) AppleWebKit/537.36 (KHTML, like Gecko) Chrome/141.0.0.0 Safari/537.36"
41.75.173.127 - - [23/Feb/2026:13:56:57 +0000] "GET /wp-content/uploads/2025/10/tour-large-01.jpg HTTP/1.1" 304 0 "https://dreamstour-wp.dreamsmarketplace.com/tour/mystical-caves/" "Mozilla/5.0 (Windows NT 10.0; Win64; x64) AppleWebKit/537.36 (KHTML, like Gecko) Chrome/141.0.0.0 Safari/537.36"
41.75.173.127 - - [23/Feb/2026:13:56:57 +0000] "GET /wp-content/uploads/2025/10/tour-large-03.jpg HTTP/1.1" 304 0 "https://dreamstour-wp.dreamsmarketplace.com/tour/mystical-caves/" "Mozilla/5.0 (Windows NT 10.0; Win64; x64) AppleWebKit/537.36 (KHTML, like Gecko) Chrome/141.0.0.0 Safari/537.36"
41.75.173.127 - - [23/Feb/2026:13:56:57 +0000] "GET /wp-content/uploads/2025/09/itenary_1_1758285367-300x300.jpeg HTTP/1.1" 200 26797 "https://dreamstour-wp.dreamsmarketplace.com/tour/mystical-caves/" "Mozilla/5.0 (Windows NT 10.0; Win64; x64) AppleWebKit/537.36 (KHTML, like Gecko) Chrome/141.0.0.0 Safari/537.36"
41.75.173.127 - - [23/Feb/2026:13:56:57 +0000] "GET /wp-content/uploads/2025/10/tour-large-01-415x194.jpg HTTP/1.1" 304 0 "https://dreamstour-wp.dreamsmarketplace.com/tour/mystical-caves/" "Mozilla/5.0 (Windows NT 10.0; Win64; x64) AppleWebKit/537.36 (KHTML, like Gecko) Chrome/141.0.0.0 Safari/537.36"
41.75.173.127 - - [23/Feb/2026:13:56:57 +0000] "GET /wp-content/uploads/2025/09/itenary_0_1758285038.jpeg HTTP/1.1" 304 0 "https://dreamstour-wp.dreamsmarketplace.com/tour/mystical-caves/" "Mozilla/5.0 (Windows NT 10.0; Win64; x64) AppleWebKit/537.36 (KHTML, like Gecko) Chrome/141.0.0.0 Safari/537.36"
41.75.173.127 - - [23/Feb/2026:13:56:57 +0000] "GET /wp-content/themes/dreamstour/assets/images/breadcrumb.jpg HTTP/1.1" 304 0 "https://dreamstour-wp.dreamsmarketplace.com/tour/mystical-caves/" "Mozilla/5.0 (Windows NT 10.0; Win64; x64) AppleWebKit/537.36 (KHTML, like Gecko) Chrome/141.0.0.0 Safari/537.36"
