41.182.104.168 - - [23/Feb/2026:10:55:55 +0000] "GET /404 HTTP/1.1" 404 10360 "https://dreamstour-wp.dreamsmarketplace.com/terms-conditions/" "Mozilla/5.0 (Windows NT 10.0; Win64; x64) AppleWebKit/537.36 (KHTML, like Gecko) Chrome/145.0.0.0 Safari/537.36"
41.182.104.168 - - [23/Feb/2026:10:55:56 +0000] "GET /wp-content/themes/dreamstour/assets/images/error-400.svg HTTP/1.1" 200 81612 "https://dreamstour-wp.dreamsmarketplace.com/404" "Mozilla/5.0 (Windows NT 10.0; Win64; x64) AppleWebKit/537.36 (KHTML, like Gecko) Chrome/145.0.0.0 Safari/537.36"
41.182.104.168 - - [23/Feb/2026:10:56:14 +0000] "GET /blog-list/ HTTP/1.1" 200 18744 "https://dreamstour-wp.dreamsmarketplace.com/terms-conditions/" "Mozilla/5.0 (Windows NT 10.0; Win64; x64) AppleWebKit/537.36 (KHTML, like Gecko) Chrome/145.0.0.0 Safari/537.36"
41.182.104.168 - - [23/Feb/2026:10:56:15 +0000] "GET /wp-content/themes/dreamstour/assets/images/payment/mastercard.svg HTTP/1.1" 404 10360 "https://dreamstour-wp.dreamsmarketplace.com/blog-list/" "Mozilla/5.0 (Windows NT 10.0; Win64; x64) AppleWebKit/537.36 (KHTML, like Gecko) Chrome/145.0.0.0 Safari/537.36"
41.182.104.168 - - [23/Feb/2026:10:56:15 +0000] "GET /wp-content/themes/dreamstour/assets/images/payment/visa.svg HTTP/1.1" 404 10360 "https://dreamstour-wp.dreamsmarketplace.com/blog-list/" "Mozilla/5.0 (Windows NT 10.0; Win64; x64) AppleWebKit/537.36 (KHTML, like Gecko) Chrome/145.0.0.0 Safari/537.36"
41.182.104.168 - - [23/Feb/2026:10:56:27 +0000] "GET /blog-grid/ HTTP/1.1" 200 14698 "https://dreamstour-wp.dreamsmarketplace.com/blog-list/" "Mozilla/5.0 (Windows NT 10.0; Win64; x64) AppleWebKit/537.36 (KHTML, like Gecko) Chrome/145.0.0.0 Safari/537.36"
41.182.104.168 - - [23/Feb/2026:10:56:29 +0000] "GET /wp-content/uploads/elementor/css/custom-frontend.min.css?ver=1770249738 HTTP/1.1" 404 10360 "https://dreamstour-wp.dreamsmarketplace.com/blog-grid/" "Mozilla/5.0 (Windows NT 10.0; Win64; x64) AppleWebKit/537.36 (KHTML, like Gecko) Chrome/145.0.0.0 Safari/537.36"
41.182.104.168 - - [23/Feb/2026:10:56:29 +0000] "GET /wp-content/uploads/elementor/css/post-144.css?ver=1770249738 HTTP/1.1" 404 10360 "https://dreamstour-wp.dreamsmarketplace.com/blog-grid/" "Mozilla/5.0 (Windows NT 10.0; Win64; x64) AppleWebKit/537.36 (KHTML, like Gecko) Chrome/145.0.0.0 Safari/537.36"
41.182.104.168 - - [23/Feb/2026:10:56:30 +0000] "GET /wp-content/themes/dreamstour/assets/images/payment/visa.svg HTTP/1.1" 404 10360 "https://dreamstour-wp.dreamsmarketplace.com/blog-grid/" "Mozilla/5.0 (Windows NT 10.0; Win64; x64) AppleWebKit/537.36 (KHTML, like Gecko) Chrome/145.0.0.0 Safari/537.36"
41.182.104.168 - - [23/Feb/2026:10:56:30 +0000] "GET /wp-content/themes/dreamstour/assets/images/payment/mastercard.svg HTTP/1.1" 404 10360 "https://dreamstour-wp.dreamsmarketplace.com/blog-grid/" "Mozilla/5.0 (Windows NT 10.0; Win64; x64) AppleWebKit/537.36 (KHTML, like Gecko) Chrome/145.0.0.0 Safari/537.36"
41.182.104.168 - - [23/Feb/2026:10:56:50 +0000] "GET /top-10-hidden-gems-places-in-central-europe-in-2025/ HTTP/1.1" 200 18561 "https://dreamstour-wp.dreamsmarketplace.com/blog-grid/" "Mozilla/5.0 (Windows NT 10.0; Win64; x64) AppleWebKit/537.36 (KHTML, like Gecko) Chrome/145.0.0.0 Safari/537.36"
41.182.104.168 - - [23/Feb/2026:10:56:51 +0000] "GET /wp-includes/js/comment-reply.min.js?ver=6.9 HTTP/1.1" 200 3026 "https://dreamstour-wp.dreamsmarketplace.com/top-10-hidden-gems-places-in-central-europe-in-2025/" "Mozilla/5.0 (Windows NT 10.0; Win64; x64) AppleWebKit/537.36 (KHTML, like Gecko) Chrome/145.0.0.0 Safari/537.36"
41.182.104.168 - - [23/Feb/2026:10:56:51 +0000] "GET /wp-content/themes/dreamstour/assets/images/payment/visa.svg HTTP/1.1" 404 10360 "https://dreamstour-wp.dreamsmarketplace.com/top-10-hidden-gems-places-in-central-europe-in-2025/" "Mozilla/5.0 (Windows NT 10.0; Win64; x64) AppleWebKit/537.36 (KHTML, like Gecko) Chrome/145.0.0.0 Safari/537.36"
41.182.104.168 - - [23/Feb/2026:10:56:51 +0000] "GET /wp-content/themes/dreamstour/assets/images/payment/mastercard.svg HTTP/1.1" 404 10360 "https://dreamstour-wp.dreamsmarketplace.com/top-10-hidden-gems-places-in-central-europe-in-2025/" "Mozilla/5.0 (Windows NT 10.0; Win64; x64) AppleWebKit/537.36 (KHTML, like Gecko) Chrome/145.0.0.0 Safari/537.36"
172.187.168.139 - - [23/Feb/2026:10:57:01 +0000] "POST /wp-cron.php?doing_wp_cron=1771844221.2567698955535888671875 HTTP/1.1" 200 31 "-" "WordPress/6.9; https://dreamstour-wp.dreamsmarketplace.com"
41.182.104.168 - - [23/Feb/2026:10:57:01 +0000] "GET /contact-us/ HTTP/1.1" 200 16374 "https://dreamstour-wp.dreamsmarketplace.com/top-10-hidden-gems-places-in-central-europe-in-2025/" "Mozilla/5.0 (Windows NT 10.0; Win64; x64) AppleWebKit/537.36 (KHTML, like Gecko) Chrome/145.0.0.0 Safari/537.36"
41.182.104.168 - - [23/Feb/2026:10:57:02 +0000] "GET /wp-content/uploads/elementor/css/custom-frontend.min.css?ver=1770249738 HTTP/1.1" 404 10360 "https://dreamstour-wp.dreamsmarketplace.com/contact-us/" "Mozilla/5.0 (Windows NT 10.0; Win64; x64) AppleWebKit/537.36 (KHTML, like Gecko) Chrome/145.0.0.0 Safari/537.36"
41.182.104.168 - - [23/Feb/2026:10:57:02 +0000] "GET /wp-content/uploads/elementor/css/post-144.css?ver=1770249738 HTTP/1.1" 404 10360 "https://dreamstour-wp.dreamsmarketplace.com/contact-us/" "Mozilla/5.0 (Windows NT 10.0; Win64; x64) AppleWebKit/537.36 (KHTML, like Gecko) Chrome/145.0.0.0 Safari/537.36"
41.182.104.168 - - [23/Feb/2026:10:57:03 +0000] "GET /wp-content/themes/dreamstour/assets/images/payment/visa.svg HTTP/1.1" 404 10360 "https://dreamstour-wp.dreamsmarketplace.com/contact-us/" "Mozilla/5.0 (Windows NT 10.0; Win64; x64) AppleWebKit/537.36 (KHTML, like Gecko) Chrome/145.0.0.0 Safari/537.36"
41.182.104.168 - - [23/Feb/2026:10:57:04 +0000] "GET /wp-content/themes/dreamstour/assets/images/payment/mastercard.svg HTTP/1.1" 404 10360 "https://dreamstour-wp.dreamsmarketplace.com/contact-us/" "Mozilla/5.0 (Windows NT 10.0; Win64; x64) AppleWebKit/537.36 (KHTML, like Gecko) Chrome/145.0.0.0 Safari/537.36"
41.182.104.168 - - [23/Feb/2026:10:57:04 +0000] "GET /wp-json/contact-form-7/v1/contact-forms/242/feedback/schema HTTP/1.1" 401 85 "https://dreamstour-wp.dreamsmarketplace.com/contact-us/" "Mozilla/5.0 (Windows NT 10.0; Win64; x64) AppleWebKit/537.36 (KHTML, like Gecko) Chrome/145.0.0.0 Safari/537.36"
41.182.104.168 - - [23/Feb/2026:10:57:15 +0000] "GET / HTTP/1.1" 200 31235 "https://dreamstour-wp.dreamsmarketplace.com/contact-us/" "Mozilla/5.0 (Windows NT 10.0; Win64; x64) AppleWebKit/537.36 (KHTML, like Gecko) Chrome/145.0.0.0 Safari/537.36"
41.182.104.168 - - [23/Feb/2026:10:57:16 +0000] "GET /wp-content/uploads/elementor/css/custom-frontend.min.css?ver=1770249738 HTTP/1.1" 404 10360 "https://dreamstour-wp.dreamsmarketplace.com/" "Mozilla/5.0 (Windows NT 10.0; Win64; x64) AppleWebKit/537.36 (KHTML, like Gecko) Chrome/145.0.0.0 Safari/537.36"
41.182.104.168 - - [23/Feb/2026:10:57:16 +0000] "GET /wp-content/uploads/elementor/css/post-144.css?ver=1770249738 HTTP/1.1" 404 10360 "https://dreamstour-wp.dreamsmarketplace.com/" "Mozilla/5.0 (Windows NT 10.0; Win64; x64) AppleWebKit/537.36 (KHTML, like Gecko) Chrome/145.0.0.0 Safari/537.36"
41.182.104.168 - - [23/Feb/2026:10:57:16 +0000] "GET /wp-content/uploads/elementor/css/post-76.css?ver=1770249739 HTTP/1.1" 404 10360 "https://dreamstour-wp.dreamsmarketplace.com/" "Mozilla/5.0 (Windows NT 10.0; Win64; x64) AppleWebKit/537.36 (KHTML, like Gecko) Chrome/145.0.0.0 Safari/537.36"
41.182.104.168 - - [23/Feb/2026:10:57:18 +0000] "GET /wp-content/themes/dreamstour/assets/images/payment/visa.svg HTTP/1.1" 404 10360 "https://dreamstour-wp.dreamsmarketplace.com/" "Mozilla/5.0 (Windows NT 10.0; Win64; x64) AppleWebKit/537.36 (KHTML, like Gecko) Chrome/145.0.0.0 Safari/537.36"
41.182.104.168 - - [23/Feb/2026:10:57:18 +0000] "GET /wp-content/themes/dreamstour/assets/images/payment/mastercard.svg HTTP/1.1" 404 10360 "https://dreamstour-wp.dreamsmarketplace.com/" "Mozilla/5.0 (Windows NT 10.0; Win64; x64) AppleWebKit/537.36 (KHTML, like Gecko) Chrome/145.0.0.0 Safari/537.36"
41.182.104.168 - - [23/Feb/2026:10:57:18 +0000] "GET /wp-json/contact-form-7/v1/contact-forms/523/feedback/schema HTTP/1.1" 401 85 "https://dreamstour-wp.dreamsmarketplace.com/" "Mozilla/5.0 (Windows NT 10.0; Win64; x64) AppleWebKit/537.36 (KHTML, like Gecko) Chrome/145.0.0.0 Safari/537.36"
172.187.168.139 - - [23/Feb/2026:10:58:05 +0000] "POST /wp-cron.php?doing_wp_cron=1771844285.3677670955657958984375 HTTP/1.1" 200 31 "-" "WordPress/6.9; https://dreamstour-wp.dreamsmarketplace.com"
41.182.104.168 - - [23/Feb/2026:10:58:05 +0000] "GET /tour-list/ HTTP/1.1" 200 23087 "https://dreamstour-wp.dreamsmarketplace.com/" "Mozilla/5.0 (Windows NT 10.0; Win64; x64) AppleWebKit/537.36 (KHTML, like Gecko) Chrome/145.0.0.0 Safari/537.36"
41.182.104.168 - - [23/Feb/2026:10:58:06 +0000] "GET /wp-content/themes/dreamstour/assets/images/payment/visa.svg HTTP/1.1" 404 10360 "https://dreamstour-wp.dreamsmarketplace.com/tour-list/" "Mozilla/5.0 (Windows NT 10.0; Win64; x64) AppleWebKit/537.36 (KHTML, like Gecko) Chrome/145.0.0.0 Safari/537.36"
41.182.104.168 - - [23/Feb/2026:10:58:06 +0000] "GET /wp-content/themes/dreamstour/assets/images/payment/mastercard.svg HTTP/1.1" 404 10360 "https://dreamstour-wp.dreamsmarketplace.com/tour-list/" "Mozilla/5.0 (Windows NT 10.0; Win64; x64) AppleWebKit/537.36 (KHTML, like Gecko) Chrome/145.0.0.0 Safari/537.36"
41.182.104.168 - - [23/Feb/2026:10:58:24 +0000] "GET / HTTP/1.1" 200 31246 "https://dreamstour-wp.dreamsmarketplace.com/tour-list/" "Mozilla/5.0 (Windows NT 10.0; Win64; x64) AppleWebKit/537.36 (KHTML, like Gecko) Chrome/145.0.0.0 Safari/537.36"
41.182.104.168 - - [23/Feb/2026:10:58:25 +0000] "GET /wp-content/uploads/elementor/css/post-144.css?ver=1770249738 HTTP/1.1" 404 10360 "https://dreamstour-wp.dreamsmarketplace.com/" "Mozilla/5.0 (Windows NT 10.0; Win64; x64) AppleWebKit/537.36 (KHTML, like Gecko) Chrome/145.0.0.0 Safari/537.36"
41.182.104.168 - - [23/Feb/2026:10:58:25 +0000] "GET /wp-content/uploads/elementor/css/post-76.css?ver=1770249739 HTTP/1.1" 404 10360 "https://dreamstour-wp.dreamsmarketplace.com/" "Mozilla/5.0 (Windows NT 10.0; Win64; x64) AppleWebKit/537.36 (KHTML, like Gecko) Chrome/145.0.0.0 Safari/537.36"
41.182.104.168 - - [23/Feb/2026:10:58:25 +0000] "GET /wp-content/uploads/elementor/css/custom-frontend.min.css?ver=1770249738 HTTP/1.1" 404 10360 "https://dreamstour-wp.dreamsmarketplace.com/" "Mozilla/5.0 (Windows NT 10.0; Win64; x64) AppleWebKit/537.36 (KHTML, like Gecko) Chrome/145.0.0.0 Safari/537.36"
41.182.104.168 - - [23/Feb/2026:10:58:27 +0000] "GET /wp-content/themes/dreamstour/assets/images/payment/visa.svg HTTP/1.1" 404 10360 "https://dreamstour-wp.dreamsmarketplace.com/" "Mozilla/5.0 (Windows NT 10.0; Win64; x64) AppleWebKit/537.36 (KHTML, like Gecko) Chrome/145.0.0.0 Safari/537.36"
41.182.104.168 - - [23/Feb/2026:10:58:27 +0000] "GET /wp-content/themes/dreamstour/assets/images/payment/mastercard.svg HTTP/1.1" 404 10360 "https://dreamstour-wp.dreamsmarketplace.com/" "Mozilla/5.0 (Windows NT 10.0; Win64; x64) AppleWebKit/537.36 (KHTML, like Gecko) Chrome/145.0.0.0 Safari/537.36"
41.182.104.168 - - [23/Feb/2026:10:58:27 +0000] "GET /wp-json/contact-form-7/v1/contact-forms/523/feedback/schema HTTP/1.1" 401 85 "https://dreamstour-wp.dreamsmarketplace.com/" "Mozilla/5.0 (Windows NT 10.0; Win64; x64) AppleWebKit/537.36 (KHTML, like Gecko) Chrome/145.0.0.0 Safari/537.36"
172.187.168.139 - - [23/Feb/2026:11:01:07 +0000] "POST /wp-cron.php?doing_wp_cron=1771844467.2662150859832763671875 HTTP/1.1" 200 31 "-" "WordPress/6.9; https://dreamstour-wp.dreamsmarketplace.com"
41.182.104.168 - - [23/Feb/2026:11:01:07 +0000] "GET /tour-list/?destination=namibia&check_in=&duration=&tour_duration_days=&travellers=1&adults=1&children=0&infants=0&adults_count=1&children_count=0 HTTP/1.1" 200 19233 "https://dreamstour-wp.dreamsmarketplace.com/" "Mozilla/5.0 (Windows NT 10.0; Win64; x64) AppleWebKit/537.36 (KHTML, like Gecko) Chrome/145.0.0.0 Safari/537.36"
41.182.104.168 - - [23/Feb/2026:11:01:08 +0000] "GET /wp-content/themes/dreamstour/assets/images/payment/visa.svg HTTP/1.1" 404 10360 "https://dreamstour-wp.dreamsmarketplace.com/tour-list/?destination=namibia&check_in=&duration=&tour_duration_days=&travellers=1&adults=1&children=0&infants=0&adults_count=1&children_count=0" "Mozilla/5.0 (Windows NT 10.0; Win64; x64) AppleWebKit/537.36 (KHTML, like Gecko) Chrome/145.0.0.0 Safari/537.36"
41.182.104.168 - - [23/Feb/2026:11:01:08 +0000] "GET /wp-content/themes/dreamstour/assets/images/payment/mastercard.svg HTTP/1.1" 404 10360 "https://dreamstour-wp.dreamsmarketplace.com/tour-list/?destination=namibia&check_in=&duration=&tour_duration_days=&travellers=1&adults=1&children=0&infants=0&adults_count=1&children_count=0" "Mozilla/5.0 (Windows NT 10.0; Win64; x64) AppleWebKit/537.36 (KHTML, like Gecko) Chrome/145.0.0.0 Safari/537.36"
41.182.104.168 - - [23/Feb/2026:11:01:19 +0000] "GET / HTTP/1.1" 200 31228 "https://dreamstour-wp.dreamsmarketplace.com/tour-list/?destination=namibia&check_in=&duration=&tour_duration_days=&travellers=1&adults=1&children=0&infants=0&adults_count=1&children_count=0" "Mozilla/5.0 (Windows NT 10.0; Win64; x64) AppleWebKit/537.36 (KHTML, like Gecko) Chrome/145.0.0.0 Safari/537.36"
41.182.104.168 - - [23/Feb/2026:11:01:20 +0000] "GET /wp-content/uploads/elementor/css/post-76.css?ver=1770249739 HTTP/1.1" 404 10360 "https://dreamstour-wp.dreamsmarketplace.com/" "Mozilla/5.0 (Windows NT 10.0; Win64; x64) AppleWebKit/537.36 (KHTML, like Gecko) Chrome/145.0.0.0 Safari/537.36"
41.182.104.168 - - [23/Feb/2026:11:01:20 +0000] "GET /wp-content/uploads/elementor/css/post-144.css?ver=1770249738 HTTP/1.1" 404 10360 "https://dreamstour-wp.dreamsmarketplace.com/" "Mozilla/5.0 (Windows NT 10.0; Win64; x64) AppleWebKit/537.36 (KHTML, like Gecko) Chrome/145.0.0.0 Safari/537.36"
41.182.104.168 - - [23/Feb/2026:11:01:20 +0000] "GET /wp-content/uploads/elementor/css/custom-frontend.min.css?ver=1770249738 HTTP/1.1" 404 10360 "https://dreamstour-wp.dreamsmarketplace.com/" "Mozilla/5.0 (Windows NT 10.0; Win64; x64) AppleWebKit/537.36 (KHTML, like Gecko) Chrome/145.0.0.0 Safari/537.36"
41.182.104.168 - - [23/Feb/2026:11:01:23 +0000] "GET /wp-content/themes/dreamstour/assets/images/payment/visa.svg HTTP/1.1" 404 10360 "https://dreamstour-wp.dreamsmarketplace.com/" "Mozilla/5.0 (Windows NT 10.0; Win64; x64) AppleWebKit/537.36 (KHTML, like Gecko) Chrome/145.0.0.0 Safari/537.36"
41.182.104.168 - - [23/Feb/2026:11:01:23 +0000] "GET /wp-content/themes/dreamstour/assets/images/payment/mastercard.svg HTTP/1.1" 404 10360 "https://dreamstour-wp.dreamsmarketplace.com/" "Mozilla/5.0 (Windows NT 10.0; Win64; x64) AppleWebKit/537.36 (KHTML, like Gecko) Chrome/145.0.0.0 Safari/537.36"
41.182.104.168 - - [23/Feb/2026:11:01:23 +0000] "GET /wp-json/contact-form-7/v1/contact-forms/523/feedback/schema HTTP/1.1" 401 85 "https://dreamstour-wp.dreamsmarketplace.com/" "Mozilla/5.0 (Windows NT 10.0; Win64; x64) AppleWebKit/537.36 (KHTML, like Gecko) Chrome/145.0.0.0 Safari/537.36"
41.182.104.168 - - [23/Feb/2026:11:01:51 +0000] "GET /tour-list/ HTTP/1.1" 200 23087 "https://dreamstour-wp.dreamsmarketplace.com/" "Mozilla/5.0 (Windows NT 10.0; Win64; x64) AppleWebKit/537.36 (KHTML, like Gecko) Chrome/145.0.0.0 Safari/537.36"
41.182.104.168 - - [23/Feb/2026:11:01:52 +0000] "GET /wp-content/themes/dreamstour/assets/images/payment/visa.svg HTTP/1.1" 404 10360 "https://dreamstour-wp.dreamsmarketplace.com/tour-list/" "Mozilla/5.0 (Windows NT 10.0; Win64; x64) AppleWebKit/537.36 (KHTML, like Gecko) Chrome/145.0.0.0 Safari/537.36"
41.182.104.168 - - [23/Feb/2026:11:01:52 +0000] "GET /wp-content/themes/dreamstour/assets/images/payment/mastercard.svg HTTP/1.1" 404 10360 "https://dreamstour-wp.dreamsmarketplace.com/tour-list/" "Mozilla/5.0 (Windows NT 10.0; Win64; x64) AppleWebKit/537.36 (KHTML, like Gecko) Chrome/145.0.0.0 Safari/537.36"
172.187.168.139 - - [23/Feb/2026:11:01:59 +0000] "POST /wp-cron.php?doing_wp_cron=1771844519.8385350704193115234375 HTTP/1.1" 200 31 "-" "WordPress/6.9; https://dreamstour-wp.dreamsmarketplace.com"
41.182.104.168 - - [23/Feb/2026:11:01:59 +0000] "GET /tour-grid/ HTTP/1.1" 200 23236 "https://dreamstour-wp.dreamsmarketplace.com/tour-list/" "Mozilla/5.0 (Windows NT 10.0; Win64; x64) AppleWebKit/537.36 (KHTML, like Gecko) Chrome/145.0.0.0 Safari/537.36"
41.182.104.168 - - [23/Feb/2026:11:02:01 +0000] "GET /wp-content/themes/dreamstour/assets/images/payment/visa.svg HTTP/1.1" 404 10360 "https://dreamstour-wp.dreamsmarketplace.com/tour-grid/" "Mozilla/5.0 (Windows NT 10.0; Win64; x64) AppleWebKit/537.36 (KHTML, like Gecko) Chrome/145.0.0.0 Safari/537.36"
41.182.104.168 - - [23/Feb/2026:11:02:01 +0000] "GET /wp-content/themes/dreamstour/assets/images/payment/mastercard.svg HTTP/1.1" 404 10360 "https://dreamstour-wp.dreamsmarketplace.com/tour-grid/" "Mozilla/5.0 (Windows NT 10.0; Win64; x64) AppleWebKit/537.36 (KHTML, like Gecko) Chrome/145.0.0.0 Safari/537.36"
172.187.168.139 - - [23/Feb/2026:11:02:19 +0000] "POST /wp-cron.php?doing_wp_cron=1771844539.4597899913787841796875 HTTP/1.1" 200 31 "-" "WordPress/6.9; https://dreamstour-wp.dreamsmarketplace.com"
41.182.104.168 - - [23/Feb/2026:11:02:19 +0000] "GET /tour/majestic-peaks/ HTTP/1.1" 200 23353 "https://dreamstour-wp.dreamsmarketplace.com/tour-grid/" "Mozilla/5.0 (Windows NT 10.0; Win64; x64) AppleWebKit/537.36 (KHTML, like Gecko) Chrome/145.0.0.0 Safari/537.36"
41.182.104.168 - - [23/Feb/2026:11:02:20 +0000] "GET /wp-content/uploads/2025/09/itenary_0_1757756382-300x300.jpeg HTTP/1.1" 304 0 "https://dreamstour-wp.dreamsmarketplace.com/tour/majestic-peaks/" "Mozilla/5.0 (Windows NT 10.0; Win64; x64) AppleWebKit/537.36 (KHTML, like Gecko) Chrome/145.0.0.0 Safari/537.36"
41.182.104.168 - - [23/Feb/2026:11:02:20 +0000] "GET /wp-content/uploads/2025/09/itenary_1_1758008511.jpeg HTTP/1.1" 304 0 "https://dreamstour-wp.dreamsmarketplace.com/tour/majestic-peaks/" "Mozilla/5.0 (Windows NT 10.0; Win64; x64) AppleWebKit/537.36 (KHTML, like Gecko) Chrome/145.0.0.0 Safari/537.36"
41.182.104.168 - - [23/Feb/2026:11:02:20 +0000] "GET /wp-content/uploads/2025/09/user-02-2-100x100.jpg HTTP/1.1" 304 0 "https://dreamstour-wp.dreamsmarketplace.com/tour/majestic-peaks/" "Mozilla/5.0 (Windows NT 10.0; Win64; x64) AppleWebKit/537.36 (KHTML, like Gecko) Chrome/145.0.0.0 Safari/537.36"
41.182.104.168 - - [23/Feb/2026:11:02:20 +0000] "GET /wp-content/uploads/2025/09/itenary_2_1758008511.jpeg HTTP/1.1" 304 0 "https://dreamstour-wp.dreamsmarketplace.com/tour/majestic-peaks/" "Mozilla/5.0 (Windows NT 10.0; Win64; x64) AppleWebKit/537.36 (KHTML, like Gecko) Chrome/145.0.0.0 Safari/537.36"
41.182.104.168 - - [23/Feb/2026:11:02:20 +0000] "GET /wp-content/uploads/2025/09/itenary_0_1758008511.jpeg HTTP/1.1" 304 0 "https://dreamstour-wp.dreamsmarketplace.com/tour/majestic-peaks/" "Mozilla/5.0 (Windows NT 10.0; Win64; x64) AppleWebKit/537.36 (KHTML, like Gecko) Chrome/145.0.0.0 Safari/537.36"
41.182.104.168 - - [23/Feb/2026:11:02:20 +0000] "GET /wp-content/themes/dreamstour/assets/images/payment/mastercard.svg HTTP/1.1" 404 10360 "https://dreamstour-wp.dreamsmarketplace.com/tour/majestic-peaks/" "Mozilla/5.0 (Windows NT 10.0; Win64; x64) AppleWebKit/537.36 (KHTML, like Gecko) Chrome/145.0.0.0 Safari/537.36"
41.182.104.168 - - [23/Feb/2026:11:02:21 +0000] "GET /wp-content/themes/dreamstour/assets/images/payment/visa.svg HTTP/1.1" 404 10360 "https://dreamstour-wp.dreamsmarketplace.com/tour/majestic-peaks/" "Mozilla/5.0 (Windows NT 10.0; Win64; x64) AppleWebKit/537.36 (KHTML, like Gecko) Chrome/145.0.0.0 Safari/537.36"
172.187.168.139 - - [23/Feb/2026:11:02:55 +0000] "POST /wp-cron.php?doing_wp_cron=1771844575.6029720306396484375000 HTTP/1.1" 200 31 "-" "WordPress/6.9; https://dreamstour-wp.dreamsmarketplace.com"
2a03:2880:f800:2f:: - - [23/Feb/2026:11:02:55 +0000] "GET /become-expert/ HTTP/1.1" 200 12038 "-" "meta-externalagent/1.1 (+https://developers.facebook.com/docs/sharing/webmasters/crawler)"
113.179.68.228 - - [23/Feb/2026:11:03:33 +0000] "GET /landing/ HTTP/1.1" 200 5698 "-" "Mozilla/5.0 (Windows NT 6.1; WOW64) AppleWebKit/537.36 (KHTML, like Gecko) Chrome/66.0.3359.47 Safari/537.36"
172.187.168.139 - - [23/Feb/2026:11:09:22 +0000] "POST /wp-cron.php?doing_wp_cron=1771844962.4910159111022949218750 HTTP/1.1" 200 31 "-" "WordPress/6.9; https://dreamstour-wp.dreamsmarketplace.com"
14.226.233.95 - - [23/Feb/2026:11:09:22 +0000] "GET /tag/meilleures-machines-a-sous-tortuga-casino/ HTTP/1.1" 200 16356 "-" "Mozilla/5.0 (Macintosh; Intel Mac OS X 10_15_5) AppleWebKit/537.36 (KHTML, like Gecko) Chrome/89.0.4389.114 Safari/537.36"
172.187.168.139 - - [23/Feb/2026:11:11:23 +0000] "POST /wp-cron.php?doing_wp_cron=1771845083.5052618980407714843750 HTTP/1.1" 200 31 "-" "WordPress/6.9; https://dreamstour-wp.dreamsmarketplace.com"
41.182.104.168 - - [23/Feb/2026:11:11:23 +0000] "GET / HTTP/1.1" 200 31216 "https://dreamstour-wp.dreamsmarketplace.com/tour/majestic-peaks/" "Mozilla/5.0 (Windows NT 10.0; Win64; x64) AppleWebKit/537.36 (KHTML, like Gecko) Chrome/145.0.0.0 Safari/537.36"
41.182.104.168 - - [23/Feb/2026:11:11:25 +0000] "GET /wp-content/uploads/elementor/css/post-76.css?ver=1770249739 HTTP/1.1" 404 10360 "https://dreamstour-wp.dreamsmarketplace.com/" "Mozilla/5.0 (Windows NT 10.0; Win64; x64) AppleWebKit/537.36 (KHTML, like Gecko) Chrome/145.0.0.0 Safari/537.36"
41.182.104.168 - - [23/Feb/2026:11:11:25 +0000] "GET /wp-content/uploads/elementor/css/post-144.css?ver=1770249738 HTTP/1.1" 404 10360 "https://dreamstour-wp.dreamsmarketplace.com/" "Mozilla/5.0 (Windows NT 10.0; Win64; x64) AppleWebKit/537.36 (KHTML, like Gecko) Chrome/145.0.0.0 Safari/537.36"
41.182.104.168 - - [23/Feb/2026:11:11:25 +0000] "GET /wp-content/uploads/elementor/css/custom-frontend.min.css?ver=1770249738 HTTP/1.1" 404 10360 "https://dreamstour-wp.dreamsmarketplace.com/" "Mozilla/5.0 (Windows NT 10.0; Win64; x64) AppleWebKit/537.36 (KHTML, like Gecko) Chrome/145.0.0.0 Safari/537.36"
41.182.104.168 - - [23/Feb/2026:11:11:26 +0000] "GET /wp-content/themes/dreamstour/assets/images/payment/visa.svg HTTP/1.1" 404 10360 "https://dreamstour-wp.dreamsmarketplace.com/" "Mozilla/5.0 (Windows NT 10.0; Win64; x64) AppleWebKit/537.36 (KHTML, like Gecko) Chrome/145.0.0.0 Safari/537.36"
41.182.104.168 - - [23/Feb/2026:11:11:26 +0000] "GET /wp-content/themes/dreamstour/assets/images/payment/mastercard.svg HTTP/1.1" 404 10360 "https://dreamstour-wp.dreamsmarketplace.com/" "Mozilla/5.0 (Windows NT 10.0; Win64; x64) AppleWebKit/537.36 (KHTML, like Gecko) Chrome/145.0.0.0 Safari/537.36"
41.182.104.168 - - [23/Feb/2026:11:11:26 +0000] "GET /wp-json/contact-form-7/v1/contact-forms/523/feedback/schema HTTP/1.1" 401 85 "https://dreamstour-wp.dreamsmarketplace.com/" "Mozilla/5.0 (Windows NT 10.0; Win64; x64) AppleWebKit/537.36 (KHTML, like Gecko) Chrome/145.0.0.0 Safari/537.36"
2a03:2880:f800:3d:: - - [23/Feb/2026:11:11:27 +0000] "GET /wp-sitemap.xml HTTP/1.1" 301 5 "-" "meta-externalagent/1.1 (+https://developers.facebook.com/docs/sharing/webmasters/crawler)"
2a03:2880:f800:40:: - - [23/Feb/2026:11:11:34 +0000] "GET /tour_duration_days/8-days/ HTTP/1.1" 200 16623 "-" "meta-externalagent/1.1 (+https://developers.facebook.com/docs/sharing/webmasters/crawler)"
172.187.168.139 - - [23/Feb/2026:11:15:00 +0000] "POST /wp-cron.php?doing_wp_cron=1771845299.9624459743499755859375 HTTP/1.1" 200 31 "-" "WordPress/6.9; https://dreamstour-wp.dreamsmarketplace.com"
2a03:2880:f800:d:: - - [23/Feb/2026:11:15:00 +0000] "GET /how-to-travel-on-a-budget-affordable-destinations-tips/ HTTP/1.1" 200 17978 "-" "meta-externalagent/1.1 (+https://developers.facebook.com/docs/sharing/webmasters/crawler)"
172.187.168.139 - - [23/Feb/2026:11:17:51 +0000] "POST /wp-cron.php?doing_wp_cron=1771845471.3157289028167724609375 HTTP/1.1" 200 31 "-" "WordPress/6.9; https://dreamstour-wp.dreamsmarketplace.com"
105.102.253.5 - - [23/Feb/2026:11:17:51 +0000] "GET /tag/luxury/ HTTP/1.1" 200 16746 "-" "Mozilla/5.0 (Macintosh; Intel Mac OS X 10_14_6) AppleWebKit/537.36 (KHTML, like Gecko) Chrome/81.0.4044.113 Safari/537.36"
172.187.168.139 - - [23/Feb/2026:11:20:55 +0000] "POST /wp-cron.php?doing_wp_cron=1771845655.7748498916625976562500 HTTP/1.1" 200 31 "-" "WordPress/6.9; https://dreamstour-wp.dreamsmarketplace.com"
2a03:2880:f800:d:: - - [23/Feb/2026:11:20:55 +0000] "GET /blog-list/ HTTP/1.1" 200 18744 "-" "meta-externalagent/1.1 (+https://developers.facebook.com/docs/sharing/webmasters/crawler)"
172.187.168.139 - - [23/Feb/2026:11:24:47 +0000] "POST /wp-cron.php?doing_wp_cron=1771845887.2249588966369628906250 HTTP/1.1" 200 31 "-" "WordPress/6.9; https://dreamstour-wp.dreamsmarketplace.com"
41.182.104.168 - - [23/Feb/2026:11:24:47 +0000] "GET / HTTP/1.1" 200 31220 "https://dreamstour-wp.dreamsmarketplace.com/" "Mozilla/5.0 (Windows NT 10.0; Win64; x64) AppleWebKit/537.36 (KHTML, like Gecko) Chrome/145.0.0.0 Safari/537.36"
41.182.104.168 - - [23/Feb/2026:11:24:48 +0000] "GET /wp-content/uploads/elementor/css/custom-frontend.min.css?ver=1770249738 HTTP/1.1" 404 10360 "https://dreamstour-wp.dreamsmarketplace.com/" "Mozilla/5.0 (Windows NT 10.0; Win64; x64) AppleWebKit/537.36 (KHTML, like Gecko) Chrome/145.0.0.0 Safari/537.36"
41.182.104.168 - - [23/Feb/2026:11:24:48 +0000] "GET /wp-content/uploads/elementor/css/post-76.css?ver=1770249739 HTTP/1.1" 404 10360 "https://dreamstour-wp.dreamsmarketplace.com/" "Mozilla/5.0 (Windows NT 10.0; Win64; x64) AppleWebKit/537.36 (KHTML, like Gecko) Chrome/145.0.0.0 Safari/537.36"
41.182.104.168 - - [23/Feb/2026:11:24:48 +0000] "GET /wp-content/uploads/elementor/css/post-144.css?ver=1770249738 HTTP/1.1" 404 10360 "https://dreamstour-wp.dreamsmarketplace.com/" "Mozilla/5.0 (Windows NT 10.0; Win64; x64) AppleWebKit/537.36 (KHTML, like Gecko) Chrome/145.0.0.0 Safari/537.36"
41.182.104.168 - - [23/Feb/2026:11:24:50 +0000] "GET /wp-content/themes/dreamstour/assets/images/payment/mastercard.svg HTTP/1.1" 404 10360 "https://dreamstour-wp.dreamsmarketplace.com/" "Mozilla/5.0 (Windows NT 10.0; Win64; x64) AppleWebKit/537.36 (KHTML, like Gecko) Chrome/145.0.0.0 Safari/537.36"
41.182.104.168 - - [23/Feb/2026:11:24:50 +0000] "GET /wp-content/themes/dreamstour/assets/images/payment/visa.svg HTTP/1.1" 404 10360 "https://dreamstour-wp.dreamsmarketplace.com/" "Mozilla/5.0 (Windows NT 10.0; Win64; x64) AppleWebKit/537.36 (KHTML, like Gecko) Chrome/145.0.0.0 Safari/537.36"
41.182.104.168 - - [23/Feb/2026:11:24:50 +0000] "GET /wp-json/contact-form-7/v1/contact-forms/523/feedback/schema HTTP/1.1" 401 85 "https://dreamstour-wp.dreamsmarketplace.com/" "Mozilla/5.0 (Windows NT 10.0; Win64; x64) AppleWebKit/537.36 (KHTML, like Gecko) Chrome/145.0.0.0 Safari/537.36"
172.187.168.139 - - [23/Feb/2026:11:25:26 +0000] "POST /wp-cron.php?doing_wp_cron=1771845926.2022490501403808593750 HTTP/1.1" 200 31 "-" "WordPress/6.9; https://dreamstour-wp.dreamsmarketplace.com"
2a03:2880:f800:25:: - - [23/Feb/2026:11:25:26 +0000] "GET /tour_activities/wildlife-safaris/ HTTP/1.1" 200 18011 "-" "meta-externalagent/1.1 (+https://developers.facebook.com/docs/sharing/webmasters/crawler)"
41.182.104.168 - - [23/Feb/2026:11:25:51 +0000] "GET / HTTP/1.1" 200 31209 "-" "WhatsApp/2.23.20.0"
41.182.104.168 - - [23/Feb/2026:11:25:52 +0000] "GET /wp-content/uploads/2025/09/favicon-1.png HTTP/1.1" 200 16342 "-" "WhatsApp/2.23.20.0"
172.187.168.139 - - [23/Feb/2026:11:26:43 +0000] "POST /wp-cron.php?doing_wp_cron=1771846003.7499110698699951171875 HTTP/1.1" 200 31 "-" "WordPress/6.9; https://dreamstour-wp.dreamsmarketplace.com"
2a03:2880:f800:15:: - - [23/Feb/2026:11:26:43 +0000] "GET /wp-sitemap-taxonomies-tour_category-1.xml HTTP/1.1" 301 5 "-" "meta-externalagent/1.1 (+https://developers.facebook.com/docs/sharing/webmasters/crawler)"
160.242.13.125 - - [23/Feb/2026:11:26:50 +0000] "GET / HTTP/1.1" 200 31225 "-" "Mozilla/5.0 (Linux; Android 10; K) AppleWebKit/537.36 (KHTML, like Gecko) SamsungBrowser/29.0 Chrome/136.0.0.0 Mobile Safari/537.36"
160.242.13.125 - - [23/Feb/2026:11:26:51 +0000] "GET /wp-content/plugins/contact-form-7/includes/css/styles.css?ver=6.1.4 HTTP/1.1" 304 0 "https://dreamstour-wp.dreamsmarketplace.com/" "Mozilla/5.0 (Linux; Android 10; K) AppleWebKit/537.36 (KHTML, like Gecko) SamsungBrowser/29.0 Chrome/136.0.0.0 Mobile Safari/537.36"
160.242.13.125 - - [23/Feb/2026:11:26:51 +0000] "GET /wp-content/plugins/dreams-tour/lib/ion-rangeslider/css/ion.rangeSlider.min.css?ver=1.0.0 HTTP/1.1" 304 0 "https://dreamstour-wp.dreamsmarketplace.com/" "Mozilla/5.0 (Linux; Android 10; K) AppleWebKit/537.36 (KHTML, like Gecko) SamsungBrowser/29.0 Chrome/136.0.0.0 Mobile Safari/537.36"
160.242.13.125 - - [23/Feb/2026:11:26:51 +0000] "GET /wp-content/plugins/dreams-tour/lib/ion-rangeslider/css/ion.rangeSlider.css?ver=1.0.0 HTTP/1.1" 304 0 "https://dreamstour-wp.dreamsmarketplace.com/" "Mozilla/5.0 (Linux; Android 10; K) AppleWebKit/537.36 (KHTML, like Gecko) SamsungBrowser/29.0 Chrome/136.0.0.0 Mobile Safari/537.36"
160.242.13.125 - - [23/Feb/2026:11:26:51 +0000] "GET /wp-content/plugins/woocommerce/assets/css/woocommerce-layout.css?ver=10.4.3 HTTP/1.1" 304 0 "https://dreamstour-wp.dreamsmarketplace.com/" "Mozilla/5.0 (Linux; Android 10; K) AppleWebKit/537.36 (KHTML, like Gecko) SamsungBrowser/29.0 Chrome/136.0.0.0 Mobile Safari/537.36"
160.242.13.125 - - [23/Feb/2026:11:26:51 +0000] "GET /wp-content/plugins/woocommerce/assets/css/woocommerce.css?ver=10.4.3 HTTP/1.1" 304 0 "https://dreamstour-wp.dreamsmarketplace.com/" "Mozilla/5.0 (Linux; Android 10; K) AppleWebKit/537.36 (KHTML, like Gecko) SamsungBrowser/29.0 Chrome/136.0.0.0 Mobile Safari/537.36"
160.242.13.125 - - [23/Feb/2026:11:26:51 +0000] "GET /wp-content/plugins/woocommerce/assets/css/woocommerce-smallscreen.css?ver=10.4.3 HTTP/1.1" 304 0 "https://dreamstour-wp.dreamsmarketplace.com/" "Mozilla/5.0 (Linux; Android 10; K) AppleWebKit/537.36 (KHTML, like Gecko) SamsungBrowser/29.0 Chrome/136.0.0.0 Mobile Safari/537.36"
160.242.13.125 - - [23/Feb/2026:11:26:51 +0000] "GET /wp-content/themes/dreamstour/assets/css/bootstrap-datetimepicker.min.css HTTP/1.1" 304 0 "https://dreamstour-wp.dreamsmarketplace.com/" "Mozilla/5.0 (Linux; Android 10; K) AppleWebKit/537.36 (KHTML, like Gecko) SamsungBrowser/29.0 Chrome/136.0.0.0 Mobile Safari/537.36"
160.242.13.125 - - [23/Feb/2026:11:26:51 +0000] "GET /wp-content/themes/dreamstour/assets/css/animate.css HTTP/1.1" 304 0 "https://dreamstour-wp.dreamsmarketplace.com/" "Mozilla/5.0 (Linux; Android 10; K) AppleWebKit/537.36 (KHTML, like Gecko) SamsungBrowser/29.0 Chrome/136.0.0.0 Mobile Safari/537.36"
160.242.13.125 - - [23/Feb/2026:11:26:51 +0000] "GET /wp-content/themes/dreamstour/assets/css/meanmenu.css HTTP/1.1" 304 0 "https://dreamstour-wp.dreamsmarketplace.com/" "Mozilla/5.0 (Linux; Android 10; K) AppleWebKit/537.36 (KHTML, like Gecko) SamsungBrowser/29.0 Chrome/136.0.0.0 Mobile Safari/537.36"
160.242.13.125 - - [23/Feb/2026:11:26:51 +0000] "GET /wp-content/themes/dreamstour/assets/css/bootstrap.min.css HTTP/1.1" 304 0 "https://dreamstour-wp.dreamsmarketplace.com/" "Mozilla/5.0 (Linux; Android 10; K) AppleWebKit/537.36 (KHTML, like Gecko) SamsungBrowser/29.0 Chrome/136.0.0.0 Mobile Safari/537.36"
160.242.13.125 - - [23/Feb/2026:11:26:51 +0000] "GET /wp-content/themes/dreamstour/assets/plugins/tabler-icons/tabler-icons.css HTTP/1.1" 304 0 "https://dreamstour-wp.dreamsmarketplace.com/" "Mozilla/5.0 (Linux; Android 10; K) AppleWebKit/537.36 (KHTML, like Gecko) SamsungBrowser/29.0 Chrome/136.0.0.0 Mobile Safari/537.36"
160.242.13.125 - - [23/Feb/2026:11:26:51 +0000] "GET /wp-content/themes/dreamstour/assets/plugins/fontawesome/css/fontawesome.min.css HTTP/1.1" 304 0 "https://dreamstour-wp.dreamsmarketplace.com/" "Mozilla/5.0 (Linux; Android 10; K) AppleWebKit/537.36 (KHTML, like Gecko) SamsungBrowser/29.0 Chrome/136.0.0.0 Mobile Safari/537.36"
160.242.13.125 - - [23/Feb/2026:11:26:51 +0000] "GET /wp-content/themes/dreamstour/assets/css/iconsax.css HTTP/1.1" 304 0 "https://dreamstour-wp.dreamsmarketplace.com/" "Mozilla/5.0 (Linux; Android 10; K) AppleWebKit/537.36 (KHTML, like Gecko) SamsungBrowser/29.0 Chrome/136.0.0.0 Mobile Safari/537.36"
160.242.13.125 - - [23/Feb/2026:11:26:51 +0000] "GET /wp-content/themes/dreamstour/assets/css/theme-woocommerce.css HTTP/1.1" 304 0 "https://dreamstour-wp.dreamsmarketplace.com/" "Mozilla/5.0 (Linux; Android 10; K) AppleWebKit/537.36 (KHTML, like Gecko) SamsungBrowser/29.0 Chrome/136.0.0.0 Mobile Safari/537.36"
160.242.13.125 - - [23/Feb/2026:11:26:51 +0000] "GET /wp-content/themes/dreamstour/assets/css/custom.css HTTP/1.1" 304 0 "https://dreamstour-wp.dreamsmarketplace.com/" "Mozilla/5.0 (Linux; Android 10; K) AppleWebKit/537.36 (KHTML, like Gecko) SamsungBrowser/29.0 Chrome/136.0.0.0 Mobile Safari/537.36"
160.242.13.125 - - [23/Feb/2026:11:26:51 +0000] "GET /wp-content/themes/dreamstour/assets/css/custom2.css HTTP/1.1" 304 0 "https://dreamstour-wp.dreamsmarketplace.com/" "Mozilla/5.0 (Linux; Android 10; K) AppleWebKit/537.36 (KHTML, like Gecko) SamsungBrowser/29.0 Chrome/136.0.0.0 Mobile Safari/537.36"
160.242.13.125 - - [23/Feb/2026:11:26:51 +0000] "GET /wp-content/themes/dreamstour/assets/css/style.css HTTP/1.1" 304 0 "https://dreamstour-wp.dreamsmarketplace.com/" "Mozilla/5.0 (Linux; Android 10; K) AppleWebKit/537.36 (KHTML, like Gecko) SamsungBrowser/29.0 Chrome/136.0.0.0 Mobile Safari/537.36"
160.242.13.125 - - [23/Feb/2026:11:26:51 +0000] "GET /wp-content/themes/dreamstour/style.css HTTP/1.1" 304 0 "https://dreamstour-wp.dreamsmarketplace.com/" "Mozilla/5.0 (Linux; Android 10; K) AppleWebKit/537.36 (KHTML, like Gecko) SamsungBrowser/29.0 Chrome/136.0.0.0 Mobile Safari/537.36"
160.242.13.125 - - [23/Feb/2026:11:26:51 +0000] "GET /wp-content/plugins/woocommerce/assets/css/select2.css?ver=10.4.3 HTTP/1.1" 304 0 "https://dreamstour-wp.dreamsmarketplace.com/" "Mozilla/5.0 (Linux; Android 10; K) AppleWebKit/537.36 (KHTML, like Gecko) SamsungBrowser/29.0 Chrome/136.0.0.0 Mobile Safari/537.36"
160.242.13.125 - - [23/Feb/2026:11:26:51 +0000] "GET /wp-content/themes/dreamstour/assets/css/theme-default.css HTTP/1.1" 304 0 "https://dreamstour-wp.dreamsmarketplace.com/" "Mozilla/5.0 (Linux; Android 10; K) AppleWebKit/537.36 (KHTML, like Gecko) SamsungBrowser/29.0 Chrome/136.0.0.0 Mobile Safari/537.36"
160.242.13.125 - - [23/Feb/2026:11:26:51 +0000] "GET /wp-content/themes/dreamstour/assets/plugins/owlcarousel/owl.carousel.min.css HTTP/1.1" 304 0 "https://dreamstour-wp.dreamsmarketplace.com/" "Mozilla/5.0 (Linux; Android 10; K) AppleWebKit/537.36 (KHTML, like Gecko) SamsungBrowser/29.0 Chrome/136.0.0.0 Mobile Safari/537.36"
160.242.13.125 - - [23/Feb/2026:11:26:51 +0000] "GET /wp-content/themes/dreamstour/assets/images/logo.svg HTTP/1.1" 304 0 "https://dreamstour-wp.dreamsmarketplace.com/" "Mozilla/5.0 (Linux; Android 10; K) AppleWebKit/537.36 (KHTML, like Gecko) SamsungBrowser/29.0 Chrome/136.0.0.0 Mobile Safari/537.36"
160.242.13.125 - - [23/Feb/2026:11:26:51 +0000] "GET /wp-content/themes/dreamstour/assets/plugins/fontawesome/css/all.min.css HTTP/1.1" 304 0 "https://dreamstour-wp.dreamsmarketplace.com/" "Mozilla/5.0 (Linux; Android 10; K) AppleWebKit/537.36 (KHTML, like Gecko) SamsungBrowser/29.0 Chrome/136.0.0.0 Mobile Safari/537.36"
160.242.13.125 - - [23/Feb/2026:11:26:51 +0000] "GET /wp-includes/js/jquery/jquery.min.js?ver=3.7.1 HTTP/1.1" 304 0 "https://dreamstour-wp.dreamsmarketplace.com/" "Mozilla/5.0 (Linux; Android 10; K) AppleWebKit/537.36 (KHTML, like Gecko) SamsungBrowser/29.0 Chrome/136.0.0.0 Mobile Safari/537.36"
160.242.13.125 - - [23/Feb/2026:11:26:51 +0000] "GET /wp-content/themes/dreamstour/assets/plugins/fancybox/jquery.fancybox.min.css HTTP/1.1" 304 0 "https://dreamstour-wp.dreamsmarketplace.com/" "Mozilla/5.0 (Linux; Android 10; K) AppleWebKit/537.36 (KHTML, like Gecko) SamsungBrowser/29.0 Chrome/136.0.0.0 Mobile Safari/537.36"
160.242.13.125 - - [23/Feb/2026:11:26:51 +0000] "GET /wp-includes/js/jquery/jquery-migrate.min.js?ver=3.4.1 HTTP/1.1" 304 0 "https://dreamstour-wp.dreamsmarketplace.com/" "Mozilla/5.0 (Linux; Android 10; K) AppleWebKit/537.36 (KHTML, like Gecko) SamsungBrowser/29.0 Chrome/136.0.0.0 Mobile Safari/537.36"
160.242.13.125 - - [23/Feb/2026:11:26:51 +0000] "GET /wp-content/themes/dreamstour/assets/images/logo-dark.svg HTTP/1.1" 304 0 "https://dreamstour-wp.dreamsmarketplace.com/" "Mozilla/5.0 (Linux; Android 10; K) AppleWebKit/537.36 (KHTML, like Gecko) SamsungBrowser/29.0 Chrome/136.0.0.0 Mobile Safari/537.36"
160.242.13.125 - - [23/Feb/2026:11:26:51 +0000] "GET /wp-content/themes/dreamstour/assets/plugins/slick/slick.css HTTP/1.1" 304 0 "https://dreamstour-wp.dreamsmarketplace.com/" "Mozilla/5.0 (Linux; Android 10; K) AppleWebKit/537.36 (KHTML, like Gecko) SamsungBrowser/29.0 Chrome/136.0.0.0 Mobile Safari/537.36"
160.242.13.125 - - [23/Feb/2026:11:26:52 +0000] "GET /wp-content/uploads/elementor/css/custom-frontend.min.css?ver=1770249738 HTTP/1.1" 404 10360 "https://dreamstour-wp.dreamsmarketplace.com/" "Mozilla/5.0 (Linux; Android 10; K) AppleWebKit/537.36 (KHTML, like Gecko) SamsungBrowser/29.0 Chrome/136.0.0.0 Mobile Safari/537.36"
160.242.13.125 - - [23/Feb/2026:11:26:52 +0000] "GET /wp-content/uploads/elementor/css/post-144.css?ver=1770249738 HTTP/1.1" 404 10360 "https://dreamstour-wp.dreamsmarketplace.com/" "Mozilla/5.0 (Linux; Android 10; K) AppleWebKit/537.36 (KHTML, like Gecko) SamsungBrowser/29.0 Chrome/136.0.0.0 Mobile Safari/537.36"
160.242.13.125 - - [23/Feb/2026:11:26:52 +0000] "GET /wp-content/uploads/elementor/css/post-76.css?ver=1770249739 HTTP/1.1" 404 10360 "https://dreamstour-wp.dreamsmarketplace.com/" "Mozilla/5.0 (Linux; Android 10; K) AppleWebKit/537.36 (KHTML, like Gecko) SamsungBrowser/29.0 Chrome/136.0.0.0 Mobile Safari/537.36"
160.242.13.125 - - [23/Feb/2026:11:26:52 +0000] "GET /wp-content/plugins/woocommerce/assets/client/blocks/wc-blocks.css?ver=wc-10.4.3 HTTP/1.1" 304 0 "https://dreamstour-wp.dreamsmarketplace.com/" "Mozilla/5.0 (Linux; Android 10; K) AppleWebKit/537.36 (KHTML, like Gecko) SamsungBrowser/29.0 Chrome/136.0.0.0 Mobile Safari/537.36"
160.242.13.125 - - [23/Feb/2026:11:26:52 +0000] "GET /wp-includes/js/dist/hooks.min.js?ver=dd5603f07f9220ed27f1 HTTP/1.1" 304 0 "https://dreamstour-wp.dreamsmarketplace.com/" "Mozilla/5.0 (Linux; Android 10; K) AppleWebKit/537.36 (KHTML, like Gecko) SamsungBrowser/29.0 Chrome/136.0.0.0 Mobile Safari/537.36"
160.242.13.125 - - [23/Feb/2026:11:26:52 +0000] "GET /wp-content/plugins/dreams-tour/lib/ion-rangeslider/js/ion.rangeSlider.js?ver=1.0.0 HTTP/1.1" 304 0 "https://dreamstour-wp.dreamsmarketplace.com/" "Mozilla/5.0 (Linux; Android 10; K) AppleWebKit/537.36 (KHTML, like Gecko) SamsungBrowser/29.0 Chrome/136.0.0.0 Mobile Safari/537.36"
160.242.13.125 - - [23/Feb/2026:11:26:52 +0000] "GET /wp-includes/js/dist/i18n.min.js?ver=c26c3dc7bed366793375 HTTP/1.1" 304 0 "https://dreamstour-wp.dreamsmarketplace.com/" "Mozilla/5.0 (Linux; Android 10; K) AppleWebKit/537.36 (KHTML, like Gecko) SamsungBrowser/29.0 Chrome/136.0.0.0 Mobile Safari/537.36"
160.242.13.125 - - [23/Feb/2026:11:26:52 +0000] "GET /wp-content/plugins/contact-form-7/includes/js/index.js?ver=6.1.4 HTTP/1.1" 304 0 "https://dreamstour-wp.dreamsmarketplace.com/" "Mozilla/5.0 (Linux; Android 10; K) AppleWebKit/537.36 (KHTML, like Gecko) SamsungBrowser/29.0 Chrome/136.0.0.0 Mobile Safari/537.36"
160.242.13.125 - - [23/Feb/2026:11:26:52 +0000] "GET /wp-content/plugins/dreams-tour/assets/js/dreams-script.js?ver=1.1.0 HTTP/1.1" 304 0 "https://dreamstour-wp.dreamsmarketplace.com/" "Mozilla/5.0 (Linux; Android 10; K) AppleWebKit/537.36 (KHTML, like Gecko) SamsungBrowser/29.0 Chrome/136.0.0.0 Mobile Safari/537.36"
160.242.13.125 - - [23/Feb/2026:11:26:52 +0000] "GET /wp-content/plugins/contact-form-7/includes/swv/js/index.js?ver=6.1.4 HTTP/1.1" 304 0 "https://dreamstour-wp.dreamsmarketplace.com/" "Mozilla/5.0 (Linux; Android 10; K) AppleWebKit/537.36 (KHTML, like Gecko) SamsungBrowser/29.0 Chrome/136.0.0.0 Mobile Safari/537.36"
160.242.13.125 - - [23/Feb/2026:11:26:53 +0000] "GET /wp-content/themes/dreamstour/assets/plugins/tabler-icons/fonts/tabler-icons.woff2?v2.45.0 HTTP/1.1" 200 774252 "https://dreamstour-wp.dreamsmarketplace.com/wp-content/themes/dreamstour/assets/plugins/tabler-icons/tabler-icons.css" "Mozilla/5.0 (Linux; Android 10; K) AppleWebKit/537.36 (KHTML, like Gecko) SamsungBrowser/29.0 Chrome/136.0.0.0 Mobile Safari/537.36"
160.242.13.125 - - [23/Feb/2026:11:26:55 +0000] "GET /wp-content/plugins/dreams-tour/lib/ion-rangeslider/js/custom-rangeslider.js?ver=1.0.0 HTTP/1.1" 304 0 "https://dreamstour-wp.dreamsmarketplace.com/" "Mozilla/5.0 (Linux; Android 10; K) AppleWebKit/537.36 (KHTML, like Gecko) SamsungBrowser/29.0 Chrome/136.0.0.0 Mobile Safari/537.36"
160.242.13.125 - - [23/Feb/2026:11:26:55 +0000] "GET /wp-content/themes/dreamstour/assets/js/jquery.meanmenu.min.js HTTP/1.1" 304 0 "https://dreamstour-wp.dreamsmarketplace.com/" "Mozilla/5.0 (Linux; Android 10; K) AppleWebKit/537.36 (KHTML, like Gecko) SamsungBrowser/29.0 Chrome/136.0.0.0 Mobile Safari/537.36"
160.242.13.125 - - [23/Feb/2026:11:26:55 +0000] "GET /wp-content/themes/dreamstour/assets/js/bootstrap.bundle.min.js HTTP/1.1" 304 0 "https://dreamstour-wp.dreamsmarketplace.com/" "Mozilla/5.0 (Linux; Android 10; K) AppleWebKit/537.36 (KHTML, like Gecko) SamsungBrowser/29.0 Chrome/136.0.0.0 Mobile Safari/537.36"
160.242.13.125 - - [23/Feb/2026:11:26:55 +0000] "GET /wp-content/plugins/dreams-tour/lib/ion-rangeslider/js/ion.rangeSlider.min.js?ver=1.0.0 HTTP/1.1" 304 0 "https://dreamstour-wp.dreamsmarketplace.com/" "Mozilla/5.0 (Linux; Android 10; K) AppleWebKit/537.36 (KHTML, like Gecko) SamsungBrowser/29.0 Chrome/136.0.0.0 Mobile Safari/537.36"
160.242.13.125 - - [23/Feb/2026:11:26:55 +0000] "GET /wp-content/themes/dreamstour/assets/js/wow.min.js HTTP/1.1" 304 0 "https://dreamstour-wp.dreamsmarketplace.com/" "Mozilla/5.0 (Linux; Android 10; K) AppleWebKit/537.36 (KHTML, like Gecko) SamsungBrowser/29.0 Chrome/136.0.0.0 Mobile Safari/537.36"
160.242.13.125 - - [23/Feb/2026:11:26:56 +0000] "GET /wp-content/themes/dreamstour/assets/plugins/owlcarousel/owl.carousel.min.js HTTP/1.1" 304 0 "https://dreamstour-wp.dreamsmarketplace.com/" "Mozilla/5.0 (Linux; Android 10; K) AppleWebKit/537.36 (KHTML, like Gecko) SamsungBrowser/29.0 Chrome/136.0.0.0 Mobile Safari/537.36"
160.242.13.125 - - [23/Feb/2026:11:26:56 +0000] "GET /wp-content/themes/dreamstour/assets/plugins/theia-sticky-sidebar/theia-sticky-sidebar.js HTTP/1.1" 304 0 "https://dreamstour-wp.dreamsmarketplace.com/" "Mozilla/5.0 (Linux; Android 10; K) AppleWebKit/537.36 (KHTML, like Gecko) SamsungBrowser/29.0 Chrome/136.0.0.0 Mobile Safari/537.36"
160.242.13.125 - - [23/Feb/2026:11:26:56 +0000] "GET /wp-content/themes/dreamstour/assets/plugins/fancybox/jquery.fancybox.min.js HTTP/1.1" 304 0 "https://dreamstour-wp.dreamsmarketplace.com/" "Mozilla/5.0 (Linux; Android 10; K) AppleWebKit/537.36 (KHTML, like Gecko) SamsungBrowser/29.0 Chrome/136.0.0.0 Mobile Safari/537.36"
160.242.13.125 - - [23/Feb/2026:11:26:56 +0000] "GET /wp-content/themes/dreamstour/assets/plugins/slick/slick.min.js HTTP/1.1" 304 0 "https://dreamstour-wp.dreamsmarketplace.com/" "Mozilla/5.0 (Linux; Android 10; K) AppleWebKit/537.36 (KHTML, like Gecko) SamsungBrowser/29.0 Chrome/136.0.0.0 Mobile Safari/537.36"
160.242.13.125 - - [23/Feb/2026:11:26:56 +0000] "GET /wp-content/themes/dreamstour/assets/js/bootstrap-datetimepicker.min.js HTTP/1.1" 304 0 "https://dreamstour-wp.dreamsmarketplace.com/" "Mozilla/5.0 (Linux; Android 10; K) AppleWebKit/537.36 (KHTML, like Gecko) SamsungBrowser/29.0 Chrome/136.0.0.0 Mobile Safari/537.36"
160.242.13.125 - - [23/Feb/2026:11:26:56 +0000] "GET /wp-content/themes/dreamstour/assets/plugins/theia-sticky-sidebar/ResizeSensor.js HTTP/1.1" 304 0 "https://dreamstour-wp.dreamsmarketplace.com/" "Mozilla/5.0 (Linux; Android 10; K) AppleWebKit/537.36 (KHTML, like Gecko) SamsungBrowser/29.0 Chrome/136.0.0.0 Mobile Safari/537.36"
160.242.13.125 - - [23/Feb/2026:11:26:56 +0000] "GET /wp-content/themes/dreamstour/assets/js/jquery.counterup.min.js HTTP/1.1" 304 0 "https://dreamstour-wp.dreamsmarketplace.com/" "Mozilla/5.0 (Linux; Android 10; K) AppleWebKit/537.36 (KHTML, like Gecko) SamsungBrowser/29.0 Chrome/136.0.0.0 Mobile Safari/537.36"
160.242.13.125 - - [23/Feb/2026:11:26:56 +0000] "GET /wp-content/themes/dreamstour/assets/js/jquery.waypoints.min.js HTTP/1.1" 304 0 "https://dreamstour-wp.dreamsmarketplace.com/" "Mozilla/5.0 (Linux; Android 10; K) AppleWebKit/537.36 (KHTML, like Gecko) SamsungBrowser/29.0 Chrome/136.0.0.0 Mobile Safari/537.36"
160.242.13.125 - - [23/Feb/2026:11:26:56 +0000] "GET /wp-includes/js/dist/vendor/moment.min.js?ver=2.30.1 HTTP/1.1" 304 0 "https://dreamstour-wp.dreamsmarketplace.com/" "Mozilla/5.0 (Linux; Android 10; K) AppleWebKit/537.36 (KHTML, like Gecko) SamsungBrowser/29.0 Chrome/136.0.0.0 Mobile Safari/537.36"
160.242.13.125 - - [23/Feb/2026:11:26:56 +0000] "GET /wp-content/themes/dreamstour/assets/plugins/select2/js/select2.min.js HTTP/1.1" 304 0 "https://dreamstour-wp.dreamsmarketplace.com/" "Mozilla/5.0 (Linux; Android 10; K) AppleWebKit/537.36 (KHTML, like Gecko) SamsungBrowser/29.0 Chrome/136.0.0.0 Mobile Safari/537.36"
160.242.13.125 - - [23/Feb/2026:11:26:56 +0000] "GET /wp-content/plugins/woocommerce/assets/js/sourcebuster/sourcebuster.min.js?ver=10.4.3 HTTP/1.1" 304 0 "https://dreamstour-wp.dreamsmarketplace.com/" "Mozilla/5.0 (Linux; Android 10; K) AppleWebKit/537.36 (KHTML, like Gecko) SamsungBrowser/29.0 Chrome/136.0.0.0 Mobile Safari/537.36"
160.242.13.125 - - [23/Feb/2026:11:26:56 +0000] "GET /wp-content/themes/dreamstour/assets/js/cursor.js HTTP/1.1" 304 0 "https://dreamstour-wp.dreamsmarketplace.com/" "Mozilla/5.0 (Linux; Android 10; K) AppleWebKit/537.36 (KHTML, like Gecko) SamsungBrowser/29.0 Chrome/136.0.0.0 Mobile Safari/537.36"
160.242.13.125 - - [23/Feb/2026:11:26:56 +0000] "GET /wp-content/themes/dreamstour/assets/js/script.js HTTP/1.1" 304 0 "https://dreamstour-wp.dreamsmarketplace.com/" "Mozilla/5.0 (Linux; Android 10; K) AppleWebKit/537.36 (KHTML, like Gecko) SamsungBrowser/29.0 Chrome/136.0.0.0 Mobile Safari/537.36"
160.242.13.125 - - [23/Feb/2026:11:26:56 +0000] "GET /wp-content/themes/dreamstour/assets/js/theme-script.js HTTP/1.1" 304 0 "https://dreamstour-wp.dreamsmarketplace.com/" "Mozilla/5.0 (Linux; Android 10; K) AppleWebKit/537.36 (KHTML, like Gecko) SamsungBrowser/29.0 Chrome/136.0.0.0 Mobile Safari/537.36"
160.242.13.125 - - [23/Feb/2026:11:26:56 +0000] "GET /wp-content/plugins/woocommerce/assets/js/frontend/order-attribution.min.js?ver=10.4.3 HTTP/1.1" 304 0 "https://dreamstour-wp.dreamsmarketplace.com/" "Mozilla/5.0 (Linux; Android 10; K) AppleWebKit/537.36 (KHTML, like Gecko) SamsungBrowser/29.0 Chrome/136.0.0.0 Mobile Safari/537.36"
160.242.13.125 - - [23/Feb/2026:11:26:56 +0000] "GET /wp-content/plugins/woocommerce/assets/js/jquery-blockui/jquery.blockUI.min.js?ver=2.7.0-wc.10.4.3 HTTP/1.1" 304 0 "https://dreamstour-wp.dreamsmarketplace.com/" "Mozilla/5.0 (Linux; Android 10; K) AppleWebKit/537.36 (KHTML, like Gecko) SamsungBrowser/29.0 Chrome/136.0.0.0 Mobile Safari/537.36"
160.242.13.125 - - [23/Feb/2026:11:26:56 +0000] "GET /wp-content/plugins/woocommerce/assets/js/frontend/add-to-cart.min.js?ver=10.4.3 HTTP/1.1" 304 0 "https://dreamstour-wp.dreamsmarketplace.com/" "Mozilla/5.0 (Linux; Android 10; K) AppleWebKit/537.36 (KHTML, like Gecko) SamsungBrowser/29.0 Chrome/136.0.0.0 Mobile Safari/537.36"
160.242.13.125 - - [23/Feb/2026:11:26:56 +0000] "GET /wp-content/plugins/woocommerce/assets/js/js-cookie/js.cookie.min.js?ver=2.1.4-wc.10.4.3 HTTP/1.1" 304 0 "https://dreamstour-wp.dreamsmarketplace.com/" "Mozilla/5.0 (Linux; Android 10; K) AppleWebKit/537.36 (KHTML, like Gecko) SamsungBrowser/29.0 Chrome/136.0.0.0 Mobile Safari/537.36"
160.242.13.125 - - [23/Feb/2026:11:26:56 +0000] "GET /wp-content/plugins/woocommerce/assets/js/frontend/woocommerce.min.js?ver=10.4.3 HTTP/1.1" 304 0 "https://dreamstour-wp.dreamsmarketplace.com/" "Mozilla/5.0 (Linux; Android 10; K) AppleWebKit/537.36 (KHTML, like Gecko) SamsungBrowser/29.0 Chrome/136.0.0.0 Mobile Safari/537.36"
172.187.168.139 - - [23/Feb/2026:11:27:05 +0000] "POST /wp-cron.php?doing_wp_cron=1771846025.3100531101226806640625 HTTP/1.1" 200 31 "-" "WordPress/6.9; https://dreamstour-wp.dreamsmarketplace.com"
160.242.13.125 - - [23/Feb/2026:11:27:05 +0000] "GET /jet-casino-alternative/ HTTP/1.1" 200 21876 "https://dreamstour-wp.dreamsmarketplace.com/" "Mozilla/5.0 (Linux; Android 10; K) AppleWebKit/537.36 (KHTML, like Gecko) SamsungBrowser/29.0 Chrome/136.0.0.0 Mobile Safari/537.36"
160.242.13.125 - - [23/Feb/2026:11:27:08 +0000] "GET /wp-content/themes/dreamstour/assets/images/googleplay.svg HTTP/1.1" 304 0 "https://dreamstour-wp.dreamsmarketplace.com/" "Mozilla/5.0 (Linux; Android 10; K) AppleWebKit/537.36 (KHTML, like Gecko) SamsungBrowser/29.0 Chrome/136.0.0.0 Mobile Safari/537.36"
160.242.13.125 - - [23/Feb/2026:11:27:08 +0000] "GET /wp-content/themes/dreamstour/assets/images/footer.svg HTTP/1.1" 304 0 "https://dreamstour-wp.dreamsmarketplace.com/" "Mozilla/5.0 (Linux; Android 10; K) AppleWebKit/537.36 (KHTML, like Gecko) SamsungBrowser/29.0 Chrome/136.0.0.0 Mobile Safari/537.36"
160.242.13.125 - - [23/Feb/2026:11:27:08 +0000] "GET /wp-content/themes/dreamstour/assets/images/appstore.svg HTTP/1.1" 304 0 "https://dreamstour-wp.dreamsmarketplace.com/" "Mozilla/5.0 (Linux; Android 10; K) AppleWebKit/537.36 (KHTML, like Gecko) SamsungBrowser/29.0 Chrome/136.0.0.0 Mobile Safari/537.36"
160.242.13.125 - - [23/Feb/2026:11:27:09 +0000] "GET /wp-content/themes/dreamstour/assets/images/payment/mastercard.svg HTTP/1.1" 404 10360 "https://dreamstour-wp.dreamsmarketplace.com/" "Mozilla/5.0 (Linux; Android 10; K) AppleWebKit/537.36 (KHTML, like Gecko) SamsungBrowser/29.0 Chrome/136.0.0.0 Mobile Safari/537.36"
