41.182.104.168 - - [23/Feb/2026:19:56:03 +0000] "GET /wp-json/contact-form-7/v1/contact-forms/242/feedback/schema HTTP/1.1" 401 85 "https://dreamstour-wp.dreamsmarketplace.com/contact-us/" "Mozilla/5.0 (Windows NT 10.0; Win64; x64) AppleWebKit/537.36 (KHTML, like Gecko) Chrome/145.0.0.0 Safari/537.36"
41.182.104.168 - - [23/Feb/2026:19:56:03 +0000] "GET /wp-content/themes/dreamstour/assets/images/payment/visa.svg HTTP/1.1" 404 10359 "https://dreamstour-wp.dreamsmarketplace.com/contact-us/" "Mozilla/5.0 (Windows NT 10.0; Win64; x64) AppleWebKit/537.36 (KHTML, like Gecko) Chrome/145.0.0.0 Safari/537.36"
41.182.104.168 - - [23/Feb/2026:19:56:10 +0000] "GET / HTTP/1.1" 200 31185 "https://dreamstour-wp.dreamsmarketplace.com/contact-us/" "Mozilla/5.0 (Windows NT 10.0; Win64; x64) AppleWebKit/537.36 (KHTML, like Gecko) Chrome/145.0.0.0 Safari/537.36"
41.182.104.168 - - [23/Feb/2026:19:56:11 +0000] "GET /wp-content/uploads/elementor/css/post-144.css?ver=1770249738 HTTP/1.1" 404 10359 "https://dreamstour-wp.dreamsmarketplace.com/" "Mozilla/5.0 (Windows NT 10.0; Win64; x64) AppleWebKit/537.36 (KHTML, like Gecko) Chrome/145.0.0.0 Safari/537.36"
41.182.104.168 - - [23/Feb/2026:19:56:11 +0000] "GET /wp-content/uploads/elementor/css/custom-frontend.min.css?ver=1770249738 HTTP/1.1" 404 10359 "https://dreamstour-wp.dreamsmarketplace.com/" "Mozilla/5.0 (Windows NT 10.0; Win64; x64) AppleWebKit/537.36 (KHTML, like Gecko) Chrome/145.0.0.0 Safari/537.36"
41.182.104.168 - - [23/Feb/2026:19:56:12 +0000] "GET /wp-content/uploads/elementor/css/post-76.css?ver=1770249739 HTTP/1.1" 404 10359 "https://dreamstour-wp.dreamsmarketplace.com/" "Mozilla/5.0 (Windows NT 10.0; Win64; x64) AppleWebKit/537.36 (KHTML, like Gecko) Chrome/145.0.0.0 Safari/537.36"
41.182.104.168 - - [23/Feb/2026:19:56:13 +0000] "GET /wp-content/themes/dreamstour/assets/images/payment/visa.svg HTTP/1.1" 404 10359 "https://dreamstour-wp.dreamsmarketplace.com/" "Mozilla/5.0 (Windows NT 10.0; Win64; x64) AppleWebKit/537.36 (KHTML, like Gecko) Chrome/145.0.0.0 Safari/537.36"
41.182.104.168 - - [23/Feb/2026:19:56:13 +0000] "GET /wp-content/themes/dreamstour/assets/images/payment/mastercard.svg HTTP/1.1" 404 10359 "https://dreamstour-wp.dreamsmarketplace.com/" "Mozilla/5.0 (Windows NT 10.0; Win64; x64) AppleWebKit/537.36 (KHTML, like Gecko) Chrome/145.0.0.0 Safari/537.36"
41.182.104.168 - - [23/Feb/2026:19:56:13 +0000] "GET /wp-json/contact-form-7/v1/contact-forms/523/feedback/schema HTTP/1.1" 401 85 "https://dreamstour-wp.dreamsmarketplace.com/" "Mozilla/5.0 (Windows NT 10.0; Win64; x64) AppleWebKit/537.36 (KHTML, like Gecko) Chrome/145.0.0.0 Safari/537.36"
172.187.168.139 - - [23/Feb/2026:19:57:54 +0000] "POST /wp-cron.php?doing_wp_cron=1771876674.8615550994873046875000 HTTP/1.1" 200 31 "-" "WordPress/6.9; https://dreamstour-wp.dreamsmarketplace.com"
2001:41d0:303:2bb6::1 - - [23/Feb/2026:19:57:54 +0000] "GET /robots.txt HTTP/1.1" 200 428 "-" "Mozilla/5.0 (compatible; MJ12bot/v1.4.8; http://mj12bot.com/)"
2001:41d0:303:2bb6::1 - - [23/Feb/2026:19:58:03 +0000] "GET /cs2-d%C9%99-aim-getm%C9%99y%C9%99nd%C9%99-bir-mudd%C9%99t-pinco-casino-da-beyni-sakitl%C9%99sdirm%C9%99k-%C9%99la-t%C9%99sir-edir/ HTTP/1.1" 404 10359 "-" "Mozilla/5.0 (compatible; MJ12bot/v1.4.8; http://mj12bot.com/)"
172.187.168.139 - - [23/Feb/2026:19:59:56 +0000] "POST /wp-cron.php?doing_wp_cron=1771876796.1973218917846679687500 HTTP/1.1" 200 31 "-" "WordPress/6.9; https://dreamstour-wp.dreamsmarketplace.com"
41.182.104.168 - - [23/Feb/2026:19:59:56 +0000] "GET /terms-conditions/ HTTP/1.1" 200 15601 "https://dreamstour-wp.dreamsmarketplace.com/" "Mozilla/5.0 (Windows NT 10.0; Win64; x64) AppleWebKit/537.36 (KHTML, like Gecko) Chrome/145.0.0.0 Safari/537.36"
41.182.104.168 - - [23/Feb/2026:19:59:57 +0000] "GET /wp-content/uploads/elementor/css/post-144.css?ver=1770249738 HTTP/1.1" 404 10359 "https://dreamstour-wp.dreamsmarketplace.com/terms-conditions/" "Mozilla/5.0 (Windows NT 10.0; Win64; x64) AppleWebKit/537.36 (KHTML, like Gecko) Chrome/145.0.0.0 Safari/537.36"
41.182.104.168 - - [23/Feb/2026:19:59:58 +0000] "GET /wp-content/uploads/elementor/css/custom-frontend.min.css?ver=1770249738 HTTP/1.1" 404 10359 "https://dreamstour-wp.dreamsmarketplace.com/terms-conditions/" "Mozilla/5.0 (Windows NT 10.0; Win64; x64) AppleWebKit/537.36 (KHTML, like Gecko) Chrome/145.0.0.0 Safari/537.36"
41.182.104.168 - - [23/Feb/2026:19:59:58 +0000] "GET /wp-content/uploads/elementor/css/post-205.css?ver=1770254104 HTTP/1.1" 404 10359 "https://dreamstour-wp.dreamsmarketplace.com/terms-conditions/" "Mozilla/5.0 (Windows NT 10.0; Win64; x64) AppleWebKit/537.36 (KHTML, like Gecko) Chrome/145.0.0.0 Safari/537.36"
41.182.104.168 - - [23/Feb/2026:19:59:58 +0000] "GET /wp-content/plugins/elementor/assets/js/text-editor.45609661e409413f1cef.bundle.min.js HTTP/1.1" 200 1348 "https://dreamstour-wp.dreamsmarketplace.com/terms-conditions/" "Mozilla/5.0 (Windows NT 10.0; Win64; x64) AppleWebKit/537.36 (KHTML, like Gecko) Chrome/145.0.0.0 Safari/537.36"
41.182.104.168 - - [23/Feb/2026:19:59:59 +0000] "GET /wp-content/themes/dreamstour/assets/images/payment/visa.svg HTTP/1.1" 404 10359 "https://dreamstour-wp.dreamsmarketplace.com/terms-conditions/" "Mozilla/5.0 (Windows NT 10.0; Win64; x64) AppleWebKit/537.36 (KHTML, like Gecko) Chrome/145.0.0.0 Safari/537.36"
41.182.104.168 - - [23/Feb/2026:19:59:59 +0000] "GET /wp-content/themes/dreamstour/assets/images/payment/mastercard.svg HTTP/1.1" 404 10359 "https://dreamstour-wp.dreamsmarketplace.com/terms-conditions/" "Mozilla/5.0 (Windows NT 10.0; Win64; x64) AppleWebKit/537.36 (KHTML, like Gecko) Chrome/145.0.0.0 Safari/537.36"
41.182.104.168 - - [23/Feb/2026:20:00:23 +0000] "GET /contact-us/ HTTP/1.1" 200 16374 "https://dreamstour-wp.dreamsmarketplace.com/terms-conditions/" "Mozilla/5.0 (Windows NT 10.0; Win64; x64) AppleWebKit/537.36 (KHTML, like Gecko) Chrome/145.0.0.0 Safari/537.36"
41.182.104.168 - - [23/Feb/2026:20:00:25 +0000] "GET /wp-content/uploads/elementor/css/post-144.css?ver=1770249738 HTTP/1.1" 404 10359 "https://dreamstour-wp.dreamsmarketplace.com/contact-us/" "Mozilla/5.0 (Windows NT 10.0; Win64; x64) AppleWebKit/537.36 (KHTML, like Gecko) Chrome/145.0.0.0 Safari/537.36"
41.182.104.168 - - [23/Feb/2026:20:00:25 +0000] "GET /wp-content/uploads/elementor/css/custom-frontend.min.css?ver=1770249738 HTTP/1.1" 404 10359 "https://dreamstour-wp.dreamsmarketplace.com/contact-us/" "Mozilla/5.0 (Windows NT 10.0; Win64; x64) AppleWebKit/537.36 (KHTML, like Gecko) Chrome/145.0.0.0 Safari/537.36"
41.182.104.168 - - [23/Feb/2026:20:00:26 +0000] "GET /wp-content/themes/dreamstour/assets/images/payment/visa.svg HTTP/1.1" 404 10359 "https://dreamstour-wp.dreamsmarketplace.com/contact-us/" "Mozilla/5.0 (Windows NT 10.0; Win64; x64) AppleWebKit/537.36 (KHTML, like Gecko) Chrome/145.0.0.0 Safari/537.36"
41.182.104.168 - - [23/Feb/2026:20:00:26 +0000] "GET /wp-content/themes/dreamstour/assets/images/payment/mastercard.svg HTTP/1.1" 404 10359 "https://dreamstour-wp.dreamsmarketplace.com/contact-us/" "Mozilla/5.0 (Windows NT 10.0; Win64; x64) AppleWebKit/537.36 (KHTML, like Gecko) Chrome/145.0.0.0 Safari/537.36"
41.182.104.168 - - [23/Feb/2026:20:00:26 +0000] "GET /wp-json/contact-form-7/v1/contact-forms/242/feedback/schema HTTP/1.1" 401 85 "https://dreamstour-wp.dreamsmarketplace.com/contact-us/" "Mozilla/5.0 (Windows NT 10.0; Win64; x64) AppleWebKit/537.36 (KHTML, like Gecko) Chrome/145.0.0.0 Safari/537.36"
172.187.168.139 - - [23/Feb/2026:20:00:57 +0000] "POST /wp-cron.php?doing_wp_cron=1771876857.5416069030761718750000 HTTP/1.1" 200 31 "-" "WordPress/6.9; https://dreamstour-wp.dreamsmarketplace.com"
149.232.128.52 - - [23/Feb/2026:20:00:57 +0000] "GET /blog-grid/ HTTP/1.1" 200 14698 "https://dreamstour-wp.dreamsmarketplace.com/blog-grid/" "Mozilla/5.0 (Macintosh; Intel Mac OS X 10_15_7) AppleWebKit/537.36 (KHTML, like Gecko) Chrome/123.0.0.0 Safari/537.36"
172.187.168.139 - - [23/Feb/2026:20:14:59 +0000] "POST /wp-cron.php?doing_wp_cron=1771877699.6531031131744384765625 HTTP/1.1" 200 31 "-" "WordPress/6.9; https://dreamstour-wp.dreamsmarketplace.com"
2001:41d0:303:2bb6::1 - - [23/Feb/2026:20:14:59 +0000] "GET /cs2-d%C9%99-komanda-s%C9%99ni-t%C9%99k-qoyanda-pinco-casino-balansi-b%C9%99rpa-edir/ HTTP/1.1" 404 10359 "-" "Mozilla/5.0 (compatible; MJ12bot/v1.4.8; http://mj12bot.com/)"
2001:41d0:303:2bb6::1 - - [23/Feb/2026:20:15:02 +0000] "GET /cs2-d%C9%99-uzun-matclardan-sonra-biraz-n%C9%99f%C9%99s-almaq-ist%C9%99y%C9%99nd%C9%99-pinco-casino-ideal-secim-olur/ HTTP/1.1" 404 10359 "-" "Mozilla/5.0 (compatible; MJ12bot/v1.4.8; http://mj12bot.com/)"
2001:41d0:303:2bb6::1 - - [23/Feb/2026:20:15:15 +0000] "GET /pinco-casino-az%C9%99rbaycan-oyunculari-ucun-dizayn-edilmis-intuitiv-interfeys-gucl%C9%99ndirilmis-t%C9%99hluk%C9%99sizlik-qatlari-v%C9%99-daim-yenil%C9%99n%C9%99n-oyun-kitabxanasi-il%C9%99-premium-s/ HTTP/1.1" 404 10359 "-" "Mozilla/5.0 (compatible; MJ12bot/v1.4.8; http://mj12bot.com/)"
2001:41d0:303:2bb6::1 - - [23/Feb/2026:20:15:18 +0000] "GET /pinco-casino-doyus-analitikl%C9%99rini-m%C9%99rccil%C9%99ri-v%C9%99-kazino-oyuncularini-bir-platformada-bir-araya-g%C9%99tir%C9%99n-coxqatli-bir-sistem%C9%99-malikdir/ HTTP/1.1" 404 10359 "-" "Mozilla/5.0 (compatible; MJ12bot/v1.4.8; http://mj12bot.com/)"
2001:41d0:303:2bb6::1 - - [23/Feb/2026:20:15:34 +0000] "GET /pinco-casino-oyunculara-limitsiz-%C9%99yl%C9%99nc%C9%99-v%C9%99-fasil%C9%99siz-gameplay-imkani-yaradir/ HTTP/1.1" 404 10359 "-" "Mozilla/5.0 (compatible; MJ12bot/v1.4.8; http://mj12bot.com/)"
2001:41d0:303:2bb6::1 - - [23/Feb/2026:20:15:37 +0000] "GET /pinco-casino-t%C9%99hluk%C9%99siz-od%C9%99nis-usullari-il%C9%99-oyuncularin-etibarini-qazanib/ HTTP/1.1" 404 10359 "-" "Mozilla/5.0 (compatible; MJ12bot/v1.4.8; http://mj12bot.com/)"
2001:41d0:303:2bb6::1 - - [23/Feb/2026:20:15:39 +0000] "GET /pubg-d%C9%99-gec%C9%99-boyunca-miramar-v%C9%99-erangel-arasinda-rotasiya-edib-dord-d%C9%99f%C9%99-top-5%C9%99-q%C9%99d%C9%99r-g%C9%99lib-lakin-son-zonada-ehtiyatsizliq-edib-uduzan-elvin-ozunu/ HTTP/1.1" 404 10359 "-" "Mozilla/5.0 (compatible; MJ12bot/v1.4.8; http://mj12bot.com/)"
172.187.168.139 - - [23/Feb/2026:20:21:34 +0000] "POST /wp-cron.php?doing_wp_cron=1771878094.5964789390563964843750 HTTP/1.1" 200 31 "-" "WordPress/6.9; https://dreamstour-wp.dreamsmarketplace.com"
187.84.7.159 - - [23/Feb/2026:20:21:34 +0000] "GET /parapharmacie-casino/ HTTP/1.1" 404 10359 "-" "Mozilla/5.0 (Macintosh; Intel Mac OS X 10_13_6) AppleWebKit/537.36 (KHTML, like Gecko) Chrome/68.0.3440.84 Safari/537.36"
172.187.168.139 - - [23/Feb/2026:20:30:23 +0000] "POST /wp-cron.php?doing_wp_cron=1771878623.3320269584655761718750 HTTP/1.1" 200 31 "-" "WordPress/6.9; https://dreamstour-wp.dreamsmarketplace.com"
45.161.132.146 - - [23/Feb/2026:20:30:23 +0000] "GET /the-simple-charm-of-a-hermes-bag-lies-in-its-capacity-to/ HTTP/1.1" 404 10359 "-" "Mozilla/5.0 (X11; Linux x86_64) AppleWebKit/537.36 (KHTML, like Gecko) Chrome/34.0.1847.137 Safari/4E423F"
172.187.168.139 - - [23/Feb/2026:20:34:18 +0000] "POST /wp-cron.php?doing_wp_cron=1771878858.4546320438385009765625 HTTP/1.1" 200 31 "-" "WordPress/6.9; https://dreamstour-wp.dreamsmarketplace.com"
185.24.61.103 - - [23/Feb/2026:20:34:18 +0000] "GET /replica-products-are-cheaper-than-originals-and-are-very/ HTTP/1.1" 404 10359 "-" "Mozilla/5.0 (Windows NT 6.1; Win64; x64) AppleWebKit/537.36 (KHTML, like Gecko) Chrome/80.0.3987.132 Safari/537.36"
172.187.168.139 - - [23/Feb/2026:20:39:08 +0000] "POST /wp-cron.php?doing_wp_cron=1771879147.9936521053314208984375 HTTP/1.1" 200 31 "-" "WordPress/6.9; https://dreamstour-wp.dreamsmarketplace.com"
51.195.215.118 - - [23/Feb/2026:20:39:08 +0000] "GET /wp-sitemap.xml HTTP/1.1" 200 1914 "-" "Mozilla/5.0 (compatible; AhrefsBot/7.0; +http://ahrefs.com/robot/)"
198.244.226.163 - - [23/Feb/2026:20:39:12 +0000] "GET /wp-sitemap-posts-post-1.xml HTTP/1.1" 200 2615 "-" "Mozilla/5.0 (compatible; AhrefsBot/7.0; +http://ahrefs.com/robot/)"
54.38.147.159 - - [23/Feb/2026:20:39:16 +0000] "GET /wp-sitemap-posts-page-1.xml HTTP/1.1" 200 3228 "-" "Mozilla/5.0 (compatible; AhrefsBot/7.0; +http://ahrefs.com/robot/)"
198.244.240.7 - - [23/Feb/2026:20:39:20 +0000] "GET /wp-sitemap-posts-product-1.xml HTTP/1.1" 200 2063 "-" "Mozilla/5.0 (compatible; AhrefsBot/7.0; +http://ahrefs.com/robot/)"
198.244.183.26 - - [23/Feb/2026:20:39:24 +0000] "GET /wp-sitemap-posts-tour-1.xml HTTP/1.1" 200 1792 "-" "Mozilla/5.0 (compatible; AhrefsBot/7.0; +http://ahrefs.com/robot/)"
198.244.240.77 - - [23/Feb/2026:20:39:28 +0000] "GET /wp-sitemap-taxonomies-category-1.xml HTTP/1.1" 200 823 "-" "Mozilla/5.0 (compatible; AhrefsBot/7.0; +http://ahrefs.com/robot/)"
51.195.244.21 - - [23/Feb/2026:20:39:32 +0000] "GET /wp-sitemap-taxonomies-post_tag-1.xml HTTP/1.1" 200 1963 "-" "Mozilla/5.0 (compatible; AhrefsBot/7.0; +http://ahrefs.com/robot/)"
51.195.244.14 - - [23/Feb/2026:20:39:36 +0000] "GET /wp-sitemap-taxonomies-product_cat-1.xml HTTP/1.1" 200 320 "-" "Mozilla/5.0 (compatible; AhrefsBot/7.0; +http://ahrefs.com/robot/)"
198.244.183.125 - - [23/Feb/2026:20:39:40 +0000] "GET /wp-sitemap-taxonomies-tour_category-1.xml HTTP/1.1" 200 782 "-" "Mozilla/5.0 (compatible; AhrefsBot/7.0; +http://ahrefs.com/robot/)"
198.244.168.68 - - [23/Feb/2026:20:39:44 +0000] "GET /wp-sitemap-taxonomies-tour_duration_days-1.xml HTTP/1.1" 200 775 "-" "Mozilla/5.0 (compatible; AhrefsBot/7.0; +http://ahrefs.com/robot/)"
198.244.183.69 - - [23/Feb/2026:20:39:48 +0000] "GET /wp-sitemap-taxonomies-tour_duration_nights-1.xml HTTP/1.1" 200 798 "-" "Mozilla/5.0 (compatible; AhrefsBot/7.0; +http://ahrefs.com/robot/)"
198.244.183.35 - - [23/Feb/2026:20:39:52 +0000] "GET /wp-sitemap-taxonomies-tour_country-1.xml HTTP/1.1" 200 496 "-" "Mozilla/5.0 (compatible; AhrefsBot/7.0; +http://ahrefs.com/robot/)"
172.187.168.139 - - [23/Feb/2026:20:39:56 +0000] "POST /wp-cron.php?doing_wp_cron=1771879196.9020490646362304687500 HTTP/1.1" 200 31 "-" "WordPress/6.9; https://dreamstour-wp.dreamsmarketplace.com"
198.244.226.25 - - [23/Feb/2026:20:39:56 +0000] "GET /wp-sitemap-taxonomies-tour_activities-1.xml HTTP/1.1" 200 813 "-" "Mozilla/5.0 (compatible; AhrefsBot/7.0; +http://ahrefs.com/robot/)"
198.244.226.77 - - [23/Feb/2026:20:40:00 +0000] "GET /wp-sitemap-taxonomies-tour_includes-1.xml HTTP/1.1" 200 826 "-" "Mozilla/5.0 (compatible; AhrefsBot/7.0; +http://ahrefs.com/robot/)"
198.244.183.150 - - [23/Feb/2026:20:40:04 +0000] "GET /wp-sitemap-taxonomies-tour_excludes-1.xml HTTP/1.1" 200 799 "-" "Mozilla/5.0 (compatible; AhrefsBot/7.0; +http://ahrefs.com/robot/)"
198.244.168.216 - - [23/Feb/2026:20:40:09 +0000] "GET /wp-sitemap-taxonomies-tour_why_book-1.xml HTTP/1.1" 200 722 "-" "Mozilla/5.0 (compatible; AhrefsBot/7.0; +http://ahrefs.com/robot/)"
172.187.168.139 - - [23/Feb/2026:20:41:26 +0000] "POST /wp-cron.php?doing_wp_cron=1771879286.2803390026092529296875 HTTP/1.1" 200 31 "-" "WordPress/6.9; https://dreamstour-wp.dreamsmarketplace.com"
66.249.66.6 - - [23/Feb/2026:20:41:26 +0000] "GET /tag/mr-play-casino-no-deposit/void(0); HTTP/1.1" 301 5 "-" "Mozilla/5.0 (Linux; Android 6.0.1; Nexus 5X Build/MMB29P) AppleWebKit/537.36 (KHTML, like Gecko) Chrome/144.0.7559.132 Mobile Safari/537.36 (compatible; Googlebot/2.1; +http://www.google.com/bot.html)"
66.249.66.196 - - [23/Feb/2026:20:41:27 +0000] "GET /tag/mr-play-casino-no-deposit/void(0 HTTP/1.1" 404 10359 "-" "Mozilla/5.0 (Linux; Android 6.0.1; Nexus 5X Build/MMB29P) AppleWebKit/537.36 (KHTML, like Gecko) Chrome/144.0.7559.132 Mobile Safari/537.36 (compatible; Googlebot/2.1; +http://www.google.com/bot.html)"
172.187.168.139 - - [23/Feb/2026:20:44:01 +0000] "POST /wp-cron.php?doing_wp_cron=1771879441.2028429508209228515625 HTTP/1.1" 200 31 "-" "WordPress/6.9; https://dreamstour-wp.dreamsmarketplace.com"
113.188.120.224 - - [23/Feb/2026:20:44:01 +0000] "GET /hacked-by-manzz/ HTTP/1.1" 200 18134 "-" "Mozilla/5.0 (Macintosh; Intel Mac OS X 10_14_6) AppleWebKit/537.36 (KHTML, like Gecko) Brave Chrome/86.0.4240.183 Safari/537.36"
66.249.66.7 - - [23/Feb/2026:20:49:37 +0000] "GET /wp-content/uploads/2025/10/gallery-tour-02.jpg HTTP/1.1" 200 46711 "-" "Googlebot-Image/1.0"
172.187.168.139 - - [23/Feb/2026:20:52:41 +0000] "POST /wp-cron.php?doing_wp_cron=1771879961.3850440979003906250000 HTTP/1.1" 200 31 "-" "WordPress/6.9; https://dreamstour-wp.dreamsmarketplace.com"
51.195.183.67 - - [23/Feb/2026:20:52:41 +0000] "GET /tour/statue-of-liberty/ HTTP/1.1" 200 23407 "-" "Mozilla/5.0 (compatible; AhrefsBot/7.0; +http://ahrefs.com/robot/)"
172.187.168.139 - - [23/Feb/2026:20:52:57 +0000] "POST /wp-cron.php?doing_wp_cron=1771879977.3148388862609863281250 HTTP/1.1" 200 31 "-" "WordPress/6.9; https://dreamstour-wp.dreamsmarketplace.com"
198.244.242.249 - - [23/Feb/2026:20:52:57 +0000] "GET /tour/ancient-ruins/ HTTP/1.1" 200 23287 "-" "Mozilla/5.0 (compatible; AhrefsBot/7.0; +http://ahrefs.com/robot/)"
41.75.173.127 - - [23/Feb/2026:20:53:52 +0000] "GET /tour_category/group-tours/ HTTP/1.1" 200 15405 "https://dreamstour-wp.dreamsmarketplace.com/home-02/" "Mozilla/5.0 (Windows NT 10.0; Win64; x64) AppleWebKit/537.36 (KHTML, like Gecko) Chrome/141.0.0.0 Safari/537.36"
172.187.168.139 - - [23/Feb/2026:20:53:54 +0000] "POST /wp-cron.php?doing_wp_cron=1771880034.6736640930175781250000 HTTP/1.1" 200 31 "-" "WordPress/6.9; https://dreamstour-wp.dreamsmarketplace.com"
41.75.173.127 - - [23/Feb/2026:20:53:54 +0000] "GET /wp-content/themes/dreamstour/assets/images/payment/visa.svg HTTP/1.1" 404 10359 "https://dreamstour-wp.dreamsmarketplace.com/tour_category/group-tours/" "Mozilla/5.0 (Windows NT 10.0; Win64; x64) AppleWebKit/537.36 (KHTML, like Gecko) Chrome/141.0.0.0 Safari/537.36"
41.75.173.127 - - [23/Feb/2026:20:53:54 +0000] "GET /wp-content/themes/dreamstour/assets/images/payment/mastercard.svg HTTP/1.1" 404 10359 "https://dreamstour-wp.dreamsmarketplace.com/tour_category/group-tours/" "Mozilla/5.0 (Windows NT 10.0; Win64; x64) AppleWebKit/537.36 (KHTML, like Gecko) Chrome/141.0.0.0 Safari/537.36"
172.187.168.139 - - [23/Feb/2026:21:00:18 +0000] "POST /wp-cron.php?doing_wp_cron=1771880418.5619249343872070312500 HTTP/1.1" 200 31 "-" "WordPress/6.9; https://dreamstour-wp.dreamsmarketplace.com"
149.232.140.231 - - [23/Feb/2026:21:00:18 +0000] "GET /category/adventure/ HTTP/1.1" 200 16265 "https://dreamstour-wp.dreamsmarketplace.com/category/adventure/" "Mozilla/5.0 (Windows NT 10.0; Win64; x64) AppleWebKit/537.36 (KHTML, like Gecko) Chrome/116.0.0.0 Safari/537.36"
172.187.168.139 - - [23/Feb/2026:21:01:49 +0000] "POST /wp-cron.php?doing_wp_cron=1771880509.7962179183959960937500 HTTP/1.1" 200 31 "-" "WordPress/6.9; https://dreamstour-wp.dreamsmarketplace.com"
14.241.133.34 - - [23/Feb/2026:21:01:49 +0000] "GET /discover-nice-deals-on-carefully-chosen-adult-toys/ HTTP/1.1" 404 10359 "-" "Mozilla/5.0 (Windows NT 6.1; Win64; x64) AppleWebKit/537.36 (KHTML, like Gecko) Chrome/84.0.4147.125 Safari/537.36"
196.77.45.158 - - [23/Feb/2026:21:11:59 +0000] "GET /landing/ HTTP/1.1" 200 5698 "https://preview.themeforest.net/" "Mozilla/5.0 (Macintosh; Intel Mac OS X 10_15_7) AppleWebKit/537.36 (KHTML, like Gecko) Chrome/145.0.0.0 Safari/537.36"
196.77.45.158 - - [23/Feb/2026:21:11:59 +0000] "GET /landing/assets/css/bootstrap.min.css HTTP/1.1" 304 0 "https://dreamstour-wp.dreamsmarketplace.com/landing/" "Mozilla/5.0 (Macintosh; Intel Mac OS X 10_15_7) AppleWebKit/537.36 (KHTML, like Gecko) Chrome/145.0.0.0 Safari/537.36"
196.77.45.158 - - [23/Feb/2026:21:11:59 +0000] "GET /landing/assets/plugins/lucide/lucide.css HTTP/1.1" 304 0 "https://dreamstour-wp.dreamsmarketplace.com/landing/" "Mozilla/5.0 (Macintosh; Intel Mac OS X 10_15_7) AppleWebKit/537.36 (KHTML, like Gecko) Chrome/145.0.0.0 Safari/537.36"
196.77.45.158 - - [23/Feb/2026:21:11:59 +0000] "GET /landing/assets/img/bg/bg-02.png HTTP/1.1" 304 0 "https://dreamstour-wp.dreamsmarketplace.com/landing/" "Mozilla/5.0 (Macintosh; Intel Mac OS X 10_15_7) AppleWebKit/537.36 (KHTML, like Gecko) Chrome/145.0.0.0 Safari/537.36"
196.77.45.158 - - [23/Feb/2026:21:11:59 +0000] "GET /landing/assets/img/logo.svg HTTP/1.1" 304 0 "https://dreamstour-wp.dreamsmarketplace.com/landing/" "Mozilla/5.0 (Macintosh; Intel Mac OS X 10_15_7) AppleWebKit/537.36 (KHTML, like Gecko) Chrome/145.0.0.0 Safari/537.36"
196.77.45.158 - - [23/Feb/2026:21:11:59 +0000] "GET /landing/assets/img/bg/bg-03.png HTTP/1.1" 304 0 "https://dreamstour-wp.dreamsmarketplace.com/landing/" "Mozilla/5.0 (Macintosh; Intel Mac OS X 10_15_7) AppleWebKit/537.36 (KHTML, like Gecko) Chrome/145.0.0.0 Safari/537.36"
196.77.45.158 - - [23/Feb/2026:21:11:59 +0000] "GET /landing/assets/css/style.css HTTP/1.1" 304 0 "https://dreamstour-wp.dreamsmarketplace.com/landing/" "Mozilla/5.0 (Macintosh; Intel Mac OS X 10_15_7) AppleWebKit/537.36 (KHTML, like Gecko) Chrome/145.0.0.0 Safari/537.36"
196.77.45.158 - - [23/Feb/2026:21:11:59 +0000] "GET /landing/assets/js/jquery-3.7.1.min.js HTTP/1.1" 304 0 "https://dreamstour-wp.dreamsmarketplace.com/landing/" "Mozilla/5.0 (Macintosh; Intel Mac OS X 10_15_7) AppleWebKit/537.36 (KHTML, like Gecko) Chrome/145.0.0.0 Safari/537.36"
196.77.45.158 - - [23/Feb/2026:21:11:59 +0000] "GET /landing/assets/js/script.js HTTP/1.1" 304 0 "https://dreamstour-wp.dreamsmarketplace.com/landing/" "Mozilla/5.0 (Macintosh; Intel Mac OS X 10_15_7) AppleWebKit/537.36 (KHTML, like Gecko) Chrome/145.0.0.0 Safari/537.36"
196.77.45.158 - - [23/Feb/2026:21:11:59 +0000] "GET /landing/assets/js/bootstrap.bundle.min.js HTTP/1.1" 304 0 "https://dreamstour-wp.dreamsmarketplace.com/landing/" "Mozilla/5.0 (Macintosh; Intel Mac OS X 10_15_7) AppleWebKit/537.36 (KHTML, like Gecko) Chrome/145.0.0.0 Safari/537.36"
196.77.45.158 - - [23/Feb/2026:21:11:59 +0000] "GET /landing/assets/js/bootstrap-scrollspy.js HTTP/1.1" 304 0 "https://dreamstour-wp.dreamsmarketplace.com/landing/" "Mozilla/5.0 (Macintosh; Intel Mac OS X 10_15_7) AppleWebKit/537.36 (KHTML, like Gecko) Chrome/145.0.0.0 Safari/537.36"
196.77.45.158 - - [23/Feb/2026:21:11:59 +0000] "GET /landing/assets/img/demos/header-banner.png HTTP/1.1" 304 0 "https://dreamstour-wp.dreamsmarketplace.com/landing/" "Mozilla/5.0 (Macintosh; Intel Mac OS X 10_15_7) AppleWebKit/537.36 (KHTML, like Gecko) Chrome/145.0.0.0 Safari/537.36"
196.77.45.158 - - [23/Feb/2026:21:11:59 +0000] "GET /landing/assets/js/jquery.counterup.min.js HTTP/1.1" 304 0 "https://dreamstour-wp.dreamsmarketplace.com/landing/" "Mozilla/5.0 (Macintosh; Intel Mac OS X 10_15_7) AppleWebKit/537.36 (KHTML, like Gecko) Chrome/145.0.0.0 Safari/537.36"
196.77.45.158 - - [23/Feb/2026:21:11:59 +0000] "GET /landing/assets/img/demos/demo-01.jpg HTTP/1.1" 304 0 "https://dreamstour-wp.dreamsmarketplace.com/landing/" "Mozilla/5.0 (Macintosh; Intel Mac OS X 10_15_7) AppleWebKit/537.36 (KHTML, like Gecko) Chrome/145.0.0.0 Safari/537.36"
196.77.45.158 - - [23/Feb/2026:21:11:59 +0000] "GET /landing/assets/img/build-section/build-website-img-02.png HTTP/1.1" 304 0 "https://dreamstour-wp.dreamsmarketplace.com/landing/" "Mozilla/5.0 (Macintosh; Intel Mac OS X 10_15_7) AppleWebKit/537.36 (KHTML, like Gecko) Chrome/145.0.0.0 Safari/537.36"
196.77.45.158 - - [23/Feb/2026:21:11:59 +0000] "GET /landing/assets/js/jquery.waypoints.js HTTP/1.1" 304 0 "https://dreamstour-wp.dreamsmarketplace.com/landing/" "Mozilla/5.0 (Macintosh; Intel Mac OS X 10_15_7) AppleWebKit/537.36 (KHTML, like Gecko) Chrome/145.0.0.0 Safari/537.36"
196.77.45.158 - - [23/Feb/2026:21:11:59 +0000] "GET /landing/assets/img/demos/demo-20.jpg HTTP/1.1" 304 0 "https://dreamstour-wp.dreamsmarketplace.com/landing/" "Mozilla/5.0 (Macintosh; Intel Mac OS X 10_15_7) AppleWebKit/537.36 (KHTML, like Gecko) Chrome/145.0.0.0 Safari/537.36"
196.77.45.158 - - [23/Feb/2026:21:11:59 +0000] "GET /landing/assets/img/bg/wp-logo.svg HTTP/1.1" 304 0 "https://dreamstour-wp.dreamsmarketplace.com/landing/" "Mozilla/5.0 (Macintosh; Intel Mac OS X 10_15_7) AppleWebKit/537.36 (KHTML, like Gecko) Chrome/145.0.0.0 Safari/537.36"
196.77.45.158 - - [23/Feb/2026:21:11:59 +0000] "GET /landing/assets/img/demos/demo-02.jpg HTTP/1.1" 304 0 "https://dreamstour-wp.dreamsmarketplace.com/landing/" "Mozilla/5.0 (Macintosh; Intel Mac OS X 10_15_7) AppleWebKit/537.36 (KHTML, like Gecko) Chrome/145.0.0.0 Safari/537.36"
196.77.45.158 - - [23/Feb/2026:21:11:59 +0000] "GET /landing/assets/img/bg/sub-heading-img-left.png HTTP/1.1" 304 0 "https://dreamstour-wp.dreamsmarketplace.com/landing/" "Mozilla/5.0 (Macintosh; Intel Mac OS X 10_15_7) AppleWebKit/537.36 (KHTML, like Gecko) Chrome/145.0.0.0 Safari/537.36"
196.77.45.158 - - [23/Feb/2026:21:11:59 +0000] "GET /landing/assets/img/build-section/build-website-img-01.jpg HTTP/1.1" 304 0 "https://dreamstour-wp.dreamsmarketplace.com/landing/" "Mozilla/5.0 (Macintosh; Intel Mac OS X 10_15_7) AppleWebKit/537.36 (KHTML, like Gecko) Chrome/145.0.0.0 Safari/537.36"
196.77.45.158 - - [23/Feb/2026:21:11:59 +0000] "GET /landing/assets/img/demos/demo-03.jpg HTTP/1.1" 304 0 "https://dreamstour-wp.dreamsmarketplace.com/landing/" "Mozilla/5.0 (Macintosh; Intel Mac OS X 10_15_7) AppleWebKit/537.36 (KHTML, like Gecko) Chrome/145.0.0.0 Safari/537.36"
196.77.45.158 - - [23/Feb/2026:21:11:59 +0000] "GET /landing/assets/img/demos/demo-12.jpg HTTP/1.1" 304 0 "https://dreamstour-wp.dreamsmarketplace.com/landing/" "Mozilla/5.0 (Macintosh; Intel Mac OS X 10_15_7) AppleWebKit/537.36 (KHTML, like Gecko) Chrome/145.0.0.0 Safari/537.36"
196.77.45.158 - - [23/Feb/2026:21:11:59 +0000] "GET /landing/assets/img/build-section/build-website-img-03.png HTTP/1.1" 304 0 "https://dreamstour-wp.dreamsmarketplace.com/landing/" "Mozilla/5.0 (Macintosh; Intel Mac OS X 10_15_7) AppleWebKit/537.36 (KHTML, like Gecko) Chrome/145.0.0.0 Safari/537.36"
196.77.45.158 - - [23/Feb/2026:21:11:59 +0000] "GET /landing/assets/img/build-section/integration-img-01.jpg HTTP/1.1" 304 0 "https://dreamstour-wp.dreamsmarketplace.com/landing/" "Mozilla/5.0 (Macintosh; Intel Mac OS X 10_15_7) AppleWebKit/537.36 (KHTML, like Gecko) Chrome/145.0.0.0 Safari/537.36"
196.77.45.158 - - [23/Feb/2026:21:11:59 +0000] "GET /landing/assets/img/icons/feature-devices.svg HTTP/1.1" 304 0 "https://dreamstour-wp.dreamsmarketplace.com/landing/" "Mozilla/5.0 (Macintosh; Intel Mac OS X 10_15_7) AppleWebKit/537.36 (KHTML, like Gecko) Chrome/145.0.0.0 Safari/537.36"
196.77.45.158 - - [23/Feb/2026:21:11:59 +0000] "GET /landing/assets/img/demos/demo-09.jpg HTTP/1.1" 304 0 "https://dreamstour-wp.dreamsmarketplace.com/landing/" "Mozilla/5.0 (Macintosh; Intel Mac OS X 10_15_7) AppleWebKit/537.36 (KHTML, like Gecko) Chrome/145.0.0.0 Safari/537.36"
196.77.45.158 - - [23/Feb/2026:21:11:59 +0000] "GET /landing/assets/img/demos/demo-04.jpg HTTP/1.1" 304 0 "https://dreamstour-wp.dreamsmarketplace.com/landing/" "Mozilla/5.0 (Macintosh; Intel Mac OS X 10_15_7) AppleWebKit/537.36 (KHTML, like Gecko) Chrome/145.0.0.0 Safari/537.36"
196.77.45.158 - - [23/Feb/2026:21:11:59 +0000] "GET /landing/assets/img/bg/banner-bg.jpg HTTP/1.1" 304 0 "https://dreamstour-wp.dreamsmarketplace.com/landing/" "Mozilla/5.0 (Macintosh; Intel Mac OS X 10_15_7) AppleWebKit/537.36 (KHTML, like Gecko) Chrome/145.0.0.0 Safari/537.36"
196.77.45.158 - - [23/Feb/2026:21:11:59 +0000] "GET /landing/assets/img/icons/feature-seo.svg HTTP/1.1" 304 0 "https://dreamstour-wp.dreamsmarketplace.com/landing/" "Mozilla/5.0 (Macintosh; Intel Mac OS X 10_15_7) AppleWebKit/537.36 (KHTML, like Gecko) Chrome/145.0.0.0 Safari/537.36"
196.77.45.158 - - [23/Feb/2026:21:11:59 +0000] "GET /landing/assets/img/icons/feature-calender.svg HTTP/1.1" 304 0 "https://dreamstour-wp.dreamsmarketplace.com/landing/" "Mozilla/5.0 (Macintosh; Intel Mac OS X 10_15_7) AppleWebKit/537.36 (KHTML, like Gecko) Chrome/145.0.0.0 Safari/537.36"
196.77.45.158 - - [23/Feb/2026:21:11:59 +0000] "GET /landing/assets/img/demos/demo-11.jpg HTTP/1.1" 304 0 "https://dreamstour-wp.dreamsmarketplace.com/landing/" "Mozilla/5.0 (Macintosh; Intel Mac OS X 10_15_7) AppleWebKit/537.36 (KHTML, like Gecko) Chrome/145.0.0.0 Safari/537.36"
196.77.45.158 - - [23/Feb/2026:21:11:59 +0000] "GET /landing/assets/img/demos/demo-05.jpg HTTP/1.1" 304 0 "https://dreamstour-wp.dreamsmarketplace.com/landing/" "Mozilla/5.0 (Macintosh; Intel Mac OS X 10_15_7) AppleWebKit/537.36 (KHTML, like Gecko) Chrome/145.0.0.0 Safari/537.36"
196.77.45.158 - - [23/Feb/2026:21:11:59 +0000] "GET /landing/assets/img/demos/demo-06.jpg HTTP/1.1" 304 0 "https://dreamstour-wp.dreamsmarketplace.com/landing/" "Mozilla/5.0 (Macintosh; Intel Mac OS X 10_15_7) AppleWebKit/537.36 (KHTML, like Gecko) Chrome/145.0.0.0 Safari/537.36"
196.77.45.158 - - [23/Feb/2026:21:11:59 +0000] "GET /landing/assets/img/build-section/integration-img-04.svg HTTP/1.1" 304 0 "https://dreamstour-wp.dreamsmarketplace.com/landing/" "Mozilla/5.0 (Macintosh; Intel Mac OS X 10_15_7) AppleWebKit/537.36 (KHTML, like Gecko) Chrome/145.0.0.0 Safari/537.36"
196.77.45.158 - - [23/Feb/2026:21:11:59 +0000] "GET /landing/assets/img/icons/feature-flag.svg HTTP/1.1" 304 0 "https://dreamstour-wp.dreamsmarketplace.com/landing/" "Mozilla/5.0 (Macintosh; Intel Mac OS X 10_15_7) AppleWebKit/537.36 (KHTML, like Gecko) Chrome/145.0.0.0 Safari/537.36"
196.77.45.158 - - [23/Feb/2026:21:11:59 +0000] "GET /landing/assets/img/build-section/build-website-img-04.svg HTTP/1.1" 304 0 "https://dreamstour-wp.dreamsmarketplace.com/landing/" "Mozilla/5.0 (Macintosh; Intel Mac OS X 10_15_7) AppleWebKit/537.36 (KHTML, like Gecko) Chrome/145.0.0.0 Safari/537.36"
196.77.45.158 - - [23/Feb/2026:21:11:59 +0000] "GET /landing/assets/img/demos/demo-10.jpg HTTP/1.1" 304 0 "https://dreamstour-wp.dreamsmarketplace.com/landing/" "Mozilla/5.0 (Macintosh; Intel Mac OS X 10_15_7) AppleWebKit/537.36 (KHTML, like Gecko) Chrome/145.0.0.0 Safari/537.36"
196.77.45.158 - - [23/Feb/2026:21:11:59 +0000] "GET /landing/assets/img/demos/demo-19.jpg HTTP/1.1" 304 0 "https://dreamstour-wp.dreamsmarketplace.com/landing/" "Mozilla/5.0 (Macintosh; Intel Mac OS X 10_15_7) AppleWebKit/537.36 (KHTML, like Gecko) Chrome/145.0.0.0 Safari/537.36"
196.77.45.158 - - [23/Feb/2026:21:11:59 +0000] "GET /landing/assets/img/plugins-section/plugins-img-02.svg HTTP/1.1" 304 0 "https://dreamstour-wp.dreamsmarketplace.com/landing/" "Mozilla/5.0 (Macintosh; Intel Mac OS X 10_15_7) AppleWebKit/537.36 (KHTML, like Gecko) Chrome/145.0.0.0 Safari/537.36"
196.77.45.158 - - [23/Feb/2026:21:11:59 +0000] "GET /landing/assets/img/build-section/integration-img-03.png HTTP/1.1" 304 0 "https://dreamstour-wp.dreamsmarketplace.com/landing/" "Mozilla/5.0 (Macintosh; Intel Mac OS X 10_15_7) AppleWebKit/537.36 (KHTML, like Gecko) Chrome/145.0.0.0 Safari/537.36"
196.77.45.158 - - [23/Feb/2026:21:11:59 +0000] "GET /landing/assets/img/bg/sub-heading-img-right.png HTTP/1.1" 304 0 "https://dreamstour-wp.dreamsmarketplace.com/landing/" "Mozilla/5.0 (Macintosh; Intel Mac OS X 10_15_7) AppleWebKit/537.36 (KHTML, like Gecko) Chrome/145.0.0.0 Safari/537.36"
196.77.45.158 - - [23/Feb/2026:21:11:59 +0000] "GET /landing/assets/img/demos/demo-08.jpg HTTP/1.1" 304 0 "https://dreamstour-wp.dreamsmarketplace.com/landing/" "Mozilla/5.0 (Macintosh; Intel Mac OS X 10_15_7) AppleWebKit/537.36 (KHTML, like Gecko) Chrome/145.0.0.0 Safari/537.36"
196.77.45.158 - - [23/Feb/2026:21:11:59 +0000] "GET /landing/assets/img/demos/demo-16.jpg HTTP/1.1" 304 0 "https://dreamstour-wp.dreamsmarketplace.com/landing/" "Mozilla/5.0 (Macintosh; Intel Mac OS X 10_15_7) AppleWebKit/537.36 (KHTML, like Gecko) Chrome/145.0.0.0 Safari/537.36"
196.77.45.158 - - [23/Feb/2026:21:11:59 +0000] "GET /landing/assets/img/bg/travel-route.png HTTP/1.1" 304 0 "https://dreamstour-wp.dreamsmarketplace.com/landing/" "Mozilla/5.0 (Macintosh; Intel Mac OS X 10_15_7) AppleWebKit/537.36 (KHTML, like Gecko) Chrome/145.0.0.0 Safari/537.36"
196.77.45.158 - - [23/Feb/2026:21:11:59 +0000] "GET /landing/assets/img/demos/demo-21.jpg HTTP/1.1" 304 0 "https://dreamstour-wp.dreamsmarketplace.com/landing/" "Mozilla/5.0 (Macintosh; Intel Mac OS X 10_15_7) AppleWebKit/537.36 (KHTML, like Gecko) Chrome/145.0.0.0 Safari/537.36"
196.77.45.158 - - [23/Feb/2026:21:11:59 +0000] "GET /landing/assets/img/plugins-section/plugins-img-01.svg HTTP/1.1" 304 0 "https://dreamstour-wp.dreamsmarketplace.com/landing/" "Mozilla/5.0 (Macintosh; Intel Mac OS X 10_15_7) AppleWebKit/537.36 (KHTML, like Gecko) Chrome/145.0.0.0 Safari/537.36"
196.77.45.158 - - [23/Feb/2026:21:11:59 +0000] "GET /landing/assets/img/demos/demo-15.jpg HTTP/1.1" 304 0 "https://dreamstour-wp.dreamsmarketplace.com/landing/" "Mozilla/5.0 (Macintosh; Intel Mac OS X 10_15_7) AppleWebKit/537.36 (KHTML, like Gecko) Chrome/145.0.0.0 Safari/537.36"
196.77.45.158 - - [23/Feb/2026:21:11:59 +0000] "GET /landing/assets/img/demos/demo-14.jpg HTTP/1.1" 304 0 "https://dreamstour-wp.dreamsmarketplace.com/landing/" "Mozilla/5.0 (Macintosh; Intel Mac OS X 10_15_7) AppleWebKit/537.36 (KHTML, like Gecko) Chrome/145.0.0.0 Safari/537.36"
196.77.45.158 - - [23/Feb/2026:21:11:59 +0000] "GET /landing/assets/img/icons/paypal.svg HTTP/1.1" 304 0 "https://dreamstour-wp.dreamsmarketplace.com/landing/" "Mozilla/5.0 (Macintosh; Intel Mac OS X 10_15_7) AppleWebKit/537.36 (KHTML, like Gecko) Chrome/145.0.0.0 Safari/537.36"
196.77.45.158 - - [23/Feb/2026:21:11:59 +0000] "GET /landing/assets/img/demos/demo-18.jpg HTTP/1.1" 304 0 "https://dreamstour-wp.dreamsmarketplace.com/landing/" "Mozilla/5.0 (Macintosh; Intel Mac OS X 10_15_7) AppleWebKit/537.36 (KHTML, like Gecko) Chrome/145.0.0.0 Safari/537.36"
196.77.45.158 - - [23/Feb/2026:21:11:59 +0000] "GET /landing/assets/img/build-section/inner-pg-person.png HTTP/1.1" 304 0 "https://dreamstour-wp.dreamsmarketplace.com/landing/" "Mozilla/5.0 (Macintosh; Intel Mac OS X 10_15_7) AppleWebKit/537.36 (KHTML, like Gecko) Chrome/145.0.0.0 Safari/537.36"
196.77.45.158 - - [23/Feb/2026:21:11:59 +0000] "GET /landing/assets/img/demos/demo-17.jpg HTTP/1.1" 304 0 "https://dreamstour-wp.dreamsmarketplace.com/landing/" "Mozilla/5.0 (Macintosh; Intel Mac OS X 10_15_7) AppleWebKit/537.36 (KHTML, like Gecko) Chrome/145.0.0.0 Safari/537.36"
196.77.45.158 - - [23/Feb/2026:21:11:59 +0000] "GET /landing/assets/img/icons/click.svg HTTP/1.1" 304 0 "https://dreamstour-wp.dreamsmarketplace.com/landing/" "Mozilla/5.0 (Macintosh; Intel Mac OS X 10_15_7) AppleWebKit/537.36 (KHTML, like Gecko) Chrome/145.0.0.0 Safari/537.36"
196.77.45.158 - - [23/Feb/2026:21:11:59 +0000] "GET /landing/assets/img/plugins-section/plugins-img-03.svg HTTP/1.1" 304 0 "https://dreamstour-wp.dreamsmarketplace.com/landing/" "Mozilla/5.0 (Macintosh; Intel Mac OS X 10_15_7) AppleWebKit/537.36 (KHTML, like Gecko) Chrome/145.0.0.0 Safari/537.36"
196.77.45.158 - - [23/Feb/2026:21:11:59 +0000] "GET /landing/assets/img/demos/demo-07.jpg HTTP/1.1" 304 0 "https://dreamstour-wp.dreamsmarketplace.com/landing/" "Mozilla/5.0 (Macintosh; Intel Mac OS X 10_15_7) AppleWebKit/537.36 (KHTML, like Gecko) Chrome/145.0.0.0 Safari/537.36"
196.77.45.158 - - [23/Feb/2026:21:11:59 +0000] "GET /landing/assets/img/icons/bank-transfer.svg HTTP/1.1" 304 0 "https://dreamstour-wp.dreamsmarketplace.com/landing/" "Mozilla/5.0 (Macintosh; Intel Mac OS X 10_15_7) AppleWebKit/537.36 (KHTML, like Gecko) Chrome/145.0.0.0 Safari/537.36"
196.77.45.158 - - [23/Feb/2026:21:11:59 +0000] "GET /landing/assets/img/icons/cod.svg HTTP/1.1" 304 0 "https://dreamstour-wp.dreamsmarketplace.com/landing/" "Mozilla/5.0 (Macintosh; Intel Mac OS X 10_15_7) AppleWebKit/537.36 (KHTML, like Gecko) Chrome/145.0.0.0 Safari/537.36"
196.77.45.158 - - [23/Feb/2026:21:11:59 +0000] "GET /landing/assets/img/demos/demo-13.jpg HTTP/1.1" 304 0 "https://dreamstour-wp.dreamsmarketplace.com/landing/" "Mozilla/5.0 (Macintosh; Intel Mac OS X 10_15_7) AppleWebKit/537.36 (KHTML, like Gecko) Chrome/145.0.0.0 Safari/537.36"
196.77.45.158 - - [23/Feb/2026:21:11:59 +0000] "GET /landing/assets/img/icons/razorpay.svg HTTP/1.1" 304 0 "https://dreamstour-wp.dreamsmarketplace.com/landing/" "Mozilla/5.0 (Macintosh; Intel Mac OS X 10_15_7) AppleWebKit/537.36 (KHTML, like Gecko) Chrome/145.0.0.0 Safari/537.36"
196.77.45.158 - - [23/Feb/2026:21:11:59 +0000] "GET /landing/assets/img/plugins-section/onclick-img-01.png HTTP/1.1" 304 0 "https://dreamstour-wp.dreamsmarketplace.com/landing/" "Mozilla/5.0 (Macintosh; Intel Mac OS X 10_15_7) AppleWebKit/537.36 (KHTML, like Gecko) Chrome/145.0.0.0 Safari/537.36"
196.77.45.158 - - [23/Feb/2026:21:11:59 +0000] "GET /landing/assets/img/plugins-section/loco.svg HTTP/1.1" 304 0 "https://dreamstour-wp.dreamsmarketplace.com/landing/" "Mozilla/5.0 (Macintosh; Intel Mac OS X 10_15_7) AppleWebKit/537.36 (KHTML, like Gecko) Chrome/145.0.0.0 Safari/537.36"
196.77.45.158 - - [23/Feb/2026:21:11:59 +0000] "GET /landing/assets/img/plugins-section/plugins-img-04.svg HTTP/1.1" 304 0 "https://dreamstour-wp.dreamsmarketplace.com/landing/" "Mozilla/5.0 (Macintosh; Intel Mac OS X 10_15_7) AppleWebKit/537.36 (KHTML, like Gecko) Chrome/145.0.0.0 Safari/537.36"
196.77.45.158 - - [23/Feb/2026:21:11:59 +0000] "GET /landing/assets/img/logo-white.svg HTTP/1.1" 304 0 "https://dreamstour-wp.dreamsmarketplace.com/landing/" "Mozilla/5.0 (Macintosh; Intel Mac OS X 10_15_7) AppleWebKit/537.36 (KHTML, like Gecko) Chrome/145.0.0.0 Safari/537.36"
196.77.45.158 - - [23/Feb/2026:21:11:59 +0000] "GET /landing/assets/img/plugins-section/plugins-img-05.svg HTTP/1.1" 304 0 "https://dreamstour-wp.dreamsmarketplace.com/landing/" "Mozilla/5.0 (Macintosh; Intel Mac OS X 10_15_7) AppleWebKit/537.36 (KHTML, like Gecko) Chrome/145.0.0.0 Safari/537.36"
196.77.45.158 - - [23/Feb/2026:21:11:59 +0000] "GET /landing/assets/js/jquery.counterup.min.js HTTP/1.1" 304 0 "-" "Mozilla/5.0 (Macintosh; Intel Mac OS X 10_15_7) AppleWebKit/537.36 (KHTML, like Gecko) Chrome/145.0.0.0 Safari/537.36"
196.77.45.158 - - [23/Feb/2026:21:11:59 +0000] "GET /landing/assets/js/script.js HTTP/1.1" 200 6646 "-" "Mozilla/5.0 (Macintosh; Intel Mac OS X 10_15_7) AppleWebKit/537.36 (KHTML, like Gecko) Chrome/145.0.0.0 Safari/537.36"
196.77.45.158 - - [23/Feb/2026:21:11:59 +0000] "GET /landing/assets/js/bootstrap-scrollspy.js HTTP/1.1" 200 4655 "-" "Mozilla/5.0 (Macintosh; Intel Mac OS X 10_15_7) AppleWebKit/537.36 (KHTML, like Gecko) Chrome/145.0.0.0 Safari/537.36"
196.77.45.158 - - [23/Feb/2026:21:11:59 +0000] "GET /landing/assets/js/bootstrap.bundle.min.js HTTP/1.1" 304 0 "-" "Mozilla/5.0 (Macintosh; Intel Mac OS X 10_15_7) AppleWebKit/537.36 (KHTML, like Gecko) Chrome/145.0.0.0 Safari/537.36"
196.77.45.158 - - [23/Feb/2026:21:11:59 +0000] "GET /landing/assets/js/jquery-3.7.1.min.js HTTP/1.1" 304 0 "-" "Mozilla/5.0 (Macintosh; Intel Mac OS X 10_15_7) AppleWebKit/537.36 (KHTML, like Gecko) Chrome/145.0.0.0 Safari/537.36"
196.77.45.158 - - [23/Feb/2026:21:11:59 +0000] "GET /landing/assets/js/jquery.waypoints.js HTTP/1.1" 304 0 "-" "Mozilla/5.0 (Macintosh; Intel Mac OS X 10_15_7) AppleWebKit/537.36 (KHTML, like Gecko) Chrome/145.0.0.0 Safari/537.36"
196.77.45.158 - - [23/Feb/2026:21:12:00 +0000] "GET /landing/assets/plugins/lucide/lucide.woff2?t=1756207470009 HTTP/1.1" 304 0 "https://dreamstour-wp.dreamsmarketplace.com/landing/assets/plugins/lucide/lucide.css" "Mozilla/5.0 (Macintosh; Intel Mac OS X 10_15_7) AppleWebKit/537.36 (KHTML, like Gecko) Chrome/145.0.0.0 Safari/537.36"
196.77.45.158 - - [23/Feb/2026:21:12:00 +0000] "GET /landing/ HTTP/1.1" 200 5698 "https://dreamstour-wp.dreamsmarketplace.com/landing/" "Mozilla/5.0 (Macintosh; Intel Mac OS X 10_15_7) AppleWebKit/537.36 (KHTML, like Gecko) Chrome/145.0.0.0 Safari/537.36"
196.77.45.158 - - [23/Feb/2026:21:12:00 +0000] "GET /landing/assets/img/bg/inner-pages-bg.png HTTP/1.1" 304 0 "https://dreamstour-wp.dreamsmarketplace.com/landing/assets/css/style.css" "Mozilla/5.0 (Macintosh; Intel Mac OS X 10_15_7) AppleWebKit/537.36 (KHTML, like Gecko) Chrome/145.0.0.0 Safari/537.36"
196.77.45.158 - - [23/Feb/2026:21:12:00 +0000] "GET /landing/assets/img/bg/footer-bg.jpg HTTP/1.1" 304 0 "https://dreamstour-wp.dreamsmarketplace.com/landing/assets/css/style.css" "Mozilla/5.0 (Macintosh; Intel Mac OS X 10_15_7) AppleWebKit/537.36 (KHTML, like Gecko) Chrome/145.0.0.0 Safari/537.36"
196.77.45.158 - - [23/Feb/2026:21:12:01 +0000] "GET /landing/assets/img/favicon.png HTTP/1.1" 304 0 "https://dreamstour-wp.dreamsmarketplace.com/landing/" "Mozilla/5.0 (Macintosh; Intel Mac OS X 10_15_7) AppleWebKit/537.36 (KHTML, like Gecko) Chrome/145.0.0.0 Safari/537.36"
172.187.168.139 - - [23/Feb/2026:21:12:16 +0000] "POST /wp-cron.php?doing_wp_cron=1771881136.8890740871429443359375 HTTP/1.1" 200 31 "-" "WordPress/6.9; https://dreamstour-wp.dreamsmarketplace.com"
196.77.45.158 - - [23/Feb/2026:21:12:16 +0000] "GET / HTTP/1.1" 301 5 "https://dreamstour-wp.dreamsmarketplace.com/" "Mozilla/5.0 (Macintosh; Intel Mac OS X 10_15_7) AppleWebKit/537.36 (KHTML, like Gecko) Chrome/145.0.0.0 Safari/537.36"
196.77.45.158 - - [23/Feb/2026:21:12:18 +0000] "GET / HTTP/1.1" 200 31244 "https://dreamstour-wp.dreamsmarketplace.com/" "Mozilla/5.0 (Macintosh; Intel Mac OS X 10_15_7) AppleWebKit/537.36 (KHTML, like Gecko) Chrome/145.0.0.0 Safari/537.36"
196.77.45.158 - - [23/Feb/2026:21:12:18 +0000] "GET /wp-content/themes/dreamstour/assets/css/bootstrap.min.css HTTP/1.1" 304 0 "https://dreamstour-wp.dreamsmarketplace.com/" "Mozilla/5.0 (Macintosh; Intel Mac OS X 10_15_7) AppleWebKit/537.36 (KHTML, like Gecko) Chrome/145.0.0.0 Safari/537.36"
196.77.45.158 - - [23/Feb/2026:21:12:18 +0000] "GET /wp-content/plugins/dreams-tour/lib/ion-rangeslider/css/ion.rangeSlider.min.css?ver=1.0.0 HTTP/1.1" 304 0 "https://dreamstour-wp.dreamsmarketplace.com/" "Mozilla/5.0 (Macintosh; Intel Mac OS X 10_15_7) AppleWebKit/537.36 (KHTML, like Gecko) Chrome/145.0.0.0 Safari/537.36"
196.77.45.158 - - [23/Feb/2026:21:12:18 +0000] "GET /wp-content/themes/dreamstour/assets/plugins/fontawesome/css/fontawesome.min.css HTTP/1.1" 304 0 "https://dreamstour-wp.dreamsmarketplace.com/" "Mozilla/5.0 (Macintosh; Intel Mac OS X 10_15_7) AppleWebKit/537.36 (KHTML, like Gecko) Chrome/145.0.0.0 Safari/537.36"
196.77.45.158 - - [23/Feb/2026:21:12:18 +0000] "GET /wp-content/themes/dreamstour/assets/css/iconsax.css HTTP/1.1" 304 0 "https://dreamstour-wp.dreamsmarketplace.com/" "Mozilla/5.0 (Macintosh; Intel Mac OS X 10_15_7) AppleWebKit/537.36 (KHTML, like Gecko) Chrome/145.0.0.0 Safari/537.36"
196.77.45.158 - - [23/Feb/2026:21:12:18 +0000] "GET /wp-content/plugins/contact-form-7/includes/css/styles.css?ver=6.1.4 HTTP/1.1" 304 0 "https://dreamstour-wp.dreamsmarketplace.com/" "Mozilla/5.0 (Macintosh; Intel Mac OS X 10_15_7) AppleWebKit/537.36 (KHTML, like Gecko) Chrome/145.0.0.0 Safari/537.36"
196.77.45.158 - - [23/Feb/2026:21:12:18 +0000] "GET /wp-content/plugins/dreams-tour/lib/ion-rangeslider/css/ion.rangeSlider.css?ver=1.0.0 HTTP/1.1" 304 0 "https://dreamstour-wp.dreamsmarketplace.com/" "Mozilla/5.0 (Macintosh; Intel Mac OS X 10_15_7) AppleWebKit/537.36 (KHTML, like Gecko) Chrome/145.0.0.0 Safari/537.36"
196.77.45.158 - - [23/Feb/2026:21:12:18 +0000] "GET /wp-content/themes/dreamstour/assets/plugins/fancybox/jquery.fancybox.min.css HTTP/1.1" 304 0 "https://dreamstour-wp.dreamsmarketplace.com/" "Mozilla/5.0 (Macintosh; Intel Mac OS X 10_15_7) AppleWebKit/537.36 (KHTML, like Gecko) Chrome/145.0.0.0 Safari/537.36"
196.77.45.158 - - [23/Feb/2026:21:12:18 +0000] "GET /wp-content/plugins/woocommerce/assets/css/select2.css?ver=10.4.3 HTTP/1.1" 304 0 "https://dreamstour-wp.dreamsmarketplace.com/" "Mozilla/5.0 (Macintosh; Intel Mac OS X 10_15_7) AppleWebKit/537.36 (KHTML, like Gecko) Chrome/145.0.0.0 Safari/537.36"
196.77.45.158 - - [23/Feb/2026:21:12:18 +0000] "GET /wp-content/themes/dreamstour/assets/plugins/slick/slick.css HTTP/1.1" 304 0 "https://dreamstour-wp.dreamsmarketplace.com/" "Mozilla/5.0 (Macintosh; Intel Mac OS X 10_15_7) AppleWebKit/537.36 (KHTML, like Gecko) Chrome/145.0.0.0 Safari/537.36"
196.77.45.158 - - [23/Feb/2026:21:12:18 +0000] "GET /wp-content/themes/dreamstour/style.css HTTP/1.1" 200 582 "https://dreamstour-wp.dreamsmarketplace.com/" "Mozilla/5.0 (Macintosh; Intel Mac OS X 10_15_7) AppleWebKit/537.36 (KHTML, like Gecko) Chrome/145.0.0.0 Safari/537.36"
196.77.45.158 - - [23/Feb/2026:21:12:18 +0000] "GET /wp-content/themes/dreamstour/assets/css/animate.css HTTP/1.1" 304 0 "https://dreamstour-wp.dreamsmarketplace.com/" "Mozilla/5.0 (Macintosh; Intel Mac OS X 10_15_7) AppleWebKit/537.36 (KHTML, like Gecko) Chrome/145.0.0.0 Safari/537.36"
196.77.45.158 - - [23/Feb/2026:21:12:18 +0000] "GET /wp-content/themes/dreamstour/assets/css/custom2.css HTTP/1.1" 304 0 "https://dreamstour-wp.dreamsmarketplace.com/" "Mozilla/5.0 (Macintosh; Intel Mac OS X 10_15_7) AppleWebKit/537.36 (KHTML, like Gecko) Chrome/145.0.0.0 Safari/537.36"
196.77.45.158 - - [23/Feb/2026:21:12:18 +0000] "GET /wp-content/plugins/woocommerce/assets/css/woocommerce-layout.css?ver=10.4.3 HTTP/1.1" 304 0 "https://dreamstour-wp.dreamsmarketplace.com/" "Mozilla/5.0 (Macintosh; Intel Mac OS X 10_15_7) AppleWebKit/537.36 (KHTML, like Gecko) Chrome/145.0.0.0 Safari/537.36"
196.77.45.158 - - [23/Feb/2026:21:12:18 +0000] "GET /wp-content/themes/dreamstour/assets/css/theme-default.css HTTP/1.1" 304 0 "https://dreamstour-wp.dreamsmarketplace.com/" "Mozilla/5.0 (Macintosh; Intel Mac OS X 10_15_7) AppleWebKit/537.36 (KHTML, like Gecko) Chrome/145.0.0.0 Safari/537.36"
196.77.45.158 - - [23/Feb/2026:21:12:18 +0000] "GET /wp-content/themes/dreamstour/assets/css/meanmenu.css HTTP/1.1" 304 0 "https://dreamstour-wp.dreamsmarketplace.com/" "Mozilla/5.0 (Macintosh; Intel Mac OS X 10_15_7) AppleWebKit/537.36 (KHTML, like Gecko) Chrome/145.0.0.0 Safari/537.36"
196.77.45.158 - - [23/Feb/2026:21:12:18 +0000] "GET /wp-content/themes/dreamstour/assets/css/theme-woocommerce.css HTTP/1.1" 304 0 "https://dreamstour-wp.dreamsmarketplace.com/" "Mozilla/5.0 (Macintosh; Intel Mac OS X 10_15_7) AppleWebKit/537.36 (KHTML, like Gecko) Chrome/145.0.0.0 Safari/537.36"
196.77.45.158 - - [23/Feb/2026:21:12:18 +0000] "GET /wp-content/themes/dreamstour/assets/plugins/fontawesome/css/all.min.css HTTP/1.1" 304 0 "https://dreamstour-wp.dreamsmarketplace.com/" "Mozilla/5.0 (Macintosh; Intel Mac OS X 10_15_7) AppleWebKit/537.36 (KHTML, like Gecko) Chrome/145.0.0.0 Safari/537.36"
196.77.45.158 - - [23/Feb/2026:21:12:18 +0000] "GET /wp-content/themes/dreamstour/assets/css/style.css HTTP/1.1" 304 0 "https://dreamstour-wp.dreamsmarketplace.com/" "Mozilla/5.0 (Macintosh; Intel Mac OS X 10_15_7) AppleWebKit/537.36 (KHTML, like Gecko) Chrome/145.0.0.0 Safari/537.36"
196.77.45.158 - - [23/Feb/2026:21:12:18 +0000] "GET /wp-includes/js/jquery/jquery-migrate.min.js?ver=3.4.1 HTTP/1.1" 304 0 "https://dreamstour-wp.dreamsmarketplace.com/" "Mozilla/5.0 (Macintosh; Intel Mac OS X 10_15_7) AppleWebKit/537.36 (KHTML, like Gecko) Chrome/145.0.0.0 Safari/537.36"
196.77.45.158 - - [23/Feb/2026:21:12:18 +0000] "GET /wp-content/themes/dreamstour/assets/css/custom.css HTTP/1.1" 304 0 "https://dreamstour-wp.dreamsmarketplace.com/" "Mozilla/5.0 (Macintosh; Intel Mac OS X 10_15_7) AppleWebKit/537.36 (KHTML, like Gecko) Chrome/145.0.0.0 Safari/537.36"
196.77.45.158 - - [23/Feb/2026:21:12:18 +0000] "GET /wp-includes/js/jquery/jquery.min.js?ver=3.7.1 HTTP/1.1" 304 0 "https://dreamstour-wp.dreamsmarketplace.com/" "Mozilla/5.0 (Macintosh; Intel Mac OS X 10_15_7) AppleWebKit/537.36 (KHTML, like Gecko) Chrome/145.0.0.0 Safari/537.36"
196.77.45.158 - - [23/Feb/2026:21:12:18 +0000] "GET /wp-content/themes/dreamstour/assets/plugins/owlcarousel/owl.carousel.min.css HTTP/1.1" 304 0 "https://dreamstour-wp.dreamsmarketplace.com/" "Mozilla/5.0 (Macintosh; Intel Mac OS X 10_15_7) AppleWebKit/537.36 (KHTML, like Gecko) Chrome/145.0.0.0 Safari/537.36"
196.77.45.158 - - [23/Feb/2026:21:12:18 +0000] "GET /wp-content/themes/dreamstour/assets/plugins/tabler-icons/tabler-icons.css HTTP/1.1" 304 0 "https://dreamstour-wp.dreamsmarketplace.com/" "Mozilla/5.0 (Macintosh; Intel Mac OS X 10_15_7) AppleWebKit/537.36 (KHTML, like Gecko) Chrome/145.0.0.0 Safari/537.36"
196.77.45.158 - - [23/Feb/2026:21:12:18 +0000] "GET /wp-content/themes/dreamstour/assets/css/bootstrap-datetimepicker.min.css HTTP/1.1" 304 0 "https://dreamstour-wp.dreamsmarketplace.com/" "Mozilla/5.0 (Macintosh; Intel Mac OS X 10_15_7) AppleWebKit/537.36 (KHTML, like Gecko) Chrome/145.0.0.0 Safari/537.36"
196.77.45.158 - - [23/Feb/2026:21:12:18 +0000] "GET /wp-content/themes/dreamstour/assets/images/logo-dark.svg HTTP/1.1" 304 0 "https://dreamstour-wp.dreamsmarketplace.com/" "Mozilla/5.0 (Macintosh; Intel Mac OS X 10_15_7) AppleWebKit/537.36 (KHTML, like Gecko) Chrome/145.0.0.0 Safari/537.36"
196.77.45.158 - - [23/Feb/2026:21:12:18 +0000] "GET /wp-content/plugins/woocommerce/assets/css/woocommerce.css?ver=10.4.3 HTTP/1.1" 304 0 "https://dreamstour-wp.dreamsmarketplace.com/" "Mozilla/5.0 (Macintosh; Intel Mac OS X 10_15_7) AppleWebKit/537.36 (KHTML, like Gecko) Chrome/145.0.0.0 Safari/537.36"
196.77.45.158 - - [23/Feb/2026:21:12:18 +0000] "GET /wp-content/themes/dreamstour/assets/images/logo.svg HTTP/1.1" 304 0 "https://dreamstour-wp.dreamsmarketplace.com/" "Mozilla/5.0 (Macintosh; Intel Mac OS X 10_15_7) AppleWebKit/537.36 (KHTML, like Gecko) Chrome/145.0.0.0 Safari/537.36"
196.77.45.158 - - [23/Feb/2026:21:12:19 +0000] "GET /wp-content/uploads/2025/09/banner-01.jpg HTTP/1.1" 304 0 "https://dreamstour-wp.dreamsmarketplace.com/" "Mozilla/5.0 (Macintosh; Intel Mac OS X 10_15_7) AppleWebKit/537.36 (KHTML, like Gecko) Chrome/145.0.0.0 Safari/537.36"
196.77.45.158 - - [23/Feb/2026:21:12:19 +0000] "GET /wp-content/plugins/woocommerce/assets/client/blocks/wc-blocks.css?ver=wc-10.4.3 HTTP/1.1" 304 0 "https://dreamstour-wp.dreamsmarketplace.com/" "Mozilla/5.0 (Macintosh; Intel Mac OS X 10_15_7) AppleWebKit/537.36 (KHTML, like Gecko) Chrome/145.0.0.0 Safari/537.36"
196.77.45.158 - - [23/Feb/2026:21:12:19 +0000] "GET /wp-includes/js/dist/hooks.min.js?ver=dd5603f07f9220ed27f1 HTTP/1.1" 304 0 "https://dreamstour-wp.dreamsmarketplace.com/" "Mozilla/5.0 (Macintosh; Intel Mac OS X 10_15_7) AppleWebKit/537.36 (KHTML, like Gecko) Chrome/145.0.0.0 Safari/537.36"
