103.19.248.46 - - [23/Feb/2026:07:07:57 +0000] "GET /landing/assets/img/plugins-section/plugins-img-02.svg HTTP/1.1" 200 48633 "https://dreamstour-wp.dreamsmarketplace.com/landing/" "Mozilla/5.0 (Windows NT 10.0; Win64; x64) AppleWebKit/537.36 (KHTML, like Gecko) Chrome/145.0.0.0 Safari/537.36"
103.19.248.46 - - [23/Feb/2026:07:07:57 +0000] "GET /landing/assets/img/plugins-section/loco.svg HTTP/1.1" 200 180910 "https://dreamstour-wp.dreamsmarketplace.com/landing/" "Mozilla/5.0 (Windows NT 10.0; Win64; x64) AppleWebKit/537.36 (KHTML, like Gecko) Chrome/145.0.0.0 Safari/537.36"
172.187.168.139 - - [23/Feb/2026:07:08:07 +0000] "POST /wp-cron.php?doing_wp_cron=1771830486.9628119468688964843750 HTTP/1.1" 200 31 "-" "WordPress/6.9; https://dreamstour-wp.dreamsmarketplace.com"
103.19.248.46 - - [23/Feb/2026:07:08:07 +0000] "GET /404 HTTP/1.1" 404 10360 "https://dreamstour-wp.dreamsmarketplace.com/" "Mozilla/5.0 (Windows NT 10.0; Win64; x64) AppleWebKit/537.36 (KHTML, like Gecko) Chrome/145.0.0.0 Safari/537.36"
103.19.248.46 - - [23/Feb/2026:07:08:07 +0000] "GET /wp-content/themes/dreamstour/assets/css/custom.css HTTP/1.1" 200 6078 "https://dreamstour-wp.dreamstechnologies.com/" "Mozilla/5.0 (Windows NT 10.0; Win64; x64) AppleWebKit/537.36 (KHTML, like Gecko) Chrome/145.0.0.0 Safari/537.36"
103.19.248.46 - - [23/Feb/2026:07:08:07 +0000] "GET /wp-content/themes/dreamstour/style.css HTTP/1.1" 200 582 "https://dreamstour-wp.dreamstechnologies.com/" "Mozilla/5.0 (Windows NT 10.0; Win64; x64) AppleWebKit/537.36 (KHTML, like Gecko) Chrome/145.0.0.0 Safari/537.36"
103.19.248.46 - - [23/Feb/2026:07:08:07 +0000] "GET /wp-content/themes/dreamstour/assets/css/bootstrap-datetimepicker.min.css HTTP/1.1" 200 7857 "https://dreamstour-wp.dreamstechnologies.com/" "Mozilla/5.0 (Windows NT 10.0; Win64; x64) AppleWebKit/537.36 (KHTML, like Gecko) Chrome/145.0.0.0 Safari/537.36"
103.19.248.46 - - [23/Feb/2026:07:08:07 +0000] "GET /wp-content/themes/dreamstour/assets/plugins/slick/slick.css HTTP/1.1" 200 1776 "https://dreamstour-wp.dreamstechnologies.com/" "Mozilla/5.0 (Windows NT 10.0; Win64; x64) AppleWebKit/537.36 (KHTML, like Gecko) Chrome/145.0.0.0 Safari/537.36"
103.19.248.46 - - [23/Feb/2026:07:08:07 +0000] "GET /wp-content/plugins/woocommerce/assets/css/select2.css?ver=10.4.3 HTTP/1.1" 200 14621 "https://dreamstour-wp.dreamstechnologies.com/" "Mozilla/5.0 (Windows NT 10.0; Win64; x64) AppleWebKit/537.36 (KHTML, like Gecko) Chrome/145.0.0.0 Safari/537.36"
103.19.248.46 - - [23/Feb/2026:07:08:07 +0000] "GET /wp-content/themes/dreamstour/assets/css/theme-default.css HTTP/1.1" 200 136863 "https://dreamstour-wp.dreamstechnologies.com/" "Mozilla/5.0 (Windows NT 10.0; Win64; x64) AppleWebKit/537.36 (KHTML, like Gecko) Chrome/145.0.0.0 Safari/537.36"
103.19.248.46 - - [23/Feb/2026:07:08:07 +0000] "GET /wp-content/themes/dreamstour/assets/plugins/owlcarousel/owl.carousel.min.css HTTP/1.1" 200 3351 "https://dreamstour-wp.dreamstechnologies.com/" "Mozilla/5.0 (Windows NT 10.0; Win64; x64) AppleWebKit/537.36 (KHTML, like Gecko) Chrome/145.0.0.0 Safari/537.36"
103.19.248.46 - - [23/Feb/2026:07:08:07 +0000] "GET /wp-content/themes/dreamstour/assets/css/theme-woocommerce.css HTTP/1.1" 304 0 "https://dreamstour-wp.dreamstechnologies.com/" "Mozilla/5.0 (Windows NT 10.0; Win64; x64) AppleWebKit/537.36 (KHTML, like Gecko) Chrome/145.0.0.0 Safari/537.36"
103.19.248.46 - - [23/Feb/2026:07:08:07 +0000] "GET /wp-content/plugins/dreams-tour/lib/ion-rangeslider/css/ion.rangeSlider.css?ver=1.0.0 HTTP/1.1" 200 13296 "https://dreamstour-wp.dreamstechnologies.com/" "Mozilla/5.0 (Windows NT 10.0; Win64; x64) AppleWebKit/537.36 (KHTML, like Gecko) Chrome/145.0.0.0 Safari/537.36"
103.19.248.46 - - [23/Feb/2026:07:08:07 +0000] "GET /wp-content/themes/dreamstour/assets/css/animate.css HTTP/1.1" 304 0 "https://dreamstour-wp.dreamstechnologies.com/" "Mozilla/5.0 (Windows NT 10.0; Win64; x64) AppleWebKit/537.36 (KHTML, like Gecko) Chrome/145.0.0.0 Safari/537.36"
103.19.248.46 - - [23/Feb/2026:07:08:07 +0000] "GET /wp-content/plugins/woocommerce/assets/css/woocommerce-smallscreen.css?ver=10.4.3 HTTP/1.1" 200 7527 "https://dreamstour-wp.dreamstechnologies.com/" "Mozilla/5.0 (Windows NT 10.0; Win64; x64) AppleWebKit/537.36 (KHTML, like Gecko) Chrome/145.0.0.0 Safari/537.36"
103.19.248.46 - - [23/Feb/2026:07:08:07 +0000] "GET /wp-content/plugins/woocommerce/assets/css/woocommerce-layout.css?ver=10.4.3 HTTP/1.1" 200 19727 "https://dreamstour-wp.dreamstechnologies.com/" "Mozilla/5.0 (Windows NT 10.0; Win64; x64) AppleWebKit/537.36 (KHTML, like Gecko) Chrome/145.0.0.0 Safari/537.36"
103.19.248.46 - - [23/Feb/2026:07:08:07 +0000] "GET /wp-content/plugins/dreams-tour/lib/ion-rangeslider/css/ion.rangeSlider.min.css?ver=1.0.0 HTTP/1.1" 200 11084 "https://dreamstour-wp.dreamstechnologies.com/" "Mozilla/5.0 (Windows NT 10.0; Win64; x64) AppleWebKit/537.36 (KHTML, like Gecko) Chrome/145.0.0.0 Safari/537.36"
103.19.248.46 - - [23/Feb/2026:07:08:07 +0000] "GET /wp-content/themes/dreamstour/assets/css/custom2.css HTTP/1.1" 200 851 "https://dreamstour-wp.dreamstechnologies.com/" "Mozilla/5.0 (Windows NT 10.0; Win64; x64) AppleWebKit/537.36 (KHTML, like Gecko) Chrome/145.0.0.0 Safari/537.36"
103.19.248.46 - - [23/Feb/2026:07:08:07 +0000] "GET /wp-content/plugins/woocommerce/assets/client/blocks/wc-blocks.css?ver=wc-10.4.3 HTTP/1.1" 200 14006 "https://dreamstour-wp.dreamstechnologies.com/" "Mozilla/5.0 (Windows NT 10.0; Win64; x64) AppleWebKit/537.36 (KHTML, like Gecko) Chrome/145.0.0.0 Safari/537.36"
103.19.248.46 - - [23/Feb/2026:07:08:07 +0000] "GET /wp-content/plugins/contact-form-7/includes/css/styles.css?ver=6.1.4 HTTP/1.1" 200 2947 "https://dreamstour-wp.dreamstechnologies.com/" "Mozilla/5.0 (Windows NT 10.0; Win64; x64) AppleWebKit/537.36 (KHTML, like Gecko) Chrome/145.0.0.0 Safari/537.36"
103.19.248.46 - - [23/Feb/2026:07:08:07 +0000] "GET /wp-content/themes/dreamstour/assets/plugins/fontawesome/css/fontawesome.min.css HTTP/1.1" 200 57097 "https://dreamstour-wp.dreamstechnologies.com/" "Mozilla/5.0 (Windows NT 10.0; Win64; x64) AppleWebKit/537.36 (KHTML, like Gecko) Chrome/145.0.0.0 Safari/537.36"
103.19.248.46 - - [23/Feb/2026:07:08:07 +0000] "GET /wp-includes/css/dist/block-library/style.min.css?ver=6.9 HTTP/1.1" 200 119695 "https://dreamstour-wp.dreamstechnologies.com/" "Mozilla/5.0 (Windows NT 10.0; Win64; x64) AppleWebKit/537.36 (KHTML, like Gecko) Chrome/145.0.0.0 Safari/537.36"
103.19.248.46 - - [23/Feb/2026:07:08:07 +0000] "GET /wp-content/themes/dreamstour/assets/css/meanmenu.css HTTP/1.1" 200 2769 "https://dreamstour-wp.dreamstechnologies.com/" "Mozilla/5.0 (Windows NT 10.0; Win64; x64) AppleWebKit/537.36 (KHTML, like Gecko) Chrome/145.0.0.0 Safari/537.36"
103.19.248.46 - - [23/Feb/2026:07:08:07 +0000] "GET /wp-content/themes/dreamstour/assets/plugins/fancybox/jquery.fancybox.min.css HTTP/1.1" 200 12795 "https://dreamstour-wp.dreamstechnologies.com/" "Mozilla/5.0 (Windows NT 10.0; Win64; x64) AppleWebKit/537.36 (KHTML, like Gecko) Chrome/145.0.0.0 Safari/537.36"
103.19.248.46 - - [23/Feb/2026:07:08:07 +0000] "GET /wp-content/themes/dreamstour/assets/plugins/fontawesome/css/all.min.css HTTP/1.1" 200 74185 "https://dreamstour-wp.dreamstechnologies.com/" "Mozilla/5.0 (Windows NT 10.0; Win64; x64) AppleWebKit/537.36 (KHTML, like Gecko) Chrome/145.0.0.0 Safari/537.36"
103.19.248.46 - - [23/Feb/2026:07:08:07 +0000] "GET /wp-content/plugins/woocommerce/assets/css/woocommerce.css?ver=10.4.3 HTTP/1.1" 200 86378 "https://dreamstour-wp.dreamstechnologies.com/" "Mozilla/5.0 (Windows NT 10.0; Win64; x64) AppleWebKit/537.36 (KHTML, like Gecko) Chrome/145.0.0.0 Safari/537.36"
103.19.248.46 - - [23/Feb/2026:07:08:07 +0000] "GET /wp-content/themes/dreamstour/assets/css/iconsax.css HTTP/1.1" 200 476801 "https://dreamstour-wp.dreamstechnologies.com/" "Mozilla/5.0 (Windows NT 10.0; Win64; x64) AppleWebKit/537.36 (KHTML, like Gecko) Chrome/145.0.0.0 Safari/537.36"
103.19.248.46 - - [23/Feb/2026:07:08:07 +0000] "GET /wp-content/themes/dreamstour/assets/images/logo-dark.svg HTTP/1.1" 200 35776 "https://dreamstour-wp.dreamstechnologies.com/" "Mozilla/5.0 (Windows NT 10.0; Win64; x64) AppleWebKit/537.36 (KHTML, like Gecko) Chrome/145.0.0.0 Safari/537.36"
103.19.248.46 - - [23/Feb/2026:07:08:07 +0000] "GET /wp-content/themes/dreamstour/assets/images/error-400.svg HTTP/1.1" 200 81612 "https://dreamstour-wp.dreamstechnologies.com/" "Mozilla/5.0 (Windows NT 10.0; Win64; x64) AppleWebKit/537.36 (KHTML, like Gecko) Chrome/145.0.0.0 Safari/537.36"
103.19.248.46 - - [23/Feb/2026:07:08:08 +0000] "GET /wp-content/themes/dreamstour/assets/css/bootstrap.min.css HTTP/1.1" 200 232110 "https://dreamstour-wp.dreamstechnologies.com/" "Mozilla/5.0 (Windows NT 10.0; Win64; x64) AppleWebKit/537.36 (KHTML, like Gecko) Chrome/145.0.0.0 Safari/537.36"
103.19.248.46 - - [23/Feb/2026:07:08:08 +0000] "GET /wp-content/themes/dreamstour/assets/plugins/tabler-icons/tabler-icons.css HTTP/1.1" 200 246507 "https://dreamstour-wp.dreamstechnologies.com/" "Mozilla/5.0 (Windows NT 10.0; Win64; x64) AppleWebKit/537.36 (KHTML, like Gecko) Chrome/145.0.0.0 Safari/537.36"
103.19.248.46 - - [23/Feb/2026:07:08:08 +0000] "GET /wp-content/themes/dreamstour/assets/css/style.css HTTP/1.1" 200 500818 "https://dreamstour-wp.dreamstechnologies.com/" "Mozilla/5.0 (Windows NT 10.0; Win64; x64) AppleWebKit/537.36 (KHTML, like Gecko) Chrome/145.0.0.0 Safari/537.36"
103.19.248.46 - - [23/Feb/2026:07:08:08 +0000] "GET /wp-content/themes/dreamstour/assets/plugins/theia-sticky-sidebar/ResizeSensor.js HTTP/1.1" 200 5818 "https://dreamstour-wp.dreamstechnologies.com/" "Mozilla/5.0 (Windows NT 10.0; Win64; x64) AppleWebKit/537.36 (KHTML, like Gecko) Chrome/145.0.0.0 Safari/537.36"
103.19.248.46 - - [23/Feb/2026:07:08:08 +0000] "GET /wp-content/themes/dreamstour/assets/js/jquery.waypoints.min.js HTTP/1.1" 200 9028 "https://dreamstour-wp.dreamstechnologies.com/" "Mozilla/5.0 (Windows NT 10.0; Win64; x64) AppleWebKit/537.36 (KHTML, like Gecko) Chrome/145.0.0.0 Safari/537.36"
103.19.248.46 - - [23/Feb/2026:07:08:08 +0000] "GET /wp-content/themes/dreamstour/assets/plugins/fancybox/jquery.fancybox.min.js HTTP/1.1" 200 68267 "https://dreamstour-wp.dreamstechnologies.com/" "Mozilla/5.0 (Windows NT 10.0; Win64; x64) AppleWebKit/537.36 (KHTML, like Gecko) Chrome/145.0.0.0 Safari/537.36"
103.19.248.46 - - [23/Feb/2026:07:08:08 +0000] "GET /wp-content/plugins/woocommerce/assets/js/sourcebuster/sourcebuster.min.js?ver=10.4.3 HTTP/1.1" 304 0 "https://dreamstour-wp.dreamstechnologies.com/" "Mozilla/5.0 (Windows NT 10.0; Win64; x64) AppleWebKit/537.36 (KHTML, like Gecko) Chrome/145.0.0.0 Safari/537.36"
103.19.248.46 - - [23/Feb/2026:07:08:08 +0000] "GET /wp-content/themes/dreamstour/assets/js/script.js HTTP/1.1" 200 55215 "https://dreamstour-wp.dreamstechnologies.com/" "Mozilla/5.0 (Windows NT 10.0; Win64; x64) AppleWebKit/537.36 (KHTML, like Gecko) Chrome/145.0.0.0 Safari/537.36"
103.19.248.46 - - [23/Feb/2026:07:08:08 +0000] "GET /wp-content/plugins/dreams-tour/lib/ion-rangeslider/js/ion.rangeSlider.min.js?ver=1.0.0 HTTP/1.1" 200 41171 "https://dreamstour-wp.dreamstechnologies.com/" "Mozilla/5.0 (Windows NT 10.0; Win64; x64) AppleWebKit/537.36 (KHTML, like Gecko) Chrome/145.0.0.0 Safari/537.36"
103.19.248.46 - - [23/Feb/2026:07:08:08 +0000] "GET /wp-content/plugins/woocommerce/assets/js/frontend/add-to-cart.min.js?ver=10.4.3 HTTP/1.1" 200 4350 "https://dreamstour-wp.dreamstechnologies.com/" "Mozilla/5.0 (Windows NT 10.0; Win64; x64) AppleWebKit/537.36 (KHTML, like Gecko) Chrome/145.0.0.0 Safari/537.36"
103.19.248.46 - - [23/Feb/2026:07:08:08 +0000] "GET /wp-content/plugins/woocommerce/assets/js/frontend/woocommerce.min.js?ver=10.4.3 HTTP/1.1" 200 4131 "https://dreamstour-wp.dreamstechnologies.com/" "Mozilla/5.0 (Windows NT 10.0; Win64; x64) AppleWebKit/537.36 (KHTML, like Gecko) Chrome/145.0.0.0 Safari/537.36"
103.19.248.46 - - [23/Feb/2026:07:08:08 +0000] "GET /wp-content/themes/dreamstour/assets/js/bootstrap-datetimepicker.min.js HTTP/1.1" 200 37971 "https://dreamstour-wp.dreamstechnologies.com/" "Mozilla/5.0 (Windows NT 10.0; Win64; x64) AppleWebKit/537.36 (KHTML, like Gecko) Chrome/145.0.0.0 Safari/537.36"
103.19.248.46 - - [23/Feb/2026:07:08:08 +0000] "GET /wp-content/plugins/woocommerce/assets/js/frontend/order-attribution.min.js?ver=10.4.3 HTTP/1.1" 200 2346 "https://dreamstour-wp.dreamstechnologies.com/" "Mozilla/5.0 (Windows NT 10.0; Win64; x64) AppleWebKit/537.36 (KHTML, like Gecko) Chrome/145.0.0.0 Safari/537.36"
103.19.248.46 - - [23/Feb/2026:07:08:08 +0000] "GET /wp-content/themes/dreamstour/assets/plugins/theia-sticky-sidebar/theia-sticky-sidebar.js HTTP/1.1" 200 16379 "https://dreamstour-wp.dreamstechnologies.com/" "Mozilla/5.0 (Windows NT 10.0; Win64; x64) AppleWebKit/537.36 (KHTML, like Gecko) Chrome/145.0.0.0 Safari/537.36"
103.19.248.46 - - [23/Feb/2026:07:08:08 +0000] "GET /wp-content/themes/dreamstour/assets/plugins/owlcarousel/owl.carousel.min.js HTTP/1.1" 200 44342 "https://dreamstour-wp.dreamstechnologies.com/" "Mozilla/5.0 (Windows NT 10.0; Win64; x64) AppleWebKit/537.36 (KHTML, like Gecko) Chrome/145.0.0.0 Safari/537.36"
103.19.248.46 - - [23/Feb/2026:07:08:08 +0000] "GET /wp-content/plugins/dreams-tour/lib/ion-rangeslider/js/ion.rangeSlider.js?ver=1.0.0 HTTP/1.1" 200 84707 "https://dreamstour-wp.dreamstechnologies.com/" "Mozilla/5.0 (Windows NT 10.0; Win64; x64) AppleWebKit/537.36 (KHTML, like Gecko) Chrome/145.0.0.0 Safari/537.36"
103.19.248.46 - - [23/Feb/2026:07:08:08 +0000] "GET /wp-content/plugins/contact-form-7/includes/swv/js/index.js?ver=6.1.4 HTTP/1.1" 200 12512 "https://dreamstour-wp.dreamstechnologies.com/" "Mozilla/5.0 (Windows NT 10.0; Win64; x64) AppleWebKit/537.36 (KHTML, like Gecko) Chrome/145.0.0.0 Safari/537.36"
103.19.248.46 - - [23/Feb/2026:07:08:08 +0000] "GET /wp-content/themes/dreamstour/assets/plugins/select2/js/select2.min.js HTTP/1.1" 200 73170 "https://dreamstour-wp.dreamstechnologies.com/" "Mozilla/5.0 (Windows NT 10.0; Win64; x64) AppleWebKit/537.36 (KHTML, like Gecko) Chrome/145.0.0.0 Safari/537.36"
103.19.248.46 - - [23/Feb/2026:07:08:08 +0000] "GET /wp-content/themes/dreamstour/assets/plugins/slick/slick.min.js HTTP/1.1" 304 0 "https://dreamstour-wp.dreamstechnologies.com/" "Mozilla/5.0 (Windows NT 10.0; Win64; x64) AppleWebKit/537.36 (KHTML, like Gecko) Chrome/145.0.0.0 Safari/537.36"
103.19.248.46 - - [23/Feb/2026:07:08:08 +0000] "GET /wp-includes/js/dist/vendor/moment.min.js?ver=2.30.1 HTTP/1.1" 200 58812 "https://dreamstour-wp.dreamstechnologies.com/" "Mozilla/5.0 (Windows NT 10.0; Win64; x64) AppleWebKit/537.36 (KHTML, like Gecko) Chrome/145.0.0.0 Safari/537.36"
103.19.248.46 - - [23/Feb/2026:07:08:08 +0000] "GET /wp-includes/js/dist/hooks.min.js?ver=dd5603f07f9220ed27f1 HTTP/1.1" 304 0 "https://dreamstour-wp.dreamstechnologies.com/" "Mozilla/5.0 (Windows NT 10.0; Win64; x64) AppleWebKit/537.36 (KHTML, like Gecko) Chrome/145.0.0.0 Safari/537.36"
103.19.248.46 - - [23/Feb/2026:07:08:08 +0000] "GET /wp-content/plugins/woocommerce/assets/js/jquery-blockui/jquery.blockUI.min.js?ver=2.7.0-wc.10.4.3 HTTP/1.1" 200 9636 "https://dreamstour-wp.dreamstechnologies.com/" "Mozilla/5.0 (Windows NT 10.0; Win64; x64) AppleWebKit/537.36 (KHTML, like Gecko) Chrome/145.0.0.0 Safari/537.36"
103.19.248.46 - - [23/Feb/2026:07:08:08 +0000] "GET /wp-content/themes/dreamstour/assets/js/jquery.meanmenu.min.js HTTP/1.1" 200 5908 "https://dreamstour-wp.dreamstechnologies.com/" "Mozilla/5.0 (Windows NT 10.0; Win64; x64) AppleWebKit/537.36 (KHTML, like Gecko) Chrome/145.0.0.0 Safari/537.36"
103.19.248.46 - - [23/Feb/2026:07:08:08 +0000] "GET /wp-content/themes/dreamstour/assets/js/bootstrap.bundle.min.js HTTP/1.1" 200 207836 "https://dreamstour-wp.dreamstechnologies.com/" "Mozilla/5.0 (Windows NT 10.0; Win64; x64) AppleWebKit/537.36 (KHTML, like Gecko) Chrome/145.0.0.0 Safari/537.36"
103.19.248.46 - - [23/Feb/2026:07:08:08 +0000] "GET /wp-content/plugins/woocommerce/assets/js/js-cookie/js.cookie.min.js?ver=2.1.4-wc.10.4.3 HTTP/1.1" 200 1720 "https://dreamstour-wp.dreamstechnologies.com/" "Mozilla/5.0 (Windows NT 10.0; Win64; x64) AppleWebKit/537.36 (KHTML, like Gecko) Chrome/145.0.0.0 Safari/537.36"
103.19.248.46 - - [23/Feb/2026:07:08:08 +0000] "GET /wp-content/themes/dreamstour/assets/js/wow.min.js HTTP/1.1" 200 8155 "https://dreamstour-wp.dreamstechnologies.com/" "Mozilla/5.0 (Windows NT 10.0; Win64; x64) AppleWebKit/537.36 (KHTML, like Gecko) Chrome/145.0.0.0 Safari/537.36"
103.19.248.46 - - [23/Feb/2026:07:08:08 +0000] "GET /wp-content/themes/dreamstour/assets/js/jquery.counterup.min.js HTTP/1.1" 200 1915 "https://dreamstour-wp.dreamstechnologies.com/" "Mozilla/5.0 (Windows NT 10.0; Win64; x64) AppleWebKit/537.36 (KHTML, like Gecko) Chrome/145.0.0.0 Safari/537.36"
103.19.248.46 - - [23/Feb/2026:07:08:08 +0000] "GET /wp-includes/js/dist/i18n.min.js?ver=c26c3dc7bed366793375 HTTP/1.1" 200 5314 "https://dreamstour-wp.dreamstechnologies.com/" "Mozilla/5.0 (Windows NT 10.0; Win64; x64) AppleWebKit/537.36 (KHTML, like Gecko) Chrome/145.0.0.0 Safari/537.36"
103.19.248.46 - - [23/Feb/2026:07:08:08 +0000] "GET /wp-content/themes/dreamstour/assets/js/theme-script.js HTTP/1.1" 200 6927 "https://dreamstour-wp.dreamstechnologies.com/" "Mozilla/5.0 (Windows NT 10.0; Win64; x64) AppleWebKit/537.36 (KHTML, like Gecko) Chrome/145.0.0.0 Safari/537.36"
103.19.248.46 - - [23/Feb/2026:07:08:08 +0000] "GET /wp-content/plugins/dreams-tour/lib/ion-rangeslider/js/custom-rangeslider.js?ver=1.0.0 HTTP/1.1" 304 0 "https://dreamstour-wp.dreamstechnologies.com/" "Mozilla/5.0 (Windows NT 10.0; Win64; x64) AppleWebKit/537.36 (KHTML, like Gecko) Chrome/145.0.0.0 Safari/537.36"
103.19.248.46 - - [23/Feb/2026:07:08:08 +0000] "GET /wp-content/plugins/dreams-tour/assets/js/dreams-script.js?ver=1.1.0 HTTP/1.1" 200 40318 "https://dreamstour-wp.dreamstechnologies.com/" "Mozilla/5.0 (Windows NT 10.0; Win64; x64) AppleWebKit/537.36 (KHTML, like Gecko) Chrome/145.0.0.0 Safari/537.36"
103.19.248.46 - - [23/Feb/2026:07:08:08 +0000] "GET /wp-includes/js/jquery/jquery-migrate.min.js?ver=3.4.1 HTTP/1.1" 200 13577 "https://dreamstour-wp.dreamstechnologies.com/" "Mozilla/5.0 (Windows NT 10.0; Win64; x64) AppleWebKit/537.36 (KHTML, like Gecko) Chrome/145.0.0.0 Safari/537.36"
103.19.248.46 - - [23/Feb/2026:07:08:08 +0000] "GET /wp-includes/js/jquery/jquery.min.js?ver=3.7.1 HTTP/1.1" 200 87553 "https://dreamstour-wp.dreamstechnologies.com/" "Mozilla/5.0 (Windows NT 10.0; Win64; x64) AppleWebKit/537.36 (KHTML, like Gecko) Chrome/145.0.0.0 Safari/537.36"
103.19.248.46 - - [23/Feb/2026:07:08:08 +0000] "GET /wp-content/themes/dreamstour/assets/js/cursor.js HTTP/1.1" 200 5046 "https://dreamstour-wp.dreamstechnologies.com/" "Mozilla/5.0 (Windows NT 10.0; Win64; x64) AppleWebKit/537.36 (KHTML, like Gecko) Chrome/145.0.0.0 Safari/537.36"
103.19.248.46 - - [23/Feb/2026:07:08:08 +0000] "GET /wp-content/plugins/contact-form-7/includes/js/index.js?ver=6.1.4 HTTP/1.1" 200 13452 "https://dreamstour-wp.dreamstechnologies.com/" "Mozilla/5.0 (Windows NT 10.0; Win64; x64) AppleWebKit/537.36 (KHTML, like Gecko) Chrome/145.0.0.0 Safari/537.36"
103.19.248.46 - - [23/Feb/2026:07:08:09 +0000] "GET /wp-content/themes/dreamstour/assets/fonts/iconsax.ttf?yjegnn HTTP/1.1" 200 1359552 "https://dreamstour-wp.dreamsmarketplace.com/wp-content/themes/dreamstour/assets/css/iconsax.css" "Mozilla/5.0 (Windows NT 10.0; Win64; x64) AppleWebKit/537.36 (KHTML, like Gecko) Chrome/145.0.0.0 Safari/537.36"
103.19.248.46 - - [23/Feb/2026:07:08:09 +0000] "GET /wp-content/themes/dreamstour/assets/fonts/iconsax.woff?yjegnn HTTP/1.1" 404 10360 "https://dreamstour-wp.dreamsmarketplace.com/wp-content/themes/dreamstour/assets/css/iconsax.css" "Mozilla/5.0 (Windows NT 10.0; Win64; x64) AppleWebKit/537.36 (KHTML, like Gecko) Chrome/145.0.0.0 Safari/537.36"
103.19.248.46 - - [23/Feb/2026:07:08:10 +0000] "GET /wp-content/uploads/2025/09/favicon-1-100x100.png HTTP/1.1" 304 0 "https://dreamstour-wp.dreamstechnologies.com/" "Mozilla/5.0 (Windows NT 10.0; Win64; x64) AppleWebKit/537.36 (KHTML, like Gecko) Chrome/145.0.0.0 Safari/537.36"
103.19.248.46 - - [23/Feb/2026:07:08:10 +0000] "GET /wp-includes/js/wp-emoji-release.min.js?ver=6.9 HTTP/1.1" 200 22762 "https://dreamstour-wp.dreamstechnologies.com/" "Mozilla/5.0 (Windows NT 10.0; Win64; x64) AppleWebKit/537.36 (KHTML, like Gecko) Chrome/145.0.0.0 Safari/537.36"
172.187.168.139 - - [23/Feb/2026:07:09:20 +0000] "POST /wp-cron.php?doing_wp_cron=1771830559.9057569503784179687500 HTTP/1.1" 200 31 "-" "WordPress/6.9; https://dreamstour-wp.dreamsmarketplace.com"
113.165.29.232 - - [23/Feb/2026:07:09:20 +0000] "GET /its-a-natural-a-part-of-the-aging-course-of-for-leather/ HTTP/1.1" 404 10360 "-" "Mozilla/5.0 (Windows NT 10.0; WOW64) AppleWebKit/537.36 (KHTML, like Gecko) Chrome/75.0.3770.100 ADG/11.0.2470 AOLBUILD/11.0.2470 Safari/537.36"
172.187.168.139 - - [23/Feb/2026:07:10:47 +0000] "POST /wp-cron.php?doing_wp_cron=1771830647.3083720207214355468750 HTTP/1.1" 200 31 "-" "WordPress/6.9; https://dreamstour-wp.dreamsmarketplace.com"
14.191.134.209 - - [23/Feb/2026:07:10:47 +0000] "GET /privacy-policy/ HTTP/1.1" 200 15608 "-" "Mozilla/5.0 (Windows NT 6.3; Win64; x64) AppleWebKit/537.36 (KHTML, like Gecko) Chrome/108.0.0.0 Safari/537.36"
212.112.118.119 - - [23/Feb/2026:07:20:12 +0000] "GET /wp-content/uploads/2025/09/listing-1.svg HTTP/1.1" 200 6243 "https://travokart.com/" "Mozilla/5.0 (Linux; Android 10; K) AppleWebKit/537.36 (KHTML, like Gecko) Chrome/145.0.0.0 Mobile Safari/537.36"
212.112.118.119 - - [23/Feb/2026:07:20:12 +0000] "GET /wp-content/uploads/2025/09/user-19.jpg HTTP/1.1" 200 36671 "https://travokart.com/" "Mozilla/5.0 (Linux; Android 10; K) AppleWebKit/537.36 (KHTML, like Gecko) Chrome/145.0.0.0 Mobile Safari/537.36"
212.112.118.119 - - [23/Feb/2026:07:20:12 +0000] "GET /wp-content/uploads/2025/10/section-img-02.png HTTP/1.1" 200 96022 "https://travokart.com/" "Mozilla/5.0 (Linux; Android 10; K) AppleWebKit/537.36 (KHTML, like Gecko) Chrome/145.0.0.0 Mobile Safari/537.36"
212.112.118.119 - - [23/Feb/2026:07:20:12 +0000] "GET /wp-content/uploads/2025/09/user-01-1.jpg HTTP/1.1" 200 24594 "https://travokart.com/" "Mozilla/5.0 (Linux; Android 10; K) AppleWebKit/537.36 (KHTML, like Gecko) Chrome/145.0.0.0 Mobile Safari/537.36"
212.112.118.119 - - [23/Feb/2026:07:20:12 +0000] "GET /wp-content/uploads/2025/09/user-17.jpg HTTP/1.1" 200 30989 "https://travokart.com/" "Mozilla/5.0 (Linux; Android 10; K) AppleWebKit/537.36 (KHTML, like Gecko) Chrome/145.0.0.0 Mobile Safari/537.36"
212.112.118.119 - - [23/Feb/2026:07:20:12 +0000] "GET /wp-content/uploads/2025/09/user-18.jpg HTTP/1.1" 200 13297 "https://travokart.com/" "Mozilla/5.0 (Linux; Android 10; K) AppleWebKit/537.36 (KHTML, like Gecko) Chrome/145.0.0.0 Mobile Safari/537.36"
212.112.118.119 - - [23/Feb/2026:07:20:12 +0000] "GET /wp-content/uploads/2025/10/blog-32.jpg HTTP/1.1" 200 40766 "https://travokart.com/" "Mozilla/5.0 (Linux; Android 10; K) AppleWebKit/537.36 (KHTML, like Gecko) Chrome/145.0.0.0 Mobile Safari/537.36"
212.112.118.119 - - [23/Feb/2026:07:20:12 +0000] "GET /wp-content/uploads/2025/10/client-01.svg HTTP/1.1" 200 16655 "https://travokart.com/" "Mozilla/5.0 (Linux; Android 10; K) AppleWebKit/537.36 (KHTML, like Gecko) Chrome/145.0.0.0 Mobile Safari/537.36"
212.112.118.119 - - [23/Feb/2026:07:20:12 +0000] "GET /wp-content/uploads/2025/10/section-img-03.png HTTP/1.1" 200 79587 "https://travokart.com/" "Mozilla/5.0 (Linux; Android 10; K) AppleWebKit/537.36 (KHTML, like Gecko) Chrome/145.0.0.0 Mobile Safari/537.36"
212.112.118.119 - - [23/Feb/2026:07:20:12 +0000] "GET /wp-content/uploads/2025/10/client-02.svg HTTP/1.1" 200 4288 "https://travokart.com/" "Mozilla/5.0 (Linux; Android 10; K) AppleWebKit/537.36 (KHTML, like Gecko) Chrome/145.0.0.0 Mobile Safari/537.36"
212.112.118.119 - - [23/Feb/2026:07:20:12 +0000] "GET /wp-content/uploads/2025/09/user-20.jpg HTTP/1.1" 200 50496 "https://travokart.com/" "Mozilla/5.0 (Linux; Android 10; K) AppleWebKit/537.36 (KHTML, like Gecko) Chrome/145.0.0.0 Mobile Safari/537.36"
212.112.118.119 - - [23/Feb/2026:07:20:12 +0000] "GET /wp-content/uploads/2025/10/blog-31.jpg HTTP/1.1" 200 39284 "https://travokart.com/" "Mozilla/5.0 (Linux; Android 10; K) AppleWebKit/537.36 (KHTML, like Gecko) Chrome/145.0.0.0 Mobile Safari/537.36"
212.112.118.119 - - [23/Feb/2026:07:20:12 +0000] "GET /wp-content/uploads/2025/10/client-05.svg HTTP/1.1" 200 6358 "https://travokart.com/" "Mozilla/5.0 (Linux; Android 10; K) AppleWebKit/537.36 (KHTML, like Gecko) Chrome/145.0.0.0 Mobile Safari/537.36"
212.112.118.119 - - [23/Feb/2026:07:20:12 +0000] "GET /wp-content/uploads/2025/10/tour-img.jpg HTTP/1.1" 200 9196 "https://travokart.com/" "Mozilla/5.0 (Linux; Android 10; K) AppleWebKit/537.36 (KHTML, like Gecko) Chrome/145.0.0.0 Mobile Safari/537.36"
212.112.118.119 - - [23/Feb/2026:07:20:12 +0000] "GET /wp-content/uploads/2025/10/client-07.svg HTTP/1.1" 200 3790 "https://travokart.com/" "Mozilla/5.0 (Linux; Android 10; K) AppleWebKit/537.36 (KHTML, like Gecko) Chrome/145.0.0.0 Mobile Safari/537.36"
212.112.118.119 - - [23/Feb/2026:07:20:12 +0000] "GET /wp-content/uploads/2025/10/client-06.svg HTTP/1.1" 200 4734 "https://travokart.com/" "Mozilla/5.0 (Linux; Android 10; K) AppleWebKit/537.36 (KHTML, like Gecko) Chrome/145.0.0.0 Mobile Safari/537.36"
212.112.118.119 - - [23/Feb/2026:07:20:12 +0000] "GET /wp-content/uploads/2025/10/client-03.svg HTTP/1.1" 200 4788 "https://travokart.com/" "Mozilla/5.0 (Linux; Android 10; K) AppleWebKit/537.36 (KHTML, like Gecko) Chrome/145.0.0.0 Mobile Safari/537.36"
212.112.118.119 - - [23/Feb/2026:07:20:12 +0000] "GET /wp-content/uploads/2025/10/client-04.svg HTTP/1.1" 200 45247 "https://travokart.com/" "Mozilla/5.0 (Linux; Android 10; K) AppleWebKit/537.36 (KHTML, like Gecko) Chrome/145.0.0.0 Mobile Safari/537.36"
212.112.118.119 - - [23/Feb/2026:07:20:13 +0000] "GET /wp-content/uploads/2025/10/blog-30.jpg HTTP/1.1" 200 72886 "https://travokart.com/" "Mozilla/5.0 (Linux; Android 10; K) AppleWebKit/537.36 (KHTML, like Gecko) Chrome/145.0.0.0 Mobile Safari/537.36"
172.187.168.139 - - [23/Feb/2026:07:26:00 +0000] "POST /wp-cron.php?doing_wp_cron=1771831560.8004910945892333984375 HTTP/1.1" 200 31 "-" "WordPress/6.9; https://dreamstour-wp.dreamsmarketplace.com"
2a03:2880:f800:3d:: - - [23/Feb/2026:07:26:00 +0000] "GET /tour_duration_nights/3-nights/ HTTP/1.1" 200 16962 "-" "meta-externalagent/1.1 (+https://developers.facebook.com/docs/sharing/webmasters/crawler)"
157.55.39.54 - - [23/Feb/2026:07:26:52 +0000] "GET /wp-content/uploads/2025/10/tour-large-01-150x150.jpg HTTP/1.1" 200 8124 "-" "Mozilla/5.0 AppleWebKit/537.36 (KHTML, like Gecko; compatible; bingbot/2.0; +http://www.bing.com/bingbot.htm) Chrome/116.0.1938.76 Safari/537.36"
172.187.168.139 - - [23/Feb/2026:07:33:04 +0000] "POST /wp-cron.php?doing_wp_cron=1771831984.6114830970764160156250 HTTP/1.1" 200 31 "-" "WordPress/6.9; https://dreamstour-wp.dreamsmarketplace.com"
2a03:2880:f800:18:: - - [23/Feb/2026:07:33:04 +0000] "GET /tag/meilleures-machines-a-sous-tortuga-casino/ HTTP/1.1" 200 16356 "-" "meta-externalagent/1.1 (+https://developers.facebook.com/docs/sharing/webmasters/crawler)"
172.187.168.139 - - [23/Feb/2026:07:33:58 +0000] "POST /wp-cron.php?doing_wp_cron=1771832038.5904650688171386718750 HTTP/1.1" 200 31 "-" "WordPress/6.9; https://dreamstour-wp.dreamsmarketplace.com"
5.39.109.188 - - [23/Feb/2026:07:33:58 +0000] "GET /robots.txt HTTP/1.1" 200 428 "-" "Mozilla/5.0 (compatible; AhrefsBot/7.0; +http://ahrefs.com/robot/)"
51.89.129.215 - - [23/Feb/2026:07:34:05 +0000] "GET /dashboard/ HTTP/1.1" 200 13844 "-" "Mozilla/5.0 (compatible; AhrefsBot/7.0; +http://ahrefs.com/robot/)"
2400:1a00:4ba6:e6fa:287c:8ede:3e43:1a66 - - [23/Feb/2026:07:35:47 +0000] "GET /wp-content/uploads/2025/10/section-top-bg.png HTTP/1.1" 200 1176 "https://gorkhatourism.com/" "Mozilla/5.0 (Windows NT 10.0; Win64; x64) AppleWebKit/537.36 (KHTML, like Gecko) Chrome/145.0.0.0 Safari/537.36 Edg/145.0.0.0"
2400:1a00:4ba6:e6fa:287c:8ede:3e43:1a66 - - [23/Feb/2026:07:35:47 +0000] "GET /wp-content/uploads/2025/10/client-03.svg HTTP/1.1" 200 4788 "https://gorkhatourism.com/" "Mozilla/5.0 (Windows NT 10.0; Win64; x64) AppleWebKit/537.36 (KHTML, like Gecko) Chrome/145.0.0.0 Safari/537.36 Edg/145.0.0.0"
2400:1a00:4ba6:e6fa:287c:8ede:3e43:1a66 - - [23/Feb/2026:07:35:47 +0000] "GET /wp-content/uploads/2025/10/client-07.svg HTTP/1.1" 200 3790 "https://gorkhatourism.com/" "Mozilla/5.0 (Windows NT 10.0; Win64; x64) AppleWebKit/537.36 (KHTML, like Gecko) Chrome/145.0.0.0 Safari/537.36 Edg/145.0.0.0"
2400:1a00:4ba6:e6fa:287c:8ede:3e43:1a66 - - [23/Feb/2026:07:35:47 +0000] "GET /wp-content/uploads/2025/10/section-img-03.png HTTP/1.1" 200 79587 "https://gorkhatourism.com/" "Mozilla/5.0 (Windows NT 10.0; Win64; x64) AppleWebKit/537.36 (KHTML, like Gecko) Chrome/145.0.0.0 Safari/537.36 Edg/145.0.0.0"
2400:1a00:4ba6:e6fa:287c:8ede:3e43:1a66 - - [23/Feb/2026:07:35:47 +0000] "GET /wp-content/uploads/2025/10/client-05.svg HTTP/1.1" 200 6358 "https://gorkhatourism.com/" "Mozilla/5.0 (Windows NT 10.0; Win64; x64) AppleWebKit/537.36 (KHTML, like Gecko) Chrome/145.0.0.0 Safari/537.36 Edg/145.0.0.0"
2400:1a00:4ba6:e6fa:287c:8ede:3e43:1a66 - - [23/Feb/2026:07:35:47 +0000] "GET /wp-content/uploads/2025/10/client-02.svg HTTP/1.1" 200 4288 "https://gorkhatourism.com/" "Mozilla/5.0 (Windows NT 10.0; Win64; x64) AppleWebKit/537.36 (KHTML, like Gecko) Chrome/145.0.0.0 Safari/537.36 Edg/145.0.0.0"
2400:1a00:4ba6:e6fa:287c:8ede:3e43:1a66 - - [23/Feb/2026:07:35:47 +0000] "GET /wp-content/uploads/2025/10/client-04.svg HTTP/1.1" 200 45247 "https://gorkhatourism.com/" "Mozilla/5.0 (Windows NT 10.0; Win64; x64) AppleWebKit/537.36 (KHTML, like Gecko) Chrome/145.0.0.0 Safari/537.36 Edg/145.0.0.0"
2400:1a00:4ba6:e6fa:287c:8ede:3e43:1a66 - - [23/Feb/2026:07:35:47 +0000] "GET /wp-content/uploads/2025/10/client-06.svg HTTP/1.1" 200 4734 "https://gorkhatourism.com/" "Mozilla/5.0 (Windows NT 10.0; Win64; x64) AppleWebKit/537.36 (KHTML, like Gecko) Chrome/145.0.0.0 Safari/537.36 Edg/145.0.0.0"
172.187.168.139 - - [23/Feb/2026:07:38:14 +0000] "POST /wp-cron.php?doing_wp_cron=1771832294.2623860836029052734375 HTTP/1.1" 200 31 "-" "WordPress/6.9; https://dreamstour-wp.dreamsmarketplace.com"
216.244.66.236 - - [23/Feb/2026:07:38:14 +0000] "GET /robots.txt HTTP/1.1" 200 428 "-" "Mozilla/5.0 (compatible; DotBot/1.2; +https://opensiteexplorer.org/dotbot; [email protected])"
172.187.168.139 - - [23/Feb/2026:07:39:30 +0000] "POST /wp-cron.php?doing_wp_cron=1771832370.2109780311584472656250 HTTP/1.1" 200 31 "-" "WordPress/6.9; https://dreamstour-wp.dreamsmarketplace.com"
14.224.193.117 - - [23/Feb/2026:07:39:30 +0000] "GET /tour-grid/ HTTP/1.1" 200 23236 "-" "Mozilla/5.0 (Macintosh; Intel Mac OS X 10_15_0) AppleWebKit/537.36 (KHTML, like Gecko) Brave Chrome/78.0.3904.108 Safari/537.36"
172.187.168.139 - - [23/Feb/2026:07:42:24 +0000] "POST /wp-cron.php?doing_wp_cron=1771832544.6056029796600341796875 HTTP/1.1" 200 31 "-" "WordPress/6.9; https://dreamstour-wp.dreamsmarketplace.com"
216.244.66.236 - - [23/Feb/2026:07:42:24 +0000] "GET /become-expert/ HTTP/1.1" 200 12038 "-" "Mozilla/5.0 (compatible; DotBot/1.2; +https://opensiteexplorer.org/dotbot; [email protected])"
216.244.66.236 - - [23/Feb/2026:07:42:29 +0000] "GET /documentation/assets/img/header_dynamic.png HTTP/1.1" 200 631237 "-" "Mozilla/5.0 (compatible; DotBot/1.2; +https://opensiteexplorer.org/dotbot; [email protected])"
172.187.168.139 - - [23/Feb/2026:07:43:08 +0000] "POST /wp-cron.php?doing_wp_cron=1771832588.6002569198608398437500 HTTP/1.1" 200 31 "-" "WordPress/6.9; https://dreamstour-wp.dreamsmarketplace.com"
54.235.191.179 - - [23/Feb/2026:07:43:08 +0000] "GET /robots.txt HTTP/1.1" 200 428 "-" "Mozilla/5.0 AppleWebKit/537.36 (KHTML, like Gecko; compatible; Amazonbot/0.1; +https://developer.amazon.com/support/amazonbot) Chrome/119.0.6045.214 Safari/537.36"
3.235.215.92 - - [23/Feb/2026:07:43:10 +0000] "GET /tour/alcatraz-island/ HTTP/1.1" 200 23198 "-" "Mozilla/5.0 AppleWebKit/537.36 (KHTML, like Gecko; compatible; Amazonbot/0.1; +https://developer.amazon.com/support/amazonbot) Chrome/119.0.6045.214 Safari/537.36"
35.89.180.16 - - [23/Feb/2026:07:44:26 +0000] "GET /wp-content/uploads/2025/10/client-04.svg HTTP/1.1" 200 45247 "https://gorkhatourism.com/" "Mozilla/5.0 (Windows NT 10.0; Win64; x64; rv:109.0) Gecko/20100101 Firefox/109.0"
35.89.180.16 - - [23/Feb/2026:07:44:26 +0000] "GET /wp-content/uploads/2025/10/client-02.svg HTTP/1.1" 200 4288 "https://gorkhatourism.com/" "Mozilla/5.0 (Windows NT 10.0; Win64; x64; rv:109.0) Gecko/20100101 Firefox/109.0"
35.89.180.16 - - [23/Feb/2026:07:44:26 +0000] "GET /wp-content/uploads/2025/10/client-03.svg HTTP/1.1" 200 4788 "https://gorkhatourism.com/" "Mozilla/5.0 (Windows NT 10.0; Win64; x64; rv:109.0) Gecko/20100101 Firefox/109.0"
35.89.180.16 - - [23/Feb/2026:07:44:26 +0000] "GET /wp-content/uploads/2025/10/client-06.svg HTTP/1.1" 200 4734 "https://gorkhatourism.com/" "Mozilla/5.0 (Windows NT 10.0; Win64; x64; rv:109.0) Gecko/20100101 Firefox/109.0"
35.89.180.16 - - [23/Feb/2026:07:44:26 +0000] "GET /wp-content/uploads/2025/10/client-05.svg HTTP/1.1" 200 6358 "https://gorkhatourism.com/" "Mozilla/5.0 (Windows NT 10.0; Win64; x64; rv:109.0) Gecko/20100101 Firefox/109.0"
35.89.180.16 - - [23/Feb/2026:07:44:26 +0000] "GET /wp-content/uploads/2025/10/section-img-03.png HTTP/1.1" 200 79587 "https://gorkhatourism.com/" "Mozilla/5.0 (Windows NT 10.0; Win64; x64; rv:109.0) Gecko/20100101 Firefox/109.0"
35.89.180.16 - - [23/Feb/2026:07:44:26 +0000] "GET /wp-content/uploads/2025/10/section-top-bg.png HTTP/1.1" 200 1176 "https://gorkhatourism.com/" "Mozilla/5.0 (Windows NT 10.0; Win64; x64; rv:109.0) Gecko/20100101 Firefox/109.0"
35.89.180.16 - - [23/Feb/2026:07:44:26 +0000] "GET /wp-content/uploads/2025/10/client-07.svg HTTP/1.1" 200 3790 "https://gorkhatourism.com/" "Mozilla/5.0 (Windows NT 10.0; Win64; x64; rv:109.0) Gecko/20100101 Firefox/109.0"
172.187.168.139 - - [23/Feb/2026:07:44:38 +0000] "POST /wp-cron.php?doing_wp_cron=1771832677.9445919990539550781250 HTTP/1.1" 200 31 "-" "WordPress/6.9; https://dreamstour-wp.dreamsmarketplace.com"
123.17.40.96 - - [23/Feb/2026:07:44:38 +0000] "GET /online-casino-real-money-usa/ HTTP/1.1" 404 10360 "-" "Mozilla/5.0 (Macintosh; Intel Mac OS X 10_15_3) AppleWebKit/537.36 (KHTML, like Gecko) Brave Chrome/84.0.4147.89 Safari/537.36"
172.187.168.139 - - [23/Feb/2026:07:47:00 +0000] "POST /wp-cron.php?doing_wp_cron=1771832819.9930720329284667968750 HTTP/1.1" 200 31 "-" "WordPress/6.9; https://dreamstour-wp.dreamsmarketplace.com"
2a03:2880:f800:1c:: - - [23/Feb/2026:07:47:00 +0000] "GET /new-york-city-usa-the-city-that-never-sleeps/ HTTP/1.1" 200 18119 "-" "meta-externalagent/1.1 (+https://developers.facebook.com/docs/sharing/webmasters/crawler)"
172.187.168.139 - - [23/Feb/2026:07:58:14 +0000] "POST /wp-cron.php?doing_wp_cron=1771833494.6490569114685058593750 HTTP/1.1" 200 31 "-" "WordPress/6.9; https://dreamstour-wp.dreamsmarketplace.com"
113.177.166.55 - - [23/Feb/2026:07:58:14 +0000] "GET /captain-jack-casino-no-deposit-bonus-codes-2024/ HTTP/1.1" 404 10360 "-" "Mozilla/5.0 (Macintosh; Intel Mac OS X 10_14_6) AppleWebKit/537.36 (KHTML, like Gecko) Chrome/80.0.3987.132 Safari/537.36"
207.46.13.125 - - [23/Feb/2026:07:58:51 +0000] "GET /tag/meilleures-machines-a-sous-tortuga-casino/ HTTP/1.1" 200 16356 "-" "Mozilla/5.0 AppleWebKit/537.36 (KHTML, like Gecko; compatible; bingbot/2.0; +http://www.bing.com/bingbot.htm) Chrome/116.0.1938.76 Safari/537.36"
172.187.168.139 - - [23/Feb/2026:07:58:56 +0000] "POST /wp-cron.php?doing_wp_cron=1771833536.6022760868072509765625 HTTP/1.1" 200 31 "-" "WordPress/6.9; https://dreamstour-wp.dreamsmarketplace.com"
160.202.35.96 - - [23/Feb/2026:07:58:56 +0000] "GET /wp-login.php/wp-login.php HTTP/1.1" 200 2163 "-" "Python/3.14 aiohttp/3.13.2"
160.202.35.96 - - [23/Feb/2026:07:58:58 +0000] "POST /wp-login.php HTTP/1.1" 503 18979 "-" "Python/3.14 aiohttp/3.13.2"
160.202.35.96 - - [23/Feb/2026:07:58:59 +0000] "GET /wp-admin/ HTTP/1.1" 503 18979 "-" "Python/3.14 aiohttp/3.13.2"
172.187.168.139 - - [23/Feb/2026:08:02:42 +0000] "POST /wp-cron.php?doing_wp_cron=1771833762.0481789112091064453125 HTTP/1.1" 200 31 "-" "WordPress/6.9; https://dreamstour-wp.dreamsmarketplace.com"
2a03:2880:f800:10:: - - [23/Feb/2026:08:02:42 +0000] "GET /tour-list/ HTTP/1.1" 200 23087 "-" "meta-externalagent/1.1 (+https://developers.facebook.com/docs/sharing/webmasters/crawler)"
172.187.168.139 - - [23/Feb/2026:08:03:54 +0000] "POST /wp-cron.php?doing_wp_cron=1771833834.1447689533233642578125 HTTP/1.1" 200 31 "-" "WordPress/6.9; https://dreamstour-wp.dreamsmarketplace.com"
113.169.211.135 - - [23/Feb/2026:08:03:54 +0000] "GET /theres-no-right-method-to-explore-your-sexual-pleasureonly/ HTTP/1.1" 404 10360 "-" "Mozilla/5.0 (Macintosh; Intel Mac OS X 10_14_6) AppleWebKit/537.36 (KHTML, like Gecko) Chrome/94.0.4606.81 Safari/537.36"
172.187.168.139 - - [23/Feb/2026:08:08:27 +0000] "POST /wp-cron.php?doing_wp_cron=1771834106.9591970443725585937500 HTTP/1.1" 200 31 "-" "WordPress/6.9; https://dreamstour-wp.dreamsmarketplace.com"
14.177.150.186 - - [23/Feb/2026:08:08:27 +0000] "GET /18-billion-euros-and-leather-goods-made-up-71-of-that/ HTTP/1.1" 404 10360 "-" "Mozilla/5.0 (Macintosh; Intel Mac OS X 10_15_7) AppleWebKit/537.36 (KHTML, like Gecko) Brave Chrome/85.0.4183.102 Safari/537.36"
172.187.168.139 - - [23/Feb/2026:08:13:32 +0000] "POST /wp-cron.php?doing_wp_cron=1771834412.5153129100799560546875 HTTP/1.1" 200 31 "-" "WordPress/6.9; https://dreamstour-wp.dreamsmarketplace.com"
186.250.235.216 - - [23/Feb/2026:08:13:32 +0000] "GET /gallery/ HTTP/1.1" 200 15145 "-" "Mozilla/5.0 (Windows NT 10.0; WOW64) AppleWebKit/537.36 (KHTML, like Gecko) Chrome/75.0.3770.100 ADG/11.0.2470 AOLBUILD/11.0.2470 Safari/537.36"
2400:1a00:4ba6:e6fa:614d:5e0:8664:2bd4 - - [23/Feb/2026:08:14:12 +0000] "GET /wp-content/uploads/2025/10/client-06.svg HTTP/1.1" 200 4734 "https://gorkhatourism.com/" "Mozilla/5.0 (Windows NT 10.0; Win64; x64) AppleWebKit/537.36 (KHTML, like Gecko) Chrome/145.0.0.0 Safari/537.36 Edg/145.0.0.0"
2400:1a00:4ba6:e6fa:614d:5e0:8664:2bd4 - - [23/Feb/2026:08:15:27 +0000] "GET /wp-content/uploads/2025/09/user-20.jpg HTTP/1.1" 200 50496 "https://gorkhatourism.com/" "Mozilla/5.0 (Windows NT 10.0; Win64; x64) AppleWebKit/537.36 (KHTML, like Gecko) Chrome/145.0.0.0 Safari/537.36 Edg/145.0.0.0"
2400:1a00:4ba6:e6fa:614d:5e0:8664:2bd4 - - [23/Feb/2026:08:15:27 +0000] "GET /wp-content/uploads/2025/09/user-01.jpg HTTP/1.1" 200 24594 "https://gorkhatourism.com/" "Mozilla/5.0 (Windows NT 10.0; Win64; x64) AppleWebKit/537.36 (KHTML, like Gecko) Chrome/145.0.0.0 Safari/537.36 Edg/145.0.0.0"
2400:1a00:4ba6:e6fa:614d:5e0:8664:2bd4 - - [23/Feb/2026:08:15:27 +0000] "GET /wp-content/uploads/2025/09/user-02.jpg HTTP/1.1" 200 27172 "https://gorkhatourism.com/" "Mozilla/5.0 (Windows NT 10.0; Win64; x64) AppleWebKit/537.36 (KHTML, like Gecko) Chrome/145.0.0.0 Safari/537.36 Edg/145.0.0.0"
2400:1a00:4ba6:e6fa:614d:5e0:8664:2bd4 - - [23/Feb/2026:08:15:27 +0000] "GET /wp-content/uploads/2025/09/listing.svg HTTP/1.1" 200 6243 "https://gorkhatourism.com/" "Mozilla/5.0 (Windows NT 10.0; Win64; x64) AppleWebKit/537.36 (KHTML, like Gecko) Chrome/145.0.0.0 Safari/537.36 Edg/145.0.0.0"
207.46.13.125 - - [23/Feb/2026:08:16:56 +0000] "GET /wp-content/uploads/2025/10/tours-14.jpg HTTP/1.1" 304 0 "-" "Mozilla/5.0 AppleWebKit/537.36 (KHTML, like Gecko; compatible; bingbot/2.0; +http://www.bing.com/bingbot.htm) Chrome/116.0.1938.76 Safari/537.36"
172.187.168.139 - - [23/Feb/2026:08:17:29 +0000] "POST /wp-cron.php?doing_wp_cron=1771834649.5847311019897460937500 HTTP/1.1" 200 31 "-" "WordPress/6.9; https://dreamstour-wp.dreamsmarketplace.com"
2a03:2880:f800:42:: - - [23/Feb/2026:08:17:29 +0000] "GET /tour/crystal-lake/ HTTP/1.1" 200 23169 "-" "meta-externalagent/1.1 (+https://developers.facebook.com/docs/sharing/webmasters/crawler)"
172.187.168.139 - - [23/Feb/2026:08:24:22 +0000] "POST /wp-cron.php?doing_wp_cron=1771835062.7219500541687011718750 HTTP/1.1" 200 31 "-" "WordPress/6.9; https://dreamstour-wp.dreamsmarketplace.com"
51.195.215.163 - - [23/Feb/2026:08:24:22 +0000] "GET /tour/rainbow-mountain-valley/ HTTP/1.1" 200 23464 "-" "Mozilla/5.0 (compatible; AhrefsBot/7.0; +http://ahrefs.com/robot/)"
172.187.168.139 - - [23/Feb/2026:08:32:08 +0000] "POST /wp-cron.php?doing_wp_cron=1771835528.0379788875579833984375 HTTP/1.1" 200 31 "-" "WordPress/6.9; https://dreamstour-wp.dreamsmarketplace.com"
157.55.39.223 - - [23/Feb/2026:08:32:08 +0000] "GET /robots.txt HTTP/1.1" 200 428 "-" "Mozilla/5.0 AppleWebKit/537.36 (KHTML, like Gecko; compatible; bingbot/2.0; +http://www.bing.com/bingbot.htm) Chrome/116.0.1938.76 Safari/537.36"
172.187.168.139 - - [23/Feb/2026:08:33:31 +0000] "POST /wp-cron.php?doing_wp_cron=1771835611.8331320285797119140625 HTTP/1.1" 200 31 "-" "WordPress/6.9; https://dreamstour-wp.dreamsmarketplace.com"
52.167.144.174 - - [23/Feb/2026:08:33:31 +0000] "GET /tag/malina-casino-20-free-spins/ HTTP/1.1" 404 10360 "-" "Mozilla/5.0 AppleWebKit/537.36 (KHTML, like Gecko; compatible; bingbot/2.0; +http://www.bing.com/bingbot.htm) Chrome/116.0.1938.76 Safari/537.36"
66.249.66.42 - - [23/Feb/2026:08:37:20 +0000] "GET /wp-content/uploads/2025/10/tours-10.jpg HTTP/1.1" 200 59174 "-" "Googlebot-Image/1.0"
157.55.39.61 - - [23/Feb/2026:08:40:25 +0000] "GET /wp-content/uploads/2025/10/client-01.svg HTTP/1.1" 200 16655 "-" "Mozilla/5.0 AppleWebKit/537.36 (KHTML, like Gecko; compatible; bingbot/2.0; +http://www.bing.com/bingbot.htm) Chrome/116.0.1938.76 Safari/537.36"
207.46.13.151 - - [23/Feb/2026:08:40:36 +0000] "GET /wp-content/uploads/2025/09/listing.svg HTTP/1.1" 200 6243 "-" "Mozilla/5.0 AppleWebKit/537.36 (KHTML, like Gecko; compatible; bingbot/2.0; +http://www.bing.com/bingbot.htm) Chrome/116.0.1938.76 Safari/537.36"
172.187.168.139 - - [23/Feb/2026:08:41:01 +0000] "POST /wp-cron.php?doing_wp_cron=1771836061.5892310142517089843750 HTTP/1.1" 200 31 "-" "WordPress/6.9; https://dreamstour-wp.dreamsmarketplace.com"
186.251.193.117 - - [23/Feb/2026:08:41:01 +0000] "GET /it-runs-more-smoothly-than-its-predecessor/ HTTP/1.1" 404 10360 "-" "Mozilla/5.0 (Macintosh; Intel Mac OS X 10_9_5) AppleWebKit/537.36 (KHTML, like Gecko) Chrome/66.0.3359.181 Safari/537.36"
172.187.168.139 - - [23/Feb/2026:08:41:54 +0000] "POST /wp-cron.php?doing_wp_cron=1771836114.5802659988403320312500 HTTP/1.1" 200 31 "-" "WordPress/6.9; https://dreamstour-wp.dreamsmarketplace.com"
45.194.70.253 - - [23/Feb/2026:08:41:54 +0000] "GET /favicon.ico HTTP/1.1" 302 5 "-" "Go-http-client/1.1"
45.194.70.253 - - [23/Feb/2026:08:41:55 +0000] "GET /wp-content/uploads/2025/09/favicon-1-100x100.png HTTP/1.1" 200 5077 "https://dreamstour-wp.dreamsmarketplace.com/favicon.ico" "Go-http-client/1.1"
172.187.168.139 - - [23/Feb/2026:08:41:55 +0000] "POST /wp-cron.php?doing_wp_cron=1771836115.6507260799407958984375 HTTP/1.1" 200 31 "-" "WordPress/6.9; https://dreamstour-wp.dreamsmarketplace.com"
165.154.206.204 - - [23/Feb/2026:08:41:55 +0000] "GET / HTTP/1.1" 200 31209 "-" "Mozilla/5.0 (X11; Linux x86_64) AppleWebKit/600.41 (KHTML, like Gecko) Chrome/70.0.2303 Safari/537.36"
45.194.70.253 - - [23/Feb/2026:08:41:57 +0000] "GET /sitemap.xml HTTP/1.1" 301 5 "-" "Go-http-client/1.1"
45.194.70.253 - - [23/Feb/2026:08:41:57 +0000] "GET /robots.txt HTTP/1.1" 200 428 "-" "Go-http-client/1.1"
165.154.206.204 - - [23/Feb/2026:08:41:57 +0000] "GET /wp-content/uploads/2025/09/favicon-1-100x100.png HTTP/1.1" 200 5077 "-" "Go-http-client/1.1"
165.154.206.204 - - [23/Feb/2026:08:41:57 +0000] "GET /wp-content/themes/dreamstour/assets/images/logo.svg HTTP/1.1" 200 29281 "-" "Mozilla/5.0 (X11; Linux x86_64) AppleWebKit/596.35 (KHTML, like Gecko) Chrome/65.0.2451 Safari/537.36"
165.154.206.204 - - [23/Feb/2026:08:41:58 +0000] "GET /wp-content/themes/dreamstour/assets/js/cursor.js HTTP/1.1" 200 5046 "-" "Go-http-client/1.1"
45.194.70.253 - - [23/Feb/2026:08:41:58 +0000] "GET /wp-sitemap.xml HTTP/1.1" 200 1914 "https://dreamstour-wp.dreamsmarketplace.com/sitemap.xml" "Go-http-client/1.1"
165.154.206.204 - - [23/Feb/2026:08:41:58 +0000] "GET /wp-content/plugins/dreams-tour/assets/js/dreams-script.js?ver=1.1.0 HTTP/1.1" 200 40318 "-" "Go-http-client/1.1"
165.154.206.204 - - [23/Feb/2026:08:41:59 +0000] "GET /wp-content/themes/dreamstour/assets/js/theme-script.js HTTP/1.1" 200 6927 "-" "Go-http-client/1.1"
165.154.206.204 - - [23/Feb/2026:08:41:59 +0000] "GET /wp-content/plugins/contact-form-7/includes/js/index.js?ver=6.1.4 HTTP/1.1" 200 13452 "-" "Go-http-client/1.1"
165.154.206.204 - - [23/Feb/2026:08:42:00 +0000] "GET /wp-content/themes/dreamstour/assets/plugins/theia-sticky-sidebar/theia-sticky-sidebar.js HTTP/1.1" 200 16379 "-" "Go-http-client/1.1"
118.193.43.158 - - [23/Feb/2026:08:42:00 +0000] "GET /favicon.ico HTTP/1.1" 302 5 "-" "Go-http-client/1.1"
165.154.206.204 - - [23/Feb/2026:08:42:01 +0000] "GET /wp-content/plugins/dreamstour-widgets/assets/js/dreamstourelementor-elementor.js?ver=6.9 HTTP/1.1" 200 33288 "-" "Go-http-client/1.1"
118.193.43.158 - - [23/Feb/2026:08:42:01 +0000] "GET /wp-content/uploads/2025/09/favicon-1-100x100.png HTTP/1.1" 200 5077 "https://dreamstour-wp.dreamsmarketplace.com/favicon.ico" "Go-http-client/1.1"
165.154.206.204 - - [23/Feb/2026:08:42:01 +0000] "GET /wp-content/plugins/contact-form-7/includes/swv/js/index.js?ver=6.1.4 HTTP/1.1" 200 12512 "-" "Go-http-client/1.1"
165.154.206.204 - - [23/Feb/2026:08:42:02 +0000] "GET /wp-content/themes/dreamstour/assets/js/script.js HTTP/1.1" 200 55215 "-" "Go-http-client/1.1"
165.154.206.204 - - [23/Feb/2026:08:42:03 +0000] "GET /wp-content/plugins/dreams-tour/lib/ion-rangeslider/js/ion.rangeSlider.js?ver=1.0.0 HTTP/1.1" 200 84707 "-" "Go-http-client/1.1"
118.193.43.158 - - [23/Feb/2026:08:42:03 +0000] "GET /robots.txt HTTP/1.1" 200 428 "-" "Go-http-client/1.1"
118.193.43.158 - - [23/Feb/2026:08:42:03 +0000] "GET /sitemap.xml HTTP/1.1" 301 5 "-" "Go-http-client/1.1"
165.154.206.204 - - [23/Feb/2026:08:42:03 +0000] "GET /wp-content/plugins/dreams-tour/lib/ion-rangeslider/js/custom-rangeslider.js?ver=1.0.0 HTTP/1.1" 200 1487 "-" "Go-http-client/1.1"
165.154.206.204 - - [23/Feb/2026:08:42:03 +0000] "GET /wp-content/themes/dreamstour/assets/plugins/theia-sticky-sidebar/ResizeSensor.js HTTP/1.1" 200 5818 "-" "Go-http-client/1.1"
165.154.36.105 - - [23/Feb/2026:08:42:04 +0000] "GET / HTTP/1.1" 200 31241 "-" "Mozilla/5.0 (Macintosh; Intel Mac OS X 8_0) AppleWebKit/551.47 (KHTML, like Gecko) Chrome/88.0.2785 Safari/537.36"
118.193.43.158 - - [23/Feb/2026:08:42:05 +0000] "GET /wp-sitemap.xml HTTP/1.1" 200 1914 "https://dreamstour-wp.dreamsmarketplace.com/sitemap.xml" "Go-http-client/1.1"
165.154.206.204 - - [23/Feb/2026:08:42:05 +0000] "GET /robots.txt HTTP/1.1" 200 428 "-" "Go-http-client/1.1"
165.154.206.204 - - [23/Feb/2026:08:42:05 +0000] "GET /sitemap.xml HTTP/1.1" 301 5 "-" "Go-http-client/1.1"
165.154.206.204 - - [23/Feb/2026:08:42:07 +0000] "GET /wp-sitemap.xml HTTP/1.1" 200 1914 "https://dreamstour-wp.dreamsmarketplace.com/sitemap.xml" "Go-http-client/1.1"
165.154.36.105 - - [23/Feb/2026:08:42:07 +0000] "GET /sitemap.xml HTTP/1.1" 301 5 "-" "Go-http-client/1.1"
165.154.36.105 - - [23/Feb/2026:08:42:09 +0000] "GET /wp-sitemap.xml HTTP/1.1" 200 1914 "https://dreamstour-wp.dreamsmarketplace.com/sitemap.xml" "Go-http-client/1.1"
40.77.167.26 - - [23/Feb/2026:08:49:11 +0000] "GET /wp-content/uploads/2025/10/tours-08.jpg HTTP/1.1" 200 76953 "-" "Mozilla/5.0 AppleWebKit/537.36 (KHTML, like Gecko; compatible; bingbot/2.0; +http://www.bing.com/bingbot.htm) Chrome/116.0.1938.76 Safari/537.36"
172.187.168.139 - - [23/Feb/2026:08:49:47 +0000] "POST /wp-cron.php?doing_wp_cron=1771836587.2009301185607910156250 HTTP/1.1" 200 31 "-" "WordPress/6.9; https://dreamstour-wp.dreamsmarketplace.com"
188.119.40.34 - - [23/Feb/2026:08:49:47 +0000] "GET /tour-grid/ HTTP/1.1" 200 23236 "https://dreamstour-wp.dreamstechnologies.com/landing/" "Mozilla/5.0 (Macintosh; Intel Mac OS X 10_15_7) AppleWebKit/537.36 (KHTML, like Gecko) Chrome/133.0.0.0 Safari/537.36"
188.119.40.34 - - [23/Feb/2026:08:49:47 +0000] "GET /wp-content/plugins/contact-form-7/includes/css/styles.css?ver=6.1.4 HTTP/1.1" 200 2947 "https://dreamstour-wp.dreamstechnologies.com/" "Mozilla/5.0 (Macintosh; Intel Mac OS X 10_15_7) AppleWebKit/537.36 (KHTML, like Gecko) Chrome/133.0.0.0 Safari/537.36"
188.119.40.34 - - [23/Feb/2026:08:49:47 +0000] "GET /wp-content/themes/dreamstour/assets/plugins/fontawesome/css/fontawesome.min.css HTTP/1.1" 200 57097 "https://dreamstour-wp.dreamstechnologies.com/" "Mozilla/5.0 (Macintosh; Intel Mac OS X 10_15_7) AppleWebKit/537.36 (KHTML, like Gecko) Chrome/133.0.0.0 Safari/537.36"
188.119.40.34 - - [23/Feb/2026:08:49:47 +0000] "GET /wp-content/themes/dreamstour/assets/plugins/owlcarousel/owl.carousel.min.css HTTP/1.1" 200 3351 "https://dreamstour-wp.dreamstechnologies.com/" "Mozilla/5.0 (Macintosh; Intel Mac OS X 10_15_7) AppleWebKit/537.36 (KHTML, like Gecko) Chrome/133.0.0.0 Safari/537.36"
188.119.40.34 - - [23/Feb/2026:08:49:47 +0000] "GET /wp-content/themes/dreamstour/assets/css/animate.css HTTP/1.1" 200 23848 "https://dreamstour-wp.dreamstechnologies.com/" "Mozilla/5.0 (Macintosh; Intel Mac OS X 10_15_7) AppleWebKit/537.36 (KHTML, like Gecko) Chrome/133.0.0.0 Safari/537.36"
188.119.40.34 - - [23/Feb/2026:08:49:47 +0000] "GET /wp-content/themes/dreamstour/assets/css/custom2.css HTTP/1.1" 200 851 "https://dreamstour-wp.dreamstechnologies.com/" "Mozilla/5.0 (Macintosh; Intel Mac OS X 10_15_7) AppleWebKit/537.36 (KHTML, like Gecko) Chrome/133.0.0.0 Safari/537.36"
188.119.40.34 - - [23/Feb/2026:08:49:47 +0000] "GET /wp-content/themes/dreamstour/assets/css/theme-woocommerce.css HTTP/1.1" 200 121220 "https://dreamstour-wp.dreamstechnologies.com/" "Mozilla/5.0 (Macintosh; Intel Mac OS X 10_15_7) AppleWebKit/537.36 (KHTML, like Gecko) Chrome/133.0.0.0 Safari/537.36"
