41.75.191.115 - - [23/Feb/2026:10:19:51 +0000] "GET /wp-content/uploads/2025/09/user-01-1.jpg HTTP/1.1" 200 24594 "https://dreamstour-wp.dreamsmarketplace.com/home-02/" "Mozilla/5.0 (Windows NT 10.0; Win64; x64) AppleWebKit/537.36 (KHTML, like Gecko) Chrome/141.0.0.0 Safari/537.36"
41.75.191.115 - - [23/Feb/2026:10:19:51 +0000] "GET /wp-content/uploads/2025/10/client-02.svg HTTP/1.1" 200 4288 "https://dreamstour-wp.dreamsmarketplace.com/home-02/" "Mozilla/5.0 (Windows NT 10.0; Win64; x64) AppleWebKit/537.36 (KHTML, like Gecko) Chrome/141.0.0.0 Safari/537.36"
41.75.191.115 - - [23/Feb/2026:10:19:51 +0000] "GET /wp-content/uploads/2025/09/user-19.jpg HTTP/1.1" 200 36671 "https://dreamstour-wp.dreamsmarketplace.com/home-02/" "Mozilla/5.0 (Windows NT 10.0; Win64; x64) AppleWebKit/537.36 (KHTML, like Gecko) Chrome/141.0.0.0 Safari/537.36"
41.75.191.115 - - [23/Feb/2026:10:19:51 +0000] "GET /wp-content/uploads/2025/10/client-01.svg HTTP/1.1" 200 16655 "https://dreamstour-wp.dreamsmarketplace.com/home-02/" "Mozilla/5.0 (Windows NT 10.0; Win64; x64) AppleWebKit/537.36 (KHTML, like Gecko) Chrome/141.0.0.0 Safari/537.36"
41.75.191.115 - - [23/Feb/2026:10:19:51 +0000] "GET /wp-content/uploads/2025/10/client-05.svg HTTP/1.1" 200 6358 "https://dreamstour-wp.dreamsmarketplace.com/home-02/" "Mozilla/5.0 (Windows NT 10.0; Win64; x64) AppleWebKit/537.36 (KHTML, like Gecko) Chrome/141.0.0.0 Safari/537.36"
41.75.191.115 - - [23/Feb/2026:10:19:51 +0000] "GET /wp-content/uploads/2025/10/client-04.svg HTTP/1.1" 200 45247 "https://dreamstour-wp.dreamsmarketplace.com/home-02/" "Mozilla/5.0 (Windows NT 10.0; Win64; x64) AppleWebKit/537.36 (KHTML, like Gecko) Chrome/141.0.0.0 Safari/537.36"
41.75.191.115 - - [23/Feb/2026:10:19:51 +0000] "GET /wp-content/uploads/2025/10/client-07.svg HTTP/1.1" 200 3790 "https://dreamstour-wp.dreamsmarketplace.com/home-02/" "Mozilla/5.0 (Windows NT 10.0; Win64; x64) AppleWebKit/537.36 (KHTML, like Gecko) Chrome/141.0.0.0 Safari/537.36"
41.75.191.115 - - [23/Feb/2026:10:19:51 +0000] "GET /wp-content/uploads/2025/10/tour-img.jpg HTTP/1.1" 200 9196 "https://dreamstour-wp.dreamsmarketplace.com/home-02/" "Mozilla/5.0 (Windows NT 10.0; Win64; x64) AppleWebKit/537.36 (KHTML, like Gecko) Chrome/141.0.0.0 Safari/537.36"
41.75.191.115 - - [23/Feb/2026:10:19:51 +0000] "GET /wp-content/uploads/2025/10/client-06.svg HTTP/1.1" 200 4734 "https://dreamstour-wp.dreamsmarketplace.com/home-02/" "Mozilla/5.0 (Windows NT 10.0; Win64; x64) AppleWebKit/537.36 (KHTML, like Gecko) Chrome/141.0.0.0 Safari/537.36"
41.75.191.115 - - [23/Feb/2026:10:19:51 +0000] "GET /wp-content/uploads/2025/10/blog-30.jpg HTTP/1.1" 200 72886 "https://dreamstour-wp.dreamsmarketplace.com/home-02/" "Mozilla/5.0 (Windows NT 10.0; Win64; x64) AppleWebKit/537.36 (KHTML, like Gecko) Chrome/141.0.0.0 Safari/537.36"
41.75.191.115 - - [23/Feb/2026:10:19:51 +0000] "GET /wp-content/uploads/2025/09/user-02-150x150.jpg HTTP/1.1" 200 4901 "https://dreamstour-wp.dreamsmarketplace.com/home-02/" "Mozilla/5.0 (Windows NT 10.0; Win64; x64) AppleWebKit/537.36 (KHTML, like Gecko) Chrome/141.0.0.0 Safari/537.36"
41.75.191.115 - - [23/Feb/2026:10:19:51 +0000] "GET /wp-content/uploads/2025/10/blog-32.jpg HTTP/1.1" 200 40766 "https://dreamstour-wp.dreamsmarketplace.com/home-02/" "Mozilla/5.0 (Windows NT 10.0; Win64; x64) AppleWebKit/537.36 (KHTML, like Gecko) Chrome/141.0.0.0 Safari/537.36"
41.75.191.115 - - [23/Feb/2026:10:19:51 +0000] "GET /wp-content/uploads/2025/10/section-top-bg.png HTTP/1.1" 200 1176 "https://dreamstour-wp.dreamsmarketplace.com/home-02/" "Mozilla/5.0 (Windows NT 10.0; Win64; x64) AppleWebKit/537.36 (KHTML, like Gecko) Chrome/141.0.0.0 Safari/537.36"
41.75.191.115 - - [23/Feb/2026:10:19:51 +0000] "GET /wp-content/themes/dreamstour/assets/images/star-icon-2.svg HTTP/1.1" 200 351 "https://dreamstour-wp.dreamsmarketplace.com/wp-content/themes/dreamstour/assets/css/style.css" "Mozilla/5.0 (Windows NT 10.0; Win64; x64) AppleWebKit/537.36 (KHTML, like Gecko) Chrome/141.0.0.0 Safari/537.36"
41.75.191.115 - - [23/Feb/2026:10:19:51 +0000] "GET /wp-content/uploads/2025/10/home-banner-2-scaled.jpg HTTP/1.1" 200 338305 "https://dreamstour-wp.dreamsmarketplace.com/home-02/" "Mozilla/5.0 (Windows NT 10.0; Win64; x64) AppleWebKit/537.36 (KHTML, like Gecko) Chrome/141.0.0.0 Safari/537.36"
172.187.168.139 - - [23/Feb/2026:10:20:51 +0000] "POST /wp-cron.php?doing_wp_cron=1771842051.0346090793609619140625 HTTP/1.1" 200 31 "-" "WordPress/6.9; https://dreamstour-wp.dreamsmarketplace.com"
41.75.191.115 - - [23/Feb/2026:10:20:51 +0000] "GET /dashboard/?ref=settings&type=agent&user_id=16 HTTP/1.1" 200 13844 "https://dreamstour-wp.dreamsmarketplace.com/home-02/" "Mozilla/5.0 (Windows NT 10.0; Win64; x64) AppleWebKit/537.36 (KHTML, like Gecko) Chrome/141.0.0.0 Safari/537.36"
41.75.191.115 - - [23/Feb/2026:10:20:52 +0000] "GET /wp-content/themes/dreamstour/assets/images/payment/visa.svg HTTP/1.1" 404 10360 "https://dreamstour-wp.dreamsmarketplace.com/dashboard/?ref=settings&type=agent&user_id=16" "Mozilla/5.0 (Windows NT 10.0; Win64; x64) AppleWebKit/537.36 (KHTML, like Gecko) Chrome/141.0.0.0 Safari/537.36"
41.75.191.115 - - [23/Feb/2026:10:20:52 +0000] "GET /wp-content/themes/dreamstour/assets/images/payment/mastercard.svg HTTP/1.1" 404 10360 "https://dreamstour-wp.dreamsmarketplace.com/dashboard/?ref=settings&type=agent&user_id=16" "Mozilla/5.0 (Windows NT 10.0; Win64; x64) AppleWebKit/537.36 (KHTML, like Gecko) Chrome/141.0.0.0 Safari/537.36"
172.187.168.139 - - [23/Feb/2026:10:22:34 +0000] "POST /wp-cron.php?doing_wp_cron=1771842154.6324999332427978515625 HTTP/1.1" 200 31 "-" "WordPress/6.9; https://dreamstour-wp.dreamsmarketplace.com"
41.75.191.115 - - [23/Feb/2026:10:22:34 +0000] "GET /dashboard/?ref=settings&type=agent&user_id=1 HTTP/1.1" 200 13844 "https://dreamstour-wp.dreamsmarketplace.com/home-02/" "Mozilla/5.0 (Windows NT 10.0; Win64; x64) AppleWebKit/537.36 (KHTML, like Gecko) Chrome/141.0.0.0 Safari/537.36"
41.75.191.115 - - [23/Feb/2026:10:22:36 +0000] "GET /wp-content/themes/dreamstour/assets/images/payment/mastercard.svg HTTP/1.1" 404 10360 "https://dreamstour-wp.dreamsmarketplace.com/dashboard/?ref=settings&type=agent&user_id=1" "Mozilla/5.0 (Windows NT 10.0; Win64; x64) AppleWebKit/537.36 (KHTML, like Gecko) Chrome/141.0.0.0 Safari/537.36"
41.75.191.115 - - [23/Feb/2026:10:22:36 +0000] "GET /wp-content/themes/dreamstour/assets/images/payment/visa.svg HTTP/1.1" 404 10360 "https://dreamstour-wp.dreamsmarketplace.com/dashboard/?ref=settings&type=agent&user_id=1" "Mozilla/5.0 (Windows NT 10.0; Win64; x64) AppleWebKit/537.36 (KHTML, like Gecko) Chrome/141.0.0.0 Safari/537.36"
172.187.168.139 - - [23/Feb/2026:10:23:29 +0000] "POST /wp-cron.php?doing_wp_cron=1771842209.7297389507293701171875 HTTP/1.1" 200 31 "-" "WordPress/6.9; https://dreamstour-wp.dreamsmarketplace.com"
41.75.191.115 - - [23/Feb/2026:10:23:29 +0000] "GET /dashboard/ HTTP/1.1" 200 13844 "https://dreamstour-wp.dreamsmarketplace.com/" "Mozilla/5.0 (Windows NT 10.0; Win64; x64) AppleWebKit/537.36 (KHTML, like Gecko) Chrome/141.0.0.0 Safari/537.36"
41.75.191.115 - - [23/Feb/2026:10:23:30 +0000] "GET /wp-content/themes/dreamstour/assets/js/cursor.js HTTP/1.1" 200 5046 "https://dreamstour-wp.dreamstechnologies.com/" "Mozilla/5.0 (Windows NT 10.0; Win64; x64) AppleWebKit/537.36 (KHTML, like Gecko) Chrome/141.0.0.0 Safari/537.36"
41.75.191.115 - - [23/Feb/2026:10:23:30 +0000] "GET /wp-content/themes/dreamstour/assets/plugins/theia-sticky-sidebar/theia-sticky-sidebar.js HTTP/1.1" 200 16379 "https://dreamstour-wp.dreamstechnologies.com/" "Mozilla/5.0 (Windows NT 10.0; Win64; x64) AppleWebKit/537.36 (KHTML, like Gecko) Chrome/141.0.0.0 Safari/537.36"
41.75.191.115 - - [23/Feb/2026:10:23:30 +0000] "GET /wp-content/themes/dreamstour/assets/plugins/owlcarousel/owl.carousel.min.js HTTP/1.1" 200 44342 "https://dreamstour-wp.dreamstechnologies.com/" "Mozilla/5.0 (Windows NT 10.0; Win64; x64) AppleWebKit/537.36 (KHTML, like Gecko) Chrome/141.0.0.0 Safari/537.36"
41.75.191.115 - - [23/Feb/2026:10:23:31 +0000] "GET /wp-content/plugins/woocommerce/assets/js/frontend/order-attribution.min.js?ver=10.4.3 HTTP/1.1" 200 2346 "https://dreamstour-wp.dreamstechnologies.com/" "Mozilla/5.0 (Windows NT 10.0; Win64; x64) AppleWebKit/537.36 (KHTML, like Gecko) Chrome/141.0.0.0 Safari/537.36"
41.75.191.115 - - [23/Feb/2026:10:23:31 +0000] "GET /wp-content/themes/dreamstour/assets/js/theme-script.js HTTP/1.1" 200 6927 "https://dreamstour-wp.dreamstechnologies.com/" "Mozilla/5.0 (Windows NT 10.0; Win64; x64) AppleWebKit/537.36 (KHTML, like Gecko) Chrome/141.0.0.0 Safari/537.36"
41.75.191.115 - - [23/Feb/2026:10:23:31 +0000] "GET /wp-content/plugins/woocommerce/assets/js/sourcebuster/sourcebuster.min.js?ver=10.4.3 HTTP/1.1" 200 15315 "https://dreamstour-wp.dreamstechnologies.com/" "Mozilla/5.0 (Windows NT 10.0; Win64; x64) AppleWebKit/537.36 (KHTML, like Gecko) Chrome/141.0.0.0 Safari/537.36"
41.75.191.115 - - [23/Feb/2026:10:23:31 +0000] "GET /wp-content/themes/dreamstour/assets/js/jquery.waypoints.min.js HTTP/1.1" 200 9028 "https://dreamstour-wp.dreamstechnologies.com/" "Mozilla/5.0 (Windows NT 10.0; Win64; x64) AppleWebKit/537.36 (KHTML, like Gecko) Chrome/141.0.0.0 Safari/537.36"
41.75.191.115 - - [23/Feb/2026:10:23:31 +0000] "GET /wp-content/themes/dreamstour/assets/js/script.js HTTP/1.1" 200 55215 "https://dreamstour-wp.dreamstechnologies.com/" "Mozilla/5.0 (Windows NT 10.0; Win64; x64) AppleWebKit/537.36 (KHTML, like Gecko) Chrome/141.0.0.0 Safari/537.36"
41.75.191.115 - - [23/Feb/2026:10:23:31 +0000] "GET /wp-content/themes/dreamstour/assets/js/jquery.counterup.min.js HTTP/1.1" 200 1915 "https://dreamstour-wp.dreamstechnologies.com/" "Mozilla/5.0 (Windows NT 10.0; Win64; x64) AppleWebKit/537.36 (KHTML, like Gecko) Chrome/141.0.0.0 Safari/537.36"
41.75.191.115 - - [23/Feb/2026:10:23:31 +0000] "GET /wp-content/themes/dreamstour/assets/plugins/fancybox/jquery.fancybox.min.js HTTP/1.1" 200 68267 "https://dreamstour-wp.dreamstechnologies.com/" "Mozilla/5.0 (Windows NT 10.0; Win64; x64) AppleWebKit/537.36 (KHTML, like Gecko) Chrome/141.0.0.0 Safari/537.36"
41.75.191.115 - - [23/Feb/2026:10:23:31 +0000] "GET /wp-content/themes/dreamstour/assets/plugins/theia-sticky-sidebar/ResizeSensor.js HTTP/1.1" 200 5818 "https://dreamstour-wp.dreamstechnologies.com/" "Mozilla/5.0 (Windows NT 10.0; Win64; x64) AppleWebKit/537.36 (KHTML, like Gecko) Chrome/141.0.0.0 Safari/537.36"
41.75.191.115 - - [23/Feb/2026:10:23:31 +0000] "GET /wp-content/themes/dreamstour/assets/js/bootstrap-datetimepicker.min.js HTTP/1.1" 200 37971 "https://dreamstour-wp.dreamstechnologies.com/" "Mozilla/5.0 (Windows NT 10.0; Win64; x64) AppleWebKit/537.36 (KHTML, like Gecko) Chrome/141.0.0.0 Safari/537.36"
41.75.191.115 - - [23/Feb/2026:10:23:31 +0000] "GET /wp-content/themes/dreamstour/assets/js/jquery.meanmenu.min.js HTTP/1.1" 200 5908 "https://dreamstour-wp.dreamstechnologies.com/" "Mozilla/5.0 (Windows NT 10.0; Win64; x64) AppleWebKit/537.36 (KHTML, like Gecko) Chrome/141.0.0.0 Safari/537.36"
41.75.191.115 - - [23/Feb/2026:10:23:31 +0000] "GET /wp-content/themes/dreamstour/assets/plugins/slick/slick.min.js HTTP/1.1" 200 43881 "https://dreamstour-wp.dreamstechnologies.com/" "Mozilla/5.0 (Windows NT 10.0; Win64; x64) AppleWebKit/537.36 (KHTML, like Gecko) Chrome/141.0.0.0 Safari/537.36"
41.75.191.115 - - [23/Feb/2026:10:23:31 +0000] "GET /wp-content/themes/dreamstour/assets/plugins/select2/js/select2.min.js HTTP/1.1" 200 73170 "https://dreamstour-wp.dreamstechnologies.com/" "Mozilla/5.0 (Windows NT 10.0; Win64; x64) AppleWebKit/537.36 (KHTML, like Gecko) Chrome/141.0.0.0 Safari/537.36"
41.75.191.115 - - [23/Feb/2026:10:23:31 +0000] "GET /wp-includes/js/dist/vendor/moment.min.js?ver=2.30.1 HTTP/1.1" 200 58812 "https://dreamstour-wp.dreamstechnologies.com/" "Mozilla/5.0 (Windows NT 10.0; Win64; x64) AppleWebKit/537.36 (KHTML, like Gecko) Chrome/141.0.0.0 Safari/537.36"
41.75.191.115 - - [23/Feb/2026:10:23:31 +0000] "GET /wp-content/plugins/dreams-tour/lib/ion-rangeslider/js/custom-rangeslider.js?ver=1.0.0 HTTP/1.1" 200 1487 "https://dreamstour-wp.dreamstechnologies.com/" "Mozilla/5.0 (Windows NT 10.0; Win64; x64) AppleWebKit/537.36 (KHTML, like Gecko) Chrome/141.0.0.0 Safari/537.36"
41.75.191.115 - - [23/Feb/2026:10:23:31 +0000] "GET /wp-content/themes/dreamstour/assets/js/wow.min.js HTTP/1.1" 200 8155 "https://dreamstour-wp.dreamstechnologies.com/" "Mozilla/5.0 (Windows NT 10.0; Win64; x64) AppleWebKit/537.36 (KHTML, like Gecko) Chrome/141.0.0.0 Safari/537.36"
41.75.191.115 - - [23/Feb/2026:10:23:31 +0000] "GET /wp-content/plugins/dreams-tour/lib/ion-rangeslider/js/ion.rangeSlider.js?ver=1.0.0 HTTP/1.1" 200 84707 "https://dreamstour-wp.dreamstechnologies.com/" "Mozilla/5.0 (Windows NT 10.0; Win64; x64) AppleWebKit/537.36 (KHTML, like Gecko) Chrome/141.0.0.0 Safari/537.36"
41.75.191.115 - - [23/Feb/2026:10:23:31 +0000] "GET /wp-content/plugins/dreams-tour/lib/ion-rangeslider/js/ion.rangeSlider.min.js?ver=1.0.0 HTTP/1.1" 200 41171 "https://dreamstour-wp.dreamstechnologies.com/" "Mozilla/5.0 (Windows NT 10.0; Win64; x64) AppleWebKit/537.36 (KHTML, like Gecko) Chrome/141.0.0.0 Safari/537.36"
41.75.191.115 - - [23/Feb/2026:10:23:31 +0000] "GET /wp-content/themes/dreamstour/assets/plugins/fontawesome/webfonts/fa-brands-400.woff2 HTTP/1.1" 200 101088 "https://dreamstour-wp.dreamsmarketplace.com/wp-content/themes/dreamstour/assets/plugins/fontawesome/css/all.min.css" "Mozilla/5.0 (Windows NT 10.0; Win64; x64) AppleWebKit/537.36 (KHTML, like Gecko) Chrome/141.0.0.0 Safari/537.36"
41.75.191.115 - - [23/Feb/2026:10:23:31 +0000] "GET /wp-includes/js/dist/hooks.min.js?ver=dd5603f07f9220ed27f1 HTTP/1.1" 200 5661 "https://dreamstour-wp.dreamstechnologies.com/" "Mozilla/5.0 (Windows NT 10.0; Win64; x64) AppleWebKit/537.36 (KHTML, like Gecko) Chrome/141.0.0.0 Safari/537.36"
41.75.191.115 - - [23/Feb/2026:10:23:31 +0000] "GET /wp-content/plugins/woocommerce/assets/js/frontend/woocommerce.min.js?ver=10.4.3 HTTP/1.1" 200 4131 "https://dreamstour-wp.dreamstechnologies.com/" "Mozilla/5.0 (Windows NT 10.0; Win64; x64) AppleWebKit/537.36 (KHTML, like Gecko) Chrome/141.0.0.0 Safari/537.36"
41.75.191.115 - - [23/Feb/2026:10:23:31 +0000] "GET /wp-includes/js/dist/i18n.min.js?ver=c26c3dc7bed366793375 HTTP/1.1" 200 5314 "https://dreamstour-wp.dreamstechnologies.com/" "Mozilla/5.0 (Windows NT 10.0; Win64; x64) AppleWebKit/537.36 (KHTML, like Gecko) Chrome/141.0.0.0 Safari/537.36"
41.75.191.115 - - [23/Feb/2026:10:23:31 +0000] "GET /wp-content/themes/dreamstour/assets/plugins/fontawesome/webfonts/fa-solid-900.woff2 HTTP/1.1" 200 113108 "https://dreamstour-wp.dreamsmarketplace.com/wp-content/themes/dreamstour/assets/plugins/fontawesome/css/all.min.css" "Mozilla/5.0 (Windows NT 10.0; Win64; x64) AppleWebKit/537.36 (KHTML, like Gecko) Chrome/141.0.0.0 Safari/537.36"
41.75.191.115 - - [23/Feb/2026:10:23:31 +0000] "GET /wp-content/plugins/dreams-tour/assets/js/dreams-script.js?ver=1.1.0 HTTP/1.1" 200 40318 "https://dreamstour-wp.dreamstechnologies.com/" "Mozilla/5.0 (Windows NT 10.0; Win64; x64) AppleWebKit/537.36 (KHTML, like Gecko) Chrome/141.0.0.0 Safari/537.36"
41.75.191.115 - - [23/Feb/2026:10:23:31 +0000] "GET /wp-content/plugins/contact-form-7/includes/js/index.js?ver=6.1.4 HTTP/1.1" 200 13452 "https://dreamstour-wp.dreamstechnologies.com/" "Mozilla/5.0 (Windows NT 10.0; Win64; x64) AppleWebKit/537.36 (KHTML, like Gecko) Chrome/141.0.0.0 Safari/537.36"
41.75.191.115 - - [23/Feb/2026:10:23:31 +0000] "GET /wp-includes/js/jquery/jquery.min.js?ver=3.7.1 HTTP/1.1" 200 87553 "https://dreamstour-wp.dreamstechnologies.com/" "Mozilla/5.0 (Windows NT 10.0; Win64; x64) AppleWebKit/537.36 (KHTML, like Gecko) Chrome/141.0.0.0 Safari/537.36"
41.75.191.115 - - [23/Feb/2026:10:23:31 +0000] "GET /wp-content/plugins/woocommerce/assets/js/frontend/add-to-cart.min.js?ver=10.4.3 HTTP/1.1" 200 4350 "https://dreamstour-wp.dreamstechnologies.com/" "Mozilla/5.0 (Windows NT 10.0; Win64; x64) AppleWebKit/537.36 (KHTML, like Gecko) Chrome/141.0.0.0 Safari/537.36"
41.75.191.115 - - [23/Feb/2026:10:23:31 +0000] "GET /wp-includes/js/jquery/jquery-migrate.min.js?ver=3.4.1 HTTP/1.1" 200 13577 "https://dreamstour-wp.dreamstechnologies.com/" "Mozilla/5.0 (Windows NT 10.0; Win64; x64) AppleWebKit/537.36 (KHTML, like Gecko) Chrome/141.0.0.0 Safari/537.36"
41.75.191.115 - - [23/Feb/2026:10:23:31 +0000] "GET /wp-content/plugins/contact-form-7/includes/swv/js/index.js?ver=6.1.4 HTTP/1.1" 200 12512 "https://dreamstour-wp.dreamstechnologies.com/" "Mozilla/5.0 (Windows NT 10.0; Win64; x64) AppleWebKit/537.36 (KHTML, like Gecko) Chrome/141.0.0.0 Safari/537.36"
41.75.191.115 - - [23/Feb/2026:10:23:31 +0000] "GET /wp-content/plugins/woocommerce/assets/js/js-cookie/js.cookie.min.js?ver=2.1.4-wc.10.4.3 HTTP/1.1" 200 1720 "https://dreamstour-wp.dreamstechnologies.com/" "Mozilla/5.0 (Windows NT 10.0; Win64; x64) AppleWebKit/537.36 (KHTML, like Gecko) Chrome/141.0.0.0 Safari/537.36"
41.75.191.115 - - [23/Feb/2026:10:23:31 +0000] "GET /wp-content/plugins/woocommerce/assets/js/jquery-blockui/jquery.blockUI.min.js?ver=2.7.0-wc.10.4.3 HTTP/1.1" 200 9636 "https://dreamstour-wp.dreamstechnologies.com/" "Mozilla/5.0 (Windows NT 10.0; Win64; x64) AppleWebKit/537.36 (KHTML, like Gecko) Chrome/141.0.0.0 Safari/537.36"
41.75.191.115 - - [23/Feb/2026:10:23:31 +0000] "GET /wp-content/themes/dreamstour/assets/images/breadcrumb.jpg HTTP/1.1" 200 379208 "https://dreamstour-wp.dreamstechnologies.com/" "Mozilla/5.0 (Windows NT 10.0; Win64; x64) AppleWebKit/537.36 (KHTML, like Gecko) Chrome/141.0.0.0 Safari/537.36"
41.75.191.115 - - [23/Feb/2026:10:23:31 +0000] "GET /wp-content/themes/dreamstour/assets/js/bootstrap.bundle.min.js HTTP/1.1" 200 207836 "https://dreamstour-wp.dreamstechnologies.com/" "Mozilla/5.0 (Windows NT 10.0; Win64; x64) AppleWebKit/537.36 (KHTML, like Gecko) Chrome/141.0.0.0 Safari/537.36"
41.75.191.115 - - [23/Feb/2026:10:23:31 +0000] "GET /wp-content/themes/dreamstour/assets/images/payment/mastercard.svg HTTP/1.1" 404 10360 "https://dreamstour-wp.dreamstechnologies.com/" "Mozilla/5.0 (Windows NT 10.0; Win64; x64) AppleWebKit/537.36 (KHTML, like Gecko) Chrome/141.0.0.0 Safari/537.36"
41.75.191.115 - - [23/Feb/2026:10:23:31 +0000] "GET /wp-content/themes/dreamstour/assets/images/payment/visa.svg HTTP/1.1" 404 10360 "https://dreamstour-wp.dreamstechnologies.com/" "Mozilla/5.0 (Windows NT 10.0; Win64; x64) AppleWebKit/537.36 (KHTML, like Gecko) Chrome/141.0.0.0 Safari/537.36"
41.75.191.115 - - [23/Feb/2026:10:23:31 +0000] "GET /wp-content/themes/dreamstour/assets/plugins/tabler-icons/fonts/tabler-icons.woff2?v2.45.0 HTTP/1.1" 200 774252 "https://dreamstour-wp.dreamsmarketplace.com/wp-content/themes/dreamstour/assets/plugins/tabler-icons/tabler-icons.css" "Mozilla/5.0 (Windows NT 10.0; Win64; x64) AppleWebKit/537.36 (KHTML, like Gecko) Chrome/141.0.0.0 Safari/537.36"
41.75.191.115 - - [23/Feb/2026:10:23:32 +0000] "GET /wp-content/themes/dreamstour/assets/fonts/iconsax.ttf?yjegnn HTTP/1.1" 200 1359552 "https://dreamstour-wp.dreamsmarketplace.com/wp-content/themes/dreamstour/assets/css/iconsax.css" "Mozilla/5.0 (Windows NT 10.0; Win64; x64) AppleWebKit/537.36 (KHTML, like Gecko) Chrome/141.0.0.0 Safari/537.36"
41.75.191.115 - - [23/Feb/2026:10:23:32 +0000] "GET /wp-content/themes/dreamstour/assets/plugins/tabler-icons/fonts/tabler-icons.woff? HTTP/1.1" 200 1093348 "https://dreamstour-wp.dreamsmarketplace.com/wp-content/themes/dreamstour/assets/plugins/tabler-icons/tabler-icons.css" "Mozilla/5.0 (Windows NT 10.0; Win64; x64) AppleWebKit/537.36 (KHTML, like Gecko) Chrome/141.0.0.0 Safari/537.36"
41.75.191.115 - - [23/Feb/2026:10:23:32 +0000] "GET /wp-content/themes/dreamstour/assets/fonts/iconsax.woff?yjegnn HTTP/1.1" 404 10360 "https://dreamstour-wp.dreamsmarketplace.com/wp-content/themes/dreamstour/assets/css/iconsax.css" "Mozilla/5.0 (Windows NT 10.0; Win64; x64) AppleWebKit/537.36 (KHTML, like Gecko) Chrome/141.0.0.0 Safari/537.36"
41.75.191.115 - - [23/Feb/2026:10:23:33 +0000] "GET /wp-includes/js/wp-emoji-release.min.js?ver=6.9 HTTP/1.1" 200 22762 "https://dreamstour-wp.dreamstechnologies.com/" "Mozilla/5.0 (Windows NT 10.0; Win64; x64) AppleWebKit/537.36 (KHTML, like Gecko) Chrome/141.0.0.0 Safari/537.36"
41.75.191.115 - - [23/Feb/2026:10:23:33 +0000] "GET /wp-content/themes/dreamstour/assets/plugins/tabler-icons/fonts/tabler-icons.ttf?v2.45.0 HTTP/1.1" 200 2159808 "https://dreamstour-wp.dreamsmarketplace.com/wp-content/themes/dreamstour/assets/plugins/tabler-icons/tabler-icons.css" "Mozilla/5.0 (Windows NT 10.0; Win64; x64) AppleWebKit/537.36 (KHTML, like Gecko) Chrome/141.0.0.0 Safari/537.36"
49.36.117.193 - - [23/Feb/2026:10:23:50 +0000] "GET /landing/ HTTP/1.1" 200 5698 "https://preview.themeforest.net/" "Mozilla/5.0 (Windows NT 10.0; Win64; x64) AppleWebKit/537.36 (KHTML, like Gecko) Chrome/145.0.0.0 Safari/537.36"
49.36.117.193 - - [23/Feb/2026:10:23:52 +0000] "GET /landing/assets/css/bootstrap.min.css HTTP/1.1" 304 0 "https://dreamstour-wp.dreamsmarketplace.com/landing/" "Mozilla/5.0 (Windows NT 10.0; Win64; x64) AppleWebKit/537.36 (KHTML, like Gecko) Chrome/145.0.0.0 Safari/537.36"
49.36.117.193 - - [23/Feb/2026:10:23:52 +0000] "GET /landing/assets/img/bg/bg-02.png HTTP/1.1" 304 0 "https://dreamstour-wp.dreamsmarketplace.com/landing/" "Mozilla/5.0 (Windows NT 10.0; Win64; x64) AppleWebKit/537.36 (KHTML, like Gecko) Chrome/145.0.0.0 Safari/537.36"
49.36.117.193 - - [23/Feb/2026:10:23:52 +0000] "GET /landing/assets/plugins/lucide/lucide.css HTTP/1.1" 304 0 "https://dreamstour-wp.dreamsmarketplace.com/landing/" "Mozilla/5.0 (Windows NT 10.0; Win64; x64) AppleWebKit/537.36 (KHTML, like Gecko) Chrome/145.0.0.0 Safari/537.36"
49.36.117.193 - - [23/Feb/2026:10:23:52 +0000] "GET /landing/assets/img/logo.svg HTTP/1.1" 304 0 "https://dreamstour-wp.dreamsmarketplace.com/landing/" "Mozilla/5.0 (Windows NT 10.0; Win64; x64) AppleWebKit/537.36 (KHTML, like Gecko) Chrome/145.0.0.0 Safari/537.36"
49.36.117.193 - - [23/Feb/2026:10:23:52 +0000] "GET /landing/assets/css/style.css HTTP/1.1" 304 0 "https://dreamstour-wp.dreamsmarketplace.com/landing/" "Mozilla/5.0 (Windows NT 10.0; Win64; x64) AppleWebKit/537.36 (KHTML, like Gecko) Chrome/145.0.0.0 Safari/537.36"
49.36.117.193 - - [23/Feb/2026:10:23:53 +0000] "GET /landing/assets/img/build-section/build-website-img-04.svg HTTP/1.1" 304 0 "https://dreamstour-wp.dreamsmarketplace.com/landing/" "Mozilla/5.0 (Windows NT 10.0; Win64; x64) AppleWebKit/537.36 (KHTML, like Gecko) Chrome/145.0.0.0 Safari/537.36"
49.36.117.193 - - [23/Feb/2026:10:23:53 +0000] "GET /landing/assets/img/demos/demo-10.jpg HTTP/1.1" 304 0 "https://dreamstour-wp.dreamsmarketplace.com/landing/" "Mozilla/5.0 (Windows NT 10.0; Win64; x64) AppleWebKit/537.36 (KHTML, like Gecko) Chrome/145.0.0.0 Safari/537.36"
49.36.117.193 - - [23/Feb/2026:10:23:53 +0000] "GET /landing/assets/img/bg/travel-route.png HTTP/1.1" 304 0 "https://dreamstour-wp.dreamsmarketplace.com/landing/" "Mozilla/5.0 (Windows NT 10.0; Win64; x64) AppleWebKit/537.36 (KHTML, like Gecko) Chrome/145.0.0.0 Safari/537.36"
49.36.117.193 - - [23/Feb/2026:10:23:53 +0000] "GET /landing/assets/img/bg/banner-bg.jpg HTTP/1.1" 304 0 "https://dreamstour-wp.dreamsmarketplace.com/landing/" "Mozilla/5.0 (Windows NT 10.0; Win64; x64) AppleWebKit/537.36 (KHTML, like Gecko) Chrome/145.0.0.0 Safari/537.36"
49.36.117.193 - - [23/Feb/2026:10:23:53 +0000] "GET /landing/assets/img/demos/demo-07.jpg HTTP/1.1" 304 0 "https://dreamstour-wp.dreamsmarketplace.com/landing/" "Mozilla/5.0 (Windows NT 10.0; Win64; x64) AppleWebKit/537.36 (KHTML, like Gecko) Chrome/145.0.0.0 Safari/537.36"
172.187.168.139 - - [23/Feb/2026:10:25:54 +0000] "POST /wp-cron.php?doing_wp_cron=1771842354.2354381084442138671875 HTTP/1.1" 200 31 "-" "WordPress/6.9; https://dreamstour-wp.dreamsmarketplace.com"
41.75.191.115 - - [23/Feb/2026:10:25:54 +0000] "GET / HTTP/1.1" 200 31228 "https://dreamstour-wp.dreamsmarketplace.com/" "Mozilla/5.0 (Windows NT 10.0; Win64; x64) AppleWebKit/537.36 (KHTML, like Gecko) Chrome/141.0.0.0 Safari/537.36"
41.75.191.115 - - [23/Feb/2026:10:25:55 +0000] "GET /wp-content/uploads/elementor/css/custom-frontend.min.css?ver=1770249738 HTTP/1.1" 404 10360 "https://dreamstour-wp.dreamsmarketplace.com/" "Mozilla/5.0 (Windows NT 10.0; Win64; x64) AppleWebKit/537.36 (KHTML, like Gecko) Chrome/141.0.0.0 Safari/537.36"
41.75.191.115 - - [23/Feb/2026:10:25:56 +0000] "GET /wp-content/uploads/elementor/css/post-144.css?ver=1770249738 HTTP/1.1" 404 10360 "https://dreamstour-wp.dreamsmarketplace.com/" "Mozilla/5.0 (Windows NT 10.0; Win64; x64) AppleWebKit/537.36 (KHTML, like Gecko) Chrome/141.0.0.0 Safari/537.36"
41.75.191.115 - - [23/Feb/2026:10:25:56 +0000] "GET /wp-content/uploads/elementor/css/post-76.css?ver=1770249739 HTTP/1.1" 404 10360 "https://dreamstour-wp.dreamsmarketplace.com/" "Mozilla/5.0 (Windows NT 10.0; Win64; x64) AppleWebKit/537.36 (KHTML, like Gecko) Chrome/141.0.0.0 Safari/537.36"
41.75.191.115 - - [23/Feb/2026:10:25:58 +0000] "GET /wp-json/contact-form-7/v1/contact-forms/523/feedback/schema HTTP/1.1" 401 85 "https://dreamstour-wp.dreamsmarketplace.com/" "Mozilla/5.0 (Windows NT 10.0; Win64; x64) AppleWebKit/537.36 (KHTML, like Gecko) Chrome/141.0.0.0 Safari/537.36"
41.75.191.115 - - [23/Feb/2026:10:25:58 +0000] "GET /wp-content/themes/dreamstour/assets/images/payment/visa.svg HTTP/1.1" 404 10360 "https://dreamstour-wp.dreamsmarketplace.com/" "Mozilla/5.0 (Windows NT 10.0; Win64; x64) AppleWebKit/537.36 (KHTML, like Gecko) Chrome/141.0.0.0 Safari/537.36"
41.75.191.115 - - [23/Feb/2026:10:25:59 +0000] "GET /wp-content/themes/dreamstour/assets/images/payment/mastercard.svg HTTP/1.1" 404 10360 "https://dreamstour-wp.dreamsmarketplace.com/" "Mozilla/5.0 (Windows NT 10.0; Win64; x64) AppleWebKit/537.36 (KHTML, like Gecko) Chrome/141.0.0.0 Safari/537.36"
172.187.168.139 - - [23/Feb/2026:10:27:35 +0000] "POST /wp-cron.php?doing_wp_cron=1771842455.9073328971862792968750 HTTP/1.1" 200 31 "-" "WordPress/6.9; https://dreamstour-wp.dreamsmarketplace.com"
14.161.131.240 - - [23/Feb/2026:10:27:35 +0000] "GET /win-win-casino/ HTTP/1.1" 404 10360 "-" "Mozilla/5.0 (Windows NT 10.0; Win64; x64) AppleWebKit/537.36 (KHTML, like Gecko) Chrome/80.0.3987.132 Safari/537.36 Kinza/6.1.5"
172.187.168.139 - - [23/Feb/2026:10:27:55 +0000] "POST /wp-cron.php?doing_wp_cron=1771842475.8261768817901611328125 HTTP/1.1" 200 31 "-" "WordPress/6.9; https://dreamstour-wp.dreamsmarketplace.com"
105.97.148.4 - - [23/Feb/2026:10:27:55 +0000] "GET /the-following-35-intercourse-toys-for-men-might-help-turn-your/ HTTP/1.1" 404 10360 "-" "Mozilla/5.0 (Macintosh; Intel Mac OS X 10_13_6) AppleWebKit/537.36 (KHTML, like Gecko) Brave Chrome/85.0.4183.83 Safari/537.36"
172.187.168.139 - - [23/Feb/2026:10:28:59 +0000] "POST /wp-cron.php?doing_wp_cron=1771842539.2599670886993408203125 HTTP/1.1" 200 31 "-" "WordPress/6.9; https://dreamstour-wp.dreamsmarketplace.com"
41.75.191.115 - - [23/Feb/2026:10:28:59 +0000] "GET / HTTP/1.1" 200 31228 "https://dreamstour-wp.dreamsmarketplace.com/dashboard/?ref=settings&type=agent&user_id=1" "Mozilla/5.0 (Windows NT 10.0; Win64; x64) AppleWebKit/537.36 (KHTML, like Gecko) Chrome/141.0.0.0 Safari/537.36"
41.75.191.115 - - [23/Feb/2026:10:29:00 +0000] "GET /wp-content/uploads/elementor/css/custom-frontend.min.css?ver=1770249738 HTTP/1.1" 404 10360 "https://dreamstour-wp.dreamsmarketplace.com/" "Mozilla/5.0 (Windows NT 10.0; Win64; x64) AppleWebKit/537.36 (KHTML, like Gecko) Chrome/141.0.0.0 Safari/537.36"
41.75.191.115 - - [23/Feb/2026:10:29:01 +0000] "GET /wp-content/uploads/elementor/css/post-76.css?ver=1770249739 HTTP/1.1" 404 10360 "https://dreamstour-wp.dreamsmarketplace.com/" "Mozilla/5.0 (Windows NT 10.0; Win64; x64) AppleWebKit/537.36 (KHTML, like Gecko) Chrome/141.0.0.0 Safari/537.36"
41.75.191.115 - - [23/Feb/2026:10:29:01 +0000] "GET /wp-content/uploads/elementor/css/post-144.css?ver=1770249738 HTTP/1.1" 404 10360 "https://dreamstour-wp.dreamsmarketplace.com/" "Mozilla/5.0 (Windows NT 10.0; Win64; x64) AppleWebKit/537.36 (KHTML, like Gecko) Chrome/141.0.0.0 Safari/537.36"
41.75.191.115 - - [23/Feb/2026:10:29:02 +0000] "GET /wp-content/themes/dreamstour/assets/images/payment/mastercard.svg HTTP/1.1" 404 10360 "https://dreamstour-wp.dreamsmarketplace.com/" "Mozilla/5.0 (Windows NT 10.0; Win64; x64) AppleWebKit/537.36 (KHTML, like Gecko) Chrome/141.0.0.0 Safari/537.36"
41.75.191.115 - - [23/Feb/2026:10:29:02 +0000] "GET /wp-content/themes/dreamstour/assets/images/payment/visa.svg HTTP/1.1" 404 10360 "https://dreamstour-wp.dreamsmarketplace.com/" "Mozilla/5.0 (Windows NT 10.0; Win64; x64) AppleWebKit/537.36 (KHTML, like Gecko) Chrome/141.0.0.0 Safari/537.36"
41.75.191.115 - - [23/Feb/2026:10:29:03 +0000] "GET /wp-json/contact-form-7/v1/contact-forms/523/feedback/schema HTTP/1.1" 401 85 "https://dreamstour-wp.dreamsmarketplace.com/" "Mozilla/5.0 (Windows NT 10.0; Win64; x64) AppleWebKit/537.36 (KHTML, like Gecko) Chrome/141.0.0.0 Safari/537.36"
172.187.168.139 - - [23/Feb/2026:10:30:00 +0000] "POST /wp-cron.php?doing_wp_cron=1771842600.9181609153747558593750 HTTP/1.1" 200 31 "-" "WordPress/6.9; https://dreamstour-wp.dreamsmarketplace.com"
2409:40f4:1012:acfc:80c:452:febd:3ced - - [23/Feb/2026:10:30:00 +0000] "GET /wp-login.php?redirect_to=https%3A%2F%2Fdreamstour-wp.dreamsmarketplace.com%2Fwp-admin%2Fthemes.php%3Fpage%3Ddreamstour&reauth=1 HTTP/1.1" 200 2181 "https://dreamstour-wp.dreamsmarketplace.com/wp-admin/profile.php?wp_http_referer=%2Fwp-admin%2Fusers.php%3Frole%3Dadministrator" "Mozilla/5.0 (Windows NT 10.0; Win64; x64) AppleWebKit/537.36 (KHTML, like Gecko) Chrome/145.0.0.0 Safari/537.36"
2409:40f4:1012:acfc:80c:452:febd:3ced - - [23/Feb/2026:10:30:01 +0000] "GET /wp-includes/js/wp-util.min.js?ver=6.9 HTTP/1.1" 304 0 "https://dreamstour-wp.dreamsmarketplace.com/wp-login.php?redirect_to=https%3A%2F%2Fdreamstour-wp.dreamsmarketplace.com%2Fwp-admin%2Fthemes.php%3Fpage%3Ddreamstour&reauth=1" "Mozilla/5.0 (Windows NT 10.0; Win64; x64) AppleWebKit/537.36 (KHTML, like Gecko) Chrome/145.0.0.0 Safari/537.36"
2409:40f4:1012:acfc:80c:452:febd:3ced - - [23/Feb/2026:10:30:01 +0000] "GET /wp-admin/js/password-strength-meter.min.js?ver=6.9 HTTP/1.1" 304 0 "https://dreamstour-wp.dreamsmarketplace.com/wp-login.php?redirect_to=https%3A%2F%2Fdreamstour-wp.dreamsmarketplace.com%2Fwp-admin%2Fthemes.php%3Fpage%3Ddreamstour&reauth=1" "Mozilla/5.0 (Windows NT 10.0; Win64; x64) AppleWebKit/537.36 (KHTML, like Gecko) Chrome/145.0.0.0 Safari/537.36"
2409:40f4:1012:acfc:80c:452:febd:3ced - - [23/Feb/2026:10:30:01 +0000] "GET /wp-admin/css/forms.min.css?ver=6.9 HTTP/1.1" 304 0 "https://dreamstour-wp.dreamsmarketplace.com/wp-login.php?redirect_to=https%3A%2F%2Fdreamstour-wp.dreamsmarketplace.com%2Fwp-admin%2Fthemes.php%3Fpage%3Ddreamstour&reauth=1" "Mozilla/5.0 (Windows NT 10.0; Win64; x64) AppleWebKit/537.36 (KHTML, like Gecko) Chrome/145.0.0.0 Safari/537.36"
2409:40f4:1012:acfc:80c:452:febd:3ced - - [23/Feb/2026:10:30:01 +0000] "GET /wp-admin/css/l10n.min.css?ver=6.9 HTTP/1.1" 304 0 "https://dreamstour-wp.dreamsmarketplace.com/wp-login.php?redirect_to=https%3A%2F%2Fdreamstour-wp.dreamsmarketplace.com%2Fwp-admin%2Fthemes.php%3Fpage%3Ddreamstour&reauth=1" "Mozilla/5.0 (Windows NT 10.0; Win64; x64) AppleWebKit/537.36 (KHTML, like Gecko) Chrome/145.0.0.0 Safari/537.36"
2409:40f4:1012:acfc:80c:452:febd:3ced - - [23/Feb/2026:10:30:01 +0000] "GET /wp-includes/js/clipboard.min.js?ver=2.0.11 HTTP/1.1" 304 0 "https://dreamstour-wp.dreamsmarketplace.com/wp-login.php?redirect_to=https%3A%2F%2Fdreamstour-wp.dreamsmarketplace.com%2Fwp-admin%2Fthemes.php%3Fpage%3Ddreamstour&reauth=1" "Mozilla/5.0 (Windows NT 10.0; Win64; x64) AppleWebKit/537.36 (KHTML, like Gecko) Chrome/145.0.0.0 Safari/537.36"
2409:40f4:1012:acfc:80c:452:febd:3ced - - [23/Feb/2026:10:30:02 +0000] "GET /wp-includes/css/dashicons.min.css?ver=6.9 HTTP/1.1" 304 0 "https://dreamstour-wp.dreamsmarketplace.com/wp-login.php?redirect_to=https%3A%2F%2Fdreamstour-wp.dreamsmarketplace.com%2Fwp-admin%2Fthemes.php%3Fpage%3Ddreamstour&reauth=1" "Mozilla/5.0 (Windows NT 10.0; Win64; x64) AppleWebKit/537.36 (KHTML, like Gecko) Chrome/145.0.0.0 Safari/537.36"
2409:40f4:1012:acfc:80c:452:febd:3ced - - [23/Feb/2026:10:30:02 +0000] "GET /wp-admin/css/login.min.css?ver=6.9 HTTP/1.1" 304 0 "https://dreamstour-wp.dreamsmarketplace.com/wp-login.php?redirect_to=https%3A%2F%2Fdreamstour-wp.dreamsmarketplace.com%2Fwp-admin%2Fthemes.php%3Fpage%3Ddreamstour&reauth=1" "Mozilla/5.0 (Windows NT 10.0; Win64; x64) AppleWebKit/537.36 (KHTML, like Gecko) Chrome/145.0.0.0 Safari/537.36"
2409:40f4:1012:acfc:80c:452:febd:3ced - - [23/Feb/2026:10:30:02 +0000] "GET /wp-includes/js/zxcvbn-async.min.js?ver=1.0 HTTP/1.1" 200 351 "https://dreamstour-wp.dreamsmarketplace.com/wp-login.php?redirect_to=https%3A%2F%2Fdreamstour-wp.dreamsmarketplace.com%2Fwp-admin%2Fthemes.php%3Fpage%3Ddreamstour&reauth=1" "Mozilla/5.0 (Windows NT 10.0; Win64; x64) AppleWebKit/537.36 (KHTML, like Gecko) Chrome/145.0.0.0 Safari/537.36"
2409:40f4:1012:acfc:80c:452:febd:3ced - - [23/Feb/2026:10:30:02 +0000] "GET /wp-includes/js/dist/a11y.min.js?ver=cb460b4676c94bd228ed HTTP/1.1" 304 0 "https://dreamstour-wp.dreamsmarketplace.com/wp-login.php?redirect_to=https%3A%2F%2Fdreamstour-wp.dreamsmarketplace.com%2Fwp-admin%2Fthemes.php%3Fpage%3Ddreamstour&reauth=1" "Mozilla/5.0 (Windows NT 10.0; Win64; x64) AppleWebKit/537.36 (KHTML, like Gecko) Chrome/145.0.0.0 Safari/537.36"
2409:40f4:1012:acfc:80c:452:febd:3ced - - [23/Feb/2026:10:30:02 +0000] "GET /wp-includes/css/buttons.min.css?ver=6.9 HTTP/1.1" 304 0 "https://dreamstour-wp.dreamsmarketplace.com/wp-login.php?redirect_to=https%3A%2F%2Fdreamstour-wp.dreamsmarketplace.com%2Fwp-admin%2Fthemes.php%3Fpage%3Ddreamstour&reauth=1" "Mozilla/5.0 (Windows NT 10.0; Win64; x64) AppleWebKit/537.36 (KHTML, like Gecko) Chrome/145.0.0.0 Safari/537.36"
2409:40f4:1012:acfc:80c:452:febd:3ced - - [23/Feb/2026:10:30:02 +0000] "GET /wp-includes/js/underscore.min.js?ver=1.13.7 HTTP/1.1" 304 0 "https://dreamstour-wp.dreamsmarketplace.com/wp-login.php?redirect_to=https%3A%2F%2Fdreamstour-wp.dreamsmarketplace.com%2Fwp-admin%2Fthemes.php%3Fpage%3Ddreamstour&reauth=1" "Mozilla/5.0 (Windows NT 10.0; Win64; x64) AppleWebKit/537.36 (KHTML, like Gecko) Chrome/145.0.0.0 Safari/537.36"
2409:40f4:1012:acfc:80c:452:febd:3ced - - [23/Feb/2026:10:30:02 +0000] "GET /wp-includes/js/dist/dom-ready.min.js?ver=f77871ff7694fffea381 HTTP/1.1" 304 0 "https://dreamstour-wp.dreamsmarketplace.com/wp-login.php?redirect_to=https%3A%2F%2Fdreamstour-wp.dreamsmarketplace.com%2Fwp-admin%2Fthemes.php%3Fpage%3Ddreamstour&reauth=1" "Mozilla/5.0 (Windows NT 10.0; Win64; x64) AppleWebKit/537.36 (KHTML, like Gecko) Chrome/145.0.0.0 Safari/537.36"
2409:40f4:1012:acfc:80c:452:febd:3ced - - [23/Feb/2026:10:30:02 +0000] "GET /wp-admin/js/user-profile.min.js?ver=6.9 HTTP/1.1" 304 0 "https://dreamstour-wp.dreamsmarketplace.com/wp-login.php?redirect_to=https%3A%2F%2Fdreamstour-wp.dreamsmarketplace.com%2Fwp-admin%2Fthemes.php%3Fpage%3Ddreamstour&reauth=1" "Mozilla/5.0 (Windows NT 10.0; Win64; x64) AppleWebKit/537.36 (KHTML, like Gecko) Chrome/145.0.0.0 Safari/537.36"
2409:40f4:1012:acfc:80c:452:febd:3ced - - [23/Feb/2026:10:30:04 +0000] "GET / HTTP/1.1" 200 31219 "-" "Mozilla/5.0 (Windows NT 10.0; Win64; x64) AppleWebKit/537.36 (KHTML, like Gecko) Chrome/145.0.0.0 Safari/537.36"
65.55.210.146 - - [23/Feb/2026:10:30:11 +0000] "GET /wp-content/plugins/elementor/assets/js/section-frontend-handlers.d85ab872da118940910d.bundle.min.js HTTP/1.1" 200 449 "https://dreamstour-wp.dreamstechnologies.com/" "Mozilla/5.0 AppleWebKit/537.36 (KHTML, like Gecko; compatible; bingbot/2.0; +http://www.bing.com/bingbot.htm) Chrome/136.0.0.0 Safari/537.36"
65.55.210.146 - - [23/Feb/2026:10:30:11 +0000] "GET /wp-content/plugins/elementor/assets/js/shared-frontend-handlers.03caa53373b56d3bab67.bundle.min.js HTTP/1.1" 200 8481 "https://dreamstour-wp.dreamstechnologies.com/" "Mozilla/5.0 AppleWebKit/537.36 (KHTML, like Gecko; compatible; bingbot/2.0; +http://www.bing.com/bingbot.htm) Chrome/136.0.0.0 Safari/537.36"
191.252.83.208 - - [23/Feb/2026:10:30:13 +0000] "GET /slim-spelen-wiskunde-en-inzicht-bij-711-casino/ HTTP/1.1" 404 10360 "-" "WordPress/6.9.1; https://gaesan.com.br"
41.75.191.115 - - [23/Feb/2026:10:30:16 +0000] "GET /tour-list/ HTTP/1.1" 200 23087 "https://dreamstour-wp.dreamsmarketplace.com/" "Mozilla/5.0 (Windows NT 10.0; Win64; x64) AppleWebKit/537.36 (KHTML, like Gecko) Chrome/141.0.0.0 Safari/537.36"
41.75.191.115 - - [23/Feb/2026:10:30:18 +0000] "GET /wp-content/themes/dreamstour/assets/images/payment/visa.svg HTTP/1.1" 404 10360 "https://dreamstour-wp.dreamsmarketplace.com/tour-list/" "Mozilla/5.0 (Windows NT 10.0; Win64; x64) AppleWebKit/537.36 (KHTML, like Gecko) Chrome/141.0.0.0 Safari/537.36"
41.75.191.115 - - [23/Feb/2026:10:30:18 +0000] "GET /wp-content/themes/dreamstour/assets/images/payment/mastercard.svg HTTP/1.1" 404 10360 "https://dreamstour-wp.dreamsmarketplace.com/tour-list/" "Mozilla/5.0 (Windows NT 10.0; Win64; x64) AppleWebKit/537.36 (KHTML, like Gecko) Chrome/141.0.0.0 Safari/537.36"
41.75.191.115 - - [23/Feb/2026:10:30:49 +0000] "GET /tour-list/?search=&price_range=1%3B1400 HTTP/1.1" 200 23118 "https://dreamstour-wp.dreamsmarketplace.com/tour-list/" "Mozilla/5.0 (Windows NT 10.0; Win64; x64) AppleWebKit/537.36 (KHTML, like Gecko) Chrome/141.0.0.0 Safari/537.36"
41.75.191.115 - - [23/Feb/2026:10:30:51 +0000] "GET /wp-content/themes/dreamstour/assets/images/payment/visa.svg HTTP/1.1" 404 10360 "https://dreamstour-wp.dreamsmarketplace.com/tour-list/?search=&price_range=1%3B1400" "Mozilla/5.0 (Windows NT 10.0; Win64; x64) AppleWebKit/537.36 (KHTML, like Gecko) Chrome/141.0.0.0 Safari/537.36"
41.75.191.115 - - [23/Feb/2026:10:30:51 +0000] "GET /wp-content/themes/dreamstour/assets/images/payment/mastercard.svg HTTP/1.1" 404 10360 "https://dreamstour-wp.dreamsmarketplace.com/tour-list/?search=&price_range=1%3B1400" "Mozilla/5.0 (Windows NT 10.0; Win64; x64) AppleWebKit/537.36 (KHTML, like Gecko) Chrome/141.0.0.0 Safari/537.36"
172.187.168.139 - - [23/Feb/2026:10:30:59 +0000] "POST /wp-cron.php?doing_wp_cron=1771842659.2757270336151123046875 HTTP/1.1" 200 31 "-" "WordPress/6.9; https://dreamstour-wp.dreamsmarketplace.com"
41.75.191.115 - - [23/Feb/2026:10:30:59 +0000] "GET /tour-list/?search=&price_range=1%3B1400&tour_category%5B%5D=33 HTTP/1.1" 200 20622 "https://dreamstour-wp.dreamsmarketplace.com/tour-list/?search=&price_range=1%3B1400" "Mozilla/5.0 (Windows NT 10.0; Win64; x64) AppleWebKit/537.36 (KHTML, like Gecko) Chrome/141.0.0.0 Safari/537.36"
41.75.191.115 - - [23/Feb/2026:10:31:00 +0000] "GET /wp-content/themes/dreamstour/assets/images/payment/visa.svg HTTP/1.1" 404 10360 "https://dreamstour-wp.dreamsmarketplace.com/tour-list/?search=&price_range=1%3B1400&tour_category%5B%5D=33" "Mozilla/5.0 (Windows NT 10.0; Win64; x64) AppleWebKit/537.36 (KHTML, like Gecko) Chrome/141.0.0.0 Safari/537.36"
41.75.191.115 - - [23/Feb/2026:10:31:00 +0000] "GET /wp-content/themes/dreamstour/assets/images/payment/mastercard.svg HTTP/1.1" 404 10360 "https://dreamstour-wp.dreamsmarketplace.com/tour-list/?search=&price_range=1%3B1400&tour_category%5B%5D=33" "Mozilla/5.0 (Windows NT 10.0; Win64; x64) AppleWebKit/537.36 (KHTML, like Gecko) Chrome/141.0.0.0 Safari/537.36"
41.75.191.115 - - [23/Feb/2026:10:31:14 +0000] "GET / HTTP/1.1" 200 31180 "https://dreamstour-wp.dreamsmarketplace.com/tour-list/?search=&price_range=1%3B1400&tour_category%5B%5D=33" "Mozilla/5.0 (Windows NT 10.0; Win64; x64) AppleWebKit/537.36 (KHTML, like Gecko) Chrome/141.0.0.0 Safari/537.36"
41.75.191.115 - - [23/Feb/2026:10:31:15 +0000] "GET /wp-content/uploads/elementor/css/custom-frontend.min.css?ver=1770249738 HTTP/1.1" 404 10360 "https://dreamstour-wp.dreamsmarketplace.com/" "Mozilla/5.0 (Windows NT 10.0; Win64; x64) AppleWebKit/537.36 (KHTML, like Gecko) Chrome/141.0.0.0 Safari/537.36"
41.75.191.115 - - [23/Feb/2026:10:31:15 +0000] "GET /wp-content/uploads/elementor/css/post-76.css?ver=1770249739 HTTP/1.1" 404 10360 "https://dreamstour-wp.dreamsmarketplace.com/" "Mozilla/5.0 (Windows NT 10.0; Win64; x64) AppleWebKit/537.36 (KHTML, like Gecko) Chrome/141.0.0.0 Safari/537.36"
41.75.191.115 - - [23/Feb/2026:10:31:16 +0000] "GET /wp-content/uploads/elementor/css/post-144.css?ver=1770249738 HTTP/1.1" 404 10360 "https://dreamstour-wp.dreamsmarketplace.com/" "Mozilla/5.0 (Windows NT 10.0; Win64; x64) AppleWebKit/537.36 (KHTML, like Gecko) Chrome/141.0.0.0 Safari/537.36"
41.75.191.115 - - [23/Feb/2026:10:31:17 +0000] "GET /wp-content/themes/dreamstour/assets/images/payment/mastercard.svg HTTP/1.1" 404 10360 "https://dreamstour-wp.dreamsmarketplace.com/" "Mozilla/5.0 (Windows NT 10.0; Win64; x64) AppleWebKit/537.36 (KHTML, like Gecko) Chrome/141.0.0.0 Safari/537.36"
41.75.191.115 - - [23/Feb/2026:10:31:17 +0000] "GET /wp-content/themes/dreamstour/assets/images/payment/visa.svg HTTP/1.1" 404 10360 "https://dreamstour-wp.dreamsmarketplace.com/" "Mozilla/5.0 (Windows NT 10.0; Win64; x64) AppleWebKit/537.36 (KHTML, like Gecko) Chrome/141.0.0.0 Safari/537.36"
41.75.191.115 - - [23/Feb/2026:10:31:17 +0000] "GET /wp-json/contact-form-7/v1/contact-forms/523/feedback/schema HTTP/1.1" 401 85 "https://dreamstour-wp.dreamsmarketplace.com/" "Mozilla/5.0 (Windows NT 10.0; Win64; x64) AppleWebKit/537.36 (KHTML, like Gecko) Chrome/141.0.0.0 Safari/537.36"
172.187.168.139 - - [23/Feb/2026:10:33:10 +0000] "POST /wp-cron.php?doing_wp_cron=1771842790.0568261146545410156250 HTTP/1.1" 200 31 "-" "WordPress/6.9; https://dreamstour-wp.dreamsmarketplace.com"
14.174.243.19 - - [23/Feb/2026:10:33:10 +0000] "GET /tag/mr-play-casino-no-deposit/ HTTP/1.1" 200 16279 "-" "Mozilla/5.0 (Macintosh; Intel Mac OS X 10_15_6) AppleWebKit/537.36 (KHTML, like Gecko) Brave Chrome/78.0.3904.87 Safari/537.36"
41.75.191.115 - - [23/Feb/2026:10:33:10 +0000] "GET /tour/frosted-peaks/ HTTP/1.1" 200 23277 "https://dreamstour-wp.dreamsmarketplace.com/" "Mozilla/5.0 (Windows NT 10.0; Win64; x64) AppleWebKit/537.36 (KHTML, like Gecko) Chrome/141.0.0.0 Safari/537.36"
41.75.191.115 - - [23/Feb/2026:10:33:10 +0000] "GET /wp-content/uploads/2025/10/tour-large-03-415x194.jpg HTTP/1.1" 200 24815 "https://dreamstour-wp.dreamsmarketplace.com/tour/frosted-peaks/" "Mozilla/5.0 (Windows NT 10.0; Win64; x64) AppleWebKit/537.36 (KHTML, like Gecko) Chrome/141.0.0.0 Safari/537.36"
41.75.191.115 - - [23/Feb/2026:10:33:10 +0000] "GET /wp-content/uploads/2025/09/itenary_3_1758276374-300x300.jpeg HTTP/1.1" 200 31670 "https://dreamstour-wp.dreamsmarketplace.com/tour/frosted-peaks/" "Mozilla/5.0 (Windows NT 10.0; Win64; x64) AppleWebKit/537.36 (KHTML, like Gecko) Chrome/141.0.0.0 Safari/537.36"
41.75.191.115 - - [23/Feb/2026:10:33:10 +0000] "GET /wp-content/uploads/2025/10/tour-large-02-415x194.jpg HTTP/1.1" 200 32328 "https://dreamstour-wp.dreamsmarketplace.com/tour/frosted-peaks/" "Mozilla/5.0 (Windows NT 10.0; Win64; x64) AppleWebKit/537.36 (KHTML, like Gecko) Chrome/141.0.0.0 Safari/537.36"
41.75.191.115 - - [23/Feb/2026:10:33:10 +0000] "GET /wp-content/uploads/2025/09/itenary_2_1758276336-300x300.jpeg HTTP/1.1" 200 26797 "https://dreamstour-wp.dreamsmarketplace.com/tour/frosted-peaks/" "Mozilla/5.0 (Windows NT 10.0; Win64; x64) AppleWebKit/537.36 (KHTML, like Gecko) Chrome/141.0.0.0 Safari/537.36"
41.75.191.115 - - [23/Feb/2026:10:33:10 +0000] "GET /wp-content/uploads/2025/09/itenary_0_1758285038.jpeg HTTP/1.1" 200 66390 "https://dreamstour-wp.dreamsmarketplace.com/tour/frosted-peaks/" "Mozilla/5.0 (Windows NT 10.0; Win64; x64) AppleWebKit/537.36 (KHTML, like Gecko) Chrome/141.0.0.0 Safari/537.36"
41.75.191.115 - - [23/Feb/2026:10:33:10 +0000] "GET /wp-content/uploads/2025/10/tour-large-01-415x194.jpg HTTP/1.1" 200 27470 "https://dreamstour-wp.dreamsmarketplace.com/tour/frosted-peaks/" "Mozilla/5.0 (Windows NT 10.0; Win64; x64) AppleWebKit/537.36 (KHTML, like Gecko) Chrome/141.0.0.0 Safari/537.36"
41.75.191.115 - - [23/Feb/2026:10:33:10 +0000] "GET /wp-content/uploads/2025/09/itenary_1_1758191414-300x300.jpeg HTTP/1.1" 200 33251 "https://dreamstour-wp.dreamsmarketplace.com/tour/frosted-peaks/" "Mozilla/5.0 (Windows NT 10.0; Win64; x64) AppleWebKit/537.36 (KHTML, like Gecko) Chrome/141.0.0.0 Safari/537.36"
41.75.191.115 - - [23/Feb/2026:10:33:10 +0000] "GET /wp-content/uploads/2025/10/tour-large-04-415x194.jpg HTTP/1.1" 200 24715 "https://dreamstour-wp.dreamsmarketplace.com/tour/frosted-peaks/" "Mozilla/5.0 (Windows NT 10.0; Win64; x64) AppleWebKit/537.36 (KHTML, like Gecko) Chrome/141.0.0.0 Safari/537.36"
41.75.191.115 - - [23/Feb/2026:10:33:10 +0000] "GET /wp-content/uploads/2025/10/tour-large-05-415x194.jpg HTTP/1.1" 200 30391 "https://dreamstour-wp.dreamsmarketplace.com/tour/frosted-peaks/" "Mozilla/5.0 (Windows NT 10.0; Win64; x64) AppleWebKit/537.36 (KHTML, like Gecko) Chrome/141.0.0.0 Safari/537.36"
41.75.191.115 - - [23/Feb/2026:10:33:11 +0000] "GET /wp-content/uploads/2025/10/tour-large-03-300x300.jpg HTTP/1.1" 200 24987 "https://dreamstour-wp.dreamsmarketplace.com/tour/frosted-peaks/" "Mozilla/5.0 (Windows NT 10.0; Win64; x64) AppleWebKit/537.36 (KHTML, like Gecko) Chrome/141.0.0.0 Safari/537.36"
41.75.191.115 - - [23/Feb/2026:10:33:11 +0000] "GET /wp-content/uploads/2025/10/tour-large-04-300x300.jpg HTTP/1.1" 200 25152 "https://dreamstour-wp.dreamsmarketplace.com/tour/frosted-peaks/" "Mozilla/5.0 (Windows NT 10.0; Win64; x64) AppleWebKit/537.36 (KHTML, like Gecko) Chrome/141.0.0.0 Safari/537.36"
41.75.191.115 - - [23/Feb/2026:10:33:11 +0000] "GET /wp-content/uploads/2025/10/tour-large-05-300x300.jpg HTTP/1.1" 200 30229 "https://dreamstour-wp.dreamsmarketplace.com/tour/frosted-peaks/" "Mozilla/5.0 (Windows NT 10.0; Win64; x64) AppleWebKit/537.36 (KHTML, like Gecko) Chrome/141.0.0.0 Safari/537.36"
41.75.191.115 - - [23/Feb/2026:10:33:11 +0000] "GET /wp-content/uploads/2025/10/tour-large-01-300x300.jpg HTTP/1.1" 200 25661 "https://dreamstour-wp.dreamsmarketplace.com/tour/frosted-peaks/" "Mozilla/5.0 (Windows NT 10.0; Win64; x64) AppleWebKit/537.36 (KHTML, like Gecko) Chrome/141.0.0.0 Safari/537.36"
41.75.191.115 - - [23/Feb/2026:10:33:11 +0000] "GET /wp-content/uploads/2025/10/tour-large-02-300x300.jpg HTTP/1.1" 200 33290 "https://dreamstour-wp.dreamsmarketplace.com/tour/frosted-peaks/" "Mozilla/5.0 (Windows NT 10.0; Win64; x64) AppleWebKit/537.36 (KHTML, like Gecko) Chrome/141.0.0.0 Safari/537.36"
41.75.191.115 - - [23/Feb/2026:10:33:11 +0000] "GET /wp-content/uploads/2025/10/tour-large-03.jpg HTTP/1.1" 200 209527 "https://dreamstour-wp.dreamsmarketplace.com/tour/frosted-peaks/" "Mozilla/5.0 (Windows NT 10.0; Win64; x64) AppleWebKit/537.36 (KHTML, like Gecko) Chrome/141.0.0.0 Safari/537.36"
41.75.191.115 - - [23/Feb/2026:10:33:11 +0000] "GET /wp-content/uploads/2025/10/tour-large-04.jpg HTTP/1.1" 200 148038 "https://dreamstour-wp.dreamsmarketplace.com/tour/frosted-peaks/" "Mozilla/5.0 (Windows NT 10.0; Win64; x64) AppleWebKit/537.36 (KHTML, like Gecko) Chrome/141.0.0.0 Safari/537.36"
41.75.191.115 - - [23/Feb/2026:10:33:11 +0000] "GET /wp-content/uploads/2025/10/tour-large-05.jpg HTTP/1.1" 200 238747 "https://dreamstour-wp.dreamsmarketplace.com/tour/frosted-peaks/" "Mozilla/5.0 (Windows NT 10.0; Win64; x64) AppleWebKit/537.36 (KHTML, like Gecko) Chrome/141.0.0.0 Safari/537.36"
41.75.191.115 - - [23/Feb/2026:10:33:11 +0000] "GET /wp-content/uploads/2025/10/tour-large-01.jpg HTTP/1.1" 200 254521 "https://dreamstour-wp.dreamsmarketplace.com/tour/frosted-peaks/" "Mozilla/5.0 (Windows NT 10.0; Win64; x64) AppleWebKit/537.36 (KHTML, like Gecko) Chrome/141.0.0.0 Safari/537.36"
41.75.191.115 - - [23/Feb/2026:10:33:11 +0000] "GET /wp-content/uploads/2025/10/tour-large-02.jpg HTTP/1.1" 200 296846 "https://dreamstour-wp.dreamsmarketplace.com/tour/frosted-peaks/" "Mozilla/5.0 (Windows NT 10.0; Win64; x64) AppleWebKit/537.36 (KHTML, like Gecko) Chrome/141.0.0.0 Safari/537.36"
41.75.191.115 - - [23/Feb/2026:10:33:11 +0000] "GET /wp-content/themes/dreamstour/assets/images/payment/visa.svg HTTP/1.1" 404 10360 "https://dreamstour-wp.dreamsmarketplace.com/tour/frosted-peaks/" "Mozilla/5.0 (Windows NT 10.0; Win64; x64) AppleWebKit/537.36 (KHTML, like Gecko) Chrome/141.0.0.0 Safari/537.36"
41.75.191.115 - - [23/Feb/2026:10:33:12 +0000] "GET /wp-content/themes/dreamstour/assets/images/payment/mastercard.svg HTTP/1.1" 404 10360 "https://dreamstour-wp.dreamsmarketplace.com/tour/frosted-peaks/" "Mozilla/5.0 (Windows NT 10.0; Win64; x64) AppleWebKit/537.36 (KHTML, like Gecko) Chrome/141.0.0.0 Safari/537.36"
41.75.191.115 - - [23/Feb/2026:10:33:30 +0000] "GET /wp-login.php?redirect_to=https%3A%2F%2Fdreamstour-wp.dreamsmarketplace.com%2Ftour%2Ffrosted-peaks%2F HTTP/1.1" 200 2175 "https://dreamstour-wp.dreamsmarketplace.com/tour/frosted-peaks/" "Mozilla/5.0 (Windows NT 10.0; Win64; x64) AppleWebKit/537.36 (KHTML, like Gecko) Chrome/141.0.0.0 Safari/537.36"
41.75.191.115 - - [23/Feb/2026:10:33:30 +0000] "GET /wp-includes/css/dashicons.min.css?ver=6.9 HTTP/1.1" 200 59004 "https://dreamstour-wp.dreamsmarketplace.com/wp-login.php?redirect_to=https%3A%2F%2Fdreamstour-wp.dreamsmarketplace.com%2Ftour%2Ffrosted-peaks%2F" "Mozilla/5.0 (Windows NT 10.0; Win64; x64) AppleWebKit/537.36 (KHTML, like Gecko) Chrome/141.0.0.0 Safari/537.36"
41.75.191.115 - - [23/Feb/2026:10:33:30 +0000] "GET /wp-includes/css/buttons.min.css?ver=6.9 HTTP/1.1" 200 6061 "https://dreamstour-wp.dreamsmarketplace.com/wp-login.php?redirect_to=https%3A%2F%2Fdreamstour-wp.dreamsmarketplace.com%2Ftour%2Ffrosted-peaks%2F" "Mozilla/5.0 (Windows NT 10.0; Win64; x64) AppleWebKit/537.36 (KHTML, like Gecko) Chrome/141.0.0.0 Safari/537.36"
