41.75.173.127 - - [23/Feb/2026:14:36:15 +0000] "GET /wp-content/themes/dreamstour/assets/images/payment/mastercard.svg HTTP/1.1" 404 10359 "https://dreamstour-wp.dreamsmarketplace.com/" "Mozilla/5.0 (Windows NT 10.0; Win64; x64) AppleWebKit/537.36 (KHTML, like Gecko) Chrome/141.0.0.0 Safari/537.36"
41.75.173.127 - - [23/Feb/2026:14:36:15 +0000] "GET /wp-json/contact-form-7/v1/contact-forms/523/feedback/schema HTTP/1.1" 401 85 "https://dreamstour-wp.dreamsmarketplace.com/" "Mozilla/5.0 (Windows NT 10.0; Win64; x64) AppleWebKit/537.36 (KHTML, like Gecko) Chrome/141.0.0.0 Safari/537.36"
172.187.168.139 - - [23/Feb/2026:14:43:05 +0000] "POST /wp-cron.php?doing_wp_cron=1771857785.0572509765625000000000 HTTP/1.1" 200 31 "-" "WordPress/6.9; https://dreamstour-wp.dreamsmarketplace.com"
2a03:2880:f800:20:: - - [23/Feb/2026:14:43:05 +0000] "GET /the-best-flight-tours-over-iconic-landmarks-you-have-to-experience/ HTTP/1.1" 200 18031 "-" "meta-externalagent/1.1 (+https://developers.facebook.com/docs/sharing/webmasters/crawler)"
2001:41d0:701:1100::ac31 - - [23/Feb/2026:14:43:48 +0000] "GET /verde-casino-app/ HTTP/1.1" 404 10359 "-" "Mozilla/5.0 (Macintosh; Intel Mac OS X 10_15_7) AppleWebKit/537.36 (KHTML, like Gecko) Chrome/104.0.0.0 Safari/537.36"
172.187.168.139 - - [23/Feb/2026:14:44:34 +0000] "POST /wp-cron.php?doing_wp_cron=1771857874.0579819679260253906250 HTTP/1.1" 200 31 "-" "WordPress/6.9; https://dreamstour-wp.dreamsmarketplace.com"
2a03:2880:f800:24:: - - [23/Feb/2026:14:44:34 +0000] "GET /gallery/ HTTP/1.1" 200 15146 "-" "meta-externalagent/1.1 (+https://developers.facebook.com/docs/sharing/webmasters/crawler)"
172.187.168.139 - - [23/Feb/2026:14:46:32 +0000] "POST /wp-cron.php?doing_wp_cron=1771857991.8614919185638427734375 HTTP/1.1" 200 31 "-" "WordPress/6.9; https://dreamstour-wp.dreamsmarketplace.com"
201.151.12.106 - - [23/Feb/2026:14:46:32 +0000] "GET /top-10-breath-taking-destinations-you-must-visit-in-2025/void(0) HTTP/1.1" 301 5 "-" "Mozilla/5.0 (Windows NT 6.1) AppleWebKit/537.36 (KHTML, like Gecko) Chrome/84.0.4147.140 Safari/537.36"
201.151.12.106 - - [23/Feb/2026:14:46:33 +0000] "GET /top-10-breath-taking-destinations-you-must-visit-in-2025/void(0 HTTP/1.1" 404 10359 "-" "Mozilla/5.0 (Windows NT 6.1) AppleWebKit/537.36 (KHTML, like Gecko) Chrome/84.0.4147.140 Safari/537.36"
14.180.115.218 - - [23/Feb/2026:14:46:44 +0000] "GET /tour-list/ HTTP/1.1" 200 23087 "-" "Mozilla/5.0 (Macintosh; Intel Mac OS X 10_14_6) AppleWebKit/537.36 (KHTML, like Gecko) Chrome/90.0.4430.51 Safari/537.36"
172.187.168.139 - - [23/Feb/2026:14:48:48 +0000] "POST /wp-cron.php?doing_wp_cron=1771858127.9181249141693115234375 HTTP/1.1" 200 31 "-" "WordPress/6.9; https://dreamstour-wp.dreamsmarketplace.com"
2a03:2880:f800:3b:: - - [23/Feb/2026:14:48:48 +0000] "GET /tour_duration_nights/5-nights/ HTTP/1.1" 200 16627 "-" "meta-externalagent/1.1 (+https://developers.facebook.com/docs/sharing/webmasters/crawler)"
172.187.168.139 - - [23/Feb/2026:14:51:49 +0000] "POST /wp-cron.php?doing_wp_cron=1771858309.7441689968109130859375 HTTP/1.1" 200 31 "-" "WordPress/6.9; https://dreamstour-wp.dreamsmarketplace.com"
2a03:2880:f800:44:: - - [23/Feb/2026:14:51:49 +0000] "GET /tour_duration_nights/1-night/ HTTP/1.1" 200 16619 "-" "meta-externalagent/1.1 (+https://developers.facebook.com/docs/sharing/webmasters/crawler)"
172.187.168.139 - - [23/Feb/2026:14:55:22 +0000] "POST /wp-cron.php?doing_wp_cron=1771858522.6101150512695312500000 HTTP/1.1" 200 31 "-" "WordPress/6.9; https://dreamstour-wp.dreamsmarketplace.com"
52.3.102.51 - - [23/Feb/2026:14:55:22 +0000] "GET /tour-grid/void(0); HTTP/1.1" 301 5 "-" "Mozilla/5.0 AppleWebKit/537.36 (KHTML, like Gecko; compatible; Amazonbot/0.1; +https://developer.amazon.com/support/amazonbot) Chrome/119.0.6045.214 Safari/537.36"
52.3.102.51 - - [23/Feb/2026:14:55:23 +0000] "GET /tour-grid/void(0 HTTP/1.1" 404 10359 "-" "Mozilla/5.0 AppleWebKit/537.36 (KHTML, like Gecko; compatible; Amazonbot/0.1; +https://developer.amazon.com/support/amazonbot) Chrome/119.0.6045.214 Safari/537.36"
41.75.173.127 - - [23/Feb/2026:14:55:54 +0000] "GET /landing/ HTTP/1.1" 200 5698 "https://preview.themeforest.net/" "Mozilla/5.0 (Windows NT 10.0; Win64; x64) AppleWebKit/537.36 (KHTML, like Gecko) Chrome/141.0.0.0 Safari/537.36"
41.75.173.127 - - [23/Feb/2026:14:55:55 +0000] "GET /landing/assets/css/bootstrap.min.css HTTP/1.1" 200 231913 "https://dreamstour-wp.dreamsmarketplace.com/landing/" "Mozilla/5.0 (Windows NT 10.0; Win64; x64) AppleWebKit/537.36 (KHTML, like Gecko) Chrome/141.0.0.0 Safari/537.36"
41.75.173.127 - - [23/Feb/2026:14:55:55 +0000] "GET /landing/assets/plugins/lucide/lucide.css HTTP/1.1" 200 78985 "https://dreamstour-wp.dreamsmarketplace.com/landing/" "Mozilla/5.0 (Windows NT 10.0; Win64; x64) AppleWebKit/537.36 (KHTML, like Gecko) Chrome/141.0.0.0 Safari/537.36"
41.75.173.127 - - [23/Feb/2026:14:55:56 +0000] "GET /landing/assets/css/style.css HTTP/1.1" 200 88221 "https://dreamstour-wp.dreamsmarketplace.com/landing/" "Mozilla/5.0 (Windows NT 10.0; Win64; x64) AppleWebKit/537.36 (KHTML, like Gecko) Chrome/141.0.0.0 Safari/537.36"
41.75.173.127 - - [23/Feb/2026:14:55:56 +0000] "GET /landing/assets/img/logo.svg HTTP/1.1" 200 35501 "https://dreamstour-wp.dreamsmarketplace.com/landing/" "Mozilla/5.0 (Windows NT 10.0; Win64; x64) AppleWebKit/537.36 (KHTML, like Gecko) Chrome/141.0.0.0 Safari/537.36"
41.75.173.127 - - [23/Feb/2026:14:55:56 +0000] "GET /landing/assets/img/bg/bg-02.png HTTP/1.1" 200 92986 "https://dreamstour-wp.dreamsmarketplace.com/landing/" "Mozilla/5.0 (Windows NT 10.0; Win64; x64) AppleWebKit/537.36 (KHTML, like Gecko) Chrome/141.0.0.0 Safari/537.36"
41.75.173.127 - - [23/Feb/2026:14:55:57 +0000] "GET /landing/assets/img/bg/bg-03.png HTTP/1.1" 200 69711 "https://dreamstour-wp.dreamsmarketplace.com/landing/" "Mozilla/5.0 (Windows NT 10.0; Win64; x64) AppleWebKit/537.36 (KHTML, like Gecko) Chrome/141.0.0.0 Safari/537.36"
41.75.173.127 - - [23/Feb/2026:14:55:57 +0000] "GET /landing/assets/img/bg/banner-bg.jpg HTTP/1.1" 200 114500 "https://dreamstour-wp.dreamsmarketplace.com/landing/" "Mozilla/5.0 (Windows NT 10.0; Win64; x64) AppleWebKit/537.36 (KHTML, like Gecko) Chrome/141.0.0.0 Safari/537.36"
41.75.173.127 - - [23/Feb/2026:14:55:58 +0000] "GET /landing/assets/img/bg/travel-route.png HTTP/1.1" 200 46603 "https://dreamstour-wp.dreamsmarketplace.com/landing/" "Mozilla/5.0 (Windows NT 10.0; Win64; x64) AppleWebKit/537.36 (KHTML, like Gecko) Chrome/141.0.0.0 Safari/537.36"
41.75.173.127 - - [23/Feb/2026:14:55:58 +0000] "GET /landing/assets/img/bg/wp-logo.svg HTTP/1.1" 200 131082 "https://dreamstour-wp.dreamsmarketplace.com/landing/" "Mozilla/5.0 (Windows NT 10.0; Win64; x64) AppleWebKit/537.36 (KHTML, like Gecko) Chrome/141.0.0.0 Safari/537.36"
41.75.173.127 - - [23/Feb/2026:14:55:59 +0000] "GET /landing/assets/img/icons/feature-flag.svg HTTP/1.1" 200 6367 "https://dreamstour-wp.dreamsmarketplace.com/landing/" "Mozilla/5.0 (Windows NT 10.0; Win64; x64) AppleWebKit/537.36 (KHTML, like Gecko) Chrome/141.0.0.0 Safari/537.36"
41.75.173.127 - - [23/Feb/2026:14:55:59 +0000] "GET /landing/assets/img/demos/header-banner.png HTTP/1.1" 200 760525 "https://dreamstour-wp.dreamsmarketplace.com/landing/" "Mozilla/5.0 (Windows NT 10.0; Win64; x64) AppleWebKit/537.36 (KHTML, like Gecko) Chrome/141.0.0.0 Safari/537.36"
41.75.173.127 - - [23/Feb/2026:14:55:59 +0000] "GET /landing/assets/img/icons/feature-calender.svg HTTP/1.1" 200 5810 "https://dreamstour-wp.dreamsmarketplace.com/landing/" "Mozilla/5.0 (Windows NT 10.0; Win64; x64) AppleWebKit/537.36 (KHTML, like Gecko) Chrome/141.0.0.0 Safari/537.36"
41.75.173.127 - - [23/Feb/2026:14:55:59 +0000] "GET /landing/assets/img/icons/feature-devices.svg HTTP/1.1" 200 3901 "https://dreamstour-wp.dreamsmarketplace.com/landing/" "Mozilla/5.0 (Windows NT 10.0; Win64; x64) AppleWebKit/537.36 (KHTML, like Gecko) Chrome/141.0.0.0 Safari/537.36"
41.75.173.127 - - [23/Feb/2026:14:55:59 +0000] "GET /landing/assets/img/icons/feature-seo.svg HTTP/1.1" 200 5793 "https://dreamstour-wp.dreamsmarketplace.com/landing/" "Mozilla/5.0 (Windows NT 10.0; Win64; x64) AppleWebKit/537.36 (KHTML, like Gecko) Chrome/141.0.0.0 Safari/537.36"
41.75.173.127 - - [23/Feb/2026:14:56:00 +0000] "GET /landing/assets/js/jquery-3.7.1.min.js HTTP/1.1" 200 87533 "https://dreamstour-wp.dreamsmarketplace.com/landing/" "Mozilla/5.0 (Windows NT 10.0; Win64; x64) AppleWebKit/537.36 (KHTML, like Gecko) Chrome/141.0.0.0 Safari/537.36"
41.75.173.127 - - [23/Feb/2026:14:56:00 +0000] "GET /landing/assets/js/bootstrap-scrollspy.js HTTP/1.1" 200 4655 "https://dreamstour-wp.dreamsmarketplace.com/landing/" "Mozilla/5.0 (Windows NT 10.0; Win64; x64) AppleWebKit/537.36 (KHTML, like Gecko) Chrome/141.0.0.0 Safari/537.36"
41.75.173.127 - - [23/Feb/2026:14:56:00 +0000] "GET /landing/assets/js/jquery.waypoints.js HTTP/1.1" 200 17408 "https://dreamstour-wp.dreamsmarketplace.com/landing/" "Mozilla/5.0 (Windows NT 10.0; Win64; x64) AppleWebKit/537.36 (KHTML, like Gecko) Chrome/141.0.0.0 Safari/537.36"
41.75.173.127 - - [23/Feb/2026:14:56:00 +0000] "GET /landing/assets/js/bootstrap.bundle.min.js HTTP/1.1" 200 80721 "https://dreamstour-wp.dreamsmarketplace.com/landing/" "Mozilla/5.0 (Windows NT 10.0; Win64; x64) AppleWebKit/537.36 (KHTML, like Gecko) Chrome/141.0.0.0 Safari/537.36"
41.75.173.127 - - [23/Feb/2026:14:56:00 +0000] "GET /landing/assets/js/jquery.counterup.min.js HTTP/1.1" 200 1915 "https://dreamstour-wp.dreamsmarketplace.com/landing/" "Mozilla/5.0 (Windows NT 10.0; Win64; x64) AppleWebKit/537.36 (KHTML, like Gecko) Chrome/141.0.0.0 Safari/537.36"
41.75.173.127 - - [23/Feb/2026:14:56:01 +0000] "GET /landing/assets/js/script.js HTTP/1.1" 200 6646 "https://dreamstour-wp.dreamsmarketplace.com/landing/" "Mozilla/5.0 (Windows NT 10.0; Win64; x64) AppleWebKit/537.36 (KHTML, like Gecko) Chrome/141.0.0.0 Safari/537.36"
41.75.173.127 - - [23/Feb/2026:14:56:01 +0000] "GET /landing/assets/img/bg/sub-heading-img-left.png HTTP/1.1" 200 162 "https://dreamstour-wp.dreamsmarketplace.com/landing/" "Mozilla/5.0 (Windows NT 10.0; Win64; x64) AppleWebKit/537.36 (KHTML, like Gecko) Chrome/141.0.0.0 Safari/537.36"
41.75.173.127 - - [23/Feb/2026:14:56:01 +0000] "GET /landing/assets/img/bg/sub-heading-img-right.png HTTP/1.1" 200 165 "https://dreamstour-wp.dreamsmarketplace.com/landing/" "Mozilla/5.0 (Windows NT 10.0; Win64; x64) AppleWebKit/537.36 (KHTML, like Gecko) Chrome/141.0.0.0 Safari/537.36"
41.75.173.127 - - [23/Feb/2026:14:56:01 +0000] "GET /landing/assets/img/demos/demo-01.jpg HTTP/1.1" 200 155433 "https://dreamstour-wp.dreamsmarketplace.com/landing/" "Mozilla/5.0 (Windows NT 10.0; Win64; x64) AppleWebKit/537.36 (KHTML, like Gecko) Chrome/141.0.0.0 Safari/537.36"
41.75.173.127 - - [23/Feb/2026:14:56:01 +0000] "GET /landing/assets/plugins/lucide/lucide.woff2?t=1756207470009 HTTP/1.1" 200 238364 "https://dreamstour-wp.dreamsmarketplace.com/landing/assets/plugins/lucide/lucide.css" "Mozilla/5.0 (Windows NT 10.0; Win64; x64) AppleWebKit/537.36 (KHTML, like Gecko) Chrome/141.0.0.0 Safari/537.36"
41.75.173.127 - - [23/Feb/2026:14:56:02 +0000] "GET /landing/assets/img/demos/demo-02.jpg HTTP/1.1" 200 117525 "https://dreamstour-wp.dreamsmarketplace.com/landing/" "Mozilla/5.0 (Windows NT 10.0; Win64; x64) AppleWebKit/537.36 (KHTML, like Gecko) Chrome/141.0.0.0 Safari/537.36"
41.75.173.127 - - [23/Feb/2026:14:56:02 +0000] "GET /landing/assets/img/demos/demo-03.jpg HTTP/1.1" 200 106126 "https://dreamstour-wp.dreamsmarketplace.com/landing/" "Mozilla/5.0 (Windows NT 10.0; Win64; x64) AppleWebKit/537.36 (KHTML, like Gecko) Chrome/141.0.0.0 Safari/537.36"
41.75.173.127 - - [23/Feb/2026:14:56:02 +0000] "GET /landing/assets/img/build-section/build-website-img-01.jpg HTTP/1.1" 200 119345 "https://dreamstour-wp.dreamsmarketplace.com/landing/" "Mozilla/5.0 (Windows NT 10.0; Win64; x64) AppleWebKit/537.36 (KHTML, like Gecko) Chrome/141.0.0.0 Safari/537.36"
41.75.173.127 - - [23/Feb/2026:14:56:03 +0000] "GET /landing/assets/img/build-section/build-website-img-02.png HTTP/1.1" 200 50852 "https://dreamstour-wp.dreamsmarketplace.com/landing/" "Mozilla/5.0 (Windows NT 10.0; Win64; x64) AppleWebKit/537.36 (KHTML, like Gecko) Chrome/141.0.0.0 Safari/537.36"
41.75.173.127 - - [23/Feb/2026:14:56:03 +0000] "GET /landing/assets/img/build-section/build-website-img-03.png HTTP/1.1" 200 25887 "https://dreamstour-wp.dreamsmarketplace.com/landing/" "Mozilla/5.0 (Windows NT 10.0; Win64; x64) AppleWebKit/537.36 (KHTML, like Gecko) Chrome/141.0.0.0 Safari/537.36"
41.75.173.127 - - [23/Feb/2026:14:56:03 +0000] "GET /landing/assets/img/build-section/build-website-img-04.svg HTTP/1.1" 200 16040 "https://dreamstour-wp.dreamsmarketplace.com/landing/" "Mozilla/5.0 (Windows NT 10.0; Win64; x64) AppleWebKit/537.36 (KHTML, like Gecko) Chrome/141.0.0.0 Safari/537.36"
41.75.173.127 - - [23/Feb/2026:14:56:03 +0000] "GET /landing/assets/img/build-section/integration-img-01.jpg HTTP/1.1" 200 71168 "https://dreamstour-wp.dreamsmarketplace.com/landing/" "Mozilla/5.0 (Windows NT 10.0; Win64; x64) AppleWebKit/537.36 (KHTML, like Gecko) Chrome/141.0.0.0 Safari/537.36"
41.75.173.127 - - [23/Feb/2026:14:56:04 +0000] "GET /landing/assets/img/build-section/integration-img-03.png HTTP/1.1" 200 59688 "https://dreamstour-wp.dreamsmarketplace.com/landing/" "Mozilla/5.0 (Windows NT 10.0; Win64; x64) AppleWebKit/537.36 (KHTML, like Gecko) Chrome/141.0.0.0 Safari/537.36"
41.75.173.127 - - [23/Feb/2026:14:56:04 +0000] "GET /landing/assets/img/build-section/integration-img-04.svg HTTP/1.1" 200 153280 "https://dreamstour-wp.dreamsmarketplace.com/landing/" "Mozilla/5.0 (Windows NT 10.0; Win64; x64) AppleWebKit/537.36 (KHTML, like Gecko) Chrome/141.0.0.0 Safari/537.36"
41.75.173.127 - - [23/Feb/2026:14:56:05 +0000] "GET /landing/assets/img/build-section/inner-pg-person.png HTTP/1.1" 200 59959 "https://dreamstour-wp.dreamsmarketplace.com/landing/" "Mozilla/5.0 (Windows NT 10.0; Win64; x64) AppleWebKit/537.36 (KHTML, like Gecko) Chrome/141.0.0.0 Safari/537.36"
41.75.173.127 - - [23/Feb/2026:14:56:05 +0000] "GET /landing/assets/img/demos/demo-04.jpg HTTP/1.1" 200 161413 "https://dreamstour-wp.dreamsmarketplace.com/landing/" "Mozilla/5.0 (Windows NT 10.0; Win64; x64) AppleWebKit/537.36 (KHTML, like Gecko) Chrome/141.0.0.0 Safari/537.36"
41.75.173.127 - - [23/Feb/2026:14:56:05 +0000] "GET /landing/assets/img/demos/demo-05.jpg HTTP/1.1" 200 146467 "https://dreamstour-wp.dreamsmarketplace.com/landing/" "Mozilla/5.0 (Windows NT 10.0; Win64; x64) AppleWebKit/537.36 (KHTML, like Gecko) Chrome/141.0.0.0 Safari/537.36"
41.75.173.127 - - [23/Feb/2026:14:56:05 +0000] "GET /landing/assets/img/demos/demo-06.jpg HTTP/1.1" 200 147280 "https://dreamstour-wp.dreamsmarketplace.com/landing/" "Mozilla/5.0 (Windows NT 10.0; Win64; x64) AppleWebKit/537.36 (KHTML, like Gecko) Chrome/141.0.0.0 Safari/537.36"
41.75.173.127 - - [23/Feb/2026:14:56:05 +0000] "GET /landing/assets/img/demos/demo-07.jpg HTTP/1.1" 200 130530 "https://dreamstour-wp.dreamsmarketplace.com/landing/" "Mozilla/5.0 (Windows NT 10.0; Win64; x64) AppleWebKit/537.36 (KHTML, like Gecko) Chrome/141.0.0.0 Safari/537.36"
41.75.173.127 - - [23/Feb/2026:14:56:06 +0000] "GET /landing/assets/img/demos/demo-08.jpg HTTP/1.1" 200 46320 "https://dreamstour-wp.dreamsmarketplace.com/landing/" "Mozilla/5.0 (Windows NT 10.0; Win64; x64) AppleWebKit/537.36 (KHTML, like Gecko) Chrome/141.0.0.0 Safari/537.36"
41.75.173.127 - - [23/Feb/2026:14:56:07 +0000] "GET /landing/assets/img/demos/demo-09.jpg HTTP/1.1" 200 117033 "https://dreamstour-wp.dreamsmarketplace.com/landing/" "Mozilla/5.0 (Windows NT 10.0; Win64; x64) AppleWebKit/537.36 (KHTML, like Gecko) Chrome/141.0.0.0 Safari/537.36"
41.75.173.127 - - [23/Feb/2026:14:56:07 +0000] "GET /landing/assets/img/demos/demo-10.jpg HTTP/1.1" 200 120351 "https://dreamstour-wp.dreamsmarketplace.com/landing/" "Mozilla/5.0 (Windows NT 10.0; Win64; x64) AppleWebKit/537.36 (KHTML, like Gecko) Chrome/141.0.0.0 Safari/537.36"
41.75.173.127 - - [23/Feb/2026:14:56:07 +0000] "GET /landing/assets/img/demos/demo-11.jpg HTTP/1.1" 200 114142 "https://dreamstour-wp.dreamsmarketplace.com/landing/" "Mozilla/5.0 (Windows NT 10.0; Win64; x64) AppleWebKit/537.36 (KHTML, like Gecko) Chrome/141.0.0.0 Safari/537.36"
41.75.173.127 - - [23/Feb/2026:14:56:07 +0000] "GET /landing/assets/img/demos/demo-12.jpg HTTP/1.1" 200 104688 "https://dreamstour-wp.dreamsmarketplace.com/landing/" "Mozilla/5.0 (Windows NT 10.0; Win64; x64) AppleWebKit/537.36 (KHTML, like Gecko) Chrome/141.0.0.0 Safari/537.36"
41.75.173.127 - - [23/Feb/2026:14:56:08 +0000] "GET /landing/assets/img/demos/demo-13.jpg HTTP/1.1" 200 141074 "https://dreamstour-wp.dreamsmarketplace.com/landing/" "Mozilla/5.0 (Windows NT 10.0; Win64; x64) AppleWebKit/537.36 (KHTML, like Gecko) Chrome/141.0.0.0 Safari/537.36"
41.75.173.127 - - [23/Feb/2026:14:56:08 +0000] "GET /landing/assets/img/demos/demo-14.jpg HTTP/1.1" 200 126939 "https://dreamstour-wp.dreamsmarketplace.com/landing/" "Mozilla/5.0 (Windows NT 10.0; Win64; x64) AppleWebKit/537.36 (KHTML, like Gecko) Chrome/141.0.0.0 Safari/537.36"
41.75.173.127 - - [23/Feb/2026:14:56:08 +0000] "GET /landing/assets/img/demos/demo-15.jpg HTTP/1.1" 200 92887 "https://dreamstour-wp.dreamsmarketplace.com/landing/" "Mozilla/5.0 (Windows NT 10.0; Win64; x64) AppleWebKit/537.36 (KHTML, like Gecko) Chrome/141.0.0.0 Safari/537.36"
41.75.173.127 - - [23/Feb/2026:14:56:09 +0000] "GET /landing/assets/img/demos/demo-16.jpg HTTP/1.1" 200 118716 "https://dreamstour-wp.dreamsmarketplace.com/landing/" "Mozilla/5.0 (Windows NT 10.0; Win64; x64) AppleWebKit/537.36 (KHTML, like Gecko) Chrome/141.0.0.0 Safari/537.36"
41.75.173.127 - - [23/Feb/2026:14:56:09 +0000] "GET /landing/assets/img/demos/demo-17.jpg HTTP/1.1" 200 141768 "https://dreamstour-wp.dreamsmarketplace.com/landing/" "Mozilla/5.0 (Windows NT 10.0; Win64; x64) AppleWebKit/537.36 (KHTML, like Gecko) Chrome/141.0.0.0 Safari/537.36"
41.75.173.127 - - [23/Feb/2026:14:56:09 +0000] "GET /landing/assets/img/demos/demo-18.jpg HTTP/1.1" 200 109359 "https://dreamstour-wp.dreamsmarketplace.com/landing/" "Mozilla/5.0 (Windows NT 10.0; Win64; x64) AppleWebKit/537.36 (KHTML, like Gecko) Chrome/141.0.0.0 Safari/537.36"
41.75.173.127 - - [23/Feb/2026:14:56:10 +0000] "GET /landing/assets/img/demos/demo-19.jpg HTTP/1.1" 200 114314 "https://dreamstour-wp.dreamsmarketplace.com/landing/" "Mozilla/5.0 (Windows NT 10.0; Win64; x64) AppleWebKit/537.36 (KHTML, like Gecko) Chrome/141.0.0.0 Safari/537.36"
41.75.173.127 - - [23/Feb/2026:14:56:10 +0000] "GET /landing/assets/img/demos/demo-20.jpg HTTP/1.1" 200 101044 "https://dreamstour-wp.dreamsmarketplace.com/landing/" "Mozilla/5.0 (Windows NT 10.0; Win64; x64) AppleWebKit/537.36 (KHTML, like Gecko) Chrome/141.0.0.0 Safari/537.36"
41.75.173.127 - - [23/Feb/2026:14:56:10 +0000] "GET /landing/assets/img/demos/demo-21.jpg HTTP/1.1" 200 96485 "https://dreamstour-wp.dreamsmarketplace.com/landing/" "Mozilla/5.0 (Windows NT 10.0; Win64; x64) AppleWebKit/537.36 (KHTML, like Gecko) Chrome/141.0.0.0 Safari/537.36"
41.75.173.127 - - [23/Feb/2026:14:56:11 +0000] "GET /landing/assets/img/plugins-section/plugins-img-01.svg HTTP/1.1" 200 26922 "https://dreamstour-wp.dreamsmarketplace.com/landing/" "Mozilla/5.0 (Windows NT 10.0; Win64; x64) AppleWebKit/537.36 (KHTML, like Gecko) Chrome/141.0.0.0 Safari/537.36"
41.75.173.127 - - [23/Feb/2026:14:56:11 +0000] "GET /landing/assets/img/plugins-section/plugins-img-02.svg HTTP/1.1" 200 48633 "https://dreamstour-wp.dreamsmarketplace.com/landing/" "Mozilla/5.0 (Windows NT 10.0; Win64; x64) AppleWebKit/537.36 (KHTML, like Gecko) Chrome/141.0.0.0 Safari/537.36"
41.75.173.127 - - [23/Feb/2026:14:56:11 +0000] "GET /landing/assets/img/plugins-section/plugins-img-03.svg HTTP/1.1" 200 22997 "https://dreamstour-wp.dreamsmarketplace.com/landing/" "Mozilla/5.0 (Windows NT 10.0; Win64; x64) AppleWebKit/537.36 (KHTML, like Gecko) Chrome/141.0.0.0 Safari/537.36"
41.75.173.127 - - [23/Feb/2026:14:56:11 +0000] "GET /landing/assets/img/plugins-section/plugins-img-04.svg HTTP/1.1" 200 14454 "https://dreamstour-wp.dreamsmarketplace.com/landing/" "Mozilla/5.0 (Windows NT 10.0; Win64; x64) AppleWebKit/537.36 (KHTML, like Gecko) Chrome/141.0.0.0 Safari/537.36"
41.75.173.127 - - [23/Feb/2026:14:56:11 +0000] "GET /landing/assets/img/plugins-section/plugins-img-05.svg HTTP/1.1" 200 39694 "https://dreamstour-wp.dreamsmarketplace.com/landing/" "Mozilla/5.0 (Windows NT 10.0; Win64; x64) AppleWebKit/537.36 (KHTML, like Gecko) Chrome/141.0.0.0 Safari/537.36"
41.75.173.127 - - [23/Feb/2026:14:56:12 +0000] "GET /landing/assets/img/plugins-section/loco.svg HTTP/1.1" 200 180910 "https://dreamstour-wp.dreamsmarketplace.com/landing/" "Mozilla/5.0 (Windows NT 10.0; Win64; x64) AppleWebKit/537.36 (KHTML, like Gecko) Chrome/141.0.0.0 Safari/537.36"
41.75.173.127 - - [23/Feb/2026:14:56:12 +0000] "GET /landing/assets/img/plugins-section/onclick-img-01.png HTTP/1.1" 200 58150 "https://dreamstour-wp.dreamsmarketplace.com/landing/" "Mozilla/5.0 (Windows NT 10.0; Win64; x64) AppleWebKit/537.36 (KHTML, like Gecko) Chrome/141.0.0.0 Safari/537.36"
41.75.173.127 - - [23/Feb/2026:14:56:12 +0000] "GET /landing/assets/img/icons/click.svg HTTP/1.1" 200 5399 "https://dreamstour-wp.dreamsmarketplace.com/landing/" "Mozilla/5.0 (Windows NT 10.0; Win64; x64) AppleWebKit/537.36 (KHTML, like Gecko) Chrome/141.0.0.0 Safari/537.36"
41.75.173.127 - - [23/Feb/2026:14:56:12 +0000] "GET /landing/assets/img/icons/razorpay.svg HTTP/1.1" 200 5979 "https://dreamstour-wp.dreamsmarketplace.com/landing/" "Mozilla/5.0 (Windows NT 10.0; Win64; x64) AppleWebKit/537.36 (KHTML, like Gecko) Chrome/141.0.0.0 Safari/537.36"
41.75.173.127 - - [23/Feb/2026:14:56:13 +0000] "GET /landing/assets/img/icons/bank-transfer.svg HTTP/1.1" 200 30550 "https://dreamstour-wp.dreamsmarketplace.com/landing/" "Mozilla/5.0 (Windows NT 10.0; Win64; x64) AppleWebKit/537.36 (KHTML, like Gecko) Chrome/141.0.0.0 Safari/537.36"
41.75.173.127 - - [23/Feb/2026:14:56:13 +0000] "GET /landing/assets/img/icons/paypal.svg HTTP/1.1" 200 83471 "https://dreamstour-wp.dreamsmarketplace.com/landing/" "Mozilla/5.0 (Windows NT 10.0; Win64; x64) AppleWebKit/537.36 (KHTML, like Gecko) Chrome/141.0.0.0 Safari/537.36"
41.75.173.127 - - [23/Feb/2026:14:56:13 +0000] "GET /landing/assets/img/icons/cod.svg HTTP/1.1" 200 55313 "https://dreamstour-wp.dreamsmarketplace.com/landing/" "Mozilla/5.0 (Windows NT 10.0; Win64; x64) AppleWebKit/537.36 (KHTML, like Gecko) Chrome/141.0.0.0 Safari/537.36"
41.75.173.127 - - [23/Feb/2026:14:56:14 +0000] "GET /landing/assets/img/logo-white.svg HTTP/1.1" 200 29315 "https://dreamstour-wp.dreamsmarketplace.com/landing/" "Mozilla/5.0 (Windows NT 10.0; Win64; x64) AppleWebKit/537.36 (KHTML, like Gecko) Chrome/141.0.0.0 Safari/537.36"
41.75.173.127 - - [23/Feb/2026:14:56:14 +0000] "GET /landing/assets/img/bg/inner-pages-bg.png HTTP/1.1" 200 35265 "https://dreamstour-wp.dreamsmarketplace.com/landing/assets/css/style.css" "Mozilla/5.0 (Windows NT 10.0; Win64; x64) AppleWebKit/537.36 (KHTML, like Gecko) Chrome/141.0.0.0 Safari/537.36"
41.75.173.127 - - [23/Feb/2026:14:56:14 +0000] "GET /landing/assets/img/bg/footer-bg.jpg HTTP/1.1" 200 79546 "https://dreamstour-wp.dreamsmarketplace.com/landing/assets/css/style.css" "Mozilla/5.0 (Windows NT 10.0; Win64; x64) AppleWebKit/537.36 (KHTML, like Gecko) Chrome/141.0.0.0 Safari/537.36"
172.187.168.139 - - [23/Feb/2026:14:56:35 +0000] "POST /wp-cron.php?doing_wp_cron=1771858595.4554009437561035156250 HTTP/1.1" 200 31 "-" "WordPress/6.9; https://dreamstour-wp.dreamsmarketplace.com"
123.26.59.110 - - [23/Feb/2026:14:56:35 +0000] "GET /slim-spelen-wiskunde-en-inzicht-bij-711-casino/ HTTP/1.1" 404 10359 "-" "Mozilla/5.0 (Macintosh; Intel Mac OS X 10_15_6) AppleWebKit/537.36 (KHTML, like Gecko) Chrome/101.0.4951.54 Safari/537.36"
41.75.173.127 - - [23/Feb/2026:14:58:25 +0000] "GET /documentation/changelog.html?client_id=2047374020.1763558626&session_id=1771856997 HTTP/1.1" 200 2697 "https://themeforest.net/" "Mozilla/5.0 (Windows NT 10.0; Win64; x64) AppleWebKit/537.36 (KHTML, like Gecko) Chrome/141.0.0.0 Safari/537.36"
41.75.173.127 - - [23/Feb/2026:14:58:26 +0000] "GET /documentation/assets/css/prism.css HTTP/1.1" 200 1913 "https://dreamstour-wp.dreamsmarketplace.com/documentation/changelog.html?client_id=2047374020.1763558626&session_id=1771856997" "Mozilla/5.0 (Windows NT 10.0; Win64; x64) AppleWebKit/537.36 (KHTML, like Gecko) Chrome/141.0.0.0 Safari/537.36"
41.75.173.127 - - [23/Feb/2026:14:58:26 +0000] "GET /documentation/assets/plugins/fontawesome/css/fontawesome.min.css HTTP/1.1" 200 80823 "https://dreamstour-wp.dreamsmarketplace.com/documentation/changelog.html?client_id=2047374020.1763558626&session_id=1771856997" "Mozilla/5.0 (Windows NT 10.0; Win64; x64) AppleWebKit/537.36 (KHTML, like Gecko) Chrome/141.0.0.0 Safari/537.36"
41.75.173.127 - - [23/Feb/2026:14:58:26 +0000] "GET /documentation/assets/css/bootstrap.min.css HTTP/1.1" 200 232948 "https://dreamstour-wp.dreamsmarketplace.com/documentation/changelog.html?client_id=2047374020.1763558626&session_id=1771856997" "Mozilla/5.0 (Windows NT 10.0; Win64; x64) AppleWebKit/537.36 (KHTML, like Gecko) Chrome/141.0.0.0 Safari/537.36"
41.75.173.127 - - [23/Feb/2026:14:58:27 +0000] "GET /documentation/assets/css/magnific-popup.css HTTP/1.1" 200 6951 "https://dreamstour-wp.dreamsmarketplace.com/documentation/changelog.html?client_id=2047374020.1763558626&session_id=1771856997" "Mozilla/5.0 (Windows NT 10.0; Win64; x64) AppleWebKit/537.36 (KHTML, like Gecko) Chrome/141.0.0.0 Safari/537.36"
41.75.173.127 - - [23/Feb/2026:14:58:27 +0000] "GET /documentation/assets/plugins/fontawesome/css/all.min.css HTTP/1.1" 200 102217 "https://dreamstour-wp.dreamsmarketplace.com/documentation/changelog.html?client_id=2047374020.1763558626&session_id=1771856997" "Mozilla/5.0 (Windows NT 10.0; Win64; x64) AppleWebKit/537.36 (KHTML, like Gecko) Chrome/141.0.0.0 Safari/537.36"
41.75.173.127 - - [23/Feb/2026:14:58:27 +0000] "GET /documentation/assets/img/logo/logo.svg HTTP/1.1" 200 35776 "https://dreamstour-wp.dreamsmarketplace.com/documentation/changelog.html?client_id=2047374020.1763558626&session_id=1771856997" "Mozilla/5.0 (Windows NT 10.0; Win64; x64) AppleWebKit/537.36 (KHTML, like Gecko) Chrome/141.0.0.0 Safari/537.36"
41.75.173.127 - - [23/Feb/2026:14:58:27 +0000] "GET /documentation/assets/js/jquery-3.7.1.min.js HTTP/1.1" 200 87533 "https://dreamstour-wp.dreamsmarketplace.com/documentation/changelog.html?client_id=2047374020.1763558626&session_id=1771856997" "Mozilla/5.0 (Windows NT 10.0; Win64; x64) AppleWebKit/537.36 (KHTML, like Gecko) Chrome/141.0.0.0 Safari/537.36"
41.75.173.127 - - [23/Feb/2026:14:58:27 +0000] "GET /documentation/assets/css/style.css HTTP/1.1" 200 67775 "https://dreamstour-wp.dreamsmarketplace.com/documentation/changelog.html?client_id=2047374020.1763558626&session_id=1771856997" "Mozilla/5.0 (Windows NT 10.0; Win64; x64) AppleWebKit/537.36 (KHTML, like Gecko) Chrome/141.0.0.0 Safari/537.36"
41.75.173.127 - - [23/Feb/2026:14:58:27 +0000] "GET /documentation/assets/img/logo/logo-small.svg HTTP/1.1" 200 35776 "https://dreamstour-wp.dreamsmarketplace.com/documentation/changelog.html?client_id=2047374020.1763558626&session_id=1771856997" "Mozilla/5.0 (Windows NT 10.0; Win64; x64) AppleWebKit/537.36 (KHTML, like Gecko) Chrome/141.0.0.0 Safari/537.36"
41.75.173.127 - - [23/Feb/2026:14:58:28 +0000] "GET /documentation/assets/js/prism.js HTTP/1.1" 200 16934 "https://dreamstour-wp.dreamsmarketplace.com/documentation/changelog.html?client_id=2047374020.1763558626&session_id=1771856997" "Mozilla/5.0 (Windows NT 10.0; Win64; x64) AppleWebKit/537.36 (KHTML, like Gecko) Chrome/141.0.0.0 Safari/537.36"
41.75.173.127 - - [23/Feb/2026:14:58:28 +0000] "GET /documentation/assets/js/bootstrap.bundle.min.js HTTP/1.1" 200 80663 "https://dreamstour-wp.dreamsmarketplace.com/documentation/changelog.html?client_id=2047374020.1763558626&session_id=1771856997" "Mozilla/5.0 (Windows NT 10.0; Win64; x64) AppleWebKit/537.36 (KHTML, like Gecko) Chrome/141.0.0.0 Safari/537.36"
41.75.173.127 - - [23/Feb/2026:14:58:28 +0000] "GET /documentation/assets/js/jquery.zoom.min.js HTTP/1.1" 200 2616 "https://dreamstour-wp.dreamsmarketplace.com/documentation/changelog.html?client_id=2047374020.1763558626&session_id=1771856997" "Mozilla/5.0 (Windows NT 10.0; Win64; x64) AppleWebKit/537.36 (KHTML, like Gecko) Chrome/141.0.0.0 Safari/537.36"
41.75.173.127 - - [23/Feb/2026:14:58:28 +0000] "GET /documentation/assets/js/feather.min.js HTTP/1.1" 200 75963 "https://dreamstour-wp.dreamsmarketplace.com/documentation/changelog.html?client_id=2047374020.1763558626&session_id=1771856997" "Mozilla/5.0 (Windows NT 10.0; Win64; x64) AppleWebKit/537.36 (KHTML, like Gecko) Chrome/141.0.0.0 Safari/537.36"
41.75.173.127 - - [23/Feb/2026:14:58:28 +0000] "GET /documentation/assets/js/jquery.magnific-popup.min.js HTTP/1.1" 200 20216 "https://dreamstour-wp.dreamsmarketplace.com/documentation/changelog.html?client_id=2047374020.1763558626&session_id=1771856997" "Mozilla/5.0 (Windows NT 10.0; Win64; x64) AppleWebKit/537.36 (KHTML, like Gecko) Chrome/141.0.0.0 Safari/537.36"
41.75.173.127 - - [23/Feb/2026:14:58:28 +0000] "GET /documentation/assets/js/isotope.pkgd.min.js HTTP/1.1" 200 35445 "https://dreamstour-wp.dreamsmarketplace.com/documentation/changelog.html?client_id=2047374020.1763558626&session_id=1771856997" "Mozilla/5.0 (Windows NT 10.0; Win64; x64) AppleWebKit/537.36 (KHTML, like Gecko) Chrome/141.0.0.0 Safari/537.36"
41.75.173.127 - - [23/Feb/2026:14:58:28 +0000] "GET /documentation/assets/js/main.js HTTP/1.1" 200 29339 "https://dreamstour-wp.dreamsmarketplace.com/documentation/changelog.html?client_id=2047374020.1763558626&session_id=1771856997" "Mozilla/5.0 (Windows NT 10.0; Win64; x64) AppleWebKit/537.36 (KHTML, like Gecko) Chrome/141.0.0.0 Safari/537.36"
41.75.173.127 - - [23/Feb/2026:14:58:29 +0000] "GET /documentation/assets/plugins/fontawesome/webfonts/fa-brands-400.woff2 HTTP/1.1" 200 109808 "https://dreamstour-wp.dreamsmarketplace.com/documentation/assets/plugins/fontawesome/css/all.min.css" "Mozilla/5.0 (Windows NT 10.0; Win64; x64) AppleWebKit/537.36 (KHTML, like Gecko) Chrome/141.0.0.0 Safari/537.36"
41.75.173.127 - - [23/Feb/2026:14:58:29 +0000] "GET /documentation/assets/plugins/fontawesome/webfonts/fa-solid-900.woff2 HTTP/1.1" 200 150020 "https://dreamstour-wp.dreamsmarketplace.com/documentation/assets/plugins/fontawesome/css/all.min.css" "Mozilla/5.0 (Windows NT 10.0; Win64; x64) AppleWebKit/537.36 (KHTML, like Gecko) Chrome/141.0.0.0 Safari/537.36"
41.75.173.127 - - [23/Feb/2026:14:58:29 +0000] "GET /documentation/assets/fonts/poppins/Poppins-Regular.ttf HTTP/1.1" 200 158240 "https://dreamstour-wp.dreamsmarketplace.com/documentation/assets/css/style.css" "Mozilla/5.0 (Windows NT 10.0; Win64; x64) AppleWebKit/537.36 (KHTML, like Gecko) Chrome/141.0.0.0 Safari/537.36"
41.75.173.127 - - [23/Feb/2026:14:58:30 +0000] "GET /documentation/assets/fonts/poppins/Poppins-SemiBold.ttf HTTP/1.1" 200 155232 "https://dreamstour-wp.dreamsmarketplace.com/documentation/assets/css/style.css" "Mozilla/5.0 (Windows NT 10.0; Win64; x64) AppleWebKit/537.36 (KHTML, like Gecko) Chrome/141.0.0.0 Safari/537.36"
41.75.173.127 - - [23/Feb/2026:14:58:30 +0000] "GET /documentation/assets/fonts/poppins/Poppins-Bold.ttf HTTP/1.1" 200 153944 "https://dreamstour-wp.dreamsmarketplace.com/documentation/assets/css/style.css" "Mozilla/5.0 (Windows NT 10.0; Win64; x64) AppleWebKit/537.36 (KHTML, like Gecko) Chrome/141.0.0.0 Safari/537.36"
41.75.173.127 - - [23/Feb/2026:14:58:30 +0000] "GET /documentation/assets/fonts/poppins/Poppins-Medium.ttf HTTP/1.1" 200 156520 "https://dreamstour-wp.dreamsmarketplace.com/documentation/assets/css/style.css" "Mozilla/5.0 (Windows NT 10.0; Win64; x64) AppleWebKit/537.36 (KHTML, like Gecko) Chrome/141.0.0.0 Safari/537.36"
41.75.173.127 - - [23/Feb/2026:14:58:31 +0000] "GET /documentation/assets/img/logo/favicon.png HTTP/1.1" 200 16342 "https://dreamstour-wp.dreamsmarketplace.com/documentation/changelog.html?client_id=2047374020.1763558626&session_id=1771856997" "Mozilla/5.0 (Windows NT 10.0; Win64; x64) AppleWebKit/537.36 (KHTML, like Gecko) Chrome/141.0.0.0 Safari/537.36"
41.75.173.127 - - [23/Feb/2026:15:00:53 +0000] "GET /landing/assets/img/demos/demo-14.jpg HTTP/1.1" 304 0 "https://dreamstour-wp.dreamsmarketplace.com/landing/" "Mozilla/5.0 (Windows NT 10.0; Win64; x64) AppleWebKit/537.36 (KHTML, like Gecko) Chrome/141.0.0.0 Safari/537.36"
172.187.168.139 - - [23/Feb/2026:15:00:55 +0000] "POST /wp-cron.php?doing_wp_cron=1771858855.2115890979766845703125 HTTP/1.1" 200 31 "-" "WordPress/6.9; https://dreamstour-wp.dreamsmarketplace.com"
41.75.173.127 - - [23/Feb/2026:15:00:55 +0000] "GET /favicon.ico HTTP/1.1" 302 5 "https://dreamstour-wp.dreamsmarketplace.com/landing/assets/img/demos/demo-14.jpg" "Mozilla/5.0 (Windows NT 10.0; Win64; x64) AppleWebKit/537.36 (KHTML, like Gecko) Chrome/141.0.0.0 Safari/537.36"
172.187.168.139 - - [23/Feb/2026:15:02:01 +0000] "POST /wp-cron.php?doing_wp_cron=1771858921.1658070087432861328125 HTTP/1.1" 200 31 "-" "WordPress/6.9; https://dreamstour-wp.dreamsmarketplace.com"
2a03:2880:f800:32:: - - [23/Feb/2026:15:02:01 +0000] "GET /tour-grid/ HTTP/1.1" 200 23237 "-" "meta-externalagent/1.1 (+https://developers.facebook.com/docs/sharing/webmasters/crawler)"
102.66.147.19 - - [23/Feb/2026:15:02:07 +0000] "GET /unfortunately-the-standard-of-the-pretend-ysl-handbags-can/ HTTP/1.1" 404 10359 "-" "Mozilla/5.0 (Windows NT 6.1; WOW64) AppleWebKit/537.36 (KHTML, like Gecko) Chrome/104.0.0.0 Safari/537.36"
172.187.168.139 - - [23/Feb/2026:15:07:05 +0000] "POST /wp-cron.php?doing_wp_cron=1771859225.5282928943634033203125 HTTP/1.1" 200 31 "-" "WordPress/6.9; https://dreamstour-wp.dreamsmarketplace.com"
2a03:2880:f800:19:: - - [23/Feb/2026:15:07:05 +0000] "GET /tag/cresus-casino-devient-olympe/ HTTP/1.1" 200 16285 "-" "meta-externalagent/1.1 (+https://developers.facebook.com/docs/sharing/webmasters/crawler)"
41.75.173.127 - - [23/Feb/2026:15:07:57 +0000] "GET /documentation/changelog.html?client_id=2047374020.1763558626&session_id=1771856997 HTTP/1.1" 200 2697 "https://dreamstour-wp.dreamsmarketplace.com/documentation/changelog.html?client_id=2047374020.1763558626&session_id=1771856997" "Mozilla/5.0 (Windows NT 10.0; Win64; x64) AppleWebKit/537.36 (KHTML, like Gecko) Chrome/141.0.0.0 Safari/537.36"
41.75.173.127 - - [23/Feb/2026:15:08:00 +0000] "GET /documentation/index.html HTTP/1.1" 200 12572 "https://dreamstour-wp.dreamsmarketplace.com/documentation/changelog.html?client_id=2047374020.1763558626&session_id=1771856997" "Mozilla/5.0 (Windows NT 10.0; Win64; x64) AppleWebKit/537.36 (KHTML, like Gecko) Chrome/141.0.0.0 Safari/537.36"
41.75.173.127 - - [23/Feb/2026:15:08:00 +0000] "GET /documentation/assets/img/banners/thumbnail.png HTTP/1.1" 200 8649 "https://dreamstour-wp.dreamsmarketplace.com/documentation/index.html" "Mozilla/5.0 (Windows NT 10.0; Win64; x64) AppleWebKit/537.36 (KHTML, like Gecko) Chrome/141.0.0.0 Safari/537.36"
41.75.173.127 - - [23/Feb/2026:15:08:00 +0000] "GET /documentation/assets/img/map_api.png HTTP/1.1" 200 114377 "https://dreamstour-wp.dreamsmarketplace.com/documentation/index.html" "Mozilla/5.0 (Windows NT 10.0; Win64; x64) AppleWebKit/537.36 (KHTML, like Gecko) Chrome/141.0.0.0 Safari/537.36"
41.75.173.127 - - [23/Feb/2026:15:08:00 +0000] "GET /documentation/assets/img/Dasboard2.png HTTP/1.1" 200 130563 "https://dreamstour-wp.dreamsmarketplace.com/documentation/index.html" "Mozilla/5.0 (Windows NT 10.0; Win64; x64) AppleWebKit/537.36 (KHTML, like Gecko) Chrome/141.0.0.0 Safari/537.36"
41.75.173.127 - - [23/Feb/2026:15:08:00 +0000] "GET /documentation/assets/img/banners/ratings.svg HTTP/1.1" 200 27634 "https://dreamstour-wp.dreamsmarketplace.com/documentation/index.html" "Mozilla/5.0 (Windows NT 10.0; Win64; x64) AppleWebKit/537.36 (KHTML, like Gecko) Chrome/141.0.0.0 Safari/537.36"
41.75.173.127 - - [23/Feb/2026:15:08:01 +0000] "GET /documentation/assets/img/banners/banner.png HTTP/1.1" 200 226121 "https://dreamstour-wp.dreamsmarketplace.com/documentation/index.html" "Mozilla/5.0 (Windows NT 10.0; Win64; x64) AppleWebKit/537.36 (KHTML, like Gecko) Chrome/141.0.0.0 Safari/537.36"
41.75.173.127 - - [23/Feb/2026:15:08:01 +0000] "GET /documentation/assets/img/pagesoptions.jpg HTTP/1.1" 200 197460 "https://dreamstour-wp.dreamsmarketplace.com/documentation/index.html" "Mozilla/5.0 (Windows NT 10.0; Win64; x64) AppleWebKit/537.36 (KHTML, like Gecko) Chrome/141.0.0.0 Safari/537.36"
41.75.173.127 - - [23/Feb/2026:15:08:01 +0000] "GET /documentation/assets/img/categories.jpg HTTP/1.1" 200 156268 "https://dreamstour-wp.dreamsmarketplace.com/documentation/index.html" "Mozilla/5.0 (Windows NT 10.0; Win64; x64) AppleWebKit/537.36 (KHTML, like Gecko) Chrome/141.0.0.0 Safari/537.36"
41.75.173.127 - - [23/Feb/2026:15:08:01 +0000] "GET /documentation/assets/img/Includes.png HTTP/1.1" 200 159201 "https://dreamstour-wp.dreamsmarketplace.com/documentation/index.html" "Mozilla/5.0 (Windows NT 10.0; Win64; x64) AppleWebKit/537.36 (KHTML, like Gecko) Chrome/141.0.0.0 Safari/537.36"
41.75.173.127 - - [23/Feb/2026:15:08:01 +0000] "GET /documentation/assets/img/cartype1.jpg HTTP/1.1" 200 144449 "https://dreamstour-wp.dreamsmarketplace.com/documentation/index.html" "Mozilla/5.0 (Windows NT 10.0; Win64; x64) AppleWebKit/537.36 (KHTML, like Gecko) Chrome/141.0.0.0 Safari/537.36"
41.75.173.127 - - [23/Feb/2026:15:08:01 +0000] "GET /documentation/assets/img/tour_country.png HTTP/1.1" 200 143863 "https://dreamstour-wp.dreamsmarketplace.com/documentation/index.html" "Mozilla/5.0 (Windows NT 10.0; Win64; x64) AppleWebKit/537.36 (KHTML, like Gecko) Chrome/141.0.0.0 Safari/537.36"
41.75.173.127 - - [23/Feb/2026:15:08:01 +0000] "GET /documentation/assets/img/Activities.png HTTP/1.1" 200 161820 "https://dreamstour-wp.dreamsmarketplace.com/documentation/index.html" "Mozilla/5.0 (Windows NT 10.0; Win64; x64) AppleWebKit/537.36 (KHTML, like Gecko) Chrome/141.0.0.0 Safari/537.36"
41.75.173.127 - - [23/Feb/2026:15:08:01 +0000] "GET /documentation/assets/img/Excludes.png HTTP/1.1" 200 160409 "https://dreamstour-wp.dreamsmarketplace.com/documentation/index.html" "Mozilla/5.0 (Windows NT 10.0; Win64; x64) AppleWebKit/537.36 (KHTML, like Gecko) Chrome/141.0.0.0 Safari/537.36"
41.75.173.127 - - [23/Feb/2026:15:08:01 +0000] "GET /documentation/assets/img/carcategory1.jpg HTTP/1.1" 200 149396 "https://dreamstour-wp.dreamsmarketplace.com/documentation/index.html" "Mozilla/5.0 (Windows NT 10.0; Win64; x64) AppleWebKit/537.36 (KHTML, like Gecko) Chrome/141.0.0.0 Safari/537.36"
41.75.173.127 - - [23/Feb/2026:15:08:01 +0000] "GET /documentation/assets/img/language-2.png HTTP/1.1" 200 196270 "https://dreamstour-wp.dreamsmarketplace.com/documentation/index.html" "Mozilla/5.0 (Windows NT 10.0; Win64; x64) AppleWebKit/537.36 (KHTML, like Gecko) Chrome/141.0.0.0 Safari/537.36"
41.75.173.127 - - [23/Feb/2026:15:08:01 +0000] "GET /documentation/assets/img/language-3.png HTTP/1.1" 200 210799 "https://dreamstour-wp.dreamsmarketplace.com/documentation/index.html" "Mozilla/5.0 (Windows NT 10.0; Win64; x64) AppleWebKit/537.36 (KHTML, like Gecko) Chrome/141.0.0.0 Safari/537.36"
41.75.173.127 - - [23/Feb/2026:15:08:01 +0000] "GET /documentation/assets/img/Why_Book_With_Us.png HTTP/1.1" 200 162758 "https://dreamstour-wp.dreamsmarketplace.com/documentation/index.html" "Mozilla/5.0 (Windows NT 10.0; Win64; x64) AppleWebKit/537.36 (KHTML, like Gecko) Chrome/141.0.0.0 Safari/537.36"
41.75.173.127 - - [23/Feb/2026:15:08:01 +0000] "GET /documentation/assets/img/ocdi1.png HTTP/1.1" 200 965395 "https://dreamstour-wp.dreamsmarketplace.com/documentation/index.html" "Mozilla/5.0 (Windows NT 10.0; Win64; x64) AppleWebKit/537.36 (KHTML, like Gecko) Chrome/141.0.0.0 Safari/537.36"
41.75.173.127 - - [23/Feb/2026:15:08:01 +0000] "GET /documentation/assets/img/header_dynamic.png HTTP/1.1" 200 631237 "https://dreamstour-wp.dreamsmarketplace.com/documentation/index.html" "Mozilla/5.0 (Windows NT 10.0; Win64; x64) AppleWebKit/537.36 (KHTML, like Gecko) Chrome/141.0.0.0 Safari/537.36"
41.75.173.127 - - [23/Feb/2026:15:08:01 +0000] "GET /documentation/assets/img/ocdi2.png HTTP/1.1" 200 490176 "https://dreamstour-wp.dreamsmarketplace.com/documentation/index.html" "Mozilla/5.0 (Windows NT 10.0; Win64; x64) AppleWebKit/537.36 (KHTML, like Gecko) Chrome/141.0.0.0 Safari/537.36"
41.75.173.127 - - [23/Feb/2026:15:08:01 +0000] "GET /documentation/assets/img/Dasboard.png HTTP/1.1" 200 345994 "https://dreamstour-wp.dreamsmarketplace.com/documentation/index.html" "Mozilla/5.0 (Windows NT 10.0; Win64; x64) AppleWebKit/537.36 (KHTML, like Gecko) Chrome/141.0.0.0 Safari/537.36"
41.75.173.127 - - [23/Feb/2026:15:08:01 +0000] "GET /documentation/assets/img/language-1.png HTTP/1.1" 200 379058 "https://dreamstour-wp.dreamsmarketplace.com/documentation/index.html" "Mozilla/5.0 (Windows NT 10.0; Win64; x64) AppleWebKit/537.36 (KHTML, like Gecko) Chrome/141.0.0.0 Safari/537.36"
41.75.173.127 - - [23/Feb/2026:15:08:01 +0000] "GET /documentation/assets/img/footer-options.png HTTP/1.1" 200 851978 "https://dreamstour-wp.dreamsmarketplace.com/documentation/index.html" "Mozilla/5.0 (Windows NT 10.0; Win64; x64) AppleWebKit/537.36 (KHTML, like Gecko) Chrome/141.0.0.0 Safari/537.36"
41.75.173.127 - - [23/Feb/2026:15:08:01 +0000] "GET /documentation/assets/img/Register.png HTTP/1.1" 200 638853 "https://dreamstour-wp.dreamsmarketplace.com/documentation/index.html" "Mozilla/5.0 (Windows NT 10.0; Win64; x64) AppleWebKit/537.36 (KHTML, like Gecko) Chrome/141.0.0.0 Safari/537.36"
41.75.173.127 - - [23/Feb/2026:15:08:01 +0000] "GET /documentation/assets/img/adding_tour.png HTTP/1.1" 200 2150825 "https://dreamstour-wp.dreamsmarketplace.com/documentation/index.html" "Mozilla/5.0 (Windows NT 10.0; Win64; x64) AppleWebKit/537.36 (KHTML, like Gecko) Chrome/141.0.0.0 Safari/537.36"
41.75.173.127 - - [23/Feb/2026:15:08:01 +0000] "GET /documentation/assets/img/book-tour.png HTTP/1.1" 200 4565785 "https://dreamstour-wp.dreamsmarketplace.com/documentation/index.html" "Mozilla/5.0 (Windows NT 10.0; Win64; x64) AppleWebKit/537.36 (KHTML, like Gecko) Chrome/141.0.0.0 Safari/537.36"
41.75.173.127 - - [23/Feb/2026:15:08:01 +0000] "GET /documentation/assets/img/enquiry-vehicle.png HTTP/1.1" 200 4571916 "https://dreamstour-wp.dreamsmarketplace.com/documentation/index.html" "Mozilla/5.0 (Windows NT 10.0; Win64; x64) AppleWebKit/537.36 (KHTML, like Gecko) Chrome/141.0.0.0 Safari/537.36"
172.187.168.139 - - [23/Feb/2026:15:11:53 +0000] "POST /wp-cron.php?doing_wp_cron=1771859513.0448660850524902343750 HTTP/1.1" 200 31 "-" "WordPress/6.9; https://dreamstour-wp.dreamsmarketplace.com"
2a03:2880:f800:11:: - - [23/Feb/2026:15:11:53 +0000] "GET /tour_why_book/expertise-and-experience/ HTTP/1.1" 200 18079 "-" "meta-externalagent/1.1 (+https://developers.facebook.com/docs/sharing/webmasters/crawler)"
74.7.243.246 - - [23/Feb/2026:15:13:45 +0000] "GET /wp-sitemap.xml HTTP/1.1" 200 1914 "-" "Mozilla/5.0 AppleWebKit/537.36 (KHTML, like Gecko; compatible; GPTBot/1.3; +https://openai.com/gptbot)"
172.187.168.139 - - [23/Feb/2026:15:13:45 +0000] "POST /wp-cron.php?doing_wp_cron=1771859625.3242669105529785156250 HTTP/1.1" 200 31 "-" "WordPress/6.9; https://dreamstour-wp.dreamsmarketplace.com"
74.7.244.26 - - [23/Feb/2026:15:13:45 +0000] "GET /robots.txt HTTP/1.1" 200 428 "-" "Mozilla/5.0 (Macintosh; Intel Mac OS X 10_15_7) AppleWebKit/537.36 (KHTML, like Gecko) Chrome/131.0.0.0 Safari/537.36; compatible; OAI-SearchBot/1.3; robots.txt; +https://openai.com/searchbot"
172.187.168.139 - - [23/Feb/2026:15:16:40 +0000] "POST /wp-cron.php?doing_wp_cron=1771859800.4071490764617919921875 HTTP/1.1" 200 31 "-" "WordPress/6.9; https://dreamstour-wp.dreamsmarketplace.com"
2a03:2880:f800:9:: - - [23/Feb/2026:15:16:40 +0000] "GET /tag/travel/ HTTP/1.1" 200 16739 "-" "meta-externalagent/1.1 (+https://developers.facebook.com/docs/sharing/webmasters/crawler)"
172.187.168.139 - - [23/Feb/2026:15:17:30 +0000] "POST /wp-cron.php?doing_wp_cron=1771859850.9124350547790527343750 HTTP/1.1" 200 31 "-" "WordPress/6.9; https://dreamstour-wp.dreamsmarketplace.com"
217.113.194.103 - - [23/Feb/2026:15:17:30 +0000] "GET /robots.txt HTTP/1.1" 200 428 "-" "Mozilla/5.0 (compatible; Barkrowler/0.9; +https://babbar.tech/crawler)"
2a03:2880:f800:46:: - - [23/Feb/2026:15:17:33 +0000] "GET /cart/ HTTP/1.1" 200 38288 "-" "meta-externalagent/1.1 (+https://developers.facebook.com/docs/sharing/webmasters/crawler)"
172.187.168.139 - - [23/Feb/2026:15:19:14 +0000] "POST /wp-cron.php?doing_wp_cron=1771859954.1450500488281250000000 HTTP/1.1" 200 31 "-" "WordPress/6.9; https://dreamstour-wp.dreamsmarketplace.com"
217.113.194.102 - - [23/Feb/2026:15:19:14 +0000] "GET /404 HTTP/1.1" 404 10359 "-" "Mozilla/5.0 (compatible; Barkrowler/0.9; +https://babbar.tech/crawler)"
172.187.168.139 - - [23/Feb/2026:15:20:07 +0000] "POST /wp-cron.php?doing_wp_cron=1771860007.6341669559478759765625 HTTP/1.1" 200 31 "-" "WordPress/6.9; https://dreamstour-wp.dreamsmarketplace.com"
217.113.194.104 - - [23/Feb/2026:15:20:07 +0000] "GET /?p=1093 HTTP/1.1" 404 10359 "-" "Mozilla/5.0 (compatible; Barkrowler/0.9; +https://babbar.tech/crawler)"
34.134.221.217 - - [23/Feb/2026:15:20:28 +0000] "GET / HTTP/1.1" 301 5 "-" "Mozilla/5.0 (compatible; DesignProbe/1.0)"
34.134.221.217 - - [23/Feb/2026:15:20:30 +0000] "GET / HTTP/1.1" 200 31241 "-" "Mozilla/5.0 (compatible; DesignProbe/1.0)"
172.187.168.139 - - [23/Feb/2026:15:20:53 +0000] "POST /wp-cron.php?doing_wp_cron=1771860053.7930479049682617187500 HTTP/1.1" 200 31 "-" "WordPress/6.9; https://dreamstour-wp.dreamsmarketplace.com"
217.113.194.106 - - [23/Feb/2026:15:20:53 +0000] "GET /?p=1091 HTTP/1.1" 404 10359 "-" "Mozilla/5.0 (compatible; Barkrowler/0.9; +https://babbar.tech/crawler)"
2a03:2880:f800:10:: - - [23/Feb/2026:15:21:29 +0000] "GET /product/tour-new/ HTTP/1.1" 200 18032 "-" "meta-externalagent/1.1 (+https://developers.facebook.com/docs/sharing/webmasters/crawler)"
217.113.194.102 - - [23/Feb/2026:15:21:43 +0000] "GET /?p=1067 HTTP/1.1" 404 10359 "-" "Mozilla/5.0 (compatible; Barkrowler/0.9; +https://babbar.tech/crawler)"
172.187.168.139 - - [23/Feb/2026:15:22:35 +0000] "POST /wp-cron.php?doing_wp_cron=1771860154.9789559841156005859375 HTTP/1.1" 200 31 "-" "WordPress/6.9; https://dreamstour-wp.dreamsmarketplace.com"
217.113.194.102 - - [23/Feb/2026:15:22:35 +0000] "GET /?p=1065 HTTP/1.1" 404 10359 "-" "Mozilla/5.0 (compatible; Barkrowler/0.9; +https://babbar.tech/crawler)"
172.187.168.139 - - [23/Feb/2026:15:23:24 +0000] "POST /wp-cron.php?doing_wp_cron=1771860204.1780960559844970703125 HTTP/1.1" 200 31 "-" "WordPress/6.9; https://dreamstour-wp.dreamsmarketplace.com"
217.113.194.108 - - [23/Feb/2026:15:23:24 +0000] "GET /?p=1073 HTTP/1.1" 404 10359 "-" "Mozilla/5.0 (compatible; Barkrowler/0.9; +https://babbar.tech/crawler)"
172.187.168.139 - - [23/Feb/2026:15:24:11 +0000] "POST /wp-cron.php?doing_wp_cron=1771860251.4452710151672363281250 HTTP/1.1" 200 31 "-" "WordPress/6.9; https://dreamstour-wp.dreamsmarketplace.com"
217.113.194.109 - - [23/Feb/2026:15:24:11 +0000] "GET /?p=1089 HTTP/1.1" 404 10359 "-" "Mozilla/5.0 (compatible; Barkrowler/0.9; +https://babbar.tech/crawler)"
172.187.168.139 - - [23/Feb/2026:15:24:58 +0000] "POST /wp-cron.php?doing_wp_cron=1771860298.0698440074920654296875 HTTP/1.1" 200 31 "-" "WordPress/6.9; https://dreamstour-wp.dreamsmarketplace.com"
217.113.194.105 - - [23/Feb/2026:15:24:58 +0000] "GET /blog-list/page/2/ HTTP/1.1" 200 17691 "-" "Mozilla/5.0 (compatible; Barkrowler/0.9; +https://babbar.tech/crawler)"
103.142.0.102 - - [23/Feb/2026:15:25:18 +0000] "GET /category/tortugacasino/ HTTP/1.1" 200 16592 "-" "Mozilla/5.0 (Macintosh; Intel Mac OS X 10_13_6) AppleWebKit/537.36 (KHTML, like Gecko) Chrome/106.0.0.0 Safari/537.36"
217.113.194.223 - - [23/Feb/2026:15:25:49 +0000] "GET /blog-grid/page/2/ HTTP/1.1" 200 14331 "-" "Mozilla/5.0 (compatible; Barkrowler/0.9; +https://babbar.tech/crawler)"
172.187.168.139 - - [23/Feb/2026:15:26:37 +0000] "POST /wp-cron.php?doing_wp_cron=1771860396.9853949546813964843750 HTTP/1.1" 200 31 "-" "WordPress/6.9; https://dreamstour-wp.dreamsmarketplace.com"
217.113.194.224 - - [23/Feb/2026:15:26:37 +0000] "GET /tag/ice-fishing/ HTTP/1.1" 404 10359 "-" "Mozilla/5.0 (compatible; Barkrowler/0.9; +https://babbar.tech/crawler)"
172.187.168.139 - - [23/Feb/2026:15:27:22 +0000] "POST /wp-cron.php?doing_wp_cron=1771860442.0336680412292480468750 HTTP/1.1" 200 31 "-" "WordPress/6.9; https://dreamstour-wp.dreamsmarketplace.com"
154.54.249.203 - - [23/Feb/2026:15:27:22 +0000] "GET /faq/void(0 HTTP/1.1" 404 10359 "-" "Mozilla/5.0 (compatible; Barkrowler/0.9; +https://babbar.tech/crawler)"
172.187.168.139 - - [23/Feb/2026:15:28:13 +0000] "POST /wp-cron.php?doing_wp_cron=1771860493.3746159076690673828125 HTTP/1.1" 200 31 "-" "WordPress/6.9; https://dreamstour-wp.dreamsmarketplace.com"
217.113.194.223 - - [23/Feb/2026:15:28:13 +0000] "GET /jocuri-gratis-casino/ HTTP/1.1" 404 10359 "-" "Mozilla/5.0 (compatible; Barkrowler/0.9; +https://babbar.tech/crawler)"
172.187.168.139 - - [23/Feb/2026:15:28:59 +0000] "POST /wp-cron.php?doing_wp_cron=1771860539.4271609783172607421875 HTTP/1.1" 200 31 "-" "WordPress/6.9; https://dreamstour-wp.dreamsmarketplace.com"
217.113.194.110 - - [23/Feb/2026:15:28:59 +0000] "GET /parapharmacie-casino/ HTTP/1.1" 404 10359 "-" "Mozilla/5.0 (compatible; Barkrowler/0.9; +https://babbar.tech/crawler)"
217.113.194.106 - - [23/Feb/2026:15:29:43 +0000] "GET /gallery/void(0 HTTP/1.1" 404 10359 "-" "Mozilla/5.0 (compatible; Barkrowler/0.9; +https://babbar.tech/crawler)"
172.187.168.139 - - [23/Feb/2026:15:30:08 +0000] "POST /wp-cron.php?doing_wp_cron=1771860608.7668581008911132812500 HTTP/1.1" 200 31 "-" "WordPress/6.9; https://dreamstour-wp.dreamsmarketplace.com"
