41.75.173.127 - - [23/Feb/2026:15:30:08 +0000] "GET /home-02/ HTTP/1.1" 200 26850 "https://dreamstour-wp.dreamsmarketplace.com/" "Mozilla/5.0 (Windows NT 10.0; Win64; x64) AppleWebKit/537.36 (KHTML, like Gecko) Chrome/141.0.0.0 Safari/537.36"
41.75.173.127 - - [23/Feb/2026:15:30:10 +0000] "GET /wp-content/uploads/elementor/css/post-144.css?ver=1770249738 HTTP/1.1" 404 10359 "https://dreamstour-wp.dreamsmarketplace.com/home-02/" "Mozilla/5.0 (Windows NT 10.0; Win64; x64) AppleWebKit/537.36 (KHTML, like Gecko) Chrome/141.0.0.0 Safari/537.36"
41.75.173.127 - - [23/Feb/2026:15:30:10 +0000] "GET /wp-content/uploads/elementor/css/custom-frontend.min.css?ver=1770249738 HTTP/1.1" 404 10359 "https://dreamstour-wp.dreamsmarketplace.com/home-02/" "Mozilla/5.0 (Windows NT 10.0; Win64; x64) AppleWebKit/537.36 (KHTML, like Gecko) Chrome/141.0.0.0 Safari/537.36"
41.75.173.127 - - [23/Feb/2026:15:30:14 +0000] "GET /tour-list/ HTTP/1.1" 200 23087 "https://dreamstour-wp.dreamsmarketplace.com/home-02/" "Mozilla/5.0 (Windows NT 10.0; Win64; x64) AppleWebKit/537.36 (KHTML, like Gecko) Chrome/141.0.0.0 Safari/537.36"
41.75.173.127 - - [23/Feb/2026:15:30:15 +0000] "GET /wp-content/themes/dreamstour/assets/images/payment/mastercard.svg HTTP/1.1" 404 10359 "https://dreamstour-wp.dreamsmarketplace.com/tour-list/" "Mozilla/5.0 (Windows NT 10.0; Win64; x64) AppleWebKit/537.36 (KHTML, like Gecko) Chrome/141.0.0.0 Safari/537.36"
41.75.173.127 - - [23/Feb/2026:15:30:16 +0000] "GET /wp-content/themes/dreamstour/assets/images/payment/visa.svg HTTP/1.1" 404 10359 "https://dreamstour-wp.dreamsmarketplace.com/tour-list/" "Mozilla/5.0 (Windows NT 10.0; Win64; x64) AppleWebKit/537.36 (KHTML, like Gecko) Chrome/141.0.0.0 Safari/537.36"
41.75.173.127 - - [23/Feb/2026:15:30:27 +0000] "GET /tour/alcatraz-island/ HTTP/1.1" 200 23197 "https://dreamstour-wp.dreamsmarketplace.com/tour-list/" "Mozilla/5.0 (Windows NT 10.0; Win64; x64) AppleWebKit/537.36 (KHTML, like Gecko) Chrome/141.0.0.0 Safari/537.36"
217.113.194.111 - - [23/Feb/2026:15:30:27 +0000] "GET /bet365-casino-app/ HTTP/1.1" 404 10359 "-" "Mozilla/5.0 (compatible; Barkrowler/0.9; +https://babbar.tech/crawler)"
41.75.173.127 - - [23/Feb/2026:15:30:29 +0000] "GET /wp-content/themes/dreamstour/assets/images/payment/visa.svg HTTP/1.1" 404 10359 "https://dreamstour-wp.dreamsmarketplace.com/tour/alcatraz-island/" "Mozilla/5.0 (Windows NT 10.0; Win64; x64) AppleWebKit/537.36 (KHTML, like Gecko) Chrome/141.0.0.0 Safari/537.36"
41.75.173.127 - - [23/Feb/2026:15:30:29 +0000] "GET /wp-content/themes/dreamstour/assets/images/payment/mastercard.svg HTTP/1.1" 404 10359 "https://dreamstour-wp.dreamsmarketplace.com/tour/alcatraz-island/" "Mozilla/5.0 (Windows NT 10.0; Win64; x64) AppleWebKit/537.36 (KHTML, like Gecko) Chrome/141.0.0.0 Safari/537.36"
172.187.168.139 - - [23/Feb/2026:15:31:10 +0000] "POST /wp-cron.php?doing_wp_cron=1771860670.2391600608825683593750 HTTP/1.1" 200 31 "-" "WordPress/6.9; https://dreamstour-wp.dreamsmarketplace.com"
41.75.173.127 - - [23/Feb/2026:15:31:10 +0000] "GET / HTTP/1.1" 200 31243 "https://dreamstour-wp.dreamsmarketplace.com/tour/alcatraz-island/" "Mozilla/5.0 (Windows NT 10.0; Win64; x64) AppleWebKit/537.36 (KHTML, like Gecko) Chrome/141.0.0.0 Safari/537.36"
41.75.173.127 - - [23/Feb/2026:15:31:11 +0000] "GET /wp-content/uploads/elementor/css/custom-frontend.min.css?ver=1770249738 HTTP/1.1" 404 10359 "https://dreamstour-wp.dreamsmarketplace.com/" "Mozilla/5.0 (Windows NT 10.0; Win64; x64) AppleWebKit/537.36 (KHTML, like Gecko) Chrome/141.0.0.0 Safari/537.36"
41.75.173.127 - - [23/Feb/2026:15:31:11 +0000] "GET /wp-content/uploads/elementor/css/post-144.css?ver=1770249738 HTTP/1.1" 404 10359 "https://dreamstour-wp.dreamsmarketplace.com/" "Mozilla/5.0 (Windows NT 10.0; Win64; x64) AppleWebKit/537.36 (KHTML, like Gecko) Chrome/141.0.0.0 Safari/537.36"
41.75.173.127 - - [23/Feb/2026:15:31:12 +0000] "GET /wp-content/uploads/elementor/css/post-76.css?ver=1770249739 HTTP/1.1" 404 10359 "https://dreamstour-wp.dreamsmarketplace.com/" "Mozilla/5.0 (Windows NT 10.0; Win64; x64) AppleWebKit/537.36 (KHTML, like Gecko) Chrome/141.0.0.0 Safari/537.36"
41.75.173.127 - - [23/Feb/2026:15:31:13 +0000] "GET /wp-content/themes/dreamstour/assets/images/payment/mastercard.svg HTTP/1.1" 404 10359 "https://dreamstour-wp.dreamsmarketplace.com/" "Mozilla/5.0 (Windows NT 10.0; Win64; x64) AppleWebKit/537.36 (KHTML, like Gecko) Chrome/141.0.0.0 Safari/537.36"
41.75.173.127 - - [23/Feb/2026:15:31:13 +0000] "GET /wp-content/themes/dreamstour/assets/images/payment/visa.svg HTTP/1.1" 404 10359 "https://dreamstour-wp.dreamsmarketplace.com/" "Mozilla/5.0 (Windows NT 10.0; Win64; x64) AppleWebKit/537.36 (KHTML, like Gecko) Chrome/141.0.0.0 Safari/537.36"
41.75.173.127 - - [23/Feb/2026:15:31:13 +0000] "GET /wp-json/contact-form-7/v1/contact-forms/523/feedback/schema HTTP/1.1" 401 85 "https://dreamstour-wp.dreamsmarketplace.com/" "Mozilla/5.0 (Windows NT 10.0; Win64; x64) AppleWebKit/537.36 (KHTML, like Gecko) Chrome/141.0.0.0 Safari/537.36"
217.113.194.106 - - [23/Feb/2026:15:31:14 +0000] "GET /contact-us/void(0 HTTP/1.1" 404 10359 "-" "Mozilla/5.0 (compatible; Barkrowler/0.9; +https://babbar.tech/crawler)"
172.187.168.139 - - [23/Feb/2026:15:32:01 +0000] "POST /wp-cron.php?doing_wp_cron=1771860720.9935541152954101562500 HTTP/1.1" 200 31 "-" "WordPress/6.9; https://dreamstour-wp.dreamsmarketplace.com"
217.113.194.103 - - [23/Feb/2026:15:32:01 +0000] "GET /tour_category/group-tours/ HTTP/1.1" 200 15405 "-" "Mozilla/5.0 (compatible; Barkrowler/0.9; +https://babbar.tech/crawler)"
217.113.194.109 - - [23/Feb/2026:15:32:45 +0000] "GET /tag/travel/void(0 HTTP/1.1" 404 10359 "-" "Mozilla/5.0 (compatible; Barkrowler/0.9; +https://babbar.tech/crawler)"
172.187.168.139 - - [23/Feb/2026:15:33:24 +0000] "POST /wp-cron.php?doing_wp_cron=1771860804.6945259571075439453125 HTTP/1.1" 200 31 "-" "WordPress/6.9; https://dreamstour-wp.dreamsmarketplace.com"
14.191.116.100 - - [23/Feb/2026:15:33:24 +0000] "GET /wildz-casino-wenn-glucksspiel-zur-rechenkunst-wird/void(0) HTTP/1.1" 301 5 "-" "Mozilla/5.0 (Macintosh; Intel Mac OS X 10_14_3) AppleWebKit/537.36 (KHTML, like Gecko) Brave Chrome/79.0.3945.88 Safari/537.36"
14.191.116.100 - - [23/Feb/2026:15:33:26 +0000] "GET /wildz-casino-wenn-glucksspiel-zur-rechenkunst-wird/void(0 HTTP/1.1" 404 10359 "-" "Mozilla/5.0 (Macintosh; Intel Mac OS X 10_14_3) AppleWebKit/537.36 (KHTML, like Gecko) Brave Chrome/79.0.3945.88 Safari/537.36"
217.113.194.223 - - [23/Feb/2026:15:33:30 +0000] "GET /privacy-policy/void(0 HTTP/1.1" 404 10359 "-" "Mozilla/5.0 (compatible; Barkrowler/0.9; +https://babbar.tech/crawler)"
172.187.168.139 - - [23/Feb/2026:15:34:17 +0000] "POST /wp-cron.php?doing_wp_cron=1771860857.1523580551147460937500 HTTP/1.1" 200 31 "-" "WordPress/6.9; https://dreamstour-wp.dreamsmarketplace.com"
217.113.194.109 - - [23/Feb/2026:15:34:17 +0000] "GET /blog-list/void(0 HTTP/1.1" 404 10359 "-" "Mozilla/5.0 (compatible; Barkrowler/0.9; +https://babbar.tech/crawler)"
172.187.168.139 - - [23/Feb/2026:15:35:02 +0000] "POST /wp-cron.php?doing_wp_cron=1771860902.2801620960235595703125 HTTP/1.1" 200 31 "-" "WordPress/6.9; https://dreamstour-wp.dreamsmarketplace.com"
217.113.194.223 - - [23/Feb/2026:15:35:02 +0000] "GET /testimonials/void(0 HTTP/1.1" 404 10359 "-" "Mozilla/5.0 (compatible; Barkrowler/0.9; +https://babbar.tech/crawler)"
217.113.194.105 - - [23/Feb/2026:15:35:48 +0000] "GET /about-us/void(0 HTTP/1.1" 404 10359 "-" "Mozilla/5.0 (compatible; Barkrowler/0.9; +https://babbar.tech/crawler)"
172.187.168.139 - - [23/Feb/2026:15:36:34 +0000] "POST /wp-cron.php?doing_wp_cron=1771860994.4023900032043457031250 HTTP/1.1" 200 31 "-" "WordPress/6.9; https://dreamstour-wp.dreamsmarketplace.com"
217.113.194.110 - - [23/Feb/2026:15:36:34 +0000] "GET /winrolla-casino-review/ HTTP/1.1" 404 10359 "-" "Mozilla/5.0 (compatible; Barkrowler/0.9; +https://babbar.tech/crawler)"
172.187.168.139 - - [23/Feb/2026:15:37:21 +0000] "POST /wp-cron.php?doing_wp_cron=1771861041.6399068832397460937500 HTTP/1.1" 200 31 "-" "WordPress/6.9; https://dreamstour-wp.dreamsmarketplace.com"
217.113.194.111 - - [23/Feb/2026:15:37:21 +0000] "GET /tour-list/void(0 HTTP/1.1" 404 10359 "-" "Mozilla/5.0 (compatible; Barkrowler/0.9; +https://babbar.tech/crawler)"
172.187.168.139 - - [23/Feb/2026:15:38:03 +0000] "POST /wp-cron.php?doing_wp_cron=1771861083.6042969226837158203125 HTTP/1.1" 200 31 "-" "WordPress/6.9; https://dreamstour-wp.dreamsmarketplace.com"
217.113.194.110 - - [23/Feb/2026:15:38:03 +0000] "GET /sign-in/void(0 HTTP/1.1" 404 10359 "-" "Mozilla/5.0 (compatible; Barkrowler/0.9; +https://babbar.tech/crawler)"
217.113.194.104 - - [23/Feb/2026:15:38:46 +0000] "GET /azur-casino-avis-forum/ HTTP/1.1" 404 10359 "-" "Mozilla/5.0 (compatible; Barkrowler/0.9; +https://babbar.tech/crawler)"
172.187.168.139 - - [23/Feb/2026:15:39:30 +0000] "POST /wp-cron.php?doing_wp_cron=1771861170.5879499912261962890625 HTTP/1.1" 200 31 "-" "WordPress/6.9; https://dreamstour-wp.dreamsmarketplace.com"
217.113.194.102 - - [23/Feb/2026:15:39:30 +0000] "GET /category/icefishinggame/ HTTP/1.1" 404 10359 "-" "Mozilla/5.0 (compatible; Barkrowler/0.9; +https://babbar.tech/crawler)"
172.187.168.139 - - [23/Feb/2026:15:40:15 +0000] "POST /wp-cron.php?doing_wp_cron=1771861214.9605369567871093750000 HTTP/1.1" 200 31 "-" "WordPress/6.9; https://dreamstour-wp.dreamsmarketplace.com"
217.113.194.109 - - [23/Feb/2026:15:40:15 +0000] "GET /vegadream-online-casino/ HTTP/1.1" 404 10359 "-" "Mozilla/5.0 (compatible; Barkrowler/0.9; +https://babbar.tech/crawler)"
20.161.44.232 - - [23/Feb/2026:15:40:44 +0000] "GET / HTTP/1.1" 301 5 "-" "Python/3.9 aiohttp/3.10.6"
20.161.44.232 - - [23/Feb/2026:15:40:46 +0000] "GET / HTTP/1.1" 200 31219 "-" "Python/3.9 aiohttp/3.10.6"
172.187.168.139 - - [23/Feb/2026:15:40:56 +0000] "POST /wp-cron.php?doing_wp_cron=1771861256.5193200111389160156250 HTTP/1.1" 200 31 "-" "WordPress/6.9; https://dreamstour-wp.dreamsmarketplace.com"
217.113.194.110 - - [23/Feb/2026:15:40:56 +0000] "GET /author-tours/void(0 HTTP/1.1" 404 10359 "-" "Mozilla/5.0 (compatible; Barkrowler/0.9; +https://babbar.tech/crawler)"
217.113.194.247 - - [23/Feb/2026:15:41:38 +0000] "GET /home-02/void(0 HTTP/1.1" 404 10359 "-" "Mozilla/5.0 (compatible; Barkrowler/0.9; +https://babbar.tech/crawler)"
172.187.168.139 - - [23/Feb/2026:15:42:20 +0000] "POST /wp-cron.php?doing_wp_cron=1771861339.9195759296417236328125 HTTP/1.1" 200 31 "-" "WordPress/6.9; https://dreamstour-wp.dreamsmarketplace.com"
217.113.194.102 - - [23/Feb/2026:15:42:20 +0000] "GET /author/admin/void(0 HTTP/1.1" 404 10359 "-" "Mozilla/5.0 (compatible; Barkrowler/0.9; +https://babbar.tech/crawler)"
172.187.168.139 - - [23/Feb/2026:15:43:08 +0000] "POST /wp-cron.php?doing_wp_cron=1771861388.4828009605407714843750 HTTP/1.1" 200 31 "-" "WordPress/6.9; https://dreamstour-wp.dreamsmarketplace.com"
217.113.194.106 - - [23/Feb/2026:15:43:08 +0000] "GET /blog-grid/void(0 HTTP/1.1" 404 10359 "-" "Mozilla/5.0 (compatible; Barkrowler/0.9; +https://babbar.tech/crawler)"
217.113.194.111 - - [23/Feb/2026:15:43:49 +0000] "GET /online-casino-real-money-usa/ HTTP/1.1" 404 10359 "-" "Mozilla/5.0 (compatible; Barkrowler/0.9; +https://babbar.tech/crawler)"
172.187.168.139 - - [23/Feb/2026:15:44:31 +0000] "POST /wp-cron.php?doing_wp_cron=1771861471.6568250656127929687500 HTTP/1.1" 200 31 "-" "WordPress/6.9; https://dreamstour-wp.dreamsmarketplace.com"
217.113.194.224 - - [23/Feb/2026:15:44:31 +0000] "GET /tour-grid/void(0 HTTP/1.1" 404 10359 "-" "Mozilla/5.0 (compatible; Barkrowler/0.9; +https://babbar.tech/crawler)"
172.187.168.139 - - [23/Feb/2026:15:45:13 +0000] "POST /wp-cron.php?doing_wp_cron=1771861513.5854499340057373046875 HTTP/1.1" 200 31 "-" "WordPress/6.9; https://dreamstour-wp.dreamsmarketplace.com"
217.113.194.110 - - [23/Feb/2026:15:45:13 +0000] "GET /dashboard/void(0 HTTP/1.1" 404 10359 "-" "Mozilla/5.0 (compatible; Barkrowler/0.9; +https://babbar.tech/crawler)"
172.187.168.139 - - [23/Feb/2026:15:45:53 +0000] "POST /wp-cron.php?doing_wp_cron=1771861553.3469269275665283203125 HTTP/1.1" 200 31 "-" "WordPress/6.9; https://dreamstour-wp.dreamsmarketplace.com"
2a03:2880:f800:17:: - - [23/Feb/2026:15:45:53 +0000] "GET /tour/serene-bay/ HTTP/1.1" 200 23239 "-" "meta-externalagent/1.1 (+https://developers.facebook.com/docs/sharing/webmasters/crawler)"
217.113.194.108 - - [23/Feb/2026:15:45:58 +0000] "GET /category/travel/void(0 HTTP/1.1" 404 10359 "-" "Mozilla/5.0 (compatible; Barkrowler/0.9; +https://babbar.tech/crawler)"
217.113.194.107 - - [23/Feb/2026:15:46:37 +0000] "GET /category/guide/void(0 HTTP/1.1" 404 10359 "-" "Mozilla/5.0 (compatible; Barkrowler/0.9; +https://babbar.tech/crawler)"
172.187.168.139 - - [23/Feb/2026:15:47:00 +0000] "POST /wp-cron.php?doing_wp_cron=1771861620.1870028972625732421875 HTTP/1.1" 200 31 "-" "WordPress/6.9; https://dreamstour-wp.dreamsmarketplace.com"
2a03:2880:f800:2d:: - - [23/Feb/2026:15:47:00 +0000] "GET /tour_why_book/client-satisfaction/page/2/void(0) HTTP/1.1" 301 5 "-" "meta-externalagent/1.1 (+https://developers.facebook.com/docs/sharing/webmasters/crawler)"
217.113.194.109 - - [23/Feb/2026:15:47:18 +0000] "GET /category/egogamescasino/ HTTP/1.1" 404 10359 "-" "Mozilla/5.0 (compatible; Barkrowler/0.9; +https://babbar.tech/crawler)"
2a03:2880:f800:3a:: - - [23/Feb/2026:15:47:19 +0000] "GET /tour_why_book/client-satisfaction/page/2/void(0 HTTP/1.1" 404 10359 "-" "meta-externalagent/1.1 (+https://developers.facebook.com/docs/sharing/webmasters/crawler)"
172.187.168.139 - - [23/Feb/2026:15:47:54 +0000] "POST /wp-cron.php?doing_wp_cron=1771861674.4244759082794189453125 HTTP/1.1" 200 31 "-" "WordPress/6.9; https://dreamstour-wp.dreamsmarketplace.com"
217.113.194.111 - - [23/Feb/2026:15:47:54 +0000] "GET /tour_category/beach-tours/ HTTP/1.1" 200 14963 "-" "Mozilla/5.0 (compatible; Barkrowler/0.9; +https://babbar.tech/crawler)"
217.113.194.105 - - [23/Feb/2026:15:48:30 +0000] "GET /tag/photography/void(0 HTTP/1.1" 404 10359 "-" "Mozilla/5.0 (compatible; Barkrowler/0.9; +https://babbar.tech/crawler)"
172.187.168.139 - - [23/Feb/2026:15:49:05 +0000] "POST /wp-cron.php?doing_wp_cron=1771861745.2455370426177978515625 HTTP/1.1" 200 31 "-" "WordPress/6.9; https://dreamstour-wp.dreamsmarketplace.com"
217.113.194.103 - - [23/Feb/2026:15:49:05 +0000] "GET /tag/nature/void(0 HTTP/1.1" 404 10359 "-" "Mozilla/5.0 (compatible; Barkrowler/0.9; +https://babbar.tech/crawler)"
217.113.194.111 - - [23/Feb/2026:15:49:40 +0000] "GET /tag/luxury/void(0 HTTP/1.1" 404 10359 "-" "Mozilla/5.0 (compatible; Barkrowler/0.9; +https://babbar.tech/crawler)"
172.187.168.139 - - [23/Feb/2026:15:50:15 +0000] "POST /wp-cron.php?doing_wp_cron=1771861815.8288400173187255859375 HTTP/1.1" 200 31 "-" "WordPress/6.9; https://dreamstour-wp.dreamsmarketplace.com"
217.113.194.110 - - [23/Feb/2026:15:50:15 +0000] "GET /void(0); HTTP/1.1" 301 5 "-" "Mozilla/5.0 (compatible; Barkrowler/0.9; +https://babbar.tech/crawler)"
217.113.194.102 - - [23/Feb/2026:15:50:51 +0000] "GET /become-expert/void(0 HTTP/1.1" 404 10359 "-" "Mozilla/5.0 (compatible; Barkrowler/0.9; +https://babbar.tech/crawler)"
172.187.168.139 - - [23/Feb/2026:15:51:26 +0000] "POST /wp-cron.php?doing_wp_cron=1771861886.7852599620819091796875 HTTP/1.1" 200 31 "-" "WordPress/6.9; https://dreamstour-wp.dreamsmarketplace.com"
217.113.194.102 - - [23/Feb/2026:15:51:26 +0000] "GET /tour-list/page/2/void(0 HTTP/1.1" 404 10359 "-" "Mozilla/5.0 (compatible; Barkrowler/0.9; +https://babbar.tech/crawler)"
14.191.80.5 - - [23/Feb/2026:15:51:35 +0000] "GET /the-simple-charm-of-a-hermes-bag-lies-in-its-capacity-to/ HTTP/1.1" 404 10359 "-" "Mozilla/5.0 (Macintosh; Intel Mac OS X 10_14_5) AppleWebKit/537.36 (KHTML, like Gecko) Brave Chrome/79.0.3945.88 Safari/537.36"
172.187.168.139 - - [23/Feb/2026:15:52:06 +0000] "POST /wp-cron.php?doing_wp_cron=1771861926.4011061191558837890625 HTTP/1.1" 200 31 "-" "WordPress/6.9; https://dreamstour-wp.dreamsmarketplace.com"
217.113.194.107 - - [23/Feb/2026:15:52:06 +0000] "GET /with-a-navy-and-silver-design/ HTTP/1.1" 404 10359 "-" "Mozilla/5.0 (compatible; Barkrowler/0.9; +https://babbar.tech/crawler)"
217.113.194.102 - - [23/Feb/2026:15:52:39 +0000] "GET /terms-conditions/void(0 HTTP/1.1" 404 10359 "-" "Mozilla/5.0 (compatible; Barkrowler/0.9; +https://babbar.tech/crawler)"
172.187.168.139 - - [23/Feb/2026:15:53:12 +0000] "POST /wp-cron.php?doing_wp_cron=1771861992.4647650718688964843750 HTTP/1.1" 200 31 "-" "WordPress/6.9; https://dreamstour-wp.dreamsmarketplace.com"
217.113.194.105 - - [23/Feb/2026:15:53:12 +0000] "GET /tag/ice-fishing-casino-demo/ HTTP/1.1" 404 10359 "-" "Mozilla/5.0 (compatible; Barkrowler/0.9; +https://babbar.tech/crawler)"
217.113.194.107 - - [23/Feb/2026:15:53:45 +0000] "GET /tour-grid/page/2/void(0 HTTP/1.1" 404 10359 "-" "Mozilla/5.0 (compatible; Barkrowler/0.9; +https://babbar.tech/crawler)"
172.187.168.139 - - [23/Feb/2026:15:54:17 +0000] "POST /wp-cron.php?doing_wp_cron=1771862057.8996560573577880859375 HTTP/1.1" 200 31 "-" "WordPress/6.9; https://dreamstour-wp.dreamsmarketplace.com"
217.113.194.104 - - [23/Feb/2026:15:54:17 +0000] "GET /cinema-du-casino-villers-sur-mer/ HTTP/1.1" 404 10359 "-" "Mozilla/5.0 (compatible; Barkrowler/0.9; +https://babbar.tech/crawler)"
172.187.168.139 - - [23/Feb/2026:15:54:54 +0000] "POST /wp-cron.php?doing_wp_cron=1771862094.0197160243988037109375 HTTP/1.1" 200 31 "-" "WordPress/6.9; https://dreamstour-wp.dreamsmarketplace.com"
217.113.194.223 - - [23/Feb/2026:15:54:54 +0000] "GET /888-casino-88-rotiri/ HTTP/1.1" 404 10359 "-" "Mozilla/5.0 (compatible; Barkrowler/0.9; +https://babbar.tech/crawler)"
217.113.194.106 - - [23/Feb/2026:15:55:26 +0000] "GET /robocat-casino-no-deposit-bonus/ HTTP/1.1" 404 10359 "-" "Mozilla/5.0 (compatible; Barkrowler/0.9; +https://babbar.tech/crawler)"
172.187.168.139 - - [23/Feb/2026:15:55:55 +0000] "POST /wp-cron.php?doing_wp_cron=1771862155.2639160156250000000000 HTTP/1.1" 200 31 "-" "WordPress/6.9; https://dreamstour-wp.dreamsmarketplace.com"
217.113.194.109 - - [23/Feb/2026:15:55:55 +0000] "GET /tour/crystal-lake/void(0); HTTP/1.1" 301 5 "-" "Mozilla/5.0 (compatible; Barkrowler/0.9; +https://babbar.tech/crawler)"
217.113.194.103 - - [23/Feb/2026:15:56:22 +0000] "GET /category/adventure/void(0); HTTP/1.1" 301 5 "-" "Mozilla/5.0 (compatible; Barkrowler/0.9; +https://babbar.tech/crawler)"
217.113.194.108 - - [23/Feb/2026:15:56:49 +0000] "GET /author-tours/page/2/void(0); HTTP/1.1" 301 5 "-" "Mozilla/5.0 (compatible; Barkrowler/0.9; +https://babbar.tech/crawler)"
172.187.168.139 - - [23/Feb/2026:15:57:16 +0000] "POST /wp-cron.php?doing_wp_cron=1771862236.7535150051116943359375 HTTP/1.1" 200 31 "-" "WordPress/6.9; https://dreamstour-wp.dreamsmarketplace.com"
217.113.194.107 - - [23/Feb/2026:15:57:16 +0000] "GET /we-look-carefully-on-the-game-choice/ HTTP/1.1" 404 10359 "-" "Mozilla/5.0 (compatible; Barkrowler/0.9; +https://babbar.tech/crawler)"
217.113.194.102 - - [23/Feb/2026:15:57:45 +0000] "GET /tour/mystic-falls/void(0); HTTP/1.1" 301 5 "-" "Mozilla/5.0 (compatible; Barkrowler/0.9; +https://babbar.tech/crawler)"
172.187.168.139 - - [23/Feb/2026:15:58:17 +0000] "POST /wp-cron.php?doing_wp_cron=1771862297.4132559299468994140625 HTTP/1.1" 200 31 "-" "WordPress/6.9; https://dreamstour-wp.dreamsmarketplace.com"
217.113.194.108 - - [23/Feb/2026:15:58:17 +0000] "GET /tag/olympe-casino/void(0); HTTP/1.1" 301 5 "-" "Mozilla/5.0 (compatible; Barkrowler/0.9; +https://babbar.tech/crawler)"
217.113.194.110 - - [23/Feb/2026:15:58:45 +0000] "GET /comment-obtenir-une-carte-privil-ge-casino/ HTTP/1.1" 404 10359 "-" "Mozilla/5.0 (compatible; Barkrowler/0.9; +https://babbar.tech/crawler)"
172.187.168.139 - - [23/Feb/2026:15:59:12 +0000] "POST /wp-cron.php?doing_wp_cron=1771862352.6102170944213867187500 HTTP/1.1" 200 31 "-" "WordPress/6.9; https://dreamstour-wp.dreamsmarketplace.com"
217.113.194.106 - - [23/Feb/2026:15:59:12 +0000] "GET /mobile-casino-bonus-ohne-einzahlung-2018/ HTTP/1.1" 404 10359 "-" "Mozilla/5.0 (compatible; Barkrowler/0.9; +https://babbar.tech/crawler)"
217.113.194.111 - - [23/Feb/2026:15:59:37 +0000] "GET /jet-casino-alternative/void(0); HTTP/1.1" 301 5 "-" "Mozilla/5.0 (compatible; Barkrowler/0.9; +https://babbar.tech/crawler)"
172.187.168.139 - - [23/Feb/2026:16:00:02 +0000] "POST /wp-cron.php?doing_wp_cron=1771862402.4514920711517333984375 HTTP/1.1" 200 31 "-" "WordPress/6.9; https://dreamstour-wp.dreamsmarketplace.com"
154.54.249.203 - - [23/Feb/2026:16:00:02 +0000] "GET /tour/serene-bay/void(0); HTTP/1.1" 301 5 "-" "Mozilla/5.0 (compatible; Barkrowler/0.9; +https://babbar.tech/crawler)"
31.206.140.255 - - [23/Feb/2026:16:00:09 +0000] "POST /wp-login.php HTTP/1.1" 503 18981 "-" "Mozilla/5.0 (Windows NT 10.0; Win64; x64) AppleWebKit/537.36"
31.206.140.255 - - [23/Feb/2026:16:00:10 +0000] "GET /wp-admin/ HTTP/1.1" 503 18981 "-" "Mozilla/5.0 (Windows NT 10.0; Win64; x64) AppleWebKit/537.36"
31.206.140.255 - - [23/Feb/2026:16:00:10 +0000] "POST /wp-content/plugins/developer-developer-developer/developer/lib/php/connector.minimal.php HTTP/1.1" 404 134 "-" "Mozilla/5.0 (Windows NT 10.0; Win64; x64) AppleWebKit/537.36"
31.206.140.255 - - [23/Feb/2026:16:00:10 +0000] "POST /wp-content/plugins/developer-developer-developer/developer/lib/php/connector.minimal.php HTTP/1.1" 404 134 "-" "Mozilla/5.0 (Windows NT 10.0; Win64; x64) AppleWebKit/537.36"
31.206.140.255 - - [23/Feb/2026:16:00:10 +0000] "POST /wp-content/plugins/developer-developer-developer/developer/lib/php/connector.minimal.php HTTP/1.1" 404 134 "-" "Mozilla/5.0 (Windows NT 10.0; Win64; x64) AppleWebKit/537.36"
31.206.140.255 - - [23/Feb/2026:16:00:10 +0000] "POST /wp-content/plugins/developer-developer-developer/developer/lib/php/connector.minimal.php HTTP/1.1" 404 134 "-" "Mozilla/5.0 (Windows NT 10.0; Win64; x64) AppleWebKit/537.36"
31.206.140.255 - - [23/Feb/2026:16:00:11 +0000] "GET /wp-admin/plugin-install.php HTTP/1.1" 503 18981 "-" "Mozilla/5.0 (Windows NT 10.0; Win64; x64) AppleWebKit/537.36"
31.206.140.255 - - [23/Feb/2026:16:00:12 +0000] "GET /wp-admin/plugin-editor.php?file=nativez/nativez.php HTTP/1.1" 503 18981 "-" "Mozilla/5.0 (Windows NT 10.0; Win64; x64) AppleWebKit/537.36"
31.206.140.255 - - [23/Feb/2026:16:00:12 +0000] "PUT /wp-content/plugins/nativez/nativez.php HTTP/1.1" 404 134 "-" "Mozilla/5.0 (Windows NT 10.0; Win64; x64) AppleWebKit/537.36"
31.206.140.255 - - [23/Feb/2026:16:00:12 +0000] "PUT /wp-content/plugins/nativez.php HTTP/1.1" 404 134 "-" "Mozilla/5.0 (Windows NT 10.0; Win64; x64) AppleWebKit/537.36"
217.113.194.105 - - [23/Feb/2026:16:00:30 +0000] "GET /tour/rainbow-mountain-valley/void(0); HTTP/1.1" 301 5 "-" "Mozilla/5.0 (compatible; Barkrowler/0.9; +https://babbar.tech/crawler)"
172.187.168.139 - - [23/Feb/2026:16:00:54 +0000] "POST /wp-cron.php?doing_wp_cron=1771862454.8295769691467285156250 HTTP/1.1" 200 31 "-" "WordPress/6.9; https://dreamstour-wp.dreamsmarketplace.com"
217.113.194.108 - - [23/Feb/2026:16:00:54 +0000] "GET /tour/ancient-ruins/void(0); HTTP/1.1" 301 5 "-" "Mozilla/5.0 (compatible; Barkrowler/0.9; +https://babbar.tech/crawler)"
217.113.194.103 - - [23/Feb/2026:16:01:19 +0000] "GET /tour/enchanted-forest/void(0); HTTP/1.1" 301 5 "-" "Mozilla/5.0 (compatible; Barkrowler/0.9; +https://babbar.tech/crawler)"
217.113.194.106 - - [23/Feb/2026:16:01:44 +0000] "GET /tour/mystical-caves/void(0); HTTP/1.1" 301 5 "-" "Mozilla/5.0 (compatible; Barkrowler/0.9; +https://babbar.tech/crawler)"
172.187.168.139 - - [23/Feb/2026:16:02:10 +0000] "POST /wp-cron.php?doing_wp_cron=1771862530.8920850753784179687500 HTTP/1.1" 200 31 "-" "WordPress/6.9; https://dreamstour-wp.dreamsmarketplace.com"
217.113.194.247 - - [23/Feb/2026:16:02:10 +0000] "GET /tour_category/summer-trip/void(0); HTTP/1.1" 301 5 "-" "Mozilla/5.0 (compatible; Barkrowler/0.9; +https://babbar.tech/crawler)"
172.187.168.139 - - [23/Feb/2026:16:02:35 +0000] "POST /wp-cron.php?doing_wp_cron=1771862555.3328030109405517578125 HTTP/1.1" 200 31 "-" "WordPress/6.9; https://dreamstour-wp.dreamsmarketplace.com"
217.113.194.104 - - [23/Feb/2026:16:02:35 +0000] "GET /tag/seite-ansehen/void(0); HTTP/1.1" 301 5 "-" "Mozilla/5.0 (compatible; Barkrowler/0.9; +https://babbar.tech/crawler)"
172.187.168.139 - - [23/Feb/2026:16:02:59 +0000] "POST /wp-cron.php?doing_wp_cron=1771862579.8076269626617431640625 HTTP/1.1" 200 31 "-" "WordPress/6.9; https://dreamstour-wp.dreamsmarketplace.com"
217.113.194.223 - - [23/Feb/2026:16:02:59 +0000] "GET /tag/tauchen-sie-ein/void(0); HTTP/1.1" 301 5 "-" "Mozilla/5.0 (compatible; Barkrowler/0.9; +https://babbar.tech/crawler)"
217.113.194.103 - - [23/Feb/2026:16:03:24 +0000] "GET /hacked-by-manzz/void(0); HTTP/1.1" 301 5 "-" "Mozilla/5.0 (compatible; Barkrowler/0.9; +https://babbar.tech/crawler)"
217.113.194.110 - - [23/Feb/2026:16:03:48 +0000] "GET /captain-jack-casino-no-deposit-bonus-codes-2024/ HTTP/1.1" 404 10359 "-" "Mozilla/5.0 (compatible; Barkrowler/0.9; +https://babbar.tech/crawler)"
172.187.168.139 - - [23/Feb/2026:16:04:10 +0000] "POST /wp-cron.php?doing_wp_cron=1771862650.6262331008911132812500 HTTP/1.1" 200 31 "-" "WordPress/6.9; https://dreamstour-wp.dreamsmarketplace.com"
217.113.194.105 - - [23/Feb/2026:16:04:10 +0000] "GET /tour/majestic-peaks/void(0); HTTP/1.1" 301 5 "-" "Mozilla/5.0 (compatible; Barkrowler/0.9; +https://babbar.tech/crawler)"
217.113.194.107 - - [23/Feb/2026:16:04:32 +0000] "GET /tour/frosted-peaks/void(0); HTTP/1.1" 301 5 "-" "Mozilla/5.0 (compatible; Barkrowler/0.9; +https://babbar.tech/crawler)"
172.187.168.139 - - [23/Feb/2026:16:04:56 +0000] "POST /wp-cron.php?doing_wp_cron=1771862696.0406780242919921875000 HTTP/1.1" 200 31 "-" "WordPress/6.9; https://dreamstour-wp.dreamsmarketplace.com"
217.113.194.111 - - [23/Feb/2026:16:04:56 +0000] "GET /category/mrplaycasino/void(0); HTTP/1.1" 301 5 "-" "Mozilla/5.0 (compatible; Barkrowler/0.9; +https://babbar.tech/crawler)"
217.113.194.108 - - [23/Feb/2026:16:05:19 +0000] "GET /category/tortugacasino/void(0); HTTP/1.1" 301 5 "-" "Mozilla/5.0 (compatible; Barkrowler/0.9; +https://babbar.tech/crawler)"
217.113.194.224 - - [23/Feb/2026:16:05:42 +0000] "GET /category/olimpecasino/void(0); HTTP/1.1" 301 5 "-" "Mozilla/5.0 (compatible; Barkrowler/0.9; +https://babbar.tech/crawler)"
172.187.168.139 - - [23/Feb/2026:16:06:01 +0000] "POST /wp-cron.php?doing_wp_cron=1771862761.5228140354156494140625 HTTP/1.1" 200 31 "-" "WordPress/6.9; https://dreamstour-wp.dreamsmarketplace.com"
217.113.194.104 - - [23/Feb/2026:16:06:01 +0000] "GET /category/wildzcasino/void(0); HTTP/1.1" 301 5 "-" "Mozilla/5.0 (compatible; Barkrowler/0.9; +https://babbar.tech/crawler)"
217.113.194.108 - - [23/Feb/2026:16:06:21 +0000] "GET /tour_category/ecotourism/void(0); HTTP/1.1" 301 5 "-" "Mozilla/5.0 (compatible; Barkrowler/0.9; +https://babbar.tech/crawler)"
217.113.194.108 - - [23/Feb/2026:16:06:40 +0000] "GET /tour/statue-of-liberty/void(0); HTTP/1.1" 301 5 "-" "Mozilla/5.0 (compatible; Barkrowler/0.9; +https://babbar.tech/crawler)"
172.187.168.139 - - [23/Feb/2026:16:07:00 +0000] "POST /wp-cron.php?doing_wp_cron=1771862820.5668940544128417968750 HTTP/1.1" 200 31 "-" "WordPress/6.9; https://dreamstour-wp.dreamsmarketplace.com"
217.113.194.111 - - [23/Feb/2026:16:07:00 +0000] "GET /tour/golden-gate-bridge/void(0); HTTP/1.1" 301 5 "-" "Mozilla/5.0 (compatible; Barkrowler/0.9; +https://babbar.tech/crawler)"
217.113.194.223 - - [23/Feb/2026:16:07:19 +0000] "GET /tour/alcatraz-island/void(0); HTTP/1.1" 301 5 "-" "Mozilla/5.0 (compatible; Barkrowler/0.9; +https://babbar.tech/crawler)"
217.113.194.104 - - [23/Feb/2026:16:07:39 +0000] "GET /tour_category/historical-tours/void(0); HTTP/1.1" 301 5 "-" "Mozilla/5.0 (compatible; Barkrowler/0.9; +https://babbar.tech/crawler)"
172.187.168.139 - - [23/Feb/2026:16:08:00 +0000] "POST /wp-cron.php?doing_wp_cron=1771862880.5766301155090332031250 HTTP/1.1" 200 31 "-" "WordPress/6.9; https://dreamstour-wp.dreamsmarketplace.com"
217.113.194.105 - - [23/Feb/2026:16:08:00 +0000] "GET /tag/mr-play-casino-test/void(0); HTTP/1.1" 301 5 "-" "Mozilla/5.0 (compatible; Barkrowler/0.9; +https://babbar.tech/crawler)"
217.113.194.102 - - [23/Feb/2026:16:08:21 +0000] "GET /replica-products-are-cheaper-than-originals-and-are-very/ HTTP/1.1" 404 10359 "-" "Mozilla/5.0 (compatible; Barkrowler/0.9; +https://babbar.tech/crawler)"
217.113.194.102 - - [23/Feb/2026:16:08:40 +0000] "GET /rabona-online-casino/void(0); HTTP/1.1" 301 5 "-" "Mozilla/5.0 (compatible; Barkrowler/0.9; +https://babbar.tech/crawler)"
168.194.24.139 - - [23/Feb/2026:16:08:52 +0000] "GET /while-they-might-not-carry-the-distinguished-label/ HTTP/1.1" 404 10359 "-" "Mozilla/5.0 (Windows NT 10.0; Win64; x64) AppleWebKit/537.36 (KHTML, like Gecko) Chrome/89.0.4389.91 Safari/537.36"
172.187.168.139 - - [23/Feb/2026:16:08:59 +0000] "POST /wp-cron.php?doing_wp_cron=1771862939.6080570220947265625000 HTTP/1.1" 200 31 "-" "WordPress/6.9; https://dreamstour-wp.dreamsmarketplace.com"
217.113.194.108 - - [23/Feb/2026:16:08:59 +0000] "GET /tag/olympe-casino-juridiction/void(0); HTTP/1.1" 301 5 "-" "Mozilla/5.0 (compatible; Barkrowler/0.9; +https://babbar.tech/crawler)"
217.113.194.105 - - [23/Feb/2026:16:09:19 +0000] "GET /tag/mr-play-casino-promo/void(0); HTTP/1.1" 301 5 "-" "Mozilla/5.0 (compatible; Barkrowler/0.9; +https://babbar.tech/crawler)"
217.113.194.111 - - [23/Feb/2026:16:09:39 +0000] "GET /tag/jetzt-ausprobieren/void(0); HTTP/1.1" 301 5 "-" "Mozilla/5.0 (compatible; Barkrowler/0.9; +https://babbar.tech/crawler)"
172.187.168.139 - - [23/Feb/2026:16:09:59 +0000] "POST /wp-cron.php?doing_wp_cron=1771862999.7549719810485839843750 HTTP/1.1" 200 31 "-" "WordPress/6.9; https://dreamstour-wp.dreamsmarketplace.com"
217.113.194.247 - - [23/Feb/2026:16:09:59 +0000] "GET /tag/tortuga-casino-promotions/void(0); HTTP/1.1" 301 5 "-" "Mozilla/5.0 (compatible; Barkrowler/0.9; +https://babbar.tech/crawler)"
217.113.194.109 - - [23/Feb/2026:16:10:19 +0000] "GET /while-some-toys-can-solely-make-buzzy/ HTTP/1.1" 404 10359 "-" "Mozilla/5.0 (compatible; Barkrowler/0.9; +https://babbar.tech/crawler)"
217.113.194.106 - - [23/Feb/2026:16:10:39 +0000] "GET /tour_category/adventure-tour/void(0); HTTP/1.1" 301 5 "-" "Mozilla/5.0 (compatible; Barkrowler/0.9; +https://babbar.tech/crawler)"
172.187.168.139 - - [23/Feb/2026:16:10:59 +0000] "POST /wp-cron.php?doing_wp_cron=1771863059.5905621051788330078125 HTTP/1.1" 200 31 "-" "WordPress/6.9; https://dreamstour-wp.dreamsmarketplace.com"
217.113.194.109 - - [23/Feb/2026:16:10:59 +0000] "GET /tag/mr-play-casino-no-deposit/void(0); HTTP/1.1" 301 5 "-" "Mozilla/5.0 (compatible; Barkrowler/0.9; +https://babbar.tech/crawler)"
217.113.194.108 - - [23/Feb/2026:16:11:20 +0000] "GET /tag/tortuga-casino-en-france/void(0); HTTP/1.1" 301 5 "-" "Mozilla/5.0 (compatible; Barkrowler/0.9; +https://babbar.tech/crawler)"
217.113.194.111 - - [23/Feb/2026:16:11:42 +0000] "GET /tag/wildz-casino-erfahrung/void(0); HTTP/1.1" 301 5 "-" "Mozilla/5.0 (compatible; Barkrowler/0.9; +https://babbar.tech/crawler)"
172.187.168.139 - - [23/Feb/2026:16:12:02 +0000] "POST /wp-cron.php?doing_wp_cron=1771863122.1264040470123291015625 HTTP/1.1" 200 31 "-" "WordPress/6.9; https://dreamstour-wp.dreamsmarketplace.com"
217.113.194.109 - - [23/Feb/2026:16:12:02 +0000] "GET /the-top-grade-is-the-most-highly-effective-guangzhou-high/ HTTP/1.1" 404 10359 "-" "Mozilla/5.0 (compatible; Barkrowler/0.9; +https://babbar.tech/crawler)"
40.77.167.144 - - [23/Feb/2026:16:12:18 +0000] "GET /wp-content/uploads/2025/09/user-03.jpg HTTP/1.1" 200 35345 "-" "Mozilla/5.0 AppleWebKit/537.36 (KHTML, like Gecko; compatible; bingbot/2.0; +http://www.bing.com/bingbot.htm) Chrome/116.0.1938.76 Safari/537.36"
217.113.194.224 - - [23/Feb/2026:16:12:21 +0000] "GET /we-provide-premium-products-in-a-snug-and-upbeat-ambiance/ HTTP/1.1" 404 10359 "-" "Mozilla/5.0 (compatible; Barkrowler/0.9; +https://babbar.tech/crawler)"
217.113.194.223 - - [23/Feb/2026:16:12:43 +0000] "GET /shipping-options-and-estimated-delivery-instances-can-be-found/ HTTP/1.1" 404 10359 "-" "Mozilla/5.0 (compatible; Barkrowler/0.9; +https://babbar.tech/crawler)"
172.187.168.139 - - [23/Feb/2026:16:13:03 +0000] "POST /wp-cron.php?doing_wp_cron=1771863183.1454100608825683593750 HTTP/1.1" 200 31 "-" "WordPress/6.9; https://dreamstour-wp.dreamsmarketplace.com"
217.113.194.105 - - [23/Feb/2026:16:13:03 +0000] "GET /shop-for-your-self-or-a-associate-and-pick-from-our-textured/ HTTP/1.1" 404 10359 "-" "Mozilla/5.0 (compatible; Barkrowler/0.9; +https://babbar.tech/crawler)"
217.113.194.102 - - [23/Feb/2026:16:13:22 +0000] "GET /the-line-is-crossed-after-they-start-copying-logos-or/ HTTP/1.1" 404 10359 "-" "Mozilla/5.0 (compatible; Barkrowler/0.9; +https://babbar.tech/crawler)"
217.113.194.104 - - [23/Feb/2026:16:13:47 +0000] "GET /tag/cresus-casino-devient-olympe/void(0); HTTP/1.1" 301 5 "-" "Mozilla/5.0 (compatible; Barkrowler/0.9; +https://babbar.tech/crawler)"
172.187.168.139 - - [23/Feb/2026:16:14:06 +0000] "POST /wp-cron.php?doing_wp_cron=1771863246.3978641033172607421875 HTTP/1.1" 200 31 "-" "WordPress/6.9; https://dreamstour-wp.dreamsmarketplace.com"
217.113.194.108 - - [23/Feb/2026:16:14:06 +0000] "GET /available-in-three-sizes-comes-with-the-correct-lv-brand/ HTTP/1.1" 404 10359 "-" "Mozilla/5.0 (compatible; Barkrowler/0.9; +https://babbar.tech/crawler)"
217.113.194.224 - - [23/Feb/2026:16:14:25 +0000] "GET /however-promoting-and-promotion-prices-may-be-incurred-for/ HTTP/1.1" 404 10359 "-" "Mozilla/5.0 (compatible; Barkrowler/0.9; +https://babbar.tech/crawler)"
217.113.194.102 - - [23/Feb/2026:16:14:45 +0000] "GET /in-contrast-counterfeit-sneakers-goal-to-mislead-consumers/ HTTP/1.1" 404 10359 "-" "Mozilla/5.0 (compatible; Barkrowler/0.9; +https://babbar.tech/crawler)"
172.187.168.139 - - [23/Feb/2026:16:15:07 +0000] "POST /wp-cron.php?doing_wp_cron=1771863307.6043450832366943359375 HTTP/1.1" 200 31 "-" "WordPress/6.9; https://dreamstour-wp.dreamsmarketplace.com"
217.113.194.224 - - [23/Feb/2026:16:15:07 +0000] "GET /whats-actually-cool-is-the-turn-lock-closurethat-looks-like-a/ HTTP/1.1" 404 10359 "-" "Mozilla/5.0 (compatible; Barkrowler/0.9; +https://babbar.tech/crawler)"
154.54.249.203 - - [23/Feb/2026:16:15:30 +0000] "GET /new-york-city-usa-the-city-that-never-sleeps/void(0); HTTP/1.1" 301 5 "-" "Mozilla/5.0 (compatible; Barkrowler/0.9; +https://babbar.tech/crawler)"
217.113.194.109 - - [23/Feb/2026:16:15:52 +0000] "GET /tag/echtgeld-casino-empfehlung-wildz/void(0); HTTP/1.1" 301 5 "-" "Mozilla/5.0 (compatible; Barkrowler/0.9; +https://babbar.tech/crawler)"
172.187.168.139 - - [23/Feb/2026:16:16:13 +0000] "POST /wp-cron.php?doing_wp_cron=1771863373.6719520092010498046875 HTTP/1.1" 200 31 "-" "WordPress/6.9; https://dreamstour-wp.dreamsmarketplace.com"
217.113.194.110 - - [23/Feb/2026:16:16:13 +0000] "GET /tag/online-casino-deutschland-empfehlung-wildz/void(0); HTTP/1.1" 301 5 "-" "Mozilla/5.0 (compatible; Barkrowler/0.9; +https://babbar.tech/crawler)"
217.113.194.224 - - [23/Feb/2026:16:16:36 +0000] "GET /the-chain-straps-pop-in-opposition-to-the-ornamental-quilting/ HTTP/1.1" 404 10359 "-" "Mozilla/5.0 (compatible; Barkrowler/0.9; +https://babbar.tech/crawler)"
172.187.168.139 - - [23/Feb/2026:16:16:56 +0000] "POST /wp-cron.php?doing_wp_cron=1771863416.0591371059417724609375 HTTP/1.1" 200 31 "-" "WordPress/6.9; https://dreamstour-wp.dreamsmarketplace.com"
217.113.194.224 - - [23/Feb/2026:16:16:56 +0000] "GET /the-following-35-intercourse-toys-for-men-might-help-turn-your/ HTTP/1.1" 404 10359 "-" "Mozilla/5.0 (compatible; Barkrowler/0.9; +https://babbar.tech/crawler)"
217.113.194.103 - - [23/Feb/2026:16:17:15 +0000] "GET /exploring-the-world-your-ultimate-dream-tour-itinerary/void(0); HTTP/1.1" 301 5 "-" "Mozilla/5.0 (compatible; Barkrowler/0.9; +https://babbar.tech/crawler)"
217.113.194.107 - - [23/Feb/2026:16:17:34 +0000] "GET /they-can-also-produce-specialty-luggage-such-as-zip-lock-and/ HTTP/1.1" 404 10359 "-" "Mozilla/5.0 (compatible; Barkrowler/0.9; +https://babbar.tech/crawler)"
172.187.168.139 - - [23/Feb/2026:16:17:56 +0000] "POST /wp-cron.php?doing_wp_cron=1771863476.8243420124053955078125 HTTP/1.1" 200 31 "-" "WordPress/6.9; https://dreamstour-wp.dreamsmarketplace.com"
217.113.194.108 - - [23/Feb/2026:16:17:56 +0000] "GET /top-10-hidden-gems-places-in-central-europe-in-2025/void(0); HTTP/1.1" 301 5 "-" "Mozilla/5.0 (compatible; Barkrowler/0.9; +https://babbar.tech/crawler)"
217.113.194.109 - - [23/Feb/2026:16:18:16 +0000] "GET /how-to-travel-on-a-budget-affordable-destinations-tips/void(0); HTTP/1.1" 301 5 "-" "Mozilla/5.0 (compatible; Barkrowler/0.9; +https://babbar.tech/crawler)"
217.113.194.107 - - [23/Feb/2026:16:18:35 +0000] "GET /how-to-plan-the-perfect-weekend-getaway-quick-travel-tips/void(0); HTTP/1.1" 301 5 "-" "Mozilla/5.0 (compatible; Barkrowler/0.9; +https://babbar.tech/crawler)"
172.187.168.139 - - [23/Feb/2026:16:18:55 +0000] "POST /wp-cron.php?doing_wp_cron=1771863535.4746840000152587890625 HTTP/1.1" 200 31 "-" "WordPress/6.9; https://dreamstour-wp.dreamsmarketplace.com"
217.113.194.102 - - [23/Feb/2026:16:18:55 +0000] "GET /tag/meilleures-machines-a-sous-tortuga-casino/void(0); HTTP/1.1" 301 5 "-" "Mozilla/5.0 (compatible; Barkrowler/0.9; +https://babbar.tech/crawler)"
217.113.194.110 - - [23/Feb/2026:16:19:14 +0000] "GET /top-10-breath-taking-destinations-you-must-visit-in-2025/void(0); HTTP/1.1" 301 5 "-" "Mozilla/5.0 (compatible; Barkrowler/0.9; +https://babbar.tech/crawler)"
217.113.194.107 - - [23/Feb/2026:16:19:33 +0000] "GET /win-big-with-linebet-s-huge-casino-jackpots/void(0); HTTP/1.1" 301 5 "-" "Mozilla/5.0 (compatible; Barkrowler/0.9; +https://babbar.tech/crawler)"
172.187.168.139 - - [23/Feb/2026:16:19:54 +0000] "POST /wp-cron.php?doing_wp_cron=1771863594.9036929607391357421875 HTTP/1.1" 200 31 "-" "WordPress/6.9; https://dreamstour-wp.dreamsmarketplace.com"
154.54.249.203 - - [23/Feb/2026:16:19:54 +0000] "GET /the-ultimate-guide-to-solo-travel-tips-for-first-time-travelers/void(0); HTTP/1.1" 301 5 "-" "Mozilla/5.0 (compatible; Barkrowler/0.9; +https://babbar.tech/crawler)"
217.113.194.104 - - [23/Feb/2026:16:20:17 +0000] "GET /top-7-beach-destinations-for-a-relaxing-summer-vacation/void(0); HTTP/1.1" 301 5 "-" "Mozilla/5.0 (compatible; Barkrowler/0.9; +https://babbar.tech/crawler)"
154.54.249.203 - - [23/Feb/2026:16:20:36 +0000] "GET /the-best-flight-tours-over-iconic-landmarks-you-have-to-experience/void(0); HTTP/1.1" 301 5 "-" "Mozilla/5.0 (compatible; Barkrowler/0.9; +https://babbar.tech/crawler)"
172.187.168.139 - - [23/Feb/2026:16:20:56 +0000] "POST /wp-cron.php?doing_wp_cron=1771863656.5888650417327880859375 HTTP/1.1" 200 31 "-" "WordPress/6.9; https://dreamstour-wp.dreamsmarketplace.com"
217.113.194.103 - - [23/Feb/2026:16:20:56 +0000] "GET /wildz-casino-wenn-glucksspiel-zur-rechenkunst-wird/void(0); HTTP/1.1" 301 5 "-" "Mozilla/5.0 (compatible; Barkrowler/0.9; +https://babbar.tech/crawler)"
217.113.194.106 - - [23/Feb/2026:16:21:16 +0000] "GET /das-prinzip-von-transparenz-und-mathematischer-gerechtigkeit-bei-wildz-casino/void(0); HTTP/1.1" 301 5 "-" "Mozilla/5.0 (compatible; Barkrowler/0.9; +https://babbar.tech/crawler)"
217.113.194.110 - - [23/Feb/2026:16:21:35 +0000] "GET /cs2-d%C9%99-uzun-matclardan-sonra-biraz-n%C9%99f%C9%99s-almaq-ist%C9%99y%C9%99nd%C9%99-pinco-casino-ideal-secim-olur/ HTTP/1.1" 404 10359 "-" "Mozilla/5.0 (compatible; Barkrowler/0.9; +https://babbar.tech/crawler)"
172.187.168.139 - - [23/Feb/2026:16:23:27 +0000] "POST /wp-cron.php?doing_wp_cron=1771863807.7191529273986816406250 HTTP/1.1" 200 31 "-" "WordPress/6.9; https://dreamstour-wp.dreamsmarketplace.com"
43.156.233.168 - - [23/Feb/2026:16:23:27 +0000] "GET /exploring-the-world-your-ultimate-dream-tour-itinerary/ HTTP/1.1" 200 18636 "https://dreamstour-wp.dreamsmarketplace.com/exploring-the-world-your-ultimate-dream-tour-itinerary/" "Mozilla/5.0 (Macintosh; Intel Mac OS X 10_15_7) AppleWebKit/537.36 (KHTML, like Gecko) Chrome/120.0.0.0 Safari/537.36"
172.187.168.139 - - [23/Feb/2026:16:43:42 +0000] "POST /wp-cron.php?doing_wp_cron=1771865022.0215849876403808593750 HTTP/1.1" 200 31 "-" "WordPress/6.9; https://dreamstour-wp.dreamsmarketplace.com"
118.179.183.126 - - [23/Feb/2026:16:43:42 +0000] "GET /online-casino-belgium/ HTTP/1.1" 404 10359 "-" "Mozilla/5.0 (Macintosh; Intel Mac OS X 10_15_0) AppleWebKit/537.36 (KHTML, like Gecko) Brave Chrome/78.0.3904.108 Safari/537.36"
172.187.168.139 - - [23/Feb/2026:16:57:17 +0000] "POST /wp-cron.php?doing_wp_cron=1771865837.8024530410766601562500 HTTP/1.1" 200 31 "-" "WordPress/6.9; https://dreamstour-wp.dreamsmarketplace.com"
175.158.236.8 - - [23/Feb/2026:16:57:17 +0000] "GET /wp-login.php HTTP/1.1" 200 2163 "-" "Mozilla/5.0"
175.158.236.8 - - [23/Feb/2026:16:57:19 +0000] "POST /wp-login.php HTTP/1.1" 503 18981 "-" "Mozilla/5.0"
172.187.168.139 - - [23/Feb/2026:17:00:17 +0000] "POST /wp-cron.php?doing_wp_cron=1771866017.6261188983917236328125 HTTP/1.1" 200 31 "-" "WordPress/6.9; https://dreamstour-wp.dreamsmarketplace.com"
27.106.121.234 - - [23/Feb/2026:17:00:17 +0000] "GET /tour-list/ HTTP/1.1" 200 23087 "https://dreamstour-wp.dreamsmarketplace.com/tour-list/" "Mozilla/5.0 (Macintosh; Intel Mac OS X 10_15_7) AppleWebKit/537.36 (KHTML, like Gecko) Chrome/131.0.0.0 Safari/537.36"
172.187.168.139 - - [23/Feb/2026:17:01:37 +0000] "POST /wp-cron.php?doing_wp_cron=1771866097.8279058933258056640625 HTTP/1.1" 200 31 "-" "WordPress/6.9; https://dreamstour-wp.dreamsmarketplace.com"
198.244.168.11 - - [23/Feb/2026:17:01:37 +0000] "GET /robots.txt HTTP/1.1" 200 428 "-" "Mozilla/5.0 (compatible; AhrefsBot/7.0; +http://ahrefs.com/robot/)"
51.195.215.106 - - [23/Feb/2026:17:01:41 +0000] "GET /wp-sitemap.xml HTTP/1.1" 200 1914 "-" "Mozilla/5.0 (compatible; AhrefsBot/7.0; +http://ahrefs.com/robot/)"
51.195.244.193 - - [23/Feb/2026:17:01:45 +0000] "GET /wp-sitemap-posts-post-1.xml HTTP/1.1" 200 2615 "-" "Mozilla/5.0 (compatible; AhrefsBot/7.0; +http://ahrefs.com/robot/)"
198.244.183.180 - - [23/Feb/2026:17:01:49 +0000] "GET /wp-sitemap-posts-page-1.xml HTTP/1.1" 200 3228 "-" "Mozilla/5.0 (compatible; AhrefsBot/7.0; +http://ahrefs.com/robot/)"
172.187.168.139 - - [23/Feb/2026:17:01:53 +0000] "POST /wp-cron.php?doing_wp_cron=1771866113.5375890731811523437500 HTTP/1.1" 200 31 "-" "WordPress/6.9; https://dreamstour-wp.dreamsmarketplace.com"
51.89.129.173 - - [23/Feb/2026:17:01:53 +0000] "GET /wp-sitemap-posts-product-1.xml HTTP/1.1" 200 2063 "-" "Mozilla/5.0 (compatible; AhrefsBot/7.0; +http://ahrefs.com/robot/)"
198.244.183.85 - - [23/Feb/2026:17:01:57 +0000] "GET /wp-sitemap-posts-tour-1.xml HTTP/1.1" 200 1792 "-" "Mozilla/5.0 (compatible; AhrefsBot/7.0; +http://ahrefs.com/robot/)"
198.244.240.24 - - [23/Feb/2026:17:02:01 +0000] "GET /wp-sitemap-taxonomies-category-1.xml HTTP/1.1" 200 823 "-" "Mozilla/5.0 (compatible; AhrefsBot/7.0; +http://ahrefs.com/robot/)"
51.89.129.101 - - [23/Feb/2026:17:02:05 +0000] "GET /wp-sitemap-taxonomies-post_tag-1.xml HTTP/1.1" 200 1963 "-" "Mozilla/5.0 (compatible; AhrefsBot/7.0; +http://ahrefs.com/robot/)"
198.244.226.186 - - [23/Feb/2026:17:02:09 +0000] "GET /wp-sitemap-taxonomies-product_cat-1.xml HTTP/1.1" 200 320 "-" "Mozilla/5.0 (compatible; AhrefsBot/7.0; +http://ahrefs.com/robot/)"
172.187.168.139 - - [23/Feb/2026:17:02:14 +0000] "POST /wp-cron.php?doing_wp_cron=1771866134.0415110588073730468750 HTTP/1.1" 200 31 "-" "WordPress/6.9; https://dreamstour-wp.dreamsmarketplace.com"
198.244.168.170 - - [23/Feb/2026:17:02:14 +0000] "GET /wp-sitemap-taxonomies-tour_category-1.xml HTTP/1.1" 200 782 "-" "Mozilla/5.0 (compatible; AhrefsBot/7.0; +http://ahrefs.com/robot/)"
198.244.242.240 - - [23/Feb/2026:17:02:18 +0000] "GET /wp-sitemap-taxonomies-tour_duration_days-1.xml HTTP/1.1" 200 775 "-" "Mozilla/5.0 (compatible; AhrefsBot/7.0; +http://ahrefs.com/robot/)"
51.195.215.9 - - [23/Feb/2026:17:02:22 +0000] "GET /wp-sitemap-taxonomies-tour_duration_nights-1.xml HTTP/1.1" 200 798 "-" "Mozilla/5.0 (compatible; AhrefsBot/7.0; +http://ahrefs.com/robot/)"
54.38.147.183 - - [23/Feb/2026:17:02:26 +0000] "GET /wp-sitemap-taxonomies-tour_country-1.xml HTTP/1.1" 200 496 "-" "Mozilla/5.0 (compatible; AhrefsBot/7.0; +http://ahrefs.com/robot/)"
198.244.242.206 - - [23/Feb/2026:17:02:30 +0000] "GET /wp-sitemap-taxonomies-tour_activities-1.xml HTTP/1.1" 200 813 "-" "Mozilla/5.0 (compatible; AhrefsBot/7.0; +http://ahrefs.com/robot/)"
54.38.147.152 - - [23/Feb/2026:17:02:34 +0000] "GET /wp-sitemap-taxonomies-tour_includes-1.xml HTTP/1.1" 200 826 "-" "Mozilla/5.0 (compatible; AhrefsBot/7.0; +http://ahrefs.com/robot/)"
51.195.183.212 - - [23/Feb/2026:17:02:38 +0000] "GET /wp-sitemap-taxonomies-tour_excludes-1.xml HTTP/1.1" 200 799 "-" "Mozilla/5.0 (compatible; AhrefsBot/7.0; +http://ahrefs.com/robot/)"
51.195.183.29 - - [23/Feb/2026:17:02:42 +0000] "GET /wp-sitemap-taxonomies-tour_why_book-1.xml HTTP/1.1" 200 722 "-" "Mozilla/5.0 (compatible; AhrefsBot/7.0; +http://ahrefs.com/robot/)"
172.187.168.139 - - [23/Feb/2026:17:20:24 +0000] "POST /wp-cron.php?doing_wp_cron=1771867224.7957000732421875000000 HTTP/1.1" 200 31 "-" "WordPress/6.9; https://dreamstour-wp.dreamsmarketplace.com"
34.203.111.15 - - [23/Feb/2026:17:20:24 +0000] "GET /tour/majestic-peaks/void(0); HTTP/1.1" 301 5 "-" "Mozilla/5.0 AppleWebKit/537.36 (KHTML, like Gecko; compatible; Amazonbot/0.1; +https://developer.amazon.com/support/amazonbot) Chrome/119.0.6045.214 Safari/537.36"
52.45.77.169 - - [23/Feb/2026:17:20:26 +0000] "GET /tour/majestic-peaks/void(0 HTTP/1.1" 404 10359 "-" "Mozilla/5.0 AppleWebKit/537.36 (KHTML, like Gecko; compatible; Amazonbot/0.1; +https://developer.amazon.com/support/amazonbot) Chrome/119.0.6045.214 Safari/537.36"
172.187.168.139 - - [23/Feb/2026:17:33:28 +0000] "POST /wp-cron.php?doing_wp_cron=1771868007.9415049552917480468750 HTTP/1.1" 200 31 "-" "WordPress/6.9; https://dreamstour-wp.dreamsmarketplace.com"
66.249.66.5 - - [23/Feb/2026:17:33:28 +0000] "GET /robots.txt HTTP/1.1" 200 428 "-" "Mozilla/5.0 (compatible; Googlebot/2.1; +http://www.google.com/bot.html)"
66.249.66.165 - - [23/Feb/2026:17:33:29 +0000] "GET /blog-grid/ HTTP/1.1" 200 14698 "-" "Mozilla/5.0 (Linux; Android 6.0.1; Nexus 5X Build/MMB29P) AppleWebKit/537.36 (KHTML, like Gecko) Chrome/144.0.7559.132 Mobile Safari/537.36 (compatible; Googlebot/2.1; +http://www.google.com/bot.html)"
172.187.168.139 - - [23/Feb/2026:17:35:40 +0000] "POST /wp-cron.php?doing_wp_cron=1771868140.1665589809417724609375 HTTP/1.1" 200 31 "-" "WordPress/6.9; https://dreamstour-wp.dreamsmarketplace.com"
14.255.186.142 - - [23/Feb/2026:17:35:40 +0000] "GET /top-10-breath-taking-destinations-you-must-visit-in-2025/void(0) HTTP/1.1" 301 5 "-" "Mozilla/5.0 (Windows NT 10.0; Win64; x64) AppleWebKit/537.36 (KHTML, like Gecko) Chrome/71.0.3578.98 Safari/537.36"
14.255.186.142 - - [23/Feb/2026:17:35:41 +0000] "GET /top-10-breath-taking-destinations-you-must-visit-in-2025/void(0 HTTP/1.1" 404 10359 "-" "Mozilla/5.0 (Windows NT 10.0; Win64; x64) AppleWebKit/537.36 (KHTML, like Gecko) Chrome/71.0.3578.98 Safari/537.36"
172.187.168.139 - - [23/Feb/2026:17:45:18 +0000] "POST /wp-cron.php?doing_wp_cron=1771868717.9535419940948486328125 HTTP/1.1" 200 31 "-" "WordPress/6.9; https://dreamstour-wp.dreamsmarketplace.com"
45.227.253.162 - - [23/Feb/2026:17:45:18 +0000] "GET /wp-login.php HTTP/1.1" 200 2163 "-" "Mozilla/5.0 (Windows NT 10.0; Win64; x64) AppleWebKit/537.36 (KHTML, like Gecko) Chrome/124.0.6367.207 Safari/537.36"
45.227.253.162 - - [23/Feb/2026:17:45:19 +0000] "GET /wp-login.php?wp_lang=en_US HTTP/1.1" 200 2163 "-" "Mozilla/5.0 (Windows NT 10.0; Win64; x64) AppleWebKit/537.36 (KHTML, like Gecko) Chrome/124.0.6367.207 Safari/537.36"
45.227.253.162 - - [23/Feb/2026:17:45:20 +0000] "POST /wp-login.php?wp_lang=en_US HTTP/1.1" 200 2333 "https://dreamstour-wp.dreamsmarketplace.com/wp-login.php?wp_lang=en_US" "Mozilla/5.0 (Windows NT 10.0; Win64; x64) AppleWebKit/537.36 (KHTML, like Gecko) Chrome/124.0.6367.207 Safari/537.36"
45.159.22.91 - - [23/Feb/2026:17:45:21 +0000] "GET /wp-login.php?wp_lang=en_US HTTP/1.1" 200 2163 "-" "Mozilla/5.0 (Windows NT 10.0; Win64; x64) AppleWebKit/537.36 (KHTML, like Gecko) Chrome/124.0.6367.207 Safari/537.36"
45.159.22.91 - - [23/Feb/2026:17:45:23 +0000] "POST /wp-login.php?wp_lang=en_US HTTP/1.1" 200 2351 "https://dreamstour-wp.dreamsmarketplace.com/wp-login.php?wp_lang=en_US" "Mozilla/5.0 (Windows NT 10.0; Win64; x64) AppleWebKit/537.36 (KHTML, like Gecko) Chrome/124.0.6367.207 Safari/537.36"
157.22.74.21 - - [23/Feb/2026:17:45:28 +0000] "GET /wp-login.php?wp_lang=en_US HTTP/1.1" 200 2163 "-" "Mozilla/5.0 (Windows NT 10.0; Win64; x64) AppleWebKit/537.36 (KHTML, like Gecko) Chrome/124.0.6367.207 Safari/537.36"
157.22.74.21 - - [23/Feb/2026:17:45:29 +0000] "POST /wp-login.php?wp_lang=en_US HTTP/1.1" 200 2351 "https://dreamstour-wp.dreamsmarketplace.com/wp-login.php?wp_lang=en_US" "Mozilla/5.0 (Windows NT 10.0; Win64; x64) AppleWebKit/537.36 (KHTML, like Gecko) Chrome/124.0.6367.207 Safari/537.36"
45.148.124.113 - - [23/Feb/2026:17:45:31 +0000] "GET /wp-login.php?wp_lang=en_US HTTP/1.1" 200 2163 "-" "Mozilla/5.0 (Windows NT 10.0; Win64; x64) AppleWebKit/537.36 (KHTML, like Gecko) Chrome/124.0.6367.207 Safari/537.36"
45.148.124.113 - - [23/Feb/2026:17:45:33 +0000] "POST /wp-login.php?wp_lang=en_US HTTP/1.1" 200 2351 "https://dreamstour-wp.dreamsmarketplace.com/wp-login.php?wp_lang=en_US" "Mozilla/5.0 (Windows NT 10.0; Win64; x64) AppleWebKit/537.36 (KHTML, like Gecko) Chrome/124.0.6367.207 Safari/537.36"
45.66.208.16 - - [23/Feb/2026:17:45:35 +0000] "GET /wp-login.php?wp_lang=en_US HTTP/1.1" 200 2163 "-" "Mozilla/5.0 (Windows NT 10.0; Win64; x64) AppleWebKit/537.36 (KHTML, like Gecko) Chrome/124.0.6367.207 Safari/537.36"
