102.222.232.197 - - [23/Feb/2026:14:31:06 +0000] "GET /wp-content/plugins/woocommerce/assets/js/frontend/woocommerce.min.js?ver=10.4.3 HTTP/1.1" 304 0 "https://dreamstour-wp.dreamsmarketplace.com/sign-in/?client_id=1926101886.0501374260&session_id=9042454720" "Mozilla/5.0 (Windows NT 10.0; Win64; x64) AppleWebKit/537.36 (KHTML, like Gecko) Chrome/144.0.0.0 Safari/537.36"
102.222.232.197 - - [23/Feb/2026:14:31:07 +0000] "GET /wp-includes/js/wp-emoji-release.min.js?ver=6.9 HTTP/1.1" 304 0 "https://dreamstour-wp.dreamsmarketplace.com/sign-in/?client_id=1926101886.0501374260&session_id=9042454720" "Mozilla/5.0 (Windows NT 10.0; Win64; x64) AppleWebKit/537.36 (KHTML, like Gecko) Chrome/144.0.0.0 Safari/537.36"
41.75.173.127 - - [23/Feb/2026:14:31:11 +0000] "POST /wp-admin/admin-ajax.php HTTP/1.1" 200 143 "https://dreamstour-wp.dreamsmarketplace.com/sign-in/?client_id=2047374020.1763558626&session_id=1771856997" "Mozilla/5.0 (Windows NT 10.0; Win64; x64) AppleWebKit/537.36 (KHTML, like Gecko) Chrome/141.0.0.0 Safari/537.36"
41.75.173.127 - - [23/Feb/2026:14:31:14 +0000] "GET / HTTP/1.1" 200 31509 "https://dreamstour-wp.dreamsmarketplace.com/sign-in/?client_id=2047374020.1763558626&session_id=1771856997" "Mozilla/5.0 (Windows NT 10.0; Win64; x64) AppleWebKit/537.36 (KHTML, like Gecko) Chrome/141.0.0.0 Safari/537.36"
41.75.173.127 - - [23/Feb/2026:14:31:15 +0000] "GET /wp-content/plugins/dreamstour-widgets/assets/js/dreamstourelementor-elementor.js?ver=6.9 HTTP/1.1" 304 0 "https://dreamstour-wp.dreamsmarketplace.com/" "Mozilla/5.0 (Windows NT 10.0; Win64; x64) AppleWebKit/537.36 (KHTML, like Gecko) Chrome/141.0.0.0 Safari/537.36"
41.75.173.127 - - [23/Feb/2026:14:31:15 +0000] "GET /wp-content/plugins/elementor/assets/js/webpack.runtime.min.js?ver=3.34.3 HTTP/1.1" 304 0 "https://dreamstour-wp.dreamsmarketplace.com/" "Mozilla/5.0 (Windows NT 10.0; Win64; x64) AppleWebKit/537.36 (KHTML, like Gecko) Chrome/141.0.0.0 Safari/537.36"
41.75.173.127 - - [23/Feb/2026:14:31:15 +0000] "GET /wp-content/plugins/elementor/assets/js/frontend-modules.min.js?ver=3.34.3 HTTP/1.1" 304 0 "https://dreamstour-wp.dreamsmarketplace.com/" "Mozilla/5.0 (Windows NT 10.0; Win64; x64) AppleWebKit/537.36 (KHTML, like Gecko) Chrome/141.0.0.0 Safari/537.36"
41.75.173.127 - - [23/Feb/2026:14:31:15 +0000] "GET /wp-includes/js/jquery/ui/core.min.js?ver=1.13.3 HTTP/1.1" 304 0 "https://dreamstour-wp.dreamsmarketplace.com/" "Mozilla/5.0 (Windows NT 10.0; Win64; x64) AppleWebKit/537.36 (KHTML, like Gecko) Chrome/141.0.0.0 Safari/537.36"
41.75.173.127 - - [23/Feb/2026:14:31:15 +0000] "GET /wp-content/plugins/elementor/assets/js/frontend.min.js?ver=3.34.3 HTTP/1.1" 304 0 "https://dreamstour-wp.dreamsmarketplace.com/" "Mozilla/5.0 (Windows NT 10.0; Win64; x64) AppleWebKit/537.36 (KHTML, like Gecko) Chrome/141.0.0.0 Safari/537.36"
41.75.173.127 - - [23/Feb/2026:14:31:15 +0000] "GET /wp-content/uploads/elementor/css/custom-frontend.min.css?ver=1770249738 HTTP/1.1" 404 10169 "https://dreamstour-wp.dreamsmarketplace.com/" "Mozilla/5.0 (Windows NT 10.0; Win64; x64) AppleWebKit/537.36 (KHTML, like Gecko) Chrome/141.0.0.0 Safari/537.36"
41.75.173.127 - - [23/Feb/2026:14:31:15 +0000] "GET /wp-content/uploads/elementor/css/post-76.css?ver=1770249739 HTTP/1.1" 404 10169 "https://dreamstour-wp.dreamsmarketplace.com/" "Mozilla/5.0 (Windows NT 10.0; Win64; x64) AppleWebKit/537.36 (KHTML, like Gecko) Chrome/141.0.0.0 Safari/537.36"
41.75.173.127 - - [23/Feb/2026:14:31:15 +0000] "GET /wp-content/uploads/elementor/css/post-144.css?ver=1770249738 HTTP/1.1" 404 10169 "https://dreamstour-wp.dreamsmarketplace.com/" "Mozilla/5.0 (Windows NT 10.0; Win64; x64) AppleWebKit/537.36 (KHTML, like Gecko) Chrome/141.0.0.0 Safari/537.36"
41.75.173.127 - - [23/Feb/2026:14:31:16 +0000] "GET /wp-content/uploads/2025/09/banner-01.jpg HTTP/1.1" 304 0 "https://dreamstour-wp.dreamsmarketplace.com/" "Mozilla/5.0 (Windows NT 10.0; Win64; x64) AppleWebKit/537.36 (KHTML, like Gecko) Chrome/141.0.0.0 Safari/537.36"
41.75.173.127 - - [23/Feb/2026:14:31:16 +0000] "GET /wp-content/uploads/2025/09/banner-02.jpg HTTP/1.1" 304 0 "https://dreamstour-wp.dreamsmarketplace.com/" "Mozilla/5.0 (Windows NT 10.0; Win64; x64) AppleWebKit/537.36 (KHTML, like Gecko) Chrome/141.0.0.0 Safari/537.36"
41.75.173.127 - - [23/Feb/2026:14:31:16 +0000] "GET /wp-content/uploads/2025/09/banner-03.jpg HTTP/1.1" 304 0 "https://dreamstour-wp.dreamsmarketplace.com/" "Mozilla/5.0 (Windows NT 10.0; Win64; x64) AppleWebKit/537.36 (KHTML, like Gecko) Chrome/141.0.0.0 Safari/537.36"
41.75.173.127 - - [23/Feb/2026:14:31:16 +0000] "GET /wp-content/uploads/2025/09/banner-04.jpg HTTP/1.1" 304 0 "https://dreamstour-wp.dreamsmarketplace.com/" "Mozilla/5.0 (Windows NT 10.0; Win64; x64) AppleWebKit/537.36 (KHTML, like Gecko) Chrome/141.0.0.0 Safari/537.36"
41.75.173.127 - - [23/Feb/2026:14:31:16 +0000] "GET /wp-content/uploads/2025/09/listing.svg HTTP/1.1" 304 0 "https://dreamstour-wp.dreamsmarketplace.com/" "Mozilla/5.0 (Windows NT 10.0; Win64; x64) AppleWebKit/537.36 (KHTML, like Gecko) Chrome/141.0.0.0 Safari/537.36"
41.75.173.127 - - [23/Feb/2026:14:31:16 +0000] "GET /wp-content/uploads/2025/09/about.png HTTP/1.1" 304 0 "https://dreamstour-wp.dreamsmarketplace.com/" "Mozilla/5.0 (Windows NT 10.0; Win64; x64) AppleWebKit/537.36 (KHTML, like Gecko) Chrome/141.0.0.0 Safari/537.36"
41.75.173.127 - - [23/Feb/2026:14:31:16 +0000] "GET /wp-content/uploads/2025/10/about-bg-01.svg HTTP/1.1" 304 0 "https://dreamstour-wp.dreamsmarketplace.com/" "Mozilla/5.0 (Windows NT 10.0; Win64; x64) AppleWebKit/537.36 (KHTML, like Gecko) Chrome/141.0.0.0 Safari/537.36"
41.75.173.127 - - [23/Feb/2026:14:31:16 +0000] "GET /wp-content/uploads/2025/09/user-02-2.jpg HTTP/1.1" 304 0 "https://dreamstour-wp.dreamsmarketplace.com/" "Mozilla/5.0 (Windows NT 10.0; Win64; x64) AppleWebKit/537.36 (KHTML, like Gecko) Chrome/141.0.0.0 Safari/537.36"
41.75.173.127 - - [23/Feb/2026:14:31:16 +0000] "GET /wp-content/uploads/2025/09/user-20-1.jpg HTTP/1.1" 304 0 "https://dreamstour-wp.dreamsmarketplace.com/" "Mozilla/5.0 (Windows NT 10.0; Win64; x64) AppleWebKit/537.36 (KHTML, like Gecko) Chrome/141.0.0.0 Safari/537.36"
41.75.173.127 - - [23/Feb/2026:14:31:16 +0000] "GET /wp-content/uploads/2025/09/user-06.jpg HTTP/1.1" 304 0 "https://dreamstour-wp.dreamsmarketplace.com/" "Mozilla/5.0 (Windows NT 10.0; Win64; x64) AppleWebKit/537.36 (KHTML, like Gecko) Chrome/141.0.0.0 Safari/537.36"
41.75.173.127 - - [23/Feb/2026:14:31:16 +0000] "GET /wp-content/uploads/2025/09/user-01-2.jpg HTTP/1.1" 304 0 "https://dreamstour-wp.dreamsmarketplace.com/" "Mozilla/5.0 (Windows NT 10.0; Win64; x64) AppleWebKit/537.36 (KHTML, like Gecko) Chrome/141.0.0.0 Safari/537.36"
41.75.173.127 - - [23/Feb/2026:14:31:16 +0000] "GET /wp-content/uploads/2025/09/user-02.jpg HTTP/1.1" 304 0 "https://dreamstour-wp.dreamsmarketplace.com/" "Mozilla/5.0 (Windows NT 10.0; Win64; x64) AppleWebKit/537.36 (KHTML, like Gecko) Chrome/141.0.0.0 Safari/537.36"
41.75.173.127 - - [23/Feb/2026:14:31:16 +0000] "GET /wp-content/uploads/2025/09/client-07-1.svg HTTP/1.1" 304 0 "https://dreamstour-wp.dreamsmarketplace.com/" "Mozilla/5.0 (Windows NT 10.0; Win64; x64) AppleWebKit/537.36 (KHTML, like Gecko) Chrome/141.0.0.0 Safari/537.36"
41.75.173.127 - - [23/Feb/2026:14:31:16 +0000] "GET /wp-content/uploads/2025/09/user-02-1.jpg HTTP/1.1" 304 0 "https://dreamstour-wp.dreamsmarketplace.com/" "Mozilla/5.0 (Windows NT 10.0; Win64; x64) AppleWebKit/537.36 (KHTML, like Gecko) Chrome/141.0.0.0 Safari/537.36"
41.75.173.127 - - [23/Feb/2026:14:31:16 +0000] "GET /wp-content/uploads/2025/09/user-01-3.jpg HTTP/1.1" 304 0 "https://dreamstour-wp.dreamsmarketplace.com/" "Mozilla/5.0 (Windows NT 10.0; Win64; x64) AppleWebKit/537.36 (KHTML, like Gecko) Chrome/141.0.0.0 Safari/537.36"
41.75.173.127 - - [23/Feb/2026:14:31:16 +0000] "GET /wp-content/uploads/2025/09/client-01-1.svg HTTP/1.1" 304 0 "https://dreamstour-wp.dreamsmarketplace.com/" "Mozilla/5.0 (Windows NT 10.0; Win64; x64) AppleWebKit/537.36 (KHTML, like Gecko) Chrome/141.0.0.0 Safari/537.36"
41.75.173.127 - - [23/Feb/2026:14:31:16 +0000] "GET /wp-content/uploads/2025/09/client-03-1.svg HTTP/1.1" 304 0 "https://dreamstour-wp.dreamsmarketplace.com/" "Mozilla/5.0 (Windows NT 10.0; Win64; x64) AppleWebKit/537.36 (KHTML, like Gecko) Chrome/141.0.0.0 Safari/537.36"
41.75.173.127 - - [23/Feb/2026:14:31:16 +0000] "GET /wp-content/themes/dreamstour/assets/images/faq-bg.png HTTP/1.1" 304 0 "https://dreamstour-wp.dreamsmarketplace.com/wp-content/themes/dreamstour/assets/css/style.css" "Mozilla/5.0 (Windows NT 10.0; Win64; x64) AppleWebKit/537.36 (KHTML, like Gecko) Chrome/141.0.0.0 Safari/537.36"
41.75.173.127 - - [23/Feb/2026:14:31:16 +0000] "GET /wp-content/uploads/2025/10/about-bg.png HTTP/1.1" 304 0 "https://dreamstour-wp.dreamsmarketplace.com/" "Mozilla/5.0 (Windows NT 10.0; Win64; x64) AppleWebKit/537.36 (KHTML, like Gecko) Chrome/141.0.0.0 Safari/537.36"
41.75.173.127 - - [23/Feb/2026:14:31:16 +0000] "GET /wp-content/uploads/2025/09/client-05-1.svg HTTP/1.1" 304 0 "https://dreamstour-wp.dreamsmarketplace.com/" "Mozilla/5.0 (Windows NT 10.0; Win64; x64) AppleWebKit/537.36 (KHTML, like Gecko) Chrome/141.0.0.0 Safari/537.36"
41.75.173.127 - - [23/Feb/2026:14:31:16 +0000] "GET /wp-content/uploads/2025/09/client-06-1.svg HTTP/1.1" 304 0 "https://dreamstour-wp.dreamsmarketplace.com/" "Mozilla/5.0 (Windows NT 10.0; Win64; x64) AppleWebKit/537.36 (KHTML, like Gecko) Chrome/141.0.0.0 Safari/537.36"
41.75.173.127 - - [23/Feb/2026:14:31:16 +0000] "GET /wp-content/uploads/2025/09/client-04-1.svg HTTP/1.1" 304 0 "https://dreamstour-wp.dreamsmarketplace.com/" "Mozilla/5.0 (Windows NT 10.0; Win64; x64) AppleWebKit/537.36 (KHTML, like Gecko) Chrome/141.0.0.0 Safari/537.36"
41.75.173.127 - - [23/Feb/2026:14:31:16 +0000] "GET /wp-content/themes/dreamstour/assets/images/blog-list-01.jpg HTTP/1.1" 304 0 "https://dreamstour-wp.dreamsmarketplace.com/" "Mozilla/5.0 (Windows NT 10.0; Win64; x64) AppleWebKit/537.36 (KHTML, like Gecko) Chrome/141.0.0.0 Safari/537.36"
41.75.173.127 - - [23/Feb/2026:14:31:16 +0000] "GET /wp-content/uploads/2025/09/client-02-1.svg HTTP/1.1" 304 0 "https://dreamstour-wp.dreamsmarketplace.com/" "Mozilla/5.0 (Windows NT 10.0; Win64; x64) AppleWebKit/537.36 (KHTML, like Gecko) Chrome/141.0.0.0 Safari/537.36"
41.75.173.127 - - [23/Feb/2026:14:31:16 +0000] "GET /wp-content/uploads/2025/09/update-bg-1.png HTTP/1.1" 304 0 "https://dreamstour-wp.dreamsmarketplace.com/" "Mozilla/5.0 (Windows NT 10.0; Win64; x64) AppleWebKit/537.36 (KHTML, like Gecko) Chrome/141.0.0.0 Safari/537.36"
41.75.173.127 - - [23/Feb/2026:14:31:16 +0000] "GET /wp-content/uploads/2025/09/user-03-1.jpg HTTP/1.1" 304 0 "https://dreamstour-wp.dreamsmarketplace.com/" "Mozilla/5.0 (Windows NT 10.0; Win64; x64) AppleWebKit/537.36 (KHTML, like Gecko) Chrome/141.0.0.0 Safari/537.36"
41.75.173.127 - - [23/Feb/2026:14:31:16 +0000] "GET /wp-content/themes/dreamstour/assets/images/benefit-bg.png HTTP/1.1" 304 0 "https://dreamstour-wp.dreamsmarketplace.com/wp-content/themes/dreamstour/assets/css/style.css" "Mozilla/5.0 (Windows NT 10.0; Win64; x64) AppleWebKit/537.36 (KHTML, like Gecko) Chrome/141.0.0.0 Safari/537.36"
41.75.173.127 - - [23/Feb/2026:14:31:16 +0000] "GET /wp-content/uploads/2025/09/video-1.jpg HTTP/1.1" 304 0 "https://dreamstour-wp.dreamsmarketplace.com/" "Mozilla/5.0 (Windows NT 10.0; Win64; x64) AppleWebKit/537.36 (KHTML, like Gecko) Chrome/141.0.0.0 Safari/537.36"
41.75.173.127 - - [23/Feb/2026:14:31:16 +0000] "GET /wp-content/themes/dreamstour/assets/images/star-icon.svg HTTP/1.1" 304 0 "https://dreamstour-wp.dreamsmarketplace.com/wp-content/themes/dreamstour/assets/css/style.css" "Mozilla/5.0 (Windows NT 10.0; Win64; x64) AppleWebKit/537.36 (KHTML, like Gecko) Chrome/141.0.0.0 Safari/537.36"
41.75.173.127 - - [23/Feb/2026:14:31:16 +0000] "GET /wp-content/plugins/elementor/assets/js/section-frontend-handlers.d85ab872da118940910d.bundle.min.js HTTP/1.1" 304 0 "https://dreamstour-wp.dreamsmarketplace.com/" "Mozilla/5.0 (Windows NT 10.0; Win64; x64) AppleWebKit/537.36 (KHTML, like Gecko) Chrome/141.0.0.0 Safari/537.36"
41.75.173.127 - - [23/Feb/2026:14:31:17 +0000] "GET /wp-content/plugins/elementor/assets/js/shared-frontend-handlers.03caa53373b56d3bab67.bundle.min.js HTTP/1.1" 304 0 "https://dreamstour-wp.dreamsmarketplace.com/" "Mozilla/5.0 (Windows NT 10.0; Win64; x64) AppleWebKit/537.36 (KHTML, like Gecko) Chrome/141.0.0.0 Safari/537.36"
41.75.173.127 - - [23/Feb/2026:14:31:17 +0000] "GET /wp-content/themes/dreamstour/assets/images/payment/visa.svg HTTP/1.1" 404 10169 "https://dreamstour-wp.dreamsmarketplace.com/" "Mozilla/5.0 (Windows NT 10.0; Win64; x64) AppleWebKit/537.36 (KHTML, like Gecko) Chrome/141.0.0.0 Safari/537.36"
41.75.173.127 - - [23/Feb/2026:14:31:17 +0000] "GET /wp-content/themes/dreamstour/assets/images/payment/mastercard.svg HTTP/1.1" 404 10169 "https://dreamstour-wp.dreamsmarketplace.com/" "Mozilla/5.0 (Windows NT 10.0; Win64; x64) AppleWebKit/537.36 (KHTML, like Gecko) Chrome/141.0.0.0 Safari/537.36"
41.75.173.127 - - [23/Feb/2026:14:31:17 +0000] "GET /wp-json/contact-form-7/v1/contact-forms/523/feedback/schema HTTP/1.1" 200 345 "https://dreamstour-wp.dreamsmarketplace.com/" "Mozilla/5.0 (Windows NT 10.0; Win64; x64) AppleWebKit/537.36 (KHTML, like Gecko) Chrome/141.0.0.0 Safari/537.36"
102.222.232.197 - - [23/Feb/2026:14:31:19 +0000] "GET /wp-content/uploads/2025/09/favicon-1-100x100.png HTTP/1.1" 304 0 "https://dreamstour-wp.dreamsmarketplace.com/sign-in/?client_id=1926101886.0501374260&session_id=9042454720" "Mozilla/5.0 (Windows NT 10.0; Win64; x64) AppleWebKit/537.36 (KHTML, like Gecko) Chrome/144.0.0.0 Safari/537.36"
41.75.173.127 - - [23/Feb/2026:14:31:27 +0000] "GET / HTTP/1.1" 200 31476 "https://dreamstour-wp.dreamsmarketplace.com/" "Mozilla/5.0 (Windows NT 10.0; Win64; x64) AppleWebKit/537.36 (KHTML, like Gecko) Chrome/141.0.0.0 Safari/537.36"
41.75.173.127 - - [23/Feb/2026:14:31:29 +0000] "GET /wp-content/uploads/elementor/css/custom-frontend.min.css?ver=1770249738 HTTP/1.1" 404 10169 "https://dreamstour-wp.dreamsmarketplace.com/" "Mozilla/5.0 (Windows NT 10.0; Win64; x64) AppleWebKit/537.36 (KHTML, like Gecko) Chrome/141.0.0.0 Safari/537.36"
41.75.173.127 - - [23/Feb/2026:14:31:29 +0000] "GET /wp-content/uploads/elementor/css/post-76.css?ver=1770249739 HTTP/1.1" 404 10169 "https://dreamstour-wp.dreamsmarketplace.com/" "Mozilla/5.0 (Windows NT 10.0; Win64; x64) AppleWebKit/537.36 (KHTML, like Gecko) Chrome/141.0.0.0 Safari/537.36"
41.75.173.127 - - [23/Feb/2026:14:31:29 +0000] "GET /wp-content/uploads/elementor/css/post-144.css?ver=1770249738 HTTP/1.1" 404 10169 "https://dreamstour-wp.dreamsmarketplace.com/" "Mozilla/5.0 (Windows NT 10.0; Win64; x64) AppleWebKit/537.36 (KHTML, like Gecko) Chrome/141.0.0.0 Safari/537.36"
41.75.173.127 - - [23/Feb/2026:14:31:30 +0000] "GET /wp-content/themes/dreamstour/assets/images/payment/visa.svg HTTP/1.1" 404 10169 "https://dreamstour-wp.dreamsmarketplace.com/" "Mozilla/5.0 (Windows NT 10.0; Win64; x64) AppleWebKit/537.36 (KHTML, like Gecko) Chrome/141.0.0.0 Safari/537.36"
41.75.173.127 - - [23/Feb/2026:14:31:30 +0000] "GET /wp-content/themes/dreamstour/assets/images/payment/mastercard.svg HTTP/1.1" 404 10169 "https://dreamstour-wp.dreamsmarketplace.com/" "Mozilla/5.0 (Windows NT 10.0; Win64; x64) AppleWebKit/537.36 (KHTML, like Gecko) Chrome/141.0.0.0 Safari/537.36"
41.75.173.127 - - [23/Feb/2026:14:31:31 +0000] "GET /wp-json/contact-form-7/v1/contact-forms/523/feedback/schema HTTP/1.1" 200 345 "https://dreamstour-wp.dreamsmarketplace.com/" "Mozilla/5.0 (Windows NT 10.0; Win64; x64) AppleWebKit/537.36 (KHTML, like Gecko) Chrome/141.0.0.0 Safari/537.36"
41.75.173.127 - - [23/Feb/2026:14:31:37 +0000] "GET /?ref=settings&type=agent HTTP/1.1" 200 31461 "https://dreamstour-wp.dreamsmarketplace.com/" "Mozilla/5.0 (Windows NT 10.0; Win64; x64) AppleWebKit/537.36 (KHTML, like Gecko) Chrome/141.0.0.0 Safari/537.36"
41.75.173.127 - - [23/Feb/2026:14:31:39 +0000] "GET /wp-content/uploads/elementor/css/custom-frontend.min.css?ver=1770249738 HTTP/1.1" 404 10169 "https://dreamstour-wp.dreamsmarketplace.com/?ref=settings&type=agent" "Mozilla/5.0 (Windows NT 10.0; Win64; x64) AppleWebKit/537.36 (KHTML, like Gecko) Chrome/141.0.0.0 Safari/537.36"
41.75.173.127 - - [23/Feb/2026:14:31:39 +0000] "GET /wp-content/uploads/elementor/css/post-76.css?ver=1770249739 HTTP/1.1" 404 10169 "https://dreamstour-wp.dreamsmarketplace.com/?ref=settings&type=agent" "Mozilla/5.0 (Windows NT 10.0; Win64; x64) AppleWebKit/537.36 (KHTML, like Gecko) Chrome/141.0.0.0 Safari/537.36"
41.75.173.127 - - [23/Feb/2026:14:31:39 +0000] "GET /wp-content/uploads/elementor/css/post-144.css?ver=1770249738 HTTP/1.1" 404 10169 "https://dreamstour-wp.dreamsmarketplace.com/?ref=settings&type=agent" "Mozilla/5.0 (Windows NT 10.0; Win64; x64) AppleWebKit/537.36 (KHTML, like Gecko) Chrome/141.0.0.0 Safari/537.36"
41.75.173.127 - - [23/Feb/2026:14:31:40 +0000] "GET /wp-content/themes/dreamstour/assets/images/payment/visa.svg HTTP/1.1" 404 10169 "https://dreamstour-wp.dreamsmarketplace.com/?ref=settings&type=agent" "Mozilla/5.0 (Windows NT 10.0; Win64; x64) AppleWebKit/537.36 (KHTML, like Gecko) Chrome/141.0.0.0 Safari/537.36"
41.75.173.127 - - [23/Feb/2026:14:31:40 +0000] "GET /wp-content/themes/dreamstour/assets/images/payment/mastercard.svg HTTP/1.1" 404 10169 "https://dreamstour-wp.dreamsmarketplace.com/?ref=settings&type=agent" "Mozilla/5.0 (Windows NT 10.0; Win64; x64) AppleWebKit/537.36 (KHTML, like Gecko) Chrome/141.0.0.0 Safari/537.36"
41.75.173.127 - - [23/Feb/2026:14:31:41 +0000] "GET /wp-json/contact-form-7/v1/contact-forms/523/feedback/schema HTTP/1.1" 200 345 "https://dreamstour-wp.dreamsmarketplace.com/?ref=settings&type=agent" "Mozilla/5.0 (Windows NT 10.0; Win64; x64) AppleWebKit/537.36 (KHTML, like Gecko) Chrome/141.0.0.0 Safari/537.36"
172.187.168.139 - - [23/Feb/2026:14:31:51 +0000] "POST /wp-cron.php?doing_wp_cron=1771857111.9086000919342041015625 HTTP/1.1" 200 31 "-" "WordPress/6.9; https://dreamstour-wp.dreamsmarketplace.com"
41.75.173.127 - - [23/Feb/2026:14:31:51 +0000] "GET /tour/frosted-peaks/ HTTP/1.1" 200 23415 "https://dreamstour-wp.dreamsmarketplace.com/?ref=settings&type=agent" "Mozilla/5.0 (Windows NT 10.0; Win64; x64) AppleWebKit/537.36 (KHTML, like Gecko) Chrome/141.0.0.0 Safari/537.36"
41.75.173.127 - - [23/Feb/2026:14:31:52 +0000] "GET /wp-content/uploads/2025/09/itenary_2_1758276336-300x300.jpeg HTTP/1.1" 200 26797 "https://dreamstour-wp.dreamsmarketplace.com/tour/frosted-peaks/" "Mozilla/5.0 (Windows NT 10.0; Win64; x64) AppleWebKit/537.36 (KHTML, like Gecko) Chrome/141.0.0.0 Safari/537.36"
41.75.173.127 - - [23/Feb/2026:14:31:52 +0000] "GET /wp-content/uploads/2025/09/itenary_3_1758276374-300x300.jpeg HTTP/1.1" 200 31670 "https://dreamstour-wp.dreamsmarketplace.com/tour/frosted-peaks/" "Mozilla/5.0 (Windows NT 10.0; Win64; x64) AppleWebKit/537.36 (KHTML, like Gecko) Chrome/141.0.0.0 Safari/537.36"
41.75.173.127 - - [23/Feb/2026:14:31:52 +0000] "GET /wp-content/uploads/2025/09/itenary_1_1758191414-300x300.jpeg HTTP/1.1" 200 33251 "https://dreamstour-wp.dreamsmarketplace.com/tour/frosted-peaks/" "Mozilla/5.0 (Windows NT 10.0; Win64; x64) AppleWebKit/537.36 (KHTML, like Gecko) Chrome/141.0.0.0 Safari/537.36"
41.75.173.127 - - [23/Feb/2026:14:31:53 +0000] "GET /wp-content/themes/dreamstour/assets/images/payment/mastercard.svg HTTP/1.1" 404 10169 "https://dreamstour-wp.dreamsmarketplace.com/tour/frosted-peaks/" "Mozilla/5.0 (Windows NT 10.0; Win64; x64) AppleWebKit/537.36 (KHTML, like Gecko) Chrome/141.0.0.0 Safari/537.36"
41.75.173.127 - - [23/Feb/2026:14:31:53 +0000] "GET /wp-content/themes/dreamstour/assets/images/payment/visa.svg HTTP/1.1" 404 10169 "https://dreamstour-wp.dreamsmarketplace.com/tour/frosted-peaks/" "Mozilla/5.0 (Windows NT 10.0; Win64; x64) AppleWebKit/537.36 (KHTML, like Gecko) Chrome/141.0.0.0 Safari/537.36"
172.187.168.139 - - [23/Feb/2026:14:31:58 +0000] "POST /wp-cron.php?doing_wp_cron=1771857118.2896199226379394531250 HTTP/1.1" 200 31 "-" "WordPress/6.9; https://dreamstour-wp.dreamsmarketplace.com"
41.75.173.127 - - [23/Feb/2026:14:31:58 +0000] "GET /tour/frosted-peaks/ HTTP/1.1" 200 23415 "https://dreamstour-wp.dreamsmarketplace.com/tour/frosted-peaks/" "Mozilla/5.0 (Windows NT 10.0; Win64; x64) AppleWebKit/537.36 (KHTML, like Gecko) Chrome/141.0.0.0 Safari/537.36"
41.75.173.127 - - [23/Feb/2026:14:31:59 +0000] "GET /wp-content/themes/dreamstour/assets/images/payment/mastercard.svg HTTP/1.1" 404 10169 "https://dreamstour-wp.dreamsmarketplace.com/tour/frosted-peaks/" "Mozilla/5.0 (Windows NT 10.0; Win64; x64) AppleWebKit/537.36 (KHTML, like Gecko) Chrome/141.0.0.0 Safari/537.36"
41.75.173.127 - - [23/Feb/2026:14:31:59 +0000] "GET /wp-content/themes/dreamstour/assets/images/payment/visa.svg HTTP/1.1" 404 10169 "https://dreamstour-wp.dreamsmarketplace.com/tour/frosted-peaks/" "Mozilla/5.0 (Windows NT 10.0; Win64; x64) AppleWebKit/537.36 (KHTML, like Gecko) Chrome/141.0.0.0 Safari/537.36"
41.75.173.127 - - [23/Feb/2026:14:32:23 +0000] "GET /wp-login.php?action=logout&redirect_to=https%3A%2F%2Fdreamstour-wp.dreamsmarketplace.com&_wpnonce=ef9108221c HTTP/1.1" 302 5 "https://dreamstour-wp.dreamsmarketplace.com/tour/frosted-peaks/" "Mozilla/5.0 (Windows NT 10.0; Win64; x64) AppleWebKit/537.36 (KHTML, like Gecko) Chrome/141.0.0.0 Safari/537.36"
41.75.173.127 - - [23/Feb/2026:14:32:24 +0000] "GET / HTTP/1.1" 200 31242 "https://dreamstour-wp.dreamsmarketplace.com/tour/frosted-peaks/" "Mozilla/5.0 (Windows NT 10.0; Win64; x64) AppleWebKit/537.36 (KHTML, like Gecko) Chrome/141.0.0.0 Safari/537.36"
41.75.173.127 - - [23/Feb/2026:14:32:26 +0000] "GET /wp-content/uploads/elementor/css/post-144.css?ver=1770249738 HTTP/1.1" 404 10359 "https://dreamstour-wp.dreamsmarketplace.com/" "Mozilla/5.0 (Windows NT 10.0; Win64; x64) AppleWebKit/537.36 (KHTML, like Gecko) Chrome/141.0.0.0 Safari/537.36"
41.75.173.127 - - [23/Feb/2026:14:32:26 +0000] "GET /wp-content/uploads/elementor/css/post-76.css?ver=1770249739 HTTP/1.1" 404 10359 "https://dreamstour-wp.dreamsmarketplace.com/" "Mozilla/5.0 (Windows NT 10.0; Win64; x64) AppleWebKit/537.36 (KHTML, like Gecko) Chrome/141.0.0.0 Safari/537.36"
41.75.173.127 - - [23/Feb/2026:14:32:26 +0000] "GET /wp-content/uploads/elementor/css/custom-frontend.min.css?ver=1770249738 HTTP/1.1" 404 10359 "https://dreamstour-wp.dreamsmarketplace.com/" "Mozilla/5.0 (Windows NT 10.0; Win64; x64) AppleWebKit/537.36 (KHTML, like Gecko) Chrome/141.0.0.0 Safari/537.36"
41.75.173.127 - - [23/Feb/2026:14:32:27 +0000] "GET /wp-content/themes/dreamstour/assets/images/payment/visa.svg HTTP/1.1" 404 10359 "https://dreamstour-wp.dreamsmarketplace.com/" "Mozilla/5.0 (Windows NT 10.0; Win64; x64) AppleWebKit/537.36 (KHTML, like Gecko) Chrome/141.0.0.0 Safari/537.36"
41.75.173.127 - - [23/Feb/2026:14:32:27 +0000] "GET /wp-content/themes/dreamstour/assets/images/payment/mastercard.svg HTTP/1.1" 404 10359 "https://dreamstour-wp.dreamsmarketplace.com/" "Mozilla/5.0 (Windows NT 10.0; Win64; x64) AppleWebKit/537.36 (KHTML, like Gecko) Chrome/141.0.0.0 Safari/537.36"
41.75.173.127 - - [23/Feb/2026:14:32:28 +0000] "GET /wp-json/contact-form-7/v1/contact-forms/523/feedback/schema HTTP/1.1" 401 85 "https://dreamstour-wp.dreamsmarketplace.com/" "Mozilla/5.0 (Windows NT 10.0; Win64; x64) AppleWebKit/537.36 (KHTML, like Gecko) Chrome/141.0.0.0 Safari/537.36"
41.75.173.127 - - [23/Feb/2026:14:32:32 +0000] "GET /sign-in/?client_id=2047374020.1763558626&session_id=1771856997 HTTP/1.1" 200 12023 "https://themeforest.net/" "Mozilla/5.0 (Windows NT 10.0; Win64; x64) AppleWebKit/537.36 (KHTML, like Gecko) Chrome/141.0.0.0 Safari/537.36"
41.75.173.127 - - [23/Feb/2026:14:32:49 +0000] "POST /wp-admin/admin-ajax.php HTTP/1.1" 200 272 "https://dreamstour-wp.dreamsmarketplace.com/sign-in/?client_id=2047374020.1763558626&session_id=1771856997" "Mozilla/5.0 (Windows NT 10.0; Win64; x64) AppleWebKit/537.36 (KHTML, like Gecko) Chrome/141.0.0.0 Safari/537.36"
172.187.168.139 - - [23/Feb/2026:14:32:59 +0000] "POST /wp-cron.php?doing_wp_cron=1771857179.8788731098175048828125 HTTP/1.1" 200 31 "-" "WordPress/6.9; https://dreamstour-wp.dreamsmarketplace.com"
41.75.173.127 - - [23/Feb/2026:14:32:59 +0000] "POST /wp-admin/admin-ajax.php HTTP/1.1" 200 272 "https://dreamstour-wp.dreamsmarketplace.com/sign-in/?client_id=2047374020.1763558626&session_id=1771856997" "Mozilla/5.0 (Windows NT 10.0; Win64; x64) AppleWebKit/537.36 (KHTML, like Gecko) Chrome/141.0.0.0 Safari/537.36"
41.75.173.127 - - [23/Feb/2026:14:33:10 +0000] "POST /wp-admin/admin-ajax.php HTTP/1.1" 200 143 "https://dreamstour-wp.dreamsmarketplace.com/sign-in/?client_id=2047374020.1763558626&session_id=1771856997" "Mozilla/5.0 (Windows NT 10.0; Win64; x64) AppleWebKit/537.36 (KHTML, like Gecko) Chrome/141.0.0.0 Safari/537.36"
41.75.173.127 - - [23/Feb/2026:14:33:13 +0000] "GET / HTTP/1.1" 200 31655 "https://dreamstour-wp.dreamsmarketplace.com/sign-in/?client_id=2047374020.1763558626&session_id=1771856997" "Mozilla/5.0 (Windows NT 10.0; Win64; x64) AppleWebKit/537.36 (KHTML, like Gecko) Chrome/141.0.0.0 Safari/537.36"
41.75.173.127 - - [23/Feb/2026:14:33:14 +0000] "GET /wp-content/uploads/elementor/css/post-76.css?ver=1770249739 HTTP/1.1" 404 10169 "https://dreamstour-wp.dreamsmarketplace.com/" "Mozilla/5.0 (Windows NT 10.0; Win64; x64) AppleWebKit/537.36 (KHTML, like Gecko) Chrome/141.0.0.0 Safari/537.36"
41.75.173.127 - - [23/Feb/2026:14:33:14 +0000] "GET /wp-content/uploads/elementor/css/custom-frontend.min.css?ver=1770249738 HTTP/1.1" 404 10169 "https://dreamstour-wp.dreamsmarketplace.com/" "Mozilla/5.0 (Windows NT 10.0; Win64; x64) AppleWebKit/537.36 (KHTML, like Gecko) Chrome/141.0.0.0 Safari/537.36"
41.75.173.127 - - [23/Feb/2026:14:33:14 +0000] "GET /wp-content/uploads/elementor/css/post-144.css?ver=1770249738 HTTP/1.1" 404 10169 "https://dreamstour-wp.dreamsmarketplace.com/" "Mozilla/5.0 (Windows NT 10.0; Win64; x64) AppleWebKit/537.36 (KHTML, like Gecko) Chrome/141.0.0.0 Safari/537.36"
41.75.173.127 - - [23/Feb/2026:14:33:16 +0000] "GET /wp-content/themes/dreamstour/assets/images/payment/visa.svg HTTP/1.1" 404 10169 "https://dreamstour-wp.dreamsmarketplace.com/" "Mozilla/5.0 (Windows NT 10.0; Win64; x64) AppleWebKit/537.36 (KHTML, like Gecko) Chrome/141.0.0.0 Safari/537.36"
41.75.173.127 - - [23/Feb/2026:14:33:16 +0000] "GET /wp-content/themes/dreamstour/assets/images/payment/mastercard.svg HTTP/1.1" 404 10169 "https://dreamstour-wp.dreamsmarketplace.com/" "Mozilla/5.0 (Windows NT 10.0; Win64; x64) AppleWebKit/537.36 (KHTML, like Gecko) Chrome/141.0.0.0 Safari/537.36"
41.75.173.127 - - [23/Feb/2026:14:33:16 +0000] "GET /wp-json/contact-form-7/v1/contact-forms/523/feedback/schema HTTP/1.1" 200 345 "https://dreamstour-wp.dreamsmarketplace.com/" "Mozilla/5.0 (Windows NT 10.0; Win64; x64) AppleWebKit/537.36 (KHTML, like Gecko) Chrome/141.0.0.0 Safari/537.36"
172.187.168.139 - - [23/Feb/2026:14:33:24 +0000] "POST /wp-cron.php?doing_wp_cron=1771857204.6992020606994628906250 HTTP/1.1" 200 31 "-" "WordPress/6.9; https://dreamstour-wp.dreamsmarketplace.com"
41.75.173.127 - - [23/Feb/2026:14:33:24 +0000] "GET /tour/frosted-peaks/ HTTP/1.1" 200 23836 "https://dreamstour-wp.dreamsmarketplace.com/" "Mozilla/5.0 (Windows NT 10.0; Win64; x64) AppleWebKit/537.36 (KHTML, like Gecko) Chrome/141.0.0.0 Safari/537.36"
41.75.173.127 - - [23/Feb/2026:14:33:26 +0000] "GET /wp-content/themes/dreamstour/assets/images/payment/visa.svg HTTP/1.1" 404 10169 "https://dreamstour-wp.dreamsmarketplace.com/tour/frosted-peaks/" "Mozilla/5.0 (Windows NT 10.0; Win64; x64) AppleWebKit/537.36 (KHTML, like Gecko) Chrome/141.0.0.0 Safari/537.36"
41.75.173.127 - - [23/Feb/2026:14:33:26 +0000] "GET /wp-content/themes/dreamstour/assets/images/payment/mastercard.svg HTTP/1.1" 404 10169 "https://dreamstour-wp.dreamsmarketplace.com/tour/frosted-peaks/" "Mozilla/5.0 (Windows NT 10.0; Win64; x64) AppleWebKit/537.36 (KHTML, like Gecko) Chrome/141.0.0.0 Safari/537.36"
41.75.173.127 - - [23/Feb/2026:14:33:37 +0000] "POST /wp-admin/admin-ajax.php HTTP/1.1" 200 168 "https://dreamstour-wp.dreamsmarketplace.com/tour/frosted-peaks/" "Mozilla/5.0 (Windows NT 10.0; Win64; x64) AppleWebKit/537.36 (KHTML, like Gecko) Chrome/141.0.0.0 Safari/537.36"
41.75.173.127 - - [23/Feb/2026:14:33:40 +0000] "GET /checkout/ HTTP/1.1" 200 46685 "https://dreamstour-wp.dreamsmarketplace.com/tour/frosted-peaks/" "Mozilla/5.0 (Windows NT 10.0; Win64; x64) AppleWebKit/537.36 (KHTML, like Gecko) Chrome/141.0.0.0 Safari/537.36"
41.75.173.127 - - [23/Feb/2026:14:33:40 +0000] "GET /wp-content/plugins/woocommerce/assets/js/selectWoo/selectWoo.full.min.js?ver=1.0.9-wc.10.4.3 HTTP/1.1" 200 77915 "https://dreamstour-wp.dreamsmarketplace.com/checkout/" "Mozilla/5.0 (Windows NT 10.0; Win64; x64) AppleWebKit/537.36 (KHTML, like Gecko) Chrome/141.0.0.0 Safari/537.36"
41.75.173.127 - - [23/Feb/2026:14:33:41 +0000] "GET /wp-content/plugins/woocommerce/assets/js/frontend/country-select.min.js?ver=10.4.3 HTTP/1.1" 200 3494 "https://dreamstour-wp.dreamsmarketplace.com/checkout/" "Mozilla/5.0 (Windows NT 10.0; Win64; x64) AppleWebKit/537.36 (KHTML, like Gecko) Chrome/141.0.0.0 Safari/537.36"
41.75.173.127 - - [23/Feb/2026:14:33:41 +0000] "GET /wp-content/plugins/woocommerce/assets/js/frontend/address-i18n.min.js?ver=10.4.3 HTTP/1.1" 200 2750 "https://dreamstour-wp.dreamsmarketplace.com/checkout/" "Mozilla/5.0 (Windows NT 10.0; Win64; x64) AppleWebKit/537.36 (KHTML, like Gecko) Chrome/141.0.0.0 Safari/537.36"
41.75.173.127 - - [23/Feb/2026:14:33:41 +0000] "GET /wp-content/plugins/woocommerce/assets/js/frontend/checkout.min.js?ver=10.4.3 HTTP/1.1" 200 19467 "https://dreamstour-wp.dreamsmarketplace.com/checkout/" "Mozilla/5.0 (Windows NT 10.0; Win64; x64) AppleWebKit/537.36 (KHTML, like Gecko) Chrome/141.0.0.0 Safari/537.36"
41.75.173.127 - - [23/Feb/2026:14:33:41 +0000] "GET /wp-includes/js/dist/url.min.js?ver=9e178c9516d1222dc834 HTTP/1.1" 200 8531 "https://dreamstour-wp.dreamsmarketplace.com/checkout/" "Mozilla/5.0 (Windows NT 10.0; Win64; x64) AppleWebKit/537.36 (KHTML, like Gecko) Chrome/141.0.0.0 Safari/537.36"
41.75.173.127 - - [23/Feb/2026:14:33:41 +0000] "GET /wp-includes/js/dist/api-fetch.min.js?ver=3a4d9af2b423048b0dee HTTP/1.1" 200 5799 "https://dreamstour-wp.dreamsmarketplace.com/checkout/" "Mozilla/5.0 (Windows NT 10.0; Win64; x64) AppleWebKit/537.36 (KHTML, like Gecko) Chrome/141.0.0.0 Safari/537.36"
41.75.173.127 - - [23/Feb/2026:14:33:42 +0000] "GET /wp-content/plugins/woocommerce/client/legacy/js/gateways/paypal.js?ver=10.4.3 HTTP/1.1" 404 10169 "https://dreamstour-wp.dreamsmarketplace.com/checkout/" "Mozilla/5.0 (Windows NT 10.0; Win64; x64) AppleWebKit/537.36 (KHTML, like Gecko) Chrome/141.0.0.0 Safari/537.36"
41.75.173.127 - - [23/Feb/2026:14:33:43 +0000] "GET /wp-content/themes/dreamstour/assets/img/icons/tick-circle.svg HTTP/1.1" 404 10169 "https://dreamstour-wp.dreamsmarketplace.com/checkout/" "Mozilla/5.0 (Windows NT 10.0; Win64; x64) AppleWebKit/537.36 (KHTML, like Gecko) Chrome/141.0.0.0 Safari/537.36"
41.75.173.127 - - [23/Feb/2026:14:33:44 +0000] "GET /wp-content/themes/dreamstour/assets/images/payment/mastercard.svg HTTP/1.1" 404 10169 "https://dreamstour-wp.dreamsmarketplace.com/checkout/" "Mozilla/5.0 (Windows NT 10.0; Win64; x64) AppleWebKit/537.36 (KHTML, like Gecko) Chrome/141.0.0.0 Safari/537.36"
41.75.173.127 - - [23/Feb/2026:14:33:44 +0000] "POST /?wc-ajax=update_order_review HTTP/1.1" 200 8195 "https://dreamstour-wp.dreamsmarketplace.com/checkout/" "Mozilla/5.0 (Windows NT 10.0; Win64; x64) AppleWebKit/537.36 (KHTML, like Gecko) Chrome/141.0.0.0 Safari/537.36"
41.75.173.127 - - [23/Feb/2026:14:33:44 +0000] "GET /wp-content/themes/dreamstour/assets/images/payment/visa.svg HTTP/1.1" 404 10169 "https://dreamstour-wp.dreamsmarketplace.com/checkout/" "Mozilla/5.0 (Windows NT 10.0; Win64; x64) AppleWebKit/537.36 (KHTML, like Gecko) Chrome/141.0.0.0 Safari/537.36"
41.75.173.127 - - [23/Feb/2026:14:34:07 +0000] "GET /wp-content/plugins/woocommerce/assets/images/icons/loader.svg HTTP/1.1" 200 158 "https://dreamstour-wp.dreamsmarketplace.com/wp-content/plugins/woocommerce/assets/css/woocommerce.css?ver=10.4.3" "Mozilla/5.0 (Windows NT 10.0; Win64; x64) AppleWebKit/537.36 (KHTML, like Gecko) Chrome/141.0.0.0 Safari/537.36"
172.187.168.139 - - [23/Feb/2026:14:34:10 +0000] "POST /wp-cron.php?doing_wp_cron=1771857250.2538449764251708984375 HTTP/1.1" 200 31 "-" "WordPress/6.9; https://dreamstour-wp.dreamsmarketplace.com"
41.75.173.127 - - [23/Feb/2026:14:34:10 +0000] "POST /?wc-ajax=checkout HTTP/1.1" 200 167 "https://dreamstour-wp.dreamsmarketplace.com/checkout/" "Mozilla/5.0 (Windows NT 10.0; Win64; x64) AppleWebKit/537.36 (KHTML, like Gecko) Chrome/141.0.0.0 Safari/537.36"
41.75.173.127 - - [23/Feb/2026:14:34:11 +0000] "GET /checkout/order-received/1096/?key=wc_order_cYaqna6kFvvCu HTTP/1.1" 200 41599 "https://dreamstour-wp.dreamsmarketplace.com/checkout/" "Mozilla/5.0 (Windows NT 10.0; Win64; x64) AppleWebKit/537.36 (KHTML, like Gecko) Chrome/141.0.0.0 Safari/537.36"
41.75.173.127 - - [23/Feb/2026:14:34:13 +0000] "GET /wp-content/themes/dreamstour/assets/images/payment/mastercard.svg HTTP/1.1" 404 10169 "https://dreamstour-wp.dreamsmarketplace.com/checkout/order-received/1096/?key=wc_order_cYaqna6kFvvCu" "Mozilla/5.0 (Windows NT 10.0; Win64; x64) AppleWebKit/537.36 (KHTML, like Gecko) Chrome/141.0.0.0 Safari/537.36"
41.75.173.127 - - [23/Feb/2026:14:34:13 +0000] "GET /wp-content/themes/dreamstour/assets/images/payment/visa.svg HTTP/1.1" 404 10169 "https://dreamstour-wp.dreamsmarketplace.com/checkout/order-received/1096/?key=wc_order_cYaqna6kFvvCu" "Mozilla/5.0 (Windows NT 10.0; Win64; x64) AppleWebKit/537.36 (KHTML, like Gecko) Chrome/141.0.0.0 Safari/537.36"
41.75.173.127 - - [23/Feb/2026:14:34:13 +0000] "GET /wp-content/plugins/woocommerce/client/legacy/js/gateways/paypal.js?ver=10.4.3 HTTP/1.1" 404 10169 "https://dreamstour-wp.dreamsmarketplace.com/checkout/order-received/1096/?key=wc_order_cYaqna6kFvvCu" "Mozilla/5.0 (Windows NT 10.0; Win64; x64) AppleWebKit/537.36 (KHTML, like Gecko) Chrome/141.0.0.0 Safari/537.36"
41.75.173.127 - - [23/Feb/2026:14:34:21 +0000] "GET /checkout/ HTTP/1.1" 302 5 "https://dreamstour-wp.dreamsmarketplace.com/checkout/order-received/1096/?key=wc_order_cYaqna6kFvvCu" "Mozilla/5.0 (Windows NT 10.0; Win64; x64) AppleWebKit/537.36 (KHTML, like Gecko) Chrome/141.0.0.0 Safari/537.36"
41.75.173.127 - - [23/Feb/2026:14:34:22 +0000] "GET /cart/ HTTP/1.1" 200 38532 "https://dreamstour-wp.dreamsmarketplace.com/checkout/order-received/1096/?key=wc_order_cYaqna6kFvvCu" "Mozilla/5.0 (Windows NT 10.0; Win64; x64) AppleWebKit/537.36 (KHTML, like Gecko) Chrome/141.0.0.0 Safari/537.36"
41.75.173.127 - - [23/Feb/2026:14:34:23 +0000] "GET /wp-content/plugins/woocommerce/assets/js/frontend/cart.min.js?ver=10.4.3 HTTP/1.1" 200 9878 "https://dreamstour-wp.dreamsmarketplace.com/cart/" "Mozilla/5.0 (Windows NT 10.0; Win64; x64) AppleWebKit/537.36 (KHTML, like Gecko) Chrome/141.0.0.0 Safari/537.36"
41.75.173.127 - - [23/Feb/2026:14:34:24 +0000] "GET /wp-content/themes/dreamstour/assets/images/payment/mastercard.svg HTTP/1.1" 404 10169 "https://dreamstour-wp.dreamsmarketplace.com/cart/" "Mozilla/5.0 (Windows NT 10.0; Win64; x64) AppleWebKit/537.36 (KHTML, like Gecko) Chrome/141.0.0.0 Safari/537.36"
41.75.173.127 - - [23/Feb/2026:14:34:24 +0000] "GET /wp-content/themes/dreamstour/libs/images/emptycart.png HTTP/1.1" 404 10169 "https://dreamstour-wp.dreamsmarketplace.com/cart/" "Mozilla/5.0 (Windows NT 10.0; Win64; x64) AppleWebKit/537.36 (KHTML, like Gecko) Chrome/141.0.0.0 Safari/537.36"
41.75.173.127 - - [23/Feb/2026:14:34:24 +0000] "GET /wp-content/themes/dreamstour/assets/images/payment/visa.svg HTTP/1.1" 404 10169 "https://dreamstour-wp.dreamsmarketplace.com/cart/" "Mozilla/5.0 (Windows NT 10.0; Win64; x64) AppleWebKit/537.36 (KHTML, like Gecko) Chrome/141.0.0.0 Safari/537.36"
41.75.173.127 - - [23/Feb/2026:14:34:32 +0000] "GET /home-02/ HTTP/1.1" 200 27528 "https://dreamstour-wp.dreamsmarketplace.com/cart/" "Mozilla/5.0 (Windows NT 10.0; Win64; x64) AppleWebKit/537.36 (KHTML, like Gecko) Chrome/141.0.0.0 Safari/537.36"
41.75.173.127 - - [23/Feb/2026:14:34:34 +0000] "GET /wp-content/uploads/elementor/css/custom-frontend.min.css?ver=1770249738 HTTP/1.1" 404 10169 "https://dreamstour-wp.dreamsmarketplace.com/home-02/" "Mozilla/5.0 (Windows NT 10.0; Win64; x64) AppleWebKit/537.36 (KHTML, like Gecko) Chrome/141.0.0.0 Safari/537.36"
41.75.173.127 - - [23/Feb/2026:14:34:34 +0000] "GET /wp-content/uploads/elementor/css/post-144.css?ver=1770249738 HTTP/1.1" 404 10169 "https://dreamstour-wp.dreamsmarketplace.com/home-02/" "Mozilla/5.0 (Windows NT 10.0; Win64; x64) AppleWebKit/537.36 (KHTML, like Gecko) Chrome/141.0.0.0 Safari/537.36"
172.187.168.139 - - [23/Feb/2026:14:35:03 +0000] "POST /wp-cron.php?doing_wp_cron=1771857303.8249731063842773437500 HTTP/1.1" 200 31 "-" "WordPress/6.9; https://dreamstour-wp.dreamsmarketplace.com"
41.75.173.127 - - [23/Feb/2026:14:35:03 +0000] "GET /dashboard/?ref=settings&type=agent&user_id=16 HTTP/1.1" 200 15822 "https://dreamstour-wp.dreamsmarketplace.com/home-02/" "Mozilla/5.0 (Windows NT 10.0; Win64; x64) AppleWebKit/537.36 (KHTML, like Gecko) Chrome/141.0.0.0 Safari/537.36"
41.75.173.127 - - [23/Feb/2026:14:35:04 +0000] "GET /wp-content/uploads/2025/09/user-33-150x150.jpg HTTP/1.1" 200 4702 "https://dreamstour-wp.dreamsmarketplace.com/dashboard/?ref=settings&type=agent&user_id=16" "Mozilla/5.0 (Windows NT 10.0; Win64; x64) AppleWebKit/537.36 (KHTML, like Gecko) Chrome/141.0.0.0 Safari/537.36"
41.75.173.127 - - [23/Feb/2026:14:35:05 +0000] "GET /wp-content/themes/dreamstour/assets/images/payment/visa.svg HTTP/1.1" 404 10169 "https://dreamstour-wp.dreamsmarketplace.com/dashboard/?ref=settings&type=agent&user_id=16" "Mozilla/5.0 (Windows NT 10.0; Win64; x64) AppleWebKit/537.36 (KHTML, like Gecko) Chrome/141.0.0.0 Safari/537.36"
41.75.173.127 - - [23/Feb/2026:14:35:05 +0000] "GET /wp-content/themes/dreamstour/assets/images/payment/mastercard.svg HTTP/1.1" 404 10169 "https://dreamstour-wp.dreamsmarketplace.com/dashboard/?ref=settings&type=agent&user_id=16" "Mozilla/5.0 (Windows NT 10.0; Win64; x64) AppleWebKit/537.36 (KHTML, like Gecko) Chrome/141.0.0.0 Safari/537.36"
2a03:2880:f800:13:: - - [23/Feb/2026:14:35:15 +0000] "GET /the-ultimate-guide-to-solo-travel-tips-for-first-time-travelers/ HTTP/1.1" 200 17973 "-" "meta-externalagent/1.1 (+https://developers.facebook.com/docs/sharing/webmasters/crawler)"
51.91.76.201 - - [23/Feb/2026:14:35:22 +0000] "GET /wp-login.php HTTP/1.1" 200 2163 "https://dreamstour-wp.dreamstechnologies.com/" "Mozilla/5.0 (Windows NT 10.0; Win64; x64) AppleWebKit/537.36 (KHTML, like Gecko) Chrome/142.0.0.0 Safari/537.36"
51.91.76.201 - - [23/Feb/2026:14:35:23 +0000] "GET /wp-admin/css/forms.min.css?ver=6.9 HTTP/1.1" 304 0 "https://dreamstour-wp.dreamstechnologies.com/" "Mozilla/5.0 (Windows NT 10.0; Win64; x64) AppleWebKit/537.36 (KHTML, like Gecko) Chrome/142.0.0.0 Safari/537.36"
51.91.76.201 - - [23/Feb/2026:14:35:23 +0000] "GET /wp-admin/css/l10n.min.css?ver=6.9 HTTP/1.1" 304 0 "https://dreamstour-wp.dreamstechnologies.com/" "Mozilla/5.0 (Windows NT 10.0; Win64; x64) AppleWebKit/537.36 (KHTML, like Gecko) Chrome/142.0.0.0 Safari/537.36"
51.91.76.201 - - [23/Feb/2026:14:35:23 +0000] "GET /wp-includes/css/buttons.min.css?ver=6.9 HTTP/1.1" 304 0 "https://dreamstour-wp.dreamstechnologies.com/" "Mozilla/5.0 (Windows NT 10.0; Win64; x64) AppleWebKit/537.36 (KHTML, like Gecko) Chrome/142.0.0.0 Safari/537.36"
51.91.76.201 - - [23/Feb/2026:14:35:23 +0000] "GET /wp-admin/css/login.min.css?ver=6.9 HTTP/1.1" 200 6381 "https://dreamstour-wp.dreamstechnologies.com/" "Mozilla/5.0 (Windows NT 10.0; Win64; x64) AppleWebKit/537.36 (KHTML, like Gecko) Chrome/142.0.0.0 Safari/537.36"
51.91.76.201 - - [23/Feb/2026:14:35:23 +0000] "GET /wp-includes/css/dashicons.min.css?ver=6.9 HTTP/1.1" 304 0 "https://dreamstour-wp.dreamstechnologies.com/" "Mozilla/5.0 (Windows NT 10.0; Win64; x64) AppleWebKit/537.36 (KHTML, like Gecko) Chrome/142.0.0.0 Safari/537.36"
41.75.173.127 - - [23/Feb/2026:14:35:23 +0000] "GET /home-02/ HTTP/1.1" 200 27528 "https://dreamstour-wp.dreamsmarketplace.com/cart/" "Mozilla/5.0 (Windows NT 10.0; Win64; x64) AppleWebKit/537.36 (KHTML, like Gecko) Chrome/141.0.0.0 Safari/537.36"
51.91.76.201 - - [23/Feb/2026:14:35:23 +0000] "GET /wp-includes/js/dist/dom-ready.min.js?ver=f77871ff7694fffea381 HTTP/1.1" 200 457 "https://dreamstour-wp.dreamstechnologies.com/" "Mozilla/5.0 (Windows NT 10.0; Win64; x64) AppleWebKit/537.36 (KHTML, like Gecko) Chrome/142.0.0.0 Safari/537.36"
51.91.76.201 - - [23/Feb/2026:14:35:23 +0000] "GET /wp-includes/js/wp-util.min.js?ver=6.9 HTTP/1.1" 200 1426 "https://dreamstour-wp.dreamstechnologies.com/" "Mozilla/5.0 (Windows NT 10.0; Win64; x64) AppleWebKit/537.36 (KHTML, like Gecko) Chrome/142.0.0.0 Safari/537.36"
51.91.76.201 - - [23/Feb/2026:14:35:23 +0000] "GET /wp-includes/js/dist/hooks.min.js?ver=dd5603f07f9220ed27f1 HTTP/1.1" 304 0 "https://dreamstour-wp.dreamstechnologies.com/" "Mozilla/5.0 (Windows NT 10.0; Win64; x64) AppleWebKit/537.36 (KHTML, like Gecko) Chrome/142.0.0.0 Safari/537.36"
51.91.76.201 - - [23/Feb/2026:14:35:23 +0000] "GET /wp-admin/images/wordpress-logo.svg?ver=20131107 HTTP/1.1" 304 0 "https://dreamstour-wp.dreamsmarketplace.com/wp-admin/css/login.min.css?ver=6.9" "Mozilla/5.0 (Windows NT 10.0; Win64; x64) AppleWebKit/537.36 (KHTML, like Gecko) Chrome/142.0.0.0 Safari/537.36"
51.91.76.201 - - [23/Feb/2026:14:35:23 +0000] "GET /wp-includes/js/zxcvbn-async.min.js?ver=1.0 HTTP/1.1" 304 0 "https://dreamstour-wp.dreamstechnologies.com/" "Mozilla/5.0 (Windows NT 10.0; Win64; x64) AppleWebKit/537.36 (KHTML, like Gecko) Chrome/142.0.0.0 Safari/537.36"
51.91.76.201 - - [23/Feb/2026:14:35:23 +0000] "GET /wp-includes/js/jquery/jquery-migrate.min.js?ver=3.4.1 HTTP/1.1" 304 0 "https://dreamstour-wp.dreamstechnologies.com/" "Mozilla/5.0 (Windows NT 10.0; Win64; x64) AppleWebKit/537.36 (KHTML, like Gecko) Chrome/142.0.0.0 Safari/537.36"
51.91.76.201 - - [23/Feb/2026:14:35:23 +0000] "GET /wp-includes/js/dist/a11y.min.js?ver=cb460b4676c94bd228ed HTTP/1.1" 304 0 "https://dreamstour-wp.dreamstechnologies.com/" "Mozilla/5.0 (Windows NT 10.0; Win64; x64) AppleWebKit/537.36 (KHTML, like Gecko) Chrome/142.0.0.0 Safari/537.36"
51.91.76.201 - - [23/Feb/2026:14:35:23 +0000] "GET /wp-includes/js/clipboard.min.js?ver=2.0.11 HTTP/1.1" 304 0 "https://dreamstour-wp.dreamstechnologies.com/" "Mozilla/5.0 (Windows NT 10.0; Win64; x64) AppleWebKit/537.36 (KHTML, like Gecko) Chrome/142.0.0.0 Safari/537.36"
51.91.76.201 - - [23/Feb/2026:14:35:23 +0000] "GET /wp-includes/js/underscore.min.js?ver=1.13.7 HTTP/1.1" 304 0 "https://dreamstour-wp.dreamstechnologies.com/" "Mozilla/5.0 (Windows NT 10.0; Win64; x64) AppleWebKit/537.36 (KHTML, like Gecko) Chrome/142.0.0.0 Safari/537.36"
51.91.76.201 - - [23/Feb/2026:14:35:23 +0000] "GET /wp-admin/js/password-strength-meter.min.js?ver=6.9 HTTP/1.1" 304 0 "https://dreamstour-wp.dreamstechnologies.com/" "Mozilla/5.0 (Windows NT 10.0; Win64; x64) AppleWebKit/537.36 (KHTML, like Gecko) Chrome/142.0.0.0 Safari/537.36"
51.91.76.201 - - [23/Feb/2026:14:35:23 +0000] "GET /wp-admin/js/user-profile.min.js?ver=6.9 HTTP/1.1" 304 0 "https://dreamstour-wp.dreamstechnologies.com/" "Mozilla/5.0 (Windows NT 10.0; Win64; x64) AppleWebKit/537.36 (KHTML, like Gecko) Chrome/142.0.0.0 Safari/537.36"
51.91.76.201 - - [23/Feb/2026:14:35:23 +0000] "GET /wp-includes/js/dist/i18n.min.js?ver=c26c3dc7bed366793375 HTTP/1.1" 304 0 "https://dreamstour-wp.dreamstechnologies.com/" "Mozilla/5.0 (Windows NT 10.0; Win64; x64) AppleWebKit/537.36 (KHTML, like Gecko) Chrome/142.0.0.0 Safari/537.36"
51.91.76.201 - - [23/Feb/2026:14:35:23 +0000] "GET /wp-includes/js/jquery/jquery.min.js?ver=3.7.1 HTTP/1.1" 304 0 "https://dreamstour-wp.dreamstechnologies.com/" "Mozilla/5.0 (Windows NT 10.0; Win64; x64) AppleWebKit/537.36 (KHTML, like Gecko) Chrome/142.0.0.0 Safari/537.36"
51.91.76.201 - - [23/Feb/2026:14:35:24 +0000] "GET /wp-content/uploads/2025/09/favicon-1.png HTTP/1.1" 304 0 "https://dreamstour-wp.dreamstechnologies.com/" "Mozilla/5.0 (Windows NT 10.0; Win64; x64) AppleWebKit/537.36 (KHTML, like Gecko) Chrome/142.0.0.0 Safari/537.36"
51.91.76.201 - - [23/Feb/2026:14:35:24 +0000] "GET /wp-includes/js/zxcvbn.min.js HTTP/1.1" 304 0 "https://dreamstour-wp.dreamstechnologies.com/" "Mozilla/5.0 (Windows NT 10.0; Win64; x64) AppleWebKit/537.36 (KHTML, like Gecko) Chrome/142.0.0.0 Safari/537.36"
52.167.144.197 - - [23/Feb/2026:14:35:25 +0000] "GET /wp-content/themes/dreamstour/assets/images/googleplay.svg HTTP/1.1" 200 8250 "-" "Mozilla/5.0 AppleWebKit/537.36 (KHTML, like Gecko; compatible; bingbot/2.0; +http://www.bing.com/bingbot.htm) Chrome/116.0.1938.76 Safari/537.36"
41.75.173.127 - - [23/Feb/2026:14:35:25 +0000] "GET /wp-content/uploads/elementor/css/custom-frontend.min.css?ver=1770249738 HTTP/1.1" 404 10169 "https://dreamstour-wp.dreamsmarketplace.com/home-02/" "Mozilla/5.0 (Windows NT 10.0; Win64; x64) AppleWebKit/537.36 (KHTML, like Gecko) Chrome/141.0.0.0 Safari/537.36"
41.75.173.127 - - [23/Feb/2026:14:35:25 +0000] "GET /wp-content/uploads/elementor/css/post-144.css?ver=1770249738 HTTP/1.1" 404 10169 "https://dreamstour-wp.dreamsmarketplace.com/home-02/" "Mozilla/5.0 (Windows NT 10.0; Win64; x64) AppleWebKit/537.36 (KHTML, like Gecko) Chrome/141.0.0.0 Safari/537.36"
51.91.76.201 - - [23/Feb/2026:14:35:29 +0000] "POST /wp-login.php HTTP/1.1" 503 18981 "https://dreamstour-wp.dreamstechnologies.com/" "Mozilla/5.0 (Windows NT 10.0; Win64; x64) AppleWebKit/537.36 (KHTML, like Gecko) Chrome/142.0.0.0 Safari/537.36"
41.75.173.127 - - [23/Feb/2026:14:35:32 +0000] "GET /dashboard/?ref=settings&type=agent&user_id=1 HTTP/1.1" 200 15822 "https://dreamstour-wp.dreamsmarketplace.com/home-02/" "Mozilla/5.0 (Windows NT 10.0; Win64; x64) AppleWebKit/537.36 (KHTML, like Gecko) Chrome/141.0.0.0 Safari/537.36"
41.75.173.127 - - [23/Feb/2026:14:35:34 +0000] "GET /wp-content/themes/dreamstour/assets/images/payment/mastercard.svg HTTP/1.1" 404 10169 "https://dreamstour-wp.dreamsmarketplace.com/dashboard/?ref=settings&type=agent&user_id=1" "Mozilla/5.0 (Windows NT 10.0; Win64; x64) AppleWebKit/537.36 (KHTML, like Gecko) Chrome/141.0.0.0 Safari/537.36"
41.75.173.127 - - [23/Feb/2026:14:35:34 +0000] "GET /wp-content/themes/dreamstour/assets/images/payment/visa.svg HTTP/1.1" 404 10169 "https://dreamstour-wp.dreamsmarketplace.com/dashboard/?ref=settings&type=agent&user_id=1" "Mozilla/5.0 (Windows NT 10.0; Win64; x64) AppleWebKit/537.36 (KHTML, like Gecko) Chrome/141.0.0.0 Safari/537.36"
51.91.76.201 - - [23/Feb/2026:14:35:37 +0000] "GET /favicon.ico HTTP/1.1" 503 18981 "https://dreamstour-wp.dreamsmarketplace.com/wp-login.php" "Mozilla/5.0 (Windows NT 10.0; Win64; x64) AppleWebKit/537.36 (KHTML, like Gecko) Chrome/142.0.0.0 Safari/537.36"
172.187.168.139 - - [23/Feb/2026:14:35:53 +0000] "POST /wp-cron.php?doing_wp_cron=1771857353.1745910644531250000000 HTTP/1.1" 200 31 "-" "WordPress/6.9; https://dreamstour-wp.dreamsmarketplace.com"
14.191.193.79 - - [23/Feb/2026:14:35:53 +0000] "GET /most-people-most-likely-agree-with-me-that-buying-a/ HTTP/1.1" 404 10359 "-" "Mozilla/5.0 (Macintosh; Intel Mac OS X 10_14_6) AppleWebKit/537.36 (KHTML, like Gecko) Brave Chrome/80.0.3987.122 Safari/537.36"
51.91.76.201 - - [23/Feb/2026:14:35:57 +0000] "POST /xmlrpc.php HTTP/1.1" 503 18981 "-" "Mozilla/5.0 (Windows NT 10.0; Win64; x64) AppleWebKit/537.36 (KHTML, like Gecko) Chrome/142.0.0.0 Safari/537.36"
172.187.168.139 - - [23/Feb/2026:14:36:09 +0000] "POST /wp-cron.php?doing_wp_cron=1771857369.6718139648437500000000 HTTP/1.1" 200 31 "-" "WordPress/6.9; https://dreamstour-wp.dreamsmarketplace.com"
41.75.173.127 - - [23/Feb/2026:14:36:09 +0000] "GET /wp-login.php?action=logout&redirect_to=https%3A%2F%2Fdreamstour-wp.dreamsmarketplace.com&_wpnonce=176ce8db86 HTTP/1.1" 302 5 "https://dreamstour-wp.dreamsmarketplace.com/dashboard/?ref=settings&type=agent&user_id=1" "Mozilla/5.0 (Windows NT 10.0; Win64; x64) AppleWebKit/537.36 (KHTML, like Gecko) Chrome/141.0.0.0 Safari/537.36"
172.187.168.139 - - [23/Feb/2026:14:36:12 +0000] "POST /wp-cron.php?doing_wp_cron=1771857372.1678628921508789062500 HTTP/1.1" 200 31 "-" "WordPress/6.9; https://dreamstour-wp.dreamsmarketplace.com"
41.75.173.127 - - [23/Feb/2026:14:36:12 +0000] "GET / HTTP/1.1" 200 31218 "https://dreamstour-wp.dreamsmarketplace.com/dashboard/?ref=settings&type=agent&user_id=1" "Mozilla/5.0 (Windows NT 10.0; Win64; x64) AppleWebKit/537.36 (KHTML, like Gecko) Chrome/141.0.0.0 Safari/537.36"
41.75.173.127 - - [23/Feb/2026:14:36:13 +0000] "GET /wp-content/uploads/elementor/css/post-76.css?ver=1770249739 HTTP/1.1" 404 10359 "https://dreamstour-wp.dreamsmarketplace.com/" "Mozilla/5.0 (Windows NT 10.0; Win64; x64) AppleWebKit/537.36 (KHTML, like Gecko) Chrome/141.0.0.0 Safari/537.36"
41.75.173.127 - - [23/Feb/2026:14:36:14 +0000] "GET /wp-content/uploads/elementor/css/custom-frontend.min.css?ver=1770249738 HTTP/1.1" 404 10359 "https://dreamstour-wp.dreamsmarketplace.com/" "Mozilla/5.0 (Windows NT 10.0; Win64; x64) AppleWebKit/537.36 (KHTML, like Gecko) Chrome/141.0.0.0 Safari/537.36"
41.75.173.127 - - [23/Feb/2026:14:36:14 +0000] "GET /wp-content/uploads/elementor/css/post-144.css?ver=1770249738 HTTP/1.1" 404 10359 "https://dreamstour-wp.dreamsmarketplace.com/" "Mozilla/5.0 (Windows NT 10.0; Win64; x64) AppleWebKit/537.36 (KHTML, like Gecko) Chrome/141.0.0.0 Safari/537.36"
41.75.173.127 - - [23/Feb/2026:14:36:15 +0000] "GET /wp-content/themes/dreamstour/assets/images/payment/visa.svg HTTP/1.1" 404 10359 "https://dreamstour-wp.dreamsmarketplace.com/" "Mozilla/5.0 (Windows NT 10.0; Win64; x64) AppleWebKit/537.36 (KHTML, like Gecko) Chrome/141.0.0.0 Safari/537.36"
