138.249.55.8 - - [23/Feb/2026:02:34:05 +0000] "POST /wp-login.php HTTP/1.1" 200 2568 "https://kofejob-wp.dreamsmarketplace.com/wp-login.php" "Mozilla/5.0 (X11; Linux x86_64) AppleWebKit/537.36 (KHTML, like Gecko) Chrome/119.0.0.0 Safari/537.36"
138.249.55.8 - - [23/Feb/2026:02:34:06 +0000] "GET /wp-admin/ HTTP/1.1" 302 5 "https://kofejob-wp.dreamsmarketplace.com/wp-login.php" "Mozilla/5.0 (X11; Linux x86_64) AppleWebKit/537.36 (KHTML, like Gecko) Chrome/119.0.0.0 Safari/537.36"
138.249.55.8 - - [23/Feb/2026:02:34:06 +0000] "GET /wp-login.php?redirect_to=https%3A%2F%2Fkofejob-wp.dreamsmarketplace.com%2Fwp-admin%2F&reauth=1 HTTP/1.1" 200 2428 "https://kofejob-wp.dreamsmarketplace.com/wp-login.php" "Mozilla/5.0 (X11; Linux x86_64) AppleWebKit/537.36 (KHTML, like Gecko) Chrome/119.0.0.0 Safari/537.36"
138.249.76.86 - - [23/Feb/2026:02:34:06 +0000] "GET /wp-login.php HTTP/1.1" 200 2420 "https://www.google.com" "Mozilla/5.0 (X11; Linux x86_64) AppleWebKit/537.36 (KHTML, like Gecko) Chrome/119.0.0.0 Safari/537.36"
138.249.76.86 - - [23/Feb/2026:02:34:07 +0000] "POST /wp-login.php HTTP/1.1" 200 2568 "https://kofejob-wp.dreamsmarketplace.com/wp-login.php" "Mozilla/5.0 (X11; Linux x86_64) AppleWebKit/537.36 (KHTML, like Gecko) Chrome/119.0.0.0 Safari/537.36"
138.249.76.86 - - [23/Feb/2026:02:34:08 +0000] "GET /wp-admin/ HTTP/1.1" 302 5 "https://kofejob-wp.dreamsmarketplace.com/wp-login.php" "Mozilla/5.0 (X11; Linux x86_64) AppleWebKit/537.36 (KHTML, like Gecko) Chrome/119.0.0.0 Safari/537.36"
138.249.76.86 - - [23/Feb/2026:02:34:08 +0000] "GET /wp-login.php?redirect_to=https%3A%2F%2Fkofejob-wp.dreamsmarketplace.com%2Fwp-admin%2F&reauth=1 HTTP/1.1" 200 2428 "https://kofejob-wp.dreamsmarketplace.com/wp-login.php" "Mozilla/5.0 (X11; Linux x86_64) AppleWebKit/537.36 (KHTML, like Gecko) Chrome/119.0.0.0 Safari/537.36"
2a03:2880:f800:3b:: - - [23/Feb/2026:02:34:15 +0000] "GET /2025-baywatch-1-deposit/ HTTP/1.1" 301 178 "-" "meta-externalagent/1.1 (+https://developers.facebook.com/docs/sharing/webmasters/crawler)"
66.249.92.136 - - [23/Feb/2026:02:34:21 +0000] "GET /.well-known/assetlinks.json HTTP/1.1" 404 8448 "-" "Mozilla/5.0 (Windows NT 10.0; Win64; x64)AppleWebKit/537.36 (KHTML, like Gecko) Chrome/91.0.4472.101 Safari/537.36"
2a03:2880:f800:2b:: - - [23/Feb/2026:02:34:21 +0000] "GET /crazy-time-premio-per-nulla-di-tenuta-per-italia/ HTTP/1.1" 301 178 "-" "meta-externalagent/1.1 (+https://developers.facebook.com/docs/sharing/webmasters/crawler)"
66.249.92.195 - - [23/Feb/2026:02:34:45 +0000] "GET /beyond-the-spins-elevate-your-casino-experience/ HTTP/1.1" 200 16594 "-" "Mozilla/5.0 (Linux; Android 6.0.1; Nexus 5X Build/MMB29P) AppleWebKit/537.36 (KHTML, like Gecko) Chrome/144.0.7559.132 Mobile Safari/537.36 (compatible; AdsBot-Google-Mobile; +http://www.google.com/mobile/adsbot.html)"
2a03:2880:f800:2d:: - - [23/Feb/2026:02:34:45 +0000] "GET /cart/ HTTP/1.1" 200 8523 "-" "meta-externalagent/1.1 (+https://developers.facebook.com/docs/sharing/webmasters/crawler)"
66.249.92.195 - - [23/Feb/2026:02:34:50 +0000] "GET /wp-content/themes/kofejob/assets/css/block-styles.css?ver=1.0 HTTP/1.1" 200 175 "https://kofejob-wp.dreamsmarketplace.com/beyond-the-spins-elevate-your-casino-experience/" "AdsBot-Google (+http://www.google.com/adsbot.html)"
66.249.92.162 - - [23/Feb/2026:02:34:50 +0000] "GET /wp-content/themes/kofejob//assets/css/pretty-checkbox.min.css?ver=6.9 HTTP/1.1" 304 0 "https://kofejob-wp.dreamsmarketplace.com/beyond-the-spins-elevate-your-casino-experience/" "AdsBot-Google (+http://www.google.com/adsbot.html)"
66.249.92.195 - - [23/Feb/2026:02:34:50 +0000] "GET /wp-content/themes/kofejob//assets/css/owl.carousel.min.css?ver=6.9 HTTP/1.1" 304 0 "https://kofejob-wp.dreamsmarketplace.com/beyond-the-spins-elevate-your-casino-experience/" "AdsBot-Google (+http://www.google.com/adsbot.html)"
66.249.92.8 - - [23/Feb/2026:02:34:50 +0000] "GET /wp-content/themes/kofejob//assets/css/richtext.min.css?ver=6.9 HTTP/1.1" 200 6871 "https://kofejob-wp.dreamsmarketplace.com/beyond-the-spins-elevate-your-casino-experience/" "AdsBot-Google (+http://www.google.com/adsbot.html)"
66.249.92.135 - - [23/Feb/2026:02:34:50 +0000] "GET /wp-content/themes/kofejob//assets/css/bootstrap.min.css?ver=6.9 HTTP/1.1" 304 0 "https://kofejob-wp.dreamsmarketplace.com/beyond-the-spins-elevate-your-casino-experience/" "AdsBot-Google (+http://www.google.com/adsbot.html)"
66.249.92.8 - - [23/Feb/2026:02:34:50 +0000] "GET /wp-content/themes/kofejob/assets/css/theme-woocommerce.css?ver=6.9 HTTP/1.1" 304 0 "https://kofejob-wp.dreamsmarketplace.com/beyond-the-spins-elevate-your-casino-experience/" "AdsBot-Google (+http://www.google.com/adsbot.html)"
66.249.92.44 - - [23/Feb/2026:02:34:51 +0000] "GET /wp-includes/js/jquery/jquery.min.js?ver=3.7.1 HTTP/1.1" 200 87553 "https://kofejob-wp.dreamsmarketplace.com/beyond-the-spins-elevate-your-casino-experience/" "AdsBot-Google (+http://www.google.com/adsbot.html)"
66.249.92.162 - - [23/Feb/2026:02:34:51 +0000] "GET /wp-content/themes/kofejob//assets/css/select2.min.css?ver=6.9 HTTP/1.1" 200 14966 "https://kofejob-wp.dreamsmarketplace.com/beyond-the-spins-elevate-your-casino-experience/" "AdsBot-Google (+http://www.google.com/adsbot.html)"
66.249.92.162 - - [23/Feb/2026:02:34:51 +0000] "GET /wp-includes/js/jquery/jquery-migrate.min.js?ver=3.4.1 HTTP/1.1" 200 13577 "https://kofejob-wp.dreamsmarketplace.com/beyond-the-spins-elevate-your-casino-experience/" "AdsBot-Google (+http://www.google.com/adsbot.html)"
66.249.92.44 - - [23/Feb/2026:02:34:51 +0000] "GET /wp-content/themes/kofejob//assets/js/owl.carousel.min.js?ver=6.9 HTTP/1.1" 200 44342 "https://kofejob-wp.dreamsmarketplace.com/beyond-the-spins-elevate-your-casino-experience/" "AdsBot-Google (+http://www.google.com/adsbot.html)"
66.249.92.8 - - [23/Feb/2026:02:34:51 +0000] "GET /wp-content/themes/kofejob/assets/plugins/theia-sticky-sidebar/theia-sticky-sidebar.js?ver=6.9 HTTP/1.1" 304 0 "https://kofejob-wp.dreamsmarketplace.com/beyond-the-spins-elevate-your-casino-experience/" "AdsBot-Google (+http://www.google.com/adsbot.html)"
66.249.92.8 - - [23/Feb/2026:02:34:51 +0000] "GET /wp-content/themes/kofejob/assets/css/animate.min.css?ver=6.9 HTTP/1.1" 304 0 "https://kofejob-wp.dreamsmarketplace.com/beyond-the-spins-elevate-your-casino-experience/" "AdsBot-Google (+http://www.google.com/adsbot.html)"
66.249.92.8 - - [23/Feb/2026:02:34:52 +0000] "GET /wp-content/themes/kofejob/assets/js/dropzone.js?ver=1 HTTP/1.1" 200 51438 "https://kofejob-wp.dreamsmarketplace.com/beyond-the-spins-elevate-your-casino-experience/" "AdsBot-Google (+http://www.google.com/adsbot.html)"
66.249.92.162 - - [23/Feb/2026:02:34:52 +0000] "GET /wp-content/themes/kofejob/assets/css/jquery-confirm.css?ver=6.9 HTTP/1.1" 304 0 "https://kofejob-wp.dreamsmarketplace.com/beyond-the-spins-elevate-your-casino-experience/" "AdsBot-Google (+http://www.google.com/adsbot.html)"
66.249.92.195 - - [23/Feb/2026:02:34:52 +0000] "GET /wp-content/themes/kofejob/assets/css/owl.theme.default.min.css?ver=6.9 HTTP/1.1" 200 1013 "https://kofejob-wp.dreamsmarketplace.com/beyond-the-spins-elevate-your-casino-experience/" "AdsBot-Google (+http://www.google.com/adsbot.html)"
66.249.92.8 - - [23/Feb/2026:02:34:52 +0000] "GET /wp-content/themes/kofejob/assets/css/theme.css?ver=6.9 HTTP/1.1" 304 0 "https://kofejob-wp.dreamsmarketplace.com/beyond-the-spins-elevate-your-casino-experience/" "AdsBot-Google (+http://www.google.com/adsbot.html)"
66.249.92.135 - - [23/Feb/2026:02:34:52 +0000] "GET /wp-content/themes/kofejob//assets/css/ion-rangeslider.min.css?ver=6.9 HTTP/1.1" 304 0 "https://kofejob-wp.dreamsmarketplace.com/beyond-the-spins-elevate-your-casino-experience/" "AdsBot-Google (+http://www.google.com/adsbot.html)"
66.249.92.44 - - [23/Feb/2026:02:34:53 +0000] "GET /wp-content/themes/kofejob//assets/css/jquery.datetimepicker.min.css?ver=6.9 HTTP/1.1" 200 16503 "https://kofejob-wp.dreamsmarketplace.com/beyond-the-spins-elevate-your-casino-experience/" "AdsBot-Google (+http://www.google.com/adsbot.html)"
66.249.92.135 - - [23/Feb/2026:02:34:53 +0000] "GET /wp-content/themes/kofejob//assets/css/smoke.min.css?ver=6.9 HTTP/1.1" 200 3421 "https://kofejob-wp.dreamsmarketplace.com/beyond-the-spins-elevate-your-casino-experience/" "AdsBot-Google (+http://www.google.com/adsbot.html)"
66.249.92.44 - - [23/Feb/2026:02:34:53 +0000] "GET /wp-content/themes/kofejob//assets/css/toastr.min.css?ver=6.9 HTTP/1.1" 304 0 "https://kofejob-wp.dreamsmarketplace.com/beyond-the-spins-elevate-your-casino-experience/" "AdsBot-Google (+http://www.google.com/adsbot.html)"
66.249.92.44 - - [23/Feb/2026:02:34:53 +0000] "GET /wp-content/themes/kofejob/assets/css/responsive.css?ver=6.9 HTTP/1.1" 304 0 "https://kofejob-wp.dreamsmarketplace.com/beyond-the-spins-elevate-your-casino-experience/" "AdsBot-Google (+http://www.google.com/adsbot.html)"
66.249.92.44 - - [23/Feb/2026:02:34:53 +0000] "GET /wp-content/themes/kofejob/assets/css/all.min.css?ver=6.9 HTTP/1.1" 304 0 "https://kofejob-wp.dreamsmarketplace.com/beyond-the-spins-elevate-your-casino-experience/" "AdsBot-Google (+http://www.google.com/adsbot.html)"
66.249.92.8 - - [23/Feb/2026:02:34:53 +0000] "GET /wp-content/themes/kofejob/assets/css/default-css.css?ver=6.9 HTTP/1.1" 200 133098 "https://kofejob-wp.dreamsmarketplace.com/beyond-the-spins-elevate-your-casino-experience/" "AdsBot-Google (+http://www.google.com/adsbot.html)"
66.249.92.195 - - [23/Feb/2026:02:34:54 +0000] "GET /wp-content/themes/kofejob//assets/js/jquery.nicescroll.min.js?ver=6.9 HTTP/1.1" 200 60010 "https://kofejob-wp.dreamsmarketplace.com/beyond-the-spins-elevate-your-casino-experience/" "AdsBot-Google (+http://www.google.com/adsbot.html)"
66.249.92.162 - - [23/Feb/2026:02:34:54 +0000] "GET /wp-content/themes/kofejob/assets/plugins/theia-sticky-sidebar/ResizeSensor.js?ver=6.9 HTTP/1.1" 200 5955 "https://kofejob-wp.dreamsmarketplace.com/beyond-the-spins-elevate-your-casino-experience/" "AdsBot-Google (+http://www.google.com/adsbot.html)"
66.249.92.8 - - [23/Feb/2026:02:34:54 +0000] "GET /wp-content/themes/kofejob/assets/js/script.js?ver=6.9 HTTP/1.1" 200 27044 "https://kofejob-wp.dreamsmarketplace.com/beyond-the-spins-elevate-your-casino-experience/" "AdsBot-Google (+http://www.google.com/adsbot.html)"
66.249.92.44 - - [23/Feb/2026:02:34:54 +0000] "GET /wp-content/themes/kofejob//assets/js/jquery.imageview.js?ver=6.9 HTTP/1.1" 304 0 "https://kofejob-wp.dreamsmarketplace.com/beyond-the-spins-elevate-your-casino-experience/" "AdsBot-Google (+http://www.google.com/adsbot.html)"
66.249.92.135 - - [23/Feb/2026:02:34:54 +0000] "GET /wp-content/themes/kofejob//assets/js/isotope.js?ver=6.9 HTTP/1.1" 200 35445 "https://kofejob-wp.dreamsmarketplace.com/beyond-the-spins-elevate-your-casino-experience/" "AdsBot-Google (+http://www.google.com/adsbot.html)"
66.249.92.8 - - [23/Feb/2026:02:34:54 +0000] "GET /wp-includes/js/imagesloaded.min.js?ver=5.0.0 HTTP/1.1" 200 5520 "https://kofejob-wp.dreamsmarketplace.com/beyond-the-spins-elevate-your-casino-experience/" "AdsBot-Google (+http://www.google.com/adsbot.html)"
66.249.92.8 - - [23/Feb/2026:02:34:55 +0000] "GET /wp-includes/js/masonry.min.js?ver=4.2.2 HTTP/1.1" 200 24138 "https://kofejob-wp.dreamsmarketplace.com/beyond-the-spins-elevate-your-casino-experience/" "AdsBot-Google (+http://www.google.com/adsbot.html)"
66.249.92.195 - - [23/Feb/2026:02:34:55 +0000] "GET /wp-content/themes/kofejob//assets/js/bootstrap.bundle.min.js?ver=6.9 HTTP/1.1" 304 0 "https://kofejob-wp.dreamsmarketplace.com/beyond-the-spins-elevate-your-casino-experience/" "AdsBot-Google (+http://www.google.com/adsbot.html)"
66.249.92.8 - - [23/Feb/2026:02:34:55 +0000] "GET /wp-content/themes/kofejob//assets/js/smoke.min.js?ver=6.9 HTTP/1.1" 200 17970 "https://kofejob-wp.dreamsmarketplace.com/beyond-the-spins-elevate-your-casino-experience/" "AdsBot-Google (+http://www.google.com/adsbot.html)"
66.249.92.135 - - [23/Feb/2026:02:34:55 +0000] "GET /wp-content/themes/kofejob//assets/js/toastr.min.js?ver=6.9 HTTP/1.1" 304 0 "https://kofejob-wp.dreamsmarketplace.com/beyond-the-spins-elevate-your-casino-experience/" "AdsBot-Google (+http://www.google.com/adsbot.html)"
66.249.92.44 - - [23/Feb/2026:02:34:55 +0000] "GET /wp-content/themes/kofejob//assets/js/select2.full.min.js?ver=6.9 HTTP/1.1" 304 0 "https://kofejob-wp.dreamsmarketplace.com/beyond-the-spins-elevate-your-casino-experience/" "AdsBot-Google (+http://www.google.com/adsbot.html)"
66.249.92.44 - - [23/Feb/2026:02:34:56 +0000] "GET /wp-includes/js/jquery/ui/core.min.js?ver=1.13.3 HTTP/1.1" 304 0 "https://kofejob-wp.dreamsmarketplace.com/beyond-the-spins-elevate-your-casino-experience/" "AdsBot-Google (+http://www.google.com/adsbot.html)"
66.249.92.44 - - [23/Feb/2026:02:34:56 +0000] "GET /wp-includes/js/jquery/ui/mouse.min.js?ver=1.13.3 HTTP/1.1" 304 0 "https://kofejob-wp.dreamsmarketplace.com/beyond-the-spins-elevate-your-casino-experience/" "AdsBot-Google (+http://www.google.com/adsbot.html)"
66.249.92.162 - - [23/Feb/2026:02:34:56 +0000] "GET /wp-includes/js/jquery/ui/sortable.min.js?ver=1.13.3 HTTP/1.1" 200 25504 "https://kofejob-wp.dreamsmarketplace.com/beyond-the-spins-elevate-your-casino-experience/" "AdsBot-Google (+http://www.google.com/adsbot.html)"
66.249.92.135 - - [23/Feb/2026:02:34:56 +0000] "GET /wp-content/themes/kofejob//assets/js/jquery.richtext.min.js?ver=6.9 HTTP/1.1" 304 0 "https://kofejob-wp.dreamsmarketplace.com/beyond-the-spins-elevate-your-casino-experience/" "AdsBot-Google (+http://www.google.com/adsbot.html)"
66.249.92.8 - - [23/Feb/2026:02:34:56 +0000] "GET /wp-content/themes/kofejob//assets/js/jquery.flexslider.js?ver=6.9 HTTP/1.1" 200 23057 "https://kofejob-wp.dreamsmarketplace.com/beyond-the-spins-elevate-your-casino-experience/" "AdsBot-Google (+http://www.google.com/adsbot.html)"
66.249.92.162 - - [23/Feb/2026:02:34:56 +0000] "GET /wp-content/themes/kofejob//assets/js/rating.js?ver=6.9 HTTP/1.1" 200 2688 "https://kofejob-wp.dreamsmarketplace.com/beyond-the-spins-elevate-your-casino-experience/" "AdsBot-Google (+http://www.google.com/adsbot.html)"
66.249.92.195 - - [23/Feb/2026:02:34:57 +0000] "GET /wp-content/themes/kofejob//assets/js/protip.min.js?ver=6.9 HTTP/1.1" 200 33738 "https://kofejob-wp.dreamsmarketplace.com/beyond-the-spins-elevate-your-casino-experience/" "AdsBot-Google (+http://www.google.com/adsbot.html)"
66.249.92.8 - - [23/Feb/2026:02:34:57 +0000] "GET /wp-content/themes/kofejob//assets/js/youtube-popup-jquery.js?ver=6.9 HTTP/1.1" 200 1749 "https://kofejob-wp.dreamsmarketplace.com/beyond-the-spins-elevate-your-casino-experience/" "AdsBot-Google (+http://www.google.com/adsbot.html)"
66.249.92.135 - - [23/Feb/2026:02:34:57 +0000] "GET /wp-content/themes/kofejob//assets/js/jquery.waypoints.min.js?ver=6.9 HTTP/1.1" 304 0 "https://kofejob-wp.dreamsmarketplace.com/beyond-the-spins-elevate-your-casino-experience/" "AdsBot-Google (+http://www.google.com/adsbot.html)"
66.249.92.44 - - [23/Feb/2026:02:34:57 +0000] "GET /wp-content/themes/kofejob//assets/js/counter.js?ver=6.9 HTTP/1.1" 304 0 "https://kofejob-wp.dreamsmarketplace.com/beyond-the-spins-elevate-your-casino-experience/" "AdsBot-Google (+http://www.google.com/adsbot.html)"
66.249.92.44 - - [23/Feb/2026:02:34:57 +0000] "GET /wp-content/themes/kofejob//assets/js/jquery-confirm.js?ver=6.9 HTTP/1.1" 304 0 "https://kofejob-wp.dreamsmarketplace.com/beyond-the-spins-elevate-your-casino-experience/" "AdsBot-Google (+http://www.google.com/adsbot.html)"
66.249.92.8 - - [23/Feb/2026:02:34:57 +0000] "GET /wp-content/themes/kofejob//assets/js/jquery.datetimepicker.full.js?ver=1 HTTP/1.1" 304 0 "https://kofejob-wp.dreamsmarketplace.com/beyond-the-spins-elevate-your-casino-experience/" "AdsBot-Google (+http://www.google.com/adsbot.html)"
66.249.92.44 - - [23/Feb/2026:02:34:58 +0000] "GET /wp-content/themes/kofejob//assets/js/ion.rangeslider.min.js?ver=6.9 HTTP/1.1" 304 0 "https://kofejob-wp.dreamsmarketplace.com/beyond-the-spins-elevate-your-casino-experience/" "AdsBot-Google (+http://www.google.com/adsbot.html)"
66.249.92.162 - - [23/Feb/2026:02:34:58 +0000] "GET /wp-content/themes/kofejob//assets/js/custom-script.js?ver=6.9 HTTP/1.1" 304 0 "https://kofejob-wp.dreamsmarketplace.com/beyond-the-spins-elevate-your-casino-experience/" "AdsBot-Google (+http://www.google.com/adsbot.html)"
66.249.92.8 - - [23/Feb/2026:02:34:58 +0000] "GET /wp-content/themes/kofejob//assets/js/chart.min.js?ver=6.9 HTTP/1.1" 304 0 "https://kofejob-wp.dreamsmarketplace.com/beyond-the-spins-elevate-your-casino-experience/" "AdsBot-Google (+http://www.google.com/adsbot.html)"
66.249.92.162 - - [23/Feb/2026:02:34:58 +0000] "GET /wp-content/themes/kofejob//assets/js/stats.js?ver=6.9 HTTP/1.1" 304 0 "https://kofejob-wp.dreamsmarketplace.com/beyond-the-spins-elevate-your-casino-experience/" "AdsBot-Google (+http://www.google.com/adsbot.html)"
66.249.92.135 - - [23/Feb/2026:02:34:58 +0000] "GET /wp-content/themes/kofejob//assets/js/custom-script-profile.js?ver=6.9 HTTP/1.1" 200 122974 "https://kofejob-wp.dreamsmarketplace.com/beyond-the-spins-elevate-your-casino-experience/" "AdsBot-Google (+http://www.google.com/adsbot.html)"
66.249.92.162 - - [23/Feb/2026:02:34:59 +0000] "GET /wp-includes/js/comment-reply.min.js?ver=6.9 HTTP/1.1" 200 3026 "https://kofejob-wp.dreamsmarketplace.com/beyond-the-spins-elevate-your-casino-experience/" "AdsBot-Google (+http://www.google.com/adsbot.html)"
66.249.92.44 - - [23/Feb/2026:02:34:59 +0000] "GET /wp-content/themes/kofejob/assets/fonts/fa-solid-900.woff2 HTTP/1.1" 200 78268 "https://kofejob-wp.dreamsmarketplace.com/wp-content/themes/kofejob/assets/css/all.min.css?ver=6.9" "AdsBot-Google (+http://www.google.com/adsbot.html)"
66.249.92.195 - - [23/Feb/2026:02:34:59 +0000] "GET /wp-content/themes/kofejob/assets/fonts/CircularStd-Medium.woff2 HTTP/1.1" 200 35368 "https://kofejob-wp.dreamsmarketplace.com/wp-content/themes/kofejob/assets/css/theme.css?ver=6.9" "AdsBot-Google (+http://www.google.com/adsbot.html)"
66.249.92.162 - - [23/Feb/2026:02:34:59 +0000] "GET /wp-content/themes/kofejob/assets/fonts/CircularStd-Bold.woff2 HTTP/1.1" 200 35860 "https://kofejob-wp.dreamsmarketplace.com/wp-content/themes/kofejob/assets/css/theme.css?ver=6.9" "AdsBot-Google (+http://www.google.com/adsbot.html)"
66.249.92.8 - - [23/Feb/2026:02:35:00 +0000] "GET /wp-content/themes/kofejob/assets/fonts/fa-regular-400.woff2 HTTP/1.1" 200 13224 "https://kofejob-wp.dreamsmarketplace.com/wp-content/themes/kofejob/assets/css/all.min.css?ver=6.9" "AdsBot-Google (+http://www.google.com/adsbot.html)"
66.249.92.162 - - [23/Feb/2026:02:35:00 +0000] "GET /wp-content/themes/kofejob/assets/fonts/CircularStd-Book.woff2 HTTP/1.1" 200 32000 "https://kofejob-wp.dreamsmarketplace.com/wp-content/themes/kofejob/assets/css/theme.css?ver=6.9" "AdsBot-Google (+http://www.google.com/adsbot.html)"
138.249.61.72 - - [23/Feb/2026:02:35:08 +0000] "GET /wp-json/wp/v2/users HTTP/1.1" 200 816 "https://www.google.com" "Mozilla/5.0 (X11; Linux x86_64) AppleWebKit/537.36 (KHTML, like Gecko) Chrome/119.0.0.0 Safari/537.36"
138.249.61.72 - - [23/Feb/2026:02:35:08 +0000] "GET /?author=1 HTTP/1.1" 301 5 "https://www.google.com" "Mozilla/5.0 (X11; Linux x86_64) AppleWebKit/537.36 (KHTML, like Gecko) Chrome/119.0.0.0 Safari/537.36"
138.249.61.72 - - [23/Feb/2026:02:35:09 +0000] "POST /xmlrpc.php HTTP/1.1" 200 192 "-" "Apache-HttpClient/4.5.13 (Java/11.0.30)"
138.249.61.72 - - [23/Feb/2026:02:35:10 +0000] "POST /xmlrpc.php HTTP/1.1" 200 415 "-" "Apache-HttpClient/4.5.13 (Java/11.0.30)"
138.249.61.72 - - [23/Feb/2026:02:35:10 +0000] "POST /xmlrpc.php HTTP/1.1" 200 415 "-" "Apache-HttpClient/4.5.13 (Java/11.0.30)"
138.249.61.72 - - [23/Feb/2026:02:35:11 +0000] "POST /xmlrpc.php HTTP/1.1" 200 415 "-" "Apache-HttpClient/4.5.13 (Java/11.0.30)"
138.249.61.72 - - [23/Feb/2026:02:35:11 +0000] "GET /wp-login.php HTTP/1.1" 200 2420 "https://www.google.com" "Mozilla/5.0 (X11; Linux x86_64) AppleWebKit/537.36 (KHTML, like Gecko) Chrome/119.0.0.0 Safari/537.36"
185.232.18.30 - - [23/Feb/2026:02:35:12 +0000] "GET /wp-login.php HTTP/1.1" 200 2420 "https://www.google.com" "Mozilla/5.0 (X11; Linux x86_64) AppleWebKit/537.36 (KHTML, like Gecko) Chrome/119.0.0.0 Safari/537.36"
185.232.18.30 - - [23/Feb/2026:02:35:13 +0000] "POST /wp-login.php HTTP/1.1" 200 2568 "https://kofejob-wp.dreamsmarketplace.com/wp-login.php" "Mozilla/5.0 (X11; Linux x86_64) AppleWebKit/537.36 (KHTML, like Gecko) Chrome/119.0.0.0 Safari/537.36"
185.232.18.30 - - [23/Feb/2026:02:35:13 +0000] "GET /wp-admin/ HTTP/1.1" 302 5 "https://kofejob-wp.dreamsmarketplace.com/wp-login.php" "Mozilla/5.0 (X11; Linux x86_64) AppleWebKit/537.36 (KHTML, like Gecko) Chrome/119.0.0.0 Safari/537.36"
185.232.18.30 - - [23/Feb/2026:02:35:14 +0000] "GET /wp-login.php?redirect_to=https%3A%2F%2Fkofejob-wp.dreamsmarketplace.com%2Fwp-admin%2F&reauth=1 HTTP/1.1" 200 2428 "https://kofejob-wp.dreamsmarketplace.com/wp-login.php" "Mozilla/5.0 (X11; Linux x86_64) AppleWebKit/537.36 (KHTML, like Gecko) Chrome/119.0.0.0 Safari/537.36"
138.249.85.47 - - [23/Feb/2026:02:35:14 +0000] "GET /wp-login.php HTTP/1.1" 200 2420 "https://www.google.com" "Mozilla/5.0 (X11; Linux x86_64) AppleWebKit/537.36 (KHTML, like Gecko) Chrome/119.0.0.0 Safari/537.36"
138.249.85.47 - - [23/Feb/2026:02:35:15 +0000] "POST /wp-login.php HTTP/1.1" 200 2568 "https://kofejob-wp.dreamsmarketplace.com/wp-login.php" "Mozilla/5.0 (X11; Linux x86_64) AppleWebKit/537.36 (KHTML, like Gecko) Chrome/119.0.0.0 Safari/537.36"
138.249.85.47 - - [23/Feb/2026:02:35:15 +0000] "GET /wp-admin/ HTTP/1.1" 302 5 "https://kofejob-wp.dreamsmarketplace.com/wp-login.php" "Mozilla/5.0 (X11; Linux x86_64) AppleWebKit/537.36 (KHTML, like Gecko) Chrome/119.0.0.0 Safari/537.36"
138.249.85.47 - - [23/Feb/2026:02:35:16 +0000] "GET /wp-login.php?redirect_to=https%3A%2F%2Fkofejob-wp.dreamsmarketplace.com%2Fwp-admin%2F&reauth=1 HTTP/1.1" 200 2428 "https://kofejob-wp.dreamsmarketplace.com/wp-login.php" "Mozilla/5.0 (X11; Linux x86_64) AppleWebKit/537.36 (KHTML, like Gecko) Chrome/119.0.0.0 Safari/537.36"
138.249.76.86 - - [23/Feb/2026:02:35:16 +0000] "GET /wp-login.php HTTP/1.1" 200 2420 "https://www.google.com" "Mozilla/5.0 (X11; Linux x86_64) AppleWebKit/537.36 (KHTML, like Gecko) Chrome/119.0.0.0 Safari/537.36"
138.249.76.86 - - [23/Feb/2026:02:35:17 +0000] "POST /wp-login.php HTTP/1.1" 200 2568 "https://kofejob-wp.dreamsmarketplace.com/wp-login.php" "Mozilla/5.0 (X11; Linux x86_64) AppleWebKit/537.36 (KHTML, like Gecko) Chrome/119.0.0.0 Safari/537.36"
138.249.76.86 - - [23/Feb/2026:02:35:17 +0000] "GET /wp-admin/ HTTP/1.1" 302 5 "https://kofejob-wp.dreamsmarketplace.com/wp-login.php" "Mozilla/5.0 (X11; Linux x86_64) AppleWebKit/537.36 (KHTML, like Gecko) Chrome/119.0.0.0 Safari/537.36"
138.249.76.86 - - [23/Feb/2026:02:35:18 +0000] "GET /wp-login.php?redirect_to=https%3A%2F%2Fkofejob-wp.dreamsmarketplace.com%2Fwp-admin%2F&reauth=1 HTTP/1.1" 200 2428 "https://kofejob-wp.dreamsmarketplace.com/wp-login.php" "Mozilla/5.0 (X11; Linux x86_64) AppleWebKit/537.36 (KHTML, like Gecko) Chrome/119.0.0.0 Safari/537.36"
2a03:2880:f800:22:: - - [23/Feb/2026:02:35:30 +0000] "GET /bonus-exklusive-einzahlung-land-der-dichter-und-kein-einzahlungscasino-vulkanbet-denker-deutsche-no-frankierung-provision/ HTTP/1.1" 301 178 "-" "meta-externalagent/1.1 (+https://developers.facebook.com/docs/sharing/webmasters/crawler)"
2a03:2880:f800:9:: - - [23/Feb/2026:02:35:38 +0000] "GET /canl-casino-oyunlar-ile-gercek-krupiyelerle-4/ HTTP/1.1" 200 387821 "-" "meta-externalagent/1.1 (+https://developers.facebook.com/docs/sharing/webmasters/crawler)"
2a03:2880:f800:24:: - - [23/Feb/2026:02:36:01 +0000] "GET /angels-contact-position-online-game-review/ HTTP/1.1" 301 178 "-" "meta-externalagent/1.1 (+https://developers.facebook.com/docs/sharing/webmasters/crawler)"
2a03:2880:f800:13:: - - [23/Feb/2026:02:36:11 +0000] "GET /magyar-online-casino-azonnali-regisztrcival-s-203/ HTTP/1.1" 200 14436 "-" "meta-externalagent/1.1 (+https://developers.facebook.com/docs/sharing/webmasters/crawler)"
2a03:2880:f800:37:: - - [23/Feb/2026:02:36:14 +0000] "GET /your-guide-to-online-betting-in-nepal-play-safe/ HTTP/1.1" 200 200977 "-" "meta-externalagent/1.1 (+https://developers.facebook.com/docs/sharing/webmasters/crawler)"
2a03:2880:f800:2c:: - - [23/Feb/2026:02:36:14 +0000] "GET /eximir-777-slots-vegas-casino-slot-fruit-cocktail-casino-referente-a-sobre-con-manga-larga-memu/ HTTP/1.1" 301 178 "-" "meta-externalagent/1.1 (+https://developers.facebook.com/docs/sharing/webmasters/crawler)"
2a03:2880:f800:2d:: - - [23/Feb/2026:02:36:23 +0000] "GET /kostenlose-online-video-poker-spiele-bei-zur-unterhaltung/ HTTP/1.1" 301 178 "-" "meta-externalagent/1.1 (+https://developers.facebook.com/docs/sharing/webmasters/crawler)"
138.249.55.8 - - [23/Feb/2026:02:36:23 +0000] "GET /wp-json/wp/v2/users HTTP/1.1" 200 816 "https://www.google.com" "Mozilla/5.0 (X11; Linux x86_64) AppleWebKit/537.36 (KHTML, like Gecko) Chrome/119.0.0.0 Safari/537.36"
138.249.55.8 - - [23/Feb/2026:02:36:23 +0000] "GET /?author=1 HTTP/1.1" 301 5 "https://www.google.com" "Mozilla/5.0 (X11; Linux x86_64) AppleWebKit/537.36 (KHTML, like Gecko) Chrome/119.0.0.0 Safari/537.36"
138.249.55.8 - - [23/Feb/2026:02:36:23 +0000] "POST /xmlrpc.php HTTP/1.1" 200 192 "-" "Apache-HttpClient/4.5.13 (Java/11.0.30)"
138.249.55.8 - - [23/Feb/2026:02:36:24 +0000] "POST /xmlrpc.php HTTP/1.1" 200 415 "-" "Apache-HttpClient/4.5.13 (Java/11.0.30)"
138.249.55.8 - - [23/Feb/2026:02:36:25 +0000] "POST /xmlrpc.php HTTP/1.1" 200 415 "-" "Apache-HttpClient/4.5.13 (Java/11.0.30)"
138.249.55.8 - - [23/Feb/2026:02:36:26 +0000] "POST /xmlrpc.php HTTP/1.1" 200 415 "-" "Apache-HttpClient/4.5.13 (Java/11.0.30)"
138.249.55.8 - - [23/Feb/2026:02:36:26 +0000] "GET /wp-login.php HTTP/1.1" 200 2420 "https://www.google.com" "Mozilla/5.0 (X11; Linux x86_64) AppleWebKit/537.36 (KHTML, like Gecko) Chrome/119.0.0.0 Safari/537.36"
156.239.19.247 - - [23/Feb/2026:02:36:27 +0000] "GET /wp-login.php HTTP/1.1" 200 2420 "https://www.google.com" "Mozilla/5.0 (X11; Linux x86_64) AppleWebKit/537.36 (KHTML, like Gecko) Chrome/119.0.0.0 Safari/537.36"
156.239.19.247 - - [23/Feb/2026:02:36:28 +0000] "POST /wp-login.php HTTP/1.1" 200 2568 "https://kofejob-wp.dreamsmarketplace.com/wp-login.php" "Mozilla/5.0 (X11; Linux x86_64) AppleWebKit/537.36 (KHTML, like Gecko) Chrome/119.0.0.0 Safari/537.36"
156.239.19.247 - - [23/Feb/2026:02:36:29 +0000] "GET /wp-admin/ HTTP/1.1" 302 5 "https://kofejob-wp.dreamsmarketplace.com/wp-login.php" "Mozilla/5.0 (X11; Linux x86_64) AppleWebKit/537.36 (KHTML, like Gecko) Chrome/119.0.0.0 Safari/537.36"
156.239.19.247 - - [23/Feb/2026:02:36:29 +0000] "GET /wp-login.php?redirect_to=https%3A%2F%2Fkofejob-wp.dreamsmarketplace.com%2Fwp-admin%2F&reauth=1 HTTP/1.1" 200 2428 "https://kofejob-wp.dreamsmarketplace.com/wp-login.php" "Mozilla/5.0 (X11; Linux x86_64) AppleWebKit/537.36 (KHTML, like Gecko) Chrome/119.0.0.0 Safari/537.36"
138.249.182.252 - - [23/Feb/2026:02:36:30 +0000] "GET /wp-login.php HTTP/1.1" 200 2420 "https://www.google.com" "Mozilla/5.0 (X11; Linux x86_64) AppleWebKit/537.36 (KHTML, like Gecko) Chrome/119.0.0.0 Safari/537.36"
138.249.182.252 - - [23/Feb/2026:02:36:31 +0000] "POST /wp-login.php HTTP/1.1" 200 2568 "https://kofejob-wp.dreamsmarketplace.com/wp-login.php" "Mozilla/5.0 (X11; Linux x86_64) AppleWebKit/537.36 (KHTML, like Gecko) Chrome/119.0.0.0 Safari/537.36"
2a03:2880:f800:46:: - - [23/Feb/2026:02:36:31 +0000] "GET /better-online-casino-no-deposit-incentive-also-provides-score-casino-william-hill-200-free-spins-no-deposit-25-instantaneously-from-betmgm/ HTTP/1.1" 301 178 "-" "meta-externalagent/1.1 (+https://developers.facebook.com/docs/sharing/webmasters/crawler)"
165.73.240.119 - - [23/Feb/2026:02:36:32 +0000] "POST /xmlrpc.php HTTP/1.1" 301 178 "-" "Mozilla/5.0 (Windows NT 10.0; Win64; x64) AppleWebKit/537.36 (KHTML, like Gecko) Chrome/114.0.0.0 Safari/537.36"
138.249.182.252 - - [23/Feb/2026:02:36:32 +0000] "GET /wp-admin/ HTTP/1.1" 302 5 "https://kofejob-wp.dreamsmarketplace.com/wp-login.php" "Mozilla/5.0 (X11; Linux x86_64) AppleWebKit/537.36 (KHTML, like Gecko) Chrome/119.0.0.0 Safari/537.36"
138.249.182.252 - - [23/Feb/2026:02:36:33 +0000] "GET /wp-login.php?redirect_to=https%3A%2F%2Fkofejob-wp.dreamsmarketplace.com%2Fwp-admin%2F&reauth=1 HTTP/1.1" 200 2428 "https://kofejob-wp.dreamsmarketplace.com/wp-login.php" "Mozilla/5.0 (X11; Linux x86_64) AppleWebKit/537.36 (KHTML, like Gecko) Chrome/119.0.0.0 Safari/537.36"
154.205.232.32 - - [23/Feb/2026:02:36:34 +0000] "GET /wp-login.php HTTP/1.1" 200 2420 "https://www.google.com" "Mozilla/5.0 (X11; Linux x86_64) AppleWebKit/537.36 (KHTML, like Gecko) Chrome/119.0.0.0 Safari/537.36"
165.73.240.119 - - [23/Feb/2026:02:36:34 +0000] "GET /xmlrpc.php HTTP/1.1" 405 53 "-" "Mozilla/5.0 (Windows NT 10.0; Win64; x64) AppleWebKit/537.36 (KHTML, like Gecko) Chrome/114.0.0.0 Safari/537.36"
154.205.232.32 - - [23/Feb/2026:02:36:35 +0000] "POST /wp-login.php HTTP/1.1" 200 2568 "https://kofejob-wp.dreamsmarketplace.com/wp-login.php" "Mozilla/5.0 (X11; Linux x86_64) AppleWebKit/537.36 (KHTML, like Gecko) Chrome/119.0.0.0 Safari/537.36"
154.205.232.32 - - [23/Feb/2026:02:36:35 +0000] "GET /wp-admin/ HTTP/1.1" 302 5 "https://kofejob-wp.dreamsmarketplace.com/wp-login.php" "Mozilla/5.0 (X11; Linux x86_64) AppleWebKit/537.36 (KHTML, like Gecko) Chrome/119.0.0.0 Safari/537.36"
165.73.240.119 - - [23/Feb/2026:02:36:36 +0000] "POST /xmlrpc.php HTTP/1.1" 301 178 "-" "Mozilla/5.0 (Windows NT 10.0; Win64; x64) AppleWebKit/537.36 (KHTML, like Gecko) Chrome/114.0.0.0 Safari/537.36"
154.205.232.32 - - [23/Feb/2026:02:36:36 +0000] "GET /wp-login.php?redirect_to=https%3A%2F%2Fkofejob-wp.dreamsmarketplace.com%2Fwp-admin%2F&reauth=1 HTTP/1.1" 200 2428 "https://kofejob-wp.dreamsmarketplace.com/wp-login.php" "Mozilla/5.0 (X11; Linux x86_64) AppleWebKit/537.36 (KHTML, like Gecko) Chrome/119.0.0.0 Safari/537.36"
165.73.240.119 - - [23/Feb/2026:02:36:37 +0000] "GET /xmlrpc.php HTTP/1.1" 405 53 "-" "Mozilla/5.0 (Windows NT 10.0; Win64; x64) AppleWebKit/537.36 (KHTML, like Gecko) Chrome/114.0.0.0 Safari/537.36"
2a03:2880:f800:42:: - - [23/Feb/2026:02:37:04 +0000] "GET /poke-zonder-cruks-lieve-poker-sites-zonder-cruks-cash-splash-casino-2025/ HTTP/1.1" 301 178 "-" "meta-externalagent/1.1 (+https://developers.facebook.com/docs/sharing/webmasters/crawler)"
2a03:2880:f800:2b:: - - [23/Feb/2026:02:37:06 +0000] "GET /grijp-je-kans-op-avontuur-en-lucratieve-prijzen/ HTTP/1.1" 200 15477 "-" "meta-externalagent/1.1 (+https://developers.facebook.com/docs/sharing/webmasters/crawler)"
2a03:2880:f800:43:: - - [23/Feb/2026:02:37:07 +0000] "GET /1win-casino-bonusuri-i-promoii-pentru-juctori-341/ HTTP/1.1" 200 15447 "-" "meta-externalagent/1.1 (+https://developers.facebook.com/docs/sharing/webmasters/crawler)"
2a03:2880:f800:12:: - - [23/Feb/2026:02:37:20 +0000] "GET /pinco-online-kazino-pinko-azrbaycanda-2025-etibarl-95/ HTTP/1.1" 200 13601 "-" "meta-externalagent/1.1 (+https://developers.facebook.com/docs/sharing/webmasters/crawler)"
190.92.199.10 - - [23/Feb/2026:02:37:20 +0000] "GET /robots.txt HTTP/1.1" 301 178 "https://kofejob-wp.dreamstechnologies.com/robots.txt" "Mozilla/5.0 (Macintosh; Intel Mac OS X 10_15_7) AppleWebKit/537.36 (KHTML, like Gecko) Chrome/123.0.0.0 Safari/537.36"
119.13.105.248 - - [23/Feb/2026:02:37:21 +0000] "GET /robots.txt HTTP/1.1" 304 0 "https://kofejob-wp.dreamsmarketplace.com/robots.txt" "Mozilla/5.0 (Macintosh; Intel Mac OS X 10_15_7) AppleWebKit/537.36 (KHTML, like Gecko) Chrome/123.0.0.0 Safari/537.36"
138.249.51.79 - - [23/Feb/2026:02:37:32 +0000] "GET /wp-json/wp/v2/users HTTP/1.1" 200 816 "https://www.google.com" "Mozilla/5.0 (X11; Linux x86_64) AppleWebKit/537.36 (KHTML, like Gecko) Chrome/119.0.0.0 Safari/537.36"
138.249.51.79 - - [23/Feb/2026:02:37:33 +0000] "GET /?author=1 HTTP/1.1" 301 5 "https://www.google.com" "Mozilla/5.0 (X11; Linux x86_64) AppleWebKit/537.36 (KHTML, like Gecko) Chrome/119.0.0.0 Safari/537.36"
138.249.51.79 - - [23/Feb/2026:02:37:33 +0000] "POST /xmlrpc.php HTTP/1.1" 200 192 "-" "Apache-HttpClient/4.5.13 (Java/11.0.30)"
138.249.51.79 - - [23/Feb/2026:02:37:34 +0000] "POST /xmlrpc.php HTTP/1.1" 200 415 "-" "Apache-HttpClient/4.5.13 (Java/11.0.30)"
2a03:2880:f800:40:: - - [23/Feb/2026:02:37:34 +0000] "GET /30-adventskalender-casinos-2026-taglich-spielsaal-boni-neue-casino-kartenspiele-freispiele/ HTTP/1.1" 301 178 "-" "meta-externalagent/1.1 (+https://developers.facebook.com/docs/sharing/webmasters/crawler)"
138.249.51.79 - - [23/Feb/2026:02:37:34 +0000] "POST /xmlrpc.php HTTP/1.1" 200 415 "-" "Apache-HttpClient/4.5.13 (Java/11.0.30)"
138.249.51.79 - - [23/Feb/2026:02:37:35 +0000] "POST /xmlrpc.php HTTP/1.1" 200 415 "-" "Apache-HttpClient/4.5.13 (Java/11.0.30)"
138.249.51.79 - - [23/Feb/2026:02:37:35 +0000] "GET /wp-login.php HTTP/1.1" 200 2420 "https://www.google.com" "Mozilla/5.0 (X11; Linux x86_64) AppleWebKit/537.36 (KHTML, like Gecko) Chrome/119.0.0.0 Safari/537.36"
154.205.234.232 - - [23/Feb/2026:02:37:36 +0000] "GET /wp-login.php HTTP/1.1" 200 2420 "https://www.google.com" "Mozilla/5.0 (X11; Linux x86_64) AppleWebKit/537.36 (KHTML, like Gecko) Chrome/119.0.0.0 Safari/537.36"
2a03:2880:f800:2:: - - [23/Feb/2026:02:37:37 +0000] "GET /des-opinions-pour-perfectionner-nos-comptabilites-au-coeur-dun-salle-de-jeu-reellement-aiguisant/ HTTP/1.1" 301 178 "-" "meta-externalagent/1.1 (+https://developers.facebook.com/docs/sharing/webmasters/crawler)"
154.205.234.232 - - [23/Feb/2026:02:37:37 +0000] "POST /wp-login.php HTTP/1.1" 200 2568 "https://kofejob-wp.dreamsmarketplace.com/wp-login.php" "Mozilla/5.0 (X11; Linux x86_64) AppleWebKit/537.36 (KHTML, like Gecko) Chrome/119.0.0.0 Safari/537.36"
154.205.234.232 - - [23/Feb/2026:02:37:38 +0000] "GET /wp-admin/ HTTP/1.1" 302 5 "https://kofejob-wp.dreamsmarketplace.com/wp-login.php" "Mozilla/5.0 (X11; Linux x86_64) AppleWebKit/537.36 (KHTML, like Gecko) Chrome/119.0.0.0 Safari/537.36"
154.205.234.232 - - [23/Feb/2026:02:37:39 +0000] "GET /wp-login.php?redirect_to=https%3A%2F%2Fkofejob-wp.dreamsmarketplace.com%2Fwp-admin%2F&reauth=1 HTTP/1.1" 200 2428 "https://kofejob-wp.dreamsmarketplace.com/wp-login.php" "Mozilla/5.0 (X11; Linux x86_64) AppleWebKit/537.36 (KHTML, like Gecko) Chrome/119.0.0.0 Safari/537.36"
5.172.179.69 - - [23/Feb/2026:02:37:39 +0000] "GET /wp-login.php HTTP/1.1" 200 2420 "https://www.google.com" "Mozilla/5.0 (X11; Linux x86_64) AppleWebKit/537.36 (KHTML, like Gecko) Chrome/119.0.0.0 Safari/537.36"
5.172.179.69 - - [23/Feb/2026:02:37:40 +0000] "POST /wp-login.php HTTP/1.1" 200 2568 "https://kofejob-wp.dreamsmarketplace.com/wp-login.php" "Mozilla/5.0 (X11; Linux x86_64) AppleWebKit/537.36 (KHTML, like Gecko) Chrome/119.0.0.0 Safari/537.36"
5.172.179.69 - - [23/Feb/2026:02:37:41 +0000] "GET /wp-admin/ HTTP/1.1" 302 5 "https://kofejob-wp.dreamsmarketplace.com/wp-login.php" "Mozilla/5.0 (X11; Linux x86_64) AppleWebKit/537.36 (KHTML, like Gecko) Chrome/119.0.0.0 Safari/537.36"
5.172.179.69 - - [23/Feb/2026:02:37:41 +0000] "GET /wp-login.php?redirect_to=https%3A%2F%2Fkofejob-wp.dreamsmarketplace.com%2Fwp-admin%2F&reauth=1 HTTP/1.1" 200 2428 "https://kofejob-wp.dreamsmarketplace.com/wp-login.php" "Mozilla/5.0 (X11; Linux x86_64) AppleWebKit/537.36 (KHTML, like Gecko) Chrome/119.0.0.0 Safari/537.36"
193.9.126.174 - - [23/Feb/2026:02:37:42 +0000] "GET /wp-login.php HTTP/1.1" 200 2420 "https://www.google.com" "Mozilla/5.0 (X11; Linux x86_64) AppleWebKit/537.36 (KHTML, like Gecko) Chrome/119.0.0.0 Safari/537.36"
193.9.126.174 - - [23/Feb/2026:02:37:43 +0000] "POST /wp-login.php HTTP/1.1" 200 2568 "https://kofejob-wp.dreamsmarketplace.com/wp-login.php" "Mozilla/5.0 (X11; Linux x86_64) AppleWebKit/537.36 (KHTML, like Gecko) Chrome/119.0.0.0 Safari/537.36"
193.9.126.174 - - [23/Feb/2026:02:37:43 +0000] "GET /wp-admin/ HTTP/1.1" 302 5 "https://kofejob-wp.dreamsmarketplace.com/wp-login.php" "Mozilla/5.0 (X11; Linux x86_64) AppleWebKit/537.36 (KHTML, like Gecko) Chrome/119.0.0.0 Safari/537.36"
193.9.126.174 - - [23/Feb/2026:02:37:44 +0000] "GET /wp-login.php?redirect_to=https%3A%2F%2Fkofejob-wp.dreamsmarketplace.com%2Fwp-admin%2F&reauth=1 HTTP/1.1" 200 2428 "https://kofejob-wp.dreamsmarketplace.com/wp-login.php" "Mozilla/5.0 (X11; Linux x86_64) AppleWebKit/537.36 (KHTML, like Gecko) Chrome/119.0.0.0 Safari/537.36"
2a03:2880:f800:2b:: - - [23/Feb/2026:02:37:46 +0000] "GET /have-fun-with-the-formal-novomatic-slot-version-on-the-internet/ HTTP/1.1" 301 178 "-" "meta-externalagent/1.1 (+https://developers.facebook.com/docs/sharing/webmasters/crawler)"
2a03:2880:f800:27:: - - [23/Feb/2026:02:37:56 +0000] "GET /?p=8043 HTTP/1.1" 301 5 "-" "meta-externalagent/1.1 (+https://developers.facebook.com/docs/sharing/webmasters/crawler)"
2a03:2880:f800:a:: - - [23/Feb/2026:02:38:01 +0000] "GET /como-llegan-a-convertirse-eurogrand-casino-play-en-linea-en-focos-de-luces-funciona-referente-a-la-maquina-sobre-casino/ HTTP/1.1" 301 178 "-" "meta-externalagent/1.1 (+https://developers.facebook.com/docs/sharing/webmasters/crawler)"
2a03:2880:f800:1e:: - - [23/Feb/2026:02:38:03 +0000] "GET /casino-775/ HTTP/1.1" 200 14451 "-" "meta-externalagent/1.1 (+https://developers.facebook.com/docs/sharing/webmasters/crawler)"
2a03:2880:f800:43:: - - [23/Feb/2026:02:38:12 +0000] "GET /better-local-casino-programs-for-real-money-2025/ HTTP/1.1" 301 178 "-" "meta-externalagent/1.1 (+https://developers.facebook.com/docs/sharing/webmasters/crawler)"
2a03:2880:f800:43:: - - [23/Feb/2026:02:38:14 +0000] "GET /avventura-a-piume-e-fortuna-guida-la-tua-gallina-3/ HTTP/1.1" 200 15981 "-" "meta-externalagent/1.1 (+https://developers.facebook.com/docs/sharing/webmasters/crawler)"
2a03:2880:f800:3b:: - - [23/Feb/2026:02:38:36 +0000] "GET /vox-casino-dzieje-sie-kiedys-2023-sezonu-dostarczajac-licencjonowane-cechy-hazardowe-polskim-graczom/ HTTP/1.1" 301 178 "-" "meta-externalagent/1.1 (+https://developers.facebook.com/docs/sharing/webmasters/crawler)"
2a03:2880:f800:9:: - - [23/Feb/2026:02:38:37 +0000] "GET /come-sfruttare-il-gergo-promo-1xbet-prontuario-a-rilento/ HTTP/1.1" 301 178 "-" "meta-externalagent/1.1 (+https://developers.facebook.com/docs/sharing/webmasters/crawler)"
91.199.189.110 - - [23/Feb/2026:02:38:42 +0000] "GET /wp-json/wp/v2/users HTTP/1.1" 200 816 "https://www.google.com" "Mozilla/5.0 (X11; Linux x86_64) AppleWebKit/537.36 (KHTML, like Gecko) Chrome/119.0.0.0 Safari/537.36"
91.199.189.110 - - [23/Feb/2026:02:38:43 +0000] "GET /?author=1 HTTP/1.1" 301 5 "https://www.google.com" "Mozilla/5.0 (X11; Linux x86_64) AppleWebKit/537.36 (KHTML, like Gecko) Chrome/119.0.0.0 Safari/537.36"
91.199.189.110 - - [23/Feb/2026:02:38:44 +0000] "POST /xmlrpc.php HTTP/1.1" 200 192 "-" "Apache-HttpClient/4.5.13 (Java/11.0.30)"
91.199.189.110 - - [23/Feb/2026:02:38:45 +0000] "POST /xmlrpc.php HTTP/1.1" 200 415 "-" "Apache-HttpClient/4.5.13 (Java/11.0.30)"
2a03:2880:f800:11:: - - [23/Feb/2026:02:38:45 +0000] "GET /cashapillar-position-review-by-the-oktoberfest-slot-sites-gambling-zone/ HTTP/1.1" 301 178 "-" "meta-externalagent/1.1 (+https://developers.facebook.com/docs/sharing/webmasters/crawler)"
91.199.189.110 - - [23/Feb/2026:02:38:45 +0000] "POST /xmlrpc.php HTTP/1.1" 200 415 "-" "Apache-HttpClient/4.5.13 (Java/11.0.30)"
91.199.189.110 - - [23/Feb/2026:02:38:46 +0000] "POST /xmlrpc.php HTTP/1.1" 200 415 "-" "Apache-HttpClient/4.5.13 (Java/11.0.30)"
91.199.189.110 - - [23/Feb/2026:02:38:47 +0000] "GET /wp-login.php HTTP/1.1" 200 2420 "https://www.google.com" "Mozilla/5.0 (X11; Linux x86_64) AppleWebKit/537.36 (KHTML, like Gecko) Chrome/119.0.0.0 Safari/537.36"
138.249.119.19 - - [23/Feb/2026:02:38:48 +0000] "GET /wp-login.php HTTP/1.1" 200 2420 "https://www.google.com" "Mozilla/5.0 (X11; Linux x86_64) AppleWebKit/537.36 (KHTML, like Gecko) Chrome/119.0.0.0 Safari/537.36"
138.249.119.19 - - [23/Feb/2026:02:38:49 +0000] "POST /wp-login.php HTTP/1.1" 200 2568 "https://kofejob-wp.dreamsmarketplace.com/wp-login.php" "Mozilla/5.0 (X11; Linux x86_64) AppleWebKit/537.36 (KHTML, like Gecko) Chrome/119.0.0.0 Safari/537.36"
138.249.119.19 - - [23/Feb/2026:02:38:50 +0000] "GET /wp-admin/ HTTP/1.1" 302 5 "https://kofejob-wp.dreamsmarketplace.com/wp-login.php" "Mozilla/5.0 (X11; Linux x86_64) AppleWebKit/537.36 (KHTML, like Gecko) Chrome/119.0.0.0 Safari/537.36"
138.249.119.19 - - [23/Feb/2026:02:38:51 +0000] "GET /wp-login.php?redirect_to=https%3A%2F%2Fkofejob-wp.dreamsmarketplace.com%2Fwp-admin%2F&reauth=1 HTTP/1.1" 200 2428 "https://kofejob-wp.dreamsmarketplace.com/wp-login.php" "Mozilla/5.0 (X11; Linux x86_64) AppleWebKit/537.36 (KHTML, like Gecko) Chrome/119.0.0.0 Safari/537.36"
193.187.97.89 - - [23/Feb/2026:02:38:51 +0000] "GET /wp-login.php HTTP/1.1" 200 2420 "https://www.google.com" "Mozilla/5.0 (X11; Linux x86_64) AppleWebKit/537.36 (KHTML, like Gecko) Chrome/119.0.0.0 Safari/537.36"
193.187.97.89 - - [23/Feb/2026:02:38:52 +0000] "POST /wp-login.php HTTP/1.1" 200 2568 "https://kofejob-wp.dreamsmarketplace.com/wp-login.php" "Mozilla/5.0 (X11; Linux x86_64) AppleWebKit/537.36 (KHTML, like Gecko) Chrome/119.0.0.0 Safari/537.36"
2a03:2880:f800:43:: - - [23/Feb/2026:02:38:52 +0000] "GET /arpione-non-offre-insecable-premio-di-ossequio-a-lo-passatempo-tuttavia-loperatore-prevede-diverse-altre-offerte/ HTTP/1.1" 301 178 "-" "meta-externalagent/1.1 (+https://developers.facebook.com/docs/sharing/webmasters/crawler)"
193.187.97.89 - - [23/Feb/2026:02:38:53 +0000] "GET /wp-admin/ HTTP/1.1" 302 5 "https://kofejob-wp.dreamsmarketplace.com/wp-login.php" "Mozilla/5.0 (X11; Linux x86_64) AppleWebKit/537.36 (KHTML, like Gecko) Chrome/119.0.0.0 Safari/537.36"
2a03:2880:f800:13:: - - [23/Feb/2026:02:38:53 +0000] "GET /panorama-comparatif-les-cinq-casinos-des-renommes-recompense/ HTTP/1.1" 301 178 "-" "meta-externalagent/1.1 (+https://developers.facebook.com/docs/sharing/webmasters/crawler)"
193.187.97.89 - - [23/Feb/2026:02:38:53 +0000] "GET /wp-login.php?redirect_to=https%3A%2F%2Fkofejob-wp.dreamsmarketplace.com%2Fwp-admin%2F&reauth=1 HTTP/1.1" 200 2428 "https://kofejob-wp.dreamsmarketplace.com/wp-login.php" "Mozilla/5.0 (X11; Linux x86_64) AppleWebKit/537.36 (KHTML, like Gecko) Chrome/119.0.0.0 Safari/537.36"
2a03:2880:f800:14:: - - [23/Feb/2026:02:38:53 +0000] "GET /3-banzai-slots-un-bouffee-dasie-de-disques-et-sushis-en-compagnie-de-un-salle-de-jeu-repute/ HTTP/1.1" 301 178 "-" "meta-externalagent/1.1 (+https://developers.facebook.com/docs/sharing/webmasters/crawler)"
156.239.19.247 - - [23/Feb/2026:02:38:54 +0000] "GET /wp-login.php HTTP/1.1" 200 2420 "https://www.google.com" "Mozilla/5.0 (X11; Linux x86_64) AppleWebKit/537.36 (KHTML, like Gecko) Chrome/119.0.0.0 Safari/537.36"
2a03:2880:f800:37:: - - [23/Feb/2026:02:38:54 +0000] "GET /commentaire-en-surfant-sur-votre-casino-un-tantinet-fiable-les-arguments-devaluation/ HTTP/1.1" 301 178 "-" "meta-externalagent/1.1 (+https://developers.facebook.com/docs/sharing/webmasters/crawler)"
156.239.19.247 - - [23/Feb/2026:02:38:55 +0000] "POST /wp-login.php HTTP/1.1" 200 2568 "https://kofejob-wp.dreamsmarketplace.com/wp-login.php" "Mozilla/5.0 (X11; Linux x86_64) AppleWebKit/537.36 (KHTML, like Gecko) Chrome/119.0.0.0 Safari/537.36"
156.239.19.247 - - [23/Feb/2026:02:38:56 +0000] "GET /wp-admin/ HTTP/1.1" 302 5 "https://kofejob-wp.dreamsmarketplace.com/wp-login.php" "Mozilla/5.0 (X11; Linux x86_64) AppleWebKit/537.36 (KHTML, like Gecko) Chrome/119.0.0.0 Safari/537.36"
156.239.19.247 - - [23/Feb/2026:02:38:57 +0000] "GET /wp-login.php?redirect_to=https%3A%2F%2Fkofejob-wp.dreamsmarketplace.com%2Fwp-admin%2F&reauth=1 HTTP/1.1" 200 2428 "https://kofejob-wp.dreamsmarketplace.com/wp-login.php" "Mozilla/5.0 (X11; Linux x86_64) AppleWebKit/537.36 (KHTML, like Gecko) Chrome/119.0.0.0 Safari/537.36"
2a03:2880:f800:e:: - - [23/Feb/2026:02:39:08 +0000] "GET /le-chantier-passion-en-salle-de-jeu-du-courbe-belge-salle-de-jeu-777/ HTTP/1.1" 301 178 "-" "meta-externalagent/1.1 (+https://developers.facebook.com/docs/sharing/webmasters/crawler)"
2a03:2880:f800:14:: - - [23/Feb/2026:02:39:09 +0000] "GET /adelong-vay-tien-qua-cozmo-golden-cung-nhu-bat-dau-cosmo-advance-nhieu-lan/ HTTP/1.1" 301 178 "-" "meta-externalagent/1.1 (+https://developers.facebook.com/docs/sharing/webmasters/crawler)"
104.166.164.5 - - [23/Feb/2026:02:39:13 +0000] "POST /xmlrpc.php HTTP/1.1" 301 178 "-" "Mozilla/5.0 (Windows NT 10.0; Win64; x64) AppleWebKit/537.36 (KHTML, like Gecko) Chrome/114.0.0.0 Safari/537.36"
2a03:2880:f800:33:: - - [23/Feb/2026:02:39:13 +0000] "GET /100-freispiele-abzuglich-einzahlung-bestes-casino-online-top-angebote-2026/ HTTP/1.1" 301 178 "-" "meta-externalagent/1.1 (+https://developers.facebook.com/docs/sharing/webmasters/crawler)"
2a03:2880:f800:2e:: - - [23/Feb/2026:02:39:15 +0000] "GET /che-tipo-di-valutiamo-nelleventualita-che-insecable-casino-non-aams-e-serio/ HTTP/1.1" 301 178 "-" "meta-externalagent/1.1 (+https://developers.facebook.com/docs/sharing/webmasters/crawler)"
2a03:2880:f800:d:: - - [23/Feb/2026:02:39:16 +0000] "GET /fifty-dragons-genuine-day-analytics-rtp-srp/ HTTP/1.1" 301 178 "-" "meta-externalagent/1.1 (+https://developers.facebook.com/docs/sharing/webmasters/crawler)"
104.166.164.5 - - [23/Feb/2026:02:39:16 +0000] "GET /xmlrpc.php HTTP/1.1" 405 53 "-" "Mozilla/5.0 (Windows NT 10.0; Win64; x64) AppleWebKit/537.36 (KHTML, like Gecko) Chrome/114.0.0.0 Safari/537.36"
2a03:2880:f800:4:: - - [23/Feb/2026:02:39:16 +0000] "GET /il-baccarat-online-il-bazzecola-di-carte-ancora-accurato-del-bisca/ HTTP/1.1" 301 178 "-" "meta-externalagent/1.1 (+https://developers.facebook.com/docs/sharing/webmasters/crawler)"
104.166.164.5 - - [23/Feb/2026:02:39:17 +0000] "POST /xmlrpc.php HTTP/1.1" 301 178 "-" "Mozilla/5.0 (Windows NT 10.0; Win64; x64) AppleWebKit/537.36 (KHTML, like Gecko) Chrome/114.0.0.0 Safari/537.36"
104.166.164.5 - - [23/Feb/2026:02:39:19 +0000] "GET /xmlrpc.php HTTP/1.1" 405 53 "-" "Mozilla/5.0 (Windows NT 10.0; Win64; x64) AppleWebKit/537.36 (KHTML, like Gecko) Chrome/114.0.0.0 Safari/537.36"
2a03:2880:f800:43:: - - [23/Feb/2026:02:39:21 +0000] "GET /migliori-mucchio-non-aams-gratowin-casino-recensioni-sicuri-2025/ HTTP/1.1" 301 178 "-" "meta-externalagent/1.1 (+https://developers.facebook.com/docs/sharing/webmasters/crawler)"
2a03:2880:f800:2:: - - [23/Feb/2026:02:39:24 +0000] "GET /opptil-10-000-det-casino-prime-slots-casino-kan-ikke-nektes-akkvisisjon/ HTTP/1.1" 301 178 "-" "meta-externalagent/1.1 (+https://developers.facebook.com/docs/sharing/webmasters/crawler)"
2a03:2880:f800:46:: - - [23/Feb/2026:02:39:29 +0000] "GET /finest-on-line-casino-no-deposit-incentives-january-2026/ HTTP/1.1" 301 178 "-" "meta-externalagent/1.1 (+https://developers.facebook.com/docs/sharing/webmasters/crawler)"
109.197.16.195 - - [23/Feb/2026:02:39:53 +0000] "GET /wp-json/wp/v2/users HTTP/1.1" 200 816 "https://www.google.com" "Mozilla/5.0 (X11; Linux x86_64) AppleWebKit/537.36 (KHTML, like Gecko) Chrome/119.0.0.0 Safari/537.36"
109.197.16.195 - - [23/Feb/2026:02:39:54 +0000] "GET /?author=1 HTTP/1.1" 301 5 "https://www.google.com" "Mozilla/5.0 (X11; Linux x86_64) AppleWebKit/537.36 (KHTML, like Gecko) Chrome/119.0.0.0 Safari/537.36"
109.197.16.195 - - [23/Feb/2026:02:39:55 +0000] "POST /xmlrpc.php HTTP/1.1" 200 192 "-" "Apache-HttpClient/4.5.13 (Java/11.0.30)"
109.197.16.195 - - [23/Feb/2026:02:39:55 +0000] "POST /xmlrpc.php HTTP/1.1" 200 415 "-" "Apache-HttpClient/4.5.13 (Java/11.0.30)"
109.197.16.195 - - [23/Feb/2026:02:39:56 +0000] "POST /xmlrpc.php HTTP/1.1" 200 415 "-" "Apache-HttpClient/4.5.13 (Java/11.0.30)"
109.197.16.195 - - [23/Feb/2026:02:39:57 +0000] "POST /xmlrpc.php HTTP/1.1" 200 415 "-" "Apache-HttpClient/4.5.13 (Java/11.0.30)"
109.197.16.195 - - [23/Feb/2026:02:39:58 +0000] "GET /wp-login.php HTTP/1.1" 200 2420 "https://www.google.com" "Mozilla/5.0 (X11; Linux x86_64) AppleWebKit/537.36 (KHTML, like Gecko) Chrome/119.0.0.0 Safari/537.36"
138.249.61.72 - - [23/Feb/2026:02:39:58 +0000] "GET /wp-login.php HTTP/1.1" 200 2420 "https://www.google.com" "Mozilla/5.0 (X11; Linux x86_64) AppleWebKit/537.36 (KHTML, like Gecko) Chrome/119.0.0.0 Safari/537.36"
138.249.61.72 - - [23/Feb/2026:02:39:59 +0000] "POST /wp-login.php HTTP/1.1" 200 2568 "https://kofejob-wp.dreamsmarketplace.com/wp-login.php" "Mozilla/5.0 (X11; Linux x86_64) AppleWebKit/537.36 (KHTML, like Gecko) Chrome/119.0.0.0 Safari/537.36"
138.249.61.72 - - [23/Feb/2026:02:40:00 +0000] "GET /wp-admin/ HTTP/1.1" 302 5 "https://kofejob-wp.dreamsmarketplace.com/wp-login.php" "Mozilla/5.0 (X11; Linux x86_64) AppleWebKit/537.36 (KHTML, like Gecko) Chrome/119.0.0.0 Safari/537.36"
138.249.61.72 - - [23/Feb/2026:02:40:00 +0000] "GET /wp-login.php?redirect_to=https%3A%2F%2Fkofejob-wp.dreamsmarketplace.com%2Fwp-admin%2F&reauth=1 HTTP/1.1" 200 2428 "https://kofejob-wp.dreamsmarketplace.com/wp-login.php" "Mozilla/5.0 (X11; Linux x86_64) AppleWebKit/537.36 (KHTML, like Gecko) Chrome/119.0.0.0 Safari/537.36"
153.80.159.18 - - [23/Feb/2026:02:40:00 +0000] "GET /wp-login.php HTTP/1.1" 200 2420 "https://www.google.com" "Mozilla/5.0 (X11; Linux x86_64) AppleWebKit/537.36 (KHTML, like Gecko) Chrome/119.0.0.0 Safari/537.36"
153.80.159.18 - - [23/Feb/2026:02:40:01 +0000] "POST /wp-login.php HTTP/1.1" 200 2568 "https://kofejob-wp.dreamsmarketplace.com/wp-login.php" "Mozilla/5.0 (X11; Linux x86_64) AppleWebKit/537.36 (KHTML, like Gecko) Chrome/119.0.0.0 Safari/537.36"
153.80.159.18 - - [23/Feb/2026:02:40:02 +0000] "GET /wp-admin/ HTTP/1.1" 302 5 "https://kofejob-wp.dreamsmarketplace.com/wp-login.php" "Mozilla/5.0 (X11; Linux x86_64) AppleWebKit/537.36 (KHTML, like Gecko) Chrome/119.0.0.0 Safari/537.36"
153.80.159.18 - - [23/Feb/2026:02:40:02 +0000] "GET /wp-login.php?redirect_to=https%3A%2F%2Fkofejob-wp.dreamsmarketplace.com%2Fwp-admin%2F&reauth=1 HTTP/1.1" 200 2428 "https://kofejob-wp.dreamsmarketplace.com/wp-login.php" "Mozilla/5.0 (X11; Linux x86_64) AppleWebKit/537.36 (KHTML, like Gecko) Chrome/119.0.0.0 Safari/537.36"
