2a03:2880:f800:39:: - - [23/Feb/2026:01:16:16 +0000] "GET /lequel-ressemblent-vos-gratification-en-compagnie-de-salle-de-jeu-un-brin-donne-i%ef%bf%bd-lensemble-des-acheves-en-compagnie-de-gaming-a-lenregistrement/ HTTP/1.1" 301 178 "-" "meta-externalagent/1.1 (+https://developers.facebook.com/docs/sharing/webmasters/crawler)"
2a03:2880:f800:40:: - - [23/Feb/2026:01:16:25 +0000] "GET /aparelho-criancice-cartas-casino-royal-vegas-casino-online-no-brasil-cassino-premium/ HTTP/1.1" 301 178 "-" "meta-externalagent/1.1 (+https://developers.facebook.com/docs/sharing/webmasters/crawler)"
2a03:2880:f800:31:: - - [23/Feb/2026:01:16:30 +0000] "GET /finest-gambling-establishment-applications-peters-universe-slot-for-android/ HTTP/1.1" 301 178 "-" "meta-externalagent/1.1 (+https://developers.facebook.com/docs/sharing/webmasters/crawler)"
2a03:2880:f800:33:: - - [23/Feb/2026:01:16:42 +0000] "GET /fortune-favors-the-bold-navigate-peril-profit-in-2/ HTTP/1.1" 200 17439 "-" "meta-externalagent/1.1 (+https://developers.facebook.com/docs/sharing/webmasters/crawler)"
91.199.189.110 - - [23/Feb/2026:01:16:42 +0000] "GET /wp-json/wp/v2/users HTTP/1.1" 200 816 "https://www.google.com" "Mozilla/5.0 (X11; Linux x86_64) AppleWebKit/537.36 (KHTML, like Gecko) Chrome/119.0.0.0 Safari/537.36"
91.199.189.110 - - [23/Feb/2026:01:16:42 +0000] "GET /?author=1 HTTP/1.1" 301 5 "https://www.google.com" "Mozilla/5.0 (X11; Linux x86_64) AppleWebKit/537.36 (KHTML, like Gecko) Chrome/119.0.0.0 Safari/537.36"
2a03:2880:f800:: - - [23/Feb/2026:01:16:42 +0000] "GET /alaskan-fishing-by-microgaming-game-play-free-of-charge-and-you-will-a-live-black-jack-pro-series-online-real-income/ HTTP/1.1" 301 178 "-" "meta-externalagent/1.1 (+https://developers.facebook.com/docs/sharing/webmasters/crawler)"
91.199.189.110 - - [23/Feb/2026:01:16:43 +0000] "POST /xmlrpc.php HTTP/1.1" 200 192 "-" "Apache-HttpClient/4.5.13 (Java/11.0.30)"
91.199.189.110 - - [23/Feb/2026:01:16:44 +0000] "POST /xmlrpc.php HTTP/1.1" 200 415 "-" "Apache-HttpClient/4.5.13 (Java/11.0.30)"
91.199.189.110 - - [23/Feb/2026:01:16:44 +0000] "POST /xmlrpc.php HTTP/1.1" 200 415 "-" "Apache-HttpClient/4.5.13 (Java/11.0.30)"
91.199.189.110 - - [23/Feb/2026:01:16:45 +0000] "POST /xmlrpc.php HTTP/1.1" 200 415 "-" "Apache-HttpClient/4.5.13 (Java/11.0.30)"
91.199.189.110 - - [23/Feb/2026:01:16:46 +0000] "GET /wp-login.php HTTP/1.1" 200 2420 "https://www.google.com" "Mozilla/5.0 (X11; Linux x86_64) AppleWebKit/537.36 (KHTML, like Gecko) Chrome/119.0.0.0 Safari/537.36"
185.188.41.204 - - [23/Feb/2026:01:16:46 +0000] "GET /wp-login.php HTTP/1.1" 200 2420 "https://www.google.com" "Mozilla/5.0 (X11; Linux x86_64) AppleWebKit/537.36 (KHTML, like Gecko) Chrome/119.0.0.0 Safari/537.36"
185.188.41.204 - - [23/Feb/2026:01:16:47 +0000] "POST /wp-login.php HTTP/1.1" 200 2568 "https://kofejob-wp.dreamsmarketplace.com/wp-login.php" "Mozilla/5.0 (X11; Linux x86_64) AppleWebKit/537.36 (KHTML, like Gecko) Chrome/119.0.0.0 Safari/537.36"
185.188.41.204 - - [23/Feb/2026:01:16:48 +0000] "GET /wp-admin/ HTTP/1.1" 302 5 "https://kofejob-wp.dreamsmarketplace.com/wp-login.php" "Mozilla/5.0 (X11; Linux x86_64) AppleWebKit/537.36 (KHTML, like Gecko) Chrome/119.0.0.0 Safari/537.36"
185.188.41.204 - - [23/Feb/2026:01:16:48 +0000] "GET /wp-login.php?redirect_to=https%3A%2F%2Fkofejob-wp.dreamsmarketplace.com%2Fwp-admin%2F&reauth=1 HTTP/1.1" 200 2428 "https://kofejob-wp.dreamsmarketplace.com/wp-login.php" "Mozilla/5.0 (X11; Linux x86_64) AppleWebKit/537.36 (KHTML, like Gecko) Chrome/119.0.0.0 Safari/537.36"
154.205.235.102 - - [23/Feb/2026:01:16:49 +0000] "GET /wp-login.php HTTP/1.1" 200 2420 "https://www.google.com" "Mozilla/5.0 (X11; Linux x86_64) AppleWebKit/537.36 (KHTML, like Gecko) Chrome/119.0.0.0 Safari/537.36"
154.205.235.102 - - [23/Feb/2026:01:16:50 +0000] "POST /wp-login.php HTTP/1.1" 200 2568 "https://kofejob-wp.dreamsmarketplace.com/wp-login.php" "Mozilla/5.0 (X11; Linux x86_64) AppleWebKit/537.36 (KHTML, like Gecko) Chrome/119.0.0.0 Safari/537.36"
154.205.235.102 - - [23/Feb/2026:01:16:51 +0000] "GET /wp-admin/ HTTP/1.1" 302 5 "https://kofejob-wp.dreamsmarketplace.com/wp-login.php" "Mozilla/5.0 (X11; Linux x86_64) AppleWebKit/537.36 (KHTML, like Gecko) Chrome/119.0.0.0 Safari/537.36"
154.205.235.102 - - [23/Feb/2026:01:16:52 +0000] "GET /wp-login.php?redirect_to=https%3A%2F%2Fkofejob-wp.dreamsmarketplace.com%2Fwp-admin%2F&reauth=1 HTTP/1.1" 200 2428 "https://kofejob-wp.dreamsmarketplace.com/wp-login.php" "Mozilla/5.0 (X11; Linux x86_64) AppleWebKit/537.36 (KHTML, like Gecko) Chrome/119.0.0.0 Safari/537.36"
154.205.232.32 - - [23/Feb/2026:01:16:52 +0000] "GET /wp-login.php HTTP/1.1" 200 2420 "https://www.google.com" "Mozilla/5.0 (X11; Linux x86_64) AppleWebKit/537.36 (KHTML, like Gecko) Chrome/119.0.0.0 Safari/537.36"
154.205.232.32 - - [23/Feb/2026:01:16:54 +0000] "POST /wp-login.php HTTP/1.1" 200 2568 "https://kofejob-wp.dreamsmarketplace.com/wp-login.php" "Mozilla/5.0 (X11; Linux x86_64) AppleWebKit/537.36 (KHTML, like Gecko) Chrome/119.0.0.0 Safari/537.36"
154.205.232.32 - - [23/Feb/2026:01:16:54 +0000] "GET /wp-admin/ HTTP/1.1" 302 5 "https://kofejob-wp.dreamsmarketplace.com/wp-login.php" "Mozilla/5.0 (X11; Linux x86_64) AppleWebKit/537.36 (KHTML, like Gecko) Chrome/119.0.0.0 Safari/537.36"
154.205.232.32 - - [23/Feb/2026:01:16:55 +0000] "GET /wp-login.php?redirect_to=https%3A%2F%2Fkofejob-wp.dreamsmarketplace.com%2Fwp-admin%2F&reauth=1 HTTP/1.1" 200 2428 "https://kofejob-wp.dreamsmarketplace.com/wp-login.php" "Mozilla/5.0 (X11; Linux x86_64) AppleWebKit/537.36 (KHTML, like Gecko) Chrome/119.0.0.0 Safari/537.36"
2a03:2880:f800:4:: - - [23/Feb/2026:01:17:16 +0000] "GET /titre-le-meilleur-casino-en-ligne-fiable/ HTTP/1.1" 200 19858 "-" "meta-externalagent/1.1 (+https://developers.facebook.com/docs/sharing/webmasters/crawler)"
208.214.163.29 - - [23/Feb/2026:01:17:21 +0000] "POST /xmlrpc.php HTTP/1.1" 301 178 "-" "Python-xmlrpc/3.11"
2a03:2880:f800:17:: - - [23/Feb/2026:01:17:35 +0000] "GET /isoftbet-casino-analise-portugal-apostas-online-10-casinos-de-deposito-pt/ HTTP/1.1" 301 178 "-" "meta-externalagent/1.1 (+https://developers.facebook.com/docs/sharing/webmasters/crawler)"
194.104.232.102 - - [23/Feb/2026:01:17:53 +0000] "GET /wp-json/wp/v2/users HTTP/1.1" 200 816 "https://www.google.com" "Mozilla/5.0 (X11; Linux x86_64) AppleWebKit/537.36 (KHTML, like Gecko) Chrome/119.0.0.0 Safari/537.36"
2600:4040:7ed9:7800:8c46:a8fa:2dc4:1ecc - - [23/Feb/2026:01:17:54 +0000] "GET /landing/ HTTP/1.1" 301 178 "https://preview.themeforest.net/" "Mozilla/5.0 (Windows NT 10.0; Win64; x64) AppleWebKit/537.36 (KHTML, like Gecko) Chrome/145.0.0.0 Safari/537.36"
194.104.232.102 - - [23/Feb/2026:01:17:54 +0000] "GET /?author=1 HTTP/1.1" 301 5 "https://www.google.com" "Mozilla/5.0 (X11; Linux x86_64) AppleWebKit/537.36 (KHTML, like Gecko) Chrome/119.0.0.0 Safari/537.36"
194.104.232.102 - - [23/Feb/2026:01:17:54 +0000] "POST /xmlrpc.php HTTP/1.1" 200 192 "-" "Apache-HttpClient/4.5.13 (Java/11.0.30)"
2600:4040:7ed9:7800:8c46:a8fa:2dc4:1ecc - - [23/Feb/2026:01:17:54 +0000] "GET /landing/ HTTP/1.1" 200 1342 "https://preview.themeforest.net/" "Mozilla/5.0 (Windows NT 10.0; Win64; x64) AppleWebKit/537.36 (KHTML, like Gecko) Chrome/145.0.0.0 Safari/537.36"
2600:4040:7ed9:7800:8c46:a8fa:2dc4:1ecc - - [23/Feb/2026:01:17:55 +0000] "GET /landing/assets/css/style.css HTTP/1.1" 200 6123 "https://kofejob-wp.dreamsmarketplace.com/landing/" "Mozilla/5.0 (Windows NT 10.0; Win64; x64) AppleWebKit/537.36 (KHTML, like Gecko) Chrome/145.0.0.0 Safari/537.36"
2600:4040:7ed9:7800:8c46:a8fa:2dc4:1ecc - - [23/Feb/2026:01:17:55 +0000] "GET /landing/assets/js/bootstrap.bundle.min.js HTTP/1.1" 200 80821 "https://kofejob-wp.dreamsmarketplace.com/landing/" "Mozilla/5.0 (Windows NT 10.0; Win64; x64) AppleWebKit/537.36 (KHTML, like Gecko) Chrome/145.0.0.0 Safari/537.36"
2600:4040:7ed9:7800:8c46:a8fa:2dc4:1ecc - - [23/Feb/2026:01:17:55 +0000] "GET /landing/assets/img/banner.jpg HTTP/1.1" 200 29135 "https://kofejob-wp.dreamsmarketplace.com/landing/" "Mozilla/5.0 (Windows NT 10.0; Win64; x64) AppleWebKit/537.36 (KHTML, like Gecko) Chrome/145.0.0.0 Safari/537.36"
194.104.232.102 - - [23/Feb/2026:01:17:55 +0000] "POST /xmlrpc.php HTTP/1.1" 200 415 "-" "Apache-HttpClient/4.5.13 (Java/11.0.30)"
2600:4040:7ed9:7800:8c46:a8fa:2dc4:1ecc - - [23/Feb/2026:01:17:55 +0000] "GET /landing/assets/css/bootstrap.min.css HTTP/1.1" 200 153111 "https://kofejob-wp.dreamsmarketplace.com/landing/" "Mozilla/5.0 (Windows NT 10.0; Win64; x64) AppleWebKit/537.36 (KHTML, like Gecko) Chrome/145.0.0.0 Safari/537.36"
194.104.232.102 - - [23/Feb/2026:01:17:56 +0000] "POST /xmlrpc.php HTTP/1.1" 200 415 "-" "Apache-HttpClient/4.5.13 (Java/11.0.30)"
2600:4040:7ed9:7800:8c46:a8fa:2dc4:1ecc - - [23/Feb/2026:01:17:56 +0000] "GET /landing/assets/fonts/CircularStd-Book.woff HTTP/1.1" 200 36612 "https://kofejob-wp.dreamsmarketplace.com/landing/assets/css/style.css" "Mozilla/5.0 (Windows NT 10.0; Win64; x64) AppleWebKit/537.36 (KHTML, like Gecko) Chrome/145.0.0.0 Safari/537.36"
2600:4040:7ed9:7800:8c46:a8fa:2dc4:1ecc - - [23/Feb/2026:01:17:56 +0000] "GET /landing/assets/fonts/CircularStd-Medium.woff HTTP/1.1" 200 40840 "https://kofejob-wp.dreamsmarketplace.com/landing/assets/css/style.css" "Mozilla/5.0 (Windows NT 10.0; Win64; x64) AppleWebKit/537.36 (KHTML, like Gecko) Chrome/145.0.0.0 Safari/537.36"
2600:4040:7ed9:7800:8c46:a8fa:2dc4:1ecc - - [23/Feb/2026:01:17:56 +0000] "GET /landing/assets/fonts/CircularStd-Black.woff HTTP/1.1" 200 41324 "https://kofejob-wp.dreamsmarketplace.com/landing/assets/css/style.css" "Mozilla/5.0 (Windows NT 10.0; Win64; x64) AppleWebKit/537.36 (KHTML, like Gecko) Chrome/145.0.0.0 Safari/537.36"
194.104.232.102 - - [23/Feb/2026:01:17:57 +0000] "POST /xmlrpc.php HTTP/1.1" 200 415 "-" "Apache-HttpClient/4.5.13 (Java/11.0.30)"
194.104.232.102 - - [23/Feb/2026:01:17:58 +0000] "GET /wp-login.php HTTP/1.1" 200 2420 "https://www.google.com" "Mozilla/5.0 (X11; Linux x86_64) AppleWebKit/537.36 (KHTML, like Gecko) Chrome/119.0.0.0 Safari/537.36"
2600:4040:7ed9:7800:8c46:a8fa:2dc4:1ecc - - [23/Feb/2026:01:17:58 +0000] "GET / HTTP/1.1" 301 178 "https://kofejob-wp.dreamsmarketplace.com/" "Mozilla/5.0 (Windows NT 10.0; Win64; x64) AppleWebKit/537.36 (KHTML, like Gecko) Chrome/145.0.0.0 Safari/537.36"
176.116.17.75 - - [23/Feb/2026:01:17:58 +0000] "GET /wp-login.php HTTP/1.1" 200 2420 "https://www.google.com" "Mozilla/5.0 (X11; Linux x86_64) AppleWebKit/537.36 (KHTML, like Gecko) Chrome/119.0.0.0 Safari/537.36"
2600:4040:7ed9:7800:8c46:a8fa:2dc4:1ecc - - [23/Feb/2026:01:17:59 +0000] "GET / HTTP/1.1" 200 14459 "https://kofejob-wp.dreamsmarketplace.com/" "Mozilla/5.0 (Windows NT 10.0; Win64; x64) AppleWebKit/537.36 (KHTML, like Gecko) Chrome/145.0.0.0 Safari/537.36"
176.116.17.75 - - [23/Feb/2026:01:17:59 +0000] "POST /wp-login.php HTTP/1.1" 200 2568 "https://kofejob-wp.dreamsmarketplace.com/wp-login.php" "Mozilla/5.0 (X11; Linux x86_64) AppleWebKit/537.36 (KHTML, like Gecko) Chrome/119.0.0.0 Safari/537.36"
2600:4040:7ed9:7800:8c46:a8fa:2dc4:1ecc - - [23/Feb/2026:01:17:59 +0000] "GET /wp-content/themes/kofejob//assets/css/pretty-checkbox.min.css?ver=6.9 HTTP/1.1" 200 19349 "https://kofejob-wp.dreamsmarketplace.com/" "Mozilla/5.0 (Windows NT 10.0; Win64; x64) AppleWebKit/537.36 (KHTML, like Gecko) Chrome/145.0.0.0 Safari/537.36"
2600:4040:7ed9:7800:8c46:a8fa:2dc4:1ecc - - [23/Feb/2026:01:17:59 +0000] "GET /wp-content/themes/kofejob/assets/css/theme-woocommerce.css?ver=6.9 HTTP/1.1" 200 117739 "https://kofejob-wp.dreamsmarketplace.com/" "Mozilla/5.0 (Windows NT 10.0; Win64; x64) AppleWebKit/537.36 (KHTML, like Gecko) Chrome/145.0.0.0 Safari/537.36"
2600:4040:7ed9:7800:8c46:a8fa:2dc4:1ecc - - [23/Feb/2026:01:17:59 +0000] "GET /wp-content/themes/kofejob//assets/css/toastr.min.css?ver=6.9 HTTP/1.1" 304 0 "https://kofejob-wp.dreamsmarketplace.com/" "Mozilla/5.0 (Windows NT 10.0; Win64; x64) AppleWebKit/537.36 (KHTML, like Gecko) Chrome/145.0.0.0 Safari/537.36"
176.116.17.75 - - [23/Feb/2026:01:18:00 +0000] "GET /wp-admin/ HTTP/1.1" 302 5 "https://kofejob-wp.dreamsmarketplace.com/wp-login.php" "Mozilla/5.0 (X11; Linux x86_64) AppleWebKit/537.36 (KHTML, like Gecko) Chrome/119.0.0.0 Safari/537.36"
2600:4040:7ed9:7800:8c46:a8fa:2dc4:1ecc - - [23/Feb/2026:01:18:00 +0000] "GET /wp-content/themes/kofejob//assets/css/richtext.min.css?ver=6.9 HTTP/1.1" 200 6871 "https://kofejob-wp.dreamsmarketplace.com/" "Mozilla/5.0 (Windows NT 10.0; Win64; x64) AppleWebKit/537.36 (KHTML, like Gecko) Chrome/145.0.0.0 Safari/537.36"
2600:4040:7ed9:7800:8c46:a8fa:2dc4:1ecc - - [23/Feb/2026:01:18:00 +0000] "GET /wp-content/themes/kofejob//assets/css/smoke.min.css?ver=6.9 HTTP/1.1" 200 3421 "https://kofejob-wp.dreamsmarketplace.com/" "Mozilla/5.0 (Windows NT 10.0; Win64; x64) AppleWebKit/537.36 (KHTML, like Gecko) Chrome/145.0.0.0 Safari/537.36"
2600:4040:7ed9:7800:8c46:a8fa:2dc4:1ecc - - [23/Feb/2026:01:18:00 +0000] "GET /wp-content/themes/kofejob/assets/css/responsive.css?ver=6.9 HTTP/1.1" 200 68424 "https://kofejob-wp.dreamsmarketplace.com/" "Mozilla/5.0 (Windows NT 10.0; Win64; x64) AppleWebKit/537.36 (KHTML, like Gecko) Chrome/145.0.0.0 Safari/537.36"
2600:4040:7ed9:7800:8c46:a8fa:2dc4:1ecc - - [23/Feb/2026:01:18:00 +0000] "GET /wp-content/themes/kofejob/assets/css/default-css.css?ver=6.9 HTTP/1.1" 200 133098 "https://kofejob-wp.dreamsmarketplace.com/" "Mozilla/5.0 (Windows NT 10.0; Win64; x64) AppleWebKit/537.36 (KHTML, like Gecko) Chrome/145.0.0.0 Safari/537.36"
2600:4040:7ed9:7800:8c46:a8fa:2dc4:1ecc - - [23/Feb/2026:01:18:00 +0000] "GET /wp-content/themes/kofejob/assets/js/dropzone.js?ver=1 HTTP/1.1" 200 51438 "https://kofejob-wp.dreamsmarketplace.com/" "Mozilla/5.0 (Windows NT 10.0; Win64; x64) AppleWebKit/537.36 (KHTML, like Gecko) Chrome/145.0.0.0 Safari/537.36"
2600:4040:7ed9:7800:8c46:a8fa:2dc4:1ecc - - [23/Feb/2026:01:18:00 +0000] "GET /wp-content/themes/kofejob//assets/css/owl.carousel.min.css?ver=6.9 HTTP/1.1" 200 3351 "https://kofejob-wp.dreamsmarketplace.com/" "Mozilla/5.0 (Windows NT 10.0; Win64; x64) AppleWebKit/537.36 (KHTML, like Gecko) Chrome/145.0.0.0 Safari/537.36"
2600:4040:7ed9:7800:8c46:a8fa:2dc4:1ecc - - [23/Feb/2026:01:18:00 +0000] "GET /wp-content/themes/kofejob/assets/images/logo-kofesvg.svg HTTP/1.1" 200 22529 "https://kofejob-wp.dreamsmarketplace.com/" "Mozilla/5.0 (Windows NT 10.0; Win64; x64) AppleWebKit/537.36 (KHTML, like Gecko) Chrome/145.0.0.0 Safari/537.36"
2600:4040:7ed9:7800:8c46:a8fa:2dc4:1ecc - - [23/Feb/2026:01:18:00 +0000] "GET /wp-content/themes/kofejob/assets/plugins/theia-sticky-sidebar/theia-sticky-sidebar.js?ver=6.9 HTTP/1.1" 200 16379 "https://kofejob-wp.dreamsmarketplace.com/" "Mozilla/5.0 (Windows NT 10.0; Win64; x64) AppleWebKit/537.36 (KHTML, like Gecko) Chrome/145.0.0.0 Safari/537.36"
2600:4040:7ed9:7800:8c46:a8fa:2dc4:1ecc - - [23/Feb/2026:01:18:00 +0000] "GET /wp-content/themes/kofejob/assets/css/jquery-confirm.css?ver=6.9 HTTP/1.1" 200 28129 "https://kofejob-wp.dreamsmarketplace.com/" "Mozilla/5.0 (Windows NT 10.0; Win64; x64) AppleWebKit/537.36 (KHTML, like Gecko) Chrome/145.0.0.0 Safari/537.36"
2600:4040:7ed9:7800:8c46:a8fa:2dc4:1ecc - - [23/Feb/2026:01:18:00 +0000] "GET /wp-content/themes/kofejob/assets/css/block-styles.css?ver=1.0 HTTP/1.1" 200 175 "https://kofejob-wp.dreamsmarketplace.com/" "Mozilla/5.0 (Windows NT 10.0; Win64; x64) AppleWebKit/537.36 (KHTML, like Gecko) Chrome/145.0.0.0 Safari/537.36"
2600:4040:7ed9:7800:8c46:a8fa:2dc4:1ecc - - [23/Feb/2026:01:18:00 +0000] "GET /wp-content/themes/kofejob//assets/css/select2.min.css?ver=6.9 HTTP/1.1" 200 14966 "https://kofejob-wp.dreamsmarketplace.com/" "Mozilla/5.0 (Windows NT 10.0; Win64; x64) AppleWebKit/537.36 (KHTML, like Gecko) Chrome/145.0.0.0 Safari/537.36"
2600:4040:7ed9:7800:8c46:a8fa:2dc4:1ecc - - [23/Feb/2026:01:18:00 +0000] "GET /wp-includes/js/jquery/jquery-migrate.min.js?ver=3.4.1 HTTP/1.1" 200 13577 "https://kofejob-wp.dreamsmarketplace.com/" "Mozilla/5.0 (Windows NT 10.0; Win64; x64) AppleWebKit/537.36 (KHTML, like Gecko) Chrome/145.0.0.0 Safari/537.36"
2600:4040:7ed9:7800:8c46:a8fa:2dc4:1ecc - - [23/Feb/2026:01:18:00 +0000] "GET /wp-content/themes/kofejob/assets/css/animate.min.css?ver=6.9 HTTP/1.1" 200 71750 "https://kofejob-wp.dreamsmarketplace.com/" "Mozilla/5.0 (Windows NT 10.0; Win64; x64) AppleWebKit/537.36 (KHTML, like Gecko) Chrome/145.0.0.0 Safari/537.36"
2600:4040:7ed9:7800:8c46:a8fa:2dc4:1ecc - - [23/Feb/2026:01:18:00 +0000] "GET /wp-content/themes/kofejob/assets/css/all.min.css?ver=6.9 HTTP/1.1" 200 59251 "https://kofejob-wp.dreamsmarketplace.com/" "Mozilla/5.0 (Windows NT 10.0; Win64; x64) AppleWebKit/537.36 (KHTML, like Gecko) Chrome/145.0.0.0 Safari/537.36"
2600:4040:7ed9:7800:8c46:a8fa:2dc4:1ecc - - [23/Feb/2026:01:18:00 +0000] "GET /wp-content/uploads/2021/01/header-banner.svg HTTP/1.1" 200 96487 "https://kofejob-wp.dreamsmarketplace.com/" "Mozilla/5.0 (Windows NT 10.0; Win64; x64) AppleWebKit/537.36 (KHTML, like Gecko) Chrome/145.0.0.0 Safari/537.36"
2600:4040:7ed9:7800:8c46:a8fa:2dc4:1ecc - - [23/Feb/2026:01:18:00 +0000] "GET /wp-content/themes/kofejob//assets/css/jquery.datetimepicker.min.css?ver=6.9 HTTP/1.1" 200 16503 "https://kofejob-wp.dreamsmarketplace.com/" "Mozilla/5.0 (Windows NT 10.0; Win64; x64) AppleWebKit/537.36 (KHTML, like Gecko) Chrome/145.0.0.0 Safari/537.36"
2600:4040:7ed9:7800:8c46:a8fa:2dc4:1ecc - - [23/Feb/2026:01:18:00 +0000] "GET /wp-includes/js/jquery/jquery.min.js?ver=3.7.1 HTTP/1.1" 200 87553 "https://kofejob-wp.dreamsmarketplace.com/" "Mozilla/5.0 (Windows NT 10.0; Win64; x64) AppleWebKit/537.36 (KHTML, like Gecko) Chrome/145.0.0.0 Safari/537.36"
2600:4040:7ed9:7800:8c46:a8fa:2dc4:1ecc - - [23/Feb/2026:01:18:00 +0000] "GET /wp-content/themes/kofejob//assets/js/owl.carousel.min.js?ver=6.9 HTTP/1.1" 200 44342 "https://kofejob-wp.dreamsmarketplace.com/" "Mozilla/5.0 (Windows NT 10.0; Win64; x64) AppleWebKit/537.36 (KHTML, like Gecko) Chrome/145.0.0.0 Safari/537.36"
2600:4040:7ed9:7800:8c46:a8fa:2dc4:1ecc - - [23/Feb/2026:01:18:00 +0000] "GET /wp-content/themes/kofejob/assets/js/script.js?ver=6.9 HTTP/1.1" 200 27044 "https://kofejob-wp.dreamsmarketplace.com/" "Mozilla/5.0 (Windows NT 10.0; Win64; x64) AppleWebKit/537.36 (KHTML, like Gecko) Chrome/145.0.0.0 Safari/537.36"
2600:4040:7ed9:7800:8c46:a8fa:2dc4:1ecc - - [23/Feb/2026:01:18:00 +0000] "GET /wp-content/themes/kofejob/assets/css/owl.theme.default.min.css?ver=6.9 HTTP/1.1" 200 1013 "https://kofejob-wp.dreamsmarketplace.com/" "Mozilla/5.0 (Windows NT 10.0; Win64; x64) AppleWebKit/537.36 (KHTML, like Gecko) Chrome/145.0.0.0 Safari/537.36"
2600:4040:7ed9:7800:8c46:a8fa:2dc4:1ecc - - [23/Feb/2026:01:18:00 +0000] "GET /wp-content/themes/kofejob//assets/css/ion-rangeslider.min.css?ver=6.9 HTTP/1.1" 200 11084 "https://kofejob-wp.dreamsmarketplace.com/" "Mozilla/5.0 (Windows NT 10.0; Win64; x64) AppleWebKit/537.36 (KHTML, like Gecko) Chrome/145.0.0.0 Safari/537.36"
2600:4040:7ed9:7800:8c46:a8fa:2dc4:1ecc - - [23/Feb/2026:01:18:00 +0000] "GET /wp-content/themes/kofejob/assets/plugins/theia-sticky-sidebar/ResizeSensor.js?ver=6.9 HTTP/1.1" 200 5955 "https://kofejob-wp.dreamsmarketplace.com/" "Mozilla/5.0 (Windows NT 10.0; Win64; x64) AppleWebKit/537.36 (KHTML, like Gecko) Chrome/145.0.0.0 Safari/537.36"
2600:4040:7ed9:7800:8c46:a8fa:2dc4:1ecc - - [23/Feb/2026:01:18:00 +0000] "GET /wp-content/themes/kofejob//assets/css/bootstrap.min.css?ver=6.9 HTTP/1.1" 200 163872 "https://kofejob-wp.dreamsmarketplace.com/" "Mozilla/5.0 (Windows NT 10.0; Win64; x64) AppleWebKit/537.36 (KHTML, like Gecko) Chrome/145.0.0.0 Safari/537.36"
176.116.17.75 - - [23/Feb/2026:01:18:00 +0000] "GET /wp-login.php?redirect_to=https%3A%2F%2Fkofejob-wp.dreamsmarketplace.com%2Fwp-admin%2F&reauth=1 HTTP/1.1" 200 2428 "https://kofejob-wp.dreamsmarketplace.com/wp-login.php" "Mozilla/5.0 (X11; Linux x86_64) AppleWebKit/537.36 (KHTML, like Gecko) Chrome/119.0.0.0 Safari/537.36"
2600:4040:7ed9:7800:8c46:a8fa:2dc4:1ecc - - [23/Feb/2026:01:18:00 +0000] "GET /wp-content/themes/kofejob/assets/css/theme.css?ver=6.9 HTTP/1.1" 200 330676 "https://kofejob-wp.dreamsmarketplace.com/" "Mozilla/5.0 (Windows NT 10.0; Win64; x64) AppleWebKit/537.36 (KHTML, like Gecko) Chrome/145.0.0.0 Safari/537.36"
2600:4040:7ed9:7800:8c46:a8fa:2dc4:1ecc - - [23/Feb/2026:01:18:01 +0000] "GET /wp-content/uploads/2021/01/icon1.svg HTTP/1.1" 200 3580 "https://kofejob-wp.dreamsmarketplace.com/" "Mozilla/5.0 (Windows NT 10.0; Win64; x64) AppleWebKit/537.36 (KHTML, like Gecko) Chrome/145.0.0.0 Safari/537.36"
91.199.189.110 - - [23/Feb/2026:01:18:01 +0000] "GET /wp-login.php HTTP/1.1" 200 2420 "https://www.google.com" "Mozilla/5.0 (X11; Linux x86_64) AppleWebKit/537.36 (KHTML, like Gecko) Chrome/119.0.0.0 Safari/537.36"
2600:4040:7ed9:7800:8c46:a8fa:2dc4:1ecc - - [23/Feb/2026:01:18:01 +0000] "GET /wp-content/uploads/2021/01/icon2.svg HTTP/1.1" 200 5908 "https://kofejob-wp.dreamsmarketplace.com/" "Mozilla/5.0 (Windows NT 10.0; Win64; x64) AppleWebKit/537.36 (KHTML, like Gecko) Chrome/145.0.0.0 Safari/537.36"
2600:4040:7ed9:7800:8c46:a8fa:2dc4:1ecc - - [23/Feb/2026:01:18:01 +0000] "GET /wp-content/uploads/2022/09/project-bg.png HTTP/1.1" 304 0 "https://kofejob-wp.dreamsmarketplace.com/" "Mozilla/5.0 (Windows NT 10.0; Win64; x64) AppleWebKit/537.36 (KHTML, like Gecko) Chrome/145.0.0.0 Safari/537.36"
2600:4040:7ed9:7800:8c46:a8fa:2dc4:1ecc - - [23/Feb/2026:01:18:01 +0000] "GET /wp-content/uploads/2022/10/avatar-7.jpg HTTP/1.1" 200 47933 "https://kofejob-wp.dreamsmarketplace.com/" "Mozilla/5.0 (Windows NT 10.0; Win64; x64) AppleWebKit/537.36 (KHTML, like Gecko) Chrome/145.0.0.0 Safari/537.36"
2600:4040:7ed9:7800:8c46:a8fa:2dc4:1ecc - - [23/Feb/2026:01:18:01 +0000] "GET /wp-content/themes/kofejob//assets/js/toastr.min.js?ver=6.9 HTTP/1.1" 200 3695 "https://kofejob-wp.dreamsmarketplace.com/" "Mozilla/5.0 (Windows NT 10.0; Win64; x64) AppleWebKit/537.36 (KHTML, like Gecko) Chrome/145.0.0.0 Safari/537.36"
2600:4040:7ed9:7800:8c46:a8fa:2dc4:1ecc - - [23/Feb/2026:01:18:01 +0000] "GET /wp-includes/js/imagesloaded.min.js?ver=5.0.0 HTTP/1.1" 200 5520 "https://kofejob-wp.dreamsmarketplace.com/" "Mozilla/5.0 (Windows NT 10.0; Win64; x64) AppleWebKit/537.36 (KHTML, like Gecko) Chrome/145.0.0.0 Safari/537.36"
2600:4040:7ed9:7800:8c46:a8fa:2dc4:1ecc - - [23/Feb/2026:01:18:01 +0000] "GET /wp-content/themes/kofejob//assets/js/jquery.imageview.js?ver=6.9 HTTP/1.1" 200 1654 "https://kofejob-wp.dreamsmarketplace.com/" "Mozilla/5.0 (Windows NT 10.0; Win64; x64) AppleWebKit/537.36 (KHTML, like Gecko) Chrome/145.0.0.0 Safari/537.36"
2600:4040:7ed9:7800:8c46:a8fa:2dc4:1ecc - - [23/Feb/2026:01:18:01 +0000] "GET /wp-content/themes/kofejob//assets/js/jquery.nicescroll.min.js?ver=6.9 HTTP/1.1" 200 60010 "https://kofejob-wp.dreamsmarketplace.com/" "Mozilla/5.0 (Windows NT 10.0; Win64; x64) AppleWebKit/537.36 (KHTML, like Gecko) Chrome/145.0.0.0 Safari/537.36"
2600:4040:7ed9:7800:8c46:a8fa:2dc4:1ecc - - [23/Feb/2026:01:18:01 +0000] "GET /wp-content/themes/kofejob//assets/js/smoke.min.js?ver=6.9 HTTP/1.1" 304 0 "https://kofejob-wp.dreamsmarketplace.com/" "Mozilla/5.0 (Windows NT 10.0; Win64; x64) AppleWebKit/537.36 (KHTML, like Gecko) Chrome/145.0.0.0 Safari/537.36"
2600:4040:7ed9:7800:8c46:a8fa:2dc4:1ecc - - [23/Feb/2026:01:18:01 +0000] "GET /wp-content/themes/kofejob//assets/js/jquery.flexslider.js?ver=6.9 HTTP/1.1" 200 23057 "https://kofejob-wp.dreamsmarketplace.com/" "Mozilla/5.0 (Windows NT 10.0; Win64; x64) AppleWebKit/537.36 (KHTML, like Gecko) Chrome/145.0.0.0 Safari/537.36"
2600:4040:7ed9:7800:8c46:a8fa:2dc4:1ecc - - [23/Feb/2026:01:18:01 +0000] "GET /wp-content/themes/kofejob//assets/js/select2.full.min.js?ver=6.9 HTTP/1.1" 200 70740 "https://kofejob-wp.dreamsmarketplace.com/" "Mozilla/5.0 (Windows NT 10.0; Win64; x64) AppleWebKit/537.36 (KHTML, like Gecko) Chrome/145.0.0.0 Safari/537.36"
2600:4040:7ed9:7800:8c46:a8fa:2dc4:1ecc - - [23/Feb/2026:01:18:01 +0000] "GET /wp-includes/js/masonry.min.js?ver=4.2.2 HTTP/1.1" 200 24138 "https://kofejob-wp.dreamsmarketplace.com/" "Mozilla/5.0 (Windows NT 10.0; Win64; x64) AppleWebKit/537.36 (KHTML, like Gecko) Chrome/145.0.0.0 Safari/537.36"
2600:4040:7ed9:7800:8c46:a8fa:2dc4:1ecc - - [23/Feb/2026:01:18:01 +0000] "GET /wp-content/themes/kofejob//assets/js/protip.min.js?ver=6.9 HTTP/1.1" 200 33738 "https://kofejob-wp.dreamsmarketplace.com/" "Mozilla/5.0 (Windows NT 10.0; Win64; x64) AppleWebKit/537.36 (KHTML, like Gecko) Chrome/145.0.0.0 Safari/537.36"
2600:4040:7ed9:7800:8c46:a8fa:2dc4:1ecc - - [23/Feb/2026:01:18:01 +0000] "GET /wp-content/themes/kofejob//assets/js/isotope.js?ver=6.9 HTTP/1.1" 200 35445 "https://kofejob-wp.dreamsmarketplace.com/" "Mozilla/5.0 (Windows NT 10.0; Win64; x64) AppleWebKit/537.36 (KHTML, like Gecko) Chrome/145.0.0.0 Safari/537.36"
2600:4040:7ed9:7800:8c46:a8fa:2dc4:1ecc - - [23/Feb/2026:01:18:01 +0000] "GET /wp-content/themes/kofejob//assets/js/jquery.richtext.min.js?ver=6.9 HTTP/1.1" 200 35663 "https://kofejob-wp.dreamsmarketplace.com/" "Mozilla/5.0 (Windows NT 10.0; Win64; x64) AppleWebKit/537.36 (KHTML, like Gecko) Chrome/145.0.0.0 Safari/537.36"
2600:4040:7ed9:7800:8c46:a8fa:2dc4:1ecc - - [23/Feb/2026:01:18:01 +0000] "GET /wp-content/themes/kofejob//assets/js/bootstrap.bundle.min.js?ver=6.9 HTTP/1.1" 200 80821 "https://kofejob-wp.dreamsmarketplace.com/" "Mozilla/5.0 (Windows NT 10.0; Win64; x64) AppleWebKit/537.36 (KHTML, like Gecko) Chrome/145.0.0.0 Safari/537.36"
2600:4040:7ed9:7800:8c46:a8fa:2dc4:1ecc - - [23/Feb/2026:01:18:01 +0000] "GET /wp-content/themes/kofejob//assets/js/custom-script.js?ver=6.9 HTTP/1.1" 200 55153 "https://kofejob-wp.dreamsmarketplace.com/" "Mozilla/5.0 (Windows NT 10.0; Win64; x64) AppleWebKit/537.36 (KHTML, like Gecko) Chrome/145.0.0.0 Safari/537.36"
2600:4040:7ed9:7800:8c46:a8fa:2dc4:1ecc - - [23/Feb/2026:01:18:01 +0000] "GET /wp-content/themes/kofejob//assets/js/jquery.datetimepicker.full.js?ver=1 HTTP/1.1" 304 0 "https://kofejob-wp.dreamsmarketplace.com/" "Mozilla/5.0 (Windows NT 10.0; Win64; x64) AppleWebKit/537.36 (KHTML, like Gecko) Chrome/145.0.0.0 Safari/537.36"
2600:4040:7ed9:7800:8c46:a8fa:2dc4:1ecc - - [23/Feb/2026:01:18:01 +0000] "GET /wp-content/themes/kofejob//assets/js/jquery.waypoints.min.js?ver=6.9 HTTP/1.1" 200 9028 "https://kofejob-wp.dreamsmarketplace.com/" "Mozilla/5.0 (Windows NT 10.0; Win64; x64) AppleWebKit/537.36 (KHTML, like Gecko) Chrome/145.0.0.0 Safari/537.36"
2600:4040:7ed9:7800:8c46:a8fa:2dc4:1ecc - - [23/Feb/2026:01:18:01 +0000] "GET /wp-content/themes/kofejob//assets/js/ion.rangeslider.min.js?ver=6.9 HTTP/1.1" 200 41171 "https://kofejob-wp.dreamsmarketplace.com/" "Mozilla/5.0 (Windows NT 10.0; Win64; x64) AppleWebKit/537.36 (KHTML, like Gecko) Chrome/145.0.0.0 Safari/537.36"
2600:4040:7ed9:7800:8c46:a8fa:2dc4:1ecc - - [23/Feb/2026:01:18:01 +0000] "GET /wp-content/uploads/2022/10/avatar-9.jpg HTTP/1.1" 200 45559 "https://kofejob-wp.dreamsmarketplace.com/" "Mozilla/5.0 (Windows NT 10.0; Win64; x64) AppleWebKit/537.36 (KHTML, like Gecko) Chrome/145.0.0.0 Safari/537.36"
2600:4040:7ed9:7800:8c46:a8fa:2dc4:1ecc - - [23/Feb/2026:01:18:01 +0000] "GET /wp-content/themes/kofejob//assets/js/rating.js?ver=6.9 HTTP/1.1" 200 2688 "https://kofejob-wp.dreamsmarketplace.com/" "Mozilla/5.0 (Windows NT 10.0; Win64; x64) AppleWebKit/537.36 (KHTML, like Gecko) Chrome/145.0.0.0 Safari/537.36"
2600:4040:7ed9:7800:8c46:a8fa:2dc4:1ecc - - [23/Feb/2026:01:18:01 +0000] "GET /wp-content/themes/kofejob//assets/js/stats.js?ver=6.9 HTTP/1.1" 200 711 "https://kofejob-wp.dreamsmarketplace.com/" "Mozilla/5.0 (Windows NT 10.0; Win64; x64) AppleWebKit/537.36 (KHTML, like Gecko) Chrome/145.0.0.0 Safari/537.36"
2600:4040:7ed9:7800:8c46:a8fa:2dc4:1ecc - - [23/Feb/2026:01:18:01 +0000] "GET /wp-content/uploads/2021/01/icon3.svg HTTP/1.1" 200 5763 "https://kofejob-wp.dreamsmarketplace.com/" "Mozilla/5.0 (Windows NT 10.0; Win64; x64) AppleWebKit/537.36 (KHTML, like Gecko) Chrome/145.0.0.0 Safari/537.36"
2600:4040:7ed9:7800:8c46:a8fa:2dc4:1ecc - - [23/Feb/2026:01:18:01 +0000] "GET /wp-content/uploads/2022/09/project-02.jpg HTTP/1.1" 304 0 "https://kofejob-wp.dreamsmarketplace.com/" "Mozilla/5.0 (Windows NT 10.0; Win64; x64) AppleWebKit/537.36 (KHTML, like Gecko) Chrome/145.0.0.0 Safari/537.36"
2600:4040:7ed9:7800:8c46:a8fa:2dc4:1ecc - - [23/Feb/2026:01:18:01 +0000] "GET /wp-content/themes/kofejob//assets/js/jquery-confirm.js?ver=6.9 HTTP/1.1" 200 22888 "https://kofejob-wp.dreamsmarketplace.com/" "Mozilla/5.0 (Windows NT 10.0; Win64; x64) AppleWebKit/537.36 (KHTML, like Gecko) Chrome/145.0.0.0 Safari/537.36"
2600:4040:7ed9:7800:8c46:a8fa:2dc4:1ecc - - [23/Feb/2026:01:18:01 +0000] "GET /wp-content/uploads/2022/10/avatar-5.jpg HTTP/1.1" 304 0 "https://kofejob-wp.dreamsmarketplace.com/" "Mozilla/5.0 (Windows NT 10.0; Win64; x64) AppleWebKit/537.36 (KHTML, like Gecko) Chrome/145.0.0.0 Safari/537.36"
2600:4040:7ed9:7800:8c46:a8fa:2dc4:1ecc - - [23/Feb/2026:01:18:01 +0000] "GET /wp-includes/js/jquery/ui/mouse.min.js?ver=1.13.3 HTTP/1.1" 200 3428 "https://kofejob-wp.dreamsmarketplace.com/" "Mozilla/5.0 (Windows NT 10.0; Win64; x64) AppleWebKit/537.36 (KHTML, like Gecko) Chrome/145.0.0.0 Safari/537.36"
2600:4040:7ed9:7800:8c46:a8fa:2dc4:1ecc - - [23/Feb/2026:01:18:01 +0000] "GET /wp-content/uploads/2022/10/avatar-8.jpg HTTP/1.1" 304 0 "https://kofejob-wp.dreamsmarketplace.com/" "Mozilla/5.0 (Windows NT 10.0; Win64; x64) AppleWebKit/537.36 (KHTML, like Gecko) Chrome/145.0.0.0 Safari/537.36"
2600:4040:7ed9:7800:8c46:a8fa:2dc4:1ecc - - [23/Feb/2026:01:18:01 +0000] "GET /wp-includes/js/jquery/ui/core.min.js?ver=1.13.3 HTTP/1.1" 200 21464 "https://kofejob-wp.dreamsmarketplace.com/" "Mozilla/5.0 (Windows NT 10.0; Win64; x64) AppleWebKit/537.36 (KHTML, like Gecko) Chrome/145.0.0.0 Safari/537.36"
2600:4040:7ed9:7800:8c46:a8fa:2dc4:1ecc - - [23/Feb/2026:01:18:01 +0000] "GET /wp-includes/js/jquery/ui/sortable.min.js?ver=1.13.3 HTTP/1.1" 200 25504 "https://kofejob-wp.dreamsmarketplace.com/" "Mozilla/5.0 (Windows NT 10.0; Win64; x64) AppleWebKit/537.36 (KHTML, like Gecko) Chrome/145.0.0.0 Safari/537.36"
2600:4040:7ed9:7800:8c46:a8fa:2dc4:1ecc - - [23/Feb/2026:01:18:01 +0000] "GET /wp-content/uploads/2022/09/work-bg.png HTTP/1.1" 304 0 "https://kofejob-wp.dreamsmarketplace.com/" "Mozilla/5.0 (Windows NT 10.0; Win64; x64) AppleWebKit/537.36 (KHTML, like Gecko) Chrome/145.0.0.0 Safari/537.36"
2600:4040:7ed9:7800:8c46:a8fa:2dc4:1ecc - - [23/Feb/2026:01:18:01 +0000] "GET /wp-content/themes/kofejob//assets/js/custom-script-profile.js?ver=6.9 HTTP/1.1" 200 122974 "https://kofejob-wp.dreamsmarketplace.com/" "Mozilla/5.0 (Windows NT 10.0; Win64; x64) AppleWebKit/537.36 (KHTML, like Gecko) Chrome/145.0.0.0 Safari/537.36"
2600:4040:7ed9:7800:8c46:a8fa:2dc4:1ecc - - [23/Feb/2026:01:18:02 +0000] "GET /wp-content/uploads/2022/10/avatar-3.jpg HTTP/1.1" 200 37926 "https://kofejob-wp.dreamsmarketplace.com/" "Mozilla/5.0 (Windows NT 10.0; Win64; x64) AppleWebKit/537.36 (KHTML, like Gecko) Chrome/145.0.0.0 Safari/537.36"
2600:4040:7ed9:7800:8c46:a8fa:2dc4:1ecc - - [23/Feb/2026:01:18:02 +0000] "GET /wp-content/themes/kofejob//assets/js/youtube-popup-jquery.js?ver=6.9 HTTP/1.1" 200 1749 "https://kofejob-wp.dreamsmarketplace.com/" "Mozilla/5.0 (Windows NT 10.0; Win64; x64) AppleWebKit/537.36 (KHTML, like Gecko) Chrome/145.0.0.0 Safari/537.36"
2600:4040:7ed9:7800:8c46:a8fa:2dc4:1ecc - - [23/Feb/2026:01:18:02 +0000] "GET /wp-content/themes/kofejob//assets/js/counter.js?ver=6.9 HTTP/1.1" 200 3079 "https://kofejob-wp.dreamsmarketplace.com/" "Mozilla/5.0 (Windows NT 10.0; Win64; x64) AppleWebKit/537.36 (KHTML, like Gecko) Chrome/145.0.0.0 Safari/537.36"
2600:4040:7ed9:7800:8c46:a8fa:2dc4:1ecc - - [23/Feb/2026:01:18:02 +0000] "GET /wp-content/uploads/2022/09/project-04.jpg HTTP/1.1" 304 0 "https://kofejob-wp.dreamsmarketplace.com/" "Mozilla/5.0 (Windows NT 10.0; Win64; x64) AppleWebKit/537.36 (KHTML, like Gecko) Chrome/145.0.0.0 Safari/537.36"
2600:4040:7ed9:7800:8c46:a8fa:2dc4:1ecc - - [23/Feb/2026:01:18:02 +0000] "GET /wp-content/uploads/2021/01/Subscribe-images.svg HTTP/1.1" 200 19459 "https://kofejob-wp.dreamsmarketplace.com/" "Mozilla/5.0 (Windows NT 10.0; Win64; x64) AppleWebKit/537.36 (KHTML, like Gecko) Chrome/145.0.0.0 Safari/537.36"
2600:4040:7ed9:7800:8c46:a8fa:2dc4:1ecc - - [23/Feb/2026:01:18:02 +0000] "GET /wp-content/uploads/2022/09/project-03.jpg HTTP/1.1" 304 0 "https://kofejob-wp.dreamsmarketplace.com/" "Mozilla/5.0 (Windows NT 10.0; Win64; x64) AppleWebKit/537.36 (KHTML, like Gecko) Chrome/145.0.0.0 Safari/537.36"
2600:4040:7ed9:7800:8c46:a8fa:2dc4:1ecc - - [23/Feb/2026:01:18:02 +0000] "GET /wp-content/uploads/2022/10/avatar-10.jpg HTTP/1.1" 200 38339 "https://kofejob-wp.dreamsmarketplace.com/" "Mozilla/5.0 (Windows NT 10.0; Win64; x64) AppleWebKit/537.36 (KHTML, like Gecko) Chrome/145.0.0.0 Safari/537.36"
2600:4040:7ed9:7800:8c46:a8fa:2dc4:1ecc - - [23/Feb/2026:01:18:02 +0000] "GET /wp-content/uploads/2022/10/avatar-11.jpg HTTP/1.1" 200 42215 "https://kofejob-wp.dreamsmarketplace.com/" "Mozilla/5.0 (Windows NT 10.0; Win64; x64) AppleWebKit/537.36 (KHTML, like Gecko) Chrome/145.0.0.0 Safari/537.36"
2600:4040:7ed9:7800:8c46:a8fa:2dc4:1ecc - - [23/Feb/2026:01:18:02 +0000] "GET /wp-content/themes/kofejob/assets/fonts/CircularStd-Book.woff2 HTTP/1.1" 200 32000 "https://kofejob-wp.dreamsmarketplace.com/wp-content/themes/kofejob/assets/css/theme.css?ver=6.9" "Mozilla/5.0 (Windows NT 10.0; Win64; x64) AppleWebKit/537.36 (KHTML, like Gecko) Chrome/145.0.0.0 Safari/537.36"
2600:4040:7ed9:7800:8c46:a8fa:2dc4:1ecc - - [23/Feb/2026:01:18:02 +0000] "GET /wp-content/themes/kofejob/assets/fonts/fa-solid-900.woff2 HTTP/1.1" 200 78268 "https://kofejob-wp.dreamsmarketplace.com/wp-content/themes/kofejob/assets/css/all.min.css?ver=6.9" "Mozilla/5.0 (Windows NT 10.0; Win64; x64) AppleWebKit/537.36 (KHTML, like Gecko) Chrome/145.0.0.0 Safari/537.36"
2600:4040:7ed9:7800:8c46:a8fa:2dc4:1ecc - - [23/Feb/2026:01:18:02 +0000] "GET /wp-content/themes/kofejob/assets/images/bg/footer-bg.png HTTP/1.1" 200 23055 "https://kofejob-wp.dreamsmarketplace.com/wp-content/themes/kofejob/assets/css/theme.css?ver=6.9" "Mozilla/5.0 (Windows NT 10.0; Win64; x64) AppleWebKit/537.36 (KHTML, like Gecko) Chrome/145.0.0.0 Safari/537.36"
2600:4040:7ed9:7800:8c46:a8fa:2dc4:1ecc - - [23/Feb/2026:01:18:02 +0000] "GET /wp-content/uploads/2022/09/project-01.jpg HTTP/1.1" 200 25445 "https://kofejob-wp.dreamsmarketplace.com/" "Mozilla/5.0 (Windows NT 10.0; Win64; x64) AppleWebKit/537.36 (KHTML, like Gecko) Chrome/145.0.0.0 Safari/537.36"
2600:4040:7ed9:7800:8c46:a8fa:2dc4:1ecc - - [23/Feb/2026:01:18:02 +0000] "GET /wp-content/themes/kofejob/assets/fonts/CircularStd-Medium.woff2 HTTP/1.1" 200 35368 "https://kofejob-wp.dreamsmarketplace.com/wp-content/themes/kofejob/assets/css/theme.css?ver=6.9" "Mozilla/5.0 (Windows NT 10.0; Win64; x64) AppleWebKit/537.36 (KHTML, like Gecko) Chrome/145.0.0.0 Safari/537.36"
91.199.189.110 - - [23/Feb/2026:01:18:02 +0000] "POST /wp-login.php HTTP/1.1" 200 2568 "https://kofejob-wp.dreamsmarketplace.com/wp-login.php" "Mozilla/5.0 (X11; Linux x86_64) AppleWebKit/537.36 (KHTML, like Gecko) Chrome/119.0.0.0 Safari/537.36"
2600:4040:7ed9:7800:8c46:a8fa:2dc4:1ecc - - [23/Feb/2026:01:18:02 +0000] "GET /wp-content/themes/kofejob//assets/js/chart.min.js?ver=6.9 HTTP/1.1" 200 172812 "https://kofejob-wp.dreamsmarketplace.com/" "Mozilla/5.0 (Windows NT 10.0; Win64; x64) AppleWebKit/537.36 (KHTML, like Gecko) Chrome/145.0.0.0 Safari/537.36"
91.199.189.110 - - [23/Feb/2026:01:18:02 +0000] "GET /wp-admin/ HTTP/1.1" 302 5 "https://kofejob-wp.dreamsmarketplace.com/wp-login.php" "Mozilla/5.0 (X11; Linux x86_64) AppleWebKit/537.36 (KHTML, like Gecko) Chrome/119.0.0.0 Safari/537.36"
91.199.189.110 - - [23/Feb/2026:01:18:03 +0000] "GET /wp-login.php?redirect_to=https%3A%2F%2Fkofejob-wp.dreamsmarketplace.com%2Fwp-admin%2F&reauth=1 HTTP/1.1" 200 2428 "https://kofejob-wp.dreamsmarketplace.com/wp-login.php" "Mozilla/5.0 (X11; Linux x86_64) AppleWebKit/537.36 (KHTML, like Gecko) Chrome/119.0.0.0 Safari/537.36"
2600:4040:7ed9:7800:8c46:a8fa:2dc4:1ecc - - [23/Feb/2026:01:18:03 +0000] "GET /wp-content/uploads/2021/01/favicon.png HTTP/1.1" 304 0 "-" "Mozilla/5.0 (Windows NT 10.0; Win64; x64) AppleWebKit/537.36 (KHTML, like Gecko) Chrome/145.0.0.0 Safari/537.36"
194.104.228.196 - - [23/Feb/2026:01:18:03 +0000] "GET /wp-login.php HTTP/1.1" 200 2420 "https://www.google.com" "Mozilla/5.0 (X11; Linux x86_64) AppleWebKit/537.36 (KHTML, like Gecko) Chrome/119.0.0.0 Safari/537.36"
194.104.228.196 - - [23/Feb/2026:01:18:04 +0000] "POST /wp-login.php HTTP/1.1" 200 2568 "https://kofejob-wp.dreamsmarketplace.com/wp-login.php" "Mozilla/5.0 (X11; Linux x86_64) AppleWebKit/537.36 (KHTML, like Gecko) Chrome/119.0.0.0 Safari/537.36"
194.104.228.196 - - [23/Feb/2026:01:18:05 +0000] "GET /wp-admin/ HTTP/1.1" 302 5 "https://kofejob-wp.dreamsmarketplace.com/wp-login.php" "Mozilla/5.0 (X11; Linux x86_64) AppleWebKit/537.36 (KHTML, like Gecko) Chrome/119.0.0.0 Safari/537.36"
194.104.228.196 - - [23/Feb/2026:01:18:05 +0000] "GET /wp-login.php?redirect_to=https%3A%2F%2Fkofejob-wp.dreamsmarketplace.com%2Fwp-admin%2F&reauth=1 HTTP/1.1" 200 2428 "https://kofejob-wp.dreamsmarketplace.com/wp-login.php" "Mozilla/5.0 (X11; Linux x86_64) AppleWebKit/537.36 (KHTML, like Gecko) Chrome/119.0.0.0 Safari/537.36"
2a03:2880:f800:26:: - - [23/Feb/2026:01:18:20 +0000] "GET /eye-of-horus-7-download-dolphins-pearl-deluxe-freispiele-slot-secret-forest-online-nur-einzahlung/ HTTP/1.1" 301 178 "-" "meta-externalagent/1.1 (+https://developers.facebook.com/docs/sharing/webmasters/crawler)"
2a03:2880:f800:4:: - - [23/Feb/2026:01:18:31 +0000] "GET /decouvrez-le-monde-des-only-spins/ HTTP/1.1" 200 16935 "-" "meta-externalagent/1.1 (+https://developers.facebook.com/docs/sharing/webmasters/crawler)"
2a03:2880:f800:10:: - - [23/Feb/2026:01:18:38 +0000] "GET /casino-inte-me-svensk-koncessio-50-nya-insattning-100-fa-500-online-casino-casinon-utan-spelpaus/ HTTP/1.1" 301 178 "-" "meta-externalagent/1.1 (+https://developers.facebook.com/docs/sharing/webmasters/crawler)"
2a03:2880:f800:3c:: - - [23/Feb/2026:01:18:41 +0000] "GET /pin-up-kazino-oficialnyj-sajt-pin-ap-vhod-na-499/ HTTP/1.1" 200 16013 "-" "meta-externalagent/1.1 (+https://developers.facebook.com/docs/sharing/webmasters/crawler)"
2a03:2880:f800:3d:: - - [23/Feb/2026:01:18:58 +0000] "GET /greatest-cellular-casinos-local-casino-programs-united-states-of-america-2026-gamble-real-money-online/ HTTP/1.1" 301 178 "-" "meta-externalagent/1.1 (+https://developers.facebook.com/docs/sharing/webmasters/crawler)"
138.249.182.252 - - [23/Feb/2026:01:19:05 +0000] "GET /wp-json/wp/v2/users HTTP/1.1" 200 816 "https://www.google.com" "Mozilla/5.0 (X11; Linux x86_64) AppleWebKit/537.36 (KHTML, like Gecko) Chrome/119.0.0.0 Safari/537.36"
138.249.182.252 - - [23/Feb/2026:01:19:06 +0000] "GET /?author=1 HTTP/1.1" 301 5 "https://www.google.com" "Mozilla/5.0 (X11; Linux x86_64) AppleWebKit/537.36 (KHTML, like Gecko) Chrome/119.0.0.0 Safari/537.36"
138.249.182.252 - - [23/Feb/2026:01:19:06 +0000] "POST /xmlrpc.php HTTP/1.1" 200 192 "-" "Apache-HttpClient/4.5.13 (Java/11.0.30)"
138.249.182.252 - - [23/Feb/2026:01:19:07 +0000] "POST /xmlrpc.php HTTP/1.1" 200 415 "-" "Apache-HttpClient/4.5.13 (Java/11.0.30)"
138.249.182.252 - - [23/Feb/2026:01:19:08 +0000] "POST /xmlrpc.php HTTP/1.1" 200 415 "-" "Apache-HttpClient/4.5.13 (Java/11.0.30)"
138.249.182.252 - - [23/Feb/2026:01:19:09 +0000] "POST /xmlrpc.php HTTP/1.1" 200 415 "-" "Apache-HttpClient/4.5.13 (Java/11.0.30)"
2a03:2880:f800:16:: - - [23/Feb/2026:01:19:10 +0000] "GET /freespins-2025-topplista-tillsamman-superb-casino-free-spins-kasino-casino-stars-spel/ HTTP/1.1" 301 178 "-" "meta-externalagent/1.1 (+https://developers.facebook.com/docs/sharing/webmasters/crawler)"
138.249.182.252 - - [23/Feb/2026:01:19:10 +0000] "GET /wp-login.php HTTP/1.1" 200 2420 "https://www.google.com" "Mozilla/5.0 (X11; Linux x86_64) AppleWebKit/537.36 (KHTML, like Gecko) Chrome/119.0.0.0 Safari/537.36"
138.249.78.216 - - [23/Feb/2026:01:19:11 +0000] "GET /wp-login.php HTTP/1.1" 200 2420 "https://www.google.com" "Mozilla/5.0 (X11; Linux x86_64) AppleWebKit/537.36 (KHTML, like Gecko) Chrome/119.0.0.0 Safari/537.36"
138.249.78.216 - - [23/Feb/2026:01:19:11 +0000] "POST /wp-login.php HTTP/1.1" 200 2568 "https://kofejob-wp.dreamsmarketplace.com/wp-login.php" "Mozilla/5.0 (X11; Linux x86_64) AppleWebKit/537.36 (KHTML, like Gecko) Chrome/119.0.0.0 Safari/537.36"
138.249.78.216 - - [23/Feb/2026:01:19:12 +0000] "GET /wp-admin/ HTTP/1.1" 302 5 "https://kofejob-wp.dreamsmarketplace.com/wp-login.php" "Mozilla/5.0 (X11; Linux x86_64) AppleWebKit/537.36 (KHTML, like Gecko) Chrome/119.0.0.0 Safari/537.36"
138.249.78.216 - - [23/Feb/2026:01:19:12 +0000] "GET /wp-login.php?redirect_to=https%3A%2F%2Fkofejob-wp.dreamsmarketplace.com%2Fwp-admin%2F&reauth=1 HTTP/1.1" 200 2428 "https://kofejob-wp.dreamsmarketplace.com/wp-login.php" "Mozilla/5.0 (X11; Linux x86_64) AppleWebKit/537.36 (KHTML, like Gecko) Chrome/119.0.0.0 Safari/537.36"
138.249.96.119 - - [23/Feb/2026:01:19:13 +0000] "GET /wp-login.php HTTP/1.1" 200 2420 "https://www.google.com" "Mozilla/5.0 (X11; Linux x86_64) AppleWebKit/537.36 (KHTML, like Gecko) Chrome/119.0.0.0 Safari/537.36"
138.249.96.119 - - [23/Feb/2026:01:19:14 +0000] "POST /wp-login.php HTTP/1.1" 200 2568 "https://kofejob-wp.dreamsmarketplace.com/wp-login.php" "Mozilla/5.0 (X11; Linux x86_64) AppleWebKit/537.36 (KHTML, like Gecko) Chrome/119.0.0.0 Safari/537.36"
138.249.96.119 - - [23/Feb/2026:01:19:14 +0000] "GET /wp-admin/ HTTP/1.1" 302 5 "https://kofejob-wp.dreamsmarketplace.com/wp-login.php" "Mozilla/5.0 (X11; Linux x86_64) AppleWebKit/537.36 (KHTML, like Gecko) Chrome/119.0.0.0 Safari/537.36"
138.249.96.119 - - [23/Feb/2026:01:19:14 +0000] "GET /wp-login.php?redirect_to=https%3A%2F%2Fkofejob-wp.dreamsmarketplace.com%2Fwp-admin%2F&reauth=1 HTTP/1.1" 200 2428 "https://kofejob-wp.dreamsmarketplace.com/wp-login.php" "Mozilla/5.0 (X11; Linux x86_64) AppleWebKit/537.36 (KHTML, like Gecko) Chrome/119.0.0.0 Safari/537.36"
138.249.76.86 - - [23/Feb/2026:01:19:15 +0000] "GET /wp-login.php HTTP/1.1" 200 2420 "https://www.google.com" "Mozilla/5.0 (X11; Linux x86_64) AppleWebKit/537.36 (KHTML, like Gecko) Chrome/119.0.0.0 Safari/537.36"
138.249.76.86 - - [23/Feb/2026:01:19:16 +0000] "POST /wp-login.php HTTP/1.1" 200 2568 "https://kofejob-wp.dreamsmarketplace.com/wp-login.php" "Mozilla/5.0 (X11; Linux x86_64) AppleWebKit/537.36 (KHTML, like Gecko) Chrome/119.0.0.0 Safari/537.36"
138.249.76.86 - - [23/Feb/2026:01:19:16 +0000] "GET /wp-admin/ HTTP/1.1" 302 5 "https://kofejob-wp.dreamsmarketplace.com/wp-login.php" "Mozilla/5.0 (X11; Linux x86_64) AppleWebKit/537.36 (KHTML, like Gecko) Chrome/119.0.0.0 Safari/537.36"
138.249.76.86 - - [23/Feb/2026:01:19:16 +0000] "GET /wp-login.php?redirect_to=https%3A%2F%2Fkofejob-wp.dreamsmarketplace.com%2Fwp-admin%2F&reauth=1 HTTP/1.1" 200 2428 "https://kofejob-wp.dreamsmarketplace.com/wp-login.php" "Mozilla/5.0 (X11; Linux x86_64) AppleWebKit/537.36 (KHTML, like Gecko) Chrome/119.0.0.0 Safari/537.36"
2a03:2880:f800:18:: - - [23/Feb/2026:01:19:27 +0000] "GET /casino-tillag-inte-me-omsattningskrav-casino-stars-2025-finn-allihopa-i-listan/ HTTP/1.1" 301 178 "-" "meta-externalagent/1.1 (+https://developers.facebook.com/docs/sharing/webmasters/crawler)"
2a03:2880:f800:44:: - - [23/Feb/2026:01:19:28 +0000] "GET /play-regal-casino-slot-game-second-strike-anmeldelse-35-advarsler-frakoblet-spillere/ HTTP/1.1" 301 178 "-" "meta-externalagent/1.1 (+https://developers.facebook.com/docs/sharing/webmasters/crawler)"
2a03:2880:f800:3c:: - - [23/Feb/2026:01:19:31 +0000] "GET /mission-uncrossable-the-unyielding-quest-for-survival/ HTTP/1.1" 301 178 "-" "meta-externalagent/1.1 (+https://developers.facebook.com/docs/sharing/webmasters/crawler)"
2a03:2880:f800:1e:: - - [23/Feb/2026:01:20:03 +0000] "GET /sultan-games-mobilnyj-dostup-1843/ HTTP/1.1" 200 15452 "-" "meta-externalagent/1.1 (+https://developers.facebook.com/docs/sharing/webmasters/crawler)"
40.77.167.121 - - [23/Feb/2026:01:20:10 +0000] "GET /nachfolgende-besten-online-spielotheken-vorbeigehen-die-fans-bei-einen-zentrum/ HTTP/1.1" 301 178 "-" "Mozilla/5.0 AppleWebKit/537.36 (KHTML, like Gecko; compatible; bingbot/2.0; +http://www.bing.com/bingbot.htm) Chrome/116.0.1938.76 Safari/537.36"
138.249.118.117 - - [23/Feb/2026:01:20:17 +0000] "GET /wp-json/wp/v2/users HTTP/1.1" 200 816 "https://www.google.com" "Mozilla/5.0 (X11; Linux x86_64) AppleWebKit/537.36 (KHTML, like Gecko) Chrome/119.0.0.0 Safari/537.36"
138.249.118.117 - - [23/Feb/2026:01:20:18 +0000] "GET /?author=1 HTTP/1.1" 301 5 "https://www.google.com" "Mozilla/5.0 (X11; Linux x86_64) AppleWebKit/537.36 (KHTML, like Gecko) Chrome/119.0.0.0 Safari/537.36"
138.249.118.117 - - [23/Feb/2026:01:20:19 +0000] "POST /xmlrpc.php HTTP/1.1" 200 192 "-" "Apache-HttpClient/4.5.13 (Java/11.0.30)"
138.249.118.117 - - [23/Feb/2026:01:20:20 +0000] "POST /xmlrpc.php HTTP/1.1" 200 415 "-" "Apache-HttpClient/4.5.13 (Java/11.0.30)"
138.249.118.117 - - [23/Feb/2026:01:20:21 +0000] "POST /xmlrpc.php HTTP/1.1" 200 415 "-" "Apache-HttpClient/4.5.13 (Java/11.0.30)"
138.249.118.117 - - [23/Feb/2026:01:20:22 +0000] "POST /xmlrpc.php HTTP/1.1" 200 415 "-" "Apache-HttpClient/4.5.13 (Java/11.0.30)"
138.249.118.117 - - [23/Feb/2026:01:20:23 +0000] "GET /wp-login.php HTTP/1.1" 200 2420 "https://www.google.com" "Mozilla/5.0 (X11; Linux x86_64) AppleWebKit/537.36 (KHTML, like Gecko) Chrome/119.0.0.0 Safari/537.36"
135.106.127.61 - - [23/Feb/2026:01:20:23 +0000] "GET /wp-login.php HTTP/1.1" 200 2420 "https://www.google.com" "Mozilla/5.0 (X11; Linux x86_64) AppleWebKit/537.36 (KHTML, like Gecko) Chrome/119.0.0.0 Safari/537.36"
135.106.127.61 - - [23/Feb/2026:01:20:24 +0000] "POST /wp-login.php HTTP/1.1" 200 2568 "https://kofejob-wp.dreamsmarketplace.com/wp-login.php" "Mozilla/5.0 (X11; Linux x86_64) AppleWebKit/537.36 (KHTML, like Gecko) Chrome/119.0.0.0 Safari/537.36"
2a03:2880:f800:2b:: - - [23/Feb/2026:01:20:24 +0000] "GET /online-casinos-inside-casinos-mit-barcrest-spielen-confoederatio-helvetica-lizenziert-und-reguliert/ HTTP/1.1" 301 178 "-" "meta-externalagent/1.1 (+https://developers.facebook.com/docs/sharing/webmasters/crawler)"
135.106.127.61 - - [23/Feb/2026:01:20:24 +0000] "GET /wp-admin/ HTTP/1.1" 302 5 "https://kofejob-wp.dreamsmarketplace.com/wp-login.php" "Mozilla/5.0 (X11; Linux x86_64) AppleWebKit/537.36 (KHTML, like Gecko) Chrome/119.0.0.0 Safari/537.36"
2a03:2880:f800:1d:: - - [23/Feb/2026:01:20:24 +0000] "GET /%d0%bf%d0%b8%d0%bd-%d0%b0%d0%bf-%d0%bf%d0%be%d1%87%d0%b5%d0%bc%d1%83-%d0%be%d0%bd-%d1%81%d1%82%d0%b0%d0%bb-%d1%84%d0%b0%d0%b2%d0%be%d1%80%d0%b8%d1%82%d0%be%d0%bc-%d1%81%d1%80%d0%b5%d0%b4%d0%b8-%d0%ba/ HTTP/1.1" 200 16006 "-" "meta-externalagent/1.1 (+https://developers.facebook.com/docs/sharing/webmasters/crawler)"
135.106.127.61 - - [23/Feb/2026:01:20:25 +0000] "GET /wp-login.php?redirect_to=https%3A%2F%2Fkofejob-wp.dreamsmarketplace.com%2Fwp-admin%2F&reauth=1 HTTP/1.1" 200 2428 "https://kofejob-wp.dreamsmarketplace.com/wp-login.php" "Mozilla/5.0 (X11; Linux x86_64) AppleWebKit/537.36 (KHTML, like Gecko) Chrome/119.0.0.0 Safari/537.36"
2a03:2880:f800:8:: - - [23/Feb/2026:01:20:25 +0000] "GET /jaimerai-re-tellement-des-methodes-a-l%ef%bf%bdegard-de-empocher-sans-aucun-en-compagnie-de-la-maille-se-deroulent-des-plus-utiles/ HTTP/1.1" 301 178 "-" "meta-externalagent/1.1 (+https://developers.facebook.com/docs/sharing/webmasters/crawler)"
194.104.232.102 - - [23/Feb/2026:01:20:25 +0000] "GET /wp-login.php HTTP/1.1" 200 2420 "https://www.google.com" "Mozilla/5.0 (X11; Linux x86_64) AppleWebKit/537.36 (KHTML, like Gecko) Chrome/119.0.0.0 Safari/537.36"
194.104.232.102 - - [23/Feb/2026:01:20:26 +0000] "POST /wp-login.php HTTP/1.1" 200 2568 "https://kofejob-wp.dreamsmarketplace.com/wp-login.php" "Mozilla/5.0 (X11; Linux x86_64) AppleWebKit/537.36 (KHTML, like Gecko) Chrome/119.0.0.0 Safari/537.36"
194.104.232.102 - - [23/Feb/2026:01:20:27 +0000] "GET /wp-admin/ HTTP/1.1" 302 5 "https://kofejob-wp.dreamsmarketplace.com/wp-login.php" "Mozilla/5.0 (X11; Linux x86_64) AppleWebKit/537.36 (KHTML, like Gecko) Chrome/119.0.0.0 Safari/537.36"
194.104.232.102 - - [23/Feb/2026:01:20:27 +0000] "GET /wp-login.php?redirect_to=https%3A%2F%2Fkofejob-wp.dreamsmarketplace.com%2Fwp-admin%2F&reauth=1 HTTP/1.1" 200 2428 "https://kofejob-wp.dreamsmarketplace.com/wp-login.php" "Mozilla/5.0 (X11; Linux x86_64) AppleWebKit/537.36 (KHTML, like Gecko) Chrome/119.0.0.0 Safari/537.36"
185.232.19.103 - - [23/Feb/2026:01:20:28 +0000] "GET /wp-login.php HTTP/1.1" 200 2420 "https://www.google.com" "Mozilla/5.0 (X11; Linux x86_64) AppleWebKit/537.36 (KHTML, like Gecko) Chrome/119.0.0.0 Safari/537.36"
185.232.19.103 - - [23/Feb/2026:01:20:29 +0000] "POST /wp-login.php HTTP/1.1" 200 2568 "https://kofejob-wp.dreamsmarketplace.com/wp-login.php" "Mozilla/5.0 (X11; Linux x86_64) AppleWebKit/537.36 (KHTML, like Gecko) Chrome/119.0.0.0 Safari/537.36"
185.232.19.103 - - [23/Feb/2026:01:20:29 +0000] "GET /wp-admin/ HTTP/1.1" 302 5 "https://kofejob-wp.dreamsmarketplace.com/wp-login.php" "Mozilla/5.0 (X11; Linux x86_64) AppleWebKit/537.36 (KHTML, like Gecko) Chrome/119.0.0.0 Safari/537.36"
185.232.19.103 - - [23/Feb/2026:01:20:30 +0000] "GET /wp-login.php?redirect_to=https%3A%2F%2Fkofejob-wp.dreamsmarketplace.com%2Fwp-admin%2F&reauth=1 HTTP/1.1" 200 2428 "https://kofejob-wp.dreamsmarketplace.com/wp-login.php" "Mozilla/5.0 (X11; Linux x86_64) AppleWebKit/537.36 (KHTML, like Gecko) Chrome/119.0.0.0 Safari/537.36"
2a03:2880:f800:2:: - - [23/Feb/2026:01:20:42 +0000] "GET /wp-sitemap-posts-post-2.xml HTTP/1.1" 404 8448 "-" "meta-externalagent/1.1 (+https://developers.facebook.com/docs/sharing/webmasters/crawler)"
