103.126.31.212 - - [23/Feb/2026:04:47:50 +0000] "GET /wp-content/themes/kofejob/assets/fonts/CircularStd-Medium.woff2 HTTP/1.1" 304 0 "https://kofejob-wp.dreamsmarketplace.com/wp-content/themes/kofejob/assets/css/theme.css?ver=6.9" "Mozilla/5.0 (Macintosh; Intel Mac OS X 10_15_7) AppleWebKit/537.36 (KHTML, like Gecko) Chrome/145.0.0.0 Safari/537.36"
103.126.31.212 - - [23/Feb/2026:04:47:50 +0000] "GET /wp-content/uploads/2022/09/project-04.jpg HTTP/1.1" 304 0 "https://kofejob-wp.dreamsmarketplace.com/" "Mozilla/5.0 (Macintosh; Intel Mac OS X 10_15_7) AppleWebKit/537.36 (KHTML, like Gecko) Chrome/145.0.0.0 Safari/537.36"
103.126.31.212 - - [23/Feb/2026:04:47:50 +0000] "GET /wp-content/themes/kofejob//assets/js/stats.js?ver=6.9 HTTP/1.1" 304 0 "https://kofejob-wp.dreamsmarketplace.com/" "Mozilla/5.0 (Macintosh; Intel Mac OS X 10_15_7) AppleWebKit/537.36 (KHTML, like Gecko) Chrome/145.0.0.0 Safari/537.36"
103.126.31.212 - - [23/Feb/2026:04:47:50 +0000] "GET /wp-content/uploads/2022/10/avatar-11.jpg HTTP/1.1" 304 0 "https://kofejob-wp.dreamsmarketplace.com/" "Mozilla/5.0 (Macintosh; Intel Mac OS X 10_15_7) AppleWebKit/537.36 (KHTML, like Gecko) Chrome/145.0.0.0 Safari/537.36"
103.126.31.212 - - [23/Feb/2026:04:47:50 +0000] "GET /wp-content/themes/kofejob/assets/fonts/CircularStd-Book.woff2 HTTP/1.1" 200 32000 "https://kofejob-wp.dreamsmarketplace.com/wp-content/themes/kofejob/assets/css/theme.css?ver=6.9" "Mozilla/5.0 (Macintosh; Intel Mac OS X 10_15_7) AppleWebKit/537.36 (KHTML, like Gecko) Chrome/145.0.0.0 Safari/537.36"
103.126.31.212 - - [23/Feb/2026:04:47:50 +0000] "GET /wp-content/uploads/2022/10/avatar-9.jpg HTTP/1.1" 304 0 "https://kofejob-wp.dreamsmarketplace.com/" "Mozilla/5.0 (Macintosh; Intel Mac OS X 10_15_7) AppleWebKit/537.36 (KHTML, like Gecko) Chrome/145.0.0.0 Safari/537.36"
103.126.31.212 - - [23/Feb/2026:04:47:52 +0000] "GET /wp-content/uploads/2021/01/favicon.png HTTP/1.1" 304 0 "https://kofejob-wp.dreamsmarketplace.com/" "Mozilla/5.0 (Macintosh; Intel Mac OS X 10_15_7) AppleWebKit/537.36 (KHTML, like Gecko) Chrome/145.0.0.0 Safari/537.36"
103.126.31.212 - - [23/Feb/2026:04:47:52 +0000] "GET /wp-includes/js/wp-emoji-release.min.js?ver=6.9 HTTP/1.1" 304 0 "https://kofejob-wp.dreamsmarketplace.com/" "Mozilla/5.0 (Macintosh; Intel Mac OS X 10_15_7) AppleWebKit/537.36 (KHTML, like Gecko) Chrome/145.0.0.0 Safari/537.36"
107.178.224.39 - - [23/Feb/2026:04:47:57 +0000] "GET /nauti-30-ilmaiskierroksesta-pelattaessa-verkossa-ei-tarvetta-tallettaa/ HTTP/1.1" 301 178 "-" "Mozilla/5.0 (compatible; Google-Apps-Script; beanserver; +https://script.google.com; id: UAEmdDd-CGrIdn-9e9oHRhQ73mfdY6j8W2g)"
103.126.31.212 - - [23/Feb/2026:04:47:58 +0000] "GET / HTTP/1.1" 200 14459 "https://kofejob-wp.dreamsmarketplace.com/" "Mozilla/5.0 (Macintosh; Intel Mac OS X 10_15_7) AppleWebKit/537.36 (KHTML, like Gecko) Chrome/145.0.0.0 Safari/537.36"
103.126.31.212 - - [23/Feb/2026:04:48:19 +0000] "GET /login HTTP/1.1" 301 178 "https://kofejob-wp.dreamsmarketplace.com/" "Mozilla/5.0 (Macintosh; Intel Mac OS X 10_15_7) AppleWebKit/537.36 (KHTML, like Gecko) Chrome/145.0.0.0 Safari/537.36"
176.116.17.75 - - [23/Feb/2026:04:48:21 +0000] "GET /wp-json/wp/v2/users HTTP/1.1" 200 816 "https://www.google.com" "Mozilla/5.0 (X11; Linux x86_64) AppleWebKit/537.36 (KHTML, like Gecko) Chrome/119.0.0.0 Safari/537.36"
103.126.31.212 - - [23/Feb/2026:04:48:21 +0000] "GET /login HTTP/1.1" 301 5 "https://kofejob-wp.dreamsmarketplace.com/" "Mozilla/5.0 (Macintosh; Intel Mac OS X 10_15_7) AppleWebKit/537.36 (KHTML, like Gecko) Chrome/145.0.0.0 Safari/537.36"
176.116.17.75 - - [23/Feb/2026:04:48:21 +0000] "GET /?author=1 HTTP/1.1" 301 5 "https://www.google.com" "Mozilla/5.0 (X11; Linux x86_64) AppleWebKit/537.36 (KHTML, like Gecko) Chrome/119.0.0.0 Safari/537.36"
103.126.31.212 - - [23/Feb/2026:04:48:22 +0000] "GET /login/ HTTP/1.1" 200 8922 "https://kofejob-wp.dreamsmarketplace.com/" "Mozilla/5.0 (Macintosh; Intel Mac OS X 10_15_7) AppleWebKit/537.36 (KHTML, like Gecko) Chrome/145.0.0.0 Safari/537.36"
176.116.17.75 - - [23/Feb/2026:04:48:22 +0000] "POST /xmlrpc.php HTTP/1.1" 200 192 "-" "Apache-HttpClient/4.5.13 (Java/11.0.30)"
103.126.31.212 - - [23/Feb/2026:04:48:22 +0000] "GET /wp-content/themes/kofejob//assets/css/passtrength.css?ver=6.9 HTTP/1.1" 200 4546 "https://kofejob-wp.dreamsmarketplace.com/login/" "Mozilla/5.0 (Macintosh; Intel Mac OS X 10_15_7) AppleWebKit/537.36 (KHTML, like Gecko) Chrome/145.0.0.0 Safari/537.36"
176.116.17.75 - - [23/Feb/2026:04:48:22 +0000] "POST /xmlrpc.php HTTP/1.1" 200 415 "-" "Apache-HttpClient/4.5.13 (Java/11.0.30)"
103.126.31.212 - - [23/Feb/2026:04:48:23 +0000] "GET /wp-content/themes/kofejob//assets/js/jquery.passtrength.min.js?ver=6.9 HTTP/1.1" 200 2459 "https://kofejob-wp.dreamsmarketplace.com/login/" "Mozilla/5.0 (Macintosh; Intel Mac OS X 10_15_7) AppleWebKit/537.36 (KHTML, like Gecko) Chrome/145.0.0.0 Safari/537.36"
172.187.168.139 - - [23/Feb/2026:04:48:23 +0000] "POST /wp-cron.php?doing_wp_cron=1771822103.7978990077972412109375 HTTP/1.1" 200 31 "-" "WordPress/6.9; https://kofejob-wp.dreamsmarketplace.com"
176.116.17.75 - - [23/Feb/2026:04:48:23 +0000] "POST /xmlrpc.php HTTP/1.1" 200 415 "-" "Apache-HttpClient/4.5.13 (Java/11.0.30)"
103.126.31.212 - - [23/Feb/2026:04:48:23 +0000] "GET /wp-content/themes/kofejob/assets/fonts/CircularStd-Bold.woff2 HTTP/1.1" 304 0 "https://kofejob-wp.dreamsmarketplace.com/wp-content/themes/kofejob/assets/css/theme.css?ver=6.9" "Mozilla/5.0 (Macintosh; Intel Mac OS X 10_15_7) AppleWebKit/537.36 (KHTML, like Gecko) Chrome/145.0.0.0 Safari/537.36"
176.116.17.75 - - [23/Feb/2026:04:48:24 +0000] "POST /xmlrpc.php HTTP/1.1" 200 415 "-" "Apache-HttpClient/4.5.13 (Java/11.0.30)"
176.116.17.75 - - [23/Feb/2026:04:48:25 +0000] "GET /wp-login.php HTTP/1.1" 200 2420 "https://www.google.com" "Mozilla/5.0 (X11; Linux x86_64) AppleWebKit/537.36 (KHTML, like Gecko) Chrome/119.0.0.0 Safari/537.36"
194.104.228.196 - - [23/Feb/2026:04:48:25 +0000] "GET /wp-login.php HTTP/1.1" 200 2420 "https://www.google.com" "Mozilla/5.0 (X11; Linux x86_64) AppleWebKit/537.36 (KHTML, like Gecko) Chrome/119.0.0.0 Safari/537.36"
194.104.228.196 - - [23/Feb/2026:04:48:26 +0000] "POST /wp-login.php HTTP/1.1" 200 2568 "https://kofejob-wp.dreamsmarketplace.com/wp-login.php" "Mozilla/5.0 (X11; Linux x86_64) AppleWebKit/537.36 (KHTML, like Gecko) Chrome/119.0.0.0 Safari/537.36"
194.104.228.196 - - [23/Feb/2026:04:48:27 +0000] "GET /wp-admin/ HTTP/1.1" 302 5 "https://kofejob-wp.dreamsmarketplace.com/wp-login.php" "Mozilla/5.0 (X11; Linux x86_64) AppleWebKit/537.36 (KHTML, like Gecko) Chrome/119.0.0.0 Safari/537.36"
194.104.228.196 - - [23/Feb/2026:04:48:27 +0000] "GET /wp-login.php?redirect_to=https%3A%2F%2Fkofejob-wp.dreamsmarketplace.com%2Fwp-admin%2F&reauth=1 HTTP/1.1" 200 2428 "https://kofejob-wp.dreamsmarketplace.com/wp-login.php" "Mozilla/5.0 (X11; Linux x86_64) AppleWebKit/537.36 (KHTML, like Gecko) Chrome/119.0.0.0 Safari/537.36"
154.205.236.185 - - [23/Feb/2026:04:48:28 +0000] "GET /wp-login.php HTTP/1.1" 200 2420 "https://www.google.com" "Mozilla/5.0 (X11; Linux x86_64) AppleWebKit/537.36 (KHTML, like Gecko) Chrome/119.0.0.0 Safari/537.36"
154.205.236.185 - - [23/Feb/2026:04:48:29 +0000] "POST /wp-login.php HTTP/1.1" 200 2568 "https://kofejob-wp.dreamsmarketplace.com/wp-login.php" "Mozilla/5.0 (X11; Linux x86_64) AppleWebKit/537.36 (KHTML, like Gecko) Chrome/119.0.0.0 Safari/537.36"
154.205.236.185 - - [23/Feb/2026:04:48:30 +0000] "GET /wp-admin/ HTTP/1.1" 302 5 "https://kofejob-wp.dreamsmarketplace.com/wp-login.php" "Mozilla/5.0 (X11; Linux x86_64) AppleWebKit/537.36 (KHTML, like Gecko) Chrome/119.0.0.0 Safari/537.36"
154.205.236.185 - - [23/Feb/2026:04:48:30 +0000] "GET /wp-login.php?redirect_to=https%3A%2F%2Fkofejob-wp.dreamsmarketplace.com%2Fwp-admin%2F&reauth=1 HTTP/1.1" 200 2428 "https://kofejob-wp.dreamsmarketplace.com/wp-login.php" "Mozilla/5.0 (X11; Linux x86_64) AppleWebKit/537.36 (KHTML, like Gecko) Chrome/119.0.0.0 Safari/537.36"
176.116.17.75 - - [23/Feb/2026:04:48:31 +0000] "GET /wp-login.php HTTP/1.1" 200 2420 "https://www.google.com" "Mozilla/5.0 (X11; Linux x86_64) AppleWebKit/537.36 (KHTML, like Gecko) Chrome/119.0.0.0 Safari/537.36"
176.116.17.75 - - [23/Feb/2026:04:48:32 +0000] "POST /wp-login.php HTTP/1.1" 200 2568 "https://kofejob-wp.dreamsmarketplace.com/wp-login.php" "Mozilla/5.0 (X11; Linux x86_64) AppleWebKit/537.36 (KHTML, like Gecko) Chrome/119.0.0.0 Safari/537.36"
176.116.17.75 - - [23/Feb/2026:04:48:32 +0000] "GET /wp-admin/ HTTP/1.1" 302 5 "https://kofejob-wp.dreamsmarketplace.com/wp-login.php" "Mozilla/5.0 (X11; Linux x86_64) AppleWebKit/537.36 (KHTML, like Gecko) Chrome/119.0.0.0 Safari/537.36"
2a03:2880:f800:3f:: - - [23/Feb/2026:04:48:33 +0000] "GET /gratifica-high-roller-astuto-a-%ef%bf%bd5000-100-giri-a-scrocco-registrati/ HTTP/1.1" 301 178 "-" "meta-externalagent/1.1 (+https://developers.facebook.com/docs/sharing/webmasters/crawler)"
176.116.17.75 - - [23/Feb/2026:04:48:33 +0000] "GET /wp-login.php?redirect_to=https%3A%2F%2Fkofejob-wp.dreamsmarketplace.com%2Fwp-admin%2F&reauth=1 HTTP/1.1" 200 2428 "https://kofejob-wp.dreamsmarketplace.com/wp-login.php" "Mozilla/5.0 (X11; Linux x86_64) AppleWebKit/537.36 (KHTML, like Gecko) Chrome/119.0.0.0 Safari/537.36"
103.126.31.212 - - [23/Feb/2026:04:48:35 +0000] "POST /login/ HTTP/1.1" 200 8922 "https://kofejob-wp.dreamsmarketplace.com/login/" "Mozilla/5.0 (Macintosh; Intel Mac OS X 10_15_7) AppleWebKit/537.36 (KHTML, like Gecko) Chrome/145.0.0.0 Safari/537.36"
2a03:2880:f800:1e:: - - [23/Feb/2026:04:48:38 +0000] "GET /dead-otherwise-alive-slot-comment-netent-play-crazy-monkey-online-100-percent-free-demonstration-with-a-high-rtp/ HTTP/1.1" 301 178 "-" "meta-externalagent/1.1 (+https://developers.facebook.com/docs/sharing/webmasters/crawler)"
103.126.31.212 - - [23/Feb/2026:04:48:39 +0000] "POST /login/ HTTP/1.1" 200 8922 "https://kofejob-wp.dreamsmarketplace.com/login/" "Mozilla/5.0 (Macintosh; Intel Mac OS X 10_15_7) AppleWebKit/537.36 (KHTML, like Gecko) Chrome/145.0.0.0 Safari/537.36"
2a03:2880:f800:25:: - - [23/Feb/2026:04:48:48 +0000] "GET /eye-of-horus-cheats-pc-tipps-and-ancient-script-1-einzahlung-night-wolves-jozz-mein-pharaos-riches-apk-1-inanspruchnahme-konto-1-anwendung-tricks-optobaza/ HTTP/1.1" 301 178 "-" "meta-externalagent/1.1 (+https://developers.facebook.com/docs/sharing/webmasters/crawler)"
103.126.31.212 - - [23/Feb/2026:04:48:48 +0000] "POST /login/ HTTP/1.1" 200 8922 "https://kofejob-wp.dreamsmarketplace.com/login/" "Mozilla/5.0 (Macintosh; Intel Mac OS X 10_15_7) AppleWebKit/537.36 (KHTML, like Gecko) Chrome/145.0.0.0 Safari/537.36"
2a03:2880:f800:32:: - - [23/Feb/2026:04:49:17 +0000] "GET /in-year-of-the-monkey-slot-the-us/ HTTP/1.1" 301 178 "-" "meta-externalagent/1.1 (+https://developers.facebook.com/docs/sharing/webmasters/crawler)"
138.249.38.80 - - [23/Feb/2026:04:49:32 +0000] "GET /wp-json/wp/v2/users HTTP/1.1" 200 816 "https://www.google.com" "Mozilla/5.0 (X11; Linux x86_64) AppleWebKit/537.36 (KHTML, like Gecko) Chrome/119.0.0.0 Safari/537.36"
138.249.38.80 - - [23/Feb/2026:04:49:33 +0000] "GET /?author=1 HTTP/1.1" 301 5 "https://www.google.com" "Mozilla/5.0 (X11; Linux x86_64) AppleWebKit/537.36 (KHTML, like Gecko) Chrome/119.0.0.0 Safari/537.36"
138.249.38.80 - - [23/Feb/2026:04:49:33 +0000] "POST /xmlrpc.php HTTP/1.1" 200 192 "-" "Apache-HttpClient/4.5.13 (Java/11.0.30)"
138.249.38.80 - - [23/Feb/2026:04:49:34 +0000] "POST /xmlrpc.php HTTP/1.1" 200 415 "-" "Apache-HttpClient/4.5.13 (Java/11.0.30)"
138.249.38.80 - - [23/Feb/2026:04:49:35 +0000] "POST /xmlrpc.php HTTP/1.1" 200 415 "-" "Apache-HttpClient/4.5.13 (Java/11.0.30)"
138.249.38.80 - - [23/Feb/2026:04:49:35 +0000] "POST /xmlrpc.php HTTP/1.1" 200 415 "-" "Apache-HttpClient/4.5.13 (Java/11.0.30)"
138.249.38.80 - - [23/Feb/2026:04:49:36 +0000] "GET /wp-login.php HTTP/1.1" 200 2420 "https://www.google.com" "Mozilla/5.0 (X11; Linux x86_64) AppleWebKit/537.36 (KHTML, like Gecko) Chrome/119.0.0.0 Safari/537.36"
138.249.193.175 - - [23/Feb/2026:04:49:36 +0000] "GET /wp-login.php HTTP/1.1" 200 2420 "https://www.google.com" "Mozilla/5.0 (X11; Linux x86_64) AppleWebKit/537.36 (KHTML, like Gecko) Chrome/119.0.0.0 Safari/537.36"
2a03:2880:f800:42:: - - [23/Feb/2026:04:49:37 +0000] "GET /wowczas-gdy-logowanie-kasyna-betsson-wygrywac-pod-automatach-do-rozrywki-przez-internet/ HTTP/1.1" 301 178 "-" "meta-externalagent/1.1 (+https://developers.facebook.com/docs/sharing/webmasters/crawler)"
138.249.193.175 - - [23/Feb/2026:04:49:37 +0000] "POST /wp-login.php HTTP/1.1" 200 2568 "https://kofejob-wp.dreamsmarketplace.com/wp-login.php" "Mozilla/5.0 (X11; Linux x86_64) AppleWebKit/537.36 (KHTML, like Gecko) Chrome/119.0.0.0 Safari/537.36"
138.249.193.175 - - [23/Feb/2026:04:49:38 +0000] "GET /wp-admin/ HTTP/1.1" 302 5 "https://kofejob-wp.dreamsmarketplace.com/wp-login.php" "Mozilla/5.0 (X11; Linux x86_64) AppleWebKit/537.36 (KHTML, like Gecko) Chrome/119.0.0.0 Safari/537.36"
138.249.193.175 - - [23/Feb/2026:04:49:39 +0000] "GET /wp-login.php?redirect_to=https%3A%2F%2Fkofejob-wp.dreamsmarketplace.com%2Fwp-admin%2F&reauth=1 HTTP/1.1" 200 2428 "https://kofejob-wp.dreamsmarketplace.com/wp-login.php" "Mozilla/5.0 (X11; Linux x86_64) AppleWebKit/537.36 (KHTML, like Gecko) Chrome/119.0.0.0 Safari/537.36"
156.239.19.247 - - [23/Feb/2026:04:49:40 +0000] "GET /wp-login.php HTTP/1.1" 200 2420 "https://www.google.com" "Mozilla/5.0 (X11; Linux x86_64) AppleWebKit/537.36 (KHTML, like Gecko) Chrome/119.0.0.0 Safari/537.36"
156.239.19.247 - - [23/Feb/2026:04:49:41 +0000] "POST /wp-login.php HTTP/1.1" 200 2568 "https://kofejob-wp.dreamsmarketplace.com/wp-login.php" "Mozilla/5.0 (X11; Linux x86_64) AppleWebKit/537.36 (KHTML, like Gecko) Chrome/119.0.0.0 Safari/537.36"
156.239.19.247 - - [23/Feb/2026:04:49:42 +0000] "GET /wp-admin/ HTTP/1.1" 302 5 "https://kofejob-wp.dreamsmarketplace.com/wp-login.php" "Mozilla/5.0 (X11; Linux x86_64) AppleWebKit/537.36 (KHTML, like Gecko) Chrome/119.0.0.0 Safari/537.36"
156.239.19.247 - - [23/Feb/2026:04:49:42 +0000] "GET /wp-login.php?redirect_to=https%3A%2F%2Fkofejob-wp.dreamsmarketplace.com%2Fwp-admin%2F&reauth=1 HTTP/1.1" 200 2428 "https://kofejob-wp.dreamsmarketplace.com/wp-login.php" "Mozilla/5.0 (X11; Linux x86_64) AppleWebKit/537.36 (KHTML, like Gecko) Chrome/119.0.0.0 Safari/537.36"
194.104.232.102 - - [23/Feb/2026:04:49:43 +0000] "GET /wp-login.php HTTP/1.1" 200 2420 "https://www.google.com" "Mozilla/5.0 (X11; Linux x86_64) AppleWebKit/537.36 (KHTML, like Gecko) Chrome/119.0.0.0 Safari/537.36"
194.104.232.102 - - [23/Feb/2026:04:49:44 +0000] "POST /wp-login.php HTTP/1.1" 200 2568 "https://kofejob-wp.dreamsmarketplace.com/wp-login.php" "Mozilla/5.0 (X11; Linux x86_64) AppleWebKit/537.36 (KHTML, like Gecko) Chrome/119.0.0.0 Safari/537.36"
194.104.232.102 - - [23/Feb/2026:04:49:44 +0000] "GET /wp-admin/ HTTP/1.1" 302 5 "https://kofejob-wp.dreamsmarketplace.com/wp-login.php" "Mozilla/5.0 (X11; Linux x86_64) AppleWebKit/537.36 (KHTML, like Gecko) Chrome/119.0.0.0 Safari/537.36"
194.104.232.102 - - [23/Feb/2026:04:49:45 +0000] "GET /wp-login.php?redirect_to=https%3A%2F%2Fkofejob-wp.dreamsmarketplace.com%2Fwp-admin%2F&reauth=1 HTTP/1.1" 200 2428 "https://kofejob-wp.dreamsmarketplace.com/wp-login.php" "Mozilla/5.0 (X11; Linux x86_64) AppleWebKit/537.36 (KHTML, like Gecko) Chrome/119.0.0.0 Safari/537.36"
2a03:2880:f800:22:: - - [23/Feb/2026:04:49:53 +0000] "GET /totally-free-online-online-deuces-wild-double-up-casino-games-instantaneous-gamble-harbors-blackjack-more/ HTTP/1.1" 301 178 "-" "meta-externalagent/1.1 (+https://developers.facebook.com/docs/sharing/webmasters/crawler)"
2a03:2880:f800:3f:: - - [23/Feb/2026:04:49:58 +0000] "GET /eye-of-horus-angeschlossen-qua-echtgeld-vortragen-2025/ HTTP/1.1" 301 178 "-" "meta-externalagent/1.1 (+https://developers.facebook.com/docs/sharing/webmasters/crawler)"
2a03:2880:f800:18:: - - [23/Feb/2026:04:50:10 +0000] "GET /verde-casino-promocios-kod-l-ingyenes-porgetesek-dobry-3-befizeteshez/ HTTP/1.1" 301 178 "-" "meta-externalagent/1.1 (+https://developers.facebook.com/docs/sharing/webmasters/crawler)"
2a03:2880:f800:2f:: - - [23/Feb/2026:04:50:43 +0000] "GET /finest-local-casino-programs-online-mobile-pokies-in-the-india-2026-a-real-income-gambling-establishment-software/ HTTP/1.1" 301 178 "-" "meta-externalagent/1.1 (+https://developers.facebook.com/docs/sharing/webmasters/crawler)"
172.187.168.139 - - [23/Feb/2026:04:50:46 +0000] "POST /wp-cron.php?doing_wp_cron=1771822246.6693611145019531250000 HTTP/1.1" 200 31 "-" "WordPress/6.9; https://kofejob-wp.dreamsmarketplace.com"
138.249.229.201 - - [23/Feb/2026:04:50:46 +0000] "GET /wp-json/wp/v2/users HTTP/1.1" 200 816 "https://www.google.com" "Mozilla/5.0 (X11; Linux x86_64) AppleWebKit/537.36 (KHTML, like Gecko) Chrome/119.0.0.0 Safari/537.36"
138.249.229.201 - - [23/Feb/2026:04:50:47 +0000] "GET /?author=1 HTTP/1.1" 301 5 "https://www.google.com" "Mozilla/5.0 (X11; Linux x86_64) AppleWebKit/537.36 (KHTML, like Gecko) Chrome/119.0.0.0 Safari/537.36"
138.249.229.201 - - [23/Feb/2026:04:50:48 +0000] "POST /xmlrpc.php HTTP/1.1" 200 192 "-" "Apache-HttpClient/4.5.13 (Java/11.0.30)"
138.249.229.201 - - [23/Feb/2026:04:50:49 +0000] "POST /xmlrpc.php HTTP/1.1" 200 415 "-" "Apache-HttpClient/4.5.13 (Java/11.0.30)"
138.249.229.201 - - [23/Feb/2026:04:50:50 +0000] "POST /xmlrpc.php HTTP/1.1" 200 415 "-" "Apache-HttpClient/4.5.13 (Java/11.0.30)"
138.249.229.201 - - [23/Feb/2026:04:50:51 +0000] "POST /xmlrpc.php HTTP/1.1" 200 415 "-" "Apache-HttpClient/4.5.13 (Java/11.0.30)"
138.249.229.201 - - [23/Feb/2026:04:50:52 +0000] "GET /wp-login.php HTTP/1.1" 200 2420 "https://www.google.com" "Mozilla/5.0 (X11; Linux x86_64) AppleWebKit/537.36 (KHTML, like Gecko) Chrome/119.0.0.0 Safari/537.36"
156.239.143.34 - - [23/Feb/2026:04:50:52 +0000] "GET /wp-login.php HTTP/1.1" 200 2420 "https://www.google.com" "Mozilla/5.0 (X11; Linux x86_64) AppleWebKit/537.36 (KHTML, like Gecko) Chrome/119.0.0.0 Safari/537.36"
156.239.143.34 - - [23/Feb/2026:04:50:53 +0000] "POST /wp-login.php HTTP/1.1" 200 2568 "https://kofejob-wp.dreamsmarketplace.com/wp-login.php" "Mozilla/5.0 (X11; Linux x86_64) AppleWebKit/537.36 (KHTML, like Gecko) Chrome/119.0.0.0 Safari/537.36"
156.239.143.34 - - [23/Feb/2026:04:50:54 +0000] "GET /wp-admin/ HTTP/1.1" 302 5 "https://kofejob-wp.dreamsmarketplace.com/wp-login.php" "Mozilla/5.0 (X11; Linux x86_64) AppleWebKit/537.36 (KHTML, like Gecko) Chrome/119.0.0.0 Safari/537.36"
156.239.143.34 - - [23/Feb/2026:04:50:55 +0000] "GET /wp-login.php?redirect_to=https%3A%2F%2Fkofejob-wp.dreamsmarketplace.com%2Fwp-admin%2F&reauth=1 HTTP/1.1" 200 2428 "https://kofejob-wp.dreamsmarketplace.com/wp-login.php" "Mozilla/5.0 (X11; Linux x86_64) AppleWebKit/537.36 (KHTML, like Gecko) Chrome/119.0.0.0 Safari/537.36"
193.187.97.89 - - [23/Feb/2026:04:50:56 +0000] "GET /wp-login.php HTTP/1.1" 200 2420 "https://www.google.com" "Mozilla/5.0 (X11; Linux x86_64) AppleWebKit/537.36 (KHTML, like Gecko) Chrome/119.0.0.0 Safari/537.36"
193.187.97.89 - - [23/Feb/2026:04:50:57 +0000] "POST /wp-login.php HTTP/1.1" 200 2568 "https://kofejob-wp.dreamsmarketplace.com/wp-login.php" "Mozilla/5.0 (X11; Linux x86_64) AppleWebKit/537.36 (KHTML, like Gecko) Chrome/119.0.0.0 Safari/537.36"
193.187.97.89 - - [23/Feb/2026:04:50:57 +0000] "GET /wp-admin/ HTTP/1.1" 302 5 "https://kofejob-wp.dreamsmarketplace.com/wp-login.php" "Mozilla/5.0 (X11; Linux x86_64) AppleWebKit/537.36 (KHTML, like Gecko) Chrome/119.0.0.0 Safari/537.36"
193.187.97.89 - - [23/Feb/2026:04:50:58 +0000] "GET /wp-login.php?redirect_to=https%3A%2F%2Fkofejob-wp.dreamsmarketplace.com%2Fwp-admin%2F&reauth=1 HTTP/1.1" 200 2428 "https://kofejob-wp.dreamsmarketplace.com/wp-login.php" "Mozilla/5.0 (X11; Linux x86_64) AppleWebKit/537.36 (KHTML, like Gecko) Chrome/119.0.0.0 Safari/537.36"
153.80.159.18 - - [23/Feb/2026:04:50:58 +0000] "GET /wp-login.php HTTP/1.1" 200 2420 "https://www.google.com" "Mozilla/5.0 (X11; Linux x86_64) AppleWebKit/537.36 (KHTML, like Gecko) Chrome/119.0.0.0 Safari/537.36"
153.80.159.18 - - [23/Feb/2026:04:50:59 +0000] "POST /wp-login.php HTTP/1.1" 200 2568 "https://kofejob-wp.dreamsmarketplace.com/wp-login.php" "Mozilla/5.0 (X11; Linux x86_64) AppleWebKit/537.36 (KHTML, like Gecko) Chrome/119.0.0.0 Safari/537.36"
153.80.159.18 - - [23/Feb/2026:04:50:59 +0000] "GET /wp-admin/ HTTP/1.1" 302 5 "https://kofejob-wp.dreamsmarketplace.com/wp-login.php" "Mozilla/5.0 (X11; Linux x86_64) AppleWebKit/537.36 (KHTML, like Gecko) Chrome/119.0.0.0 Safari/537.36"
153.80.159.18 - - [23/Feb/2026:04:51:00 +0000] "GET /wp-login.php?redirect_to=https%3A%2F%2Fkofejob-wp.dreamsmarketplace.com%2Fwp-admin%2F&reauth=1 HTTP/1.1" 200 2428 "https://kofejob-wp.dreamsmarketplace.com/wp-login.php" "Mozilla/5.0 (X11; Linux x86_64) AppleWebKit/537.36 (KHTML, like Gecko) Chrome/119.0.0.0 Safari/537.36"
66.249.66.41 - - [23/Feb/2026:04:51:20 +0000] "GET /wp-content/uploads/2022/10/profile-bg-11.jpg HTTP/1.1" 200 55119 "-" "Googlebot-Image/1.0"
2a03:2880:f800:5:: - - [23/Feb/2026:04:51:51 +0000] "GET /10-betsoft-spill-beste-nettkasinoer-2025-casino-maria-casino-freaky-vegas-100-gratis-spinn-bingo-anmeldelser-spiller-online-gambling-og-ektefodt-eiendom/ HTTP/1.1" 301 178 "-" "meta-externalagent/1.1 (+https://developers.facebook.com/docs/sharing/webmasters/crawler)"
2a03:2880:f800:41:: - - [23/Feb/2026:04:51:52 +0000] "GET /andar-bahar-online-o-avantajado-aparelhamento-de-casino-lotoplay-revisao-cartas-indiano-apontar-brasil/ HTTP/1.1" 301 178 "-" "meta-externalagent/1.1 (+https://developers.facebook.com/docs/sharing/webmasters/crawler)"
172.187.168.139 - - [23/Feb/2026:04:51:59 +0000] "POST /wp-cron.php?doing_wp_cron=1771822319.5188450813293457031250 HTTP/1.1" 200 31 "-" "WordPress/6.9; https://kofejob-wp.dreamsmarketplace.com"
91.199.189.110 - - [23/Feb/2026:04:51:59 +0000] "GET /wp-json/wp/v2/users HTTP/1.1" 200 816 "https://www.google.com" "Mozilla/5.0 (X11; Linux x86_64) AppleWebKit/537.36 (KHTML, like Gecko) Chrome/119.0.0.0 Safari/537.36"
91.199.189.110 - - [23/Feb/2026:04:52:00 +0000] "GET /?author=1 HTTP/1.1" 301 5 "https://www.google.com" "Mozilla/5.0 (X11; Linux x86_64) AppleWebKit/537.36 (KHTML, like Gecko) Chrome/119.0.0.0 Safari/537.36"
91.199.189.110 - - [23/Feb/2026:04:52:00 +0000] "POST /xmlrpc.php HTTP/1.1" 200 192 "-" "Apache-HttpClient/4.5.13 (Java/11.0.30)"
91.199.189.110 - - [23/Feb/2026:04:52:01 +0000] "POST /xmlrpc.php HTTP/1.1" 200 415 "-" "Apache-HttpClient/4.5.13 (Java/11.0.30)"
91.199.189.110 - - [23/Feb/2026:04:52:02 +0000] "POST /xmlrpc.php HTTP/1.1" 200 415 "-" "Apache-HttpClient/4.5.13 (Java/11.0.30)"
91.199.189.110 - - [23/Feb/2026:04:52:03 +0000] "POST /xmlrpc.php HTTP/1.1" 200 415 "-" "Apache-HttpClient/4.5.13 (Java/11.0.30)"
91.199.189.110 - - [23/Feb/2026:04:52:03 +0000] "GET /wp-login.php HTTP/1.1" 200 2420 "https://www.google.com" "Mozilla/5.0 (X11; Linux x86_64) AppleWebKit/537.36 (KHTML, like Gecko) Chrome/119.0.0.0 Safari/537.36"
156.239.143.34 - - [23/Feb/2026:04:52:04 +0000] "GET /wp-login.php HTTP/1.1" 200 2420 "https://www.google.com" "Mozilla/5.0 (X11; Linux x86_64) AppleWebKit/537.36 (KHTML, like Gecko) Chrome/119.0.0.0 Safari/537.36"
156.239.143.34 - - [23/Feb/2026:04:52:05 +0000] "POST /wp-login.php HTTP/1.1" 200 2568 "https://kofejob-wp.dreamsmarketplace.com/wp-login.php" "Mozilla/5.0 (X11; Linux x86_64) AppleWebKit/537.36 (KHTML, like Gecko) Chrome/119.0.0.0 Safari/537.36"
156.239.143.34 - - [23/Feb/2026:04:52:06 +0000] "GET /wp-admin/ HTTP/1.1" 302 5 "https://kofejob-wp.dreamsmarketplace.com/wp-login.php" "Mozilla/5.0 (X11; Linux x86_64) AppleWebKit/537.36 (KHTML, like Gecko) Chrome/119.0.0.0 Safari/537.36"
156.239.143.34 - - [23/Feb/2026:04:52:07 +0000] "GET /wp-login.php?redirect_to=https%3A%2F%2Fkofejob-wp.dreamsmarketplace.com%2Fwp-admin%2F&reauth=1 HTTP/1.1" 200 2428 "https://kofejob-wp.dreamsmarketplace.com/wp-login.php" "Mozilla/5.0 (X11; Linux x86_64) AppleWebKit/537.36 (KHTML, like Gecko) Chrome/119.0.0.0 Safari/537.36"
194.104.232.102 - - [23/Feb/2026:04:52:07 +0000] "GET /wp-login.php HTTP/1.1" 200 2420 "https://www.google.com" "Mozilla/5.0 (X11; Linux x86_64) AppleWebKit/537.36 (KHTML, like Gecko) Chrome/119.0.0.0 Safari/537.36"
2a03:2880:f800:17:: - - [23/Feb/2026:04:52:08 +0000] "GET /siti-di-confusione-in-assenza-di-spid-bonus-convenevole-ancora-promo-ricorrenti/ HTTP/1.1" 301 178 "-" "meta-externalagent/1.1 (+https://developers.facebook.com/docs/sharing/webmasters/crawler)"
194.104.232.102 - - [23/Feb/2026:04:52:08 +0000] "POST /wp-login.php HTTP/1.1" 200 2568 "https://kofejob-wp.dreamsmarketplace.com/wp-login.php" "Mozilla/5.0 (X11; Linux x86_64) AppleWebKit/537.36 (KHTML, like Gecko) Chrome/119.0.0.0 Safari/537.36"
194.104.232.102 - - [23/Feb/2026:04:52:09 +0000] "GET /wp-admin/ HTTP/1.1" 302 5 "https://kofejob-wp.dreamsmarketplace.com/wp-login.php" "Mozilla/5.0 (X11; Linux x86_64) AppleWebKit/537.36 (KHTML, like Gecko) Chrome/119.0.0.0 Safari/537.36"
194.104.232.102 - - [23/Feb/2026:04:52:09 +0000] "GET /wp-login.php?redirect_to=https%3A%2F%2Fkofejob-wp.dreamsmarketplace.com%2Fwp-admin%2F&reauth=1 HTTP/1.1" 200 2428 "https://kofejob-wp.dreamsmarketplace.com/wp-login.php" "Mozilla/5.0 (X11; Linux x86_64) AppleWebKit/537.36 (KHTML, like Gecko) Chrome/119.0.0.0 Safari/537.36"
5.172.179.69 - - [23/Feb/2026:04:52:10 +0000] "GET /wp-login.php HTTP/1.1" 200 2420 "https://www.google.com" "Mozilla/5.0 (X11; Linux x86_64) AppleWebKit/537.36 (KHTML, like Gecko) Chrome/119.0.0.0 Safari/537.36"
5.172.179.69 - - [23/Feb/2026:04:52:11 +0000] "POST /wp-login.php HTTP/1.1" 200 2568 "https://kofejob-wp.dreamsmarketplace.com/wp-login.php" "Mozilla/5.0 (X11; Linux x86_64) AppleWebKit/537.36 (KHTML, like Gecko) Chrome/119.0.0.0 Safari/537.36"
5.172.179.69 - - [23/Feb/2026:04:52:11 +0000] "GET /wp-admin/ HTTP/1.1" 302 5 "https://kofejob-wp.dreamsmarketplace.com/wp-login.php" "Mozilla/5.0 (X11; Linux x86_64) AppleWebKit/537.36 (KHTML, like Gecko) Chrome/119.0.0.0 Safari/537.36"
5.172.179.69 - - [23/Feb/2026:04:52:12 +0000] "GET /wp-login.php?redirect_to=https%3A%2F%2Fkofejob-wp.dreamsmarketplace.com%2Fwp-admin%2F&reauth=1 HTTP/1.1" 200 2428 "https://kofejob-wp.dreamsmarketplace.com/wp-login.php" "Mozilla/5.0 (X11; Linux x86_64) AppleWebKit/537.36 (KHTML, like Gecko) Chrome/119.0.0.0 Safari/537.36"
2a03:2880:f800:3c:: - - [23/Feb/2026:04:52:58 +0000] "GET /gameduell-review-vinnig-spelletjes-legit-klaverjassen-offlin-voor-primebetz-app-aanmelding-eigenlijk-poen-otel-chic/ HTTP/1.1" 301 178 "-" "meta-externalagent/1.1 (+https://developers.facebook.com/docs/sharing/webmasters/crawler)"
185.232.19.103 - - [23/Feb/2026:04:53:12 +0000] "GET /wp-json/wp/v2/users HTTP/1.1" 200 816 "https://www.google.com" "Mozilla/5.0 (X11; Linux x86_64) AppleWebKit/537.36 (KHTML, like Gecko) Chrome/119.0.0.0 Safari/537.36"
185.232.19.103 - - [23/Feb/2026:04:53:12 +0000] "GET /?author=1 HTTP/1.1" 301 5 "https://www.google.com" "Mozilla/5.0 (X11; Linux x86_64) AppleWebKit/537.36 (KHTML, like Gecko) Chrome/119.0.0.0 Safari/537.36"
185.232.19.103 - - [23/Feb/2026:04:53:13 +0000] "POST /xmlrpc.php HTTP/1.1" 200 192 "-" "Apache-HttpClient/4.5.13 (Java/11.0.30)"
185.232.19.103 - - [23/Feb/2026:04:53:14 +0000] "POST /xmlrpc.php HTTP/1.1" 200 415 "-" "Apache-HttpClient/4.5.13 (Java/11.0.30)"
185.232.19.103 - - [23/Feb/2026:04:53:14 +0000] "POST /xmlrpc.php HTTP/1.1" 200 415 "-" "Apache-HttpClient/4.5.13 (Java/11.0.30)"
185.232.19.103 - - [23/Feb/2026:04:53:15 +0000] "POST /xmlrpc.php HTTP/1.1" 200 415 "-" "Apache-HttpClient/4.5.13 (Java/11.0.30)"
185.232.19.103 - - [23/Feb/2026:04:53:16 +0000] "GET /wp-login.php HTTP/1.1" 200 2420 "https://www.google.com" "Mozilla/5.0 (X11; Linux x86_64) AppleWebKit/537.36 (KHTML, like Gecko) Chrome/119.0.0.0 Safari/537.36"
138.249.57.104 - - [23/Feb/2026:04:53:16 +0000] "GET /wp-login.php HTTP/1.1" 200 2420 "https://www.google.com" "Mozilla/5.0 (X11; Linux x86_64) AppleWebKit/537.36 (KHTML, like Gecko) Chrome/119.0.0.0 Safari/537.36"
138.249.57.104 - - [23/Feb/2026:04:53:17 +0000] "POST /wp-login.php HTTP/1.1" 200 2568 "https://kofejob-wp.dreamsmarketplace.com/wp-login.php" "Mozilla/5.0 (X11; Linux x86_64) AppleWebKit/537.36 (KHTML, like Gecko) Chrome/119.0.0.0 Safari/537.36"
138.249.57.104 - - [23/Feb/2026:04:53:18 +0000] "GET /wp-admin/ HTTP/1.1" 302 5 "https://kofejob-wp.dreamsmarketplace.com/wp-login.php" "Mozilla/5.0 (X11; Linux x86_64) AppleWebKit/537.36 (KHTML, like Gecko) Chrome/119.0.0.0 Safari/537.36"
138.249.57.104 - - [23/Feb/2026:04:53:18 +0000] "GET /wp-login.php?redirect_to=https%3A%2F%2Fkofejob-wp.dreamsmarketplace.com%2Fwp-admin%2F&reauth=1 HTTP/1.1" 200 2428 "https://kofejob-wp.dreamsmarketplace.com/wp-login.php" "Mozilla/5.0 (X11; Linux x86_64) AppleWebKit/537.36 (KHTML, like Gecko) Chrome/119.0.0.0 Safari/537.36"
62.233.34.161 - - [23/Feb/2026:04:53:19 +0000] "GET /wp-login.php HTTP/1.1" 200 2420 "https://www.google.com" "Mozilla/5.0 (X11; Linux x86_64) AppleWebKit/537.36 (KHTML, like Gecko) Chrome/119.0.0.0 Safari/537.36"
62.233.34.161 - - [23/Feb/2026:04:53:20 +0000] "POST /wp-login.php HTTP/1.1" 200 2568 "https://kofejob-wp.dreamsmarketplace.com/wp-login.php" "Mozilla/5.0 (X11; Linux x86_64) AppleWebKit/537.36 (KHTML, like Gecko) Chrome/119.0.0.0 Safari/537.36"
62.233.34.161 - - [23/Feb/2026:04:53:20 +0000] "GET /wp-admin/ HTTP/1.1" 302 5 "https://kofejob-wp.dreamsmarketplace.com/wp-login.php" "Mozilla/5.0 (X11; Linux x86_64) AppleWebKit/537.36 (KHTML, like Gecko) Chrome/119.0.0.0 Safari/537.36"
62.233.34.161 - - [23/Feb/2026:04:53:21 +0000] "GET /wp-login.php?redirect_to=https%3A%2F%2Fkofejob-wp.dreamsmarketplace.com%2Fwp-admin%2F&reauth=1 HTTP/1.1" 200 2428 "https://kofejob-wp.dreamsmarketplace.com/wp-login.php" "Mozilla/5.0 (X11; Linux x86_64) AppleWebKit/537.36 (KHTML, like Gecko) Chrome/119.0.0.0 Safari/537.36"
193.187.97.89 - - [23/Feb/2026:04:53:21 +0000] "GET /wp-login.php HTTP/1.1" 200 2420 "https://www.google.com" "Mozilla/5.0 (X11; Linux x86_64) AppleWebKit/537.36 (KHTML, like Gecko) Chrome/119.0.0.0 Safari/537.36"
193.187.97.89 - - [23/Feb/2026:04:53:22 +0000] "POST /wp-login.php HTTP/1.1" 200 2568 "https://kofejob-wp.dreamsmarketplace.com/wp-login.php" "Mozilla/5.0 (X11; Linux x86_64) AppleWebKit/537.36 (KHTML, like Gecko) Chrome/119.0.0.0 Safari/537.36"
193.187.97.89 - - [23/Feb/2026:04:53:23 +0000] "GET /wp-admin/ HTTP/1.1" 302 5 "https://kofejob-wp.dreamsmarketplace.com/wp-login.php" "Mozilla/5.0 (X11; Linux x86_64) AppleWebKit/537.36 (KHTML, like Gecko) Chrome/119.0.0.0 Safari/537.36"
193.187.97.89 - - [23/Feb/2026:04:53:23 +0000] "GET /wp-login.php?redirect_to=https%3A%2F%2Fkofejob-wp.dreamsmarketplace.com%2Fwp-admin%2F&reauth=1 HTTP/1.1" 200 2428 "https://kofejob-wp.dreamsmarketplace.com/wp-login.php" "Mozilla/5.0 (X11; Linux x86_64) AppleWebKit/537.36 (KHTML, like Gecko) Chrome/119.0.0.0 Safari/537.36"
2a03:2880:f800:38:: - - [23/Feb/2026:04:53:31 +0000] "GET /royal-vegas-casino-aposta-no-aplicativo-pixbet-constituicao-promocional-portugal-aproveite-transacoes-continuas-que-aparelhamento-fugaz/ HTTP/1.1" 301 178 "-" "meta-externalagent/1.1 (+https://developers.facebook.com/docs/sharing/webmasters/crawler)"
128.1.218.152 - - [23/Feb/2026:04:53:53 +0000] "POST /xmlrpc.php HTTP/1.1" 301 178 "-" "Mozilla/5.0 (Windows NT 10.0; Win64; x64) AppleWebKit/537.36 (KHTML, like Gecko) Chrome/114.0.0.0 Safari/537.36"
128.1.218.152 - - [23/Feb/2026:04:53:55 +0000] "GET /xmlrpc.php HTTP/1.1" 405 53 "-" "Mozilla/5.0 (Windows NT 10.0; Win64; x64) AppleWebKit/537.36 (KHTML, like Gecko) Chrome/114.0.0.0 Safari/537.36"
128.1.218.152 - - [23/Feb/2026:04:53:56 +0000] "POST /xmlrpc.php HTTP/1.1" 301 178 "-" "Mozilla/5.0 (Windows NT 10.0; Win64; x64) AppleWebKit/537.36 (KHTML, like Gecko) Chrome/114.0.0.0 Safari/537.36"
128.1.218.152 - - [23/Feb/2026:04:53:58 +0000] "GET /xmlrpc.php HTTP/1.1" 405 53 "-" "Mozilla/5.0 (Windows NT 10.0; Win64; x64) AppleWebKit/537.36 (KHTML, like Gecko) Chrome/114.0.0.0 Safari/537.36"
2a03:2880:f800:41:: - - [23/Feb/2026:04:54:21 +0000] "GET /roleta-conhecimento-entusiasmado-download-do-aplicativo-de-parceiros-jozz-casino-aparelhar-roleta-online-uma-vez-que-exemplar-dealer-concepcao-alacre/ HTTP/1.1" 301 178 "-" "meta-externalagent/1.1 (+https://developers.facebook.com/docs/sharing/webmasters/crawler)"
156.239.142.181 - - [23/Feb/2026:04:54:24 +0000] "GET /wp-json/wp/v2/users HTTP/1.1" 200 816 "https://www.google.com" "Mozilla/5.0 (X11; Linux x86_64) AppleWebKit/537.36 (KHTML, like Gecko) Chrome/119.0.0.0 Safari/537.36"
156.239.142.181 - - [23/Feb/2026:04:54:24 +0000] "GET /?author=1 HTTP/1.1" 301 5 "https://www.google.com" "Mozilla/5.0 (X11; Linux x86_64) AppleWebKit/537.36 (KHTML, like Gecko) Chrome/119.0.0.0 Safari/537.36"
156.239.142.181 - - [23/Feb/2026:04:54:25 +0000] "POST /xmlrpc.php HTTP/1.1" 200 192 "-" "Apache-HttpClient/4.5.13 (Java/11.0.30)"
156.239.142.181 - - [23/Feb/2026:04:54:26 +0000] "POST /xmlrpc.php HTTP/1.1" 200 415 "-" "Apache-HttpClient/4.5.13 (Java/11.0.30)"
156.239.142.181 - - [23/Feb/2026:04:54:27 +0000] "POST /xmlrpc.php HTTP/1.1" 200 415 "-" "Apache-HttpClient/4.5.13 (Java/11.0.30)"
156.239.142.181 - - [23/Feb/2026:04:54:28 +0000] "POST /xmlrpc.php HTTP/1.1" 200 415 "-" "Apache-HttpClient/4.5.13 (Java/11.0.30)"
156.239.142.181 - - [23/Feb/2026:04:54:29 +0000] "GET /wp-login.php HTTP/1.1" 200 2420 "https://www.google.com" "Mozilla/5.0 (X11; Linux x86_64) AppleWebKit/537.36 (KHTML, like Gecko) Chrome/119.0.0.0 Safari/537.36"
138.249.51.79 - - [23/Feb/2026:04:54:29 +0000] "GET /wp-login.php HTTP/1.1" 200 2420 "https://www.google.com" "Mozilla/5.0 (X11; Linux x86_64) AppleWebKit/537.36 (KHTML, like Gecko) Chrome/119.0.0.0 Safari/537.36"
138.249.51.79 - - [23/Feb/2026:04:54:30 +0000] "POST /wp-login.php HTTP/1.1" 200 2568 "https://kofejob-wp.dreamsmarketplace.com/wp-login.php" "Mozilla/5.0 (X11; Linux x86_64) AppleWebKit/537.36 (KHTML, like Gecko) Chrome/119.0.0.0 Safari/537.36"
138.249.51.79 - - [23/Feb/2026:04:54:30 +0000] "GET /wp-admin/ HTTP/1.1" 302 5 "https://kofejob-wp.dreamsmarketplace.com/wp-login.php" "Mozilla/5.0 (X11; Linux x86_64) AppleWebKit/537.36 (KHTML, like Gecko) Chrome/119.0.0.0 Safari/537.36"
138.249.51.79 - - [23/Feb/2026:04:54:31 +0000] "GET /wp-login.php?redirect_to=https%3A%2F%2Fkofejob-wp.dreamsmarketplace.com%2Fwp-admin%2F&reauth=1 HTTP/1.1" 200 2428 "https://kofejob-wp.dreamsmarketplace.com/wp-login.php" "Mozilla/5.0 (X11; Linux x86_64) AppleWebKit/537.36 (KHTML, like Gecko) Chrome/119.0.0.0 Safari/537.36"
154.205.235.102 - - [23/Feb/2026:04:54:32 +0000] "GET /wp-login.php HTTP/1.1" 200 2420 "https://www.google.com" "Mozilla/5.0 (X11; Linux x86_64) AppleWebKit/537.36 (KHTML, like Gecko) Chrome/119.0.0.0 Safari/537.36"
154.205.235.102 - - [23/Feb/2026:04:54:33 +0000] "POST /wp-login.php HTTP/1.1" 200 2568 "https://kofejob-wp.dreamsmarketplace.com/wp-login.php" "Mozilla/5.0 (X11; Linux x86_64) AppleWebKit/537.36 (KHTML, like Gecko) Chrome/119.0.0.0 Safari/537.36"
154.205.235.102 - - [23/Feb/2026:04:54:34 +0000] "GET /wp-admin/ HTTP/1.1" 302 5 "https://kofejob-wp.dreamsmarketplace.com/wp-login.php" "Mozilla/5.0 (X11; Linux x86_64) AppleWebKit/537.36 (KHTML, like Gecko) Chrome/119.0.0.0 Safari/537.36"
154.205.235.102 - - [23/Feb/2026:04:54:34 +0000] "GET /wp-login.php?redirect_to=https%3A%2F%2Fkofejob-wp.dreamsmarketplace.com%2Fwp-admin%2F&reauth=1 HTTP/1.1" 200 2428 "https://kofejob-wp.dreamsmarketplace.com/wp-login.php" "Mozilla/5.0 (X11; Linux x86_64) AppleWebKit/537.36 (KHTML, like Gecko) Chrome/119.0.0.0 Safari/537.36"
45.152.214.36 - - [23/Feb/2026:04:54:35 +0000] "GET /wp-login.php HTTP/1.1" 200 2420 "https://www.google.com" "Mozilla/5.0 (X11; Linux x86_64) AppleWebKit/537.36 (KHTML, like Gecko) Chrome/119.0.0.0 Safari/537.36"
45.152.214.36 - - [23/Feb/2026:04:54:36 +0000] "POST /wp-login.php HTTP/1.1" 200 2568 "https://kofejob-wp.dreamsmarketplace.com/wp-login.php" "Mozilla/5.0 (X11; Linux x86_64) AppleWebKit/537.36 (KHTML, like Gecko) Chrome/119.0.0.0 Safari/537.36"
45.152.214.36 - - [23/Feb/2026:04:54:37 +0000] "GET /wp-admin/ HTTP/1.1" 302 5 "https://kofejob-wp.dreamsmarketplace.com/wp-login.php" "Mozilla/5.0 (X11; Linux x86_64) AppleWebKit/537.36 (KHTML, like Gecko) Chrome/119.0.0.0 Safari/537.36"
45.152.214.36 - - [23/Feb/2026:04:54:37 +0000] "GET /wp-login.php?redirect_to=https%3A%2F%2Fkofejob-wp.dreamsmarketplace.com%2Fwp-admin%2F&reauth=1 HTTP/1.1" 200 2428 "https://kofejob-wp.dreamsmarketplace.com/wp-login.php" "Mozilla/5.0 (X11; Linux x86_64) AppleWebKit/537.36 (KHTML, like Gecko) Chrome/119.0.0.0 Safari/537.36"
2a03:2880:f800:38:: - - [23/Feb/2026:04:54:41 +0000] "GET /le-recensioni-a-1-astro-sono-tutte-false-verso-mio-annuncio/ HTTP/1.1" 301 178 "-" "meta-externalagent/1.1 (+https://developers.facebook.com/docs/sharing/webmasters/crawler)"
2a03:2880:f800:45:: - - [23/Feb/2026:04:54:50 +0000] "GET /slot-burning-thunderkick-tragamonedas-en-linea-reels-funciona-online-gratuito/ HTTP/1.1" 301 178 "-" "meta-externalagent/1.1 (+https://developers.facebook.com/docs/sharing/webmasters/crawler)"
2a03:2880:f800:a:: - - [23/Feb/2026:04:54:57 +0000] "GET /cassinos-com-giros-acessivel-os-jokers-luck-1-casa-2025-melhores-bonus-sem-entreposto-gem-pariwisata-kota-melhor-jogo-de-cassino-europa-kupang/ HTTP/1.1" 301 178 "-" "meta-externalagent/1.1 (+https://developers.facebook.com/docs/sharing/webmasters/crawler)"
2a03:2880:f800:2c:: - - [23/Feb/2026:04:54:59 +0000] "GET /gergo-bonus-proposito-attivata-metodi-di-rimessa-premio-max/ HTTP/1.1" 301 178 "-" "meta-externalagent/1.1 (+https://developers.facebook.com/docs/sharing/webmasters/crawler)"
2a03:2880:f800:11:: - - [23/Feb/2026:04:55:02 +0000] "GET /bedste-spil-kort-pr-danmark-klassikere-plu-casinohits-er-vulkanbet-sikker-pa/ HTTP/1.1" 301 178 "-" "meta-externalagent/1.1 (+https://developers.facebook.com/docs/sharing/webmasters/crawler)"
2a03:2880:f800:3b:: - - [23/Feb/2026:04:55:03 +0000] "GET /un-quil-leurs-chevronne-affirment-a-l%ef%bf%bdegard-de-la-securite-leurs-casinos-un-brin/ HTTP/1.1" 301 178 "-" "meta-externalagent/1.1 (+https://developers.facebook.com/docs/sharing/webmasters/crawler)"
2a03:2880:f800:: - - [23/Feb/2026:04:55:07 +0000] "GET /abdiquas-book-of-dead-machine-a-sous-pour-100-espaces-gratuits-sans-avoir-i-archive-attila-avec-wolf-run-eclipse-avec-igt-bina-yonetim-sistemleri/ HTTP/1.1" 301 178 "-" "meta-externalagent/1.1 (+https://developers.facebook.com/docs/sharing/webmasters/crawler)"
2a03:2880:f800:3d:: - - [23/Feb/2026:04:55:09 +0000] "GET /commissione-verso-il-asportazione-rapidissimo-dal-casino-senza-aams/ HTTP/1.1" 301 178 "-" "meta-externalagent/1.1 (+https://developers.facebook.com/docs/sharing/webmasters/crawler)"
2a03:2880:f800:2b:: - - [23/Feb/2026:04:55:12 +0000] "GET /esposizione-escluso-esposizione-di-piu-rassegna-20-di-31/ HTTP/1.1" 301 178 "-" "meta-externalagent/1.1 (+https://developers.facebook.com/docs/sharing/webmasters/crawler)"
2a03:2880:f800:24:: - - [23/Feb/2026:04:55:22 +0000] "GET /free-spins-2025-se-alla-casino-med-free-spins-ino-bonus-jupi-dag/ HTTP/1.1" 301 178 "-" "meta-externalagent/1.1 (+https://developers.facebook.com/docs/sharing/webmasters/crawler)"
2a03:2880:f800:22:: - - [23/Feb/2026:04:55:35 +0000] "GET /real-money-pokies-your-own-bonuses-guide-to-australias-favourite-games/ HTTP/1.1" 301 178 "-" "meta-externalagent/1.1 (+https://developers.facebook.com/docs/sharing/webmasters/crawler)"
154.205.232.32 - - [23/Feb/2026:04:55:36 +0000] "GET /wp-json/wp/v2/users HTTP/1.1" 200 816 "https://www.google.com" "Mozilla/5.0 (X11; Linux x86_64) AppleWebKit/537.36 (KHTML, like Gecko) Chrome/119.0.0.0 Safari/537.36"
154.205.232.32 - - [23/Feb/2026:04:55:37 +0000] "GET /?author=1 HTTP/1.1" 301 5 "https://www.google.com" "Mozilla/5.0 (X11; Linux x86_64) AppleWebKit/537.36 (KHTML, like Gecko) Chrome/119.0.0.0 Safari/537.36"
154.205.232.32 - - [23/Feb/2026:04:55:37 +0000] "POST /xmlrpc.php HTTP/1.1" 200 192 "-" "Apache-HttpClient/4.5.13 (Java/11.0.30)"
154.205.232.32 - - [23/Feb/2026:04:55:39 +0000] "POST /xmlrpc.php HTTP/1.1" 200 415 "-" "Apache-HttpClient/4.5.13 (Java/11.0.30)"
154.205.232.32 - - [23/Feb/2026:04:55:40 +0000] "POST /xmlrpc.php HTTP/1.1" 200 415 "-" "Apache-HttpClient/4.5.13 (Java/11.0.30)"
154.205.232.32 - - [23/Feb/2026:04:55:41 +0000] "POST /xmlrpc.php HTTP/1.1" 200 415 "-" "Apache-HttpClient/4.5.13 (Java/11.0.30)"
154.205.232.32 - - [23/Feb/2026:04:55:41 +0000] "GET /wp-login.php HTTP/1.1" 200 2420 "https://www.google.com" "Mozilla/5.0 (X11; Linux x86_64) AppleWebKit/537.36 (KHTML, like Gecko) Chrome/119.0.0.0 Safari/537.36"
135.106.127.61 - - [23/Feb/2026:04:55:42 +0000] "GET /wp-login.php HTTP/1.1" 200 2420 "https://www.google.com" "Mozilla/5.0 (X11; Linux x86_64) AppleWebKit/537.36 (KHTML, like Gecko) Chrome/119.0.0.0 Safari/537.36"
135.106.127.61 - - [23/Feb/2026:04:55:43 +0000] "POST /wp-login.php HTTP/1.1" 200 2568 "https://kofejob-wp.dreamsmarketplace.com/wp-login.php" "Mozilla/5.0 (X11; Linux x86_64) AppleWebKit/537.36 (KHTML, like Gecko) Chrome/119.0.0.0 Safari/537.36"
2a03:2880:f800:4:: - - [23/Feb/2026:04:55:43 +0000] "GET /octobeer-fortunes-apreciacao-queen-of-the-nile-slot-online-pressuroso-resident-sites-infantilidade-slot-slot-aparelho-esfogiteado-teste-acostumado/ HTTP/1.1" 301 178 "-" "meta-externalagent/1.1 (+https://developers.facebook.com/docs/sharing/webmasters/crawler)"
135.106.127.61 - - [23/Feb/2026:04:55:43 +0000] "GET /wp-admin/ HTTP/1.1" 302 5 "https://kofejob-wp.dreamsmarketplace.com/wp-login.php" "Mozilla/5.0 (X11; Linux x86_64) AppleWebKit/537.36 (KHTML, like Gecko) Chrome/119.0.0.0 Safari/537.36"
135.106.127.61 - - [23/Feb/2026:04:55:43 +0000] "GET /wp-login.php?redirect_to=https%3A%2F%2Fkofejob-wp.dreamsmarketplace.com%2Fwp-admin%2F&reauth=1 HTTP/1.1" 200 2428 "https://kofejob-wp.dreamsmarketplace.com/wp-login.php" "Mozilla/5.0 (X11; Linux x86_64) AppleWebKit/537.36 (KHTML, like Gecko) Chrome/119.0.0.0 Safari/537.36"
193.187.97.89 - - [23/Feb/2026:04:55:44 +0000] "GET /wp-login.php HTTP/1.1" 200 2420 "https://www.google.com" "Mozilla/5.0 (X11; Linux x86_64) AppleWebKit/537.36 (KHTML, like Gecko) Chrome/119.0.0.0 Safari/537.36"
193.187.97.89 - - [23/Feb/2026:04:55:45 +0000] "POST /wp-login.php HTTP/1.1" 200 2568 "https://kofejob-wp.dreamsmarketplace.com/wp-login.php" "Mozilla/5.0 (X11; Linux x86_64) AppleWebKit/537.36 (KHTML, like Gecko) Chrome/119.0.0.0 Safari/537.36"
193.187.97.89 - - [23/Feb/2026:04:55:45 +0000] "GET /wp-admin/ HTTP/1.1" 302 5 "https://kofejob-wp.dreamsmarketplace.com/wp-login.php" "Mozilla/5.0 (X11; Linux x86_64) AppleWebKit/537.36 (KHTML, like Gecko) Chrome/119.0.0.0 Safari/537.36"
193.187.97.89 - - [23/Feb/2026:04:55:46 +0000] "GET /wp-login.php?redirect_to=https%3A%2F%2Fkofejob-wp.dreamsmarketplace.com%2Fwp-admin%2F&reauth=1 HTTP/1.1" 200 2428 "https://kofejob-wp.dreamsmarketplace.com/wp-login.php" "Mozilla/5.0 (X11; Linux x86_64) AppleWebKit/537.36 (KHTML, like Gecko) Chrome/119.0.0.0 Safari/537.36"
138.249.61.72 - - [23/Feb/2026:04:55:46 +0000] "GET /wp-login.php HTTP/1.1" 200 2420 "https://www.google.com" "Mozilla/5.0 (X11; Linux x86_64) AppleWebKit/537.36 (KHTML, like Gecko) Chrome/119.0.0.0 Safari/537.36"
138.249.61.72 - - [23/Feb/2026:04:55:47 +0000] "POST /wp-login.php HTTP/1.1" 200 2568 "https://kofejob-wp.dreamsmarketplace.com/wp-login.php" "Mozilla/5.0 (X11; Linux x86_64) AppleWebKit/537.36 (KHTML, like Gecko) Chrome/119.0.0.0 Safari/537.36"
138.249.61.72 - - [23/Feb/2026:04:55:48 +0000] "GET /wp-admin/ HTTP/1.1" 302 5 "https://kofejob-wp.dreamsmarketplace.com/wp-login.php" "Mozilla/5.0 (X11; Linux x86_64) AppleWebKit/537.36 (KHTML, like Gecko) Chrome/119.0.0.0 Safari/537.36"
138.249.61.72 - - [23/Feb/2026:04:55:48 +0000] "GET /wp-login.php?redirect_to=https%3A%2F%2Fkofejob-wp.dreamsmarketplace.com%2Fwp-admin%2F&reauth=1 HTTP/1.1" 200 2428 "https://kofejob-wp.dreamsmarketplace.com/wp-login.php" "Mozilla/5.0 (X11; Linux x86_64) AppleWebKit/537.36 (KHTML, like Gecko) Chrome/119.0.0.0 Safari/537.36"
2a03:2880:f800:33:: - - [23/Feb/2026:04:55:53 +0000] "GET /trt-world-merkur-slots-online-gremium-trtworldforum/ HTTP/1.1" 301 178 "-" "meta-externalagent/1.1 (+https://developers.facebook.com/docs/sharing/webmasters/crawler)"
2a03:2880:f800:39:: - - [23/Feb/2026:04:55:54 +0000] "GET /lesquels-sont-nos-liberalite-de-casinos-un-peu-gratis-i%ef%bf%bd-tous-les-acheves-avec-gaming-a-linscription/ HTTP/1.1" 301 178 "-" "meta-externalagent/1.1 (+https://developers.facebook.com/docs/sharing/webmasters/crawler)"
2a03:2880:f800:26:: - - [23/Feb/2026:04:55:59 +0000] "GET /tratar-100-tragamonedas-de-balde-the-dark-knight-rises-giros-sin-ranura-carente-registrarte/ HTTP/1.1" 301 178 "-" "meta-externalagent/1.1 (+https://developers.facebook.com/docs/sharing/webmasters/crawler)"
2a03:2880:f800:21:: - - [23/Feb/2026:04:56:44 +0000] "GET /bonus-saluto-trambusto-starcasino-fino-verso-2050%ef%bf%bd-ed-150-free-spins/ HTTP/1.1" 301 178 "-" "meta-externalagent/1.1 (+https://developers.facebook.com/docs/sharing/webmasters/crawler)"
156.239.143.34 - - [23/Feb/2026:04:56:46 +0000] "GET /wp-json/wp/v2/users HTTP/1.1" 200 816 "https://www.google.com" "Mozilla/5.0 (X11; Linux x86_64) AppleWebKit/537.36 (KHTML, like Gecko) Chrome/119.0.0.0 Safari/537.36"
156.239.143.34 - - [23/Feb/2026:04:56:46 +0000] "GET /?author=1 HTTP/1.1" 301 5 "https://www.google.com" "Mozilla/5.0 (X11; Linux x86_64) AppleWebKit/537.36 (KHTML, like Gecko) Chrome/119.0.0.0 Safari/537.36"
156.239.143.34 - - [23/Feb/2026:04:56:47 +0000] "POST /xmlrpc.php HTTP/1.1" 200 192 "-" "Apache-HttpClient/4.5.13 (Java/11.0.30)"
156.239.143.34 - - [23/Feb/2026:04:56:48 +0000] "POST /xmlrpc.php HTTP/1.1" 200 415 "-" "Apache-HttpClient/4.5.13 (Java/11.0.30)"
156.239.143.34 - - [23/Feb/2026:04:56:49 +0000] "POST /xmlrpc.php HTTP/1.1" 200 415 "-" "Apache-HttpClient/4.5.13 (Java/11.0.30)"
156.239.143.34 - - [23/Feb/2026:04:56:50 +0000] "POST /xmlrpc.php HTTP/1.1" 200 415 "-" "Apache-HttpClient/4.5.13 (Java/11.0.30)"
156.239.143.34 - - [23/Feb/2026:04:56:51 +0000] "GET /wp-login.php HTTP/1.1" 200 2420 "https://www.google.com" "Mozilla/5.0 (X11; Linux x86_64) AppleWebKit/537.36 (KHTML, like Gecko) Chrome/119.0.0.0 Safari/537.36"
194.104.228.196 - - [23/Feb/2026:04:56:52 +0000] "GET /wp-login.php HTTP/1.1" 200 2420 "https://www.google.com" "Mozilla/5.0 (X11; Linux x86_64) AppleWebKit/537.36 (KHTML, like Gecko) Chrome/119.0.0.0 Safari/537.36"
194.104.228.196 - - [23/Feb/2026:04:56:52 +0000] "POST /wp-login.php HTTP/1.1" 200 2568 "https://kofejob-wp.dreamsmarketplace.com/wp-login.php" "Mozilla/5.0 (X11; Linux x86_64) AppleWebKit/537.36 (KHTML, like Gecko) Chrome/119.0.0.0 Safari/537.36"
194.104.228.196 - - [23/Feb/2026:04:56:53 +0000] "GET /wp-admin/ HTTP/1.1" 302 5 "https://kofejob-wp.dreamsmarketplace.com/wp-login.php" "Mozilla/5.0 (X11; Linux x86_64) AppleWebKit/537.36 (KHTML, like Gecko) Chrome/119.0.0.0 Safari/537.36"
194.104.228.196 - - [23/Feb/2026:04:56:54 +0000] "GET /wp-login.php?redirect_to=https%3A%2F%2Fkofejob-wp.dreamsmarketplace.com%2Fwp-admin%2F&reauth=1 HTTP/1.1" 200 2428 "https://kofejob-wp.dreamsmarketplace.com/wp-login.php" "Mozilla/5.0 (X11; Linux x86_64) AppleWebKit/537.36 (KHTML, like Gecko) Chrome/119.0.0.0 Safari/537.36"
138.249.182.252 - - [23/Feb/2026:04:56:55 +0000] "GET /wp-login.php HTTP/1.1" 200 2420 "https://www.google.com" "Mozilla/5.0 (X11; Linux x86_64) AppleWebKit/537.36 (KHTML, like Gecko) Chrome/119.0.0.0 Safari/537.36"
138.249.182.252 - - [23/Feb/2026:04:56:56 +0000] "POST /wp-login.php HTTP/1.1" 200 2568 "https://kofejob-wp.dreamsmarketplace.com/wp-login.php" "Mozilla/5.0 (X11; Linux x86_64) AppleWebKit/537.36 (KHTML, like Gecko) Chrome/119.0.0.0 Safari/537.36"
138.249.182.252 - - [23/Feb/2026:04:56:56 +0000] "GET /wp-admin/ HTTP/1.1" 302 5 "https://kofejob-wp.dreamsmarketplace.com/wp-login.php" "Mozilla/5.0 (X11; Linux x86_64) AppleWebKit/537.36 (KHTML, like Gecko) Chrome/119.0.0.0 Safari/537.36"
138.249.182.252 - - [23/Feb/2026:04:56:57 +0000] "GET /wp-login.php?redirect_to=https%3A%2F%2Fkofejob-wp.dreamsmarketplace.com%2Fwp-admin%2F&reauth=1 HTTP/1.1" 200 2428 "https://kofejob-wp.dreamsmarketplace.com/wp-login.php" "Mozilla/5.0 (X11; Linux x86_64) AppleWebKit/537.36 (KHTML, like Gecko) Chrome/119.0.0.0 Safari/537.36"
153.80.141.37 - - [23/Feb/2026:04:56:57 +0000] "GET /wp-login.php HTTP/1.1" 200 2420 "https://www.google.com" "Mozilla/5.0 (X11; Linux x86_64) AppleWebKit/537.36 (KHTML, like Gecko) Chrome/119.0.0.0 Safari/537.36"
153.80.141.37 - - [23/Feb/2026:04:56:58 +0000] "POST /wp-login.php HTTP/1.1" 200 2568 "https://kofejob-wp.dreamsmarketplace.com/wp-login.php" "Mozilla/5.0 (X11; Linux x86_64) AppleWebKit/537.36 (KHTML, like Gecko) Chrome/119.0.0.0 Safari/537.36"
153.80.141.37 - - [23/Feb/2026:04:56:59 +0000] "GET /wp-admin/ HTTP/1.1" 302 5 "https://kofejob-wp.dreamsmarketplace.com/wp-login.php" "Mozilla/5.0 (X11; Linux x86_64) AppleWebKit/537.36 (KHTML, like Gecko) Chrome/119.0.0.0 Safari/537.36"
153.80.141.37 - - [23/Feb/2026:04:56:59 +0000] "GET /wp-login.php?redirect_to=https%3A%2F%2Fkofejob-wp.dreamsmarketplace.com%2Fwp-admin%2F&reauth=1 HTTP/1.1" 200 2428 "https://kofejob-wp.dreamsmarketplace.com/wp-login.php" "Mozilla/5.0 (X11; Linux x86_64) AppleWebKit/537.36 (KHTML, like Gecko) Chrome/119.0.0.0 Safari/537.36"
2a03:2880:f800:16:: - - [23/Feb/2026:04:57:04 +0000] "GET /joaca-wild-water-deasupra-slotv-cel-mai-nou-fara-depozit-ice-casino-casino-online/ HTTP/1.1" 301 178 "-" "meta-externalagent/1.1 (+https://developers.facebook.com/docs/sharing/webmasters/crawler)"
2a03:2880:f800:4:: - - [23/Feb/2026:04:57:06 +0000] "GET /freispiele-ohne-einzahlung-casinos-uber-slot-wild-turkey-online-free-spins-2026/ HTTP/1.1" 301 178 "-" "meta-externalagent/1.1 (+https://developers.facebook.com/docs/sharing/webmasters/crawler)"
2a03:2880:f800:3b:: - - [23/Feb/2026:04:57:23 +0000] "GET /bonanza-position-opinion-and-online-online-double-bonus-poker-100-hand-best-casino-websites-2025/ HTTP/1.1" 301 178 "-" "meta-externalagent/1.1 (+https://developers.facebook.com/docs/sharing/webmasters/crawler)"
