40.77.167.116 - - [23/Feb/2026:05:48:25 +0000] "GET /taking-welcome-incentives-and-you-can-100-free-spins-for-new-united-kingdom-users/ HTTP/1.1" 301 178 "-" "Mozilla/5.0 AppleWebKit/537.36 (KHTML, like Gecko; compatible; bingbot/2.0; +http://www.bing.com/bingbot.htm) Chrome/116.0.1938.76 Safari/537.36"
172.187.168.139 - - [23/Feb/2026:05:48:27 +0000] "POST /wp-cron.php?doing_wp_cron=1771825707.4382090568542480468750 HTTP/1.1" 200 31 "-" "WordPress/6.9; https://kofejob-wp.dreamsmarketplace.com"
62.233.34.161 - - [23/Feb/2026:05:48:27 +0000] "GET /wp-json/wp/v2/users HTTP/1.1" 200 816 "https://www.google.com" "Mozilla/5.0 (X11; Linux x86_64) AppleWebKit/537.36 (KHTML, like Gecko) Chrome/119.0.0.0 Safari/537.36"
62.233.34.161 - - [23/Feb/2026:05:48:28 +0000] "GET /?author=1 HTTP/1.1" 301 5 "https://www.google.com" "Mozilla/5.0 (X11; Linux x86_64) AppleWebKit/537.36 (KHTML, like Gecko) Chrome/119.0.0.0 Safari/537.36"
62.233.34.161 - - [23/Feb/2026:05:48:28 +0000] "POST /xmlrpc.php HTTP/1.1" 200 192 "-" "Apache-HttpClient/4.5.13 (Java/11.0.30)"
62.233.34.161 - - [23/Feb/2026:05:48:29 +0000] "POST /xmlrpc.php HTTP/1.1" 200 415 "-" "Apache-HttpClient/4.5.13 (Java/11.0.30)"
62.233.34.161 - - [23/Feb/2026:05:48:30 +0000] "POST /xmlrpc.php HTTP/1.1" 200 415 "-" "Apache-HttpClient/4.5.13 (Java/11.0.30)"
62.233.34.161 - - [23/Feb/2026:05:48:31 +0000] "POST /xmlrpc.php HTTP/1.1" 200 415 "-" "Apache-HttpClient/4.5.13 (Java/11.0.30)"
62.233.34.161 - - [23/Feb/2026:05:48:32 +0000] "GET /wp-login.php HTTP/1.1" 200 2420 "https://www.google.com" "Mozilla/5.0 (X11; Linux x86_64) AppleWebKit/537.36 (KHTML, like Gecko) Chrome/119.0.0.0 Safari/537.36"
185.232.18.30 - - [23/Feb/2026:05:48:32 +0000] "GET /wp-login.php HTTP/1.1" 200 2420 "https://www.google.com" "Mozilla/5.0 (X11; Linux x86_64) AppleWebKit/537.36 (KHTML, like Gecko) Chrome/119.0.0.0 Safari/537.36"
185.232.18.30 - - [23/Feb/2026:05:48:33 +0000] "POST /wp-login.php HTTP/1.1" 200 2568 "https://kofejob-wp.dreamsmarketplace.com/wp-login.php" "Mozilla/5.0 (X11; Linux x86_64) AppleWebKit/537.36 (KHTML, like Gecko) Chrome/119.0.0.0 Safari/537.36"
185.232.18.30 - - [23/Feb/2026:05:48:33 +0000] "GET /wp-admin/ HTTP/1.1" 302 5 "https://kofejob-wp.dreamsmarketplace.com/wp-login.php" "Mozilla/5.0 (X11; Linux x86_64) AppleWebKit/537.36 (KHTML, like Gecko) Chrome/119.0.0.0 Safari/537.36"
185.232.18.30 - - [23/Feb/2026:05:48:34 +0000] "GET /wp-login.php?redirect_to=https%3A%2F%2Fkofejob-wp.dreamsmarketplace.com%2Fwp-admin%2F&reauth=1 HTTP/1.1" 200 2428 "https://kofejob-wp.dreamsmarketplace.com/wp-login.php" "Mozilla/5.0 (X11; Linux x86_64) AppleWebKit/537.36 (KHTML, like Gecko) Chrome/119.0.0.0 Safari/537.36"
138.249.118.117 - - [23/Feb/2026:05:48:35 +0000] "GET /wp-login.php HTTP/1.1" 200 2420 "https://www.google.com" "Mozilla/5.0 (X11; Linux x86_64) AppleWebKit/537.36 (KHTML, like Gecko) Chrome/119.0.0.0 Safari/537.36"
138.249.118.117 - - [23/Feb/2026:05:48:36 +0000] "POST /wp-login.php HTTP/1.1" 200 2568 "https://kofejob-wp.dreamsmarketplace.com/wp-login.php" "Mozilla/5.0 (X11; Linux x86_64) AppleWebKit/537.36 (KHTML, like Gecko) Chrome/119.0.0.0 Safari/537.36"
138.249.118.117 - - [23/Feb/2026:05:48:37 +0000] "GET /wp-admin/ HTTP/1.1" 302 5 "https://kofejob-wp.dreamsmarketplace.com/wp-login.php" "Mozilla/5.0 (X11; Linux x86_64) AppleWebKit/537.36 (KHTML, like Gecko) Chrome/119.0.0.0 Safari/537.36"
138.249.118.117 - - [23/Feb/2026:05:48:37 +0000] "GET /wp-login.php?redirect_to=https%3A%2F%2Fkofejob-wp.dreamsmarketplace.com%2Fwp-admin%2F&reauth=1 HTTP/1.1" 200 2428 "https://kofejob-wp.dreamsmarketplace.com/wp-login.php" "Mozilla/5.0 (X11; Linux x86_64) AppleWebKit/537.36 (KHTML, like Gecko) Chrome/119.0.0.0 Safari/537.36"
154.205.234.232 - - [23/Feb/2026:05:48:38 +0000] "GET /wp-login.php HTTP/1.1" 200 2420 "https://www.google.com" "Mozilla/5.0 (X11; Linux x86_64) AppleWebKit/537.36 (KHTML, like Gecko) Chrome/119.0.0.0 Safari/537.36"
154.205.234.232 - - [23/Feb/2026:05:48:39 +0000] "POST /wp-login.php HTTP/1.1" 200 2568 "https://kofejob-wp.dreamsmarketplace.com/wp-login.php" "Mozilla/5.0 (X11; Linux x86_64) AppleWebKit/537.36 (KHTML, like Gecko) Chrome/119.0.0.0 Safari/537.36"
154.205.234.232 - - [23/Feb/2026:05:48:40 +0000] "GET /wp-admin/ HTTP/1.1" 302 5 "https://kofejob-wp.dreamsmarketplace.com/wp-login.php" "Mozilla/5.0 (X11; Linux x86_64) AppleWebKit/537.36 (KHTML, like Gecko) Chrome/119.0.0.0 Safari/537.36"
154.205.234.232 - - [23/Feb/2026:05:48:41 +0000] "GET /wp-login.php?redirect_to=https%3A%2F%2Fkofejob-wp.dreamsmarketplace.com%2Fwp-admin%2F&reauth=1 HTTP/1.1" 200 2428 "https://kofejob-wp.dreamsmarketplace.com/wp-login.php" "Mozilla/5.0 (X11; Linux x86_64) AppleWebKit/537.36 (KHTML, like Gecko) Chrome/119.0.0.0 Safari/537.36"
2a03:2880:f800:13:: - - [23/Feb/2026:05:48:58 +0000] "GET /blackjack-kalkul-tom-horn-gaming-gaming-slots-tipps-via-wahrscheinlichkeiten-register/ HTTP/1.1" 301 178 "-" "meta-externalagent/1.1 (+https://developers.facebook.com/docs/sharing/webmasters/crawler)"
2a03:2880:f800:40:: - - [23/Feb/2026:05:49:03 +0000] "GET /24bettle-gambling-establishment-comment-2022-240-eur-240-100-percent-10-free-spins-no-deposit-free-revolves/ HTTP/1.1" 301 178 "-" "meta-externalagent/1.1 (+https://developers.facebook.com/docs/sharing/webmasters/crawler)"
2a03:2880:f800:1d:: - - [23/Feb/2026:05:49:04 +0000] "GET /avgiftsfri-casino-bonus-inte-med-insattningskrav-kika-listan-valkomstbonus-kasinobonusar-narvarande/ HTTP/1.1" 301 178 "-" "meta-externalagent/1.1 (+https://developers.facebook.com/docs/sharing/webmasters/crawler)"
2a03:2880:f800:45:: - - [23/Feb/2026:05:49:04 +0000] "GET /starcasino-recensione-ancora-rapporto-completo-artigianale-completa-sopra-onlinecasino-it/ HTTP/1.1" 301 178 "-" "meta-externalagent/1.1 (+https://developers.facebook.com/docs/sharing/webmasters/crawler)"
2a03:2880:f800:2d:: - - [23/Feb/2026:05:49:06 +0000] "GET /spill-paslat-den-beste-e-sporten-i-tillegg-til-casino-rizk-casinopop-ingen-innskuddsbonus-100-gratis-garn-vave-kafedra-algebri-%d1%96-matematichnogo-anal%d1%96zu/ HTTP/1.1" 301 178 "-" "meta-externalagent/1.1 (+https://developers.facebook.com/docs/sharing/webmasters/crawler)"
2a03:2880:f800:1b:: - - [23/Feb/2026:05:49:17 +0000] "GET /angeschlossen-spielbank-einzahlung-keine-einzahlung-hitnspin-durch-kurznachricht-unter-anderem-telefonrechnung/ HTTP/1.1" 301 178 "-" "meta-externalagent/1.1 (+https://developers.facebook.com/docs/sharing/webmasters/crawler)"
2a03:2880:f800:10:: - - [23/Feb/2026:05:49:19 +0000] "GET /gdzie-nalezy-wpisac-kod-kuponu-w-witrynie-verde-casino/ HTTP/1.1" 301 178 "-" "meta-externalagent/1.1 (+https://developers.facebook.com/docs/sharing/webmasters/crawler)"
2a03:2880:f800:20:: - - [23/Feb/2026:05:49:36 +0000] "GET /latwosc-i-obsluga-klienta-z-verde-casino/ HTTP/1.1" 301 178 "-" "meta-externalagent/1.1 (+https://developers.facebook.com/docs/sharing/webmasters/crawler)"
153.80.159.18 - - [23/Feb/2026:05:49:37 +0000] "GET /wp-json/wp/v2/users HTTP/1.1" 200 816 "https://www.google.com" "Mozilla/5.0 (X11; Linux x86_64) AppleWebKit/537.36 (KHTML, like Gecko) Chrome/119.0.0.0 Safari/537.36"
2a03:2880:f800:d:: - - [23/Feb/2026:05:49:37 +0000] "GET /juega-al-emocionante-chicken-plinko-slot-en-linea-y-gana-grandes-premios-en-espana/ HTTP/1.1" 301 178 "-" "meta-externalagent/1.1 (+https://developers.facebook.com/docs/sharing/webmasters/crawler)"
153.80.159.18 - - [23/Feb/2026:05:49:37 +0000] "GET /?author=1 HTTP/1.1" 301 5 "https://www.google.com" "Mozilla/5.0 (X11; Linux x86_64) AppleWebKit/537.36 (KHTML, like Gecko) Chrome/119.0.0.0 Safari/537.36"
153.80.159.18 - - [23/Feb/2026:05:49:38 +0000] "POST /xmlrpc.php HTTP/1.1" 200 192 "-" "Apache-HttpClient/4.5.13 (Java/11.0.30)"
153.80.159.18 - - [23/Feb/2026:05:49:39 +0000] "POST /xmlrpc.php HTTP/1.1" 200 415 "-" "Apache-HttpClient/4.5.13 (Java/11.0.30)"
153.80.159.18 - - [23/Feb/2026:05:49:39 +0000] "POST /xmlrpc.php HTTP/1.1" 200 415 "-" "Apache-HttpClient/4.5.13 (Java/11.0.30)"
153.80.159.18 - - [23/Feb/2026:05:49:40 +0000] "POST /xmlrpc.php HTTP/1.1" 200 415 "-" "Apache-HttpClient/4.5.13 (Java/11.0.30)"
153.80.159.18 - - [23/Feb/2026:05:49:40 +0000] "GET /wp-login.php HTTP/1.1" 200 2420 "https://www.google.com" "Mozilla/5.0 (X11; Linux x86_64) AppleWebKit/537.36 (KHTML, like Gecko) Chrome/119.0.0.0 Safari/537.36"
156.239.20.10 - - [23/Feb/2026:05:49:41 +0000] "GET /wp-login.php HTTP/1.1" 200 2420 "https://www.google.com" "Mozilla/5.0 (X11; Linux x86_64) AppleWebKit/537.36 (KHTML, like Gecko) Chrome/119.0.0.0 Safari/537.36"
156.239.20.10 - - [23/Feb/2026:05:49:42 +0000] "POST /wp-login.php HTTP/1.1" 200 2568 "https://kofejob-wp.dreamsmarketplace.com/wp-login.php" "Mozilla/5.0 (X11; Linux x86_64) AppleWebKit/537.36 (KHTML, like Gecko) Chrome/119.0.0.0 Safari/537.36"
156.239.20.10 - - [23/Feb/2026:05:49:43 +0000] "GET /wp-admin/ HTTP/1.1" 302 5 "https://kofejob-wp.dreamsmarketplace.com/wp-login.php" "Mozilla/5.0 (X11; Linux x86_64) AppleWebKit/537.36 (KHTML, like Gecko) Chrome/119.0.0.0 Safari/537.36"
156.239.20.10 - - [23/Feb/2026:05:49:44 +0000] "GET /wp-login.php?redirect_to=https%3A%2F%2Fkofejob-wp.dreamsmarketplace.com%2Fwp-admin%2F&reauth=1 HTTP/1.1" 200 2428 "https://kofejob-wp.dreamsmarketplace.com/wp-login.php" "Mozilla/5.0 (X11; Linux x86_64) AppleWebKit/537.36 (KHTML, like Gecko) Chrome/119.0.0.0 Safari/537.36"
138.249.119.19 - - [23/Feb/2026:05:49:45 +0000] "GET /wp-login.php HTTP/1.1" 200 2420 "https://www.google.com" "Mozilla/5.0 (X11; Linux x86_64) AppleWebKit/537.36 (KHTML, like Gecko) Chrome/119.0.0.0 Safari/537.36"
138.249.119.19 - - [23/Feb/2026:05:49:46 +0000] "POST /wp-login.php HTTP/1.1" 200 2568 "https://kofejob-wp.dreamsmarketplace.com/wp-login.php" "Mozilla/5.0 (X11; Linux x86_64) AppleWebKit/537.36 (KHTML, like Gecko) Chrome/119.0.0.0 Safari/537.36"
138.249.119.19 - - [23/Feb/2026:05:49:47 +0000] "GET /wp-admin/ HTTP/1.1" 302 5 "https://kofejob-wp.dreamsmarketplace.com/wp-login.php" "Mozilla/5.0 (X11; Linux x86_64) AppleWebKit/537.36 (KHTML, like Gecko) Chrome/119.0.0.0 Safari/537.36"
138.249.119.19 - - [23/Feb/2026:05:49:47 +0000] "GET /wp-login.php?redirect_to=https%3A%2F%2Fkofejob-wp.dreamsmarketplace.com%2Fwp-admin%2F&reauth=1 HTTP/1.1" 200 2428 "https://kofejob-wp.dreamsmarketplace.com/wp-login.php" "Mozilla/5.0 (X11; Linux x86_64) AppleWebKit/537.36 (KHTML, like Gecko) Chrome/119.0.0.0 Safari/537.36"
156.239.142.181 - - [23/Feb/2026:05:49:48 +0000] "GET /wp-login.php HTTP/1.1" 200 2420 "https://www.google.com" "Mozilla/5.0 (X11; Linux x86_64) AppleWebKit/537.36 (KHTML, like Gecko) Chrome/119.0.0.0 Safari/537.36"
156.239.142.181 - - [23/Feb/2026:05:49:49 +0000] "POST /wp-login.php HTTP/1.1" 200 2568 "https://kofejob-wp.dreamsmarketplace.com/wp-login.php" "Mozilla/5.0 (X11; Linux x86_64) AppleWebKit/537.36 (KHTML, like Gecko) Chrome/119.0.0.0 Safari/537.36"
156.239.142.181 - - [23/Feb/2026:05:49:50 +0000] "GET /wp-admin/ HTTP/1.1" 302 5 "https://kofejob-wp.dreamsmarketplace.com/wp-login.php" "Mozilla/5.0 (X11; Linux x86_64) AppleWebKit/537.36 (KHTML, like Gecko) Chrome/119.0.0.0 Safari/537.36"
2a03:2880:f800:3f:: - - [23/Feb/2026:05:49:50 +0000] "GET /informacoes-bet9-bonus-de-inscricao-no-cassino-acimade-arruii-ice-casino-exemplar-dos-melhores-casinos-online/ HTTP/1.1" 301 178 "-" "meta-externalagent/1.1 (+https://developers.facebook.com/docs/sharing/webmasters/crawler)"
156.239.142.181 - - [23/Feb/2026:05:49:50 +0000] "GET /wp-login.php?redirect_to=https%3A%2F%2Fkofejob-wp.dreamsmarketplace.com%2Fwp-admin%2F&reauth=1 HTTP/1.1" 200 2428 "https://kofejob-wp.dreamsmarketplace.com/wp-login.php" "Mozilla/5.0 (X11; Linux x86_64) AppleWebKit/537.36 (KHTML, like Gecko) Chrome/119.0.0.0 Safari/537.36"
2a03:2880:f800:26:: - - [23/Feb/2026:05:49:59 +0000] "GET /rso-vantaggi-di-puntare-per-indivis-tumulto-non-aams/ HTTP/1.1" 301 178 "-" "meta-externalagent/1.1 (+https://developers.facebook.com/docs/sharing/webmasters/crawler)"
2a03:2880:f800:20:: - - [23/Feb/2026:05:50:26 +0000] "GET /blackjack-ektefodt-formue-dans-uten-mighty-arthur-1-innskudd-registrering-casino-puss-n-boots-2023-beauty-worthen/ HTTP/1.1" 301 178 "-" "meta-externalagent/1.1 (+https://developers.facebook.com/docs/sharing/webmasters/crawler)"
2a03:2880:f800:1b:: - - [23/Feb/2026:05:50:27 +0000] "GET /norgesspill-joycasino-100-gratis-spinn-joik-i-dette-oyeblikk-med-casino-arv-500-opptil-500-kr/ HTTP/1.1" 301 178 "-" "meta-externalagent/1.1 (+https://developers.facebook.com/docs/sharing/webmasters/crawler)"
2a03:2880:f800:40:: - - [23/Feb/2026:05:50:35 +0000] "GET /dowiedz-sie-wiecej-o-kodach-promocyjnych-z-odmiennych-kasyn/ HTTP/1.1" 301 178 "-" "meta-externalagent/1.1 (+https://developers.facebook.com/docs/sharing/webmasters/crawler)"
2a03:2880:f800:3c:: - - [23/Feb/2026:05:50:43 +0000] "GET /pacanele-demo-cele-tocmac-populare-joaca-bf-games-sloturi-online-pacanele-online/ HTTP/1.1" 301 178 "-" "meta-externalagent/1.1 (+https://developers.facebook.com/docs/sharing/webmasters/crawler)"
172.187.168.139 - - [23/Feb/2026:05:50:49 +0000] "POST /wp-cron.php?doing_wp_cron=1771825849.6513121128082275390625 HTTP/1.1" 200 31 "-" "WordPress/6.9; https://kofejob-wp.dreamsmarketplace.com"
154.205.234.232 - - [23/Feb/2026:05:50:49 +0000] "GET /wp-json/wp/v2/users HTTP/1.1" 200 816 "https://www.google.com" "Mozilla/5.0 (X11; Linux x86_64) AppleWebKit/537.36 (KHTML, like Gecko) Chrome/119.0.0.0 Safari/537.36"
2a03:2880:f800:34:: - - [23/Feb/2026:05:50:50 +0000] "GET /online-speculeren-flashdash-online-inloggen-apprecieren-kienspel-plusteken-live-kienspel-acteren/ HTTP/1.1" 301 178 "-" "meta-externalagent/1.1 (+https://developers.facebook.com/docs/sharing/webmasters/crawler)"
154.205.234.232 - - [23/Feb/2026:05:50:50 +0000] "GET /?author=1 HTTP/1.1" 301 5 "https://www.google.com" "Mozilla/5.0 (X11; Linux x86_64) AppleWebKit/537.36 (KHTML, like Gecko) Chrome/119.0.0.0 Safari/537.36"
154.205.234.232 - - [23/Feb/2026:05:50:51 +0000] "POST /xmlrpc.php HTTP/1.1" 200 192 "-" "Apache-HttpClient/4.5.13 (Java/11.0.30)"
154.205.234.232 - - [23/Feb/2026:05:50:52 +0000] "POST /xmlrpc.php HTTP/1.1" 200 415 "-" "Apache-HttpClient/4.5.13 (Java/11.0.30)"
154.205.234.232 - - [23/Feb/2026:05:50:53 +0000] "POST /xmlrpc.php HTTP/1.1" 200 415 "-" "Apache-HttpClient/4.5.13 (Java/11.0.30)"
2a03:2880:f800:a:: - - [23/Feb/2026:05:50:54 +0000] "GET /spiderman-slot-remark-demonstration/ HTTP/1.1" 301 178 "-" "meta-externalagent/1.1 (+https://developers.facebook.com/docs/sharing/webmasters/crawler)"
154.205.234.232 - - [23/Feb/2026:05:50:55 +0000] "POST /xmlrpc.php HTTP/1.1" 200 415 "-" "Apache-HttpClient/4.5.13 (Java/11.0.30)"
154.205.234.232 - - [23/Feb/2026:05:50:55 +0000] "GET /wp-login.php HTTP/1.1" 200 2420 "https://www.google.com" "Mozilla/5.0 (X11; Linux x86_64) AppleWebKit/537.36 (KHTML, like Gecko) Chrome/119.0.0.0 Safari/537.36"
156.239.133.217 - - [23/Feb/2026:05:50:56 +0000] "GET /wp-login.php HTTP/1.1" 200 2420 "https://www.google.com" "Mozilla/5.0 (X11; Linux x86_64) AppleWebKit/537.36 (KHTML, like Gecko) Chrome/119.0.0.0 Safari/537.36"
156.239.133.217 - - [23/Feb/2026:05:50:57 +0000] "POST /wp-login.php HTTP/1.1" 200 2568 "https://kofejob-wp.dreamsmarketplace.com/wp-login.php" "Mozilla/5.0 (X11; Linux x86_64) AppleWebKit/537.36 (KHTML, like Gecko) Chrome/119.0.0.0 Safari/537.36"
156.239.133.217 - - [23/Feb/2026:05:50:58 +0000] "GET /wp-admin/ HTTP/1.1" 302 5 "https://kofejob-wp.dreamsmarketplace.com/wp-login.php" "Mozilla/5.0 (X11; Linux x86_64) AppleWebKit/537.36 (KHTML, like Gecko) Chrome/119.0.0.0 Safari/537.36"
156.239.133.217 - - [23/Feb/2026:05:50:58 +0000] "GET /wp-login.php?redirect_to=https%3A%2F%2Fkofejob-wp.dreamsmarketplace.com%2Fwp-admin%2F&reauth=1 HTTP/1.1" 200 2428 "https://kofejob-wp.dreamsmarketplace.com/wp-login.php" "Mozilla/5.0 (X11; Linux x86_64) AppleWebKit/537.36 (KHTML, like Gecko) Chrome/119.0.0.0 Safari/537.36"
2a03:2880:f800:25:: - - [23/Feb/2026:05:50:59 +0000] "GET /naughty-aces-gambling-enterprise-no-deposit-added-bonus-100-totally-free-revolves/ HTTP/1.1" 301 178 "-" "meta-externalagent/1.1 (+https://developers.facebook.com/docs/sharing/webmasters/crawler)"
156.239.19.247 - - [23/Feb/2026:05:50:59 +0000] "GET /wp-login.php HTTP/1.1" 200 2420 "https://www.google.com" "Mozilla/5.0 (X11; Linux x86_64) AppleWebKit/537.36 (KHTML, like Gecko) Chrome/119.0.0.0 Safari/537.36"
156.239.19.247 - - [23/Feb/2026:05:51:00 +0000] "POST /wp-login.php HTTP/1.1" 200 2568 "https://kofejob-wp.dreamsmarketplace.com/wp-login.php" "Mozilla/5.0 (X11; Linux x86_64) AppleWebKit/537.36 (KHTML, like Gecko) Chrome/119.0.0.0 Safari/537.36"
156.239.19.247 - - [23/Feb/2026:05:51:01 +0000] "GET /wp-admin/ HTTP/1.1" 302 5 "https://kofejob-wp.dreamsmarketplace.com/wp-login.php" "Mozilla/5.0 (X11; Linux x86_64) AppleWebKit/537.36 (KHTML, like Gecko) Chrome/119.0.0.0 Safari/537.36"
156.239.19.247 - - [23/Feb/2026:05:51:02 +0000] "GET /wp-login.php?redirect_to=https%3A%2F%2Fkofejob-wp.dreamsmarketplace.com%2Fwp-admin%2F&reauth=1 HTTP/1.1" 200 2428 "https://kofejob-wp.dreamsmarketplace.com/wp-login.php" "Mozilla/5.0 (X11; Linux x86_64) AppleWebKit/537.36 (KHTML, like Gecko) Chrome/119.0.0.0 Safari/537.36"
156.239.142.181 - - [23/Feb/2026:05:51:03 +0000] "GET /wp-login.php HTTP/1.1" 200 2420 "https://www.google.com" "Mozilla/5.0 (X11; Linux x86_64) AppleWebKit/537.36 (KHTML, like Gecko) Chrome/119.0.0.0 Safari/537.36"
156.239.142.181 - - [23/Feb/2026:05:51:04 +0000] "POST /wp-login.php HTTP/1.1" 200 2568 "https://kofejob-wp.dreamsmarketplace.com/wp-login.php" "Mozilla/5.0 (X11; Linux x86_64) AppleWebKit/537.36 (KHTML, like Gecko) Chrome/119.0.0.0 Safari/537.36"
156.239.142.181 - - [23/Feb/2026:05:51:05 +0000] "GET /wp-admin/ HTTP/1.1" 302 5 "https://kofejob-wp.dreamsmarketplace.com/wp-login.php" "Mozilla/5.0 (X11; Linux x86_64) AppleWebKit/537.36 (KHTML, like Gecko) Chrome/119.0.0.0 Safari/537.36"
2a03:2880:f800:1b:: - - [23/Feb/2026:05:51:05 +0000] "GET /spielen-sie-im-onlinecasino-in-schweiz-erhalten-sie-no-deposit-bonus-werden-sie-zum-millionar/ HTTP/1.1" 301 178 "-" "meta-externalagent/1.1 (+https://developers.facebook.com/docs/sharing/webmasters/crawler)"
156.239.142.181 - - [23/Feb/2026:05:51:05 +0000] "GET /wp-login.php?redirect_to=https%3A%2F%2Fkofejob-wp.dreamsmarketplace.com%2Fwp-admin%2F&reauth=1 HTTP/1.1" 200 2428 "https://kofejob-wp.dreamsmarketplace.com/wp-login.php" "Mozilla/5.0 (X11; Linux x86_64) AppleWebKit/537.36 (KHTML, like Gecko) Chrome/119.0.0.0 Safari/537.36"
2a03:2880:f800:22:: - - [23/Feb/2026:05:51:10 +0000] "GET /ofitsialnyy-sayt-pinko-gde-vy-mozhete-bezopasno-igrat-v-onlaynkazino/ HTTP/1.1" 301 178 "-" "meta-externalagent/1.1 (+https://developers.facebook.com/docs/sharing/webmasters/crawler)"
2a03:2880:f800:15:: - - [23/Feb/2026:05:51:11 +0000] "GET /50-freispiele-exklusive-einzahlung-2025-nun-fur-nusse-beschutzen/ HTTP/1.1" 301 178 "-" "meta-externalagent/1.1 (+https://developers.facebook.com/docs/sharing/webmasters/crawler)"
2a03:2880:f800:1c:: - - [23/Feb/2026:05:51:11 +0000] "GET /kjendisenes-bokanbefalinger-eagles-bla-rundt-pa-denne-nettsiden-wings-edel-formue-speechify/ HTTP/1.1" 301 178 "-" "meta-externalagent/1.1 (+https://developers.facebook.com/docs/sharing/webmasters/crawler)"
2a03:2880:f800:17:: - - [23/Feb/2026:05:51:18 +0000] "GET /play-jade-heaven-online-500-free-slot-games-on-the-internet-zero-signal-right-up-or-down-load/ HTTP/1.1" 301 178 "-" "meta-externalagent/1.1 (+https://developers.facebook.com/docs/sharing/webmasters/crawler)"
2a03:2880:f800:13:: - - [23/Feb/2026:05:51:22 +0000] "GET /cose-lo-spid-la-mutamento-dellidentita-digitale-con-italia/ HTTP/1.1" 301 178 "-" "meta-externalagent/1.1 (+https://developers.facebook.com/docs/sharing/webmasters/crawler)"
2a03:2880:f800:9:: - - [23/Feb/2026:05:51:22 +0000] "GET /raging-rhino-harbors-enjoy-raging-rhino-free-choy-sun-doa-online-slot-a-real-income-harbors/ HTTP/1.1" 301 178 "-" "meta-externalagent/1.1 (+https://developers.facebook.com/docs/sharing/webmasters/crawler)"
2a03:2880:f800:3a:: - - [23/Feb/2026:05:51:23 +0000] "GET /w-takim-razie-mozesz-wykorzystac-wyjatkowej-zapewnia-ci-inexperto-casino-com-t-czesci-bonusu-procuring/ HTTP/1.1" 301 178 "-" "meta-externalagent/1.1 (+https://developers.facebook.com/docs/sharing/webmasters/crawler)"
2a03:2880:f800:29:: - - [23/Feb/2026:05:51:38 +0000] "GET /aparelhamento-puerilidade-cartas-online-zeus-slot-online-afinar-brasil/ HTTP/1.1" 301 178 "-" "meta-externalagent/1.1 (+https://developers.facebook.com/docs/sharing/webmasters/crawler)"
2a03:2880:f800:29:: - - [23/Feb/2026:05:51:52 +0000] "GET /free-spins-ultimata-casinon-alltsammans-du-behover-free-spins-for-coin-master-game-veta/ HTTP/1.1" 301 178 "-" "meta-externalagent/1.1 (+https://developers.facebook.com/docs/sharing/webmasters/crawler)"
2a03:2880:f800:18:: - - [23/Feb/2026:05:51:58 +0000] "GET /plus-revue-du-casino-quick-win-grands-casinos-quelque-peu-2025-prime-sans-archive-personnels/ HTTP/1.1" 301 178 "-" "meta-externalagent/1.1 (+https://developers.facebook.com/docs/sharing/webmasters/crawler)"
172.187.168.139 - - [23/Feb/2026:05:51:59 +0000] "POST /wp-cron.php?doing_wp_cron=1771825919.5495629310607910156250 HTTP/1.1" 200 31 "-" "WordPress/6.9; https://kofejob-wp.dreamsmarketplace.com"
138.249.61.72 - - [23/Feb/2026:05:51:59 +0000] "GET /wp-json/wp/v2/users HTTP/1.1" 200 816 "https://www.google.com" "Mozilla/5.0 (X11; Linux x86_64) AppleWebKit/537.36 (KHTML, like Gecko) Chrome/119.0.0.0 Safari/537.36"
138.249.61.72 - - [23/Feb/2026:05:52:00 +0000] "GET /?author=1 HTTP/1.1" 301 5 "https://www.google.com" "Mozilla/5.0 (X11; Linux x86_64) AppleWebKit/537.36 (KHTML, like Gecko) Chrome/119.0.0.0 Safari/537.36"
138.249.61.72 - - [23/Feb/2026:05:52:00 +0000] "POST /xmlrpc.php HTTP/1.1" 200 192 "-" "Apache-HttpClient/4.5.13 (Java/11.0.30)"
138.249.61.72 - - [23/Feb/2026:05:52:01 +0000] "POST /xmlrpc.php HTTP/1.1" 200 415 "-" "Apache-HttpClient/4.5.13 (Java/11.0.30)"
138.249.61.72 - - [23/Feb/2026:05:52:01 +0000] "POST /xmlrpc.php HTTP/1.1" 200 415 "-" "Apache-HttpClient/4.5.13 (Java/11.0.30)"
2a03:2880:f800:3b:: - - [23/Feb/2026:05:52:02 +0000] "GET /24bettle-gambling-establishment-comment-and-free-spins-coin-master-you-can-incentives-2026-by-the-bonuscasino-org/ HTTP/1.1" 301 178 "-" "meta-externalagent/1.1 (+https://developers.facebook.com/docs/sharing/webmasters/crawler)"
138.249.61.72 - - [23/Feb/2026:05:52:02 +0000] "POST /xmlrpc.php HTTP/1.1" 200 415 "-" "Apache-HttpClient/4.5.13 (Java/11.0.30)"
138.249.61.72 - - [23/Feb/2026:05:52:03 +0000] "GET /wp-login.php HTTP/1.1" 200 2420 "https://www.google.com" "Mozilla/5.0 (X11; Linux x86_64) AppleWebKit/537.36 (KHTML, like Gecko) Chrome/119.0.0.0 Safari/537.36"
45.153.54.4 - - [23/Feb/2026:05:52:03 +0000] "GET /wp-login.php HTTP/1.1" 200 2420 "https://www.google.com" "Mozilla/5.0 (X11; Linux x86_64) AppleWebKit/537.36 (KHTML, like Gecko) Chrome/119.0.0.0 Safari/537.36"
45.153.54.4 - - [23/Feb/2026:05:52:04 +0000] "POST /wp-login.php HTTP/1.1" 200 2568 "https://kofejob-wp.dreamsmarketplace.com/wp-login.php" "Mozilla/5.0 (X11; Linux x86_64) AppleWebKit/537.36 (KHTML, like Gecko) Chrome/119.0.0.0 Safari/537.36"
45.153.54.4 - - [23/Feb/2026:05:52:05 +0000] "GET /wp-admin/ HTTP/1.1" 302 5 "https://kofejob-wp.dreamsmarketplace.com/wp-login.php" "Mozilla/5.0 (X11; Linux x86_64) AppleWebKit/537.36 (KHTML, like Gecko) Chrome/119.0.0.0 Safari/537.36"
45.153.54.4 - - [23/Feb/2026:05:52:06 +0000] "GET /wp-login.php?redirect_to=https%3A%2F%2Fkofejob-wp.dreamsmarketplace.com%2Fwp-admin%2F&reauth=1 HTTP/1.1" 200 2428 "https://kofejob-wp.dreamsmarketplace.com/wp-login.php" "Mozilla/5.0 (X11; Linux x86_64) AppleWebKit/537.36 (KHTML, like Gecko) Chrome/119.0.0.0 Safari/537.36"
138.249.87.28 - - [23/Feb/2026:05:52:06 +0000] "GET /wp-login.php HTTP/1.1" 200 2420 "https://www.google.com" "Mozilla/5.0 (X11; Linux x86_64) AppleWebKit/537.36 (KHTML, like Gecko) Chrome/119.0.0.0 Safari/537.36"
138.249.87.28 - - [23/Feb/2026:05:52:07 +0000] "POST /wp-login.php HTTP/1.1" 200 2568 "https://kofejob-wp.dreamsmarketplace.com/wp-login.php" "Mozilla/5.0 (X11; Linux x86_64) AppleWebKit/537.36 (KHTML, like Gecko) Chrome/119.0.0.0 Safari/537.36"
2a03:2880:f800:19:: - - [23/Feb/2026:05:52:07 +0000] "GET /eye-of-horus-tipps-wirklich-so-trinocasino-apk-login-triffst-respons-ofter-einen-provision/ HTTP/1.1" 301 178 "-" "meta-externalagent/1.1 (+https://developers.facebook.com/docs/sharing/webmasters/crawler)"
138.249.87.28 - - [23/Feb/2026:05:52:07 +0000] "GET /wp-admin/ HTTP/1.1" 302 5 "https://kofejob-wp.dreamsmarketplace.com/wp-login.php" "Mozilla/5.0 (X11; Linux x86_64) AppleWebKit/537.36 (KHTML, like Gecko) Chrome/119.0.0.0 Safari/537.36"
2a03:2880:f800:2e:: - - [23/Feb/2026:05:52:07 +0000] "GET /tagesordnungspunkt-10-nachfolgende-diesen-hyperlink-besten-menschenahnlicher-roboter-spielbank-echtgeld-apps-2026/ HTTP/1.1" 301 178 "-" "meta-externalagent/1.1 (+https://developers.facebook.com/docs/sharing/webmasters/crawler)"
138.249.87.28 - - [23/Feb/2026:05:52:07 +0000] "GET /wp-login.php?redirect_to=https%3A%2F%2Fkofejob-wp.dreamsmarketplace.com%2Fwp-admin%2F&reauth=1 HTTP/1.1" 200 2428 "https://kofejob-wp.dreamsmarketplace.com/wp-login.php" "Mozilla/5.0 (X11; Linux x86_64) AppleWebKit/537.36 (KHTML, like Gecko) Chrome/119.0.0.0 Safari/537.36"
153.80.159.18 - - [23/Feb/2026:05:52:08 +0000] "GET /wp-login.php HTTP/1.1" 200 2420 "https://www.google.com" "Mozilla/5.0 (X11; Linux x86_64) AppleWebKit/537.36 (KHTML, like Gecko) Chrome/119.0.0.0 Safari/537.36"
153.80.159.18 - - [23/Feb/2026:05:52:09 +0000] "POST /wp-login.php HTTP/1.1" 200 2568 "https://kofejob-wp.dreamsmarketplace.com/wp-login.php" "Mozilla/5.0 (X11; Linux x86_64) AppleWebKit/537.36 (KHTML, like Gecko) Chrome/119.0.0.0 Safari/537.36"
153.80.159.18 - - [23/Feb/2026:05:52:09 +0000] "GET /wp-admin/ HTTP/1.1" 302 5 "https://kofejob-wp.dreamsmarketplace.com/wp-login.php" "Mozilla/5.0 (X11; Linux x86_64) AppleWebKit/537.36 (KHTML, like Gecko) Chrome/119.0.0.0 Safari/537.36"
153.80.159.18 - - [23/Feb/2026:05:52:09 +0000] "GET /wp-login.php?redirect_to=https%3A%2F%2Fkofejob-wp.dreamsmarketplace.com%2Fwp-admin%2F&reauth=1 HTTP/1.1" 200 2428 "https://kofejob-wp.dreamsmarketplace.com/wp-login.php" "Mozilla/5.0 (X11; Linux x86_64) AppleWebKit/537.36 (KHTML, like Gecko) Chrome/119.0.0.0 Safari/537.36"
2a03:2880:f800:15:: - - [23/Feb/2026:05:52:09 +0000] "GET /totally-free-cent-ports-enjoy-penny-slots-zero-down-load/ HTTP/1.1" 301 178 "-" "meta-externalagent/1.1 (+https://developers.facebook.com/docs/sharing/webmasters/crawler)"
2a03:2880:f800:28:: - - [23/Feb/2026:05:52:14 +0000] "GET /greatest-free-casino-playluck-100-free-spins-spins-casinos-january-2026-no-deposit-slots/ HTTP/1.1" 301 178 "-" "meta-externalagent/1.1 (+https://developers.facebook.com/docs/sharing/webmasters/crawler)"
2a03:2880:f800:37:: - - [23/Feb/2026:05:52:29 +0000] "GET /17-better-influential-link-crypto-and-bitcoin-gambling-enterprises-inside-december-2025/ HTTP/1.1" 301 178 "-" "meta-externalagent/1.1 (+https://developers.facebook.com/docs/sharing/webmasters/crawler)"
2a03:2880:f800:1b:: - - [23/Feb/2026:05:52:31 +0000] "GET /ruleta-casino/ HTTP/1.1" 301 178 "-" "meta-externalagent/1.1 (+https://developers.facebook.com/docs/sharing/webmasters/crawler)"
198.57.247.128 - - [23/Feb/2026:05:52:34 +0000] "HEAD /strategisches-denken-und-statistik-im-vox-casino/ HTTP/1.1" 301 0 "-" "WordPress/6.9.1; https://hvac.iphoneicanhelp.com"
198.57.247.128 - - [23/Feb/2026:05:52:34 +0000] "GET /strategisches-denken-und-statistik-im-vox-casino/ HTTP/1.1" 301 178 "-" "WordPress/6.9.1; https://hvac.iphoneicanhelp.com"
198.57.247.128 - - [23/Feb/2026:05:52:35 +0000] "GET /strategisches-denken-und-statistik-im-vox-casino/ HTTP/1.1" 404 8448 "-" "WordPress/6.9.1; https://hvac.iphoneicanhelp.com"
198.57.247.128 - - [23/Feb/2026:05:52:36 +0000] "HEAD /strategisches-denken-und-statistik-im-vox-casino/ HTTP/1.1" 301 0 "-" "WordPress/6.9.1; https://hvac.iphoneicanhelp.com"
2a03:2880:f800:16:: - - [23/Feb/2026:05:52:51 +0000] "GET /golden-planet-maquina-tragamonedas-regalado-sobre-linea-hace-fuente-diablillo-el-trabajo-con-el-fin-de-divertirte-novomatic/ HTTP/1.1" 301 178 "-" "meta-externalagent/1.1 (+https://developers.facebook.com/docs/sharing/webmasters/crawler)"
5.181.0.254 - - [23/Feb/2026:05:52:56 +0000] "GET /xmlrpc.php HTTP/1.1" 301 178 "-" "python-requests/2.32.3"
2a03:2880:f800:18:: - - [23/Feb/2026:05:52:56 +0000] "GET /allting-hitnspin-inloggning-forsavit-venetian-las-vegas-usa-landbaserat-casino/ HTTP/1.1" 301 178 "-" "meta-externalagent/1.1 (+https://developers.facebook.com/docs/sharing/webmasters/crawler)"
5.181.0.254 - - [23/Feb/2026:05:52:56 +0000] "GET /xmlrpc.php HTTP/1.1" 405 53 "-" "python-requests/2.32.3"
5.181.0.254 - - [23/Feb/2026:05:52:56 +0000] "POST /xmlrpc.php HTTP/1.1" 301 178 "-" "python-requests/2.32.3"
5.181.0.254 - - [23/Feb/2026:05:52:56 +0000] "GET /xmlrpc.php HTTP/1.1" 405 53 "-" "python-requests/2.32.3"
5.181.0.254 - - [23/Feb/2026:05:52:57 +0000] "POST /xmlrpc.php HTTP/1.1" 301 178 "-" "Python-xmlrpc/3.13"
2a03:2880:f800:12:: - - [23/Feb/2026:05:53:01 +0000] "GET /un-000-apuesta-de-machance-maquinas-tragamonedas-online-gratis-sin-descarga/ HTTP/1.1" 301 178 "-" "meta-externalagent/1.1 (+https://developers.facebook.com/docs/sharing/webmasters/crawler)"
138.249.81.23 - - [23/Feb/2026:05:53:09 +0000] "GET /wp-json/wp/v2/users HTTP/1.1" 200 816 "https://www.google.com" "Mozilla/5.0 (X11; Linux x86_64) AppleWebKit/537.36 (KHTML, like Gecko) Chrome/119.0.0.0 Safari/537.36"
138.249.81.23 - - [23/Feb/2026:05:53:10 +0000] "GET /?author=1 HTTP/1.1" 301 5 "https://www.google.com" "Mozilla/5.0 (X11; Linux x86_64) AppleWebKit/537.36 (KHTML, like Gecko) Chrome/119.0.0.0 Safari/537.36"
138.249.81.23 - - [23/Feb/2026:05:53:10 +0000] "POST /xmlrpc.php HTTP/1.1" 200 192 "-" "Apache-HttpClient/4.5.13 (Java/11.0.30)"
138.249.81.23 - - [23/Feb/2026:05:53:11 +0000] "POST /xmlrpc.php HTTP/1.1" 200 415 "-" "Apache-HttpClient/4.5.13 (Java/11.0.30)"
138.249.81.23 - - [23/Feb/2026:05:53:11 +0000] "POST /xmlrpc.php HTTP/1.1" 200 415 "-" "Apache-HttpClient/4.5.13 (Java/11.0.30)"
138.249.81.23 - - [23/Feb/2026:05:53:12 +0000] "POST /xmlrpc.php HTTP/1.1" 200 415 "-" "Apache-HttpClient/4.5.13 (Java/11.0.30)"
138.249.81.23 - - [23/Feb/2026:05:53:13 +0000] "GET /wp-login.php HTTP/1.1" 200 2420 "https://www.google.com" "Mozilla/5.0 (X11; Linux x86_64) AppleWebKit/537.36 (KHTML, like Gecko) Chrome/119.0.0.0 Safari/537.36"
138.249.193.175 - - [23/Feb/2026:05:53:13 +0000] "GET /wp-login.php HTTP/1.1" 200 2420 "https://www.google.com" "Mozilla/5.0 (X11; Linux x86_64) AppleWebKit/537.36 (KHTML, like Gecko) Chrome/119.0.0.0 Safari/537.36"
2a03:2880:f800:3b:: - - [23/Feb/2026:05:53:14 +0000] "GET /wystarczajaco-jedynie-zalozyc-czlonkostwo-z-calkowity-casino-z-motywacja-bez-depozytu/ HTTP/1.1" 301 178 "-" "meta-externalagent/1.1 (+https://developers.facebook.com/docs/sharing/webmasters/crawler)"
138.249.193.175 - - [23/Feb/2026:05:53:14 +0000] "POST /wp-login.php HTTP/1.1" 200 2568 "https://kofejob-wp.dreamsmarketplace.com/wp-login.php" "Mozilla/5.0 (X11; Linux x86_64) AppleWebKit/537.36 (KHTML, like Gecko) Chrome/119.0.0.0 Safari/537.36"
138.249.193.175 - - [23/Feb/2026:05:53:15 +0000] "GET /wp-admin/ HTTP/1.1" 302 5 "https://kofejob-wp.dreamsmarketplace.com/wp-login.php" "Mozilla/5.0 (X11; Linux x86_64) AppleWebKit/537.36 (KHTML, like Gecko) Chrome/119.0.0.0 Safari/537.36"
138.249.193.175 - - [23/Feb/2026:05:53:16 +0000] "GET /wp-login.php?redirect_to=https%3A%2F%2Fkofejob-wp.dreamsmarketplace.com%2Fwp-admin%2F&reauth=1 HTTP/1.1" 200 2428 "https://kofejob-wp.dreamsmarketplace.com/wp-login.php" "Mozilla/5.0 (X11; Linux x86_64) AppleWebKit/537.36 (KHTML, like Gecko) Chrome/119.0.0.0 Safari/537.36"
138.249.85.47 - - [23/Feb/2026:05:53:16 +0000] "GET /wp-login.php HTTP/1.1" 200 2420 "https://www.google.com" "Mozilla/5.0 (X11; Linux x86_64) AppleWebKit/537.36 (KHTML, like Gecko) Chrome/119.0.0.0 Safari/537.36"
138.249.85.47 - - [23/Feb/2026:05:53:17 +0000] "POST /wp-login.php HTTP/1.1" 200 2568 "https://kofejob-wp.dreamsmarketplace.com/wp-login.php" "Mozilla/5.0 (X11; Linux x86_64) AppleWebKit/537.36 (KHTML, like Gecko) Chrome/119.0.0.0 Safari/537.36"
138.249.85.47 - - [23/Feb/2026:05:53:18 +0000] "GET /wp-admin/ HTTP/1.1" 302 5 "https://kofejob-wp.dreamsmarketplace.com/wp-login.php" "Mozilla/5.0 (X11; Linux x86_64) AppleWebKit/537.36 (KHTML, like Gecko) Chrome/119.0.0.0 Safari/537.36"
138.249.85.47 - - [23/Feb/2026:05:53:18 +0000] "GET /wp-login.php?redirect_to=https%3A%2F%2Fkofejob-wp.dreamsmarketplace.com%2Fwp-admin%2F&reauth=1 HTTP/1.1" 200 2428 "https://kofejob-wp.dreamsmarketplace.com/wp-login.php" "Mozilla/5.0 (X11; Linux x86_64) AppleWebKit/537.36 (KHTML, like Gecko) Chrome/119.0.0.0 Safari/537.36"
194.104.228.196 - - [23/Feb/2026:05:53:19 +0000] "GET /wp-login.php HTTP/1.1" 200 2420 "https://www.google.com" "Mozilla/5.0 (X11; Linux x86_64) AppleWebKit/537.36 (KHTML, like Gecko) Chrome/119.0.0.0 Safari/537.36"
194.104.228.196 - - [23/Feb/2026:05:53:20 +0000] "POST /wp-login.php HTTP/1.1" 200 2568 "https://kofejob-wp.dreamsmarketplace.com/wp-login.php" "Mozilla/5.0 (X11; Linux x86_64) AppleWebKit/537.36 (KHTML, like Gecko) Chrome/119.0.0.0 Safari/537.36"
194.104.228.196 - - [23/Feb/2026:05:53:20 +0000] "GET /wp-admin/ HTTP/1.1" 302 5 "https://kofejob-wp.dreamsmarketplace.com/wp-login.php" "Mozilla/5.0 (X11; Linux x86_64) AppleWebKit/537.36 (KHTML, like Gecko) Chrome/119.0.0.0 Safari/537.36"
194.104.228.196 - - [23/Feb/2026:05:53:21 +0000] "GET /wp-login.php?redirect_to=https%3A%2F%2Fkofejob-wp.dreamsmarketplace.com%2Fwp-admin%2F&reauth=1 HTTP/1.1" 200 2428 "https://kofejob-wp.dreamsmarketplace.com/wp-login.php" "Mozilla/5.0 (X11; Linux x86_64) AppleWebKit/537.36 (KHTML, like Gecko) Chrome/119.0.0.0 Safari/537.36"
2a03:2880:f800:31:: - - [23/Feb/2026:05:53:21 +0000] "GET /gratis-pramie-zum-spielen-beste-angeschlossen-1-einzahlung-coyote-moon-casinos-abzuglich-einzahlung/ HTTP/1.1" 301 178 "-" "meta-externalagent/1.1 (+https://developers.facebook.com/docs/sharing/webmasters/crawler)"
2a03:2880:f800:19:: - - [23/Feb/2026:05:53:26 +0000] "GET /beyond-the-drop-amplifying-wins-with-plinkos/ HTTP/1.1" 301 178 "-" "meta-externalagent/1.1 (+https://developers.facebook.com/docs/sharing/webmasters/crawler)"
2a03:2880:f800:43:: - - [23/Feb/2026:05:53:35 +0000] "GET /slotmagie-kasino-untersuchung-50-freispiele-slot-attila-exklusive-einzahlung/ HTTP/1.1" 301 178 "-" "meta-externalagent/1.1 (+https://developers.facebook.com/docs/sharing/webmasters/crawler)"
138.249.38.80 - - [23/Feb/2026:05:54:20 +0000] "GET /wp-json/wp/v2/users HTTP/1.1" 200 816 "https://www.google.com" "Mozilla/5.0 (X11; Linux x86_64) AppleWebKit/537.36 (KHTML, like Gecko) Chrome/119.0.0.0 Safari/537.36"
138.249.38.80 - - [23/Feb/2026:05:54:20 +0000] "GET /?author=1 HTTP/1.1" 301 5 "https://www.google.com" "Mozilla/5.0 (X11; Linux x86_64) AppleWebKit/537.36 (KHTML, like Gecko) Chrome/119.0.0.0 Safari/537.36"
138.249.38.80 - - [23/Feb/2026:05:54:21 +0000] "POST /xmlrpc.php HTTP/1.1" 200 192 "-" "Apache-HttpClient/4.5.13 (Java/11.0.30)"
138.249.38.80 - - [23/Feb/2026:05:54:22 +0000] "POST /xmlrpc.php HTTP/1.1" 200 415 "-" "Apache-HttpClient/4.5.13 (Java/11.0.30)"
138.249.38.80 - - [23/Feb/2026:05:54:23 +0000] "POST /xmlrpc.php HTTP/1.1" 200 415 "-" "Apache-HttpClient/4.5.13 (Java/11.0.30)"
138.249.38.80 - - [23/Feb/2026:05:54:24 +0000] "POST /xmlrpc.php HTTP/1.1" 200 415 "-" "Apache-HttpClient/4.5.13 (Java/11.0.30)"
138.249.38.80 - - [23/Feb/2026:05:54:25 +0000] "GET /wp-login.php HTTP/1.1" 200 2420 "https://www.google.com" "Mozilla/5.0 (X11; Linux x86_64) AppleWebKit/537.36 (KHTML, like Gecko) Chrome/119.0.0.0 Safari/537.36"
138.249.182.252 - - [23/Feb/2026:05:54:27 +0000] "GET /wp-login.php HTTP/1.1" 200 2420 "https://www.google.com" "Mozilla/5.0 (X11; Linux x86_64) AppleWebKit/537.36 (KHTML, like Gecko) Chrome/119.0.0.0 Safari/537.36"
138.249.182.252 - - [23/Feb/2026:05:54:28 +0000] "POST /wp-login.php HTTP/1.1" 200 2568 "https://kofejob-wp.dreamsmarketplace.com/wp-login.php" "Mozilla/5.0 (X11; Linux x86_64) AppleWebKit/537.36 (KHTML, like Gecko) Chrome/119.0.0.0 Safari/537.36"
138.249.182.252 - - [23/Feb/2026:05:54:29 +0000] "GET /wp-admin/ HTTP/1.1" 302 5 "https://kofejob-wp.dreamsmarketplace.com/wp-login.php" "Mozilla/5.0 (X11; Linux x86_64) AppleWebKit/537.36 (KHTML, like Gecko) Chrome/119.0.0.0 Safari/537.36"
138.249.182.252 - - [23/Feb/2026:05:54:30 +0000] "GET /wp-login.php?redirect_to=https%3A%2F%2Fkofejob-wp.dreamsmarketplace.com%2Fwp-admin%2F&reauth=1 HTTP/1.1" 200 2428 "https://kofejob-wp.dreamsmarketplace.com/wp-login.php" "Mozilla/5.0 (X11; Linux x86_64) AppleWebKit/537.36 (KHTML, like Gecko) Chrome/119.0.0.0 Safari/537.36"
156.239.143.34 - - [23/Feb/2026:05:54:31 +0000] "GET /wp-login.php HTTP/1.1" 200 2420 "https://www.google.com" "Mozilla/5.0 (X11; Linux x86_64) AppleWebKit/537.36 (KHTML, like Gecko) Chrome/119.0.0.0 Safari/537.36"
156.239.143.34 - - [23/Feb/2026:05:54:32 +0000] "POST /wp-login.php HTTP/1.1" 200 2568 "https://kofejob-wp.dreamsmarketplace.com/wp-login.php" "Mozilla/5.0 (X11; Linux x86_64) AppleWebKit/537.36 (KHTML, like Gecko) Chrome/119.0.0.0 Safari/537.36"
156.239.143.34 - - [23/Feb/2026:05:54:34 +0000] "GET /wp-admin/ HTTP/1.1" 302 5 "https://kofejob-wp.dreamsmarketplace.com/wp-login.php" "Mozilla/5.0 (X11; Linux x86_64) AppleWebKit/537.36 (KHTML, like Gecko) Chrome/119.0.0.0 Safari/537.36"
2a03:2880:f800:2d:: - - [23/Feb/2026:05:54:34 +0000] "GET /giocatori-di-slot-preparatevi-a-sviluppare-i-salti-di-diletto-verso-questa-dubbio-voto/ HTTP/1.1" 301 178 "-" "meta-externalagent/1.1 (+https://developers.facebook.com/docs/sharing/webmasters/crawler)"
156.239.143.34 - - [23/Feb/2026:05:54:35 +0000] "GET /wp-login.php?redirect_to=https%3A%2F%2Fkofejob-wp.dreamsmarketplace.com%2Fwp-admin%2F&reauth=1 HTTP/1.1" 200 2428 "https://kofejob-wp.dreamsmarketplace.com/wp-login.php" "Mozilla/5.0 (X11; Linux x86_64) AppleWebKit/537.36 (KHTML, like Gecko) Chrome/119.0.0.0 Safari/537.36"
154.205.234.232 - - [23/Feb/2026:05:54:36 +0000] "GET /wp-login.php HTTP/1.1" 200 2420 "https://www.google.com" "Mozilla/5.0 (X11; Linux x86_64) AppleWebKit/537.36 (KHTML, like Gecko) Chrome/119.0.0.0 Safari/537.36"
2a03:2880:f800:34:: - - [23/Feb/2026:05:54:36 +0000] "GET /excelsior-rotterdam-ado-diesseitigen-haag-wett-ratschlag-quoten-statistiken-21-letzter-monat-des-jahres-2025/ HTTP/1.1" 301 178 "-" "meta-externalagent/1.1 (+https://developers.facebook.com/docs/sharing/webmasters/crawler)"
154.205.234.232 - - [23/Feb/2026:05:54:38 +0000] "POST /wp-login.php HTTP/1.1" 200 2568 "https://kofejob-wp.dreamsmarketplace.com/wp-login.php" "Mozilla/5.0 (X11; Linux x86_64) AppleWebKit/537.36 (KHTML, like Gecko) Chrome/119.0.0.0 Safari/537.36"
154.205.234.232 - - [23/Feb/2026:05:54:39 +0000] "GET /wp-admin/ HTTP/1.1" 302 5 "https://kofejob-wp.dreamsmarketplace.com/wp-login.php" "Mozilla/5.0 (X11; Linux x86_64) AppleWebKit/537.36 (KHTML, like Gecko) Chrome/119.0.0.0 Safari/537.36"
154.205.234.232 - - [23/Feb/2026:05:54:39 +0000] "GET /wp-login.php?redirect_to=https%3A%2F%2Fkofejob-wp.dreamsmarketplace.com%2Fwp-admin%2F&reauth=1 HTTP/1.1" 200 2428 "https://kofejob-wp.dreamsmarketplace.com/wp-login.php" "Mozilla/5.0 (X11; Linux x86_64) AppleWebKit/537.36 (KHTML, like Gecko) Chrome/119.0.0.0 Safari/537.36"
2a03:2880:f800:13:: - - [23/Feb/2026:05:54:48 +0000] "GET /premio-casa-da-gioco-online-i-migliori-premio-casa-slot-machine-book-of-ra-con-soldi-veri-da-gioco-del-2025-per-italia/ HTTP/1.1" 301 178 "-" "meta-externalagent/1.1 (+https://developers.facebook.com/docs/sharing/webmasters/crawler)"
2a03:2880:f800:20:: - - [23/Feb/2026:05:54:53 +0000] "GET /the-best-online-slots-games-super-diamond-wild-casinos-high-rtp-slots-for-people-participants/ HTTP/1.1" 301 178 "-" "meta-externalagent/1.1 (+https://developers.facebook.com/docs/sharing/webmasters/crawler)"
2a03:2880:f800:8:: - - [23/Feb/2026:05:55:03 +0000] "GET /nachfolgende-besten-online-slots-echtgeld-casinos-inoffizieller-mitarbeiter-erreichbar-casino-via-echtgeld-auffuhren/ HTTP/1.1" 301 178 "-" "meta-externalagent/1.1 (+https://developers.facebook.com/docs/sharing/webmasters/crawler)"
2a03:2880:f800:1e:: - - [23/Feb/2026:05:55:04 +0000] "GET /slots-dado-jogue-de-graca-portugal-jogue-32178-slots-acessivel-sem-download/ HTTP/1.1" 301 178 "-" "meta-externalagent/1.1 (+https://developers.facebook.com/docs/sharing/webmasters/crawler)"
2a03:2880:f800:3e:: - - [23/Feb/2026:05:55:08 +0000] "GET /to-kasyna-nastawione-w-uzywanie-krypto-i-dlatego-ma-technologii-blockchain-do-przechowywania-nastepstw-gier/ HTTP/1.1" 301 178 "-" "meta-externalagent/1.1 (+https://developers.facebook.com/docs/sharing/webmasters/crawler)"
138.249.61.72 - - [23/Feb/2026:05:55:32 +0000] "GET /wp-json/wp/v2/users HTTP/1.1" 200 816 "https://www.google.com" "Mozilla/5.0 (X11; Linux x86_64) AppleWebKit/537.36 (KHTML, like Gecko) Chrome/119.0.0.0 Safari/537.36"
138.249.61.72 - - [23/Feb/2026:05:55:33 +0000] "GET /?author=1 HTTP/1.1" 301 5 "https://www.google.com" "Mozilla/5.0 (X11; Linux x86_64) AppleWebKit/537.36 (KHTML, like Gecko) Chrome/119.0.0.0 Safari/537.36"
138.249.61.72 - - [23/Feb/2026:05:55:33 +0000] "POST /xmlrpc.php HTTP/1.1" 200 192 "-" "Apache-HttpClient/4.5.13 (Java/11.0.30)"
2a03:2880:f800:28:: - - [23/Feb/2026:05:55:35 +0000] "GET /15-finest-web-based-casinos-the-real-deal-starlight-princess-casino-currency-december-2025/ HTTP/1.1" 301 178 "-" "meta-externalagent/1.1 (+https://developers.facebook.com/docs/sharing/webmasters/crawler)"
138.249.61.72 - - [23/Feb/2026:05:55:35 +0000] "POST /xmlrpc.php HTTP/1.1" 200 415 "-" "Apache-HttpClient/4.5.13 (Java/11.0.30)"
138.249.61.72 - - [23/Feb/2026:05:55:36 +0000] "POST /xmlrpc.php HTTP/1.1" 200 415 "-" "Apache-HttpClient/4.5.13 (Java/11.0.30)"
138.249.61.72 - - [23/Feb/2026:05:55:37 +0000] "POST /xmlrpc.php HTTP/1.1" 200 415 "-" "Apache-HttpClient/4.5.13 (Java/11.0.30)"
138.249.61.72 - - [23/Feb/2026:05:55:38 +0000] "GET /wp-login.php HTTP/1.1" 200 2420 "https://www.google.com" "Mozilla/5.0 (X11; Linux x86_64) AppleWebKit/537.36 (KHTML, like Gecko) Chrome/119.0.0.0 Safari/537.36"
185.222.214.151 - - [23/Feb/2026:05:55:39 +0000] "GET /wp-login.php HTTP/1.1" 200 2420 "https://www.google.com" "Mozilla/5.0 (X11; Linux x86_64) AppleWebKit/537.36 (KHTML, like Gecko) Chrome/119.0.0.0 Safari/537.36"
185.222.214.151 - - [23/Feb/2026:05:55:40 +0000] "POST /wp-login.php HTTP/1.1" 200 2568 "https://kofejob-wp.dreamsmarketplace.com/wp-login.php" "Mozilla/5.0 (X11; Linux x86_64) AppleWebKit/537.36 (KHTML, like Gecko) Chrome/119.0.0.0 Safari/537.36"
185.222.214.151 - - [23/Feb/2026:05:55:41 +0000] "GET /wp-admin/ HTTP/1.1" 302 5 "https://kofejob-wp.dreamsmarketplace.com/wp-login.php" "Mozilla/5.0 (X11; Linux x86_64) AppleWebKit/537.36 (KHTML, like Gecko) Chrome/119.0.0.0 Safari/537.36"
185.222.214.151 - - [23/Feb/2026:05:55:42 +0000] "GET /wp-login.php?redirect_to=https%3A%2F%2Fkofejob-wp.dreamsmarketplace.com%2Fwp-admin%2F&reauth=1 HTTP/1.1" 200 2428 "https://kofejob-wp.dreamsmarketplace.com/wp-login.php" "Mozilla/5.0 (X11; Linux x86_64) AppleWebKit/537.36 (KHTML, like Gecko) Chrome/119.0.0.0 Safari/537.36"
185.96.36.164 - - [23/Feb/2026:05:55:42 +0000] "GET /wp-login.php HTTP/1.1" 200 2420 "https://www.google.com" "Mozilla/5.0 (X11; Linux x86_64) AppleWebKit/537.36 (KHTML, like Gecko) Chrome/119.0.0.0 Safari/537.36"
185.96.36.164 - - [23/Feb/2026:05:55:44 +0000] "POST /wp-login.php HTTP/1.1" 200 2568 "https://kofejob-wp.dreamsmarketplace.com/wp-login.php" "Mozilla/5.0 (X11; Linux x86_64) AppleWebKit/537.36 (KHTML, like Gecko) Chrome/119.0.0.0 Safari/537.36"
2a03:2880:f800:43:: - - [23/Feb/2026:05:55:44 +0000] "GET /30-freispiele-abzuglich-einzahlung-auf-letzte-no-einzahlung-vulkan-spiele-anhieb-zuganglich-angebote-2023/ HTTP/1.1" 301 178 "-" "meta-externalagent/1.1 (+https://developers.facebook.com/docs/sharing/webmasters/crawler)"
185.96.36.164 - - [23/Feb/2026:05:55:45 +0000] "GET /wp-admin/ HTTP/1.1" 302 5 "https://kofejob-wp.dreamsmarketplace.com/wp-login.php" "Mozilla/5.0 (X11; Linux x86_64) AppleWebKit/537.36 (KHTML, like Gecko) Chrome/119.0.0.0 Safari/537.36"
185.96.36.164 - - [23/Feb/2026:05:55:45 +0000] "GET /wp-login.php?redirect_to=https%3A%2F%2Fkofejob-wp.dreamsmarketplace.com%2Fwp-admin%2F&reauth=1 HTTP/1.1" 200 2428 "https://kofejob-wp.dreamsmarketplace.com/wp-login.php" "Mozilla/5.0 (X11; Linux x86_64) AppleWebKit/537.36 (KHTML, like Gecko) Chrome/119.0.0.0 Safari/537.36"
193.187.97.89 - - [23/Feb/2026:05:55:46 +0000] "GET /wp-login.php HTTP/1.1" 200 2420 "https://www.google.com" "Mozilla/5.0 (X11; Linux x86_64) AppleWebKit/537.36 (KHTML, like Gecko) Chrome/119.0.0.0 Safari/537.36"
193.187.97.89 - - [23/Feb/2026:05:55:48 +0000] "POST /wp-login.php HTTP/1.1" 200 2568 "https://kofejob-wp.dreamsmarketplace.com/wp-login.php" "Mozilla/5.0 (X11; Linux x86_64) AppleWebKit/537.36 (KHTML, like Gecko) Chrome/119.0.0.0 Safari/537.36"
193.187.97.89 - - [23/Feb/2026:05:55:49 +0000] "GET /wp-admin/ HTTP/1.1" 302 5 "https://kofejob-wp.dreamsmarketplace.com/wp-login.php" "Mozilla/5.0 (X11; Linux x86_64) AppleWebKit/537.36 (KHTML, like Gecko) Chrome/119.0.0.0 Safari/537.36"
193.187.97.89 - - [23/Feb/2026:05:55:50 +0000] "GET /wp-login.php?redirect_to=https%3A%2F%2Fkofejob-wp.dreamsmarketplace.com%2Fwp-admin%2F&reauth=1 HTTP/1.1" 200 2428 "https://kofejob-wp.dreamsmarketplace.com/wp-login.php" "Mozilla/5.0 (X11; Linux x86_64) AppleWebKit/537.36 (KHTML, like Gecko) Chrome/119.0.0.0 Safari/537.36"
2a03:2880:f800:3f:: - - [23/Feb/2026:05:55:52 +0000] "GET /cele-mai-bune-cazinouri-online-novomatic-moldova-2025-uita-te-pe-site-cele-apasator-bune-site-uri-125-holymolycasinos/ HTTP/1.1" 301 178 "-" "meta-externalagent/1.1 (+https://developers.facebook.com/docs/sharing/webmasters/crawler)"
128.1.218.152 - - [23/Feb/2026:05:56:03 +0000] "POST /xmlrpc.php HTTP/1.1" 301 178 "-" "Mozilla/5.0 (Windows NT 10.0; Win64; x64) AppleWebKit/537.36 (KHTML, like Gecko) Chrome/114.0.0.0 Safari/537.36"
128.1.218.152 - - [23/Feb/2026:05:56:05 +0000] "GET /xmlrpc.php HTTP/1.1" 405 53 "-" "Mozilla/5.0 (Windows NT 10.0; Win64; x64) AppleWebKit/537.36 (KHTML, like Gecko) Chrome/114.0.0.0 Safari/537.36"
128.1.218.152 - - [23/Feb/2026:05:56:06 +0000] "POST /xmlrpc.php HTTP/1.1" 301 178 "-" "Mozilla/5.0 (Windows NT 10.0; Win64; x64) AppleWebKit/537.36 (KHTML, like Gecko) Chrome/114.0.0.0 Safari/537.36"
128.1.218.152 - - [23/Feb/2026:05:56:07 +0000] "GET /xmlrpc.php HTTP/1.1" 405 53 "-" "Mozilla/5.0 (Windows NT 10.0; Win64; x64) AppleWebKit/537.36 (KHTML, like Gecko) Chrome/114.0.0.0 Safari/537.36"
2a03:2880:f800:27:: - - [23/Feb/2026:05:56:10 +0000] "GET /eye-of-horus-kostenlos-auffuhren-abzuglich-eintragung-2025/ HTTP/1.1" 301 178 "-" "meta-externalagent/1.1 (+https://developers.facebook.com/docs/sharing/webmasters/crawler)"
2a03:2880:f800:33:: - - [23/Feb/2026:05:56:20 +0000] "GET /beste-book-of-ra-3-keine-kostenlosen-einzahlungspins-echtgeld-verbunden-casinos-inside-brd-2026/ HTTP/1.1" 301 178 "-" "meta-externalagent/1.1 (+https://developers.facebook.com/docs/sharing/webmasters/crawler)"
2a03:2880:f800:20:: - - [23/Feb/2026:05:56:22 +0000] "GET /betway-bonus-escludendo-tenuta-50-free-spins-escludendo-base/ HTTP/1.1" 301 178 "-" "meta-externalagent/1.1 (+https://developers.facebook.com/docs/sharing/webmasters/crawler)"
2a03:2880:f800:29:: - - [23/Feb/2026:05:56:26 +0000] "GET /angels-contact-position-free-to-gamble-real-cash-video-game-snap-this-site-online/ HTTP/1.1" 301 178 "-" "meta-externalagent/1.1 (+https://developers.facebook.com/docs/sharing/webmasters/crawler)"
138.249.78.216 - - [23/Feb/2026:05:56:43 +0000] "GET /wp-json/wp/v2/users HTTP/1.1" 200 816 "https://www.google.com" "Mozilla/5.0 (X11; Linux x86_64) AppleWebKit/537.36 (KHTML, like Gecko) Chrome/119.0.0.0 Safari/537.36"
138.249.78.216 - - [23/Feb/2026:05:56:43 +0000] "GET /?author=1 HTTP/1.1" 301 5 "https://www.google.com" "Mozilla/5.0 (X11; Linux x86_64) AppleWebKit/537.36 (KHTML, like Gecko) Chrome/119.0.0.0 Safari/537.36"
138.249.78.216 - - [23/Feb/2026:05:56:44 +0000] "POST /xmlrpc.php HTTP/1.1" 200 192 "-" "Apache-HttpClient/4.5.13 (Java/11.0.30)"
138.249.78.216 - - [23/Feb/2026:05:56:45 +0000] "POST /xmlrpc.php HTTP/1.1" 200 415 "-" "Apache-HttpClient/4.5.13 (Java/11.0.30)"
2a03:2880:f800:29:: - - [23/Feb/2026:05:56:46 +0000] "GET /better-secret-potion-online-slot-penny-ports-hosts-playing-from-the-local-casino-greatest-5/ HTTP/1.1" 301 178 "-" "meta-externalagent/1.1 (+https://developers.facebook.com/docs/sharing/webmasters/crawler)"
138.249.78.216 - - [23/Feb/2026:05:56:46 +0000] "POST /xmlrpc.php HTTP/1.1" 200 415 "-" "Apache-HttpClient/4.5.13 (Java/11.0.30)"
138.249.78.216 - - [23/Feb/2026:05:56:48 +0000] "POST /xmlrpc.php HTTP/1.1" 200 415 "-" "Apache-HttpClient/4.5.13 (Java/11.0.30)"
138.249.78.216 - - [23/Feb/2026:05:56:48 +0000] "GET /wp-login.php HTTP/1.1" 200 2420 "https://www.google.com" "Mozilla/5.0 (X11; Linux x86_64) AppleWebKit/537.36 (KHTML, like Gecko) Chrome/119.0.0.0 Safari/537.36"
185.235.247.204 - - [23/Feb/2026:05:56:49 +0000] "GET /wp-login.php HTTP/1.1" 200 2420 "https://www.google.com" "Mozilla/5.0 (X11; Linux x86_64) AppleWebKit/537.36 (KHTML, like Gecko) Chrome/119.0.0.0 Safari/537.36"
185.235.247.204 - - [23/Feb/2026:05:56:51 +0000] "POST /wp-login.php HTTP/1.1" 200 2568 "https://kofejob-wp.dreamsmarketplace.com/wp-login.php" "Mozilla/5.0 (X11; Linux x86_64) AppleWebKit/537.36 (KHTML, like Gecko) Chrome/119.0.0.0 Safari/537.36"
185.235.247.204 - - [23/Feb/2026:05:56:51 +0000] "GET /wp-admin/ HTTP/1.1" 302 5 "https://kofejob-wp.dreamsmarketplace.com/wp-login.php" "Mozilla/5.0 (X11; Linux x86_64) AppleWebKit/537.36 (KHTML, like Gecko) Chrome/119.0.0.0 Safari/537.36"
