136.234.140.68 - - [23/Feb/2026:03:07:18 +0000] "GET /wp-login.php?redirect_to=https%3A%2F%2Fkofejob-wp.dreamsmarketplace.com%2Fwp-admin%2F&reauth=1 HTTP/1.1" 200 2428 "https://kofejob-wp.dreamsmarketplace.com/wp-login.php" "Mozilla/5.0 (X11; Linux x86_64) AppleWebKit/537.36 (KHTML, like Gecko) Chrome/119.0.0.0 Safari/537.36"
2a03:2880:f800:19:: - - [23/Feb/2026:03:07:18 +0000] "GET /codici-gratifica-da-profittare-a-procurarsi-il-fagotto-di-convenevole/ HTTP/1.1" 301 178 "-" "meta-externalagent/1.1 (+https://developers.facebook.com/docs/sharing/webmasters/crawler)"
154.205.234.232 - - [23/Feb/2026:03:07:19 +0000] "GET /wp-login.php HTTP/1.1" 200 2420 "https://www.google.com" "Mozilla/5.0 (X11; Linux x86_64) AppleWebKit/537.36 (KHTML, like Gecko) Chrome/119.0.0.0 Safari/537.36"
154.205.234.232 - - [23/Feb/2026:03:07:20 +0000] "POST /wp-login.php HTTP/1.1" 200 2568 "https://kofejob-wp.dreamsmarketplace.com/wp-login.php" "Mozilla/5.0 (X11; Linux x86_64) AppleWebKit/537.36 (KHTML, like Gecko) Chrome/119.0.0.0 Safari/537.36"
154.205.234.232 - - [23/Feb/2026:03:07:21 +0000] "GET /wp-admin/ HTTP/1.1" 302 5 "https://kofejob-wp.dreamsmarketplace.com/wp-login.php" "Mozilla/5.0 (X11; Linux x86_64) AppleWebKit/537.36 (KHTML, like Gecko) Chrome/119.0.0.0 Safari/537.36"
154.205.234.232 - - [23/Feb/2026:03:07:21 +0000] "GET /wp-login.php?redirect_to=https%3A%2F%2Fkofejob-wp.dreamsmarketplace.com%2Fwp-admin%2F&reauth=1 HTTP/1.1" 200 2428 "https://kofejob-wp.dreamsmarketplace.com/wp-login.php" "Mozilla/5.0 (X11; Linux x86_64) AppleWebKit/537.36 (KHTML, like Gecko) Chrome/119.0.0.0 Safari/537.36"
2a03:2880:f800:23:: - - [23/Feb/2026:03:07:37 +0000] "GET /pa-kasino-casino-siberian-storm-sportsbook-grunge-betting/ HTTP/1.1" 301 178 "-" "meta-externalagent/1.1 (+https://developers.facebook.com/docs/sharing/webmasters/crawler)"
2a03:2880:f800:1b:: - - [23/Feb/2026:03:07:38 +0000] "GET /free-spins-2025-neoterisch-60-freispiele-blos-einzahlung/ HTTP/1.1" 301 178 "-" "meta-externalagent/1.1 (+https://developers.facebook.com/docs/sharing/webmasters/crawler)"
2a03:2880:f800:9:: - - [23/Feb/2026:03:07:41 +0000] "GET /oni-idealna-okazja-produkowac-wyprobowac-rozne-gra-we%ef%bf%bd-%ef%bf%bdzaznajomic-sie-z-oferta-kasyno/ HTTP/1.1" 301 178 "-" "meta-externalagent/1.1 (+https://developers.facebook.com/docs/sharing/webmasters/crawler)"
2a03:2880:f800:a:: - - [23/Feb/2026:03:07:41 +0000] "GET /gdzie-nalezy-wpisac-kod-promocyjny-na-witrynie-verde-siec-casino/ HTTP/1.1" 301 178 "-" "meta-externalagent/1.1 (+https://developers.facebook.com/docs/sharing/webmasters/crawler)"
2a03:2880:f800:34:: - - [23/Feb/2026:03:07:44 +0000] "GET /che-posso-accertare-il-gergo-premio-william-hill-con-le-altre-offerte/ HTTP/1.1" 301 178 "-" "meta-externalagent/1.1 (+https://developers.facebook.com/docs/sharing/webmasters/crawler)"
216.244.66.236 - - [23/Feb/2026:03:07:45 +0000] "GET /robots.txt HTTP/1.1" 304 0 "-" "Mozilla/5.0 (compatible; DotBot/1.2; +https://opensiteexplorer.org/dotbot; [email protected])"
200.25.47.110 - - [23/Feb/2026:03:07:47 +0000] "POST /xmlrpc.php HTTP/1.1" 301 178 "-" "Mozilla/5.0 (Windows NT 10.0; Win64; x64) AppleWebKit/537.36 (KHTML, like Gecko) Chrome/114.0.0.0 Safari/537.36"
200.25.47.110 - - [23/Feb/2026:03:07:49 +0000] "GET /xmlrpc.php HTTP/1.1" 405 53 "-" "Mozilla/5.0 (Windows NT 10.0; Win64; x64) AppleWebKit/537.36 (KHTML, like Gecko) Chrome/114.0.0.0 Safari/537.36"
200.25.47.110 - - [23/Feb/2026:03:07:50 +0000] "POST /xmlrpc.php HTTP/1.1" 301 178 "-" "Mozilla/5.0 (Windows NT 10.0; Win64; x64) AppleWebKit/537.36 (KHTML, like Gecko) Chrome/114.0.0.0 Safari/537.36"
200.25.47.110 - - [23/Feb/2026:03:07:52 +0000] "GET /xmlrpc.php HTTP/1.1" 405 53 "-" "Mozilla/5.0 (Windows NT 10.0; Win64; x64) AppleWebKit/537.36 (KHTML, like Gecko) Chrome/114.0.0.0 Safari/537.36"
2a03:2880:f800:2a:: - - [23/Feb/2026:03:07:52 +0000] "GET /wp-sitemap-taxonomies-freelancer-skills-1.xml HTTP/1.1" 301 178 "-" "meta-externalagent/1.1 (+https://developers.facebook.com/docs/sharing/webmasters/crawler)"
2a03:2880:f800:b:: - - [23/Feb/2026:03:07:55 +0000] "GET /come-casino-%ef%bf%bd-wady-i-bedziesz-zalety-poglady-graczy-2024/ HTTP/1.1" 301 178 "-" "meta-externalagent/1.1 (+https://developers.facebook.com/docs/sharing/webmasters/crawler)"
66.249.92.165 - - [23/Feb/2026:03:08:01 +0000] "GET /discover-your-perfect-canadian-online-casino/ HTTP/1.1" 200 146693 "-" "Mozilla/5.0 (Linux; Android 6.0.1; Nexus 5X Build/MMB29P) AppleWebKit/537.36 (KHTML, like Gecko) Chrome/144.0.7559.132 Mobile Safari/537.36 (compatible; AdsBot-Google-Mobile; +http://www.google.com/mobile/adsbot.html)"
2a03:2880:f800:31:: - - [23/Feb/2026:03:08:14 +0000] "GET /project-search/ HTTP/1.1" 302 36944 "-" "meta-externalagent/1.1 (+https://developers.facebook.com/docs/sharing/webmasters/crawler)"
2a03:2880:f800:16:: - - [23/Feb/2026:03:08:16 +0000] "GET /play-the-beste-glitz-gokkast-gratis-spins-us-real-money-slots-ofwel-2025/ HTTP/1.1" 301 178 "-" "meta-externalagent/1.1 (+https://developers.facebook.com/docs/sharing/webmasters/crawler)"
136.234.140.68 - - [23/Feb/2026:03:08:21 +0000] "GET /wp-json/wp/v2/users HTTP/1.1" 200 816 "https://www.google.com" "Mozilla/5.0 (X11; Linux x86_64) AppleWebKit/537.36 (KHTML, like Gecko) Chrome/119.0.0.0 Safari/537.36"
136.234.140.68 - - [23/Feb/2026:03:08:21 +0000] "GET /?author=1 HTTP/1.1" 301 5 "https://www.google.com" "Mozilla/5.0 (X11; Linux x86_64) AppleWebKit/537.36 (KHTML, like Gecko) Chrome/119.0.0.0 Safari/537.36"
136.234.140.68 - - [23/Feb/2026:03:08:22 +0000] "POST /xmlrpc.php HTTP/1.1" 200 192 "-" "Apache-HttpClient/4.5.13 (Java/11.0.30)"
136.234.140.68 - - [23/Feb/2026:03:08:23 +0000] "POST /xmlrpc.php HTTP/1.1" 200 415 "-" "Apache-HttpClient/4.5.13 (Java/11.0.30)"
136.234.140.68 - - [23/Feb/2026:03:08:23 +0000] "POST /xmlrpc.php HTTP/1.1" 200 415 "-" "Apache-HttpClient/4.5.13 (Java/11.0.30)"
2a03:2880:f800:13:: - - [23/Feb/2026:03:08:24 +0000] "GET /greatest-united-states-new-iphone-gambling-enterprises-2025-european-roulette-christmas-edition-sites-online-uk-greatest-apples-ios-casino-software/ HTTP/1.1" 301 178 "-" "meta-externalagent/1.1 (+https://developers.facebook.com/docs/sharing/webmasters/crawler)"
136.234.140.68 - - [23/Feb/2026:03:08:24 +0000] "POST /xmlrpc.php HTTP/1.1" 200 415 "-" "Apache-HttpClient/4.5.13 (Java/11.0.30)"
136.234.140.68 - - [23/Feb/2026:03:08:25 +0000] "GET /wp-login.php HTTP/1.1" 200 2420 "https://www.google.com" "Mozilla/5.0 (X11; Linux x86_64) AppleWebKit/537.36 (KHTML, like Gecko) Chrome/119.0.0.0 Safari/537.36"
62.233.34.161 - - [23/Feb/2026:03:08:26 +0000] "GET /wp-login.php HTTP/1.1" 200 2420 "https://www.google.com" "Mozilla/5.0 (X11; Linux x86_64) AppleWebKit/537.36 (KHTML, like Gecko) Chrome/119.0.0.0 Safari/537.36"
62.233.34.161 - - [23/Feb/2026:03:08:26 +0000] "POST /wp-login.php HTTP/1.1" 200 2568 "https://kofejob-wp.dreamsmarketplace.com/wp-login.php" "Mozilla/5.0 (X11; Linux x86_64) AppleWebKit/537.36 (KHTML, like Gecko) Chrome/119.0.0.0 Safari/537.36"
62.233.34.161 - - [23/Feb/2026:03:08:27 +0000] "GET /wp-admin/ HTTP/1.1" 302 5 "https://kofejob-wp.dreamsmarketplace.com/wp-login.php" "Mozilla/5.0 (X11; Linux x86_64) AppleWebKit/537.36 (KHTML, like Gecko) Chrome/119.0.0.0 Safari/537.36"
62.233.34.161 - - [23/Feb/2026:03:08:28 +0000] "GET /wp-login.php?redirect_to=https%3A%2F%2Fkofejob-wp.dreamsmarketplace.com%2Fwp-admin%2F&reauth=1 HTTP/1.1" 200 2428 "https://kofejob-wp.dreamsmarketplace.com/wp-login.php" "Mozilla/5.0 (X11; Linux x86_64) AppleWebKit/537.36 (KHTML, like Gecko) Chrome/119.0.0.0 Safari/537.36"
91.199.189.110 - - [23/Feb/2026:03:08:28 +0000] "GET /wp-login.php HTTP/1.1" 200 2420 "https://www.google.com" "Mozilla/5.0 (X11; Linux x86_64) AppleWebKit/537.36 (KHTML, like Gecko) Chrome/119.0.0.0 Safari/537.36"
91.199.189.110 - - [23/Feb/2026:03:08:29 +0000] "POST /wp-login.php HTTP/1.1" 200 2568 "https://kofejob-wp.dreamsmarketplace.com/wp-login.php" "Mozilla/5.0 (X11; Linux x86_64) AppleWebKit/537.36 (KHTML, like Gecko) Chrome/119.0.0.0 Safari/537.36"
2a03:2880:f800:39:: - - [23/Feb/2026:03:08:29 +0000] "GET /bonus-sem-armazem-acercade-cassino-online-2025-baliza-cada-para-jogadores-abrasado-pikebit-avaliacao-brasil/ HTTP/1.1" 301 178 "-" "meta-externalagent/1.1 (+https://developers.facebook.com/docs/sharing/webmasters/crawler)"
91.199.189.110 - - [23/Feb/2026:03:08:29 +0000] "GET /wp-admin/ HTTP/1.1" 302 5 "https://kofejob-wp.dreamsmarketplace.com/wp-login.php" "Mozilla/5.0 (X11; Linux x86_64) AppleWebKit/537.36 (KHTML, like Gecko) Chrome/119.0.0.0 Safari/537.36"
91.199.189.110 - - [23/Feb/2026:03:08:30 +0000] "GET /wp-login.php?redirect_to=https%3A%2F%2Fkofejob-wp.dreamsmarketplace.com%2Fwp-admin%2F&reauth=1 HTTP/1.1" 200 2428 "https://kofejob-wp.dreamsmarketplace.com/wp-login.php" "Mozilla/5.0 (X11; Linux x86_64) AppleWebKit/537.36 (KHTML, like Gecko) Chrome/119.0.0.0 Safari/537.36"
62.233.34.161 - - [23/Feb/2026:03:08:30 +0000] "GET /wp-login.php HTTP/1.1" 200 2420 "https://www.google.com" "Mozilla/5.0 (X11; Linux x86_64) AppleWebKit/537.36 (KHTML, like Gecko) Chrome/119.0.0.0 Safari/537.36"
62.233.34.161 - - [23/Feb/2026:03:08:31 +0000] "POST /wp-login.php HTTP/1.1" 200 2568 "https://kofejob-wp.dreamsmarketplace.com/wp-login.php" "Mozilla/5.0 (X11; Linux x86_64) AppleWebKit/537.36 (KHTML, like Gecko) Chrome/119.0.0.0 Safari/537.36"
2a03:2880:f800:35:: - - [23/Feb/2026:03:08:32 +0000] "GET /il-valore-rtp-del-gioco-e-legato-al-957-dal-momento-che-la-volatilita-e-mezzi-di-comunicazione/ HTTP/1.1" 301 178 "-" "meta-externalagent/1.1 (+https://developers.facebook.com/docs/sharing/webmasters/crawler)"
62.233.34.161 - - [23/Feb/2026:03:08:32 +0000] "GET /wp-admin/ HTTP/1.1" 302 5 "https://kofejob-wp.dreamsmarketplace.com/wp-login.php" "Mozilla/5.0 (X11; Linux x86_64) AppleWebKit/537.36 (KHTML, like Gecko) Chrome/119.0.0.0 Safari/537.36"
62.233.34.161 - - [23/Feb/2026:03:08:32 +0000] "GET /wp-login.php?redirect_to=https%3A%2F%2Fkofejob-wp.dreamsmarketplace.com%2Fwp-admin%2F&reauth=1 HTTP/1.1" 200 2428 "https://kofejob-wp.dreamsmarketplace.com/wp-login.php" "Mozilla/5.0 (X11; Linux x86_64) AppleWebKit/537.36 (KHTML, like Gecko) Chrome/119.0.0.0 Safari/537.36"
2a03:2880:f800:2:: - - [23/Feb/2026:03:08:33 +0000] "GET /eye-of-horus-5-einzahlungs-casinos-fur-nusse-pirate-booty-casinos-vorsprechen-inoffizieller-mitarbeiter-protestation-modus-alleinig-eintragung/ HTTP/1.1" 301 178 "-" "meta-externalagent/1.1 (+https://developers.facebook.com/docs/sharing/webmasters/crawler)"
2a03:2880:f800:b:: - - [23/Feb/2026:03:08:45 +0000] "GET /5-dragons-royal-position-microgaming-games-online-betting-slot-better-online-casinos-and-publication/ HTTP/1.1" 301 178 "-" "meta-externalagent/1.1 (+https://developers.facebook.com/docs/sharing/webmasters/crawler)"
2a03:2880:f800:1d:: - - [23/Feb/2026:03:09:00 +0000] "GET /happy-larrys-xmas-joker-free-spins-150-lobstermania/ HTTP/1.1" 301 178 "-" "meta-externalagent/1.1 (+https://developers.facebook.com/docs/sharing/webmasters/crawler)"
2a03:2880:f800:3e:: - - [23/Feb/2026:03:09:32 +0000] "GET /seriose-online-casinos-within-alpenrepublik-zugelassen-getestet-2025/ HTTP/1.1" 301 178 "-" "meta-externalagent/1.1 (+https://developers.facebook.com/docs/sharing/webmasters/crawler)"
185.222.214.151 - - [23/Feb/2026:03:09:32 +0000] "GET /wp-json/wp/v2/users HTTP/1.1" 200 816 "https://www.google.com" "Mozilla/5.0 (X11; Linux x86_64) AppleWebKit/537.36 (KHTML, like Gecko) Chrome/119.0.0.0 Safari/537.36"
185.222.214.151 - - [23/Feb/2026:03:09:33 +0000] "GET /?author=1 HTTP/1.1" 301 5 "https://www.google.com" "Mozilla/5.0 (X11; Linux x86_64) AppleWebKit/537.36 (KHTML, like Gecko) Chrome/119.0.0.0 Safari/537.36"
185.222.214.151 - - [23/Feb/2026:03:09:33 +0000] "POST /xmlrpc.php HTTP/1.1" 200 192 "-" "Apache-HttpClient/4.5.13 (Java/11.0.30)"
185.222.214.151 - - [23/Feb/2026:03:09:34 +0000] "POST /xmlrpc.php HTTP/1.1" 200 415 "-" "Apache-HttpClient/4.5.13 (Java/11.0.30)"
185.222.214.151 - - [23/Feb/2026:03:09:35 +0000] "POST /xmlrpc.php HTTP/1.1" 200 415 "-" "Apache-HttpClient/4.5.13 (Java/11.0.30)"
185.222.214.151 - - [23/Feb/2026:03:09:36 +0000] "POST /xmlrpc.php HTTP/1.1" 200 415 "-" "Apache-HttpClient/4.5.13 (Java/11.0.30)"
185.222.214.151 - - [23/Feb/2026:03:09:36 +0000] "GET /wp-login.php HTTP/1.1" 200 2420 "https://www.google.com" "Mozilla/5.0 (X11; Linux x86_64) AppleWebKit/537.36 (KHTML, like Gecko) Chrome/119.0.0.0 Safari/537.36"
138.249.61.72 - - [23/Feb/2026:03:09:37 +0000] "GET /wp-login.php HTTP/1.1" 200 2420 "https://www.google.com" "Mozilla/5.0 (X11; Linux x86_64) AppleWebKit/537.36 (KHTML, like Gecko) Chrome/119.0.0.0 Safari/537.36"
138.249.61.72 - - [23/Feb/2026:03:09:38 +0000] "POST /wp-login.php HTTP/1.1" 200 2568 "https://kofejob-wp.dreamsmarketplace.com/wp-login.php" "Mozilla/5.0 (X11; Linux x86_64) AppleWebKit/537.36 (KHTML, like Gecko) Chrome/119.0.0.0 Safari/537.36"
138.249.61.72 - - [23/Feb/2026:03:09:38 +0000] "GET /wp-admin/ HTTP/1.1" 302 5 "https://kofejob-wp.dreamsmarketplace.com/wp-login.php" "Mozilla/5.0 (X11; Linux x86_64) AppleWebKit/537.36 (KHTML, like Gecko) Chrome/119.0.0.0 Safari/537.36"
138.249.61.72 - - [23/Feb/2026:03:09:38 +0000] "GET /wp-login.php?redirect_to=https%3A%2F%2Fkofejob-wp.dreamsmarketplace.com%2Fwp-admin%2F&reauth=1 HTTP/1.1" 200 2428 "https://kofejob-wp.dreamsmarketplace.com/wp-login.php" "Mozilla/5.0 (X11; Linux x86_64) AppleWebKit/537.36 (KHTML, like Gecko) Chrome/119.0.0.0 Safari/537.36"
194.104.232.102 - - [23/Feb/2026:03:09:39 +0000] "GET /wp-login.php HTTP/1.1" 200 2420 "https://www.google.com" "Mozilla/5.0 (X11; Linux x86_64) AppleWebKit/537.36 (KHTML, like Gecko) Chrome/119.0.0.0 Safari/537.36"
194.104.232.102 - - [23/Feb/2026:03:09:40 +0000] "POST /wp-login.php HTTP/1.1" 200 2568 "https://kofejob-wp.dreamsmarketplace.com/wp-login.php" "Mozilla/5.0 (X11; Linux x86_64) AppleWebKit/537.36 (KHTML, like Gecko) Chrome/119.0.0.0 Safari/537.36"
194.104.232.102 - - [23/Feb/2026:03:09:40 +0000] "GET /wp-admin/ HTTP/1.1" 302 5 "https://kofejob-wp.dreamsmarketplace.com/wp-login.php" "Mozilla/5.0 (X11; Linux x86_64) AppleWebKit/537.36 (KHTML, like Gecko) Chrome/119.0.0.0 Safari/537.36"
194.104.232.102 - - [23/Feb/2026:03:09:41 +0000] "GET /wp-login.php?redirect_to=https%3A%2F%2Fkofejob-wp.dreamsmarketplace.com%2Fwp-admin%2F&reauth=1 HTTP/1.1" 200 2428 "https://kofejob-wp.dreamsmarketplace.com/wp-login.php" "Mozilla/5.0 (X11; Linux x86_64) AppleWebKit/537.36 (KHTML, like Gecko) Chrome/119.0.0.0 Safari/537.36"
138.249.119.19 - - [23/Feb/2026:03:09:42 +0000] "GET /wp-login.php HTTP/1.1" 200 2420 "https://www.google.com" "Mozilla/5.0 (X11; Linux x86_64) AppleWebKit/537.36 (KHTML, like Gecko) Chrome/119.0.0.0 Safari/537.36"
138.249.119.19 - - [23/Feb/2026:03:09:43 +0000] "POST /wp-login.php HTTP/1.1" 200 2568 "https://kofejob-wp.dreamsmarketplace.com/wp-login.php" "Mozilla/5.0 (X11; Linux x86_64) AppleWebKit/537.36 (KHTML, like Gecko) Chrome/119.0.0.0 Safari/537.36"
138.249.119.19 - - [23/Feb/2026:03:09:44 +0000] "GET /wp-admin/ HTTP/1.1" 302 5 "https://kofejob-wp.dreamsmarketplace.com/wp-login.php" "Mozilla/5.0 (X11; Linux x86_64) AppleWebKit/537.36 (KHTML, like Gecko) Chrome/119.0.0.0 Safari/537.36"
138.249.119.19 - - [23/Feb/2026:03:09:44 +0000] "GET /wp-login.php?redirect_to=https%3A%2F%2Fkofejob-wp.dreamsmarketplace.com%2Fwp-admin%2F&reauth=1 HTTP/1.1" 200 2428 "https://kofejob-wp.dreamsmarketplace.com/wp-login.php" "Mozilla/5.0 (X11; Linux x86_64) AppleWebKit/537.36 (KHTML, like Gecko) Chrome/119.0.0.0 Safari/537.36"
2a03:2880:f800:1f:: - - [23/Feb/2026:03:09:46 +0000] "GET /medusas-stone-sweet-bonanza-jogo-de-slot-por-dinheiro-slot/ HTTP/1.1" 301 178 "-" "meta-externalagent/1.1 (+https://developers.facebook.com/docs/sharing/webmasters/crawler)"
2a03:2880:f800:24:: - - [23/Feb/2026:03:10:04 +0000] "GET /eye-of-horus-50-wie-man-den-primebetz-bonus-abhebt-freispiele-piggy-bank-bonusspiel-abzuglich-einzahlung-originell/ HTTP/1.1" 301 178 "-" "meta-externalagent/1.1 (+https://developers.facebook.com/docs/sharing/webmasters/crawler)"
2a03:2880:f800:14:: - - [23/Feb/2026:03:10:05 +0000] "GET /unser-besten-echtgeld-casinos-diese-seite-spielspas-fur-glucksspieler-as-part-of-land-der-dichter-und-denker/ HTTP/1.1" 301 178 "-" "meta-externalagent/1.1 (+https://developers.facebook.com/docs/sharing/webmasters/crawler)"
2a03:2880:f800:16:: - - [23/Feb/2026:03:10:20 +0000] "GET /legale-online-casinos-das-confoederatio-helvetica%ef%b8%8f-crazy-starter-casino-topliste-2026/ HTTP/1.1" 301 178 "-" "meta-externalagent/1.1 (+https://developers.facebook.com/docs/sharing/webmasters/crawler)"
2a03:2880:f800:42:: - - [23/Feb/2026:03:10:25 +0000] "GET /wolverine-harbors-remark-release-solar-snap-rtp-1-deposit-your-inner-beast/ HTTP/1.1" 301 178 "-" "meta-externalagent/1.1 (+https://developers.facebook.com/docs/sharing/webmasters/crawler)"
138.249.182.252 - - [23/Feb/2026:03:10:45 +0000] "GET /wp-json/wp/v2/users HTTP/1.1" 200 816 "https://www.google.com" "Mozilla/5.0 (X11; Linux x86_64) AppleWebKit/537.36 (KHTML, like Gecko) Chrome/119.0.0.0 Safari/537.36"
138.249.182.252 - - [23/Feb/2026:03:10:46 +0000] "GET /?author=1 HTTP/1.1" 301 5 "https://www.google.com" "Mozilla/5.0 (X11; Linux x86_64) AppleWebKit/537.36 (KHTML, like Gecko) Chrome/119.0.0.0 Safari/537.36"
138.249.182.252 - - [23/Feb/2026:03:10:47 +0000] "POST /xmlrpc.php HTTP/1.1" 200 192 "-" "Apache-HttpClient/4.5.13 (Java/11.0.30)"
138.249.182.252 - - [23/Feb/2026:03:10:48 +0000] "POST /xmlrpc.php HTTP/1.1" 200 415 "-" "Apache-HttpClient/4.5.13 (Java/11.0.30)"
138.249.182.252 - - [23/Feb/2026:03:10:49 +0000] "POST /xmlrpc.php HTTP/1.1" 200 415 "-" "Apache-HttpClient/4.5.13 (Java/11.0.30)"
138.249.182.252 - - [23/Feb/2026:03:10:51 +0000] "POST /xmlrpc.php HTTP/1.1" 200 415 "-" "Apache-HttpClient/4.5.13 (Java/11.0.30)"
138.249.182.252 - - [23/Feb/2026:03:10:51 +0000] "GET /wp-login.php HTTP/1.1" 200 2420 "https://www.google.com" "Mozilla/5.0 (X11; Linux x86_64) AppleWebKit/537.36 (KHTML, like Gecko) Chrome/119.0.0.0 Safari/537.36"
5.172.179.69 - - [23/Feb/2026:03:10:52 +0000] "GET /wp-login.php HTTP/1.1" 200 2420 "https://www.google.com" "Mozilla/5.0 (X11; Linux x86_64) AppleWebKit/537.36 (KHTML, like Gecko) Chrome/119.0.0.0 Safari/537.36"
2a03:2880:f800:27:: - - [23/Feb/2026:03:10:52 +0000] "GET /whales-pearl-free-casino-slot-games-on-the-web-play-games-%e1%90%88-novomatic/ HTTP/1.1" 301 178 "-" "meta-externalagent/1.1 (+https://developers.facebook.com/docs/sharing/webmasters/crawler)"
5.172.179.69 - - [23/Feb/2026:03:10:53 +0000] "POST /wp-login.php HTTP/1.1" 200 2568 "https://kofejob-wp.dreamsmarketplace.com/wp-login.php" "Mozilla/5.0 (X11; Linux x86_64) AppleWebKit/537.36 (KHTML, like Gecko) Chrome/119.0.0.0 Safari/537.36"
5.172.179.69 - - [23/Feb/2026:03:10:53 +0000] "GET /wp-admin/ HTTP/1.1" 302 5 "https://kofejob-wp.dreamsmarketplace.com/wp-login.php" "Mozilla/5.0 (X11; Linux x86_64) AppleWebKit/537.36 (KHTML, like Gecko) Chrome/119.0.0.0 Safari/537.36"
5.172.179.69 - - [23/Feb/2026:03:10:54 +0000] "GET /wp-login.php?redirect_to=https%3A%2F%2Fkofejob-wp.dreamsmarketplace.com%2Fwp-admin%2F&reauth=1 HTTP/1.1" 200 2428 "https://kofejob-wp.dreamsmarketplace.com/wp-login.php" "Mozilla/5.0 (X11; Linux x86_64) AppleWebKit/537.36 (KHTML, like Gecko) Chrome/119.0.0.0 Safari/537.36"
87.236.150.189 - - [23/Feb/2026:03:10:54 +0000] "GET /wp-login.php HTTP/1.1" 200 2420 "https://www.google.com" "Mozilla/5.0 (X11; Linux x86_64) AppleWebKit/537.36 (KHTML, like Gecko) Chrome/119.0.0.0 Safari/537.36"
87.236.150.189 - - [23/Feb/2026:03:10:55 +0000] "POST /wp-login.php HTTP/1.1" 200 2568 "https://kofejob-wp.dreamsmarketplace.com/wp-login.php" "Mozilla/5.0 (X11; Linux x86_64) AppleWebKit/537.36 (KHTML, like Gecko) Chrome/119.0.0.0 Safari/537.36"
2a03:2880:f800:1f:: - - [23/Feb/2026:03:10:56 +0000] "GET /just-how-slot-extra-casino-jackpot-city-no-deposit-bonus-2025-has-works/ HTTP/1.1" 301 178 "-" "meta-externalagent/1.1 (+https://developers.facebook.com/docs/sharing/webmasters/crawler)"
87.236.150.189 - - [23/Feb/2026:03:10:56 +0000] "GET /wp-admin/ HTTP/1.1" 302 5 "https://kofejob-wp.dreamsmarketplace.com/wp-login.php" "Mozilla/5.0 (X11; Linux x86_64) AppleWebKit/537.36 (KHTML, like Gecko) Chrome/119.0.0.0 Safari/537.36"
87.236.150.189 - - [23/Feb/2026:03:10:56 +0000] "GET /wp-login.php?redirect_to=https%3A%2F%2Fkofejob-wp.dreamsmarketplace.com%2Fwp-admin%2F&reauth=1 HTTP/1.1" 200 2428 "https://kofejob-wp.dreamsmarketplace.com/wp-login.php" "Mozilla/5.0 (X11; Linux x86_64) AppleWebKit/537.36 (KHTML, like Gecko) Chrome/119.0.0.0 Safari/537.36"
153.80.159.18 - - [23/Feb/2026:03:10:57 +0000] "GET /wp-login.php HTTP/1.1" 200 2420 "https://www.google.com" "Mozilla/5.0 (X11; Linux x86_64) AppleWebKit/537.36 (KHTML, like Gecko) Chrome/119.0.0.0 Safari/537.36"
153.80.159.18 - - [23/Feb/2026:03:10:58 +0000] "POST /wp-login.php HTTP/1.1" 200 2568 "https://kofejob-wp.dreamsmarketplace.com/wp-login.php" "Mozilla/5.0 (X11; Linux x86_64) AppleWebKit/537.36 (KHTML, like Gecko) Chrome/119.0.0.0 Safari/537.36"
153.80.159.18 - - [23/Feb/2026:03:10:58 +0000] "GET /wp-admin/ HTTP/1.1" 302 5 "https://kofejob-wp.dreamsmarketplace.com/wp-login.php" "Mozilla/5.0 (X11; Linux x86_64) AppleWebKit/537.36 (KHTML, like Gecko) Chrome/119.0.0.0 Safari/537.36"
153.80.159.18 - - [23/Feb/2026:03:10:58 +0000] "GET /wp-login.php?redirect_to=https%3A%2F%2Fkofejob-wp.dreamsmarketplace.com%2Fwp-admin%2F&reauth=1 HTTP/1.1" 200 2428 "https://kofejob-wp.dreamsmarketplace.com/wp-login.php" "Mozilla/5.0 (X11; Linux x86_64) AppleWebKit/537.36 (KHTML, like Gecko) Chrome/119.0.0.0 Safari/537.36"
2a03:2880:f800:43:: - - [23/Feb/2026:03:11:08 +0000] "GET /princess-casino-la-magie-des-jeux-en-ligne-en/ HTTP/1.1" 301 178 "-" "meta-externalagent/1.1 (+https://developers.facebook.com/docs/sharing/webmasters/crawler)"
2a03:2880:f800:3d:: - - [23/Feb/2026:03:11:15 +0000] "GET /the-initial-bitcoin-crypto-local-online-casino-deposit-5-get-80-casino-in-the-2025-2500-acceptance-bundle/ HTTP/1.1" 301 178 "-" "meta-externalagent/1.1 (+https://developers.facebook.com/docs/sharing/webmasters/crawler)"
2a03:2880:f800:5:: - - [23/Feb/2026:03:11:30 +0000] "GET /sharky-bonus-de-parrainage-goldbet-instrument-aurait-obtient-dessous-gratis-avec-novomatic-2025/ HTTP/1.1" 301 178 "-" "meta-externalagent/1.1 (+https://developers.facebook.com/docs/sharing/webmasters/crawler)"
2a03:2880:f800:: - - [23/Feb/2026:03:11:34 +0000] "GET /betnero-confusione-niente-affatto-deposit-bruce-bet-login-italia-gratifica/ HTTP/1.1" 301 178 "-" "meta-externalagent/1.1 (+https://developers.facebook.com/docs/sharing/webmasters/crawler)"
2a03:2880:f800:8:: - - [23/Feb/2026:03:11:37 +0000] "GET /instantaneous-detachment-gambling-enterprises-canada-2026-gryphons-gold-pokie-prompt-same-date-profits/ HTTP/1.1" 301 178 "-" "meta-externalagent/1.1 (+https://developers.facebook.com/docs/sharing/webmasters/crawler)"
165.73.242.8 - - [23/Feb/2026:03:11:42 +0000] "POST /xmlrpc.php HTTP/1.1" 301 178 "-" "Mozilla/5.0 (Windows NT 10.0; Win64; x64) AppleWebKit/537.36 (KHTML, like Gecko) Chrome/114.0.0.0 Safari/537.36"
2a03:2880:f800:31:: - - [23/Feb/2026:03:11:43 +0000] "GET /easter-frog-slot-demo-entretenimiento-echa-un-vistazo-a-este-hipervinculo-tragamonedas-gratuito/ HTTP/1.1" 301 178 "-" "meta-externalagent/1.1 (+https://developers.facebook.com/docs/sharing/webmasters/crawler)"
165.73.242.8 - - [23/Feb/2026:03:11:44 +0000] "GET /xmlrpc.php HTTP/1.1" 405 53 "-" "Mozilla/5.0 (Windows NT 10.0; Win64; x64) AppleWebKit/537.36 (KHTML, like Gecko) Chrome/114.0.0.0 Safari/537.36"
2a03:2880:f800:2e:: - - [23/Feb/2026:03:11:44 +0000] "GET /10-finest-online-casinos-australia-for-real-money-royal-double-online-slot-gaming-in-the-2025/ HTTP/1.1" 301 178 "-" "meta-externalagent/1.1 (+https://developers.facebook.com/docs/sharing/webmasters/crawler)"
165.73.242.8 - - [23/Feb/2026:03:11:44 +0000] "POST /xmlrpc.php HTTP/1.1" 301 178 "-" "Mozilla/5.0 (Windows NT 10.0; Win64; x64) AppleWebKit/537.36 (KHTML, like Gecko) Chrome/114.0.0.0 Safari/537.36"
165.73.242.8 - - [23/Feb/2026:03:11:46 +0000] "GET /xmlrpc.php HTTP/1.1" 405 53 "-" "Mozilla/5.0 (Windows NT 10.0; Win64; x64) AppleWebKit/537.36 (KHTML, like Gecko) Chrome/114.0.0.0 Safari/537.36"
2a03:2880:f800:36:: - - [23/Feb/2026:03:11:48 +0000] "GET /tattica-ad-apogeo-minaccia-uccellatore-di-premio-ricovero-ricciolo/ HTTP/1.1" 301 178 "-" "meta-externalagent/1.1 (+https://developers.facebook.com/docs/sharing/webmasters/crawler)"
156.239.19.247 - - [23/Feb/2026:03:11:56 +0000] "GET /wp-json/wp/v2/users HTTP/1.1" 200 816 "https://www.google.com" "Mozilla/5.0 (X11; Linux x86_64) AppleWebKit/537.36 (KHTML, like Gecko) Chrome/119.0.0.0 Safari/537.36"
156.239.19.247 - - [23/Feb/2026:03:11:56 +0000] "GET /?author=1 HTTP/1.1" 301 5 "https://www.google.com" "Mozilla/5.0 (X11; Linux x86_64) AppleWebKit/537.36 (KHTML, like Gecko) Chrome/119.0.0.0 Safari/537.36"
156.239.19.247 - - [23/Feb/2026:03:11:57 +0000] "POST /xmlrpc.php HTTP/1.1" 200 192 "-" "Apache-HttpClient/4.5.13 (Java/11.0.30)"
156.239.19.247 - - [23/Feb/2026:03:11:59 +0000] "POST /xmlrpc.php HTTP/1.1" 200 415 "-" "Apache-HttpClient/4.5.13 (Java/11.0.30)"
156.239.19.247 - - [23/Feb/2026:03:12:00 +0000] "POST /xmlrpc.php HTTP/1.1" 200 415 "-" "Apache-HttpClient/4.5.13 (Java/11.0.30)"
156.239.19.247 - - [23/Feb/2026:03:12:01 +0000] "POST /xmlrpc.php HTTP/1.1" 200 415 "-" "Apache-HttpClient/4.5.13 (Java/11.0.30)"
156.239.19.247 - - [23/Feb/2026:03:12:01 +0000] "GET /wp-login.php HTTP/1.1" 200 2420 "https://www.google.com" "Mozilla/5.0 (X11; Linux x86_64) AppleWebKit/537.36 (KHTML, like Gecko) Chrome/119.0.0.0 Safari/537.36"
185.222.214.151 - - [23/Feb/2026:03:12:02 +0000] "GET /wp-login.php HTTP/1.1" 200 2420 "https://www.google.com" "Mozilla/5.0 (X11; Linux x86_64) AppleWebKit/537.36 (KHTML, like Gecko) Chrome/119.0.0.0 Safari/537.36"
185.222.214.151 - - [23/Feb/2026:03:12:03 +0000] "POST /wp-login.php HTTP/1.1" 200 2568 "https://kofejob-wp.dreamsmarketplace.com/wp-login.php" "Mozilla/5.0 (X11; Linux x86_64) AppleWebKit/537.36 (KHTML, like Gecko) Chrome/119.0.0.0 Safari/537.36"
2a03:2880:f800:1:: - - [23/Feb/2026:03:12:03 +0000] "GET /how-exactly-to-play-gambling-games-the-real-deal-currency/ HTTP/1.1" 301 178 "-" "meta-externalagent/1.1 (+https://developers.facebook.com/docs/sharing/webmasters/crawler)"
185.222.214.151 - - [23/Feb/2026:03:12:03 +0000] "GET /wp-admin/ HTTP/1.1" 302 5 "https://kofejob-wp.dreamsmarketplace.com/wp-login.php" "Mozilla/5.0 (X11; Linux x86_64) AppleWebKit/537.36 (KHTML, like Gecko) Chrome/119.0.0.0 Safari/537.36"
185.222.214.151 - - [23/Feb/2026:03:12:04 +0000] "GET /wp-login.php?redirect_to=https%3A%2F%2Fkofejob-wp.dreamsmarketplace.com%2Fwp-admin%2F&reauth=1 HTTP/1.1" 200 2428 "https://kofejob-wp.dreamsmarketplace.com/wp-login.php" "Mozilla/5.0 (X11; Linux x86_64) AppleWebKit/537.36 (KHTML, like Gecko) Chrome/119.0.0.0 Safari/537.36"
185.235.247.204 - - [23/Feb/2026:03:12:04 +0000] "GET /wp-login.php HTTP/1.1" 200 2420 "https://www.google.com" "Mozilla/5.0 (X11; Linux x86_64) AppleWebKit/537.36 (KHTML, like Gecko) Chrome/119.0.0.0 Safari/537.36"
185.235.247.204 - - [23/Feb/2026:03:12:06 +0000] "POST /wp-login.php HTTP/1.1" 200 2568 "https://kofejob-wp.dreamsmarketplace.com/wp-login.php" "Mozilla/5.0 (X11; Linux x86_64) AppleWebKit/537.36 (KHTML, like Gecko) Chrome/119.0.0.0 Safari/537.36"
185.235.247.204 - - [23/Feb/2026:03:12:06 +0000] "GET /wp-admin/ HTTP/1.1" 302 5 "https://kofejob-wp.dreamsmarketplace.com/wp-login.php" "Mozilla/5.0 (X11; Linux x86_64) AppleWebKit/537.36 (KHTML, like Gecko) Chrome/119.0.0.0 Safari/537.36"
185.235.247.204 - - [23/Feb/2026:03:12:07 +0000] "GET /wp-login.php?redirect_to=https%3A%2F%2Fkofejob-wp.dreamsmarketplace.com%2Fwp-admin%2F&reauth=1 HTTP/1.1" 200 2428 "https://kofejob-wp.dreamsmarketplace.com/wp-login.php" "Mozilla/5.0 (X11; Linux x86_64) AppleWebKit/537.36 (KHTML, like Gecko) Chrome/119.0.0.0 Safari/537.36"
156.239.142.181 - - [23/Feb/2026:03:12:07 +0000] "GET /wp-login.php HTTP/1.1" 200 2420 "https://www.google.com" "Mozilla/5.0 (X11; Linux x86_64) AppleWebKit/537.36 (KHTML, like Gecko) Chrome/119.0.0.0 Safari/537.36"
156.239.142.181 - - [23/Feb/2026:03:12:08 +0000] "POST /wp-login.php HTTP/1.1" 200 2568 "https://kofejob-wp.dreamsmarketplace.com/wp-login.php" "Mozilla/5.0 (X11; Linux x86_64) AppleWebKit/537.36 (KHTML, like Gecko) Chrome/119.0.0.0 Safari/537.36"
156.239.142.181 - - [23/Feb/2026:03:12:09 +0000] "GET /wp-admin/ HTTP/1.1" 302 5 "https://kofejob-wp.dreamsmarketplace.com/wp-login.php" "Mozilla/5.0 (X11; Linux x86_64) AppleWebKit/537.36 (KHTML, like Gecko) Chrome/119.0.0.0 Safari/537.36"
156.239.142.181 - - [23/Feb/2026:03:12:10 +0000] "GET /wp-login.php?redirect_to=https%3A%2F%2Fkofejob-wp.dreamsmarketplace.com%2Fwp-admin%2F&reauth=1 HTTP/1.1" 200 2428 "https://kofejob-wp.dreamsmarketplace.com/wp-login.php" "Mozilla/5.0 (X11; Linux x86_64) AppleWebKit/537.36 (KHTML, like Gecko) Chrome/119.0.0.0 Safari/537.36"
138.249.76.86 - - [23/Feb/2026:03:12:12 +0000] "GET /wp-json/wp/v2/users HTTP/1.1" 200 816 "https://www.google.com" "Mozilla/5.0 (X11; Linux x86_64) AppleWebKit/537.36 (KHTML, like Gecko) Chrome/119.0.0.0 Safari/537.36"
138.249.76.86 - - [23/Feb/2026:03:12:12 +0000] "GET /?author=1 HTTP/1.1" 301 5 "https://www.google.com" "Mozilla/5.0 (X11; Linux x86_64) AppleWebKit/537.36 (KHTML, like Gecko) Chrome/119.0.0.0 Safari/537.36"
138.249.76.86 - - [23/Feb/2026:03:12:12 +0000] "POST /xmlrpc.php HTTP/1.1" 200 192 "-" "Apache-HttpClient/4.5.13 (Java/11.0.30)"
138.249.76.86 - - [23/Feb/2026:03:12:13 +0000] "POST /xmlrpc.php HTTP/1.1" 200 415 "-" "Apache-HttpClient/4.5.13 (Java/11.0.30)"
138.249.76.86 - - [23/Feb/2026:03:12:14 +0000] "POST /xmlrpc.php HTTP/1.1" 200 415 "-" "Apache-HttpClient/4.5.13 (Java/11.0.30)"
2a03:2880:f800:4:: - - [23/Feb/2026:03:12:14 +0000] "GET /giochi-simili-a-chicken-road-le-vere-alternative-inout-games/ HTTP/1.1" 301 178 "-" "meta-externalagent/1.1 (+https://developers.facebook.com/docs/sharing/webmasters/crawler)"
138.249.76.86 - - [23/Feb/2026:03:12:14 +0000] "POST /xmlrpc.php HTTP/1.1" 200 415 "-" "Apache-HttpClient/4.5.13 (Java/11.0.30)"
138.249.76.86 - - [23/Feb/2026:03:12:15 +0000] "GET /wp-login.php HTTP/1.1" 200 2420 "https://www.google.com" "Mozilla/5.0 (X11; Linux x86_64) AppleWebKit/537.36 (KHTML, like Gecko) Chrome/119.0.0.0 Safari/537.36"
185.96.36.164 - - [23/Feb/2026:03:12:15 +0000] "GET /wp-login.php HTTP/1.1" 200 2420 "https://www.google.com" "Mozilla/5.0 (X11; Linux x86_64) AppleWebKit/537.36 (KHTML, like Gecko) Chrome/119.0.0.0 Safari/537.36"
185.96.36.164 - - [23/Feb/2026:03:12:16 +0000] "POST /wp-login.php HTTP/1.1" 200 2568 "https://kofejob-wp.dreamsmarketplace.com/wp-login.php" "Mozilla/5.0 (X11; Linux x86_64) AppleWebKit/537.36 (KHTML, like Gecko) Chrome/119.0.0.0 Safari/537.36"
185.96.36.164 - - [23/Feb/2026:03:12:17 +0000] "GET /wp-admin/ HTTP/1.1" 302 5 "https://kofejob-wp.dreamsmarketplace.com/wp-login.php" "Mozilla/5.0 (X11; Linux x86_64) AppleWebKit/537.36 (KHTML, like Gecko) Chrome/119.0.0.0 Safari/537.36"
185.96.36.164 - - [23/Feb/2026:03:12:17 +0000] "GET /wp-login.php?redirect_to=https%3A%2F%2Fkofejob-wp.dreamsmarketplace.com%2Fwp-admin%2F&reauth=1 HTTP/1.1" 200 2428 "https://kofejob-wp.dreamsmarketplace.com/wp-login.php" "Mozilla/5.0 (X11; Linux x86_64) AppleWebKit/537.36 (KHTML, like Gecko) Chrome/119.0.0.0 Safari/537.36"
194.104.232.102 - - [23/Feb/2026:03:12:18 +0000] "GET /wp-login.php HTTP/1.1" 200 2420 "https://www.google.com" "Mozilla/5.0 (X11; Linux x86_64) AppleWebKit/537.36 (KHTML, like Gecko) Chrome/119.0.0.0 Safari/537.36"
2a03:2880:f800:2b:: - - [23/Feb/2026:03:12:18 +0000] "GET /most-recent-50-free-revolves-no-deposit-necessary-zero-lord-of-the-rings-jackpot-slot-betting-inside-the-2025/ HTTP/1.1" 301 178 "-" "meta-externalagent/1.1 (+https://developers.facebook.com/docs/sharing/webmasters/crawler)"
194.104.232.102 - - [23/Feb/2026:03:12:19 +0000] "POST /wp-login.php HTTP/1.1" 200 2568 "https://kofejob-wp.dreamsmarketplace.com/wp-login.php" "Mozilla/5.0 (X11; Linux x86_64) AppleWebKit/537.36 (KHTML, like Gecko) Chrome/119.0.0.0 Safari/537.36"
194.104.232.102 - - [23/Feb/2026:03:12:19 +0000] "GET /wp-admin/ HTTP/1.1" 302 5 "https://kofejob-wp.dreamsmarketplace.com/wp-login.php" "Mozilla/5.0 (X11; Linux x86_64) AppleWebKit/537.36 (KHTML, like Gecko) Chrome/119.0.0.0 Safari/537.36"
194.104.232.102 - - [23/Feb/2026:03:12:20 +0000] "GET /wp-login.php?redirect_to=https%3A%2F%2Fkofejob-wp.dreamsmarketplace.com%2Fwp-admin%2F&reauth=1 HTTP/1.1" 200 2428 "https://kofejob-wp.dreamsmarketplace.com/wp-login.php" "Mozilla/5.0 (X11; Linux x86_64) AppleWebKit/537.36 (KHTML, like Gecko) Chrome/119.0.0.0 Safari/537.36"
185.222.214.151 - - [23/Feb/2026:03:12:20 +0000] "GET /wp-login.php HTTP/1.1" 200 2420 "https://www.google.com" "Mozilla/5.0 (X11; Linux x86_64) AppleWebKit/537.36 (KHTML, like Gecko) Chrome/119.0.0.0 Safari/537.36"
185.222.214.151 - - [23/Feb/2026:03:12:21 +0000] "POST /wp-login.php HTTP/1.1" 200 2571 "https://kofejob-wp.dreamsmarketplace.com/wp-login.php" "Mozilla/5.0 (X11; Linux x86_64) AppleWebKit/537.36 (KHTML, like Gecko) Chrome/119.0.0.0 Safari/537.36"
185.222.214.151 - - [23/Feb/2026:03:12:22 +0000] "GET /wp-admin/ HTTP/1.1" 302 5 "https://kofejob-wp.dreamsmarketplace.com/wp-login.php" "Mozilla/5.0 (X11; Linux x86_64) AppleWebKit/537.36 (KHTML, like Gecko) Chrome/119.0.0.0 Safari/537.36"
185.222.214.151 - - [23/Feb/2026:03:12:22 +0000] "GET /wp-login.php?redirect_to=https%3A%2F%2Fkofejob-wp.dreamsmarketplace.com%2Fwp-admin%2F&reauth=1 HTTP/1.1" 200 2428 "https://kofejob-wp.dreamsmarketplace.com/wp-login.php" "Mozilla/5.0 (X11; Linux x86_64) AppleWebKit/537.36 (KHTML, like Gecko) Chrome/119.0.0.0 Safari/537.36"
2a03:2880:f800:1e:: - - [23/Feb/2026:03:12:24 +0000] "GET /bank-egypt-gokkasten-online-gratis-spelen-roulett-het-uitgelezene-van-online-casino/ HTTP/1.1" 301 178 "-" "meta-externalagent/1.1 (+https://developers.facebook.com/docs/sharing/webmasters/crawler)"
2a03:2880:f800:c:: - - [23/Feb/2026:03:12:26 +0000] "GET /commissione-per-il-asportazione-fulmineo-dal-bisca-privato-di-aams/ HTTP/1.1" 301 178 "-" "meta-externalagent/1.1 (+https://developers.facebook.com/docs/sharing/webmasters/crawler)"
2a03:2880:f800:23:: - - [23/Feb/2026:03:12:30 +0000] "GET /all-the-depositors-try-subject-to-discover-the-customer-kyc-monitors/ HTTP/1.1" 301 178 "-" "meta-externalagent/1.1 (+https://developers.facebook.com/docs/sharing/webmasters/crawler)"
2a03:2880:f800:: - - [23/Feb/2026:03:12:31 +0000] "GET /yahtzee-video-slot-%e1%97%8e-play-on-the-casino-5-pound-deposit-bonus-codes-web-free/ HTTP/1.1" 301 178 "-" "meta-externalagent/1.1 (+https://developers.facebook.com/docs/sharing/webmasters/crawler)"
2a03:2880:f800:34:: - - [23/Feb/2026:03:12:32 +0000] "GET /slots-angels-on-the-web-position-because-of-the-betsoft/ HTTP/1.1" 301 178 "-" "meta-externalagent/1.1 (+https://developers.facebook.com/docs/sharing/webmasters/crawler)"
216.244.66.236 - - [23/Feb/2026:03:12:39 +0000] "GET /tag/knowledge/ HTTP/1.1" 200 12597 "-" "Mozilla/5.0 (compatible; DotBot/1.2; +https://opensiteexplorer.org/dotbot; [email protected])"
2a03:2880:f800:37:: - - [23/Feb/2026:03:12:44 +0000] "GET /obejmuj-na-vox-casino-%ef%bf%bd-dla-kazdego-premium-destynacja-hazardowa/ HTTP/1.1" 301 178 "-" "meta-externalagent/1.1 (+https://developers.facebook.com/docs/sharing/webmasters/crawler)"
216.244.66.236 - - [23/Feb/2026:03:12:44 +0000] "GET /tag/online-casino-game-betting-poker-slots/ HTTP/1.1" 200 11262 "-" "Mozilla/5.0 (compatible; DotBot/1.2; +https://opensiteexplorer.org/dotbot; [email protected])"
2a03:2880:f800:18:: - - [23/Feb/2026:03:12:46 +0000] "GET /pharoahs-fortune-ports-real-money-slot-machine-game-100-percent-free-enjoy-trial/ HTTP/1.1" 301 178 "-" "meta-externalagent/1.1 (+https://developers.facebook.com/docs/sharing/webmasters/crawler)"
2a03:2880:f800:31:: - - [23/Feb/2026:03:12:56 +0000] "GET /hvordan-spille-online-kasinoer-faerie-spells-automat-big-bang-1-innskudd-addert-fire-jackpotter-av-betsoft/ HTTP/1.1" 301 178 "-" "meta-externalagent/1.1 (+https://developers.facebook.com/docs/sharing/webmasters/crawler)"
2a03:2880:f800:1e:: - - [23/Feb/2026:03:13:04 +0000] "GET /wyciaganie-oferty-bonusow-posiadania-depozyt-dziesiatka-zl-w-kasynie-z-2025/ HTTP/1.1" 301 178 "-" "meta-externalagent/1.1 (+https://developers.facebook.com/docs/sharing/webmasters/crawler)"
156.239.143.34 - - [23/Feb/2026:03:13:06 +0000] "GET /wp-json/wp/v2/users HTTP/1.1" 200 816 "https://www.google.com" "Mozilla/5.0 (X11; Linux x86_64) AppleWebKit/537.36 (KHTML, like Gecko) Chrome/119.0.0.0 Safari/537.36"
156.239.143.34 - - [23/Feb/2026:03:13:06 +0000] "GET /?author=1 HTTP/1.1" 301 5 "https://www.google.com" "Mozilla/5.0 (X11; Linux x86_64) AppleWebKit/537.36 (KHTML, like Gecko) Chrome/119.0.0.0 Safari/537.36"
156.239.143.34 - - [23/Feb/2026:03:13:07 +0000] "POST /xmlrpc.php HTTP/1.1" 200 192 "-" "Apache-HttpClient/4.5.13 (Java/11.0.30)"
156.239.143.34 - - [23/Feb/2026:03:13:08 +0000] "POST /xmlrpc.php HTTP/1.1" 200 415 "-" "Apache-HttpClient/4.5.13 (Java/11.0.30)"
156.239.143.34 - - [23/Feb/2026:03:13:09 +0000] "POST /xmlrpc.php HTTP/1.1" 200 415 "-" "Apache-HttpClient/4.5.13 (Java/11.0.30)"
156.239.143.34 - - [23/Feb/2026:03:13:10 +0000] "POST /xmlrpc.php HTTP/1.1" 200 415 "-" "Apache-HttpClient/4.5.13 (Java/11.0.30)"
156.239.143.34 - - [23/Feb/2026:03:13:11 +0000] "GET /wp-login.php HTTP/1.1" 200 2420 "https://www.google.com" "Mozilla/5.0 (X11; Linux x86_64) AppleWebKit/537.36 (KHTML, like Gecko) Chrome/119.0.0.0 Safari/537.36"
156.239.142.181 - - [23/Feb/2026:03:13:11 +0000] "GET /wp-login.php HTTP/1.1" 200 2420 "https://www.google.com" "Mozilla/5.0 (X11; Linux x86_64) AppleWebKit/537.36 (KHTML, like Gecko) Chrome/119.0.0.0 Safari/537.36"
156.239.142.181 - - [23/Feb/2026:03:13:12 +0000] "POST /wp-login.php HTTP/1.1" 200 2568 "https://kofejob-wp.dreamsmarketplace.com/wp-login.php" "Mozilla/5.0 (X11; Linux x86_64) AppleWebKit/537.36 (KHTML, like Gecko) Chrome/119.0.0.0 Safari/537.36"
156.239.142.181 - - [23/Feb/2026:03:13:13 +0000] "GET /wp-admin/ HTTP/1.1" 302 5 "https://kofejob-wp.dreamsmarketplace.com/wp-login.php" "Mozilla/5.0 (X11; Linux x86_64) AppleWebKit/537.36 (KHTML, like Gecko) Chrome/119.0.0.0 Safari/537.36"
156.239.142.181 - - [23/Feb/2026:03:13:14 +0000] "GET /wp-login.php?redirect_to=https%3A%2F%2Fkofejob-wp.dreamsmarketplace.com%2Fwp-admin%2F&reauth=1 HTTP/1.1" 200 2428 "https://kofejob-wp.dreamsmarketplace.com/wp-login.php" "Mozilla/5.0 (X11; Linux x86_64) AppleWebKit/537.36 (KHTML, like Gecko) Chrome/119.0.0.0 Safari/537.36"
154.205.234.232 - - [23/Feb/2026:03:13:15 +0000] "GET /wp-login.php HTTP/1.1" 200 2420 "https://www.google.com" "Mozilla/5.0 (X11; Linux x86_64) AppleWebKit/537.36 (KHTML, like Gecko) Chrome/119.0.0.0 Safari/537.36"
154.205.234.232 - - [23/Feb/2026:03:13:16 +0000] "POST /wp-login.php HTTP/1.1" 200 2568 "https://kofejob-wp.dreamsmarketplace.com/wp-login.php" "Mozilla/5.0 (X11; Linux x86_64) AppleWebKit/537.36 (KHTML, like Gecko) Chrome/119.0.0.0 Safari/537.36"
154.205.234.232 - - [23/Feb/2026:03:13:16 +0000] "GET /wp-admin/ HTTP/1.1" 302 5 "https://kofejob-wp.dreamsmarketplace.com/wp-login.php" "Mozilla/5.0 (X11; Linux x86_64) AppleWebKit/537.36 (KHTML, like Gecko) Chrome/119.0.0.0 Safari/537.36"
154.205.234.232 - - [23/Feb/2026:03:13:17 +0000] "GET /wp-login.php?redirect_to=https%3A%2F%2Fkofejob-wp.dreamsmarketplace.com%2Fwp-admin%2F&reauth=1 HTTP/1.1" 200 2428 "https://kofejob-wp.dreamsmarketplace.com/wp-login.php" "Mozilla/5.0 (X11; Linux x86_64) AppleWebKit/537.36 (KHTML, like Gecko) Chrome/119.0.0.0 Safari/537.36"
138.249.57.104 - - [23/Feb/2026:03:13:18 +0000] "GET /wp-login.php HTTP/1.1" 200 2420 "https://www.google.com" "Mozilla/5.0 (X11; Linux x86_64) AppleWebKit/537.36 (KHTML, like Gecko) Chrome/119.0.0.0 Safari/537.36"
138.249.57.104 - - [23/Feb/2026:03:13:18 +0000] "POST /wp-login.php HTTP/1.1" 200 2568 "https://kofejob-wp.dreamsmarketplace.com/wp-login.php" "Mozilla/5.0 (X11; Linux x86_64) AppleWebKit/537.36 (KHTML, like Gecko) Chrome/119.0.0.0 Safari/537.36"
138.249.57.104 - - [23/Feb/2026:03:13:19 +0000] "GET /wp-admin/ HTTP/1.1" 302 5 "https://kofejob-wp.dreamsmarketplace.com/wp-login.php" "Mozilla/5.0 (X11; Linux x86_64) AppleWebKit/537.36 (KHTML, like Gecko) Chrome/119.0.0.0 Safari/537.36"
138.249.57.104 - - [23/Feb/2026:03:13:19 +0000] "GET /wp-login.php?redirect_to=https%3A%2F%2Fkofejob-wp.dreamsmarketplace.com%2Fwp-admin%2F&reauth=1 HTTP/1.1" 200 2428 "https://kofejob-wp.dreamsmarketplace.com/wp-login.php" "Mozilla/5.0 (X11; Linux x86_64) AppleWebKit/537.36 (KHTML, like Gecko) Chrome/119.0.0.0 Safari/537.36"
2a03:2880:f800:36:: - - [23/Feb/2026:03:13:25 +0000] "GET /10-finest-online-casinos-for-real-money-usa-evolution-slot-no-deposit-bonus-inside-2025/ HTTP/1.1" 301 178 "-" "meta-externalagent/1.1 (+https://developers.facebook.com/docs/sharing/webmasters/crawler)"
2a03:2880:f800:1b:: - - [23/Feb/2026:03:13:29 +0000] "GET /las-vegas-globe-totally-free-slots-gamble-best-personal-online-casino-games-on-mummy-money-casino-slot-the-internet/ HTTP/1.1" 301 178 "-" "meta-externalagent/1.1 (+https://developers.facebook.com/docs/sharing/webmasters/crawler)"
2a03:2880:f800:14:: - - [23/Feb/2026:03:13:32 +0000] "GET /better-100-gambling-establishment-bonus-also-no-deposit-casino-neonvegas-2024-offers-in-the-2025-100-deposit-incentives/ HTTP/1.1" 301 178 "-" "meta-externalagent/1.1 (+https://developers.facebook.com/docs/sharing/webmasters/crawler)"
2a03:2880:f800:39:: - - [23/Feb/2026:03:13:35 +0000] "GET /dunder-erfahrungen-erprobung-2026-beschmu-rock-n-roller-slot-unter-anderem-ernsthaft/ HTTP/1.1" 301 178 "-" "meta-externalagent/1.1 (+https://developers.facebook.com/docs/sharing/webmasters/crawler)"
2a03:2880:f800:7:: - - [23/Feb/2026:03:13:36 +0000] "GET /over-eye-of-horus-online-slot-list-2026/ HTTP/1.1" 301 178 "-" "meta-externalagent/1.1 (+https://developers.facebook.com/docs/sharing/webmasters/crawler)"
2a03:2880:f800:3c:: - - [23/Feb/2026:03:13:54 +0000] "GET /betsafe-local-casino-the-phantom-cash-slot-machine-newest-local-casino-incentives-codes-and-totally-free-revolves/ HTTP/1.1" 301 178 "-" "meta-externalagent/1.1 (+https://developers.facebook.com/docs/sharing/webmasters/crawler)"
2a03:2880:f800:37:: - - [23/Feb/2026:03:14:12 +0000] "GET /vox-casino-dzieje-sie-od-2023-sezonu-poprzez-dostarczanie-licencjonowane-charakterystyka-hazardowe-polskim-graczom/ HTTP/1.1" 301 178 "-" "meta-externalagent/1.1 (+https://developers.facebook.com/docs/sharing/webmasters/crawler)"
138.249.119.19 - - [23/Feb/2026:03:14:16 +0000] "GET /wp-json/wp/v2/users HTTP/1.1" 200 816 "https://www.google.com" "Mozilla/5.0 (X11; Linux x86_64) AppleWebKit/537.36 (KHTML, like Gecko) Chrome/119.0.0.0 Safari/537.36"
138.249.119.19 - - [23/Feb/2026:03:14:17 +0000] "GET /?author=1 HTTP/1.1" 301 5 "https://www.google.com" "Mozilla/5.0 (X11; Linux x86_64) AppleWebKit/537.36 (KHTML, like Gecko) Chrome/119.0.0.0 Safari/537.36"
138.249.119.19 - - [23/Feb/2026:03:14:17 +0000] "POST /xmlrpc.php HTTP/1.1" 200 192 "-" "Apache-HttpClient/4.5.13 (Java/11.0.30)"
138.249.119.19 - - [23/Feb/2026:03:14:18 +0000] "POST /xmlrpc.php HTTP/1.1" 200 415 "-" "Apache-HttpClient/4.5.13 (Java/11.0.30)"
138.249.119.19 - - [23/Feb/2026:03:14:19 +0000] "POST /xmlrpc.php HTTP/1.1" 200 415 "-" "Apache-HttpClient/4.5.13 (Java/11.0.30)"
138.249.119.19 - - [23/Feb/2026:03:14:20 +0000] "POST /xmlrpc.php HTTP/1.1" 200 415 "-" "Apache-HttpClient/4.5.13 (Java/11.0.30)"
138.249.119.19 - - [23/Feb/2026:03:14:20 +0000] "GET /wp-login.php HTTP/1.1" 200 2420 "https://www.google.com" "Mozilla/5.0 (X11; Linux x86_64) AppleWebKit/537.36 (KHTML, like Gecko) Chrome/119.0.0.0 Safari/537.36"
185.96.36.164 - - [23/Feb/2026:03:14:21 +0000] "GET /wp-login.php HTTP/1.1" 200 2420 "https://www.google.com" "Mozilla/5.0 (X11; Linux x86_64) AppleWebKit/537.36 (KHTML, like Gecko) Chrome/119.0.0.0 Safari/537.36"
2a03:2880:f800:5:: - - [23/Feb/2026:03:14:21 +0000] "GET /ten-gambling-establishment-fafafa-online-slot-machine-card-games-youll-like/ HTTP/1.1" 301 178 "-" "meta-externalagent/1.1 (+https://developers.facebook.com/docs/sharing/webmasters/crawler)"
2a03:2880:f800:32:: - - [23/Feb/2026:03:14:22 +0000] "GET /wp-sitemap-taxonomies-freelancer-locations-1.xml HTTP/1.1" 301 178 "-" "meta-externalagent/1.1 (+https://developers.facebook.com/docs/sharing/webmasters/crawler)"
185.96.36.164 - - [23/Feb/2026:03:14:22 +0000] "POST /wp-login.php HTTP/1.1" 200 2568 "https://kofejob-wp.dreamsmarketplace.com/wp-login.php" "Mozilla/5.0 (X11; Linux x86_64) AppleWebKit/537.36 (KHTML, like Gecko) Chrome/119.0.0.0 Safari/537.36"
52.167.144.159 - - [23/Feb/2026:03:14:22 +0000] "GET /abfahrt/ HTTP/1.1" 404 8448 "-" "Mozilla/5.0 AppleWebKit/537.36 (KHTML, like Gecko; compatible; bingbot/2.0; +http://www.bing.com/bingbot.htm) Chrome/116.0.1938.76 Safari/537.36"
185.96.36.164 - - [23/Feb/2026:03:14:23 +0000] "GET /wp-admin/ HTTP/1.1" 302 5 "https://kofejob-wp.dreamsmarketplace.com/wp-login.php" "Mozilla/5.0 (X11; Linux x86_64) AppleWebKit/537.36 (KHTML, like Gecko) Chrome/119.0.0.0 Safari/537.36"
185.96.36.164 - - [23/Feb/2026:03:14:23 +0000] "GET /wp-login.php?redirect_to=https%3A%2F%2Fkofejob-wp.dreamsmarketplace.com%2Fwp-admin%2F&reauth=1 HTTP/1.1" 200 2428 "https://kofejob-wp.dreamsmarketplace.com/wp-login.php" "Mozilla/5.0 (X11; Linux x86_64) AppleWebKit/537.36 (KHTML, like Gecko) Chrome/119.0.0.0 Safari/537.36"
138.249.81.23 - - [23/Feb/2026:03:14:24 +0000] "GET /wp-login.php HTTP/1.1" 200 2420 "https://www.google.com" "Mozilla/5.0 (X11; Linux x86_64) AppleWebKit/537.36 (KHTML, like Gecko) Chrome/119.0.0.0 Safari/537.36"
138.249.81.23 - - [23/Feb/2026:03:14:24 +0000] "POST /wp-login.php HTTP/1.1" 200 2568 "https://kofejob-wp.dreamsmarketplace.com/wp-login.php" "Mozilla/5.0 (X11; Linux x86_64) AppleWebKit/537.36 (KHTML, like Gecko) Chrome/119.0.0.0 Safari/537.36"
2a03:2880:f800:40:: - - [23/Feb/2026:03:14:25 +0000] "GET /bonusowe-stopien-grand-prix-wygrywaj-kiedys-profesjonalista-posiadanie-f1-casino/ HTTP/1.1" 301 178 "-" "meta-externalagent/1.1 (+https://developers.facebook.com/docs/sharing/webmasters/crawler)"
138.249.81.23 - - [23/Feb/2026:03:14:25 +0000] "GET /wp-admin/ HTTP/1.1" 302 5 "https://kofejob-wp.dreamsmarketplace.com/wp-login.php" "Mozilla/5.0 (X11; Linux x86_64) AppleWebKit/537.36 (KHTML, like Gecko) Chrome/119.0.0.0 Safari/537.36"
138.249.81.23 - - [23/Feb/2026:03:14:25 +0000] "GET /wp-login.php?redirect_to=https%3A%2F%2Fkofejob-wp.dreamsmarketplace.com%2Fwp-admin%2F&reauth=1 HTTP/1.1" 200 2428 "https://kofejob-wp.dreamsmarketplace.com/wp-login.php" "Mozilla/5.0 (X11; Linux x86_64) AppleWebKit/537.36 (KHTML, like Gecko) Chrome/119.0.0.0 Safari/537.36"
138.249.78.216 - - [23/Feb/2026:03:14:26 +0000] "GET /wp-login.php HTTP/1.1" 200 2420 "https://www.google.com" "Mozilla/5.0 (X11; Linux x86_64) AppleWebKit/537.36 (KHTML, like Gecko) Chrome/119.0.0.0 Safari/537.36"
138.249.78.216 - - [23/Feb/2026:03:14:26 +0000] "POST /wp-login.php HTTP/1.1" 200 2568 "https://kofejob-wp.dreamsmarketplace.com/wp-login.php" "Mozilla/5.0 (X11; Linux x86_64) AppleWebKit/537.36 (KHTML, like Gecko) Chrome/119.0.0.0 Safari/537.36"
107.178.203.66 - - [23/Feb/2026:03:14:26 +0000] "GET /nauti-30-ilmaiskierroksesta-pelattaessa-verkossa-ei-tarvetta-tallettaa/ HTTP/1.1" 301 178 "-" "Mozilla/5.0 (compatible; Google-Apps-Script; beanserver; +https://script.google.com; id: UAEmdDd-CGrIdn-9e9oHRhQ73mfdY6j8W2g)"
138.249.78.216 - - [23/Feb/2026:03:14:27 +0000] "GET /wp-admin/ HTTP/1.1" 302 5 "https://kofejob-wp.dreamsmarketplace.com/wp-login.php" "Mozilla/5.0 (X11; Linux x86_64) AppleWebKit/537.36 (KHTML, like Gecko) Chrome/119.0.0.0 Safari/537.36"
138.249.78.216 - - [23/Feb/2026:03:14:27 +0000] "GET /wp-login.php?redirect_to=https%3A%2F%2Fkofejob-wp.dreamsmarketplace.com%2Fwp-admin%2F&reauth=1 HTTP/1.1" 200 2428 "https://kofejob-wp.dreamsmarketplace.com/wp-login.php" "Mozilla/5.0 (X11; Linux x86_64) AppleWebKit/537.36 (KHTML, like Gecko) Chrome/119.0.0.0 Safari/537.36"
2a03:2880:f800:1e:: - - [23/Feb/2026:03:14:29 +0000] "GET /recht-roulette-speel-roulette-giants-gold-1-storting-recht/ HTTP/1.1" 301 178 "-" "meta-externalagent/1.1 (+https://developers.facebook.com/docs/sharing/webmasters/crawler)"
2a03:2880:f800:7:: - - [23/Feb/2026:03:14:30 +0000] "GET /dodaj-casino-%ef%bf%bd-wady-i-mozesz-zalety-punkty-widzenia-graczy-2024/ HTTP/1.1" 301 178 "-" "meta-externalagent/1.1 (+https://developers.facebook.com/docs/sharing/webmasters/crawler)"
2a03:2880:f800:20:: - - [23/Feb/2026:03:14:30 +0000] "GET /cent-spins-non-payants-connexion-vulkan-spiele-luxembourg-canada-attendez-cent-spins-non-payants-nul-conserve/ HTTP/1.1" 301 178 "-" "meta-externalagent/1.1 (+https://developers.facebook.com/docs/sharing/webmasters/crawler)"
2a03:2880:f800:3c:: - - [23/Feb/2026:03:14:31 +0000] "GET /funciona-a-descargar-la-aplicacion-wild-dice-las-tragaperras-gratuito/ HTTP/1.1" 301 178 "-" "meta-externalagent/1.1 (+https://developers.facebook.com/docs/sharing/webmasters/crawler)"
95.154.200.37 - - [23/Feb/2026:03:14:33 +0000] "GET /wp-content/uploads/2021/01/header-banner.svg HTTP/1.1" 301 178 "https://www.gjejpro.com/" "Mozilla/5.0 (Macintosh; Intel Mac OS X 10_15_7) AppleWebKit/537.36 (KHTML, like Gecko, Foregenix) Chrome/144.0.0.0 Safari/537.36"
95.154.200.37 - - [23/Feb/2026:03:14:33 +0000] "GET /wp-content/uploads/2021/01/header-banner.svg HTTP/1.1" 304 0 "https://www.gjejpro.com/" "Mozilla/5.0 (Macintosh; Intel Mac OS X 10_15_7) AppleWebKit/537.36 (KHTML, like Gecko, Foregenix) Chrome/144.0.0.0 Safari/537.36"
2a03:2880:f800:18:: - - [23/Feb/2026:03:14:38 +0000] "GET /no-deposit-gambling-establishment-mr-bet-no-deposit-bonus-incentives-around-australia-better-gambling-enterprise-incentives-no-deposit-required/ HTTP/1.1" 301 178 "-" "meta-externalagent/1.1 (+https://developers.facebook.com/docs/sharing/webmasters/crawler)"
