2a03:2880:f800:2a:: - - [23/Feb/2026:15:19:32 +0000] "GET /greatest-local-best-casino-canada-online-2025-casino-web-sites-list/ HTTP/1.1" 301 178 "-" "meta-externalagent/1.1 (+https://developers.facebook.com/docs/sharing/webmasters/crawler)"
161.77.140.48 - - [23/Feb/2026:15:19:32 +0000] "POST /xmlrpc.php HTTP/1.1" 301 178 "-" "Python-xmlrpc/3.11"
217.113.194.110 - - [23/Feb/2026:15:20:25 +0000] "GET /category/public/ HTTP/1.1" 301 178 "-" "Mozilla/5.0 (compatible; Barkrowler/0.9; +https://babbar.tech/crawler)"
2a03:2880:f800:22:: - - [23/Feb/2026:15:20:36 +0000] "GET /ten-safari-madness-mobile-better-a-real-income-online-slots-sites-away-from-2025/ HTTP/1.1" 301 178 "-" "meta-externalagent/1.1 (+https://developers.facebook.com/docs/sharing/webmasters/crawler)"
185.153.196.107 - - [23/Feb/2026:15:20:43 +0000] "POST /xmlrpc.php HTTP/1.1" 301 178 "-" "Mozilla/5.0 (Windows NT 10.0; Win64; x64) AppleWebKit/537.36 (KHTML, like Gecko) Chrome/114.0.0.0 Safari/537.36"
172.187.168.139 - - [23/Feb/2026:15:20:44 +0000] "POST /wp-cron.php?doing_wp_cron=1771860044.6516189575195312500000 HTTP/1.1" 200 31 "-" "WordPress/6.9; https://mentoring-wp.dreamsmarketplace.com"
185.153.196.107 - - [23/Feb/2026:15:20:44 +0000] "GET /xmlrpc.php HTTP/1.1" 405 53 "-" "Mozilla/5.0 (Windows NT 10.0; Win64; x64) AppleWebKit/537.36 (KHTML, like Gecko) Chrome/114.0.0.0 Safari/537.36"
185.153.196.107 - - [23/Feb/2026:15:20:45 +0000] "POST /xmlrpc.php HTTP/1.1" 301 178 "-" "Mozilla/5.0 (Windows NT 10.0; Win64; x64) AppleWebKit/537.36 (KHTML, like Gecko) Chrome/114.0.0.0 Safari/537.36"
172.187.168.139 - - [23/Feb/2026:15:20:46 +0000] "POST /wp-cron.php?doing_wp_cron=1771860046.5328938961029052734375 HTTP/1.1" 200 31 "-" "WordPress/6.9; https://mentoring-wp.dreamsmarketplace.com"
185.153.196.107 - - [23/Feb/2026:15:20:46 +0000] "GET /xmlrpc.php HTTP/1.1" 405 53 "-" "Mozilla/5.0 (Windows NT 10.0; Win64; x64) AppleWebKit/537.36 (KHTML, like Gecko) Chrome/114.0.0.0 Safari/537.36"
217.113.194.224 - - [23/Feb/2026:15:21:21 +0000] "GET /5047-2/ HTTP/1.1" 301 178 "-" "Mozilla/5.0 (compatible; Barkrowler/0.9; +https://babbar.tech/crawler)"
123.31.165.78 - - [23/Feb/2026:15:21:35 +0000] "GET /skedina-30-01-2017-apple-pay-casino-no-deposit-bonus-pdf/ HTTP/1.1" 301 178 "-" "Mozilla/5.0 (Macintosh; Intel Mac OS X 10_7_3) AppleWebKit/537.36 (KHTML, like Gecko, Mediapartners-Google) Chrome/84.0.4147.140 Safari/537.36"
172.187.168.139 - - [23/Feb/2026:15:21:39 +0000] "POST /wp-cron.php?doing_wp_cron=1771860098.9223020076751708984375 HTTP/1.1" 200 31 "-" "WordPress/6.9; https://mentoring-wp.dreamsmarketplace.com"
14.175.103.202 - - [23/Feb/2026:15:21:39 +0000] "GET /skedina-30-01-2017-apple-pay-casino-no-deposit-bonus-pdf/ HTTP/1.1" 404 10948 "-" "Mozilla/5.0 (Macintosh; Intel Mac OS X 10_7_3) AppleWebKit/537.36 (KHTML, like Gecko, Mediapartners-Google) Chrome/84.0.4147.140 Safari/537.36"
217.113.194.104 - - [23/Feb/2026:15:22:19 +0000] "GET /2025/page/3/ HTTP/1.1" 301 178 "-" "Mozilla/5.0 (compatible; Barkrowler/0.9; +https://babbar.tech/crawler)"
2a03:2880:f800:28:: - - [23/Feb/2026:15:22:19 +0000] "GET /twenty-five-register-incentive-no-deposit-greatest-150-chances-red-dragon-promos-requirements-from-2025/ HTTP/1.1" 301 178 "-" "meta-externalagent/1.1 (+https://developers.facebook.com/docs/sharing/webmasters/crawler)"
217.113.194.247 - - [23/Feb/2026:15:23:17 +0000] "GET /2022/page/2/ HTTP/1.1" 301 178 "-" "Mozilla/5.0 (compatible; Barkrowler/0.9; +https://babbar.tech/crawler)"
217.113.194.223 - - [23/Feb/2026:15:24:13 +0000] "GET /courses/asp-net/ HTTP/1.1" 301 178 "-" "Mozilla/5.0 (compatible; Barkrowler/0.9; +https://babbar.tech/crawler)"
217.113.194.108 - - [23/Feb/2026:15:25:01 +0000] "GET /courses/digital-marketer/ HTTP/1.1" 301 178 "-" "Mozilla/5.0 (compatible; Barkrowler/0.9; +https://babbar.tech/crawler)"
217.113.194.223 - - [23/Feb/2026:15:25:53 +0000] "GET /category/asp-net/ HTTP/1.1" 301 178 "-" "Mozilla/5.0 (compatible; Barkrowler/0.9; +https://babbar.tech/crawler)"
217.113.194.247 - - [23/Feb/2026:15:26:41 +0000] "GET /category/uncategorized/page/3/ HTTP/1.1" 301 178 "-" "Mozilla/5.0 (compatible; Barkrowler/0.9; +https://babbar.tech/crawler)"
84.169.185.86 - - [23/Feb/2026:15:27:06 +0000] "GET / HTTP/1.1" 301 178 "-" "Mozilla/5.0 (Windows NT 10.0; Win64; x64) AppleWebKit/537.36 (KHTML, like Gecko) Chrome/120.0.0.0 Safari/537.36"
172.187.168.139 - - [23/Feb/2026:15:27:07 +0000] "POST /wp-cron.php?doing_wp_cron=1771860427.8817028999328613281250 HTTP/1.1" 200 31 "-" "WordPress/6.9; https://mentoring-wp.dreamsmarketplace.com"
84.169.185.86 - - [23/Feb/2026:15:27:07 +0000] "GET / HTTP/1.1" 200 14896 "https://mentoring-wp.dreamstechnologies.com" "Mozilla/5.0 (Windows NT 10.0; Win64; x64) AppleWebKit/537.36 (KHTML, like Gecko) Chrome/120.0.0.0 Safari/537.36"
84.169.185.86 - - [23/Feb/2026:15:27:08 +0000] "POST /wp-admin/admin-ajax.php?action=sm_ping HTTP/1.1" 301 178 "-" "Mozilla/5.0 (Windows NT 10.0; Win64; x64) AppleWebKit/537.36 (KHTML, like Gecko) Chrome/120.0.0.0 Safari/537.36"
172.187.168.139 - - [23/Feb/2026:15:27:10 +0000] "POST /wp-cron.php?doing_wp_cron=1771860430.4368400573730468750000 HTTP/1.1" 200 31 "-" "WordPress/6.9; https://mentoring-wp.dreamsmarketplace.com"
84.169.185.86 - - [23/Feb/2026:15:27:10 +0000] "GET /wp-admin/admin-ajax.php?action=sm_ping HTTP/1.1" 400 11 "https://mentoring-wp.dreamstechnologies.com/wp-admin/admin-ajax.php?action=sm_ping" "Mozilla/5.0 (Windows NT 10.0; Win64; x64) AppleWebKit/537.36 (KHTML, like Gecko) Chrome/120.0.0.0 Safari/537.36"
84.169.185.86 - - [23/Feb/2026:15:27:11 +0000] "POST /wp-admin/admin-ajax.php?action=hnpt_ping HTTP/1.1" 301 178 "-" "Mozilla/5.0 (Windows NT 10.0; Win64; x64) AppleWebKit/537.36 (KHTML, like Gecko) Chrome/120.0.0.0 Safari/537.36"
172.187.168.139 - - [23/Feb/2026:15:27:12 +0000] "POST /wp-cron.php?doing_wp_cron=1771860432.7318520545959472656250 HTTP/1.1" 200 31 "-" "WordPress/6.9; https://mentoring-wp.dreamsmarketplace.com"
84.169.185.86 - - [23/Feb/2026:15:27:12 +0000] "GET /wp-admin/admin-ajax.php?action=hnpt_ping HTTP/1.1" 400 11 "https://mentoring-wp.dreamstechnologies.com/wp-admin/admin-ajax.php?action=hnpt_ping" "Mozilla/5.0 (Windows NT 10.0; Win64; x64) AppleWebKit/537.36 (KHTML, like Gecko) Chrome/120.0.0.0 Safari/537.36"
217.113.194.247 - - [23/Feb/2026:15:27:26 +0000] "GET /languages/french/ HTTP/1.1" 301 178 "-" "Mozilla/5.0 (compatible; Barkrowler/0.9; +https://babbar.tech/crawler)"
217.113.194.110 - - [23/Feb/2026:15:28:55 +0000] "GET /search-mentors/page/2/ HTTP/1.1" 301 178 "-" "Mozilla/5.0 (compatible; Barkrowler/0.9; +https://babbar.tech/crawler)"
2a03:2880:f800:2c:: - - [23/Feb/2026:15:28:55 +0000] "GET /author/katharine-berthold/ HTTP/1.1" 301 178 "-" "meta-externalagent/1.1 (+https://developers.facebook.com/docs/sharing/webmasters/crawler)"
217.113.194.104 - - [23/Feb/2026:15:29:36 +0000] "GET /author/admin/page/9/ HTTP/1.1" 301 178 "-" "Mozilla/5.0 (compatible; Barkrowler/0.9; +https://babbar.tech/crawler)"
217.113.194.103 - - [23/Feb/2026:15:30:17 +0000] "GET /author/admin/page/33/ HTTP/1.1" 301 178 "-" "Mozilla/5.0 (compatible; Barkrowler/0.9; +https://babbar.tech/crawler)"
217.113.194.110 - - [23/Feb/2026:15:30:59 +0000] "GET /blog-grid/page/9/ HTTP/1.1" 301 178 "-" "Mozilla/5.0 (compatible; Barkrowler/0.9; +https://babbar.tech/crawler)"
217.113.194.111 - - [23/Feb/2026:15:31:43 +0000] "GET /blog-grid/page/7/ HTTP/1.1" 301 178 "-" "Mozilla/5.0 (compatible; Barkrowler/0.9; +https://babbar.tech/crawler)"
63.125.92.131 - - [23/Feb/2026:15:32:06 +0000] "POST /xmlrpc.php HTTP/1.1" 301 178 "-" "Python-xmlrpc/3.11"
217.113.194.224 - - [23/Feb/2026:15:32:31 +0000] "GET /blog-grid/page/6/ HTTP/1.1" 301 178 "-" "Mozilla/5.0 (compatible; Barkrowler/0.9; +https://babbar.tech/crawler)"
217.113.194.108 - - [23/Feb/2026:15:33:16 +0000] "GET /2025/page/7/ HTTP/1.1" 301 178 "-" "Mozilla/5.0 (compatible; Barkrowler/0.9; +https://babbar.tech/crawler)"
217.113.194.104 - - [23/Feb/2026:15:34:00 +0000] "GET /2025/page/9/ HTTP/1.1" 301 178 "-" "Mozilla/5.0 (compatible; Barkrowler/0.9; +https://babbar.tech/crawler)"
2a03:2880:f800:28:: - - [23/Feb/2026:15:34:01 +0000] "GET /free-spins-2025-basta-casino-tillsammans-nyaste-ingen-insattning-hitnspin-freespins/ HTTP/1.1" 301 178 "-" "meta-externalagent/1.1 (+https://developers.facebook.com/docs/sharing/webmasters/crawler)"
217.113.194.105 - - [23/Feb/2026:15:34:47 +0000] "GET /2025/page/64/ HTTP/1.1" 301 178 "-" "Mozilla/5.0 (compatible; Barkrowler/0.9; +https://babbar.tech/crawler)"
217.113.194.105 - - [23/Feb/2026:15:35:31 +0000] "GET /2025/12/page/9/ HTTP/1.1" 301 178 "-" "Mozilla/5.0 (compatible; Barkrowler/0.9; +https://babbar.tech/crawler)"
217.113.194.107 - - [23/Feb/2026:15:36:17 +0000] "GET /2025/12/page/3/ HTTP/1.1" 301 178 "-" "Mozilla/5.0 (compatible; Barkrowler/0.9; +https://babbar.tech/crawler)"
217.113.194.106 - - [23/Feb/2026:15:37:00 +0000] "GET /documentation/changelog.html HTTP/1.1" 301 178 "-" "Mozilla/5.0 (compatible; Barkrowler/0.9; +https://babbar.tech/crawler)"
217.113.194.108 - - [23/Feb/2026:15:37:47 +0000] "GET /portfolio/mentors/ HTTP/1.1" 301 178 "-" "Mozilla/5.0 (compatible; Barkrowler/0.9; +https://babbar.tech/crawler)"
217.113.194.111 - - [23/Feb/2026:15:38:23 +0000] "GET /languages/german/page/2/ HTTP/1.1" 301 178 "-" "Mozilla/5.0 (compatible; Barkrowler/0.9; +https://babbar.tech/crawler)"
98.98.33.53 - - [23/Feb/2026:15:38:59 +0000] "POST /xmlrpc.php HTTP/1.1" 301 178 "-" "Mozilla/5.0 (Windows NT 10.0; Win64; x64) AppleWebKit/537.36 (KHTML, like Gecko) Chrome/114.0.0.0 Safari/537.36"
217.113.194.103 - - [23/Feb/2026:15:39:03 +0000] "GET /author/sofia-brient/ HTTP/1.1" 301 178 "-" "Mozilla/5.0 (compatible; Barkrowler/0.9; +https://babbar.tech/crawler)"
172.187.168.139 - - [23/Feb/2026:15:39:06 +0000] "POST /wp-cron.php?doing_wp_cron=1771861146.3351740837097167968750 HTTP/1.1" 200 31 "-" "WordPress/6.9; https://mentoring-wp.dreamsmarketplace.com"
98.98.33.53 - - [23/Feb/2026:15:39:06 +0000] "GET /xmlrpc.php HTTP/1.1" 405 53 "-" "Mozilla/5.0 (Windows NT 10.0; Win64; x64) AppleWebKit/537.36 (KHTML, like Gecko) Chrome/114.0.0.0 Safari/537.36"
98.98.33.53 - - [23/Feb/2026:15:39:07 +0000] "POST /xmlrpc.php HTTP/1.1" 301 178 "-" "Mozilla/5.0 (Windows NT 10.0; Win64; x64) AppleWebKit/537.36 (KHTML, like Gecko) Chrome/114.0.0.0 Safari/537.36"
172.187.168.139 - - [23/Feb/2026:15:39:10 +0000] "POST /wp-cron.php?doing_wp_cron=1771861150.5120990276336669921875 HTTP/1.1" 200 31 "-" "WordPress/6.9; https://mentoring-wp.dreamsmarketplace.com"
98.98.33.53 - - [23/Feb/2026:15:39:10 +0000] "GET /xmlrpc.php HTTP/1.1" 405 53 "-" "Mozilla/5.0 (Windows NT 10.0; Win64; x64) AppleWebKit/537.36 (KHTML, like Gecko) Chrome/114.0.0.0 Safari/537.36"
217.113.194.247 - - [23/Feb/2026:15:39:46 +0000] "GET /mentors/james-amen/ HTTP/1.1" 301 178 "-" "Mozilla/5.0 (compatible; Barkrowler/0.9; +https://babbar.tech/crawler)"
217.113.194.111 - - [23/Feb/2026:15:40:29 +0000] "GET /sexual-well-being-for-teens/ HTTP/1.1" 301 178 "-" "Mozilla/5.0 (compatible; Barkrowler/0.9; +https://babbar.tech/crawler)"
128.1.179.114 - - [23/Feb/2026:15:40:30 +0000] "POST /xmlrpc.php HTTP/1.1" 301 178 "-" "Mozilla/5.0 (Windows NT 10.0; Win64; x64) AppleWebKit/537.36 (KHTML, like Gecko) Chrome/114.0.0.0 Safari/537.36"
172.187.168.139 - - [23/Feb/2026:15:40:33 +0000] "POST /wp-cron.php?doing_wp_cron=1771861233.6269090175628662109375 HTTP/1.1" 200 31 "-" "WordPress/6.9; https://mentoring-wp.dreamsmarketplace.com"
128.1.179.114 - - [23/Feb/2026:15:40:33 +0000] "GET /xmlrpc.php HTTP/1.1" 405 53 "-" "Mozilla/5.0 (Windows NT 10.0; Win64; x64) AppleWebKit/537.36 (KHTML, like Gecko) Chrome/114.0.0.0 Safari/537.36"
128.1.179.114 - - [23/Feb/2026:15:40:35 +0000] "POST /xmlrpc.php HTTP/1.1" 301 178 "-" "Mozilla/5.0 (Windows NT 10.0; Win64; x64) AppleWebKit/537.36 (KHTML, like Gecko) Chrome/114.0.0.0 Safari/537.36"
172.187.168.139 - - [23/Feb/2026:15:40:37 +0000] "POST /wp-cron.php?doing_wp_cron=1771861237.5759251117706298828125 HTTP/1.1" 200 31 "-" "WordPress/6.9; https://mentoring-wp.dreamsmarketplace.com"
128.1.179.114 - - [23/Feb/2026:15:40:37 +0000] "GET /xmlrpc.php HTTP/1.1" 405 53 "-" "Mozilla/5.0 (Windows NT 10.0; Win64; x64) AppleWebKit/537.36 (KHTML, like Gecko) Chrome/114.0.0.0 Safari/537.36"
123.19.100.101 - - [23/Feb/2026:15:41:05 +0000] "GET /erreichbar-siehe-diese-seite-spielbank-via-handyrechnung-saldieren-brd/ HTTP/1.1" 301 178 "-" "Mozilla/5.0 (Windows NT 6.1; Win64; x64) AppleWebKit/537.36 (KHTML, like Gecko) Chrome/88.0.4324.190 Safari/537.36"
172.187.168.139 - - [23/Feb/2026:15:41:08 +0000] "POST /wp-cron.php?doing_wp_cron=1771861268.7704710960388183593750 HTTP/1.1" 200 31 "-" "WordPress/6.9; https://mentoring-wp.dreamsmarketplace.com"
123.24.255.100 - - [23/Feb/2026:15:41:08 +0000] "GET /erreichbar-siehe-diese-seite-spielbank-via-handyrechnung-saldieren-brd/ HTTP/1.1" 404 10956 "-" "Mozilla/5.0 (Windows NT 6.1; Win64; x64) AppleWebKit/537.36 (KHTML, like Gecko) Chrome/88.0.4324.190 Safari/537.36"
154.54.249.203 - - [23/Feb/2026:15:41:09 +0000] "GET /mentors/carl-kelly/ HTTP/1.1" 301 178 "-" "Mozilla/5.0 (compatible; Barkrowler/0.9; +https://babbar.tech/crawler)"
217.113.194.103 - - [23/Feb/2026:15:41:49 +0000] "GET /languages/english/page/2/ HTTP/1.1" 301 178 "-" "Mozilla/5.0 (compatible; Barkrowler/0.9; +https://babbar.tech/crawler)"
2a03:2880:f800:36:: - - [23/Feb/2026:15:42:05 +0000] "GET /casino-bonusser-prov-denne-hjemmeside-uden-giroindbetalin-maned-2025/ HTTP/1.1" 301 178 "-" "meta-externalagent/1.1 (+https://developers.facebook.com/docs/sharing/webmasters/crawler)"
217.113.194.223 - - [23/Feb/2026:15:42:28 +0000] "GET /real-money-online-slots-games/ HTTP/1.1" 301 178 "-" "Mozilla/5.0 (compatible; Barkrowler/0.9; +https://babbar.tech/crawler)"
217.113.194.104 - - [23/Feb/2026:15:43:12 +0000] "GET /mentors/mentor-demo/ HTTP/1.1" 301 178 "-" "Mozilla/5.0 (compatible; Barkrowler/0.9; +https://babbar.tech/crawler)"
154.54.249.203 - - [23/Feb/2026:15:43:52 +0000] "GET /mentors/ruby-perrin/page/2/ HTTP/1.1" 301 178 "-" "Mozilla/5.0 (compatible; Barkrowler/0.9; +https://babbar.tech/crawler)"
217.113.194.103 - - [23/Feb/2026:15:44:31 +0000] "GET /mentors/marvin-downey/ HTTP/1.1" 301 178 "-" "Mozilla/5.0 (compatible; Barkrowler/0.9; +https://babbar.tech/crawler)"
217.113.194.108 - - [23/Feb/2026:15:45:14 +0000] "GET /mentors/sofia-brient/page/2/ HTTP/1.1" 301 178 "-" "Mozilla/5.0 (compatible; Barkrowler/0.9; +https://babbar.tech/crawler)"
217.113.194.223 - - [23/Feb/2026:15:45:57 +0000] "GET /from-skincare-to-protein-powders/ HTTP/1.1" 301 178 "-" "Mozilla/5.0 (compatible; Barkrowler/0.9; +https://babbar.tech/crawler)"
98.98.9.58 - - [23/Feb/2026:15:46:24 +0000] "POST /xmlrpc.php HTTP/1.1" 301 178 "-" "Mozilla/5.0 (Windows NT 10.0; Win64; x64) AppleWebKit/537.36 (KHTML, like Gecko) Chrome/114.0.0.0 Safari/537.36"
172.187.168.139 - - [23/Feb/2026:15:46:26 +0000] "POST /wp-cron.php?doing_wp_cron=1771861586.9271800518035888671875 HTTP/1.1" 200 31 "-" "WordPress/6.9; https://mentoring-wp.dreamsmarketplace.com"
98.98.9.58 - - [23/Feb/2026:15:46:27 +0000] "GET /xmlrpc.php HTTP/1.1" 405 53 "-" "Mozilla/5.0 (Windows NT 10.0; Win64; x64) AppleWebKit/537.36 (KHTML, like Gecko) Chrome/114.0.0.0 Safari/537.36"
98.98.9.58 - - [23/Feb/2026:15:46:28 +0000] "POST /xmlrpc.php HTTP/1.1" 301 178 "-" "Mozilla/5.0 (Windows NT 10.0; Win64; x64) AppleWebKit/537.36 (KHTML, like Gecko) Chrome/114.0.0.0 Safari/537.36"
172.187.168.139 - - [23/Feb/2026:15:46:30 +0000] "POST /wp-cron.php?doing_wp_cron=1771861590.7757799625396728515625 HTTP/1.1" 200 31 "-" "WordPress/6.9; https://mentoring-wp.dreamsmarketplace.com"
98.98.9.58 - - [23/Feb/2026:15:46:30 +0000] "GET /xmlrpc.php HTTP/1.1" 405 53 "-" "Mozilla/5.0 (Windows NT 10.0; Win64; x64) AppleWebKit/537.36 (KHTML, like Gecko) Chrome/114.0.0.0 Safari/537.36"
217.113.194.109 - - [23/Feb/2026:15:46:34 +0000] "GET /before-we-leap-into-comparison/ HTTP/1.1" 301 178 "-" "Mozilla/5.0 (compatible; Barkrowler/0.9; +https://babbar.tech/crawler)"
172.187.168.139 - - [23/Feb/2026:15:46:46 +0000] "POST /wp-cron.php?doing_wp_cron=1771861606.4689970016479492187500 HTTP/1.1" 200 31 "-" "WordPress/6.9; https://mentoring-wp.dreamsmarketplace.com"
207.46.13.63 - - [23/Feb/2026:15:46:46 +0000] "GET /revolut-casinoer-indre-casinopop-100-gratis-spinn-sett-norge-2026-spill-og-revolut-igang-casino/ HTTP/1.1" 404 10969 "-" "Mozilla/5.0 AppleWebKit/537.36 (KHTML, like Gecko; compatible; bingbot/2.0; +http://www.bing.com/bingbot.htm) Chrome/116.0.1938.76 Safari/537.36"
217.113.194.104 - - [23/Feb/2026:15:47:10 +0000] "GET /mentors/travis-trimble/page/2/ HTTP/1.1" 301 178 "-" "Mozilla/5.0 (compatible; Barkrowler/0.9; +https://babbar.tech/crawler)"
217.113.194.107 - - [23/Feb/2026:15:47:49 +0000] "GET /mentors/deborah-angel/page/2/ HTTP/1.1" 301 178 "-" "Mozilla/5.0 (compatible; Barkrowler/0.9; +https://babbar.tech/crawler)"
150.228.49.137 - - [23/Feb/2026:15:48:12 +0000] "POST /xmlrpc.php HTTP/1.1" 301 178 "https://mentoring-wp.dreamstechnologies.com/" "Mozilla/5.0 (Windows NT 10.0; Win64; x64) AppleWebKit/537.36 (KHTML, like Gecko) Chrome/125.0.6422.112 Safari/537.36 OPR/111.0.5180.43"
172.187.168.139 - - [23/Feb/2026:15:48:14 +0000] "POST /wp-cron.php?doing_wp_cron=1771861694.1332418918609619140625 HTTP/1.1" 200 31 "-" "WordPress/6.9; https://mentoring-wp.dreamsmarketplace.com"
95.104.20.233 - - [23/Feb/2026:15:48:14 +0000] "GET /xmlrpc.php HTTP/1.1" 405 53 "https://mentoring-wp.dreamstechnologies.com/" "Mozilla/5.0 (Windows NT 10.0; Win64; x64) AppleWebKit/537.36 (KHTML, like Gecko) Chrome/125.0.6422.112 Safari/537.36 OPR/111.0.5180.43"
150.228.49.137 - - [23/Feb/2026:15:48:14 +0000] "POST /xmlrpc.php HTTP/1.1" 301 178 "https://mentoring-wp.dreamstechnologies.com/" "Mozilla/5.0 (Windows NT 10.0; Win64; x64) AppleWebKit/537.36 (KHTML, like Gecko) Chrome/126.0.6478.78 Safari/537.36 Brave/1.67.123"
172.187.168.139 - - [23/Feb/2026:15:48:15 +0000] "POST /wp-cron.php?doing_wp_cron=1771861695.4373788833618164062500 HTTP/1.1" 200 31 "-" "WordPress/6.9; https://mentoring-wp.dreamsmarketplace.com"
95.104.20.233 - - [23/Feb/2026:15:48:15 +0000] "GET /xmlrpc.php HTTP/1.1" 405 53 "https://mentoring-wp.dreamstechnologies.com/" "Mozilla/5.0 (Windows NT 10.0; Win64; x64) AppleWebKit/537.36 (KHTML, like Gecko) Chrome/126.0.6478.78 Safari/537.36 Brave/1.67.123"
217.113.194.109 - - [23/Feb/2026:15:48:29 +0000] "GET /mentors/marvin-downey/page/2/ HTTP/1.1" 301 178 "-" "Mozilla/5.0 (compatible; Barkrowler/0.9; +https://babbar.tech/crawler)"
2a03:2880:f800:6:: - - [23/Feb/2026:15:49:01 +0000] "GET /rotiri-gratuite-insa-plata-mermaids-pearl-casino-2024-lista-bonusuri-de-ultima-mea-postare-pe-blog-5-000-rotiri/ HTTP/1.1" 301 178 "-" "meta-externalagent/1.1 (+https://developers.facebook.com/docs/sharing/webmasters/crawler)"
217.113.194.105 - - [23/Feb/2026:15:49:05 +0000] "GET /mentors/batty-hairston/page/9/ HTTP/1.1" 301 178 "-" "Mozilla/5.0 (compatible; Barkrowler/0.9; +https://babbar.tech/crawler)"
217.113.194.105 - - [23/Feb/2026:15:49:42 +0000] "GET /mentors/marvin-downey/page/9/ HTTP/1.1" 301 178 "-" "Mozilla/5.0 (compatible; Barkrowler/0.9; +https://babbar.tech/crawler)"
172.187.168.139 - - [23/Feb/2026:15:50:06 +0000] "POST /wp-cron.php?doing_wp_cron=1771861806.5815839767456054687500 HTTP/1.1" 200 31 "-" "WordPress/6.9; https://mentoring-wp.dreamsmarketplace.com"
207.46.13.63 - - [23/Feb/2026:15:50:06 +0000] "GET /kostenlos-pervelues-verde-casino-lojera-live-dhe-une-jam-nje-institucion-i-lojerave-te-fatit-novoline-ne-internet/ HTTP/1.1" 404 10991 "-" "Mozilla/5.0 AppleWebKit/537.36 (KHTML, like Gecko; compatible; bingbot/2.0; +http://www.bing.com/bingbot.htm) Chrome/116.0.1938.76 Safari/537.36"
217.113.194.247 - - [23/Feb/2026:15:50:19 +0000] "GET /mentors/katharine-berthold/page/2/ HTTP/1.1" 301 178 "-" "Mozilla/5.0 (compatible; Barkrowler/0.9; +https://babbar.tech/crawler)"
2a03:2880:f800:7:: - - [23/Feb/2026:15:50:27 +0000] "GET /spielbank-maklercourtage-ohne-einzahlung-no-vorleistung-casinos-2026/ HTTP/1.1" 301 178 "-" "meta-externalagent/1.1 (+https://developers.facebook.com/docs/sharing/webmasters/crawler)"
2a03:2880:f800:39:: - - [23/Feb/2026:15:50:48 +0000] "GET /finest-pink-panther-online-slot-crypto-and-you-can-bitcoin-ports-internet-sites-in-the-2026/ HTTP/1.1" 301 178 "-" "meta-externalagent/1.1 (+https://developers.facebook.com/docs/sharing/webmasters/crawler)"
217.113.194.103 - - [23/Feb/2026:15:50:59 +0000] "GET /claim-internet-casino-coupons-on-the-u-s-2025/ HTTP/1.1" 301 178 "-" "Mozilla/5.0 (compatible; Barkrowler/0.9; +https://babbar.tech/crawler)"
172.187.168.139 - - [23/Feb/2026:15:51:35 +0000] "POST /wp-cron.php?doing_wp_cron=1771861895.0349268913269042968750 HTTP/1.1" 200 31 "-" "WordPress/6.9; https://mentoring-wp.dreamsmarketplace.com"
40.77.167.77 - - [23/Feb/2026:15:51:35 +0000] "GET /bred-poker-her-jackpot-6000-spilleautomat-for-ekte-penger-kan-aloha-1-bidrag-du-anlegge-poker-pa-nett-forbilde-autonom/ HTTP/1.1" 404 10989 "-" "Mozilla/5.0 AppleWebKit/537.36 (KHTML, like Gecko; compatible; bingbot/2.0; +http://www.bing.com/bingbot.htm) Chrome/116.0.1938.76 Safari/537.36"
217.113.194.102 - - [23/Feb/2026:15:51:43 +0000] "GET /publication-from-ra-casino-position-igra/ HTTP/1.1" 301 178 "-" "Mozilla/5.0 (compatible; Barkrowler/0.9; +https://babbar.tech/crawler)"
172.187.168.139 - - [23/Feb/2026:15:52:17 +0000] "POST /wp-cron.php?doing_wp_cron=1771861937.6466319561004638671875 HTTP/1.1" 200 31 "-" "WordPress/6.9; https://mentoring-wp.dreamsmarketplace.com"
149.5.4.71 - - [23/Feb/2026:15:52:17 +0000] "GET /register/ HTTP/1.1" 200 12106 "http://mentoring-wp.dreamsmarketplace.com/register/" "Mozilla/5.0 (Windows NT 10.0; Win64; x64; Xbox; Xbox One) AppleWebKit/537.36 (KHTML, like Gecko) Chrome/114.0.0.0 Safari/537.36 Edge/44.18363.8131"
217.113.194.247 - - [23/Feb/2026:15:52:20 +0000] "GET /while-making-an-attempt-every-product/ HTTP/1.1" 301 178 "-" "Mozilla/5.0 (compatible; Barkrowler/0.9; +https://babbar.tech/crawler)"
2a03:2880:f800:1:: - - [23/Feb/2026:15:52:22 +0000] "GET /888-gambling-enterprise-paysafecard-casino-mobile-software-review-down-load-and-you-can-bonus-2023/ HTTP/1.1" 301 178 "-" "meta-externalagent/1.1 (+https://developers.facebook.com/docs/sharing/webmasters/crawler)"
217.113.194.108 - - [23/Feb/2026:15:53:01 +0000] "GET /with-the-rise-of-on-line-purchasing-and-social-media/ HTTP/1.1" 301 178 "-" "Mozilla/5.0 (compatible; Barkrowler/0.9; +https://babbar.tech/crawler)"
217.113.194.111 - - [23/Feb/2026:15:53:38 +0000] "GET /the-iconic-louis-vuitton-pochette-metis-bag/ HTTP/1.1" 301 178 "-" "Mozilla/5.0 (compatible; Barkrowler/0.9; +https://babbar.tech/crawler)"
217.113.194.104 - - [23/Feb/2026:15:54:14 +0000] "GET /scrape-and-you-may-victory-notes-miscellaneous/ HTTP/1.1" 301 178 "-" "Mozilla/5.0 (compatible; Barkrowler/0.9; +https://babbar.tech/crawler)"
217.113.194.247 - - [23/Feb/2026:15:54:55 +0000] "GET /a-quick-report-on-the-fresh-titanic-crisis/ HTTP/1.1" 301 178 "-" "Mozilla/5.0 (compatible; Barkrowler/0.9; +https://babbar.tech/crawler)"
217.113.194.223 - - [23/Feb/2026:15:55:30 +0000] "GET /totally-free-ports-on-line-public-local-casino/ HTTP/1.1" 301 178 "-" "Mozilla/5.0 (compatible; Barkrowler/0.9; +https://babbar.tech/crawler)"
161.77.74.37 - - [23/Feb/2026:15:55:48 +0000] "POST /xmlrpc.php HTTP/1.1" 301 178 "-" "Python-xmlrpc/3.11"
217.113.194.111 - - [23/Feb/2026:15:56:06 +0000] "GET /but-sex-toys-arent-only-for-single-people/ HTTP/1.1" 301 178 "-" "Mozilla/5.0 (compatible; Barkrowler/0.9; +https://babbar.tech/crawler)"
217.113.194.106 - - [23/Feb/2026:15:56:40 +0000] "GET /amplify-every-moment-transform-your-mobile-casino/ HTTP/1.1" 301 178 "-" "Mozilla/5.0 (compatible; Barkrowler/0.9; +https://babbar.tech/crawler)"
217.113.194.247 - - [23/Feb/2026:15:57:15 +0000] "GET /however-all-supplied-info-is-for-informational-functions/ HTTP/1.1" 301 178 "-" "Mozilla/5.0 (compatible; Barkrowler/0.9; +https://babbar.tech/crawler)"
2a01:cb00:b8c:4f00:4455:b4fe:9724:89d9 - - [23/Feb/2026:15:57:20 +0000] "GET / HTTP/1.1" 301 178 "https://preview.themeforest.net/" "Mozilla/5.0 (Windows NT 10.0; Win64; x64) AppleWebKit/537.36 (KHTML, like Gecko) Chrome/145.0.0.0 Safari/537.36"
172.187.168.139 - - [23/Feb/2026:15:57:22 +0000] "POST /wp-cron.php?doing_wp_cron=1771862242.3558950424194335937500 HTTP/1.1" 200 31 "-" "WordPress/6.9; https://mentoring-wp.dreamsmarketplace.com"
2a01:cb00:b8c:4f00:4455:b4fe:9724:89d9 - - [23/Feb/2026:15:57:22 +0000] "GET / HTTP/1.1" 200 14896 "https://preview.themeforest.net/" "Mozilla/5.0 (Windows NT 10.0; Win64; x64) AppleWebKit/537.36 (KHTML, like Gecko) Chrome/145.0.0.0 Safari/537.36"
2a01:cb00:b8c:4f00:4455:b4fe:9724:89d9 - - [23/Feb/2026:15:57:22 +0000] "GET /wp-content/themes/mentoring/assets/css/slick.css?ver=1.0.0 HTTP/1.1" 200 1794 "https://mentoring-wp.dreamsmarketplace.com/" "Mozilla/5.0 (Windows NT 10.0; Win64; x64) AppleWebKit/537.36 (KHTML, like Gecko) Chrome/145.0.0.0 Safari/537.36"
2a01:cb00:b8c:4f00:4455:b4fe:9724:89d9 - - [23/Feb/2026:15:57:22 +0000] "GET /wp-content/plugins/contact-form-7/includes/css/styles.css?ver=6.1.4 HTTP/1.1" 200 2947 "https://mentoring-wp.dreamsmarketplace.com/" "Mozilla/5.0 (Windows NT 10.0; Win64; x64) AppleWebKit/537.36 (KHTML, like Gecko) Chrome/145.0.0.0 Safari/537.36"
2a01:cb00:b8c:4f00:4455:b4fe:9724:89d9 - - [23/Feb/2026:15:57:22 +0000] "GET /wp-content/themes/mentoring/assets/css/magnific-popup.css?ver=1.1.0 HTTP/1.1" 200 7764 "https://mentoring-wp.dreamsmarketplace.com/" "Mozilla/5.0 (Windows NT 10.0; Win64; x64) AppleWebKit/537.36 (KHTML, like Gecko) Chrome/145.0.0.0 Safari/537.36"
2a01:cb00:b8c:4f00:4455:b4fe:9724:89d9 - - [23/Feb/2026:15:57:22 +0000] "GET /wp-content/themes/mentoring/assets/css/flaticon.css?ver=1.3.5 HTTP/1.1" 200 3397 "https://mentoring-wp.dreamsmarketplace.com/" "Mozilla/5.0 (Windows NT 10.0; Win64; x64) AppleWebKit/537.36 (KHTML, like Gecko) Chrome/145.0.0.0 Safari/537.36"
2a01:cb00:b8c:4f00:4455:b4fe:9724:89d9 - - [23/Feb/2026:15:57:22 +0000] "GET /wp-content/themes/mentoring/style.css?ver=6.9 HTTP/1.1" 200 134452 "https://mentoring-wp.dreamsmarketplace.com/" "Mozilla/5.0 (Windows NT 10.0; Win64; x64) AppleWebKit/537.36 (KHTML, like Gecko) Chrome/145.0.0.0 Safari/537.36"
2a01:cb00:b8c:4f00:4455:b4fe:9724:89d9 - - [23/Feb/2026:15:57:22 +0000] "GET /wp-content/themes/mentoring/assets/css/all.min.css?ver=6.4.2 HTTP/1.1" 200 102157 "https://mentoring-wp.dreamsmarketplace.com/" "Mozilla/5.0 (Windows NT 10.0; Win64; x64) AppleWebKit/537.36 (KHTML, like Gecko) Chrome/145.0.0.0 Safari/537.36"
2a01:cb00:b8c:4f00:4455:b4fe:9724:89d9 - - [23/Feb/2026:15:57:22 +0000] "GET /wp-content/plugins/frontend-reset-password/assets/css/password-lost.css?ver=6.9 HTTP/1.1" 200 1881 "https://mentoring-wp.dreamsmarketplace.com/" "Mozilla/5.0 (Windows NT 10.0; Win64; x64) AppleWebKit/537.36 (KHTML, like Gecko) Chrome/145.0.0.0 Safari/537.36"
2a01:cb00:b8c:4f00:4455:b4fe:9724:89d9 - - [23/Feb/2026:15:57:22 +0000] "GET /wp-content/themes/mentoring/assets/css/animate.min.css?ver=4.1.1 HTTP/1.1" 200 71750 "https://mentoring-wp.dreamsmarketplace.com/" "Mozilla/5.0 (Windows NT 10.0; Win64; x64) AppleWebKit/537.36 (KHTML, like Gecko) Chrome/145.0.0.0 Safari/537.36"
2a01:cb00:b8c:4f00:4455:b4fe:9724:89d9 - - [23/Feb/2026:15:57:22 +0000] "GET /wp-content/plugins/woocommerce/assets/css/select2.css?ver=10.4.3 HTTP/1.1" 200 14621 "https://mentoring-wp.dreamsmarketplace.com/" "Mozilla/5.0 (Windows NT 10.0; Win64; x64) AppleWebKit/537.36 (KHTML, like Gecko) Chrome/145.0.0.0 Safari/537.36"
2a01:cb00:b8c:4f00:4455:b4fe:9724:89d9 - - [23/Feb/2026:15:57:22 +0000] "GET /wp-content/themes/mentoring/assets/css/dynamic.css?ver=6.9 HTTP/1.1" 200 48 "https://mentoring-wp.dreamsmarketplace.com/" "Mozilla/5.0 (Windows NT 10.0; Win64; x64) AppleWebKit/537.36 (KHTML, like Gecko) Chrome/145.0.0.0 Safari/537.36"
2a01:cb00:b8c:4f00:4455:b4fe:9724:89d9 - - [23/Feb/2026:15:57:22 +0000] "GET /wp-content/themes/mentoring/assets/css/responsive.css?ver=1.3.5 HTTP/1.1" 200 37909 "https://mentoring-wp.dreamsmarketplace.com/" "Mozilla/5.0 (Windows NT 10.0; Win64; x64) AppleWebKit/537.36 (KHTML, like Gecko) Chrome/145.0.0.0 Safari/537.36"
2a01:cb00:b8c:4f00:4455:b4fe:9724:89d9 - - [23/Feb/2026:15:57:22 +0000] "GET /wp-content/themes/mentoring/assets/css/font-awesome.min.css?ver=6.4.2 HTTP/1.1" 200 80823 "https://mentoring-wp.dreamsmarketplace.com/" "Mozilla/5.0 (Windows NT 10.0; Win64; x64) AppleWebKit/537.36 (KHTML, like Gecko) Chrome/145.0.0.0 Safari/537.36"
2a01:cb00:b8c:4f00:4455:b4fe:9724:89d9 - - [23/Feb/2026:15:57:22 +0000] "GET /wp-content/themes/mentoring/assets/css/theme-woocommerce.css?ver=1.0.0 HTTP/1.1" 200 123644 "https://mentoring-wp.dreamsmarketplace.com/" "Mozilla/5.0 (Windows NT 10.0; Win64; x64) AppleWebKit/537.36 (KHTML, like Gecko) Chrome/145.0.0.0 Safari/537.36"
2a01:cb00:b8c:4f00:4455:b4fe:9724:89d9 - - [23/Feb/2026:15:57:22 +0000] "GET /wp-includes/js/jquery/jquery.min.js?ver=3.7.1 HTTP/1.1" 200 87553 "https://mentoring-wp.dreamsmarketplace.com/" "Mozilla/5.0 (Windows NT 10.0; Win64; x64) AppleWebKit/537.36 (KHTML, like Gecko) Chrome/145.0.0.0 Safari/537.36"
2a01:cb00:b8c:4f00:4455:b4fe:9724:89d9 - - [23/Feb/2026:15:57:22 +0000] "GET /wp-content/themes/mentoring/assets/css/v4-shims.min.css?ver=5.11.2 HTTP/1.1" 200 34405 "https://mentoring-wp.dreamsmarketplace.com/" "Mozilla/5.0 (Windows NT 10.0; Win64; x64) AppleWebKit/537.36 (KHTML, like Gecko) Chrome/145.0.0.0 Safari/537.36"
2a01:cb00:b8c:4f00:4455:b4fe:9724:89d9 - - [23/Feb/2026:15:57:22 +0000] "GET /wp-content/uploads/2022/06/user8.jpg HTTP/1.1" 200 14436 "https://mentoring-wp.dreamsmarketplace.com/" "Mozilla/5.0 (Windows NT 10.0; Win64; x64) AppleWebKit/537.36 (KHTML, like Gecko) Chrome/145.0.0.0 Safari/537.36"
2a01:cb00:b8c:4f00:4455:b4fe:9724:89d9 - - [23/Feb/2026:15:57:22 +0000] "GET /wp-content/themes/mentoring/assets/css/theme.css?ver=1.3.5 HTTP/1.1" 200 454148 "https://mentoring-wp.dreamsmarketplace.com/" "Mozilla/5.0 (Windows NT 10.0; Win64; x64) AppleWebKit/537.36 (KHTML, like Gecko) Chrome/145.0.0.0 Safari/537.36"
2a01:cb00:b8c:4f00:4455:b4fe:9724:89d9 - - [23/Feb/2026:15:57:22 +0000] "GET /wp-content/plugins/woocommerce/assets/client/blocks/wc-blocks.css?ver=wc-10.4.3 HTTP/1.1" 200 14006 "https://mentoring-wp.dreamsmarketplace.com/" "Mozilla/5.0 (Windows NT 10.0; Win64; x64) AppleWebKit/537.36 (KHTML, like Gecko) Chrome/145.0.0.0 Safari/537.36"
2a01:cb00:b8c:4f00:4455:b4fe:9724:89d9 - - [23/Feb/2026:15:57:22 +0000] "GET /wp-content/themes/mentoring/assets/images/logo.png HTTP/1.1" 200 9631 "https://mentoring-wp.dreamsmarketplace.com/" "Mozilla/5.0 (Windows NT 10.0; Win64; x64) AppleWebKit/537.36 (KHTML, like Gecko) Chrome/145.0.0.0 Safari/537.36"
2a01:cb00:b8c:4f00:4455:b4fe:9724:89d9 - - [23/Feb/2026:15:57:22 +0000] "GET /wp-includes/js/jquery/jquery-migrate.min.js?ver=3.4.1 HTTP/1.1" 200 13577 "https://mentoring-wp.dreamsmarketplace.com/" "Mozilla/5.0 (Windows NT 10.0; Win64; x64) AppleWebKit/537.36 (KHTML, like Gecko) Chrome/145.0.0.0 Safari/537.36"
2a01:cb00:b8c:4f00:4455:b4fe:9724:89d9 - - [23/Feb/2026:15:57:22 +0000] "GET /wp-content/themes/mentoring/assets/css/bootstrap.min.css?ver=5.3.2 HTTP/1.1" 200 232948 "https://mentoring-wp.dreamsmarketplace.com/" "Mozilla/5.0 (Windows NT 10.0; Win64; x64) AppleWebKit/537.36 (KHTML, like Gecko) Chrome/145.0.0.0 Safari/537.36"
2a01:cb00:b8c:4f00:4455:b4fe:9724:89d9 - - [23/Feb/2026:15:57:22 +0000] "GET /wp-content/themes/mentoring/assets/css/dashboard.css?ver=6.9 HTTP/1.1" 200 254659 "https://mentoring-wp.dreamsmarketplace.com/" "Mozilla/5.0 (Windows NT 10.0; Win64; x64) AppleWebKit/537.36 (KHTML, like Gecko) Chrome/145.0.0.0 Safari/537.36"
2a01:cb00:b8c:4f00:4455:b4fe:9724:89d9 - - [23/Feb/2026:15:57:22 +0000] "GET /wp-content/uploads/2022/06/user2-1.jpg HTTP/1.1" 200 13069 "https://mentoring-wp.dreamsmarketplace.com/" "Mozilla/5.0 (Windows NT 10.0; Win64; x64) AppleWebKit/537.36 (KHTML, like Gecko) Chrome/145.0.0.0 Safari/537.36"
2a01:cb00:b8c:4f00:4455:b4fe:9724:89d9 - - [23/Feb/2026:15:57:22 +0000] "GET /wp-content/uploads/2022/06/user4-1.jpg HTTP/1.1" 200 21157 "https://mentoring-wp.dreamsmarketplace.com/" "Mozilla/5.0 (Windows NT 10.0; Win64; x64) AppleWebKit/537.36 (KHTML, like Gecko) Chrome/145.0.0.0 Safari/537.36"
2a01:cb00:b8c:4f00:4455:b4fe:9724:89d9 - - [23/Feb/2026:15:57:22 +0000] "GET /wp-includes/js/dist/hooks.min.js?ver=dd5603f07f9220ed27f1 HTTP/1.1" 200 5661 "https://mentoring-wp.dreamsmarketplace.com/" "Mozilla/5.0 (Windows NT 10.0; Win64; x64) AppleWebKit/537.36 (KHTML, like Gecko) Chrome/145.0.0.0 Safari/537.36"
2a01:cb00:b8c:4f00:4455:b4fe:9724:89d9 - - [23/Feb/2026:15:57:22 +0000] "GET /wp-includes/js/imagesloaded.min.js?ver=5.0.0 HTTP/1.1" 200 5520 "https://mentoring-wp.dreamsmarketplace.com/" "Mozilla/5.0 (Windows NT 10.0; Win64; x64) AppleWebKit/537.36 (KHTML, like Gecko) Chrome/145.0.0.0 Safari/537.36"
2a01:cb00:b8c:4f00:4455:b4fe:9724:89d9 - - [23/Feb/2026:15:57:22 +0000] "GET /wp-content/plugins/frontend-reset-password/assets/js/password-lost.js?ver=1.0.0 HTTP/1.1" 200 860 "https://mentoring-wp.dreamsmarketplace.com/" "Mozilla/5.0 (Windows NT 10.0; Win64; x64) AppleWebKit/537.36 (KHTML, like Gecko) Chrome/145.0.0.0 Safari/537.36"
2a01:cb00:b8c:4f00:4455:b4fe:9724:89d9 - - [23/Feb/2026:15:57:22 +0000] "GET /wp-content/themes/mentoring/assets/js/bootstrap.bundle.min.js?ver=5.3.2 HTTP/1.1" 200 80663 "https://mentoring-wp.dreamsmarketplace.com/" "Mozilla/5.0 (Windows NT 10.0; Win64; x64) AppleWebKit/537.36 (KHTML, like Gecko) Chrome/145.0.0.0 Safari/537.36"
2a01:cb00:b8c:4f00:4455:b4fe:9724:89d9 - - [23/Feb/2026:15:57:22 +0000] "GET /wp-includes/js/masonry.min.js?ver=4.2.2 HTTP/1.1" 200 24138 "https://mentoring-wp.dreamsmarketplace.com/" "Mozilla/5.0 (Windows NT 10.0; Win64; x64) AppleWebKit/537.36 (KHTML, like Gecko) Chrome/145.0.0.0 Safari/537.36"
2a01:cb00:b8c:4f00:4455:b4fe:9724:89d9 - - [23/Feb/2026:15:57:22 +0000] "GET /wp-content/themes/mentoring/assets/js/magnific-popup.js?ver=1.1.0 HTTP/1.1" 200 45448 "https://mentoring-wp.dreamsmarketplace.com/" "Mozilla/5.0 (Windows NT 10.0; Win64; x64) AppleWebKit/537.36 (KHTML, like Gecko) Chrome/145.0.0.0 Safari/537.36"
2a01:cb00:b8c:4f00:4455:b4fe:9724:89d9 - - [23/Feb/2026:15:57:22 +0000] "GET /wp-content/themes/mentoring/assets/js/mentoring_callback.js?ver=1.3.5 HTTP/1.1" 200 53713 "https://mentoring-wp.dreamsmarketplace.com/" "Mozilla/5.0 (Windows NT 10.0; Win64; x64) AppleWebKit/537.36 (KHTML, like Gecko) Chrome/145.0.0.0 Safari/537.36"
2a01:cb00:b8c:4f00:4455:b4fe:9724:89d9 - - [23/Feb/2026:15:57:22 +0000] "GET /wp-content/themes/mentoring/assets/js/isotope.min.js?ver=6.9 HTTP/1.1" 200 35428 "https://mentoring-wp.dreamsmarketplace.com/" "Mozilla/5.0 (Windows NT 10.0; Win64; x64) AppleWebKit/537.36 (KHTML, like Gecko) Chrome/145.0.0.0 Safari/537.36"
2a01:cb00:b8c:4f00:4455:b4fe:9724:89d9 - - [23/Feb/2026:15:57:22 +0000] "GET /wp-includes/js/dist/i18n.min.js?ver=c26c3dc7bed366793375 HTTP/1.1" 200 5314 "https://mentoring-wp.dreamsmarketplace.com/" "Mozilla/5.0 (Windows NT 10.0; Win64; x64) AppleWebKit/537.36 (KHTML, like Gecko) Chrome/145.0.0.0 Safari/537.36"
2a01:cb00:b8c:4f00:4455:b4fe:9724:89d9 - - [23/Feb/2026:15:57:22 +0000] "GET /wp-content/plugins/contact-form-7/includes/swv/js/index.js?ver=6.1.4 HTTP/1.1" 200 12512 "https://mentoring-wp.dreamsmarketplace.com/" "Mozilla/5.0 (Windows NT 10.0; Win64; x64) AppleWebKit/537.36 (KHTML, like Gecko) Chrome/145.0.0.0 Safari/537.36"
2a01:cb00:b8c:4f00:4455:b4fe:9724:89d9 - - [23/Feb/2026:15:57:22 +0000] "GET /wp-content/themes/mentoring/assets/js/theme.js?ver=1.3.5 HTTP/1.1" 200 18158 "https://mentoring-wp.dreamsmarketplace.com/" "Mozilla/5.0 (Windows NT 10.0; Win64; x64) AppleWebKit/537.36 (KHTML, like Gecko) Chrome/145.0.0.0 Safari/537.36"
2a01:cb00:b8c:4f00:4455:b4fe:9724:89d9 - - [23/Feb/2026:15:57:22 +0000] "GET /wp-content/themes/mentoring/assets/js/slick.min.js?ver=1.3.5 HTTP/1.1" 200 42865 "https://mentoring-wp.dreamsmarketplace.com/" "Mozilla/5.0 (Windows NT 10.0; Win64; x64) AppleWebKit/537.36 (KHTML, like Gecko) Chrome/145.0.0.0 Safari/537.36"
2a01:cb00:b8c:4f00:4455:b4fe:9724:89d9 - - [23/Feb/2026:15:57:22 +0000] "GET /wp-content/themes/mentoring/assets/js/theme-woocommerce.js?ver=1.0.0 HTTP/1.1" 200 3179 "https://mentoring-wp.dreamsmarketplace.com/" "Mozilla/5.0 (Windows NT 10.0; Win64; x64) AppleWebKit/537.36 (KHTML, like Gecko) Chrome/145.0.0.0 Safari/537.36"
2a01:cb00:b8c:4f00:4455:b4fe:9724:89d9 - - [23/Feb/2026:15:57:22 +0000] "GET /wp-content/plugins/contact-form-7/includes/js/index.js?ver=6.1.4 HTTP/1.1" 200 13452 "https://mentoring-wp.dreamsmarketplace.com/" "Mozilla/5.0 (Windows NT 10.0; Win64; x64) AppleWebKit/537.36 (KHTML, like Gecko) Chrome/145.0.0.0 Safari/537.36"
2a01:cb00:b8c:4f00:4455:b4fe:9724:89d9 - - [23/Feb/2026:15:57:22 +0000] "GET /wp-content/plugins/woocommerce/assets/js/select2/select2.full.min.js?ver=4.0.3-wc.10.4.3 HTTP/1.1" 200 74620 "https://mentoring-wp.dreamsmarketplace.com/" "Mozilla/5.0 (Windows NT 10.0; Win64; x64) AppleWebKit/537.36 (KHTML, like Gecko) Chrome/145.0.0.0 Safari/537.36"
2a01:cb00:b8c:4f00:4455:b4fe:9724:89d9 - - [23/Feb/2026:15:57:22 +0000] "GET /wp-content/themes/mentoring/assets/js/jquery.countTo.js?ver=1.3.5 HTTP/1.1" 200 2501 "https://mentoring-wp.dreamsmarketplace.com/" "Mozilla/5.0 (Windows NT 10.0; Win64; x64) AppleWebKit/537.36 (KHTML, like Gecko) Chrome/145.0.0.0 Safari/537.36"
2a01:cb00:b8c:4f00:4455:b4fe:9724:89d9 - - [23/Feb/2026:15:57:22 +0000] "GET /wp-includes/js/underscore.min.js?ver=1.13.7 HTTP/1.1" 200 18905 "https://mentoring-wp.dreamsmarketplace.com/" "Mozilla/5.0 (Windows NT 10.0; Win64; x64) AppleWebKit/537.36 (KHTML, like Gecko) Chrome/145.0.0.0 Safari/537.36"
2a01:cb00:b8c:4f00:4455:b4fe:9724:89d9 - - [23/Feb/2026:15:57:22 +0000] "GET /wp-includes/js/wp-util.min.js?ver=6.9 HTTP/1.1" 200 1426 "https://mentoring-wp.dreamsmarketplace.com/" "Mozilla/5.0 (Windows NT 10.0; Win64; x64) AppleWebKit/537.36 (KHTML, like Gecko) Chrome/145.0.0.0 Safari/537.36"
2a01:cb00:b8c:4f00:4455:b4fe:9724:89d9 - - [23/Feb/2026:15:57:22 +0000] "GET /wp-content/plugins/woocommerce/assets/js/sourcebuster/sourcebuster.min.js?ver=10.4.3 HTTP/1.1" 200 15315 "https://mentoring-wp.dreamsmarketplace.com/" "Mozilla/5.0 (Windows NT 10.0; Win64; x64) AppleWebKit/537.36 (KHTML, like Gecko) Chrome/145.0.0.0 Safari/537.36"
2a01:cb00:b8c:4f00:4455:b4fe:9724:89d9 - - [23/Feb/2026:15:57:22 +0000] "GET /wp-content/uploads/2022/01/path-img2.jpg HTTP/1.1" 200 58574 "https://mentoring-wp.dreamsmarketplace.com/" "Mozilla/5.0 (Windows NT 10.0; Win64; x64) AppleWebKit/537.36 (KHTML, like Gecko) Chrome/145.0.0.0 Safari/537.36"
2a01:cb00:b8c:4f00:4455:b4fe:9724:89d9 - - [23/Feb/2026:15:57:22 +0000] "GET /wp-content/themes/mentoring/assets/js/jquery.inview.min.js?ver=1.3.5 HTTP/1.1" 200 1264 "https://mentoring-wp.dreamsmarketplace.com/" "Mozilla/5.0 (Windows NT 10.0; Win64; x64) AppleWebKit/537.36 (KHTML, like Gecko) Chrome/145.0.0.0 Safari/537.36"
2a01:cb00:b8c:4f00:4455:b4fe:9724:89d9 - - [23/Feb/2026:15:57:22 +0000] "GET /wp-content/themes/mentoring/assets/fonts/fa-solid-900.woff2 HTTP/1.1" 200 150020 "https://mentoring-wp.dreamsmarketplace.com/wp-content/themes/mentoring/assets/css/all.min.css?ver=6.4.2" "Mozilla/5.0 (Windows NT 10.0; Win64; x64) AppleWebKit/537.36 (KHTML, like Gecko) Chrome/145.0.0.0 Safari/537.36"
2a01:cb00:b8c:4f00:4455:b4fe:9724:89d9 - - [23/Feb/2026:15:57:22 +0000] "GET /wp-content/themes/mentoring/assets/js/popper.min.js?ver=1.3.5 HTTP/1.1" 200 20508 "https://mentoring-wp.dreamsmarketplace.com/" "Mozilla/5.0 (Windows NT 10.0; Win64; x64) AppleWebKit/537.36 (KHTML, like Gecko) Chrome/145.0.0.0 Safari/537.36"
2a01:cb00:b8c:4f00:4455:b4fe:9724:89d9 - - [23/Feb/2026:15:57:22 +0000] "GET /wp-content/uploads/2022/07/blog-04.jpg HTTP/1.1" 200 127619 "https://mentoring-wp.dreamsmarketplace.com/" "Mozilla/5.0 (Windows NT 10.0; Win64; x64) AppleWebKit/537.36 (KHTML, like Gecko) Chrome/145.0.0.0 Safari/537.36"
2a01:cb00:b8c:4f00:4455:b4fe:9724:89d9 - - [23/Feb/2026:15:57:22 +0000] "GET /wp-content/uploads/2022/01/path-img3.jpg HTTP/1.1" 200 66561 "https://mentoring-wp.dreamsmarketplace.com/" "Mozilla/5.0 (Windows NT 10.0; Win64; x64) AppleWebKit/537.36 (KHTML, like Gecko) Chrome/145.0.0.0 Safari/537.36"
2a01:cb00:b8c:4f00:4455:b4fe:9724:89d9 - - [23/Feb/2026:15:57:22 +0000] "GET /wp-content/uploads/2022/07/blog-05.jpg HTTP/1.1" 200 87357 "https://mentoring-wp.dreamsmarketplace.com/" "Mozilla/5.0 (Windows NT 10.0; Win64; x64) AppleWebKit/537.36 (KHTML, like Gecko) Chrome/145.0.0.0 Safari/537.36"
2a01:cb00:b8c:4f00:4455:b4fe:9724:89d9 - - [23/Feb/2026:15:57:22 +0000] "GET /wp-content/uploads/2022/07/user3-1.jpg HTTP/1.1" 200 17710 "https://mentoring-wp.dreamsmarketplace.com/" "Mozilla/5.0 (Windows NT 10.0; Win64; x64) AppleWebKit/537.36 (KHTML, like Gecko) Chrome/145.0.0.0 Safari/537.36"
2a01:cb00:b8c:4f00:4455:b4fe:9724:89d9 - - [23/Feb/2026:15:57:22 +0000] "GET /wp-content/uploads/2022/01/path-img6.jpg HTTP/1.1" 200 88789 "https://mentoring-wp.dreamsmarketplace.com/" "Mozilla/5.0 (Windows NT 10.0; Win64; x64) AppleWebKit/537.36 (KHTML, like Gecko) Chrome/145.0.0.0 Safari/537.36"
2a01:cb00:b8c:4f00:4455:b4fe:9724:89d9 - - [23/Feb/2026:15:57:22 +0000] "GET /wp-content/plugins/woocommerce/assets/js/frontend/order-attribution.min.js?ver=10.4.3 HTTP/1.1" 200 2346 "https://mentoring-wp.dreamsmarketplace.com/" "Mozilla/5.0 (Windows NT 10.0; Win64; x64) AppleWebKit/537.36 (KHTML, like Gecko) Chrome/145.0.0.0 Safari/537.36"
2a01:cb00:b8c:4f00:4455:b4fe:9724:89d9 - - [23/Feb/2026:15:57:22 +0000] "GET /wp-content/uploads/2022/01/path-img8.jpg HTTP/1.1" 200 70600 "https://mentoring-wp.dreamsmarketplace.com/" "Mozilla/5.0 (Windows NT 10.0; Win64; x64) AppleWebKit/537.36 (KHTML, like Gecko) Chrome/145.0.0.0 Safari/537.36"
2a01:cb00:b8c:4f00:4455:b4fe:9724:89d9 - - [23/Feb/2026:15:57:22 +0000] "GET /wp-content/uploads/2022/01/path-img4.jpg HTTP/1.1" 200 46497 "https://mentoring-wp.dreamsmarketplace.com/" "Mozilla/5.0 (Windows NT 10.0; Win64; x64) AppleWebKit/537.36 (KHTML, like Gecko) Chrome/145.0.0.0 Safari/537.36"
2a01:cb00:b8c:4f00:4455:b4fe:9724:89d9 - - [23/Feb/2026:15:57:22 +0000] "GET /wp-content/uploads/2022/01/path-img7.jpg HTTP/1.1" 200 61032 "https://mentoring-wp.dreamsmarketplace.com/" "Mozilla/5.0 (Windows NT 10.0; Win64; x64) AppleWebKit/537.36 (KHTML, like Gecko) Chrome/145.0.0.0 Safari/537.36"
2a01:cb00:b8c:4f00:4455:b4fe:9724:89d9 - - [23/Feb/2026:15:57:22 +0000] "GET /wp-content/uploads/2022/07/blog-10.jpg HTTP/1.1" 200 118321 "https://mentoring-wp.dreamsmarketplace.com/" "Mozilla/5.0 (Windows NT 10.0; Win64; x64) AppleWebKit/537.36 (KHTML, like Gecko) Chrome/145.0.0.0 Safari/537.36"
2a01:cb00:b8c:4f00:4455:b4fe:9724:89d9 - - [23/Feb/2026:15:57:22 +0000] "GET /wp-content/uploads/2021/09/path-img2.jpg HTTP/1.1" 200 47275 "https://mentoring-wp.dreamsmarketplace.com/" "Mozilla/5.0 (Windows NT 10.0; Win64; x64) AppleWebKit/537.36 (KHTML, like Gecko) Chrome/145.0.0.0 Safari/537.36"
2a01:cb00:b8c:4f00:4455:b4fe:9724:89d9 - - [23/Feb/2026:15:57:22 +0000] "GET /wp-content/uploads/2022/01/path-img5.jpg HTTP/1.1" 200 74200 "https://mentoring-wp.dreamsmarketplace.com/" "Mozilla/5.0 (Windows NT 10.0; Win64; x64) AppleWebKit/537.36 (KHTML, like Gecko) Chrome/145.0.0.0 Safari/537.36"
2a01:cb00:b8c:4f00:4455:b4fe:9724:89d9 - - [23/Feb/2026:15:57:22 +0000] "GET /wp-content/uploads/2022/01/banner.jpg HTTP/1.1" 200 125049 "https://mentoring-wp.dreamsmarketplace.com/" "Mozilla/5.0 (Windows NT 10.0; Win64; x64) AppleWebKit/537.36 (KHTML, like Gecko) Chrome/145.0.0.0 Safari/537.36"
2a01:cb00:b8c:4f00:4455:b4fe:9724:89d9 - - [23/Feb/2026:15:57:23 +0000] "GET /wp-includes/js/wp-emoji-release.min.js?ver=6.9 HTTP/1.1" 200 22762 "https://mentoring-wp.dreamsmarketplace.com/" "Mozilla/5.0 (Windows NT 10.0; Win64; x64) AppleWebKit/537.36 (KHTML, like Gecko) Chrome/145.0.0.0 Safari/537.36"
154.54.249.203 - - [23/Feb/2026:15:57:49 +0000] "GET /seize-the-plunder-your-gateway-to-bonuses-games/ HTTP/1.1" 301 178 "-" "Mozilla/5.0 (compatible; Barkrowler/0.9; +https://babbar.tech/crawler)"
217.113.194.108 - - [23/Feb/2026:15:58:27 +0000] "GET /high-end-sex-toys-are-well-well-value-the-money/ HTTP/1.1" 301 178 "-" "Mozilla/5.0 (compatible; Barkrowler/0.9; +https://babbar.tech/crawler)"
217.113.194.107 - - [23/Feb/2026:15:59:00 +0000] "GET /lobstermania-position-cellular-free-instantaneous-position/ HTTP/1.1" 301 178 "-" "Mozilla/5.0 (compatible; Barkrowler/0.9; +https://babbar.tech/crawler)"
217.113.194.247 - - [23/Feb/2026:15:59:37 +0000] "GET /forehead-work-at-2-play-on-line-100percent-free/ HTTP/1.1" 301 178 "-" "Mozilla/5.0 (compatible; Barkrowler/0.9; +https://babbar.tech/crawler)"
217.113.194.106 - - [23/Feb/2026:16:00:11 +0000] "GET /however-hermes-duplicate-with-the-rise-of-counterfeit/ HTTP/1.1" 301 178 "-" "Mozilla/5.0 (compatible; Barkrowler/0.9; +https://babbar.tech/crawler)"
217.113.194.106 - - [23/Feb/2026:16:00:45 +0000] "GET /casino-incentives-are-also-an-important-part-of-its-feedback/ HTTP/1.1" 301 178 "-" "Mozilla/5.0 (compatible; Barkrowler/0.9; +https://babbar.tech/crawler)"
217.113.194.105 - - [23/Feb/2026:16:01:20 +0000] "GET /avet-t-rx-80-2w-lever-pull-big-game-reels/ HTTP/1.1" 301 178 "-" "Mozilla/5.0 (compatible; Barkrowler/0.9; +https://babbar.tech/crawler)"
217.113.194.107 - - [23/Feb/2026:16:01:54 +0000] "GET /there-are-varied-reproduction-designer-handbag-suppliers-on/ HTTP/1.1" 301 178 "-" "Mozilla/5.0 (compatible; Barkrowler/0.9; +https://babbar.tech/crawler)"
217.113.194.104 - - [23/Feb/2026:16:02:28 +0000] "GET /newest-casino-greeting-incentives-2024-99-sign-upwards-bonuses/ HTTP/1.1" 301 178 "-" "Mozilla/5.0 (compatible; Barkrowler/0.9; +https://babbar.tech/crawler)"
217.113.194.111 - - [23/Feb/2026:16:03:01 +0000] "GET /our-grownup-store-also-offers-a-strong-online-model-and-buying/ HTTP/1.1" 301 178 "-" "Mozilla/5.0 (compatible; Barkrowler/0.9; +https://babbar.tech/crawler)"
123.25.226.169 - - [23/Feb/2026:16:03:15 +0000] "GET /plus-it-has-12-vibration-modes-so-it-is-really-hard-to-get/ HTTP/1.1" 301 178 "-" "Mozilla/5.0 (Windows NT 6.1) AppleWebKit/537.36 (KHTML, like Gecko) Chrome/27.0.1453.93 Safari/537.36"
172.187.168.139 - - [23/Feb/2026:16:03:18 +0000] "POST /wp-cron.php?doing_wp_cron=1771862598.4569859504699707031250 HTTP/1.1" 200 31 "-" "WordPress/6.9; https://mentoring-wp.dreamsmarketplace.com"
113.163.193.133 - - [23/Feb/2026:16:03:18 +0000] "GET /plus-it-has-12-vibration-modes-so-it-is-really-hard-to-get/ HTTP/1.1" 404 10943 "-" "Mozilla/5.0 (Windows NT 6.1) AppleWebKit/537.36 (KHTML, like Gecko) Chrome/27.0.1453.93 Safari/537.36"
217.113.194.247 - - [23/Feb/2026:16:03:35 +0000] "GET /thats-why-we-are-devoted-to-sourcing-the-finest-supplies-and/ HTTP/1.1" 301 178 "-" "Mozilla/5.0 (compatible; Barkrowler/0.9; +https://babbar.tech/crawler)"
217.113.194.104 - - [23/Feb/2026:16:04:09 +0000] "GET /the-solely-concern-with-this-retailer-is-their-transport-time/ HTTP/1.1" 301 178 "-" "Mozilla/5.0 (compatible; Barkrowler/0.9; +https://babbar.tech/crawler)"
217.113.194.104 - - [23/Feb/2026:16:04:46 +0000] "GET /we-work-with-trusted-native-producers-in-order-that-we-can/ HTTP/1.1" 301 178 "-" "Mozilla/5.0 (compatible; Barkrowler/0.9; +https://babbar.tech/crawler)"
104.207.35.13 - - [23/Feb/2026:16:05:06 +0000] "GET /wp-login.php HTTP/1.1" 301 178 "-" "Mozilla/5.0 (Windows NT 10.0; Win64; x64) AppleWebKit/537.36 (KHTML, like Gecko) Chrome/120.0.0.0 Safari/537.36"
172.187.168.139 - - [23/Feb/2026:16:05:08 +0000] "POST /wp-cron.php?doing_wp_cron=1771862708.7396669387817382812500 HTTP/1.1" 200 31 "-" "WordPress/6.9; https://mentoring-wp.dreamsmarketplace.com"
104.207.35.13 - - [23/Feb/2026:16:05:08 +0000] "GET /wp-login.php HTTP/1.1" 200 2470 "-" "Mozilla/5.0 (Windows NT 10.0; Win64; x64) AppleWebKit/537.36 (KHTML, like Gecko) Chrome/120.0.0.0 Safari/537.36"
104.207.35.13 - - [23/Feb/2026:16:05:09 +0000] "GET /wp-admin/css/forms.min.css?ver=6.9 HTTP/1.1" 200 28101 "https://mentoring-wp.dreamsmarketplace.com/wp-login.php" "Mozilla/5.0 (Windows NT 10.0; Win64; x64) AppleWebKit/537.36 (KHTML, like Gecko) Chrome/120.0.0.0 Safari/537.36"
104.207.35.13 - - [23/Feb/2026:16:05:09 +0000] "GET /wp-includes/css/dashicons.min.css?ver=6.9 HTTP/1.1" 200 59004 "https://mentoring-wp.dreamsmarketplace.com/wp-login.php" "Mozilla/5.0 (Windows NT 10.0; Win64; x64) AppleWebKit/537.36 (KHTML, like Gecko) Chrome/120.0.0.0 Safari/537.36"
104.207.35.13 - - [23/Feb/2026:16:05:09 +0000] "GET /wp-admin/css/login.min.css?ver=6.9 HTTP/1.1" 200 6381 "https://mentoring-wp.dreamsmarketplace.com/wp-login.php" "Mozilla/5.0 (Windows NT 10.0; Win64; x64) AppleWebKit/537.36 (KHTML, like Gecko) Chrome/120.0.0.0 Safari/537.36"
104.207.35.13 - - [23/Feb/2026:16:05:09 +0000] "GET /wp-includes/js/zxcvbn-async.min.js?ver=1.0 HTTP/1.1" 200 351 "https://mentoring-wp.dreamsmarketplace.com/wp-login.php" "Mozilla/5.0 (Windows NT 10.0; Win64; x64) AppleWebKit/537.36 (KHTML, like Gecko) Chrome/120.0.0.0 Safari/537.36"
104.207.35.13 - - [23/Feb/2026:16:05:09 +0000] "GET /wp-includes/js/dist/i18n.min.js?ver=c26c3dc7bed366793375 HTTP/1.1" 200 5314 "https://mentoring-wp.dreamsmarketplace.com/wp-login.php" "Mozilla/5.0 (Windows NT 10.0; Win64; x64) AppleWebKit/537.36 (KHTML, like Gecko) Chrome/120.0.0.0 Safari/537.36"
104.207.35.13 - - [23/Feb/2026:16:05:09 +0000] "GET /wp-includes/css/buttons.min.css?ver=6.9 HTTP/1.1" 200 6061 "https://mentoring-wp.dreamsmarketplace.com/wp-login.php" "Mozilla/5.0 (Windows NT 10.0; Win64; x64) AppleWebKit/537.36 (KHTML, like Gecko) Chrome/120.0.0.0 Safari/537.36"
104.207.35.13 - - [23/Feb/2026:16:05:09 +0000] "GET /wp-includes/js/dist/hooks.min.js?ver=dd5603f07f9220ed27f1 HTTP/1.1" 200 5661 "https://mentoring-wp.dreamsmarketplace.com/wp-login.php" "Mozilla/5.0 (Windows NT 10.0; Win64; x64) AppleWebKit/537.36 (KHTML, like Gecko) Chrome/120.0.0.0 Safari/537.36"
