20.110.248.150 - - [23/Feb/2026:10:17:35 +0000] "GET /wp-content/plugins/index.php HTTP/1.1" 301 178 "-" "-"
20.110.248.150 - - [23/Feb/2026:10:17:35 +0000] "GET /wp-content/plugins/index.php HTTP/1.1" 200 31 "-" "-"
20.110.248.150 - - [23/Feb/2026:10:17:35 +0000] "GET /wp-content/plugins/dummyyummy/wp-signup.php HTTP/1.1" 301 178 "-" "-"
20.110.248.150 - - [23/Feb/2026:10:17:35 +0000] "GET /wp-content/plugins/dummyyummy/wp-signup.php HTTP/1.1" 404 134 "-" "-"
20.110.248.150 - - [23/Feb/2026:10:17:35 +0000] "GET /bs1.php HTTP/1.1" 301 178 "-" "-"
20.110.248.150 - - [23/Feb/2026:10:17:35 +0000] "GET /bs1.php HTTP/1.1" 404 134 "-" "-"
20.110.248.150 - - [23/Feb/2026:10:17:36 +0000] "GET /BDKR28WP.php HTTP/1.1" 301 178 "-" "-"
20.110.248.150 - - [23/Feb/2026:10:17:36 +0000] "GET /BDKR28WP.php HTTP/1.1" 404 134 "-" "-"
20.110.248.150 - - [23/Feb/2026:10:17:36 +0000] "GET /zu.php HTTP/1.1" 301 178 "-" "-"
20.110.248.150 - - [23/Feb/2026:10:17:36 +0000] "GET /zu.php HTTP/1.1" 404 134 "-" "-"
20.110.248.150 - - [23/Feb/2026:10:17:36 +0000] "GET /alpha.php HTTP/1.1" 301 178 "-" "-"
20.110.248.150 - - [23/Feb/2026:10:17:36 +0000] "GET /alpha.php HTTP/1.1" 404 134 "-" "-"
20.110.248.150 - - [23/Feb/2026:10:17:36 +0000] "GET /sty.php HTTP/1.1" 301 178 "-" "-"
20.110.248.150 - - [23/Feb/2026:10:17:36 +0000] "GET /sty.php HTTP/1.1" 404 134 "-" "-"
20.110.248.150 - - [23/Feb/2026:10:17:36 +0000] "GET /htaccess.php HTTP/1.1" 301 178 "-" "-"
20.110.248.150 - - [23/Feb/2026:10:17:36 +0000] "GET /htaccess.php HTTP/1.1" 404 134 "-" "-"
20.110.248.150 - - [23/Feb/2026:10:17:36 +0000] "GET /uploads/update_with_pics.php HTTP/1.1" 301 178 "-" "-"
20.110.248.150 - - [23/Feb/2026:10:17:37 +0000] "GET /uploads/update_with_pics.php HTTP/1.1" 404 134 "-" "-"
20.110.248.150 - - [23/Feb/2026:10:17:37 +0000] "GET /wp-admin/maint/yes.php HTTP/1.1" 301 178 "-" "-"
20.110.248.150 - - [23/Feb/2026:10:17:37 +0000] "GET /wp-admin/maint/yes.php HTTP/1.1" 404 134 "-" "-"
20.110.248.150 - - [23/Feb/2026:10:17:37 +0000] "GET /opts.php HTTP/1.1" 301 178 "-" "-"
20.110.248.150 - - [23/Feb/2026:10:17:37 +0000] "GET /opts.php HTTP/1.1" 404 134 "-" "-"
20.110.248.150 - - [23/Feb/2026:10:17:37 +0000] "GET /wp-act.php HTTP/1.1" 301 178 "-" "-"
20.110.248.150 - - [23/Feb/2026:10:17:37 +0000] "GET /wp-act.php HTTP/1.1" 404 134 "-" "-"
20.110.248.150 - - [23/Feb/2026:10:17:37 +0000] "GET /ze.php HTTP/1.1" 301 178 "-" "-"
20.110.248.150 - - [23/Feb/2026:10:17:37 +0000] "GET /ze.php HTTP/1.1" 404 134 "-" "-"
20.110.248.150 - - [23/Feb/2026:10:17:37 +0000] "GET /seetox.php HTTP/1.1" 301 178 "-" "-"
20.110.248.150 - - [23/Feb/2026:10:17:38 +0000] "GET /seetox.php HTTP/1.1" 404 134 "-" "-"
20.110.248.150 - - [23/Feb/2026:10:17:38 +0000] "GET /wp-content/ HTTP/1.1" 301 178 "-" "-"
20.110.248.150 - - [23/Feb/2026:10:17:38 +0000] "GET /wp-content/ HTTP/1.1" 200 31 "-" "-"
20.110.248.150 - - [23/Feb/2026:10:17:38 +0000] "GET /plugins.php?p= HTTP/1.1" 301 178 "-" "-"
20.110.248.150 - - [23/Feb/2026:10:17:38 +0000] "GET /plugins.php?p= HTTP/1.1" 404 134 "-" "-"
20.110.248.150 - - [23/Feb/2026:10:17:38 +0000] "GET /xoot.php HTTP/1.1" 301 178 "-" "-"
20.110.248.150 - - [23/Feb/2026:10:17:38 +0000] "GET /xoot.php HTTP/1.1" 404 134 "-" "-"
20.110.248.150 - - [23/Feb/2026:10:17:38 +0000] "GET /X57.php HTTP/1.1" 301 178 "-" "-"
20.110.248.150 - - [23/Feb/2026:10:17:38 +0000] "GET /X57.php HTTP/1.1" 404 134 "-" "-"
20.110.248.150 - - [23/Feb/2026:10:17:38 +0000] "GET /vx.php HTTP/1.1" 301 178 "-" "-"
20.110.248.150 - - [23/Feb/2026:10:17:38 +0000] "GET /vx.php HTTP/1.1" 404 134 "-" "-"
20.110.248.150 - - [23/Feb/2026:10:17:39 +0000] "GET /file59.php HTTP/1.1" 301 178 "-" "-"
20.110.248.150 - - [23/Feb/2026:10:17:39 +0000] "GET /file59.php HTTP/1.1" 404 134 "-" "-"
20.110.248.150 - - [23/Feb/2026:10:17:39 +0000] "GET /wp-admin/css/bolt.php HTTP/1.1" 301 178 "-" "-"
20.110.248.150 - - [23/Feb/2026:10:17:39 +0000] "GET /wp-admin/css/bolt.php HTTP/1.1" 404 134 "-" "-"
20.110.248.150 - - [23/Feb/2026:10:17:39 +0000] "GET /xa.php HTTP/1.1" 301 178 "-" "-"
20.110.248.150 - - [23/Feb/2026:10:17:39 +0000] "GET /xa.php HTTP/1.1" 404 134 "-" "-"
20.110.248.150 - - [23/Feb/2026:10:17:39 +0000] "GET /er.php HTTP/1.1" 301 178 "-" "-"
20.110.248.150 - - [23/Feb/2026:10:17:39 +0000] "GET /er.php HTTP/1.1" 404 134 "-" "-"
20.110.248.150 - - [23/Feb/2026:10:17:39 +0000] "GET /fault.php HTTP/1.1" 301 178 "-" "-"
20.110.248.150 - - [23/Feb/2026:10:17:39 +0000] "GET /fault.php HTTP/1.1" 404 134 "-" "-"
20.110.248.150 - - [23/Feb/2026:10:17:40 +0000] "GET /motu.php HTTP/1.1" 301 178 "-" "-"
20.110.248.150 - - [23/Feb/2026:10:17:40 +0000] "GET /motu.php HTTP/1.1" 404 134 "-" "-"
20.110.248.150 - - [23/Feb/2026:10:17:40 +0000] "GET /66.php HTTP/1.1" 301 178 "-" "-"
20.110.248.150 - - [23/Feb/2026:10:17:40 +0000] "GET /66.php HTTP/1.1" 404 134 "-" "-"
20.110.248.150 - - [23/Feb/2026:10:17:40 +0000] "GET /leuk.php HTTP/1.1" 301 178 "-" "-"
20.110.248.150 - - [23/Feb/2026:10:17:40 +0000] "GET /leuk.php HTTP/1.1" 404 134 "-" "-"
20.110.248.150 - - [23/Feb/2026:10:17:40 +0000] "GET /xqq.php HTTP/1.1" 301 178 "-" "-"
20.110.248.150 - - [23/Feb/2026:10:17:40 +0000] "GET /xqq.php HTTP/1.1" 404 134 "-" "-"
20.110.248.150 - - [23/Feb/2026:10:17:40 +0000] "GET /kolda.php HTTP/1.1" 301 178 "-" "-"
20.110.248.150 - - [23/Feb/2026:10:17:40 +0000] "GET /kolda.php HTTP/1.1" 404 134 "-" "-"
20.110.248.150 - - [23/Feb/2026:10:17:40 +0000] "GET /nw.php HTTP/1.1" 301 178 "-" "-"
20.110.248.150 - - [23/Feb/2026:10:17:41 +0000] "GET /nw.php HTTP/1.1" 404 134 "-" "-"
20.110.248.150 - - [23/Feb/2026:10:17:41 +0000] "GET /666.php HTTP/1.1" 301 178 "-" "-"
20.110.248.150 - - [23/Feb/2026:10:17:41 +0000] "GET /666.php HTTP/1.1" 404 134 "-" "-"
20.110.248.150 - - [23/Feb/2026:10:17:41 +0000] "GET /kj.php HTTP/1.1" 301 178 "-" "-"
20.110.248.150 - - [23/Feb/2026:10:17:41 +0000] "GET /kj.php HTTP/1.1" 404 134 "-" "-"
20.110.248.150 - - [23/Feb/2026:10:17:41 +0000] "GET /un.php HTTP/1.1" 301 178 "-" "-"
20.110.248.150 - - [23/Feb/2026:10:17:41 +0000] "GET /un.php HTTP/1.1" 404 134 "-" "-"
20.110.248.150 - - [23/Feb/2026:10:17:41 +0000] "GET /fs.php HTTP/1.1" 301 178 "-" "-"
20.110.248.150 - - [23/Feb/2026:10:17:41 +0000] "GET /fs.php HTTP/1.1" 404 134 "-" "-"
20.110.248.150 - - [23/Feb/2026:10:17:41 +0000] "GET /ms.php HTTP/1.1" 301 178 "-" "-"
20.110.248.150 - - [23/Feb/2026:10:17:41 +0000] "GET /ms.php HTTP/1.1" 404 134 "-" "-"
20.110.248.150 - - [23/Feb/2026:10:17:42 +0000] "GET /login5.php HTTP/1.1" 301 178 "-" "-"
20.110.248.150 - - [23/Feb/2026:10:17:42 +0000] "GET /login5.php HTTP/1.1" 404 134 "-" "-"
20.110.248.150 - - [23/Feb/2026:10:17:42 +0000] "GET /cu.php HTTP/1.1" 301 178 "-" "-"
20.110.248.150 - - [23/Feb/2026:10:17:42 +0000] "GET /cu.php HTTP/1.1" 404 134 "-" "-"
20.110.248.150 - - [23/Feb/2026:10:17:42 +0000] "GET /lul.php HTTP/1.1" 301 178 "-" "-"
20.110.248.150 - - [23/Feb/2026:10:17:42 +0000] "GET /lul.php HTTP/1.1" 404 134 "-" "-"
20.110.248.150 - - [23/Feb/2026:10:17:42 +0000] "GET /0.php HTTP/1.1" 301 178 "-" "-"
20.110.248.150 - - [23/Feb/2026:10:17:42 +0000] "GET /0.php HTTP/1.1" 404 134 "-" "-"
20.110.248.150 - - [23/Feb/2026:10:17:42 +0000] "GET /ms-edit.php HTTP/1.1" 301 178 "-" "-"
20.110.248.150 - - [23/Feb/2026:10:17:42 +0000] "GET /ms-edit.php HTTP/1.1" 404 134 "-" "-"
20.110.248.150 - - [23/Feb/2026:10:17:43 +0000] "GET /grsiuk.php HTTP/1.1" 301 178 "-" "-"
20.110.248.150 - - [23/Feb/2026:10:17:43 +0000] "GET /grsiuk.php HTTP/1.1" 404 134 "-" "-"
20.110.248.150 - - [23/Feb/2026:10:17:43 +0000] "GET /wp-blog.php HTTP/1.1" 301 178 "-" "-"
20.110.248.150 - - [23/Feb/2026:10:17:43 +0000] "GET /wp-blog.php HTTP/1.1" 404 134 "-" "-"
20.110.248.150 - - [23/Feb/2026:10:17:43 +0000] "GET /wp-access.php HTTP/1.1" 301 178 "-" "-"
20.110.248.150 - - [23/Feb/2026:10:17:43 +0000] "GET /wp-access.php HTTP/1.1" 404 134 "-" "-"
20.110.248.150 - - [23/Feb/2026:10:17:43 +0000] "GET /a1vx.php HTTP/1.1" 301 178 "-" "-"
20.110.248.150 - - [23/Feb/2026:10:17:43 +0000] "GET /a1vx.php HTTP/1.1" 404 134 "-" "-"
20.110.248.150 - - [23/Feb/2026:10:17:43 +0000] "GET /sbhu.php HTTP/1.1" 301 178 "-" "-"
20.110.248.150 - - [23/Feb/2026:10:17:43 +0000] "GET /sbhu.php HTTP/1.1" 404 134 "-" "-"
20.110.248.150 - - [23/Feb/2026:10:17:43 +0000] "GET /wp-the.php HTTP/1.1" 301 178 "-" "-"
20.110.248.150 - - [23/Feb/2026:10:17:44 +0000] "GET /wp-the.php HTTP/1.1" 404 134 "-" "-"
20.110.248.150 - - [23/Feb/2026:10:17:44 +0000] "GET /06.php HTTP/1.1" 301 178 "-" "-"
20.110.248.150 - - [23/Feb/2026:10:17:44 +0000] "GET /06.php HTTP/1.1" 404 134 "-" "-"
20.110.248.150 - - [23/Feb/2026:10:17:44 +0000] "GET /classwithtostring.php HTTP/1.1" 301 178 "-" "-"
20.110.248.150 - - [23/Feb/2026:10:17:44 +0000] "GET /classwithtostring.php HTTP/1.1" 404 134 "-" "-"
20.110.248.150 - - [23/Feb/2026:10:17:44 +0000] "GET /fot.php HTTP/1.1" 301 178 "-" "-"
20.110.248.150 - - [23/Feb/2026:10:17:44 +0000] "GET /fot.php HTTP/1.1" 404 134 "-" "-"
20.110.248.150 - - [23/Feb/2026:10:17:44 +0000] "GET /ff1.php HTTP/1.1" 301 178 "-" "-"
20.110.248.150 - - [23/Feb/2026:10:17:44 +0000] "GET /ff1.php HTTP/1.1" 404 134 "-" "-"
20.110.248.150 - - [23/Feb/2026:10:17:44 +0000] "GET /forbidals.php HTTP/1.1" 301 178 "-" "-"
20.110.248.150 - - [23/Feb/2026:10:17:44 +0000] "GET /forbidals.php HTTP/1.1" 404 134 "-" "-"
20.110.248.150 - - [23/Feb/2026:10:17:45 +0000] "GET //erty.php HTTP/1.1" 301 178 "-" "-"
20.110.248.150 - - [23/Feb/2026:10:17:45 +0000] "GET //erty.php HTTP/1.1" 404 134 "-" "-"
20.110.248.150 - - [23/Feb/2026:10:17:45 +0000] "GET /dev1s.php HTTP/1.1" 301 178 "-" "-"
20.110.248.150 - - [23/Feb/2026:10:17:45 +0000] "GET /dev1s.php HTTP/1.1" 404 134 "-" "-"
20.110.248.150 - - [23/Feb/2026:10:17:45 +0000] "GET /ffd.php HTTP/1.1" 301 178 "-" "-"
20.110.248.150 - - [23/Feb/2026:10:17:45 +0000] "GET /ffd.php HTTP/1.1" 404 134 "-" "-"
20.110.248.150 - - [23/Feb/2026:10:17:45 +0000] "GET /admiin.php HTTP/1.1" 301 178 "-" "-"
20.110.248.150 - - [23/Feb/2026:10:17:45 +0000] "GET /admiin.php HTTP/1.1" 404 134 "-" "-"
20.110.248.150 - - [23/Feb/2026:10:17:45 +0000] "GET /ol.php HTTP/1.1" 301 178 "-" "-"
20.110.248.150 - - [23/Feb/2026:10:17:45 +0000] "GET /ol.php HTTP/1.1" 404 134 "-" "-"
20.110.248.150 - - [23/Feb/2026:10:17:46 +0000] "GET /Sanskrit.php HTTP/1.1" 301 178 "-" "-"
20.110.248.150 - - [23/Feb/2026:10:17:46 +0000] "GET /Sanskrit.php HTTP/1.1" 404 134 "-" "-"
20.110.248.150 - - [23/Feb/2026:10:17:46 +0000] "GET /vxrl.php HTTP/1.1" 301 178 "-" "-"
20.110.248.150 - - [23/Feb/2026:10:17:46 +0000] "GET /vxrl.php HTTP/1.1" 404 134 "-" "-"
20.110.248.150 - - [23/Feb/2026:10:17:46 +0000] "GET /re.php HTTP/1.1" 301 178 "-" "-"
20.110.248.150 - - [23/Feb/2026:10:17:46 +0000] "GET /re.php HTTP/1.1" 404 134 "-" "-"
20.110.248.150 - - [23/Feb/2026:10:17:46 +0000] "GET /num.php HTTP/1.1" 301 178 "-" "-"
20.110.248.150 - - [23/Feb/2026:10:17:46 +0000] "GET /num.php HTTP/1.1" 404 134 "-" "-"
20.110.248.150 - - [23/Feb/2026:10:17:46 +0000] "GET /makeasmtp.php?p= HTTP/1.1" 301 178 "-" "-"
20.110.248.150 - - [23/Feb/2026:10:17:46 +0000] "GET /makeasmtp.php?p= HTTP/1.1" 404 134 "-" "-"
20.110.248.150 - - [23/Feb/2026:10:17:46 +0000] "GET /vxrl.php HTTP/1.1" 301 178 "-" "-"
20.110.248.150 - - [23/Feb/2026:10:17:47 +0000] "GET /vxrl.php HTTP/1.1" 404 134 "-" "-"
20.110.248.150 - - [23/Feb/2026:10:17:47 +0000] "GET /in.php HTTP/1.1" 301 178 "-" "-"
20.110.248.150 - - [23/Feb/2026:10:17:47 +0000] "GET /in.php HTTP/1.1" 404 134 "-" "-"
20.110.248.150 - - [23/Feb/2026:10:17:47 +0000] "GET /style.php HTTP/1.1" 301 178 "-" "-"
20.110.248.150 - - [23/Feb/2026:10:17:47 +0000] "GET /style.php HTTP/1.1" 404 134 "-" "-"
20.110.248.150 - - [23/Feb/2026:10:17:47 +0000] "GET /we.php HTTP/1.1" 301 178 "-" "-"
20.110.248.150 - - [23/Feb/2026:10:17:47 +0000] "GET /we.php HTTP/1.1" 404 134 "-" "-"
20.110.248.150 - - [23/Feb/2026:10:17:47 +0000] "GET /zwso.php HTTP/1.1" 301 178 "-" "-"
20.110.248.150 - - [23/Feb/2026:10:17:47 +0000] "GET /zwso.php HTTP/1.1" 404 134 "-" "-"
20.110.248.150 - - [23/Feb/2026:10:17:47 +0000] "GET /karak.php HTTP/1.1" 301 178 "-" "-"
20.110.248.150 - - [23/Feb/2026:10:17:47 +0000] "GET /karak.php HTTP/1.1" 404 134 "-" "-"
20.110.248.150 - - [23/Feb/2026:10:17:48 +0000] "GET /prv8.php HTTP/1.1" 301 178 "-" "-"
20.110.248.150 - - [23/Feb/2026:10:17:48 +0000] "GET /prv8.php HTTP/1.1" 404 134 "-" "-"
20.110.248.150 - - [23/Feb/2026:10:17:48 +0000] "GET /wp-admin/css/acces.php HTTP/1.1" 301 178 "-" "-"
20.110.248.150 - - [23/Feb/2026:10:17:48 +0000] "GET /wp-admin/css/acces.php HTTP/1.1" 404 134 "-" "-"
20.110.248.150 - - [23/Feb/2026:10:17:48 +0000] "GET /a.php HTTP/1.1" 301 178 "-" "-"
20.110.248.150 - - [23/Feb/2026:10:17:48 +0000] "GET /a.php HTTP/1.1" 404 134 "-" "-"
20.110.248.150 - - [23/Feb/2026:10:17:48 +0000] "GET /xmlrpc.php HTTP/1.1" 301 178 "-" "-"
172.187.168.139 - - [23/Feb/2026:10:17:49 +0000] "POST /wp-cron.php?doing_wp_cron=1771841869.5658099651336669921875 HTTP/1.1" 200 31 "-" "WordPress/6.9; https://mentoring-wp.dreamsmarketplace.com"
20.110.248.150 - - [23/Feb/2026:10:17:49 +0000] "GET /xmlrpc.php HTTP/1.1" 405 53 "-" "-"
20.110.248.150 - - [23/Feb/2026:10:17:49 +0000] "GET /aw.php HTTP/1.1" 301 178 "-" "-"
20.110.248.150 - - [23/Feb/2026:10:17:49 +0000] "GET /aw.php HTTP/1.1" 404 134 "-" "-"
20.110.248.150 - - [23/Feb/2026:10:17:50 +0000] "GET /dev.php HTTP/1.1" 301 178 "-" "-"
20.110.248.150 - - [23/Feb/2026:10:17:50 +0000] "GET /dev.php HTTP/1.1" 404 134 "-" "-"
20.110.248.150 - - [23/Feb/2026:10:17:50 +0000] "GET /lock360.php HTTP/1.1" 301 178 "-" "-"
20.110.248.150 - - [23/Feb/2026:10:17:50 +0000] "GET /lock360.php HTTP/1.1" 404 134 "-" "-"
20.110.248.150 - - [23/Feb/2026:10:17:50 +0000] "GET /155.php HTTP/1.1" 301 178 "-" "-"
20.110.248.150 - - [23/Feb/2026:10:17:50 +0000] "GET /155.php HTTP/1.1" 404 134 "-" "-"
20.110.248.150 - - [23/Feb/2026:10:17:50 +0000] "GET /goat.php HTTP/1.1" 301 178 "-" "-"
20.110.248.150 - - [23/Feb/2026:10:17:50 +0000] "GET /goat.php HTTP/1.1" 404 134 "-" "-"
20.110.248.150 - - [23/Feb/2026:10:17:50 +0000] "GET /tcp.php HTTP/1.1" 301 178 "-" "-"
20.110.248.150 - - [23/Feb/2026:10:17:50 +0000] "GET /tcp.php HTTP/1.1" 404 134 "-" "-"
20.110.248.150 - - [23/Feb/2026:10:17:50 +0000] "GET /ext.php HTTP/1.1" 301 178 "-" "-"
20.110.248.150 - - [23/Feb/2026:10:17:51 +0000] "GET /ext.php HTTP/1.1" 404 134 "-" "-"
20.110.248.150 - - [23/Feb/2026:10:17:51 +0000] "GET /inputs.php HTTP/1.1" 301 178 "-" "-"
20.110.248.150 - - [23/Feb/2026:10:17:51 +0000] "GET /inputs.php HTTP/1.1" 404 134 "-" "-"
20.110.248.150 - - [23/Feb/2026:10:17:51 +0000] "GET /ioxi.php HTTP/1.1" 301 178 "-" "-"
20.110.248.150 - - [23/Feb/2026:10:17:51 +0000] "GET /ioxi.php HTTP/1.1" 404 134 "-" "-"
20.110.248.150 - - [23/Feb/2026:10:17:51 +0000] "GET /fe5.php HTTP/1.1" 301 178 "-" "-"
20.110.248.150 - - [23/Feb/2026:10:17:51 +0000] "GET /fe5.php HTTP/1.1" 404 134 "-" "-"
20.110.248.150 - - [23/Feb/2026:10:17:51 +0000] "GET /ov.php HTTP/1.1" 301 178 "-" "-"
20.110.248.150 - - [23/Feb/2026:10:17:51 +0000] "GET /ov.php HTTP/1.1" 404 134 "-" "-"
20.110.248.150 - - [23/Feb/2026:10:17:51 +0000] "GET /wp-content/plugins/index.php HTTP/1.1" 301 178 "-" "-"
20.110.248.150 - - [23/Feb/2026:10:17:52 +0000] "GET /wp-content/plugins/index.php HTTP/1.1" 200 31 "-" "-"
20.110.248.150 - - [23/Feb/2026:10:17:52 +0000] "GET /default.php HTTP/1.1" 301 178 "-" "-"
20.110.248.150 - - [23/Feb/2026:10:17:52 +0000] "GET /default.php HTTP/1.1" 404 134 "-" "-"
20.110.248.150 - - [23/Feb/2026:10:17:52 +0000] "GET /goods.php HTTP/1.1" 301 178 "-" "-"
20.110.248.150 - - [23/Feb/2026:10:17:52 +0000] "GET /goods.php HTTP/1.1" 404 134 "-" "-"
20.110.248.150 - - [23/Feb/2026:10:17:52 +0000] "GET /abcd.php HTTP/1.1" 301 178 "-" "-"
20.110.248.150 - - [23/Feb/2026:10:17:52 +0000] "GET /abcd.php HTTP/1.1" 404 134 "-" "-"
20.110.248.150 - - [23/Feb/2026:10:17:52 +0000] "GET /class.1.php HTTP/1.1" 301 178 "-" "-"
20.110.248.150 - - [23/Feb/2026:10:17:52 +0000] "GET /class.1.php HTTP/1.1" 404 134 "-" "-"
20.110.248.150 - - [23/Feb/2026:10:17:52 +0000] "GET /async.php HTTP/1.1" 301 178 "-" "-"
20.110.248.150 - - [23/Feb/2026:10:17:52 +0000] "GET /async.php HTTP/1.1" 404 134 "-" "-"
20.110.248.150 - - [23/Feb/2026:10:17:53 +0000] "GET /ff.php HTTP/1.1" 301 178 "-" "-"
20.110.248.150 - - [23/Feb/2026:10:17:53 +0000] "GET /ff.php HTTP/1.1" 404 134 "-" "-"
20.110.248.150 - - [23/Feb/2026:10:17:53 +0000] "GET /ioxi-o.php HTTP/1.1" 301 178 "-" "-"
20.110.248.150 - - [23/Feb/2026:10:17:53 +0000] "GET /ioxi-o.php HTTP/1.1" 404 134 "-" "-"
20.110.248.150 - - [23/Feb/2026:10:17:53 +0000] "GET /manager.php HTTP/1.1" 301 178 "-" "-"
20.110.248.150 - - [23/Feb/2026:10:17:53 +0000] "GET /manager.php HTTP/1.1" 404 134 "-" "-"
20.110.248.150 - - [23/Feb/2026:10:17:53 +0000] "GET /wp-update.php HTTP/1.1" 301 178 "-" "-"
20.110.248.150 - - [23/Feb/2026:10:17:53 +0000] "GET /wp-update.php HTTP/1.1" 404 134 "-" "-"
20.110.248.150 - - [23/Feb/2026:10:17:53 +0000] "GET /file.php? HTTP/1.1" 301 178 "-" "-"
20.110.248.150 - - [23/Feb/2026:10:17:53 +0000] "GET /file.php? HTTP/1.1" 404 134 "-" "-"
20.110.248.150 - - [23/Feb/2026:10:17:53 +0000] "GET /lc.php HTTP/1.1" 301 178 "-" "-"
20.110.248.150 - - [23/Feb/2026:10:17:54 +0000] "GET /lc.php HTTP/1.1" 404 134 "-" "-"
20.110.248.150 - - [23/Feb/2026:10:17:54 +0000] "GET /cbrfo.php HTTP/1.1" 301 178 "-" "-"
20.110.248.150 - - [23/Feb/2026:10:17:54 +0000] "GET /cbrfo.php HTTP/1.1" 404 134 "-" "-"
20.110.248.150 - - [23/Feb/2026:10:17:54 +0000] "GET /inc.php HTTP/1.1" 301 178 "-" "-"
20.110.248.150 - - [23/Feb/2026:10:17:54 +0000] "GET /inc.php HTTP/1.1" 404 134 "-" "-"
20.110.248.150 - - [23/Feb/2026:10:17:54 +0000] "GET /gifclass.php HTTP/1.1" 301 178 "-" "-"
20.110.248.150 - - [23/Feb/2026:10:17:54 +0000] "GET /gifclass.php HTTP/1.1" 404 134 "-" "-"
20.110.248.150 - - [23/Feb/2026:10:17:54 +0000] "GET /miansha.php HTTP/1.1" 301 178 "-" "-"
20.110.248.150 - - [23/Feb/2026:10:17:54 +0000] "GET /miansha.php HTTP/1.1" 404 134 "-" "-"
20.110.248.150 - - [23/Feb/2026:10:17:54 +0000] "GET /tinyfilemanager.php HTTP/1.1" 301 178 "-" "-"
20.110.248.150 - - [23/Feb/2026:10:17:55 +0000] "GET /tinyfilemanager.php HTTP/1.1" 404 134 "-" "-"
20.110.248.150 - - [23/Feb/2026:10:17:55 +0000] "GET /admin.php HTTP/1.1" 301 178 "-" "-"
20.110.248.150 - - [23/Feb/2026:10:17:55 +0000] "GET /admin.php HTTP/1.1" 404 134 "-" "-"
20.110.248.150 - - [23/Feb/2026:10:17:55 +0000] "GET /ok.php HTTP/1.1" 301 178 "-" "-"
20.110.248.150 - - [23/Feb/2026:10:17:55 +0000] "GET /ok.php HTTP/1.1" 404 134 "-" "-"
20.110.248.150 - - [23/Feb/2026:10:17:55 +0000] "GET /fi.php HTTP/1.1" 301 178 "-" "-"
20.110.248.150 - - [23/Feb/2026:10:17:55 +0000] "GET /fi.php HTTP/1.1" 404 134 "-" "-"
20.110.248.150 - - [23/Feb/2026:10:17:55 +0000] "GET /muzu.php HTTP/1.1" 301 178 "-" "-"
20.110.248.150 - - [23/Feb/2026:10:17:55 +0000] "GET /muzu.php HTTP/1.1" 404 134 "-" "-"
20.110.248.150 - - [23/Feb/2026:10:17:55 +0000] "GET /reze.php HTTP/1.1" 301 178 "-" "-"
20.110.248.150 - - [23/Feb/2026:10:17:55 +0000] "GET /reze.php HTTP/1.1" 404 134 "-" "-"
20.110.248.150 - - [23/Feb/2026:10:17:56 +0000] "GET /styll.php HTTP/1.1" 301 178 "-" "-"
20.110.248.150 - - [23/Feb/2026:10:17:56 +0000] "GET /styll.php HTTP/1.1" 404 134 "-" "-"
20.110.248.150 - - [23/Feb/2026:10:17:56 +0000] "GET /x7.php HTTP/1.1" 301 178 "-" "-"
20.110.248.150 - - [23/Feb/2026:10:17:56 +0000] "GET /x7.php HTTP/1.1" 404 134 "-" "-"
20.110.248.150 - - [23/Feb/2026:10:17:56 +0000] "GET /thebe.php HTTP/1.1" 301 178 "-" "-"
20.110.248.150 - - [23/Feb/2026:10:17:56 +0000] "GET /thebe.php HTTP/1.1" 404 134 "-" "-"
20.110.248.150 - - [23/Feb/2026:10:17:56 +0000] "GET /ddd.php HTTP/1.1" 301 178 "-" "-"
20.110.248.150 - - [23/Feb/2026:10:17:56 +0000] "GET /ddd.php HTTP/1.1" 404 134 "-" "-"
20.110.248.150 - - [23/Feb/2026:10:17:56 +0000] "GET /bgymj.php HTTP/1.1" 301 178 "-" "-"
20.110.248.150 - - [23/Feb/2026:10:17:56 +0000] "GET /bgymj.php HTTP/1.1" 404 134 "-" "-"
20.110.248.150 - - [23/Feb/2026:10:17:56 +0000] "GET /wp-content/themes/twenty/twenty.php HTTP/1.1" 301 178 "-" "-"
20.110.248.150 - - [23/Feb/2026:10:17:57 +0000] "GET /wp-content/themes/twenty/twenty.php HTTP/1.1" 404 134 "-" "-"
20.110.248.150 - - [23/Feb/2026:10:17:57 +0000] "GET /ioxi.php HTTP/1.1" 301 178 "-" "-"
20.110.248.150 - - [23/Feb/2026:10:17:57 +0000] "GET /ioxi.php HTTP/1.1" 404 134 "-" "-"
20.110.248.150 - - [23/Feb/2026:10:17:57 +0000] "GET /xpwer1.php HTTP/1.1" 301 178 "-" "-"
20.110.248.150 - - [23/Feb/2026:10:17:57 +0000] "GET /xpwer1.php HTTP/1.1" 404 134 "-" "-"
20.110.248.150 - - [23/Feb/2026:10:17:57 +0000] "GET //lala.php HTTP/1.1" 301 178 "-" "-"
20.110.248.150 - - [23/Feb/2026:10:17:57 +0000] "GET //lala.php HTTP/1.1" 404 134 "-" "-"
20.110.248.150 - - [23/Feb/2026:10:17:57 +0000] "GET //about.php HTTP/1.1" 301 178 "-" "-"
20.110.248.150 - - [23/Feb/2026:10:17:57 +0000] "GET //about.php HTTP/1.1" 404 134 "-" "-"
20.110.248.150 - - [23/Feb/2026:10:17:57 +0000] "GET /wp-admin/images/commentv.php HTTP/1.1" 301 178 "-" "-"
20.110.248.150 - - [23/Feb/2026:10:17:57 +0000] "GET /wp-admin/images/commentv.php HTTP/1.1" 404 134 "-" "-"
20.110.248.150 - - [23/Feb/2026:10:17:58 +0000] "GET //cgi-bin/index.php HTTP/1.1" 301 178 "-" "-"
20.110.248.150 - - [23/Feb/2026:10:17:58 +0000] "GET //cgi-bin/index.php HTTP/1.1" 404 134 "-" "-"
20.110.248.150 - - [23/Feb/2026:10:17:58 +0000] "GET //wp-admin/images/wp-conflg.php HTTP/1.1" 301 178 "-" "-"
20.110.248.150 - - [23/Feb/2026:10:17:58 +0000] "GET //wp-admin/images/wp-conflg.php HTTP/1.1" 404 134 "-" "-"
20.110.248.150 - - [23/Feb/2026:10:17:58 +0000] "GET /wp-admin/images/wp-conflg.php HTTP/1.1" 301 178 "-" "-"
20.110.248.150 - - [23/Feb/2026:10:17:58 +0000] "GET /wp-admin/images/wp-conflg.php HTTP/1.1" 404 134 "-" "-"
20.110.248.150 - - [23/Feb/2026:10:17:58 +0000] "GET /info.php HTTP/1.1" 301 178 "-" "-"
20.110.248.150 - - [23/Feb/2026:10:17:58 +0000] "GET /info.php HTTP/1.1" 404 134 "-" "-"
20.110.248.150 - - [23/Feb/2026:10:17:58 +0000] "GET /about.php HTTP/1.1" 301 178 "-" "-"
20.110.248.150 - - [23/Feb/2026:10:17:58 +0000] "GET /about.php HTTP/1.1" 404 134 "-" "-"
20.110.248.150 - - [23/Feb/2026:10:17:59 +0000] "GET /x/ HTTP/1.1" 301 178 "-" "-"
172.187.168.139 - - [23/Feb/2026:10:18:00 +0000] "POST /wp-cron.php?doing_wp_cron=1771841880.0795829296112060546875 HTTP/1.1" 200 31 "-" "WordPress/6.9; https://mentoring-wp.dreamsmarketplace.com"
20.110.248.150 - - [23/Feb/2026:10:18:00 +0000] "GET /x/ HTTP/1.1" 404 10907 "-" "-"
20.110.248.150 - - [23/Feb/2026:10:18:00 +0000] "GET /222.php HTTP/1.1" 301 178 "-" "-"
20.110.248.150 - - [23/Feb/2026:10:18:00 +0000] "GET /222.php HTTP/1.1" 404 134 "-" "-"
20.110.248.150 - - [23/Feb/2026:10:18:00 +0000] "GET //adminfuns.php HTTP/1.1" 301 178 "-" "-"
20.110.248.150 - - [23/Feb/2026:10:18:00 +0000] "GET //adminfuns.php HTTP/1.1" 404 134 "-" "-"
20.110.248.150 - - [23/Feb/2026:10:18:00 +0000] "GET /wp-includes/PHPMailer/ HTTP/1.1" 301 178 "-" "-"
20.110.248.150 - - [23/Feb/2026:10:18:00 +0000] "GET /wp-includes/PHPMailer/ HTTP/1.1" 403 134 "-" "-"
20.110.248.150 - - [23/Feb/2026:10:18:00 +0000] "GET /xx.php HTTP/1.1" 301 178 "-" "-"
20.110.248.150 - - [23/Feb/2026:10:18:00 +0000] "GET /xx.php HTTP/1.1" 404 134 "-" "-"
20.110.248.150 - - [23/Feb/2026:10:18:01 +0000] "GET /wp-admin/js/wp-conflg.php HTTP/1.1" 301 178 "-" "-"
20.110.248.150 - - [23/Feb/2026:10:18:01 +0000] "GET /wp-admin/js/wp-conflg.php HTTP/1.1" 404 134 "-" "-"
20.110.248.150 - - [23/Feb/2026:10:18:01 +0000] "GET /f5.php HTTP/1.1" 301 178 "-" "-"
20.110.248.150 - - [23/Feb/2026:10:18:01 +0000] "GET /f5.php HTTP/1.1" 404 134 "-" "-"
20.110.248.150 - - [23/Feb/2026:10:18:01 +0000] "GET /flower.php HTTP/1.1" 301 178 "-" "-"
20.110.248.150 - - [23/Feb/2026:10:18:01 +0000] "GET /flower.php HTTP/1.1" 404 134 "-" "-"
20.110.248.150 - - [23/Feb/2026:10:18:01 +0000] "GET //f6.php HTTP/1.1" 301 178 "-" "-"
20.110.248.150 - - [23/Feb/2026:10:18:01 +0000] "GET //f6.php HTTP/1.1" 404 134 "-" "-"
20.110.248.150 - - [23/Feb/2026:10:18:01 +0000] "GET //edit.php HTTP/1.1" 301 178 "-" "-"
20.110.248.150 - - [23/Feb/2026:10:18:01 +0000] "GET //edit.php HTTP/1.1" 404 134 "-" "-"
20.110.248.150 - - [23/Feb/2026:10:18:01 +0000] "GET //wp-includes/js/dist/ HTTP/1.1" 301 178 "-" "-"
20.110.248.150 - - [23/Feb/2026:10:18:02 +0000] "GET //wp-includes/js/dist/ HTTP/1.1" 403 134 "-" "-"
20.110.248.150 - - [23/Feb/2026:10:18:02 +0000] "GET /wp-includes/SimplePie/ HTTP/1.1" 301 178 "-" "-"
20.110.248.150 - - [23/Feb/2026:10:18:02 +0000] "GET /wp-includes/SimplePie/ HTTP/1.1" 403 134 "-" "-"
20.110.248.150 - - [23/Feb/2026:10:18:02 +0000] "GET //av.php HTTP/1.1" 301 178 "-" "-"
20.110.248.150 - - [23/Feb/2026:10:18:02 +0000] "GET //av.php HTTP/1.1" 404 134 "-" "-"
20.110.248.150 - - [23/Feb/2026:10:18:02 +0000] "GET /wp-includes/Text/Diff/Engine/about.php HTTP/1.1" 301 178 "-" "-"
20.110.248.150 - - [23/Feb/2026:10:18:02 +0000] "GET /wp-includes/Text/Diff/Engine/about.php HTTP/1.1" 404 134 "-" "-"
20.110.248.150 - - [23/Feb/2026:10:18:02 +0000] "GET /wsd.php HTTP/1.1" 301 178 "-" "-"
20.110.248.150 - - [23/Feb/2026:10:18:02 +0000] "GET /wsd.php HTTP/1.1" 404 134 "-" "-"
20.110.248.150 - - [23/Feb/2026:10:18:02 +0000] "GET /jane.php HTTP/1.1" 301 178 "-" "-"
20.110.248.150 - - [23/Feb/2026:10:18:02 +0000] "GET /jane.php HTTP/1.1" 404 134 "-" "-"
20.110.248.150 - - [23/Feb/2026:10:18:03 +0000] "GET /css.php HTTP/1.1" 301 178 "-" "-"
20.110.248.150 - - [23/Feb/2026:10:18:03 +0000] "GET /css.php HTTP/1.1" 404 134 "-" "-"
20.110.248.150 - - [23/Feb/2026:10:18:03 +0000] "GET /alfa.php HTTP/1.1" 301 178 "-" "-"
20.110.248.150 - - [23/Feb/2026:10:18:03 +0000] "GET /alfa.php HTTP/1.1" 404 134 "-" "-"
20.110.248.150 - - [23/Feb/2026:10:18:03 +0000] "GET /abe.php HTTP/1.1" 301 178 "-" "-"
20.110.248.150 - - [23/Feb/2026:10:18:03 +0000] "GET /abe.php HTTP/1.1" 404 134 "-" "-"
20.110.248.150 - - [23/Feb/2026:10:18:03 +0000] "GET /x.php HTTP/1.1" 301 178 "-" "-"
20.110.248.150 - - [23/Feb/2026:10:18:03 +0000] "GET /x.php HTTP/1.1" 404 134 "-" "-"
20.110.248.150 - - [23/Feb/2026:10:18:03 +0000] "GET /xxxx.php HTTP/1.1" 301 178 "-" "-"
20.110.248.150 - - [23/Feb/2026:10:18:03 +0000] "GET /xxxx.php HTTP/1.1" 404 134 "-" "-"
20.110.248.150 - - [23/Feb/2026:10:18:04 +0000] "GET //class.php HTTP/1.1" 301 178 "-" "-"
20.110.248.150 - - [23/Feb/2026:10:18:04 +0000] "GET //class.php HTTP/1.1" 404 134 "-" "-"
20.110.248.150 - - [23/Feb/2026:10:18:04 +0000] "GET /f35.php HTTP/1.1" 301 178 "-" "-"
20.110.248.150 - - [23/Feb/2026:10:18:04 +0000] "GET /f35.php HTTP/1.1" 404 134 "-" "-"
20.110.248.150 - - [23/Feb/2026:10:18:04 +0000] "GET /wp-admin/about.php HTTP/1.1" 301 178 "-" "-"
172.187.168.139 - - [23/Feb/2026:10:18:05 +0000] "POST /wp-cron.php?doing_wp_cron=1771841885.5874619483947753906250 HTTP/1.1" 200 31 "-" "WordPress/6.9; https://mentoring-wp.dreamsmarketplace.com"
20.110.248.150 - - [23/Feb/2026:10:18:05 +0000] "GET /wp-admin/about.php HTTP/1.1" 302 5 "-" "-"
172.187.168.139 - - [23/Feb/2026:10:18:07 +0000] "POST /wp-cron.php?doing_wp_cron=1771841887.3139441013336181640625 HTTP/1.1" 200 31 "-" "WordPress/6.9; https://mentoring-wp.dreamsmarketplace.com"
20.110.248.150 - - [23/Feb/2026:10:18:07 +0000] "GET /wp-login.php?redirect_to=https%3A%2F%2Fmentoring-wp.dreamsmarketplace.com%2Fwp-admin%2Fabout.php&reauth=1 HTTP/1.1" 200 2486 "-" "-"
20.110.248.150 - - [23/Feb/2026:10:18:07 +0000] "GET /update/f35.php HTTP/1.1" 301 178 "-" "-"
20.110.248.150 - - [23/Feb/2026:10:18:07 +0000] "GET /update/f35.php HTTP/1.1" 404 134 "-" "-"
20.110.248.150 - - [23/Feb/2026:10:18:07 +0000] "GET /wp-content/themes/about.php HTTP/1.1" 301 178 "-" "-"
20.110.248.150 - - [23/Feb/2026:10:18:07 +0000] "GET /wp-content/themes/about.php HTTP/1.1" 404 134 "-" "-"
20.110.248.150 - - [23/Feb/2026:10:18:07 +0000] "GET /class-t.api.php HTTP/1.1" 301 178 "-" "-"
20.110.248.150 - - [23/Feb/2026:10:18:07 +0000] "GET /class-t.api.php HTTP/1.1" 404 134 "-" "-"
20.110.248.150 - - [23/Feb/2026:10:18:08 +0000] "GET /blurbs18.php HTTP/1.1" 301 178 "-" "-"
20.110.248.150 - - [23/Feb/2026:10:18:08 +0000] "GET /blurbs18.php HTTP/1.1" 404 134 "-" "-"
20.110.248.150 - - [23/Feb/2026:10:18:08 +0000] "GET /.well-known/gecko-litespeed.php HTTP/1.1" 301 178 "-" "-"
20.110.248.150 - - [23/Feb/2026:10:18:08 +0000] "GET /.well-known/gecko-litespeed.php HTTP/1.1" 404 134 "-" "-"
20.110.248.150 - - [23/Feb/2026:10:18:08 +0000] "GET /wp-admin/maint/about.php HTTP/1.1" 301 178 "-" "-"
20.110.248.150 - - [23/Feb/2026:10:18:08 +0000] "GET /wp-admin/maint/about.php HTTP/1.1" 404 134 "-" "-"
20.110.248.150 - - [23/Feb/2026:10:18:08 +0000] "GET /wp-content/admin.php HTTP/1.1" 301 178 "-" "-"
20.110.248.150 - - [23/Feb/2026:10:18:08 +0000] "GET /wp-content/admin.php HTTP/1.1" 404 134 "-" "-"
20.110.248.150 - - [23/Feb/2026:10:18:08 +0000] "GET /wp-admin/setup-config.php HTTP/1.1" 301 178 "-" "-"
20.110.248.150 - - [23/Feb/2026:10:18:09 +0000] "GET /wp-admin/setup-config.php HTTP/1.1" 409 2677 "-" "-"
20.110.248.150 - - [23/Feb/2026:10:18:09 +0000] "GET /wp-includes/ID3/about.php?p= HTTP/1.1" 301 178 "-" "-"
20.110.248.150 - - [23/Feb/2026:10:18:09 +0000] "GET /wp-includes/ID3/about.php?p= HTTP/1.1" 404 134 "-" "-"
20.110.248.150 - - [23/Feb/2026:10:18:09 +0000] "GET /.well-known/admin.php HTTP/1.1" 301 178 "-" "-"
20.110.248.150 - - [23/Feb/2026:10:18:09 +0000] "GET /.well-known/admin.php HTTP/1.1" 404 134 "-" "-"
20.110.248.150 - - [23/Feb/2026:10:18:09 +0000] "GET /bless11.php HTTP/1.1" 301 178 "-" "-"
20.110.248.150 - - [23/Feb/2026:10:18:09 +0000] "GET /bless11.php HTTP/1.1" 404 134 "-" "-"
20.110.248.150 - - [23/Feb/2026:10:18:09 +0000] "GET /init.php HTTP/1.1" 301 178 "-" "-"
20.110.248.150 - - [23/Feb/2026:10:18:09 +0000] "GET /init.php HTTP/1.1" 404 134 "-" "-"
20.110.248.150 - - [23/Feb/2026:10:18:10 +0000] "GET /wp-content/plugins/pwnd/as.php HTTP/1.1" 301 178 "-" "-"
20.110.248.150 - - [23/Feb/2026:10:18:10 +0000] "GET /wp-content/plugins/pwnd/as.php HTTP/1.1" 404 134 "-" "-"
20.110.248.150 - - [23/Feb/2026:10:18:10 +0000] "GET /k.php HTTP/1.1" 301 178 "-" "-"
20.110.248.150 - - [23/Feb/2026:10:18:10 +0000] "GET /k.php HTTP/1.1" 404 134 "-" "-"
20.110.248.150 - - [23/Feb/2026:10:18:10 +0000] "GET /bless.php HTTP/1.1" 301 178 "-" "-"
20.110.248.150 - - [23/Feb/2026:10:18:10 +0000] "GET /bless.php HTTP/1.1" 404 134 "-" "-"
20.110.248.150 - - [23/Feb/2026:10:18:10 +0000] "GET /X7x.php HTTP/1.1" 301 178 "-" "-"
20.110.248.150 - - [23/Feb/2026:10:18:10 +0000] "GET /X7x.php HTTP/1.1" 404 134 "-" "-"
20.110.248.150 - - [23/Feb/2026:10:18:10 +0000] "GET /166.php HTTP/1.1" 301 178 "-" "-"
20.110.248.150 - - [23/Feb/2026:10:18:10 +0000] "GET /166.php HTTP/1.1" 404 134 "-" "-"
20.110.248.150 - - [23/Feb/2026:10:18:10 +0000] "GET /plss3.php HTTP/1.1" 301 178 "-" "-"
20.110.248.150 - - [23/Feb/2026:10:18:11 +0000] "GET /plss3.php HTTP/1.1" 404 134 "-" "-"
20.110.248.150 - - [23/Feb/2026:10:18:11 +0000] "GET /wp-admin/user/about.php HTTP/1.1" 301 178 "-" "-"
172.187.168.139 - - [23/Feb/2026:10:18:12 +0000] "POST /wp-cron.php?doing_wp_cron=1771841892.1503970623016357421875 HTTP/1.1" 200 31 "-" "WordPress/6.9; https://mentoring-wp.dreamsmarketplace.com"
20.110.248.150 - - [23/Feb/2026:10:18:12 +0000] "GET /wp-admin/user/about.php HTTP/1.1" 302 5 "-" "-"
172.187.168.139 - - [23/Feb/2026:10:18:13 +0000] "POST /wp-cron.php?doing_wp_cron=1771841893.5417981147766113281250 HTTP/1.1" 200 31 "-" "WordPress/6.9; https://mentoring-wp.dreamsmarketplace.com"
20.110.248.150 - - [23/Feb/2026:10:18:13 +0000] "GET /wp-login.php?redirect_to=https%3A%2F%2Fmentoring-wp.dreamsmarketplace.com%2Fwp-admin%2Fuser%2Fabout.php&reauth=1 HTTP/1.1" 200 2487 "-" "-"
20.110.248.150 - - [23/Feb/2026:10:18:13 +0000] "GET /admins.php HTTP/1.1" 301 178 "-" "-"
20.110.248.150 - - [23/Feb/2026:10:18:13 +0000] "GET /admins.php HTTP/1.1" 404 134 "-" "-"
20.110.248.150 - - [23/Feb/2026:10:18:13 +0000] "GET /wp.php HTTP/1.1" 301 178 "-" "-"
20.110.248.150 - - [23/Feb/2026:10:18:14 +0000] "GET /wp.php HTTP/1.1" 404 134 "-" "-"
20.110.248.150 - - [23/Feb/2026:10:18:14 +0000] "GET /main.php HTTP/1.1" 301 178 "-" "-"
20.110.248.150 - - [23/Feb/2026:10:18:14 +0000] "GET /main.php HTTP/1.1" 404 134 "-" "-"
20.110.248.150 - - [23/Feb/2026:10:18:14 +0000] "GET /a1.php HTTP/1.1" 301 178 "-" "-"
20.110.248.150 - - [23/Feb/2026:10:18:14 +0000] "GET /a1.php HTTP/1.1" 404 134 "-" "-"
20.110.248.150 - - [23/Feb/2026:10:18:14 +0000] "GET /lala.php HTTP/1.1" 301 178 "-" "-"
20.110.248.150 - - [23/Feb/2026:10:18:14 +0000] "GET /lala.php HTTP/1.1" 404 134 "-" "-"
20.110.248.150 - - [23/Feb/2026:10:18:14 +0000] "GET /aaa.php HTTP/1.1" 301 178 "-" "-"
20.110.248.150 - - [23/Feb/2026:10:18:14 +0000] "GET /aaa.php HTTP/1.1" 404 134 "-" "-"
20.110.248.150 - - [23/Feb/2026:10:18:14 +0000] "GET /a2.php HTTP/1.1" 301 178 "-" "-"
20.110.248.150 - - [23/Feb/2026:10:18:14 +0000] "GET /a2.php HTTP/1.1" 404 134 "-" "-"
20.110.248.150 - - [23/Feb/2026:10:18:15 +0000] "GET /wp-includes/assets/index.php HTTP/1.1" 301 178 "-" "-"
20.110.248.150 - - [23/Feb/2026:10:18:15 +0000] "GET /wp-includes/assets/index.php HTTP/1.1" 404 134 "-" "-"
20.110.248.150 - - [23/Feb/2026:10:18:15 +0000] "GET /jsond.php HTTP/1.1" 301 178 "-" "-"
20.110.248.150 - - [23/Feb/2026:10:18:15 +0000] "GET /jsond.php HTTP/1.1" 404 134 "-" "-"
221.150.109.89 - - [23/Feb/2026:10:18:40 +0000] "GET /inside-the-solana-nft-explorer-tracking-nfts-sol-moves-and-wallets-like-a-pro/ HTTP/1.1" 301 178 "https://mentoring-wp.dreamstechnologies.com/" "Mozilla/5.0 (Macintosh; Intel Mac OS X 12.5; rv:114.0) Gecko/20100101 Firefox/114.0"
172.187.168.139 - - [23/Feb/2026:10:18:44 +0000] "POST /wp-cron.php?doing_wp_cron=1771841924.3446559906005859375000 HTTP/1.1" 200 31 "-" "WordPress/6.9; https://mentoring-wp.dreamsmarketplace.com"
221.150.109.89 - - [23/Feb/2026:10:18:44 +0000] "GET /inside-the-solana-nft-explorer-tracking-nfts-sol-moves-and-wallets-like-a-pro/ HTTP/1.1" 404 10950 "https://mentoring-wp.dreamstechnologies.com/" "Mozilla/5.0 (Macintosh; Intel Mac OS X 12.5; rv:114.0) Gecko/20100101 Firefox/114.0"
172.187.168.139 - - [23/Feb/2026:10:18:50 +0000] "POST /wp-cron.php?doing_wp_cron=1771841930.6032309532165527343750 HTTP/1.1" 200 31 "-" "WordPress/6.9; https://mentoring-wp.dreamsmarketplace.com"
221.150.109.89 - - [23/Feb/2026:10:18:50 +0000] "GET / HTTP/1.1" 200 14873 "-" "Mozilla/5.0 (Macintosh; Intel Mac OS X 12.5; rv:114.0) Gecko/20100101 Firefox/114.0"
172.187.168.139 - - [23/Feb/2026:10:18:55 +0000] "POST /wp-cron.php?doing_wp_cron=1771841935.1516048908233642578125 HTTP/1.1" 200 31 "-" "WordPress/6.9; https://mentoring-wp.dreamsmarketplace.com"
221.150.109.89 - - [23/Feb/2026:10:18:55 +0000] "GET /at-vero-eos-et-accusamus-et-iusto-odio-dignissimos-2/ HTTP/1.1" 200 18219 "https://mentoring-wp.dreamsmarketplace.com" "Mozilla/5.0 (Macintosh; Intel Mac OS X 12.5; rv:114.0) Gecko/20100101 Firefox/114.0"
172.187.168.139 - - [23/Feb/2026:10:18:58 +0000] "POST /wp-cron.php?doing_wp_cron=1771841938.3496301174163818359375 HTTP/1.1" 200 31 "-" "WordPress/6.9; https://mentoring-wp.dreamsmarketplace.com"
221.150.109.89 - - [23/Feb/2026:10:18:58 +0000] "POST /wp-comments-post.php HTTP/1.1" 500 2629 "https://mentoring-wp.dreamsmarketplace.com/at-vero-eos-et-accusamus-et-iusto-odio-dignissimos-2/" "Mozilla/5.0 (Macintosh; Intel Mac OS X 12.5; rv:114.0) Gecko/20100101 Firefox/114.0"
172.187.168.139 - - [23/Feb/2026:10:19:02 +0000] "POST /wp-cron.php?doing_wp_cron=1771841941.9648070335388183593750 HTTP/1.1" 200 31 "-" "WordPress/6.9; https://mentoring-wp.dreamsmarketplace.com"
221.150.109.89 - - [23/Feb/2026:10:19:02 +0000] "POST /wp-comments-post.php HTTP/1.1" 500 2629 "https://mentoring-wp.dreamsmarketplace.com/at-vero-eos-et-accusamus-et-iusto-odio-dignissimos-2/" "Mozilla/5.0 (Macintosh; Intel Mac OS X 12.5; rv:114.0) Gecko/20100101 Firefox/114.0"
172.187.168.139 - - [23/Feb/2026:10:19:05 +0000] "POST /wp-cron.php?doing_wp_cron=1771841945.9175961017608642578125 HTTP/1.1" 200 31 "-" "WordPress/6.9; https://mentoring-wp.dreamsmarketplace.com"
221.150.109.89 - - [23/Feb/2026:10:19:05 +0000] "POST /wp-comments-post.php HTTP/1.1" 500 2629 "https://mentoring-wp.dreamsmarketplace.com/at-vero-eos-et-accusamus-et-iusto-odio-dignissimos-2/" "Mozilla/5.0 (Macintosh; Intel Mac OS X 12.5; rv:114.0) Gecko/20100101 Firefox/114.0"
2a03:2880:f800:29:: - - [23/Feb/2026:10:19:10 +0000] "GET /fifty-dragons-100-free-spins-no-deposit-dragonz-2024/ HTTP/1.1" 301 178 "-" "meta-externalagent/1.1 (+https://developers.facebook.com/docs/sharing/webmasters/crawler)"
172.187.168.139 - - [23/Feb/2026:10:19:13 +0000] "POST /wp-cron.php?doing_wp_cron=1771841953.7590589523315429687500 HTTP/1.1" 200 31 "-" "WordPress/6.9; https://mentoring-wp.dreamsmarketplace.com"
221.150.109.89 - - [23/Feb/2026:10:19:13 +0000] "POST /wp-comments-post.php HTTP/1.1" 500 2629 "https://mentoring-wp.dreamsmarketplace.com/at-vero-eos-et-accusamus-et-iusto-odio-dignissimos-2/" "Mozilla/5.0 (Macintosh; Intel Mac OS X 12.5; rv:114.0) Gecko/20100101 Firefox/114.0"
172.187.168.139 - - [23/Feb/2026:10:19:17 +0000] "POST /wp-cron.php?doing_wp_cron=1771841957.6986100673675537109375 HTTP/1.1" 200 31 "-" "WordPress/6.9; https://mentoring-wp.dreamsmarketplace.com"
221.150.109.89 - - [23/Feb/2026:10:19:17 +0000] "GET /at-vero-eos-et-accusamus-et-iusto-odio-dignissimos-2/ HTTP/1.1" 200 18219 "-" "Mozilla/5.0 (Macintosh; Intel Mac OS X 12.5; rv:114.0) Gecko/20100101 Firefox/114.0"
2a03:2880:f800:a:: - - [23/Feb/2026:10:19:59 +0000] "GET /wp-sitemap-taxonomies-post_tag-1.xml HTTP/1.1" 301 178 "-" "meta-externalagent/1.1 (+https://developers.facebook.com/docs/sharing/webmasters/crawler)"
2a03:2880:f800:1a:: - - [23/Feb/2026:10:20:02 +0000] "GET /casinoliste-2025-opliste-foran-bedste-online-casinoer-pr-dannevan/ HTTP/1.1" 301 178 "-" "meta-externalagent/1.1 (+https://developers.facebook.com/docs/sharing/webmasters/crawler)"
185.153.196.107 - - [23/Feb/2026:10:23:25 +0000] "POST /xmlrpc.php HTTP/1.1" 301 178 "-" "Mozilla/5.0 (Windows NT 10.0; Win64; x64) AppleWebKit/537.36 (KHTML, like Gecko) Chrome/114.0.0.0 Safari/537.36"
172.187.168.139 - - [23/Feb/2026:10:23:26 +0000] "POST /wp-cron.php?doing_wp_cron=1771842206.4677150249481201171875 HTTP/1.1" 200 31 "-" "WordPress/6.9; https://mentoring-wp.dreamsmarketplace.com"
185.153.196.107 - - [23/Feb/2026:10:23:26 +0000] "GET /xmlrpc.php HTTP/1.1" 405 53 "-" "Mozilla/5.0 (Windows NT 10.0; Win64; x64) AppleWebKit/537.36 (KHTML, like Gecko) Chrome/114.0.0.0 Safari/537.36"
185.153.196.107 - - [23/Feb/2026:10:23:26 +0000] "POST /xmlrpc.php HTTP/1.1" 301 178 "-" "Mozilla/5.0 (Windows NT 10.0; Win64; x64) AppleWebKit/537.36 (KHTML, like Gecko) Chrome/114.0.0.0 Safari/537.36"
172.187.168.139 - - [23/Feb/2026:10:23:27 +0000] "POST /wp-cron.php?doing_wp_cron=1771842207.7502930164337158203125 HTTP/1.1" 200 31 "-" "WordPress/6.9; https://mentoring-wp.dreamsmarketplace.com"
185.153.196.107 - - [23/Feb/2026:10:23:27 +0000] "GET /xmlrpc.php HTTP/1.1" 405 53 "-" "Mozilla/5.0 (Windows NT 10.0; Win64; x64) AppleWebKit/537.36 (KHTML, like Gecko) Chrome/114.0.0.0 Safari/537.36"
79.110.137.75 - - [23/Feb/2026:10:25:30 +0000] "POST /xmlrpc.php HTTP/1.1" 301 178 "-" "Python-xmlrpc/3.14"
79.110.137.75 - - [23/Feb/2026:10:25:31 +0000] "POST /xmlrpc.php HTTP/1.1" 301 178 "-" "Python-xmlrpc/3.14"
172.187.168.139 - - [23/Feb/2026:10:27:19 +0000] "POST /wp-cron.php?doing_wp_cron=1771842439.2805430889129638671875 HTTP/1.1" 200 31 "-" "WordPress/6.9; https://mentoring-wp.dreamsmarketplace.com"
221.150.109.89 - - [23/Feb/2026:10:27:19 +0000] "GET /at-vero-eos-et-accusamus-et-iusto-odio-dignissimos-2/ HTTP/1.1" 200 18223 "-" "Mozilla/5.0 (Macintosh; Intel Mac OS X 12_5) AppleWebKit/537.36 (KHTML, like Gecko) Chrome/114.0.0.0 Safari/537.36 Edg/114.0.1264.71"
2a03:2880:f800:18:: - - [23/Feb/2026:10:27:42 +0000] "GET /trusted-online-casino-reviews-finest-7-sites-within-7-sultans-casino-the-canada/ HTTP/1.1" 301 178 "-" "meta-externalagent/1.1 (+https://developers.facebook.com/docs/sharing/webmasters/crawler)"
52.167.144.172 - - [23/Feb/2026:10:28:22 +0000] "GET /australian-online-casino-reviews-honest-betting-analysis/ HTTP/1.1" 301 178 "-" "Mozilla/5.0 AppleWebKit/537.36 (KHTML, like Gecko; compatible; bingbot/2.0; +http://www.bing.com/bingbot.htm) Chrome/116.0.1938.76 Safari/537.36"
2a03:2880:f800:1e:: - - [23/Feb/2026:10:29:05 +0000] "GET /best-real-cash-casino-programs-blood-suckers-pokie-free-spins-2025-best-mobile-casinos-online/ HTTP/1.1" 301 178 "-" "meta-externalagent/1.1 (+https://developers.facebook.com/docs/sharing/webmasters/crawler)"
2a03:2880:f800:44:: - - [23/Feb/2026:10:31:14 +0000] "GET /finest-totally-free-revolves-gambling-enterprises-alice-in-wonderland-slot-january-2026-no-deposit-ports/ HTTP/1.1" 301 178 "-" "meta-externalagent/1.1 (+https://developers.facebook.com/docs/sharing/webmasters/crawler)"
2a03:2880:f800:1:: - - [23/Feb/2026:10:31:52 +0000] "GET /freispiele-dolphin-pearl-deluxe-casino-as-part-of-registrierung-gratis-spins-within-registration-2026/ HTTP/1.1" 301 178 "-" "meta-externalagent/1.1 (+https://developers.facebook.com/docs/sharing/webmasters/crawler)"
185.255.128.109 - mentoring_admin [23/Feb/2026:10:36:25 +0000] "GET /wp-json/wp/v2/pages HTTP/1.1" 301 178 "-" "python-requests/2.32.3"
172.187.168.139 - - [23/Feb/2026:10:36:26 +0000] "POST /wp-cron.php?doing_wp_cron=1771842986.7958021163940429687500 HTTP/1.1" 200 31 "-" "WordPress/6.9; https://mentoring-wp.dreamsmarketplace.com"
185.255.128.109 - - [23/Feb/2026:10:36:27 +0000] "GET /wp-json/wp/v2/pages HTTP/1.1" 200 58710 "-" "python-requests/2.32.3"
185.255.128.109 - mentoring_admin [23/Feb/2026:10:36:27 +0000] "GET /wp-json/wp/v2/settings HTTP/1.1" 301 178 "-" "python-requests/2.32.3"
172.187.168.139 - - [23/Feb/2026:10:36:28 +0000] "POST /wp-cron.php?doing_wp_cron=1771842988.9241149425506591796875 HTTP/1.1" 200 31 "-" "WordPress/6.9; https://mentoring-wp.dreamsmarketplace.com"
185.255.128.109 - - [23/Feb/2026:10:36:28 +0000] "GET /wp-json/wp/v2/settings HTTP/1.1" 401 109 "-" "python-requests/2.32.3"
185.255.128.109 - mentoring_admin [23/Feb/2026:10:36:29 +0000] "GET /wp-json/wp/v2/pages HTTP/1.1" 301 178 "-" "python-requests/2.32.3"
185.255.128.109 - mentoring_admin [23/Feb/2026:10:36:30 +0000] "GET /wp-json/wp/v2/pages HTTP/1.1" 301 178 "-" "python-requests/2.32.3"
172.187.168.139 - - [23/Feb/2026:10:36:30 +0000] "POST /wp-cron.php?doing_wp_cron=1771842990.7223029136657714843750 HTTP/1.1" 200 31 "-" "WordPress/6.9; https://mentoring-wp.dreamsmarketplace.com"
185.255.128.109 - - [23/Feb/2026:10:36:30 +0000] "GET /wp-json/wp/v2/pages HTTP/1.1" 200 58710 "-" "python-requests/2.32.3"
185.255.128.109 - mentoring_admin [23/Feb/2026:10:36:31 +0000] "POST /wp-json/wp/v2/pages/4560 HTTP/1.1" 301 178 "-" "python-requests/2.32.3"
172.187.168.139 - - [23/Feb/2026:10:36:32 +0000] "POST /wp-cron.php?doing_wp_cron=1771842992.0687460899353027343750 HTTP/1.1" 200 31 "-" "WordPress/6.9; https://mentoring-wp.dreamsmarketplace.com"
185.255.128.109 - - [23/Feb/2026:10:36:32 +0000] "GET /wp-json/wp/v2/pages HTTP/1.1" 200 58710 "-" "python-requests/2.32.3"
172.187.168.139 - - [23/Feb/2026:10:36:32 +0000] "POST /wp-cron.php?doing_wp_cron=1771842992.4509830474853515625000 HTTP/1.1" 200 31 "-" "WordPress/6.9; https://mentoring-wp.dreamsmarketplace.com"
185.255.128.109 - - [23/Feb/2026:10:36:32 +0000] "GET /wp-json/wp/v2/pages/4560 HTTP/1.1" 200 19794 "-" "python-requests/2.32.3"
185.255.128.109 - mentoring_admin [23/Feb/2026:10:36:32 +0000] "GET /wp-json/wp/v2/settings HTTP/1.1" 301 178 "-" "python-requests/2.32.3"
172.187.168.139 - - [23/Feb/2026:10:36:33 +0000] "POST /wp-cron.php?doing_wp_cron=1771842993.8931460380554199218750 HTTP/1.1" 200 31 "-" "WordPress/6.9; https://mentoring-wp.dreamsmarketplace.com"
185.255.128.109 - - [23/Feb/2026:10:36:33 +0000] "GET /wp-json/wp/v2/settings HTTP/1.1" 401 109 "-" "python-requests/2.32.3"
185.255.128.109 - mentoring_admin [23/Feb/2026:10:36:34 +0000] "GET /wp-json/wp/v2/pages HTTP/1.1" 301 178 "-" "python-requests/2.32.3"
172.187.168.139 - - [23/Feb/2026:10:36:35 +0000] "POST /wp-cron.php?doing_wp_cron=1771842995.6664860248565673828125 HTTP/1.1" 200 31 "-" "WordPress/6.9; https://mentoring-wp.dreamsmarketplace.com"
185.255.128.109 - - [23/Feb/2026:10:36:35 +0000] "GET /wp-json/wp/v2/pages HTTP/1.1" 200 58710 "-" "python-requests/2.32.3"
185.255.128.109 - mentoring_admin [23/Feb/2026:10:36:36 +0000] "POST /wp-json/wp/v2/pages/4560 HTTP/1.1" 301 178 "-" "python-requests/2.32.3"
172.187.168.139 - - [23/Feb/2026:10:36:37 +0000] "POST /wp-cron.php?doing_wp_cron=1771842997.3263969421386718750000 HTTP/1.1" 200 31 "-" "WordPress/6.9; https://mentoring-wp.dreamsmarketplace.com"
185.255.128.109 - - [23/Feb/2026:10:36:37 +0000] "GET /wp-json/wp/v2/pages/4560 HTTP/1.1" 200 19794 "-" "python-requests/2.32.3"
185.255.128.109 - mentoring_admin [23/Feb/2026:10:36:59 +0000] "GET /wp-json/wp/v2/pages HTTP/1.1" 301 178 "-" "python-requests/2.32.3"
172.187.168.139 - - [23/Feb/2026:10:37:00 +0000] "POST /wp-cron.php?doing_wp_cron=1771843020.5591669082641601562500 HTTP/1.1" 200 31 "-" "WordPress/6.9; https://mentoring-wp.dreamsmarketplace.com"
185.255.128.109 - - [23/Feb/2026:10:37:00 +0000] "GET /wp-json/wp/v2/pages HTTP/1.1" 200 58710 "-" "python-requests/2.32.3"
185.255.128.109 - mentoring_admin [23/Feb/2026:10:37:00 +0000] "GET /wp-json/wp/v2/settings HTTP/1.1" 301 178 "-" "python-requests/2.32.3"
172.187.168.139 - - [23/Feb/2026:10:37:02 +0000] "POST /wp-cron.php?doing_wp_cron=1771843022.2731781005859375000000 HTTP/1.1" 200 31 "-" "WordPress/6.9; https://mentoring-wp.dreamsmarketplace.com"
185.255.128.109 - - [23/Feb/2026:10:37:02 +0000] "GET /wp-json/wp/v2/settings HTTP/1.1" 401 109 "-" "python-requests/2.32.3"
185.255.128.109 - mentoring_admin [23/Feb/2026:10:37:02 +0000] "GET /wp-json/wp/v2/pages HTTP/1.1" 301 178 "-" "python-requests/2.32.3"
172.187.168.139 - - [23/Feb/2026:10:37:04 +0000] "POST /wp-cron.php?doing_wp_cron=1771843024.1010670661926269531250 HTTP/1.1" 200 31 "-" "WordPress/6.9; https://mentoring-wp.dreamsmarketplace.com"
185.255.128.109 - - [23/Feb/2026:10:37:04 +0000] "GET /wp-json/wp/v2/pages HTTP/1.1" 200 58710 "-" "python-requests/2.32.3"
185.255.128.109 - mentoring_admin [23/Feb/2026:10:37:04 +0000] "POST /wp-json/wp/v2/pages/4560 HTTP/1.1" 301 178 "-" "python-requests/2.32.3"
172.187.168.139 - - [23/Feb/2026:10:37:06 +0000] "POST /wp-cron.php?doing_wp_cron=1771843025.9871380329132080078125 HTTP/1.1" 200 31 "-" "WordPress/6.9; https://mentoring-wp.dreamsmarketplace.com"
185.255.128.109 - - [23/Feb/2026:10:37:06 +0000] "GET /wp-json/wp/v2/pages/4560 HTTP/1.1" 200 19794 "-" "python-requests/2.32.3"
185.255.128.109 - mentoring_admin [23/Feb/2026:10:37:41 +0000] "GET /wp-json/wp/v2/pages HTTP/1.1" 301 178 "-" "python-requests/2.32.3"
172.187.168.139 - - [23/Feb/2026:10:37:43 +0000] "POST /wp-cron.php?doing_wp_cron=1771843063.7425460815429687500000 HTTP/1.1" 200 31 "-" "WordPress/6.9; https://mentoring-wp.dreamsmarketplace.com"
185.255.128.109 - - [23/Feb/2026:10:37:43 +0000] "GET /wp-json/wp/v2/pages HTTP/1.1" 200 58710 "-" "python-requests/2.32.3"
185.255.128.109 - mentoring_admin [23/Feb/2026:10:37:44 +0000] "GET /wp-json/wp/v2/settings HTTP/1.1" 301 178 "-" "python-requests/2.32.3"
212.97.69.14 - mentoring_admin [23/Feb/2026:10:37:44 +0000] "GET /wp-json/wp/v2/pages HTTP/1.1" 301 178 "-" "python-requests/2.32.3"
172.187.168.139 - - [23/Feb/2026:10:37:48 +0000] "POST /wp-cron.php?doing_wp_cron=1771843068.7606289386749267578125 HTTP/1.1" 200 31 "-" "WordPress/6.9; https://mentoring-wp.dreamsmarketplace.com"
185.255.128.109 - - [23/Feb/2026:10:37:48 +0000] "GET /wp-json/wp/v2/settings HTTP/1.1" 401 109 "-" "python-requests/2.32.3"
185.255.128.109 - mentoring_admin [23/Feb/2026:10:37:49 +0000] "GET /wp-json/wp/v2/pages HTTP/1.1" 301 178 "-" "python-requests/2.32.3"
172.187.168.139 - - [23/Feb/2026:10:37:50 +0000] "POST /wp-cron.php?doing_wp_cron=1771843070.5663940906524658203125 HTTP/1.1" 200 31 "-" "WordPress/6.9; https://mentoring-wp.dreamsmarketplace.com"
185.255.128.109 - - [23/Feb/2026:10:37:50 +0000] "GET /wp-json/wp/v2/pages HTTP/1.1" 200 58710 "-" "python-requests/2.32.3"
185.255.128.109 - mentoring_admin [23/Feb/2026:10:37:50 +0000] "POST /wp-json/wp/v2/pages/4560 HTTP/1.1" 301 178 "-" "python-requests/2.32.3"
172.187.168.139 - - [23/Feb/2026:10:37:52 +0000] "POST /wp-cron.php?doing_wp_cron=1771843072.2040588855743408203125 HTTP/1.1" 200 31 "-" "WordPress/6.9; https://mentoring-wp.dreamsmarketplace.com"
185.255.128.109 - - [23/Feb/2026:10:37:52 +0000] "GET /wp-json/wp/v2/pages/4560 HTTP/1.1" 200 19794 "-" "python-requests/2.32.3"
40.77.167.53 - - [23/Feb/2026:10:38:01 +0000] "GET /wonach-wird-person-bei-der-auswahl-eines-brandneuen-casinos-beachten/ HTTP/1.1" 301 178 "-" "Mozilla/5.0 AppleWebKit/537.36 (KHTML, like Gecko; compatible; bingbot/2.0; +http://www.bing.com/bingbot.htm) Chrome/116.0.1938.76 Safari/537.36"
165.73.242.8 - - [23/Feb/2026:10:38:24 +0000] "POST /xmlrpc.php HTTP/1.1" 301 178 "-" "Mozilla/5.0 (Windows NT 10.0; Win64; x64) AppleWebKit/537.36 (KHTML, like Gecko) Chrome/114.0.0.0 Safari/537.36"
172.187.168.139 - - [23/Feb/2026:10:38:26 +0000] "POST /wp-cron.php?doing_wp_cron=1771843106.8661088943481445312500 HTTP/1.1" 200 31 "-" "WordPress/6.9; https://mentoring-wp.dreamsmarketplace.com"
165.73.242.8 - - [23/Feb/2026:10:38:26 +0000] "GET /xmlrpc.php HTTP/1.1" 405 53 "-" "Mozilla/5.0 (Windows NT 10.0; Win64; x64) AppleWebKit/537.36 (KHTML, like Gecko) Chrome/114.0.0.0 Safari/537.36"
165.73.242.8 - - [23/Feb/2026:10:38:28 +0000] "POST /xmlrpc.php HTTP/1.1" 301 178 "-" "Mozilla/5.0 (Windows NT 10.0; Win64; x64) AppleWebKit/537.36 (KHTML, like Gecko) Chrome/114.0.0.0 Safari/537.36"
172.187.168.139 - - [23/Feb/2026:10:38:30 +0000] "POST /wp-cron.php?doing_wp_cron=1771843110.1568078994750976562500 HTTP/1.1" 200 31 "-" "WordPress/6.9; https://mentoring-wp.dreamsmarketplace.com"
