51.68.111.212 - - [23/Feb/2026:16:31:17 +0000] "GET / HTTP/1.1" 301 178 "-" "Mozilla/5.0 (compatible; MJ12bot/v2.0.4; http://mj12bot.com/)"
51.68.111.212 - - [23/Feb/2026:16:31:18 +0000] "GET / HTTP/1.1" 301 178 "-" "Mozilla/5.0 (compatible; MJ12bot/v2.0.4; http://mj12bot.com/)"
51.68.111.212 - - [23/Feb/2026:16:31:19 +0000] "GET / HTTP/1.1" 301 178 "-" "Mozilla/5.0 (compatible; MJ12bot/v2.0.4; http://mj12bot.com/)"
51.68.111.212 - - [23/Feb/2026:16:31:20 +0000] "GET / HTTP/1.1" 301 178 "-" "Mozilla/5.0 (compatible; MJ12bot/v2.0.4; http://mj12bot.com/)"
51.68.111.212 - - [23/Feb/2026:16:31:21 +0000] "GET / HTTP/1.1" 301 178 "-" "Mozilla/5.0 (compatible; MJ12bot/v2.0.4; http://mj12bot.com/)"
51.68.111.212 - - [23/Feb/2026:16:31:22 +0000] "GET / HTTP/1.1" 301 178 "-" "Mozilla/5.0 (compatible; MJ12bot/v2.0.4; http://mj12bot.com/)"
51.68.111.212 - - [23/Feb/2026:16:31:23 +0000] "GET / HTTP/1.1" 301 178 "-" "Mozilla/5.0 (compatible; MJ12bot/v2.0.4; http://mj12bot.com/)"
51.68.111.212 - - [23/Feb/2026:16:31:24 +0000] "GET / HTTP/1.1" 301 178 "-" "Mozilla/5.0 (compatible; MJ12bot/v2.0.4; http://mj12bot.com/)"
51.68.111.212 - - [23/Feb/2026:16:31:25 +0000] "GET / HTTP/1.1" 301 178 "-" "Mozilla/5.0 (compatible; MJ12bot/v2.0.4; http://mj12bot.com/)"
51.68.111.212 - - [23/Feb/2026:16:31:26 +0000] "GET / HTTP/1.1" 301 178 "-" "Mozilla/5.0 (compatible; MJ12bot/v2.0.4; http://mj12bot.com/)"
51.68.111.212 - - [23/Feb/2026:16:31:27 +0000] "GET / HTTP/1.1" 301 178 "-" "Mozilla/5.0 (compatible; MJ12bot/v2.0.4; http://mj12bot.com/)"
172.187.168.139 - - [23/Feb/2026:16:31:28 +0000] "POST /wp-cron.php?doing_wp_cron=1771864288.3849420547485351562500 HTTP/1.1" 200 31 "-" "WordPress/6.9; https://mentoring-wp.dreamsmarketplace.com"
51.68.111.212 - - [23/Feb/2026:16:31:28 +0000] "GET / HTTP/1.1" 200 14896 "-" "Mozilla/5.0 (compatible; MJ12bot/v2.0.4; http://mj12bot.com/)"
172.187.168.139 - - [23/Feb/2026:16:32:00 +0000] "POST /wp-cron.php?doing_wp_cron=1771864320.3188190460205078125000 HTTP/1.1" 200 31 "-" "WordPress/6.9; https://mentoring-wp.dreamsmarketplace.com"
157.55.39.16 - - [23/Feb/2026:16:32:00 +0000] "GET /incentive-hunting-inside-canada-is-a-lot-easier-told-you-than-complete/ HTTP/1.1" 404 10953 "-" "Mozilla/5.0 AppleWebKit/537.36 (KHTML, like Gecko; compatible; bingbot/2.0; +http://www.bing.com/bingbot.htm) Chrome/116.0.1938.76 Safari/537.36"
14.243.161.27 - - [23/Feb/2026:16:32:50 +0000] "GET /thunderstruck-slot-projects-inside-the-coin-machines-do-you-multiply-your-alternatives-out-of-winnings/ HTTP/1.1" 301 178 "-" "Mozilla/5.0 (Macintosh; Intel Mac OS X 10_10_1) AppleWebKit/537.36 (KHTML, like Gecko) Chrome/41.0.2227.1 Safari/537.36"
41.193.252.105 - - [23/Feb/2026:16:35:05 +0000] "GET /pay-from-the-cellular-casino-2024-incentives-amazon-wild-casino-and-opinion/ HTTP/1.1" 301 178 "-" "Mozilla/5.0 (Macintosh; Intel Mac OS X 10_12_6) AppleWebKit/537.36 (KHTML, like Gecko) Brave Chrome/86.0.4240.75 Safari/537.36"
172.187.168.139 - - [23/Feb/2026:16:35:08 +0000] "POST /wp-cron.php?doing_wp_cron=1771864508.7305610179901123046875 HTTP/1.1" 200 31 "-" "WordPress/6.9; https://mentoring-wp.dreamsmarketplace.com"
14.191.250.240 - - [23/Feb/2026:16:35:08 +0000] "GET /pay-from-the-cellular-casino-2024-incentives-amazon-wild-casino-and-opinion/ HTTP/1.1" 404 10959 "-" "Mozilla/5.0 (Macintosh; Intel Mac OS X 10_12_6) AppleWebKit/537.36 (KHTML, like Gecko) Brave Chrome/86.0.4240.75 Safari/537.36"
31.40.215.236 - mentoring_admin [23/Feb/2026:16:37:03 +0000] "GET /wp-json/wp/v2/pages HTTP/1.1" 301 178 "-" "python-requests/2.32.3"
31.40.215.236 - mentoring_admin [23/Feb/2026:16:37:04 +0000] "GET /wp-json/wp/v2/pages HTTP/1.1" 301 178 "-" "python-requests/2.32.3"
172.187.168.139 - - [23/Feb/2026:16:37:06 +0000] "POST /wp-cron.php?doing_wp_cron=1771864626.0335481166839599609375 HTTP/1.1" 200 31 "-" "WordPress/6.9; https://mentoring-wp.dreamsmarketplace.com"
31.40.215.236 - - [23/Feb/2026:16:37:06 +0000] "GET /wp-json/wp/v2/pages HTTP/1.1" 200 58856 "-" "python-requests/2.32.3"
172.187.168.139 - - [23/Feb/2026:16:37:06 +0000] "POST /wp-cron.php?doing_wp_cron=1771864626.1492900848388671875000 HTTP/1.1" 200 31 "-" "WordPress/6.9; https://mentoring-wp.dreamsmarketplace.com"
31.40.215.236 - - [23/Feb/2026:16:37:06 +0000] "GET /wp-json/wp/v2/pages HTTP/1.1" 200 58856 "-" "python-requests/2.32.3"
31.40.215.236 - mentoring_admin [23/Feb/2026:16:37:06 +0000] "GET /wp-json/wp/v2/settings HTTP/1.1" 301 178 "-" "python-requests/2.32.3"
31.40.215.236 - mentoring_admin [23/Feb/2026:16:37:06 +0000] "GET /wp-json/wp/v2/settings HTTP/1.1" 301 178 "-" "python-requests/2.32.3"
172.187.168.139 - - [23/Feb/2026:16:37:08 +0000] "POST /wp-cron.php?doing_wp_cron=1771864628.3583860397338867187500 HTTP/1.1" 200 31 "-" "WordPress/6.9; https://mentoring-wp.dreamsmarketplace.com"
31.40.215.236 - - [23/Feb/2026:16:37:08 +0000] "GET /wp-json/wp/v2/settings HTTP/1.1" 401 109 "-" "python-requests/2.32.3"
31.40.215.236 - mentoring_admin [23/Feb/2026:16:37:08 +0000] "GET /wp-json/wp/v2/pages HTTP/1.1" 301 178 "-" "python-requests/2.32.3"
172.187.168.139 - - [23/Feb/2026:16:37:08 +0000] "POST /wp-cron.php?doing_wp_cron=1771864628.9233419895172119140625 HTTP/1.1" 200 31 "-" "WordPress/6.9; https://mentoring-wp.dreamsmarketplace.com"
31.40.215.236 - - [23/Feb/2026:16:37:09 +0000] "GET /wp-json/wp/v2/settings HTTP/1.1" 401 109 "-" "python-requests/2.32.3"
31.40.215.236 - mentoring_admin [23/Feb/2026:16:37:09 +0000] "GET /wp-json/wp/v2/pages HTTP/1.1" 301 178 "-" "python-requests/2.32.3"
172.187.168.139 - - [23/Feb/2026:16:37:10 +0000] "POST /wp-cron.php?doing_wp_cron=1771864630.2699720859527587890625 HTTP/1.1" 200 31 "-" "WordPress/6.9; https://mentoring-wp.dreamsmarketplace.com"
31.40.215.236 - - [23/Feb/2026:16:37:10 +0000] "GET /wp-json/wp/v2/pages HTTP/1.1" 200 58856 "-" "python-requests/2.32.3"
172.187.168.139 - - [23/Feb/2026:16:37:10 +0000] "POST /wp-cron.php?doing_wp_cron=1771864630.8133530616760253906250 HTTP/1.1" 200 31 "-" "WordPress/6.9; https://mentoring-wp.dreamsmarketplace.com"
31.40.215.236 - - [23/Feb/2026:16:37:10 +0000] "GET /wp-json/wp/v2/pages HTTP/1.1" 200 58856 "-" "python-requests/2.32.3"
31.40.215.236 - mentoring_admin [23/Feb/2026:16:37:11 +0000] "POST /wp-json/wp/v2/pages/4560 HTTP/1.1" 301 178 "-" "python-requests/2.32.3"
172.187.168.139 - - [23/Feb/2026:16:37:12 +0000] "POST /wp-cron.php?doing_wp_cron=1771864632.6131598949432373046875 HTTP/1.1" 200 31 "-" "WordPress/6.9; https://mentoring-wp.dreamsmarketplace.com"
31.40.215.236 - - [23/Feb/2026:16:37:12 +0000] "GET /wp-json/wp/v2/pages/4560 HTTP/1.1" 200 19940 "-" "python-requests/2.32.3"
31.40.215.236 - mentoring_admin [23/Feb/2026:16:37:14 +0000] "POST /wp-json/wp/v2/pages/4560 HTTP/1.1" 301 178 "-" "python-requests/2.32.3"
172.187.168.139 - - [23/Feb/2026:16:37:19 +0000] "POST /wp-cron.php?doing_wp_cron=1771864638.9940679073333740234375 HTTP/1.1" 200 31 "-" "WordPress/6.9; https://mentoring-wp.dreamsmarketplace.com"
31.40.215.236 - - [23/Feb/2026:16:37:19 +0000] "GET /wp-json/wp/v2/pages/4560 HTTP/1.1" 200 19940 "-" "python-requests/2.32.3"
181.25.59.40 - - [23/Feb/2026:16:40:54 +0000] "GET /mentors/darren-elder/page/6/ HTTP/1.1" 301 178 "-" "Mozilla/5.0 (Macintosh; Intel Mac OS X 10_15_6) AppleWebKit/537.36 (KHTML, like Gecko) Brave Chrome/78.0.3904.87 Safari/537.36"
172.187.168.139 - - [23/Feb/2026:16:40:58 +0000] "POST /wp-cron.php?doing_wp_cron=1771864858.3112030029296875000000 HTTP/1.1" 200 31 "-" "WordPress/6.9; https://mentoring-wp.dreamsmarketplace.com"
113.183.42.94 - - [23/Feb/2026:16:40:58 +0000] "GET /mentors/darren-elder/page/6/ HTTP/1.1" 404 10932 "-" "Mozilla/5.0 (Macintosh; Intel Mac OS X 10_15_6) AppleWebKit/537.36 (KHTML, like Gecko) Brave Chrome/78.0.3904.87 Safari/537.36"
103.186.31.45 - - [23/Feb/2026:16:41:02 +0000] "HEAD / HTTP/1.1" 301 0 "https://mentoring-wp.dreamstechnologies.com/" "Mozilla/5.0 (Windows NT 10.0; Win64; x64) AppleWebKit/537.36 (KHTML, like Gecko) Chrome/91.0.4472.124 Safari/537.36"
172.187.168.139 - - [23/Feb/2026:16:41:04 +0000] "POST /wp-cron.php?doing_wp_cron=1771864864.1973819732666015625000 HTTP/1.1" 200 31 "-" "WordPress/6.9; https://mentoring-wp.dreamsmarketplace.com"
103.186.31.45 - - [23/Feb/2026:16:41:04 +0000] "HEAD / HTTP/1.1" 200 0 "https://mentoring-wp.dreamstechnologies.com/" "Mozilla/5.0 (Windows NT 10.0; Win64; x64) AppleWebKit/537.36 (KHTML, like Gecko) Chrome/91.0.4472.124 Safari/537.36"
103.186.31.45 - - [23/Feb/2026:16:41:05 +0000] "HEAD / HTTP/1.1" 301 0 "https://mentoring-wp.dreamstechnologies.com/" "Mozilla/5.0 (Windows NT 10.0; Win64; x64) AppleWebKit/537.36 (KHTML, like Gecko) Chrome/91.0.4472.124 Safari/537.36"
172.187.168.139 - - [23/Feb/2026:16:41:06 +0000] "POST /wp-cron.php?doing_wp_cron=1771864866.5544788837432861328125 HTTP/1.1" 200 31 "-" "WordPress/6.9; https://mentoring-wp.dreamsmarketplace.com"
103.186.31.45 - - [23/Feb/2026:16:41:06 +0000] "HEAD / HTTP/1.1" 200 0 "https://mentoring-wp.dreamstechnologies.com/" "Mozilla/5.0 (Windows NT 10.0; Win64; x64) AppleWebKit/537.36 (KHTML, like Gecko) Chrome/91.0.4472.124 Safari/537.36"
103.186.31.45 - - [23/Feb/2026:16:41:07 +0000] "POST /wp-login.php HTTP/1.1" 301 178 "https://www.google.com/" "Mozilla/5.0 (Windows NT 10.0; Win64; x64) AppleWebKit/537.36 (KHTML, like Gecko) Chrome/91.0.4472.124 Safari/537.36"
172.187.168.139 - - [23/Feb/2026:16:41:09 +0000] "POST /wp-cron.php?doing_wp_cron=1771864869.3567109107971191406250 HTTP/1.1" 200 31 "-" "WordPress/6.9; https://mentoring-wp.dreamsmarketplace.com"
103.186.31.45 - - [23/Feb/2026:16:41:09 +0000] "GET /wp-login.php HTTP/1.1" 200 2470 "https://www.google.com/" "Mozilla/5.0 (Windows NT 10.0; Win64; x64) AppleWebKit/537.36 (KHTML, like Gecko) Chrome/91.0.4472.124 Safari/537.36"
103.186.31.45 - - [23/Feb/2026:16:41:09 +0000] "POST /wp-login.php HTTP/1.1" 301 178 "https://mentoring-wp.dreamstechnologies.com/wp-admin/" "Mozilla/5.0 (Windows NT 10.0; Win64; x64) AppleWebKit/537.36 (KHTML, like Gecko) Chrome/90.0.4430.85 Safari/537.36"
52.167.144.160 - - [23/Feb/2026:16:41:10 +0000] "GET /their-desire-is-dependent-on-24-7-service-alternatives-along-with-a-faithful-us-phone-range-getting-commission-issues/ HTTP/1.1" 301 178 "-" "Mozilla/5.0 AppleWebKit/537.36 (KHTML, like Gecko; compatible; bingbot/2.0; +http://www.bing.com/bingbot.htm) Chrome/116.0.1938.76 Safari/537.36"
172.187.168.139 - - [23/Feb/2026:16:41:11 +0000] "POST /wp-cron.php?doing_wp_cron=1771864871.6183519363403320312500 HTTP/1.1" 200 31 "-" "WordPress/6.9; https://mentoring-wp.dreamsmarketplace.com"
103.186.31.45 - - [23/Feb/2026:16:41:11 +0000] "GET /wp-login.php HTTP/1.1" 200 2470 "https://mentoring-wp.dreamstechnologies.com/wp-admin/" "Mozilla/5.0 (Windows NT 10.0; Win64; x64) AppleWebKit/537.36 (KHTML, like Gecko) Chrome/90.0.4430.85 Safari/537.36"
103.186.31.45 - - [23/Feb/2026:16:41:11 +0000] "GET /wp-admin/ HTTP/1.1" 301 178 "https://www.google.com/" "Mozilla/5.0 (Windows NT 10.0; Win64; x64) AppleWebKit/537.36 (KHTML, like Gecko) Chrome/91.0.4472.124 Safari/537.36"
172.187.168.139 - - [23/Feb/2026:16:41:13 +0000] "POST /wp-cron.php?doing_wp_cron=1771864873.1900870800018310546875 HTTP/1.1" 200 31 "-" "WordPress/6.9; https://mentoring-wp.dreamsmarketplace.com"
103.186.31.45 - - [23/Feb/2026:16:41:13 +0000] "GET /wp-admin/ HTTP/1.1" 302 5 "https://www.google.com/" "Mozilla/5.0 (Windows NT 10.0; Win64; x64) AppleWebKit/537.36 (KHTML, like Gecko) Chrome/91.0.4472.124 Safari/537.36"
172.187.168.139 - - [23/Feb/2026:16:41:15 +0000] "POST /wp-cron.php?doing_wp_cron=1771864874.9939129352569580078125 HTTP/1.1" 200 31 "-" "WordPress/6.9; https://mentoring-wp.dreamsmarketplace.com"
103.186.31.45 - - [23/Feb/2026:16:41:15 +0000] "GET /wp-login.php?redirect_to=https%3A%2F%2Fmentoring-wp.dreamsmarketplace.com%2Fwp-admin%2F&reauth=1 HTTP/1.1" 200 2477 "https://www.google.com/" "Mozilla/5.0 (Windows NT 10.0; Win64; x64) AppleWebKit/537.36 (KHTML, like Gecko) Chrome/91.0.4472.124 Safari/537.36"
103.186.31.45 - - [23/Feb/2026:16:41:15 +0000] "POST /xmlrpc.php HTTP/1.1" 301 178 "https://www.google.com/" "Mozilla/5.0 (Windows NT 10.0; Win64; x64) AppleWebKit/537.36 (KHTML, like Gecko) Chrome/91.0.4472.124 Safari/537.36"
172.187.168.139 - - [23/Feb/2026:16:41:17 +0000] "POST /wp-cron.php?doing_wp_cron=1771864877.2723829746246337890625 HTTP/1.1" 200 31 "-" "WordPress/6.9; https://mentoring-wp.dreamsmarketplace.com"
103.186.31.45 - - [23/Feb/2026:16:41:17 +0000] "GET /xmlrpc.php HTTP/1.1" 405 53 "https://www.google.com/" "Mozilla/5.0 (Windows NT 10.0; Win64; x64) AppleWebKit/537.36 (KHTML, like Gecko) Chrome/91.0.4472.124 Safari/537.36"
103.186.31.45 - - [23/Feb/2026:16:41:18 +0000] "GET /administrator/index.php HTTP/1.1" 301 178 "https://www.google.com/" "Mozilla/5.0 (Windows NT 10.0; Win64; x64) AppleWebKit/537.36 (KHTML, like Gecko) Chrome/91.0.4472.124 Safari/537.36"
103.186.31.45 - - [23/Feb/2026:16:41:18 +0000] "GET /administrator/index.php HTTP/1.1" 404 196 "https://www.google.com/" "Mozilla/5.0 (Windows NT 10.0; Win64; x64) AppleWebKit/537.36 (KHTML, like Gecko) Chrome/91.0.4472.124 Safari/537.36"
172.187.168.139 - - [23/Feb/2026:16:42:27 +0000] "POST /wp-cron.php?doing_wp_cron=1771864947.1588659286499023437500 HTTP/1.1" 200 31 "-" "WordPress/6.9; https://mentoring-wp.dreamsmarketplace.com"
40.77.167.72 - - [23/Feb/2026:16:42:27 +0000] "GET /parklane-hotel-amsterdam-prezzi-aggiornati-for-each-il-2024/ HTTP/1.1" 404 10954 "-" "Mozilla/5.0 AppleWebKit/537.36 (KHTML, like Gecko; compatible; bingbot/2.0; +http://www.bing.com/bingbot.htm) Chrome/116.0.1938.76 Safari/537.36"
98.98.33.53 - - [23/Feb/2026:16:42:53 +0000] "POST /xmlrpc.php HTTP/1.1" 301 178 "-" "Mozilla/5.0 (Windows NT 10.0; Win64; x64) AppleWebKit/537.36 (KHTML, like Gecko) Chrome/114.0.0.0 Safari/537.36"
172.187.168.139 - - [23/Feb/2026:16:43:08 +0000] "POST /wp-cron.php?doing_wp_cron=1771864988.4786310195922851562500 HTTP/1.1" 200 31 "-" "WordPress/6.9; https://mentoring-wp.dreamsmarketplace.com"
98.98.33.53 - - [23/Feb/2026:16:43:08 +0000] "GET /xmlrpc.php HTTP/1.1" 405 53 "-" "Mozilla/5.0 (Windows NT 10.0; Win64; x64) AppleWebKit/537.36 (KHTML, like Gecko) Chrome/114.0.0.0 Safari/537.36"
98.98.33.53 - - [23/Feb/2026:16:43:18 +0000] "POST /xmlrpc.php HTTP/1.1" 301 178 "-" "Mozilla/5.0 (Windows NT 10.0; Win64; x64) AppleWebKit/537.36 (KHTML, like Gecko) Chrome/114.0.0.0 Safari/537.36"
186.251.211.46 - - [23/Feb/2026:16:43:26 +0000] "GET /pin-up-casino-azrbaycan-5234-4/ HTTP/1.1" 301 178 "-" "Mozilla/5.0 (Macintosh; Intel Mac OS X 10_16_0) AppleWebKit/537.36 (KHTML, like Gecko) Chrome/84.0.4147.89 Safari/537.36"
172.187.168.139 - - [23/Feb/2026:16:43:27 +0000] "POST /wp-cron.php?doing_wp_cron=1771865007.0927579402923583984375 HTTP/1.1" 200 31 "-" "WordPress/6.9; https://mentoring-wp.dreamsmarketplace.com"
98.98.33.53 - - [23/Feb/2026:16:43:27 +0000] "GET /xmlrpc.php HTTP/1.1" 405 53 "-" "Mozilla/5.0 (Windows NT 10.0; Win64; x64) AppleWebKit/537.36 (KHTML, like Gecko) Chrome/114.0.0.0 Safari/537.36"
172.187.168.139 - - [23/Feb/2026:16:43:29 +0000] "POST /wp-cron.php?doing_wp_cron=1771865009.9073140621185302734375 HTTP/1.1" 200 31 "-" "WordPress/6.9; https://mentoring-wp.dreamsmarketplace.com"
123.22.139.249 - - [23/Feb/2026:16:43:29 +0000] "GET /pin-up-casino-azrbaycan-5234-4/ HTTP/1.1" 404 10927 "-" "Mozilla/5.0 (Macintosh; Intel Mac OS X 10_16_0) AppleWebKit/537.36 (KHTML, like Gecko) Chrome/84.0.4147.89 Safari/537.36"
161.77.65.13 - - [23/Feb/2026:16:44:52 +0000] "POST /xmlrpc.php HTTP/1.1" 301 178 "-" "Python-xmlrpc/3.11"
162.128.128.39 - - [23/Feb/2026:16:46:55 +0000] "POST /xmlrpc.php HTTP/1.1" 301 178 "-" "Mozilla/5.0 (Windows NT 10.0; Win64; x64) AppleWebKit/537.36 (KHTML, like Gecko) Chrome/114.0.0.0 Safari/537.36"
172.187.168.139 - - [23/Feb/2026:16:46:58 +0000] "POST /wp-cron.php?doing_wp_cron=1771865218.1301190853118896484375 HTTP/1.1" 200 31 "-" "WordPress/6.9; https://mentoring-wp.dreamsmarketplace.com"
162.128.128.39 - - [23/Feb/2026:16:46:58 +0000] "GET /xmlrpc.php HTTP/1.1" 405 53 "-" "Mozilla/5.0 (Windows NT 10.0; Win64; x64) AppleWebKit/537.36 (KHTML, like Gecko) Chrome/114.0.0.0 Safari/537.36"
162.128.128.39 - - [23/Feb/2026:16:46:59 +0000] "POST /xmlrpc.php HTTP/1.1" 301 178 "-" "Mozilla/5.0 (Windows NT 10.0; Win64; x64) AppleWebKit/537.36 (KHTML, like Gecko) Chrome/114.0.0.0 Safari/537.36"
172.187.168.139 - - [23/Feb/2026:16:47:01 +0000] "POST /wp-cron.php?doing_wp_cron=1771865221.1432731151580810546875 HTTP/1.1" 200 31 "-" "WordPress/6.9; https://mentoring-wp.dreamsmarketplace.com"
162.128.128.39 - - [23/Feb/2026:16:47:01 +0000] "GET /xmlrpc.php HTTP/1.1" 405 53 "-" "Mozilla/5.0 (Windows NT 10.0; Win64; x64) AppleWebKit/537.36 (KHTML, like Gecko) Chrome/114.0.0.0 Safari/537.36"
161.77.74.37 - - [23/Feb/2026:16:48:15 +0000] "POST /xmlrpc.php HTTP/1.1" 301 178 "-" "Python-xmlrpc/3.11"
113.191.51.146 - - [23/Feb/2026:16:49:43 +0000] "GET /the-major-bad-bubble-slot-sites-with-agent-jane-blonde-bass-fandom/ HTTP/1.1" 301 178 "-" "Mozilla/5.0 (Windows NT 6.1) AppleWebKit/537.36 (KHTML, like Gecko) Chrome/41.0.2228.0 Safari/537.36"
172.187.168.139 - - [23/Feb/2026:16:49:46 +0000] "POST /wp-cron.php?doing_wp_cron=1771865386.8842198848724365234375 HTTP/1.1" 200 31 "-" "WordPress/6.9; https://mentoring-wp.dreamsmarketplace.com"
45.185.108.243 - - [23/Feb/2026:16:49:46 +0000] "GET /the-major-bad-bubble-slot-sites-with-agent-jane-blonde-bass-fandom/ HTTP/1.1" 404 10958 "-" "Mozilla/5.0 (Windows NT 6.1) AppleWebKit/537.36 (KHTML, like Gecko) Chrome/41.0.2228.0 Safari/537.36"
175.158.236.8 - - [23/Feb/2026:16:50:03 +0000] "GET /wp-login.php HTTP/1.1" 301 178 "-" "Mozilla/5.0"
172.187.168.139 - - [23/Feb/2026:16:50:06 +0000] "POST /wp-cron.php?doing_wp_cron=1771865406.2976570129394531250000 HTTP/1.1" 200 31 "-" "WordPress/6.9; https://mentoring-wp.dreamsmarketplace.com"
175.158.236.8 - - [23/Feb/2026:16:50:06 +0000] "GET /wp-login.php HTTP/1.1" 200 2470 "-" "Mozilla/5.0"
175.158.236.8 - - [23/Feb/2026:16:50:06 +0000] "POST /wp-login.php HTTP/1.1" 301 178 "-" "Mozilla/5.0"
172.187.168.139 - - [23/Feb/2026:16:50:08 +0000] "POST /wp-cron.php?doing_wp_cron=1771865408.7852640151977539062500 HTTP/1.1" 200 31 "-" "WordPress/6.9; https://mentoring-wp.dreamsmarketplace.com"
175.158.236.8 - - [23/Feb/2026:16:50:08 +0000] "GET /wp-login.php HTTP/1.1" 200 2470 "-" "Mozilla/5.0"
175.158.236.8 - - [23/Feb/2026:16:50:10 +0000] "GET /wp-login.php HTTP/1.1" 301 178 "-" "Mozilla/5.0"
172.187.168.139 - - [23/Feb/2026:16:50:13 +0000] "POST /wp-cron.php?doing_wp_cron=1771865413.9390859603881835937500 HTTP/1.1" 200 31 "-" "WordPress/6.9; https://mentoring-wp.dreamsmarketplace.com"
175.158.236.8 - - [23/Feb/2026:16:50:14 +0000] "GET /wp-login.php HTTP/1.1" 200 2470 "-" "Mozilla/5.0"
175.158.236.8 - - [23/Feb/2026:16:50:14 +0000] "POST /wp-login.php HTTP/1.1" 301 178 "-" "Mozilla/5.0"
172.187.168.139 - - [23/Feb/2026:16:50:15 +0000] "POST /wp-cron.php?doing_wp_cron=1771865415.8542990684509277343750 HTTP/1.1" 200 31 "-" "WordPress/6.9; https://mentoring-wp.dreamsmarketplace.com"
175.158.236.8 - - [23/Feb/2026:16:50:15 +0000] "GET /wp-login.php HTTP/1.1" 200 2470 "-" "Mozilla/5.0"
175.158.236.8 - - [23/Feb/2026:16:51:29 +0000] "GET /wp-login.php HTTP/1.1" 301 178 "-" "Mozilla/5.0"
172.187.168.139 - - [23/Feb/2026:16:51:32 +0000] "POST /wp-cron.php?doing_wp_cron=1771865492.6017310619354248046875 HTTP/1.1" 200 31 "-" "WordPress/6.9; https://mentoring-wp.dreamsmarketplace.com"
175.158.236.8 - - [23/Feb/2026:16:51:32 +0000] "GET /wp-login.php HTTP/1.1" 200 2470 "-" "Mozilla/5.0"
175.158.236.8 - - [23/Feb/2026:16:51:32 +0000] "POST /wp-login.php HTTP/1.1" 301 178 "-" "Mozilla/5.0"
172.187.168.139 - - [23/Feb/2026:16:51:34 +0000] "POST /wp-cron.php?doing_wp_cron=1771865494.5543310642242431640625 HTTP/1.1" 200 31 "-" "WordPress/6.9; https://mentoring-wp.dreamsmarketplace.com"
175.158.236.8 - - [23/Feb/2026:16:51:34 +0000] "GET /wp-login.php HTTP/1.1" 200 2470 "-" "Mozilla/5.0"
172.187.168.139 - - [23/Feb/2026:16:51:54 +0000] "POST /wp-cron.php?doing_wp_cron=1771865514.8637549877166748046875 HTTP/1.1" 200 31 "-" "WordPress/6.9; https://mentoring-wp.dreamsmarketplace.com"
74.7.241.49 - - [23/Feb/2026:16:51:54 +0000] "GET /wp-sitemap.xml HTTP/1.1" 200 968 "-" "Mozilla/5.0 AppleWebKit/537.36 (KHTML, like Gecko; compatible; GPTBot/1.3; +https://openai.com/gptbot)"
74.7.244.3 - - [23/Feb/2026:16:51:54 +0000] "GET /robots.txt HTTP/1.1" 200 349 "-" "Mozilla/5.0 (Macintosh; Intel Mac OS X 10_15_7) AppleWebKit/537.36 (KHTML, like Gecko) Chrome/131.0.0.0 Safari/537.36; compatible; OAI-SearchBot/1.3; robots.txt; +https://openai.com/searchbot"
20.199.120.254 - - [23/Feb/2026:16:53:25 +0000] "GET /wp-content/plugins/hellopress/wp_filemanager.php HTTP/1.1" 301 178 "-" "-"
103.219.169.216 - - [23/Feb/2026:16:54:41 +0000] "POST /xmlrpc.php HTTP/1.1" 301 178 "-" "Mozilla/5.0 (Windows NT 10.0; Win64; x64) AppleWebKit/537.36 (KHTML, like Gecko) Chrome/114.0.0.0 Safari/537.36"
172.187.168.139 - - [23/Feb/2026:16:54:47 +0000] "POST /wp-cron.php?doing_wp_cron=1771865687.4435989856719970703125 HTTP/1.1" 200 31 "-" "WordPress/6.9; https://mentoring-wp.dreamsmarketplace.com"
103.219.169.216 - - [23/Feb/2026:16:54:47 +0000] "GET /xmlrpc.php HTTP/1.1" 405 53 "-" "Mozilla/5.0 (Windows NT 10.0; Win64; x64) AppleWebKit/537.36 (KHTML, like Gecko) Chrome/114.0.0.0 Safari/537.36"
103.219.169.216 - - [23/Feb/2026:16:54:53 +0000] "POST /xmlrpc.php HTTP/1.1" 301 178 "-" "Mozilla/5.0 (Windows NT 10.0; Win64; x64) AppleWebKit/537.36 (KHTML, like Gecko) Chrome/114.0.0.0 Safari/537.36"
172.187.168.139 - - [23/Feb/2026:16:54:56 +0000] "POST /wp-cron.php?doing_wp_cron=1771865696.9161009788513183593750 HTTP/1.1" 200 31 "-" "WordPress/6.9; https://mentoring-wp.dreamsmarketplace.com"
103.219.169.216 - - [23/Feb/2026:16:54:56 +0000] "GET /xmlrpc.php HTTP/1.1" 405 53 "-" "Mozilla/5.0 (Windows NT 10.0; Win64; x64) AppleWebKit/537.36 (KHTML, like Gecko) Chrome/114.0.0.0 Safari/537.36"
175.158.236.8 - - [23/Feb/2026:16:57:47 +0000] "GET /wp-login.php HTTP/1.1" 301 178 "-" "Mozilla/5.0"
175.158.236.8 - - [23/Feb/2026:16:57:49 +0000] "GET /wp-login.php HTTP/1.1" 301 178 "-" "Mozilla/5.0"
175.158.236.8 - - [23/Feb/2026:16:57:49 +0000] "GET /wp-login.php HTTP/1.1" 301 178 "-" "Mozilla/5.0"
172.187.168.139 - - [23/Feb/2026:16:57:50 +0000] "POST /wp-cron.php?doing_wp_cron=1771865870.2674429416656494140625 HTTP/1.1" 200 31 "-" "WordPress/6.9; https://mentoring-wp.dreamsmarketplace.com"
175.158.236.8 - - [23/Feb/2026:16:57:50 +0000] "GET /wp-login.php HTTP/1.1" 200 2470 "-" "Mozilla/5.0"
175.158.236.8 - - [23/Feb/2026:16:57:50 +0000] "POST /wp-login.php HTTP/1.1" 301 178 "-" "Mozilla/5.0"
172.187.168.139 - - [23/Feb/2026:16:57:52 +0000] "POST /wp-cron.php?doing_wp_cron=1771865872.2727708816528320312500 HTTP/1.1" 200 31 "-" "WordPress/6.9; https://mentoring-wp.dreamsmarketplace.com"
175.158.236.8 - - [23/Feb/2026:16:57:52 +0000] "GET /wp-login.php HTTP/1.1" 200 2470 "-" "Mozilla/5.0"
172.187.168.139 - - [23/Feb/2026:16:57:52 +0000] "POST /wp-cron.php?doing_wp_cron=1771865872.3888869285583496093750 HTTP/1.1" 200 31 "-" "WordPress/6.9; https://mentoring-wp.dreamsmarketplace.com"
175.158.236.8 - - [23/Feb/2026:16:57:52 +0000] "GET /wp-login.php HTTP/1.1" 200 2470 "-" "Mozilla/5.0"
175.158.236.8 - - [23/Feb/2026:16:57:52 +0000] "POST /wp-login.php HTTP/1.1" 301 178 "-" "Mozilla/5.0"
175.158.236.8 - - [23/Feb/2026:16:57:52 +0000] "POST /wp-login.php HTTP/1.1" 301 178 "-" "Mozilla/5.0"
172.187.168.139 - - [23/Feb/2026:16:57:53 +0000] "POST /wp-cron.php?doing_wp_cron=1771865873.4895379543304443359375 HTTP/1.1" 200 31 "-" "WordPress/6.9; https://mentoring-wp.dreamsmarketplace.com"
175.158.236.8 - - [23/Feb/2026:16:57:53 +0000] "GET /wp-login.php HTTP/1.1" 200 2470 "-" "Mozilla/5.0"
172.187.168.139 - - [23/Feb/2026:16:57:54 +0000] "POST /wp-cron.php?doing_wp_cron=1771865874.8778829574584960937500 HTTP/1.1" 200 31 "-" "WordPress/6.9; https://mentoring-wp.dreamsmarketplace.com"
175.158.236.8 - - [23/Feb/2026:16:57:54 +0000] "GET /wp-login.php HTTP/1.1" 200 2470 "-" "Mozilla/5.0"
172.187.168.139 - - [23/Feb/2026:16:57:54 +0000] "POST /wp-cron.php?doing_wp_cron=1771865874.9281709194183349609375 HTTP/1.1" 200 31 "-" "WordPress/6.9; https://mentoring-wp.dreamsmarketplace.com"
175.158.236.8 - - [23/Feb/2026:16:57:55 +0000] "GET /wp-login.php HTTP/1.1" 200 2470 "-" "Mozilla/5.0"
172.187.168.139 - - [23/Feb/2026:17:12:33 +0000] "POST /wp-cron.php?doing_wp_cron=1771866753.6573269367218017578125 HTTP/1.1" 200 31 "-" "WordPress/6.9; https://mentoring-wp.dreamsmarketplace.com"
216.244.66.236 - - [23/Feb/2026:17:12:33 +0000] "GET /robots.txt HTTP/1.1" 200 349 "-" "Mozilla/5.0 (compatible; DotBot/1.2; +https://opensiteexplorer.org/dotbot; [email protected])"
161.77.73.108 - - [23/Feb/2026:17:12:42 +0000] "POST /xmlrpc.php HTTP/1.1" 301 178 "-" "Python-xmlrpc/3.11"
167.99.2.143 - - [23/Feb/2026:17:15:19 +0000] "GET /wp-content/uploads/2022/07/blog-06.jpg HTTP/1.1" 200 69484 "https://mentoring-wp.dreamstechnologies.com/" "Mozilla/5.0 (Windows NT 10.0; Win64; x64) AppleWebKit/537.36 (KHTML, like Gecko) Chrome/116.0.0.0 Safari/537.36"
172.187.168.139 - - [23/Feb/2026:17:16:09 +0000] "POST /wp-cron.php?doing_wp_cron=1771866969.7259950637817382812500 HTTP/1.1" 200 31 "-" "WordPress/6.9; https://mentoring-wp.dreamsmarketplace.com"
40.77.167.35 - - [23/Feb/2026:17:16:09 +0000] "GET /register/ HTTP/1.1" 200 12106 "-" "Mozilla/5.0 AppleWebKit/537.36 (KHTML, like Gecko; compatible; bingbot/2.0; +http://www.bing.com/bingbot.htm) Chrome/116.0.1938.76 Safari/537.36"
172.187.168.139 - - [23/Feb/2026:17:17:45 +0000] "POST /wp-cron.php?doing_wp_cron=1771867064.8942859172821044921875 HTTP/1.1" 200 31 "-" "WordPress/6.9; https://mentoring-wp.dreamsmarketplace.com"
216.244.66.236 - - [23/Feb/2026:17:17:45 +0000] "GET /to-generate-lorem-ipsum-which-looks-reasonable/feed/ HTTP/1.1" 200 909 "-" "Mozilla/5.0 (compatible; DotBot/1.2; +https://opensiteexplorer.org/dotbot; [email protected])"
161.77.64.99 - - [23/Feb/2026:17:18:11 +0000] "POST /xmlrpc.php HTTP/1.1" 301 178 "-" "Python-xmlrpc/3.11"
63.125.95.95 - - [23/Feb/2026:17:20:00 +0000] "POST /xmlrpc.php HTTP/1.1" 301 178 "-" "Python-xmlrpc/3.11"
186.122.11.144 - - [23/Feb/2026:17:21:08 +0000] "GET /telephone-call-one-800-gambler-co-il-ia-ky-ks-la-md-nc-nj-new-jersey-oh-pa-tn-va/ HTTP/1.1" 301 178 "-" "Mozilla/5.0 (Windows NT 6.1; Win64; x64) AppleWebKit/537.36 (KHTML, like Gecko) Chrome/84.0.4147.135 Safari/537.36"
172.187.168.139 - - [23/Feb/2026:17:21:12 +0000] "POST /wp-cron.php?doing_wp_cron=1771867271.9934630393981933593750 HTTP/1.1" 200 31 "-" "WordPress/6.9; https://mentoring-wp.dreamsmarketplace.com"
113.167.186.111 - - [23/Feb/2026:17:21:12 +0000] "GET /telephone-call-one-800-gambler-co-il-ia-ky-ks-la-md-nc-nj-new-jersey-oh-pa-tn-va/ HTTP/1.1" 404 10965 "-" "Mozilla/5.0 (Windows NT 6.1; Win64; x64) AppleWebKit/537.36 (KHTML, like Gecko) Chrome/84.0.4147.135 Safari/537.36"
161.77.64.99 - - [23/Feb/2026:17:22:51 +0000] "POST /xmlrpc.php HTTP/1.1" 301 178 "-" "Python-xmlrpc/3.11"
2a06:c701:7058:4900:25d1:1912:17d2:cc88 - - [23/Feb/2026:17:23:39 +0000] "GET /wp-content/plugins/wpvivid-backuprestore/readme.txt HTTP/1.1" 301 178 "-" "WPvivid-Defensive-Checker/fast"
172.187.168.139 - - [23/Feb/2026:17:23:41 +0000] "POST /wp-cron.php?doing_wp_cron=1771867421.6766819953918457031250 HTTP/1.1" 200 31 "-" "WordPress/6.9; https://mentoring-wp.dreamsmarketplace.com"
2a06:c701:7058:4900:25d1:1912:17d2:cc88 - - [23/Feb/2026:17:23:41 +0000] "GET /wp-content/plugins/wpvivid-backuprestore/readme.txt HTTP/1.1" 404 10971 "-" "WPvivid-Defensive-Checker/fast"
2a06:c701:7058:4900:25d1:1912:17d2:cc88 - - [23/Feb/2026:17:23:42 +0000] "GET /wp-content/plugins/wpvivid-backuprestore/README.txt HTTP/1.1" 301 178 "-" "WPvivid-Defensive-Checker/fast"
172.187.168.139 - - [23/Feb/2026:17:23:43 +0000] "POST /wp-cron.php?doing_wp_cron=1771867423.3160529136657714843750 HTTP/1.1" 200 31 "-" "WordPress/6.9; https://mentoring-wp.dreamsmarketplace.com"
2a06:c701:7058:4900:25d1:1912:17d2:cc88 - - [23/Feb/2026:17:23:43 +0000] "GET /wp-content/plugins/wpvivid-backuprestore/README.txt HTTP/1.1" 404 10965 "-" "WPvivid-Defensive-Checker/fast"
2a06:c701:7058:4900:25d1:1912:17d2:cc88 - - [23/Feb/2026:17:23:43 +0000] "GET /wp-content/plugins/wpvivid-backuprestore/wpvivid-backuprestore.php HTTP/1.1" 301 178 "-" "WPvivid-Defensive-Checker/fast"
2a06:c701:7058:4900:25d1:1912:17d2:cc88 - - [23/Feb/2026:17:23:43 +0000] "GET /wp-content/plugins/wpvivid-backuprestore/wpvivid-backuprestore.php HTTP/1.1" 404 134 "-" "WPvivid-Defensive-Checker/fast"
31.40.215.236 - mentoring_admin [23/Feb/2026:17:28:29 +0000] "GET /wp-json/wp/v2/pages HTTP/1.1" 301 178 "-" "python-requests/2.32.3"
31.40.215.236 - mentoring_admin [23/Feb/2026:17:28:29 +0000] "GET /wp-json/wp/v2/pages HTTP/1.1" 301 178 "-" "python-requests/2.32.3"
172.187.168.139 - - [23/Feb/2026:17:28:30 +0000] "POST /wp-cron.php?doing_wp_cron=1771867710.8545598983764648437500 HTTP/1.1" 200 31 "-" "WordPress/6.9; https://mentoring-wp.dreamsmarketplace.com"
31.40.215.236 - - [23/Feb/2026:17:28:30 +0000] "GET /wp-json/wp/v2/pages HTTP/1.1" 200 58856 "-" "python-requests/2.32.3"
172.187.168.139 - - [23/Feb/2026:17:28:31 +0000] "POST /wp-cron.php?doing_wp_cron=1771867711.0177190303802490234375 HTTP/1.1" 200 31 "-" "WordPress/6.9; https://mentoring-wp.dreamsmarketplace.com"
31.40.215.236 - - [23/Feb/2026:17:28:31 +0000] "GET /wp-json/wp/v2/pages HTTP/1.1" 200 58856 "-" "python-requests/2.32.3"
31.40.215.236 - mentoring_admin [23/Feb/2026:17:28:31 +0000] "GET /wp-json/wp/v2/settings HTTP/1.1" 301 178 "-" "python-requests/2.32.3"
31.40.215.236 - mentoring_admin [23/Feb/2026:17:28:31 +0000] "GET /wp-json/wp/v2/settings HTTP/1.1" 301 178 "-" "python-requests/2.32.3"
172.187.168.139 - - [23/Feb/2026:17:28:32 +0000] "POST /wp-cron.php?doing_wp_cron=1771867712.5922501087188720703125 HTTP/1.1" 200 31 "-" "WordPress/6.9; https://mentoring-wp.dreamsmarketplace.com"
31.40.215.236 - - [23/Feb/2026:17:28:32 +0000] "GET /wp-json/wp/v2/settings HTTP/1.1" 401 109 "-" "python-requests/2.32.3"
172.187.168.139 - - [23/Feb/2026:17:28:32 +0000] "POST /wp-cron.php?doing_wp_cron=1771867712.8477990627288818359375 HTTP/1.1" 200 31 "-" "WordPress/6.9; https://mentoring-wp.dreamsmarketplace.com"
31.40.215.236 - - [23/Feb/2026:17:28:32 +0000] "GET /wp-json/wp/v2/settings HTTP/1.1" 401 109 "-" "python-requests/2.32.3"
31.40.215.236 - mentoring_admin [23/Feb/2026:17:28:33 +0000] "GET /wp-json/wp/v2/pages HTTP/1.1" 301 178 "-" "python-requests/2.32.3"
31.40.215.236 - mentoring_admin [23/Feb/2026:17:28:33 +0000] "GET /wp-json/wp/v2/pages HTTP/1.1" 301 178 "-" "python-requests/2.32.3"
172.187.168.139 - - [23/Feb/2026:17:28:34 +0000] "POST /wp-cron.php?doing_wp_cron=1771867714.4698209762573242187500 HTTP/1.1" 200 31 "-" "WordPress/6.9; https://mentoring-wp.dreamsmarketplace.com"
31.40.215.236 - - [23/Feb/2026:17:28:34 +0000] "GET /wp-json/wp/v2/pages HTTP/1.1" 200 58856 "-" "python-requests/2.32.3"
31.40.215.236 - mentoring_admin [23/Feb/2026:17:28:34 +0000] "POST /wp-json/wp/v2/pages/4560 HTTP/1.1" 301 178 "-" "python-requests/2.32.3"
172.187.168.139 - - [23/Feb/2026:17:28:36 +0000] "POST /wp-cron.php?doing_wp_cron=1771867716.4422268867492675781250 HTTP/1.1" 200 31 "-" "WordPress/6.9; https://mentoring-wp.dreamsmarketplace.com"
31.40.215.236 - - [23/Feb/2026:17:28:36 +0000] "GET /wp-json/wp/v2/pages HTTP/1.1" 200 58856 "-" "python-requests/2.32.3"
172.187.168.139 - - [23/Feb/2026:17:28:36 +0000] "POST /wp-cron.php?doing_wp_cron=1771867716.7278249263763427734375 HTTP/1.1" 200 31 "-" "WordPress/6.9; https://mentoring-wp.dreamsmarketplace.com"
31.40.215.236 - mentoring_admin [23/Feb/2026:17:28:36 +0000] "POST /wp-json/wp/v2/pages/4560 HTTP/1.1" 301 178 "-" "python-requests/2.32.3"
31.40.215.236 - - [23/Feb/2026:17:28:36 +0000] "GET /wp-json/wp/v2/pages/4560 HTTP/1.1" 200 19940 "-" "python-requests/2.32.3"
172.187.168.139 - - [23/Feb/2026:17:28:38 +0000] "POST /wp-cron.php?doing_wp_cron=1771867718.2448239326477050781250 HTTP/1.1" 200 31 "-" "WordPress/6.9; https://mentoring-wp.dreamsmarketplace.com"
31.40.215.236 - - [23/Feb/2026:17:28:38 +0000] "GET /wp-json/wp/v2/pages/4560 HTTP/1.1" 200 19940 "-" "python-requests/2.32.3"
65.111.26.181 - - [23/Feb/2026:17:30:40 +0000] "GET /wp-login.php HTTP/1.1" 301 178 "-" "Mozilla/5.0 (Windows NT 10.0; Win64; x64; rv:127.0) Gecko/20100101 Firefox/127.0"
172.187.168.139 - - [23/Feb/2026:17:30:42 +0000] "POST /wp-cron.php?doing_wp_cron=1771867842.4471549987792968750000 HTTP/1.1" 200 31 "-" "WordPress/6.9; https://mentoring-wp.dreamsmarketplace.com"
65.111.26.181 - - [23/Feb/2026:17:30:42 +0000] "GET /wp-login.php HTTP/1.1" 200 2470 "-" "Mozilla/5.0 (Windows NT 10.0; Win64; x64; rv:127.0) Gecko/20100101 Firefox/127.0"
65.111.26.181 - - [23/Feb/2026:17:30:44 +0000] "GET /wp-login.php?wp_lang=en_US HTTP/1.1" 301 178 "-" "Mozilla/5.0 (Windows NT 10.0; Win64; x64) AppleWebKit/537.36 (KHTML, like Gecko) Chrome/124.0.6367.207 Safari/537.36"
172.187.168.139 - - [23/Feb/2026:17:30:46 +0000] "POST /wp-cron.php?doing_wp_cron=1771867845.9890160560607910156250 HTTP/1.1" 200 31 "-" "WordPress/6.9; https://mentoring-wp.dreamsmarketplace.com"
65.111.26.181 - - [23/Feb/2026:17:30:46 +0000] "GET /wp-login.php?wp_lang=en_US HTTP/1.1" 200 2470 "-" "Mozilla/5.0 (Windows NT 10.0; Win64; x64) AppleWebKit/537.36 (KHTML, like Gecko) Chrome/124.0.6367.207 Safari/537.36"
172.187.168.139 - - [23/Feb/2026:17:30:47 +0000] "POST /wp-cron.php?doing_wp_cron=1771867847.6694500446319580078125 HTTP/1.1" 200 31 "-" "WordPress/6.9; https://mentoring-wp.dreamsmarketplace.com"
65.111.26.181 - - [23/Feb/2026:17:30:47 +0000] "POST /wp-login.php?wp_lang=en_US HTTP/1.1" 302 5 "https://mentoring-wp.dreamsmarketplace.com/wp-login.php?wp_lang=en_US" "Mozilla/5.0 (Windows NT 10.0; Win64; x64) AppleWebKit/537.36 (KHTML, like Gecko) Chrome/124.0.6367.207 Safari/537.36"
172.187.168.139 - - [23/Feb/2026:17:30:50 +0000] "POST /wp-cron.php?doing_wp_cron=1771867850.6334490776062011718750 HTTP/1.1" 200 31 "-" "WordPress/6.9; https://mentoring-wp.dreamsmarketplace.com"
65.111.26.181 - - [23/Feb/2026:17:30:50 +0000] "GET /wp-admin/ HTTP/1.1" 200 18247 "https://mentoring-wp.dreamsmarketplace.com/wp-login.php?wp_lang=en_US" "Mozilla/5.0 (Windows NT 10.0; Win64; x64) AppleWebKit/537.36 (KHTML, like Gecko) Chrome/124.0.6367.207 Safari/537.36"
65.111.26.181 - - [23/Feb/2026:17:30:50 +0000] "GET /wp-admin/admin-ajax.php?action=rest-nonce HTTP/1.1" 301 178 "-" "Mozilla/5.0 (Windows NT 10.0; Win64; x64) AppleWebKit/537.36 (KHTML, like Gecko) Chrome/124.0.6367.207 Safari/537.36"
172.187.168.139 - - [23/Feb/2026:17:30:52 +0000] "POST /wp-cron.php?doing_wp_cron=1771867852.2622210979461669921875 HTTP/1.1" 200 31 "-" "WordPress/6.9; https://mentoring-wp.dreamsmarketplace.com"
65.111.26.181 - - [23/Feb/2026:17:30:52 +0000] "GET /wp-admin/admin-ajax.php?action=rest-nonce HTTP/1.1" 200 41 "-" "Mozilla/5.0 (Windows NT 10.0; Win64; x64) AppleWebKit/537.36 (KHTML, like Gecko) Chrome/124.0.6367.207 Safari/537.36"
65.111.26.181 - - [23/Feb/2026:17:30:52 +0000] "POST /wp-json/wp/v2/posts HTTP/1.1" 301 178 "https://mentoring-wp.dreamstechnologies.com/wp-json/wp/v2/posts" "Mozilla/5.0 (Windows NT 10.0; Win64; x64) AppleWebKit/537.36 (KHTML, like Gecko) Chrome/124.0.6367.207 Safari/537.36"
172.187.168.139 - - [23/Feb/2026:17:30:53 +0000] "POST /wp-cron.php?doing_wp_cron=1771867853.6052899360656738281250 HTTP/1.1" 200 31 "-" "WordPress/6.9; https://mentoring-wp.dreamsmarketplace.com"
65.111.26.181 - - [23/Feb/2026:17:30:53 +0000] "GET /wp-json/wp/v2/posts HTTP/1.1" 200 70487 "https://mentoring-wp.dreamstechnologies.com/wp-json/wp/v2/posts" "Mozilla/5.0 (Windows NT 10.0; Win64; x64) AppleWebKit/537.36 (KHTML, like Gecko) Chrome/124.0.6367.207 Safari/537.36"
65.111.26.181 - - [23/Feb/2026:17:30:53 +0000] "GET /wp-admin/plugin-install.php HTTP/1.1" 301 178 "-" "Mozilla/5.0 (Windows NT 10.0; Win64; x64) AppleWebKit/537.36 (KHTML, like Gecko) Chrome/124.0.6367.207 Safari/537.36"
172.187.168.139 - - [23/Feb/2026:17:30:56 +0000] "POST /wp-cron.php?doing_wp_cron=1771867856.7450189590454101562500 HTTP/1.1" 200 31 "-" "WordPress/6.9; https://mentoring-wp.dreamsmarketplace.com"
65.111.26.181 - - [23/Feb/2026:17:30:56 +0000] "GET /wp-admin/plugin-install.php HTTP/1.1" 200 73994 "-" "Mozilla/5.0 (Windows NT 10.0; Win64; x64) AppleWebKit/537.36 (KHTML, like Gecko) Chrome/124.0.6367.207 Safari/537.36"
65.111.26.181 - - [23/Feb/2026:17:30:56 +0000] "POST /wp-admin/update.php?action=upload-plugin HTTP/1.1" 301 178 "https://mentoring-wp.dreamstechnologies.com/wp-admin/update.php?action=upload-plugin" "Mozilla/5.0 (Windows NT 10.0; Win64; x64) AppleWebKit/537.36 (KHTML, like Gecko) Chrome/124.0.6367.207 Safari/537.36"
128.1.179.114 - - [23/Feb/2026:17:30:58 +0000] "POST /xmlrpc.php HTTP/1.1" 301 178 "-" "Mozilla/5.0 (Windows NT 10.0; Win64; x64) AppleWebKit/537.36 (KHTML, like Gecko) Chrome/114.0.0.0 Safari/537.36"
172.187.168.139 - - [23/Feb/2026:17:30:59 +0000] "POST /wp-cron.php?doing_wp_cron=1771867859.3024520874023437500000 HTTP/1.1" 200 31 "-" "WordPress/6.9; https://mentoring-wp.dreamsmarketplace.com"
65.111.26.181 - - [23/Feb/2026:17:30:59 +0000] "GET /wp-admin/update.php?action=upload-plugin HTTP/1.1" 403 1132 "https://mentoring-wp.dreamstechnologies.com/wp-admin/update.php?action=upload-plugin" "Mozilla/5.0 (Windows NT 10.0; Win64; x64) AppleWebKit/537.36 (KHTML, like Gecko) Chrome/124.0.6367.207 Safari/537.36"
209.50.172.222 - - [23/Feb/2026:17:31:00 +0000] "GET /wp-login.php HTTP/1.1" 301 178 "-" "Mozilla/5.0 (Windows NT 10.0; Win64; x64; rv:127.0) Gecko/20100101 Firefox/127.0"
172.187.168.139 - - [23/Feb/2026:17:31:02 +0000] "POST /wp-cron.php?doing_wp_cron=1771867861.9725379943847656250000 HTTP/1.1" 200 31 "-" "WordPress/6.9; https://mentoring-wp.dreamsmarketplace.com"
128.1.179.114 - - [23/Feb/2026:17:31:02 +0000] "GET /xmlrpc.php HTTP/1.1" 405 53 "-" "Mozilla/5.0 (Windows NT 10.0; Win64; x64) AppleWebKit/537.36 (KHTML, like Gecko) Chrome/114.0.0.0 Safari/537.36"
172.187.168.139 - - [23/Feb/2026:17:31:02 +0000] "POST /wp-cron.php?doing_wp_cron=1771867862.4094638824462890625000 HTTP/1.1" 200 31 "-" "WordPress/6.9; https://mentoring-wp.dreamsmarketplace.com"
209.50.172.222 - - [23/Feb/2026:17:31:02 +0000] "GET /wp-login.php HTTP/1.1" 200 2470 "-" "Mozilla/5.0 (Windows NT 10.0; Win64; x64; rv:127.0) Gecko/20100101 Firefox/127.0"
209.50.172.222 - - [23/Feb/2026:17:31:03 +0000] "GET /wp-login.php?wp_lang=en_US HTTP/1.1" 301 178 "-" "Mozilla/5.0 (Windows NT 10.0; Win64; x64) AppleWebKit/537.36 (KHTML, like Gecko) Chrome/124.0.6367.207 Safari/537.36"
187.110.182.84 - - [23/Feb/2026:17:31:03 +0000] "GET /skachayte-igrovoy-avtomat-pin-up-i-nachnite-igrat-v-onlaynkazino-v-kazakhstane/ HTTP/1.1" 301 178 "-" "Mozilla/5.0 (Macintosh; Intel Mac OS X 10_7_3) AppleWebKit/537.36 (KHTML, like Gecko, Mediapartners-Google) Chrome/88.0.4324.175 Safari/537.36"
128.1.179.114 - - [23/Feb/2026:17:31:04 +0000] "POST /xmlrpc.php HTTP/1.1" 301 178 "-" "Mozilla/5.0 (Windows NT 10.0; Win64; x64) AppleWebKit/537.36 (KHTML, like Gecko) Chrome/114.0.0.0 Safari/537.36"
172.187.168.139 - - [23/Feb/2026:17:31:05 +0000] "POST /wp-cron.php?doing_wp_cron=1771867865.5347468852996826171875 HTTP/1.1" 200 31 "-" "WordPress/6.9; https://mentoring-wp.dreamsmarketplace.com"
209.50.172.222 - - [23/Feb/2026:17:31:05 +0000] "GET /wp-login.php?wp_lang=en_US HTTP/1.1" 200 2470 "-" "Mozilla/5.0 (Windows NT 10.0; Win64; x64) AppleWebKit/537.36 (KHTML, like Gecko) Chrome/124.0.6367.207 Safari/537.36"
172.187.168.139 - - [23/Feb/2026:17:31:06 +0000] "POST /wp-cron.php?doing_wp_cron=1771867866.4746510982513427734375 HTTP/1.1" 200 31 "-" "WordPress/6.9; https://mentoring-wp.dreamsmarketplace.com"
128.1.179.114 - - [23/Feb/2026:17:31:06 +0000] "GET /xmlrpc.php HTTP/1.1" 405 53 "-" "Mozilla/5.0 (Windows NT 10.0; Win64; x64) AppleWebKit/537.36 (KHTML, like Gecko) Chrome/114.0.0.0 Safari/537.36"
172.187.168.139 - - [23/Feb/2026:17:31:06 +0000] "POST /wp-cron.php?doing_wp_cron=1771867866.7635350227355957031250 HTTP/1.1" 200 31 "-" "WordPress/6.9; https://mentoring-wp.dreamsmarketplace.com"
14.179.24.17 - - [23/Feb/2026:17:31:06 +0000] "GET /skachayte-igrovoy-avtomat-pin-up-i-nachnite-igrat-v-onlaynkazino-v-kazakhstane/ HTTP/1.1" 404 10964 "-" "Mozilla/5.0 (Macintosh; Intel Mac OS X 10_7_3) AppleWebKit/537.36 (KHTML, like Gecko, Mediapartners-Google) Chrome/88.0.4324.175 Safari/537.36"
172.187.168.139 - - [23/Feb/2026:17:31:07 +0000] "POST /wp-cron.php?doing_wp_cron=1771867867.3944809436798095703125 HTTP/1.1" 200 31 "-" "WordPress/6.9; https://mentoring-wp.dreamsmarketplace.com"
209.50.172.222 - - [23/Feb/2026:17:31:07 +0000] "POST /wp-login.php?wp_lang=en_US HTTP/1.1" 302 5 "https://mentoring-wp.dreamsmarketplace.com/wp-login.php?wp_lang=en_US" "Mozilla/5.0 (Windows NT 10.0; Win64; x64) AppleWebKit/537.36 (KHTML, like Gecko) Chrome/124.0.6367.207 Safari/537.36"
172.187.168.139 - - [23/Feb/2026:17:31:10 +0000] "POST /wp-cron.php?doing_wp_cron=1771867870.8014008998870849609375 HTTP/1.1" 200 31 "-" "WordPress/6.9; https://mentoring-wp.dreamsmarketplace.com"
209.50.172.222 - - [23/Feb/2026:17:31:10 +0000] "GET /wp-admin/ HTTP/1.1" 200 18237 "https://mentoring-wp.dreamsmarketplace.com/wp-login.php?wp_lang=en_US" "Mozilla/5.0 (Windows NT 10.0; Win64; x64) AppleWebKit/537.36 (KHTML, like Gecko) Chrome/124.0.6367.207 Safari/537.36"
161.77.54.65 - - [23/Feb/2026:17:32:15 +0000] "POST /xmlrpc.php HTTP/1.1" 301 178 "-" "Python-xmlrpc/3.11"
41.25.43.121 - - [23/Feb/2026:17:32:29 +0000] "GET /kasino-bonus-exklusive-einzahlung-alle-freie-spins-auf-survivor-no-abschlagzahlung-boni-2025/ HTTP/1.1" 301 178 "-" "Mozilla/5.0 (Windows NT 6.1) AppleWebKit/537.36 (KHTML, like Gecko) Chrome/41.0.2228.0 Safari/537.36"
172.187.168.139 - - [23/Feb/2026:17:32:32 +0000] "POST /wp-cron.php?doing_wp_cron=1771867952.6267199516296386718750 HTTP/1.1" 200 31 "-" "WordPress/6.9; https://mentoring-wp.dreamsmarketplace.com"
113.162.207.111 - - [23/Feb/2026:17:32:32 +0000] "GET /kasino-bonus-exklusive-einzahlung-alle-freie-spins-auf-survivor-no-abschlagzahlung-boni-2025/ HTTP/1.1" 404 10972 "-" "Mozilla/5.0 (Windows NT 6.1) AppleWebKit/537.36 (KHTML, like Gecko) Chrome/41.0.2228.0 Safari/537.36"
123.22.220.12 - - [23/Feb/2026:17:33:09 +0000] "GET /owned-and-operated-by-lesbians/ HTTP/1.1" 301 178 "-" "Mozilla/5.0 (Macintosh; Intel Mac OS X 10_14_4) AppleWebKit/537.36 (KHTML, like Gecko) Chrome/88.0.4324.192 Safari/537.36"
172.187.168.139 - - [23/Feb/2026:17:33:11 +0000] "POST /wp-cron.php?doing_wp_cron=1771867991.7996370792388916015625 HTTP/1.1" 200 31 "-" "WordPress/6.9; https://mentoring-wp.dreamsmarketplace.com"
113.187.132.186 - - [23/Feb/2026:17:33:11 +0000] "GET /owned-and-operated-by-lesbians/ HTTP/1.1" 404 10922 "-" "Mozilla/5.0 (Macintosh; Intel Mac OS X 10_14_4) AppleWebKit/537.36 (KHTML, like Gecko) Chrome/88.0.4324.192 Safari/537.36"
40.77.167.149 - - [23/Feb/2026:17:34:33 +0000] "GET /angeschlossen-spielbank-uber-handyrechnung-bezahlen-aktuelle-slot-game-free-credit-verzeichnis-2025/ HTTP/1.1" 301 178 "-" "Mozilla/5.0 AppleWebKit/537.36 (KHTML, like Gecko; compatible; bingbot/2.0; +http://www.bing.com/bingbot.htm) Chrome/116.0.1938.76 Safari/537.36"
172.187.168.139 - - [23/Feb/2026:17:34:44 +0000] "POST /wp-cron.php?doing_wp_cron=1771868084.4782478809356689453125 HTTP/1.1" 200 31 "-" "WordPress/6.9; https://mentoring-wp.dreamsmarketplace.com"
157.55.39.15 - - [23/Feb/2026:17:34:44 +0000] "GET /finding-the-right-on-line-casino-will-demand-some-investigations-to-make-certain-this-site-gives-the-enjoys-you-require-the-most/ HTTP/1.1" 404 10997 "-" "Mozilla/5.0 AppleWebKit/537.36 (KHTML, like Gecko; compatible; bingbot/2.0; +http://www.bing.com/bingbot.htm) Chrome/116.0.1938.76 Safari/537.36"
45.167.170.203 - - [23/Feb/2026:17:37:14 +0000] "GET /gamble-totally-free-black-jack-on-the-web-habit-blackjack-casino-32red-no-deposit-bonus-codes-wager-fun/ HTTP/1.1" 301 178 "-" "Mozilla/5.0 (Macintosh; Intel Mac OS X 10_14_5) AppleWebKit/537.36 (KHTML, like Gecko) Chrome/97.0.4692.99 Safari/537.36"
172.187.168.139 - - [23/Feb/2026:17:37:18 +0000] "POST /wp-cron.php?doing_wp_cron=1771868238.1706969738006591796875 HTTP/1.1" 200 31 "-" "WordPress/6.9; https://mentoring-wp.dreamsmarketplace.com"
187.85.44.242 - - [23/Feb/2026:17:37:18 +0000] "GET /gamble-totally-free-black-jack-on-the-web-habit-blackjack-casino-32red-no-deposit-bonus-codes-wager-fun/ HTTP/1.1" 404 10977 "-" "Mozilla/5.0 (Macintosh; Intel Mac OS X 10_14_5) AppleWebKit/537.36 (KHTML, like Gecko) Chrome/97.0.4692.99 Safari/537.36"
161.77.73.108 - - [23/Feb/2026:17:38:45 +0000] "POST /xmlrpc.php HTTP/1.1" 301 178 "-" "Python-xmlrpc/3.11"
103.186.31.45 - - [23/Feb/2026:17:39:27 +0000] "HEAD / HTTP/1.1" 301 0 "https://mentoring-wp.dreamstechnologies.com/" "Mozilla/5.0 (Windows NT 10.0; Win64; x64) AppleWebKit/537.36 (KHTML, like Gecko) Chrome/91.0.4472.124 Safari/537.36"
172.187.168.139 - - [23/Feb/2026:17:39:28 +0000] "POST /wp-cron.php?doing_wp_cron=1771868368.8228549957275390625000 HTTP/1.1" 200 31 "-" "WordPress/6.9; https://mentoring-wp.dreamsmarketplace.com"
103.186.31.45 - - [23/Feb/2026:17:39:28 +0000] "HEAD / HTTP/1.1" 200 0 "https://mentoring-wp.dreamstechnologies.com/" "Mozilla/5.0 (Windows NT 10.0; Win64; x64) AppleWebKit/537.36 (KHTML, like Gecko) Chrome/91.0.4472.124 Safari/537.36"
103.186.31.45 - - [23/Feb/2026:17:39:29 +0000] "HEAD / HTTP/1.1" 301 0 "https://mentoring-wp.dreamstechnologies.com/" "Mozilla/5.0 (Windows NT 10.0; Win64; x64) AppleWebKit/537.36 (KHTML, like Gecko) Chrome/91.0.4472.124 Safari/537.36"
172.187.168.139 - - [23/Feb/2026:17:39:30 +0000] "POST /wp-cron.php?doing_wp_cron=1771868370.3950049877166748046875 HTTP/1.1" 200 31 "-" "WordPress/6.9; https://mentoring-wp.dreamsmarketplace.com"
105.160.117.172 - - [23/Feb/2026:17:39:30 +0000] "GET /favicon.ico HTTP/1.1" 302 5 "-" "Mozilla/5.0 (Windows NT 10.0; Win64; x64) AppleWebKit/537.36 (KHTML, like Gecko) Chrome/145.0.0.0 Safari/537.36"
105.160.117.172 - - [23/Feb/2026:17:39:31 +0000] "GET /wp-content/uploads/2022/02/favicon.png HTTP/1.1" 200 2233 "-" "Mozilla/5.0 (Windows NT 10.0; Win64; x64) AppleWebKit/537.36 (KHTML, like Gecko) Chrome/145.0.0.0 Safari/537.36"
103.186.31.45 - - [23/Feb/2026:17:39:31 +0000] "HEAD / HTTP/1.1" 200 0 "https://mentoring-wp.dreamstechnologies.com/" "Mozilla/5.0 (Windows NT 10.0; Win64; x64) AppleWebKit/537.36 (KHTML, like Gecko) Chrome/91.0.4472.124 Safari/537.36"
172.187.168.139 - - [23/Feb/2026:17:39:31 +0000] "POST /wp-cron.php?doing_wp_cron=1771868371.9008209705352783203125 HTTP/1.1" 200 31 "-" "WordPress/6.9; https://mentoring-wp.dreamsmarketplace.com"
105.160.117.172 - - [23/Feb/2026:17:39:31 +0000] "GET /favicon.ico HTTP/1.1" 302 5 "-" "Mozilla/5.0 (Windows NT 10.0; Win64; x64) AppleWebKit/537.36 (KHTML, like Gecko) Chrome/145.0.0.0 Safari/537.36"
103.186.31.45 - - [23/Feb/2026:17:39:32 +0000] "POST /wp-login.php HTTP/1.1" 301 178 "https://www.google.com/" "Mozilla/5.0 (Windows NT 10.0; Win64; x64) AppleWebKit/537.36 (KHTML, like Gecko) Chrome/91.0.4472.124 Safari/537.36"
172.187.168.139 - - [23/Feb/2026:17:39:34 +0000] "POST /wp-cron.php?doing_wp_cron=1771868374.1204769611358642578125 HTTP/1.1" 200 31 "-" "WordPress/6.9; https://mentoring-wp.dreamsmarketplace.com"
103.186.31.45 - - [23/Feb/2026:17:39:34 +0000] "GET /wp-login.php HTTP/1.1" 200 2470 "https://www.google.com/" "Mozilla/5.0 (Windows NT 10.0; Win64; x64) AppleWebKit/537.36 (KHTML, like Gecko) Chrome/91.0.4472.124 Safari/537.36"
103.186.31.45 - - [23/Feb/2026:17:39:34 +0000] "POST /wp-login.php HTTP/1.1" 301 178 "https://mentoring-wp.dreamstechnologies.com/wp-admin/" "Mozilla/5.0 (Windows NT 10.0; Win64; x64) AppleWebKit/537.36 (KHTML, like Gecko) Chrome/90.0.4430.85 Safari/537.36"
172.187.168.139 - - [23/Feb/2026:17:39:35 +0000] "POST /wp-cron.php?doing_wp_cron=1771868375.9297809600830078125000 HTTP/1.1" 200 31 "-" "WordPress/6.9; https://mentoring-wp.dreamsmarketplace.com"
103.186.31.45 - - [23/Feb/2026:17:39:36 +0000] "GET /wp-login.php HTTP/1.1" 200 2470 "https://mentoring-wp.dreamstechnologies.com/wp-admin/" "Mozilla/5.0 (Windows NT 10.0; Win64; x64) AppleWebKit/537.36 (KHTML, like Gecko) Chrome/90.0.4430.85 Safari/537.36"
103.186.31.45 - - [23/Feb/2026:17:39:36 +0000] "GET /wp-admin/ HTTP/1.1" 301 178 "https://www.google.com/" "Mozilla/5.0 (Windows NT 10.0; Win64; x64) AppleWebKit/537.36 (KHTML, like Gecko) Chrome/91.0.4472.124 Safari/537.36"
172.187.168.139 - - [23/Feb/2026:17:39:37 +0000] "POST /wp-cron.php?doing_wp_cron=1771868377.4871129989624023437500 HTTP/1.1" 200 31 "-" "WordPress/6.9; https://mentoring-wp.dreamsmarketplace.com"
103.186.31.45 - - [23/Feb/2026:17:39:37 +0000] "GET /wp-admin/ HTTP/1.1" 302 5 "https://www.google.com/" "Mozilla/5.0 (Windows NT 10.0; Win64; x64) AppleWebKit/537.36 (KHTML, like Gecko) Chrome/91.0.4472.124 Safari/537.36"
172.187.168.139 - - [23/Feb/2026:17:39:39 +0000] "POST /wp-cron.php?doing_wp_cron=1771868379.0568549633026123046875 HTTP/1.1" 200 31 "-" "WordPress/6.9; https://mentoring-wp.dreamsmarketplace.com"
103.186.31.45 - - [23/Feb/2026:17:39:39 +0000] "GET /wp-login.php?redirect_to=https%3A%2F%2Fmentoring-wp.dreamsmarketplace.com%2Fwp-admin%2F&reauth=1 HTTP/1.1" 200 2477 "https://www.google.com/" "Mozilla/5.0 (Windows NT 10.0; Win64; x64) AppleWebKit/537.36 (KHTML, like Gecko) Chrome/91.0.4472.124 Safari/537.36"
103.186.31.45 - - [23/Feb/2026:17:39:39 +0000] "POST /xmlrpc.php HTTP/1.1" 301 178 "https://www.google.com/" "Mozilla/5.0 (Windows NT 10.0; Win64; x64) AppleWebKit/537.36 (KHTML, like Gecko) Chrome/91.0.4472.124 Safari/537.36"
172.187.168.139 - - [23/Feb/2026:17:39:41 +0000] "POST /wp-cron.php?doing_wp_cron=1771868381.0334990024566650390625 HTTP/1.1" 200 31 "-" "WordPress/6.9; https://mentoring-wp.dreamsmarketplace.com"
