172.187.168.139 - - [23/Feb/2026:03:18:57 +0000] "POST /wp-cron.php?doing_wp_cron=1771816737.5785689353942871093750 HTTP/1.1" 200 31 "-" "WordPress/6.9; https://mentoring-wp.dreamsmarketplace.com"
213.180.203.121 - - [23/Feb/2026:03:18:57 +0000] "GET /dashboard/ HTTP/1.1" 200 12092 "-" "Mozilla/5.0 (compatible; YandexBot/3.0; +http://yandex.com/bots)"
172.187.168.139 - - [23/Feb/2026:03:19:26 +0000] "POST /wp-cron.php?doing_wp_cron=1771816765.9929890632629394531250 HTTP/1.1" 200 31 "-" "WordPress/6.9; https://mentoring-wp.dreamsmarketplace.com"
95.108.213.125 - - [23/Feb/2026:03:19:26 +0000] "GET /lorem-ipsum-is-simply-dummy-text-of-the-printing/ HTTP/1.1" 200 18110 "-" "Mozilla/5.0 (compatible; YandexBot/3.0; +http://yandex.com/bots)"
172.187.168.139 - - [23/Feb/2026:03:19:28 +0000] "POST /wp-cron.php?doing_wp_cron=1771816768.3259899616241455078125 HTTP/1.1" 200 31 "-" "WordPress/6.9; https://mentoring-wp.dreamsmarketplace.com"
87.250.224.131 - - [23/Feb/2026:03:19:28 +0000] "GET /checkout/ HTTP/1.1" 200 41668 "-" "Mozilla/5.0 (compatible; YandexBot/3.0; +http://yandex.com/bots)"
172.187.168.139 - - [23/Feb/2026:03:19:48 +0000] "POST /wp-cron.php?doing_wp_cron=1771816788.5315620899200439453125 HTTP/1.1" 200 31 "-" "WordPress/6.9; https://mentoring-wp.dreamsmarketplace.com"
5.255.231.59 - - [23/Feb/2026:03:19:48 +0000] "GET /at-vero-eos-et-accusamus-et-iusto-odio-dignissimos-2/ HTTP/1.1" 200 18223 "-" "Mozilla/5.0 (compatible; YandexBot/3.0; +http://yandex.com/bots)"
172.187.168.139 - - [23/Feb/2026:03:20:00 +0000] "POST /wp-cron.php?doing_wp_cron=1771816800.0073449611663818359375 HTTP/1.1" 200 31 "-" "WordPress/6.9; https://mentoring-wp.dreamsmarketplace.com"
5.255.231.138 - - [23/Feb/2026:03:20:00 +0000] "GET /vvelit-esse-quam-nihil-molestiae-consequatur/ HTTP/1.1" 200 18155 "-" "Mozilla/5.0 (compatible; YandexBot/3.0; +http://yandex.com/bots)"
172.187.168.139 - - [23/Feb/2026:03:20:00 +0000] "POST /wp-cron.php?doing_wp_cron=1771816800.8820700645446777343750 HTTP/1.1" 200 31 "-" "WordPress/6.9; https://mentoring-wp.dreamsmarketplace.com"
5.255.231.183 - - [23/Feb/2026:03:20:00 +0000] "GET /cart/ HTTP/1.1" 200 35819 "-" "Mozilla/5.0 (compatible; YandexBot/3.0; +http://yandex.com/bots)"
172.187.168.139 - - [23/Feb/2026:03:20:01 +0000] "POST /wp-cron.php?doing_wp_cron=1771816801.4446918964385986328125 HTTP/1.1" 200 31 "-" "WordPress/6.9; https://mentoring-wp.dreamsmarketplace.com"
5.255.231.12 - - [23/Feb/2026:03:20:01 +0000] "GET /register/ HTTP/1.1" 200 12106 "-" "Mozilla/5.0 (compatible; YandexBot/3.0; +http://yandex.com/bots)"
172.187.168.139 - - [23/Feb/2026:03:20:10 +0000] "POST /wp-cron.php?doing_wp_cron=1771816810.0990619659423828125000 HTTP/1.1" 200 31 "-" "WordPress/6.9; https://mentoring-wp.dreamsmarketplace.com"
87.250.224.81 - - [23/Feb/2026:03:20:10 +0000] "GET /about-us/ HTTP/1.1" 200 12448 "-" "Mozilla/5.0 (compatible; YandexBot/3.0; +http://yandex.com/bots)"
172.187.168.139 - - [23/Feb/2026:03:20:20 +0000] "POST /wp-cron.php?doing_wp_cron=1771816820.9508099555969238281250 HTTP/1.1" 200 31 "-" "WordPress/6.9; https://mentoring-wp.dreamsmarketplace.com"
213.180.203.100 - - [23/Feb/2026:03:20:21 +0000] "GET /category/css/ HTTP/1.1" 200 14995 "-" "Mozilla/5.0 (compatible; YandexBot/3.0; +http://yandex.com/bots)"
2a03:2880:f800:41:: - - [23/Feb/2026:03:20:21 +0000] "GET /rigtige-lille-pharaons-gold-iii-casino-iron-man-2-slot-bitkingz-apk-login-ingen-depositum-slots-2024-rejsebog/ HTTP/1.1" 301 178 "-" "meta-externalagent/1.1 (+https://developers.facebook.com/docs/sharing/webmasters/crawler)"
172.187.168.139 - - [23/Feb/2026:03:20:34 +0000] "POST /wp-cron.php?doing_wp_cron=1771816833.9821789264678955078125 HTTP/1.1" 200 31 "-" "WordPress/6.9; https://mentoring-wp.dreamsmarketplace.com"
5.255.231.126 - - [23/Feb/2026:03:20:34 +0000] "GET /product/test-product/ HTTP/1.1" 200 15837 "-" "Mozilla/5.0 (compatible; YandexBot/3.0; +http://yandex.com/bots)"
172.187.168.139 - - [23/Feb/2026:03:20:45 +0000] "POST /wp-cron.php?doing_wp_cron=1771816845.6046950817108154296875 HTTP/1.1" 200 31 "-" "WordPress/6.9; https://mentoring-wp.dreamsmarketplace.com"
95.108.213.213 - - [23/Feb/2026:03:20:45 +0000] "GET /at-vero-eos-et-accusamus-et-iusto-odio-dignissimos/ HTTP/1.1" 200 18223 "-" "Mozilla/5.0 (compatible; YandexBot/3.0; +http://yandex.com/bots)"
172.187.168.139 - - [23/Feb/2026:03:21:09 +0000] "POST /wp-cron.php?doing_wp_cron=1771816869.8692519664764404296875 HTTP/1.1" 200 31 "-" "WordPress/6.9; https://mentoring-wp.dreamsmarketplace.com"
213.180.203.100 - - [23/Feb/2026:03:21:09 +0000] "GET /the-standard-lorem-ipsum-used/ HTTP/1.1" 200 18106 "-" "Mozilla/5.0 (compatible; YandexBot/3.0; +http://yandex.com/bots)"
172.187.168.139 - - [23/Feb/2026:03:21:29 +0000] "POST /wp-cron.php?doing_wp_cron=1771816889.5698680877685546875000 HTTP/1.1" 200 31 "-" "WordPress/6.9; https://mentoring-wp.dreamsmarketplace.com"
213.180.203.156 - - [23/Feb/2026:03:21:29 +0000] "GET /portfolios/ HTTP/1.1" 200 11063 "-" "Mozilla/5.0 (compatible; YandexBot/3.0; +http://yandex.com/bots)"
89.124.68.238 - - [23/Feb/2026:03:21:30 +0000] "GET /register/ HTTP/1.1" 301 178 "https://mentoring-wp.dreamstechnologies.com/register/" "Mozilla/5.0 (Windows NT 10.0; Win64; x64) AppleWebKit/537.36 (KHTML, like Gecko) Chrome/130.0.0.0 Safari/537.36"
172.187.168.139 - - [23/Feb/2026:03:21:31 +0000] "POST /wp-cron.php?doing_wp_cron=1771816891.5707960128784179687500 HTTP/1.1" 200 31 "-" "WordPress/6.9; https://mentoring-wp.dreamsmarketplace.com"
89.124.68.238 - - [23/Feb/2026:03:21:31 +0000] "GET /register/ HTTP/1.1" 200 12106 "https://mentoring-wp.dreamsmarketplace.com/register/" "Mozilla/5.0 (Windows NT 10.0; Win64; x64) AppleWebKit/537.36 (KHTML, like Gecko) Chrome/130.0.0.0 Safari/537.36"
172.187.168.139 - - [23/Feb/2026:03:21:32 +0000] "POST /wp-cron.php?doing_wp_cron=1771816892.8447189331054687500000 HTTP/1.1" 200 31 "-" "WordPress/6.9; https://mentoring-wp.dreamsmarketplace.com"
89.124.68.238 - - [23/Feb/2026:03:21:32 +0000] "GET /blog/ HTTP/1.1" 200 15398 "https://mentoring-wp.dreamsmarketplace.com/blog/" "Mozilla/5.0 (Windows NT 10.0; Win64; x64) AppleWebKit/537.36 (KHTML, like Gecko) Chrome/130.0.0.0 Safari/537.36"
172.187.168.139 - - [23/Feb/2026:03:21:34 +0000] "POST /wp-cron.php?doing_wp_cron=1771816894.1485641002655029296875 HTTP/1.1" 200 31 "-" "WordPress/6.9; https://mentoring-wp.dreamsmarketplace.com"
89.124.68.238 - - [23/Feb/2026:03:21:34 +0000] "GET /blog/page/2/ HTTP/1.1" 200 15277 "https://mentoring-wp.dreamsmarketplace.com/blog/page/2/" "Mozilla/5.0 (Windows NT 10.0; Win64; x64) AppleWebKit/537.36 (KHTML, like Gecko) Chrome/130.0.0.0 Safari/537.36"
172.187.168.139 - - [23/Feb/2026:03:21:35 +0000] "POST /wp-cron.php?doing_wp_cron=1771816895.4628729820251464843750 HTTP/1.1" 200 31 "-" "WordPress/6.9; https://mentoring-wp.dreamsmarketplace.com"
89.124.68.238 - - [23/Feb/2026:03:21:35 +0000] "GET /the-standard-chunk-of-lorem-ipsum-used/ HTTP/1.1" 200 18747 "https://mentoring-wp.dreamsmarketplace.com/the-standard-chunk-of-lorem-ipsum-used/" "Mozilla/5.0 (Windows NT 10.0; Win64; x64) AppleWebKit/537.36 (KHTML, like Gecko) Chrome/130.0.0.0 Safari/537.36"
172.187.168.139 - - [23/Feb/2026:03:21:36 +0000] "POST /wp-cron.php?doing_wp_cron=1771816896.5983600616455078125000 HTTP/1.1" 200 31 "-" "WordPress/6.9; https://mentoring-wp.dreamsmarketplace.com"
89.124.68.238 - - [23/Feb/2026:03:21:36 +0000] "POST /wp-comments-post.php HTTP/1.1" 500 2629 "https://mentoring-wp.dreamsmarketplace.com/the-standard-chunk-of-lorem-ipsum-used/" "Mozilla/5.0 (Windows NT 10.0; Win64; x64) AppleWebKit/537.36 (KHTML, like Gecko) Chrome/130.0.0.0 Safari/537.36"
2a03:2880:f800:2:: - - [23/Feb/2026:03:21:42 +0000] "GET /1xslots-gambling-enterprise-newest-gambling-enterprise-incentives-codes-50-free-spins-no-deposit-raging-rhino-free-revolves/ HTTP/1.1" 301 178 "-" "meta-externalagent/1.1 (+https://developers.facebook.com/docs/sharing/webmasters/crawler)"
2a03:2880:f800:3f:: - - [23/Feb/2026:03:21:47 +0000] "GET /author/mentor-demi/ HTTP/1.1" 301 178 "-" "meta-externalagent/1.1 (+https://developers.facebook.com/docs/sharing/webmasters/crawler)"
172.187.168.139 - - [23/Feb/2026:03:22:01 +0000] "POST /wp-cron.php?doing_wp_cron=1771816921.5585429668426513671875 HTTP/1.1" 200 31 "-" "WordPress/6.9; https://mentoring-wp.dreamsmarketplace.com"
5.255.231.31 - - [23/Feb/2026:03:22:01 +0000] "GET /search-mentors/ HTTP/1.1" 200 12450 "-" "Mozilla/5.0 (compatible; YandexBot/3.0; +http://yandex.com/bots)"
172.187.168.139 - - [23/Feb/2026:03:22:03 +0000] "POST /wp-cron.php?doing_wp_cron=1771816923.0138320922851562500000 HTTP/1.1" 200 31 "-" "WordPress/6.9; https://mentoring-wp.dreamsmarketplace.com"
213.180.203.26 - - [23/Feb/2026:03:22:03 +0000] "GET /product-category/uncategorized/ HTTP/1.1" 200 12551 "-" "Mozilla/5.0 (compatible; YandexBot/3.0; +http://yandex.com/bots)"
172.187.168.139 - - [23/Feb/2026:03:22:14 +0000] "POST /wp-cron.php?doing_wp_cron=1771816934.2273979187011718750000 HTTP/1.1" 200 31 "-" "WordPress/6.9; https://mentoring-wp.dreamsmarketplace.com"
95.108.213.214 - - [23/Feb/2026:03:22:14 +0000] "GET /product/business/ HTTP/1.1" 200 15260 "-" "Mozilla/5.0 (compatible; YandexBot/3.0; +http://yandex.com/bots)"
2a03:2880:f800:34:: - - [23/Feb/2026:03:22:39 +0000] "GET /afkast-medmindre-ice-casino-bonuskode-i-dag-depositu-i-tilgif-spillere-fra-dannevan-kasino-bonus-uden-indbetaling/ HTTP/1.1" 301 178 "-" "meta-externalagent/1.1 (+https://developers.facebook.com/docs/sharing/webmasters/crawler)"
2a03:2880:f800:1b:: - - [23/Feb/2026:03:22:53 +0000] "GET /online-kasino-10-euroletten-einzahlung-columbus-deluxe-1-kaution-freispiele-maklercourtage/ HTTP/1.1" 301 178 "-" "meta-externalagent/1.1 (+https://developers.facebook.com/docs/sharing/webmasters/crawler)"
172.187.168.139 - - [23/Feb/2026:03:22:56 +0000] "POST /wp-cron.php?doing_wp_cron=1771816976.0752799510955810546875 HTTP/1.1" 200 31 "-" "WordPress/6.9; https://mentoring-wp.dreamsmarketplace.com"
5.255.231.207 - - [23/Feb/2026:03:22:56 +0000] "GET /tag/html/ HTTP/1.1" 200 15326 "-" "Mozilla/5.0 (compatible; YandexBot/3.0; +http://yandex.com/bots)"
172.187.168.139 - - [23/Feb/2026:03:22:56 +0000] "POST /wp-cron.php?doing_wp_cron=1771816976.7340888977050781250000 HTTP/1.1" 200 31 "-" "WordPress/6.9; https://mentoring-wp.dreamsmarketplace.com"
5.255.231.58 - - [23/Feb/2026:03:22:56 +0000] "GET /contrary-to-popular-belief-lorem-ipsum-is/ HTTP/1.1" 200 17967 "-" "Mozilla/5.0 (compatible; YandexBot/3.0; +http://yandex.com/bots)"
79.222.251.232 - - [23/Feb/2026:03:22:58 +0000] "GET / HTTP/1.1" 301 178 "-" "Mozilla/5.0 (Windows NT 10.0; Win64; x64) AppleWebKit/537.36 (KHTML, like Gecko) Chrome/120.0.0.0 Safari/537.36"
172.187.168.139 - - [23/Feb/2026:03:23:00 +0000] "POST /wp-cron.php?doing_wp_cron=1771816980.4721870422363281250000 HTTP/1.1" 200 31 "-" "WordPress/6.9; https://mentoring-wp.dreamsmarketplace.com"
79.222.251.232 - - [23/Feb/2026:03:23:00 +0000] "GET / HTTP/1.1" 200 14873 "https://mentoring-wp.dreamstechnologies.com" "Mozilla/5.0 (Windows NT 10.0; Win64; x64) AppleWebKit/537.36 (KHTML, like Gecko) Chrome/120.0.0.0 Safari/537.36"
79.222.251.232 - - [23/Feb/2026:03:23:01 +0000] "POST /wp-admin/admin-ajax.php?action=sm_ping HTTP/1.1" 301 178 "-" "Mozilla/5.0 (Windows NT 10.0; Win64; x64) AppleWebKit/537.36 (KHTML, like Gecko) Chrome/120.0.0.0 Safari/537.36"
172.187.168.139 - - [23/Feb/2026:03:23:03 +0000] "POST /wp-cron.php?doing_wp_cron=1771816983.0102930068969726562500 HTTP/1.1" 200 31 "-" "WordPress/6.9; https://mentoring-wp.dreamsmarketplace.com"
79.222.251.232 - - [23/Feb/2026:03:23:03 +0000] "GET /wp-admin/admin-ajax.php?action=sm_ping HTTP/1.1" 400 11 "https://mentoring-wp.dreamstechnologies.com/wp-admin/admin-ajax.php?action=sm_ping" "Mozilla/5.0 (Windows NT 10.0; Win64; x64) AppleWebKit/537.36 (KHTML, like Gecko) Chrome/120.0.0.0 Safari/537.36"
79.222.251.232 - - [23/Feb/2026:03:23:03 +0000] "POST /wp-admin/admin-ajax.php?action=hnpt_ping HTTP/1.1" 301 178 "-" "Mozilla/5.0 (Windows NT 10.0; Win64; x64) AppleWebKit/537.36 (KHTML, like Gecko) Chrome/120.0.0.0 Safari/537.36"
2a03:2880:f800:1d:: - - [23/Feb/2026:03:23:04 +0000] "GET /mobil-spilleban-bedste-mobil-casino-coyote-moon-slot-apps-i-dannevan-2025/ HTTP/1.1" 301 178 "-" "meta-externalagent/1.1 (+https://developers.facebook.com/docs/sharing/webmasters/crawler)"
172.187.168.139 - - [23/Feb/2026:03:23:05 +0000] "POST /wp-cron.php?doing_wp_cron=1771816985.5245480537414550781250 HTTP/1.1" 200 31 "-" "WordPress/6.9; https://mentoring-wp.dreamsmarketplace.com"
79.222.251.232 - - [23/Feb/2026:03:23:05 +0000] "GET /wp-admin/admin-ajax.php?action=hnpt_ping HTTP/1.1" 400 11 "https://mentoring-wp.dreamstechnologies.com/wp-admin/admin-ajax.php?action=hnpt_ping" "Mozilla/5.0 (Windows NT 10.0; Win64; x64) AppleWebKit/537.36 (KHTML, like Gecko) Chrome/120.0.0.0 Safari/537.36"
2a03:2880:f800:1d:: - - [23/Feb/2026:03:23:06 +0000] "GET /finest-all-of-hyperlink-us-internet-casino-incentives-promos-to-possess-2025/ HTTP/1.1" 301 178 "-" "meta-externalagent/1.1 (+https://developers.facebook.com/docs/sharing/webmasters/crawler)"
2a03:2880:f800:27:: - - [23/Feb/2026:03:23:21 +0000] "GET /bast-casino-valkomstbonusar-i-sverige-ice-casino-fredag-bonus-2025-7-nya/ HTTP/1.1" 301 178 "-" "meta-externalagent/1.1 (+https://developers.facebook.com/docs/sharing/webmasters/crawler)"
172.187.168.139 - - [23/Feb/2026:03:23:30 +0000] "POST /wp-cron.php?doing_wp_cron=1771817010.6887919902801513671875 HTTP/1.1" 200 31 "-" "WordPress/6.9; https://mentoring-wp.dreamsmarketplace.com"
87.250.224.125 - - [23/Feb/2026:03:23:30 +0000] "GET /privacy-policy/ HTTP/1.1" 200 12088 "-" "Mozilla/5.0 (compatible; YandexBot/3.0; +http://yandex.com/bots)"
172.187.168.139 - - [23/Feb/2026:03:23:51 +0000] "POST /wp-cron.php?doing_wp_cron=1771817031.9178240299224853515625 HTTP/1.1" 200 31 "-" "WordPress/6.9; https://mentoring-wp.dreamsmarketplace.com"
213.180.203.140 - - [23/Feb/2026:03:23:51 +0000] "GET /forgot-password/ HTTP/1.1" 200 10940 "-" "Mozilla/5.0 (compatible; YandexBot/3.0; +http://yandex.com/bots)"
2a03:2880:f800:15:: - - [23/Feb/2026:03:24:06 +0000] "GET /wp-sitemap-taxonomies-product_cat-1.xml HTTP/1.1" 301 178 "-" "meta-externalagent/1.1 (+https://developers.facebook.com/docs/sharing/webmasters/crawler)"
172.187.168.139 - - [23/Feb/2026:03:24:10 +0000] "POST /wp-cron.php?doing_wp_cron=1771817050.5991430282592773437500 HTTP/1.1" 200 31 "-" "WordPress/6.9; https://mentoring-wp.dreamsmarketplace.com"
95.108.213.214 - - [23/Feb/2026:03:24:10 +0000] "GET /category/android/ HTTP/1.1" 200 14881 "-" "Mozilla/5.0 (compatible; YandexBot/3.0; +http://yandex.com/bots)"
172.187.168.139 - - [23/Feb/2026:03:24:11 +0000] "POST /wp-cron.php?doing_wp_cron=1771817051.2452650070190429687500 HTTP/1.1" 200 31 "-" "WordPress/6.9; https://mentoring-wp.dreamsmarketplace.com"
213.180.203.70 - - [23/Feb/2026:03:24:11 +0000] "GET /category/javascript/ HTTP/1.1" 200 14475 "-" "Mozilla/5.0 (compatible; YandexBot/3.0; +http://yandex.com/bots)"
172.187.168.139 - - [23/Feb/2026:03:24:33 +0000] "POST /wp-cron.php?doing_wp_cron=1771817073.6718800067901611328125 HTTP/1.1" 200 31 "-" "WordPress/6.9; https://mentoring-wp.dreamsmarketplace.com"
213.180.203.9 - - [23/Feb/2026:03:24:33 +0000] "GET /category/python/ HTTP/1.1" 200 15079 "-" "Mozilla/5.0 (compatible; YandexBot/3.0; +http://yandex.com/bots)"
172.187.168.139 - - [23/Feb/2026:03:24:52 +0000] "POST /wp-cron.php?doing_wp_cron=1771817092.2664740085601806640625 HTTP/1.1" 200 31 "-" "WordPress/6.9; https://mentoring-wp.dreamsmarketplace.com"
87.250.224.32 - - [23/Feb/2026:03:24:52 +0000] "GET /author/admin/ HTTP/1.1" 200 15368 "-" "Mozilla/5.0 (compatible; YandexBot/3.0; +http://yandex.com/bots)"
2a03:2880:f800:3f:: - - [23/Feb/2026:03:24:57 +0000] "GET /spil-kort-cosmic-fortune-slot-kasino-find-frem-bor-hvor-virk-hjulbor-musiker-henne-pa/ HTTP/1.1" 301 178 "-" "meta-externalagent/1.1 (+https://developers.facebook.com/docs/sharing/webmasters/crawler)"
2a03:2880:f800:2b:: - - [23/Feb/2026:03:24:59 +0000] "GET /10-freispiele-blos-mystic-secrets-1-einzahlung-2025-einzahlung-aktuelle-liste-2026/ HTTP/1.1" 301 178 "-" "meta-externalagent/1.1 (+https://developers.facebook.com/docs/sharing/webmasters/crawler)"
172.187.168.139 - - [23/Feb/2026:03:25:06 +0000] "POST /wp-cron.php?doing_wp_cron=1771817106.2178220748901367187500 HTTP/1.1" 200 31 "-" "WordPress/6.9; https://mentoring-wp.dreamsmarketplace.com"
95.108.213.243 - - [23/Feb/2026:03:25:06 +0000] "GET /category/html/ HTTP/1.1" 200 14991 "-" "Mozilla/5.0 (compatible; YandexBot/3.0; +http://yandex.com/bots)"
172.187.168.139 - - [23/Feb/2026:03:25:29 +0000] "POST /wp-cron.php?doing_wp_cron=1771817129.0862660408020019531250 HTTP/1.1" 200 31 "-" "WordPress/6.9; https://mentoring-wp.dreamsmarketplace.com"
87.250.224.230 - - [23/Feb/2026:03:25:29 +0000] "GET /category/wordpress/ HTTP/1.1" 200 14279 "-" "Mozilla/5.0 (compatible; YandexBot/3.0; +http://yandex.com/bots)"
2a03:2880:f800:12:: - - [23/Feb/2026:03:25:35 +0000] "GET /gratis-spilleban-idraet-black-horse-slot-rigtige-penge-pa-50-dragons-1-depositum-blaest-rigtige-gysser-nar-ikke-sandt-giroindbetalin-2025/ HTTP/1.1" 301 178 "-" "meta-externalagent/1.1 (+https://developers.facebook.com/docs/sharing/webmasters/crawler)"
172.187.168.139 - - [23/Feb/2026:03:25:59 +0000] "POST /wp-cron.php?doing_wp_cron=1771817159.8387579917907714843750 HTTP/1.1" 200 31 "-" "WordPress/6.9; https://mentoring-wp.dreamsmarketplace.com"
5.255.231.5 - - [23/Feb/2026:03:25:59 +0000] "GET /category/asp-net/ HTTP/1.1" 200 15249 "-" "Mozilla/5.0 (compatible; YandexBot/3.0; +http://yandex.com/bots)"
172.187.168.139 - - [23/Feb/2026:03:26:16 +0000] "POST /wp-cron.php?doing_wp_cron=1771817176.5286500453948974609375 HTTP/1.1" 200 31 "-" "WordPress/6.9; https://mentoring-wp.dreamsmarketplace.com"
213.180.203.121 - - [23/Feb/2026:03:26:16 +0000] "GET /at-vero-eos-et-accusamus-et-iusto-odio-dignissimos-2/ HTTP/1.1" 200 18223 "-" "Mozilla/5.0 (compatible; YandexBot/3.0; +http://yandex.com/bots)"
2a03:2880:f800:1e:: - - [23/Feb/2026:03:27:04 +0000] "GET /10-greatest-on-line-casino-programs-you-to-definitely-spend-real-cash-all-microgaming-slot-games-within-the-2025/ HTTP/1.1" 301 178 "-" "meta-externalagent/1.1 (+https://developers.facebook.com/docs/sharing/webmasters/crawler)"
172.187.168.139 - - [23/Feb/2026:03:27:11 +0000] "POST /wp-cron.php?doing_wp_cron=1771817231.1530420780181884765625 HTTP/1.1" 200 31 "-" "WordPress/6.9; https://mentoring-wp.dreamsmarketplace.com"
5.255.231.11 - - [23/Feb/2026:03:27:11 +0000] "GET /product-category/uncategorized/ HTTP/1.1" 200 12551 "-" "Mozilla/5.0 (compatible; YandexBot/3.0; +http://yandex.com/bots)"
172.187.168.139 - - [23/Feb/2026:03:29:56 +0000] "POST /wp-cron.php?doing_wp_cron=1771817395.9248309135437011718750 HTTP/1.1" 200 31 "-" "WordPress/6.9; https://mentoring-wp.dreamsmarketplace.com"
95.108.213.181 - - [23/Feb/2026:03:29:56 +0000] "GET /contact-us/ HTTP/1.1" 200 12403 "-" "Mozilla/5.0 (compatible; YandexBot/3.0; +http://yandex.com/bots)"
2a03:2880:f800:40:: - - [23/Feb/2026:03:30:32 +0000] "GET /wp-sitemap-taxonomies-category-1.xml HTTP/1.1" 301 178 "-" "meta-externalagent/1.1 (+https://developers.facebook.com/docs/sharing/webmasters/crawler)"
2a03:2880:f800:2f:: - - [23/Feb/2026:03:30:55 +0000] "GET /casino-guru-bonus-ohne-einzahlung-01-2026-echtes-geld-wege-konditionen-and-tipps/ HTTP/1.1" 301 178 "-" "meta-externalagent/1.1 (+https://developers.facebook.com/docs/sharing/webmasters/crawler)"
2a03:2880:f800:: - - [23/Feb/2026:03:31:42 +0000] "GET /wp-sitemap-posts-testimonials-1.xml HTTP/1.1" 301 178 "-" "meta-externalagent/1.1 (+https://developers.facebook.com/docs/sharing/webmasters/crawler)"
172.187.168.139 - - [23/Feb/2026:03:32:14 +0000] "POST /wp-cron.php?doing_wp_cron=1771817534.6929841041564941406250 HTTP/1.1" 200 31 "-" "WordPress/6.9; https://mentoring-wp.dreamsmarketplace.com"
213.180.203.109 - - [23/Feb/2026:03:32:14 +0000] "GET /tag/css/ HTTP/1.1" 200 15322 "-" "Mozilla/5.0 (compatible; YandexBot/3.0; +http://yandex.com/bots)"
128.1.218.152 - - [23/Feb/2026:03:32:49 +0000] "POST /xmlrpc.php HTTP/1.1" 301 178 "-" "Mozilla/5.0 (Windows NT 10.0; Win64; x64) AppleWebKit/537.36 (KHTML, like Gecko) Chrome/114.0.0.0 Safari/537.36"
172.187.168.139 - - [23/Feb/2026:03:32:52 +0000] "POST /wp-cron.php?doing_wp_cron=1771817572.4841470718383789062500 HTTP/1.1" 200 31 "-" "WordPress/6.9; https://mentoring-wp.dreamsmarketplace.com"
128.1.218.152 - - [23/Feb/2026:03:32:52 +0000] "GET /xmlrpc.php HTTP/1.1" 405 53 "-" "Mozilla/5.0 (Windows NT 10.0; Win64; x64) AppleWebKit/537.36 (KHTML, like Gecko) Chrome/114.0.0.0 Safari/537.36"
128.1.218.152 - - [23/Feb/2026:03:32:56 +0000] "POST /xmlrpc.php HTTP/1.1" 301 178 "-" "Mozilla/5.0 (Windows NT 10.0; Win64; x64) AppleWebKit/537.36 (KHTML, like Gecko) Chrome/114.0.0.0 Safari/537.36"
172.187.168.139 - - [23/Feb/2026:03:33:00 +0000] "POST /wp-cron.php?doing_wp_cron=1771817580.6136450767517089843750 HTTP/1.1" 200 31 "-" "WordPress/6.9; https://mentoring-wp.dreamsmarketplace.com"
128.1.218.152 - - [23/Feb/2026:03:33:00 +0000] "GET /xmlrpc.php HTTP/1.1" 405 53 "-" "Mozilla/5.0 (Windows NT 10.0; Win64; x64) AppleWebKit/537.36 (KHTML, like Gecko) Chrome/114.0.0.0 Safari/537.36"
104.166.164.5 - - [23/Feb/2026:03:35:12 +0000] "POST /xmlrpc.php HTTP/1.1" 301 178 "-" "Mozilla/5.0 (Windows NT 10.0; Win64; x64) AppleWebKit/537.36 (KHTML, like Gecko) Chrome/114.0.0.0 Safari/537.36"
172.187.168.139 - - [23/Feb/2026:03:35:18 +0000] "POST /wp-cron.php?doing_wp_cron=1771817717.9377648830413818359375 HTTP/1.1" 200 31 "-" "WordPress/6.9; https://mentoring-wp.dreamsmarketplace.com"
95.108.213.243 - - [23/Feb/2026:03:35:18 +0000] "GET /category/css/ HTTP/1.1" 200 14994 "-" "Mozilla/5.0 (compatible; YandexBot/3.0; +http://yandex.com/bots)"
172.187.168.139 - - [23/Feb/2026:03:35:18 +0000] "POST /wp-cron.php?doing_wp_cron=1771817718.4071691036224365234375 HTTP/1.1" 200 31 "-" "WordPress/6.9; https://mentoring-wp.dreamsmarketplace.com"
104.166.164.5 - - [23/Feb/2026:03:35:18 +0000] "GET /xmlrpc.php HTTP/1.1" 405 53 "-" "Mozilla/5.0 (Windows NT 10.0; Win64; x64) AppleWebKit/537.36 (KHTML, like Gecko) Chrome/114.0.0.0 Safari/537.36"
104.166.164.5 - - [23/Feb/2026:03:35:20 +0000] "POST /xmlrpc.php HTTP/1.1" 301 178 "-" "Mozilla/5.0 (Windows NT 10.0; Win64; x64) AppleWebKit/537.36 (KHTML, like Gecko) Chrome/114.0.0.0 Safari/537.36"
172.187.168.139 - - [23/Feb/2026:03:35:22 +0000] "POST /wp-cron.php?doing_wp_cron=1771817722.1161539554595947265625 HTTP/1.1" 200 31 "-" "WordPress/6.9; https://mentoring-wp.dreamsmarketplace.com"
104.166.164.5 - - [23/Feb/2026:03:35:22 +0000] "GET /xmlrpc.php HTTP/1.1" 405 53 "-" "Mozilla/5.0 (Windows NT 10.0; Win64; x64) AppleWebKit/537.36 (KHTML, like Gecko) Chrome/114.0.0.0 Safari/537.36"
165.73.240.119 - - [23/Feb/2026:03:35:41 +0000] "POST /xmlrpc.php HTTP/1.1" 301 178 "-" "Mozilla/5.0 (Windows NT 10.0; Win64; x64) AppleWebKit/537.36 (KHTML, like Gecko) Chrome/114.0.0.0 Safari/537.36"
172.187.168.139 - - [23/Feb/2026:03:35:43 +0000] "POST /wp-cron.php?doing_wp_cron=1771817743.8413600921630859375000 HTTP/1.1" 200 31 "-" "WordPress/6.9; https://mentoring-wp.dreamsmarketplace.com"
165.73.240.119 - - [23/Feb/2026:03:35:43 +0000] "GET /xmlrpc.php HTTP/1.1" 405 53 "-" "Mozilla/5.0 (Windows NT 10.0; Win64; x64) AppleWebKit/537.36 (KHTML, like Gecko) Chrome/114.0.0.0 Safari/537.36"
165.73.240.119 - - [23/Feb/2026:03:35:45 +0000] "POST /xmlrpc.php HTTP/1.1" 301 178 "-" "Mozilla/5.0 (Windows NT 10.0; Win64; x64) AppleWebKit/537.36 (KHTML, like Gecko) Chrome/114.0.0.0 Safari/537.36"
172.187.168.139 - - [23/Feb/2026:03:35:48 +0000] "POST /wp-cron.php?doing_wp_cron=1771817748.1345219612121582031250 HTTP/1.1" 200 31 "-" "WordPress/6.9; https://mentoring-wp.dreamsmarketplace.com"
165.73.240.119 - - [23/Feb/2026:03:35:48 +0000] "GET /xmlrpc.php HTTP/1.1" 405 53 "-" "Mozilla/5.0 (Windows NT 10.0; Win64; x64) AppleWebKit/537.36 (KHTML, like Gecko) Chrome/114.0.0.0 Safari/537.36"
2a03:2880:f800:3c:: - - [23/Feb/2026:03:36:13 +0000] "GET /kasino-maklercourtage-abzuglich-einzahlung-within-osterreich-spielautomaten-attila-2026/ HTTP/1.1" 301 178 "-" "meta-externalagent/1.1 (+https://developers.facebook.com/docs/sharing/webmasters/crawler)"
2a03:2880:f800:12:: - - [23/Feb/2026:03:36:42 +0000] "GET /body-weight-santa-video-game-review-2025-rtp-incentives-football-super-spins-slot-online-casino-trial/ HTTP/1.1" 301 178 "-" "meta-externalagent/1.1 (+https://developers.facebook.com/docs/sharing/webmasters/crawler)"
2a03:2880:f800:40:: - - [23/Feb/2026:03:41:20 +0000] "GET /luck-time-clock-local-casino-50-100-percent-free-revolves-no-deposit-steam-tower-pokie-game-to-your-starburst/ HTTP/1.1" 301 178 "-" "meta-externalagent/1.1 (+https://developers.facebook.com/docs/sharing/webmasters/crawler)"
2a03:2880:f800:24:: - - [23/Feb/2026:03:45:13 +0000] "GET /traktandum-kasino-provision-blos-einzahlung-aktuelle-angebote/ HTTP/1.1" 301 178 "-" "meta-externalagent/1.1 (+https://developers.facebook.com/docs/sharing/webmasters/crawler)"
2a03:2880:f800:18:: - - [23/Feb/2026:03:48:01 +0000] "GET /internet-casino-greeting-bonus-best-slot-50-lions-signal-up-offers-2025/ HTTP/1.1" 301 178 "-" "meta-externalagent/1.1 (+https://developers.facebook.com/docs/sharing/webmasters/crawler)"
40.77.167.27 - - [23/Feb/2026:03:49:01 +0000] "GET /faq-sui-casa-da-gioco-non-aams-in-premio-senza-contare-tenuta/ HTTP/1.1" 301 178 "-" "Mozilla/5.0 AppleWebKit/537.36 (KHTML, like Gecko; compatible; bingbot/2.0; +http://www.bing.com/bingbot.htm) Chrome/116.0.1938.76 Safari/537.36"
165.73.240.119 - - [23/Feb/2026:03:51:25 +0000] "POST /xmlrpc.php HTTP/1.1" 301 178 "-" "Mozilla/5.0 (Windows NT 10.0; Win64; x64) AppleWebKit/537.36 (KHTML, like Gecko) Chrome/114.0.0.0 Safari/537.36"
172.187.168.139 - - [23/Feb/2026:03:51:28 +0000] "POST /wp-cron.php?doing_wp_cron=1771818688.6823170185089111328125 HTTP/1.1" 200 31 "-" "WordPress/6.9; https://mentoring-wp.dreamsmarketplace.com"
165.73.240.119 - - [23/Feb/2026:03:51:28 +0000] "GET /xmlrpc.php HTTP/1.1" 405 53 "-" "Mozilla/5.0 (Windows NT 10.0; Win64; x64) AppleWebKit/537.36 (KHTML, like Gecko) Chrome/114.0.0.0 Safari/537.36"
165.73.240.119 - - [23/Feb/2026:03:51:29 +0000] "POST /xmlrpc.php HTTP/1.1" 301 178 "-" "Mozilla/5.0 (Windows NT 10.0; Win64; x64) AppleWebKit/537.36 (KHTML, like Gecko) Chrome/114.0.0.0 Safari/537.36"
172.187.168.139 - - [23/Feb/2026:03:51:32 +0000] "POST /wp-cron.php?doing_wp_cron=1771818692.2465009689331054687500 HTTP/1.1" 200 31 "-" "WordPress/6.9; https://mentoring-wp.dreamsmarketplace.com"
165.73.240.119 - - [23/Feb/2026:03:51:32 +0000] "GET /xmlrpc.php HTTP/1.1" 405 53 "-" "Mozilla/5.0 (Windows NT 10.0; Win64; x64) AppleWebKit/537.36 (KHTML, like Gecko) Chrome/114.0.0.0 Safari/537.36"
14.179.65.117 - - [23/Feb/2026:03:51:44 +0000] "GET /kasino-bonus-exklusive-einzahlung-alle-freie-spins-auf-survivor-no-abschlagzahlung-boni-2025/ HTTP/1.1" 301 178 "-" "Mozilla/5.0 (Macintosh; Intel Mac OS X 10_14_4) AppleWebKit/537.36 (KHTML, like Gecko) Chrome/88.0.4324.192 Safari/537.36"
172.187.168.139 - - [23/Feb/2026:03:51:47 +0000] "POST /wp-cron.php?doing_wp_cron=1771818707.1216619014739990234375 HTTP/1.1" 200 31 "-" "WordPress/6.9; https://mentoring-wp.dreamsmarketplace.com"
14.177.191.180 - - [23/Feb/2026:03:51:47 +0000] "GET /kasino-bonus-exklusive-einzahlung-alle-freie-spins-auf-survivor-no-abschlagzahlung-boni-2025/ HTTP/1.1" 404 10975 "-" "Mozilla/5.0 (Macintosh; Intel Mac OS X 10_14_4) AppleWebKit/537.36 (KHTML, like Gecko) Chrome/88.0.4324.192 Safari/537.36"
45.3.34.130 - - [23/Feb/2026:03:53:06 +0000] "GET /wp-login.php HTTP/1.1" 301 178 "-" "Mozilla/5.0 (Windows NT 10.0; Win64; x64; rv:127.0) Gecko/20100101 Firefox/127.0"
172.187.168.139 - - [23/Feb/2026:03:53:10 +0000] "POST /wp-cron.php?doing_wp_cron=1771818789.9691190719604492187500 HTTP/1.1" 200 31 "-" "WordPress/6.9; https://mentoring-wp.dreamsmarketplace.com"
45.3.34.130 - - [23/Feb/2026:03:53:10 +0000] "GET /wp-login.php HTTP/1.1" 200 2470 "-" "Mozilla/5.0 (Windows NT 10.0; Win64; x64; rv:127.0) Gecko/20100101 Firefox/127.0"
45.3.34.130 - - [23/Feb/2026:03:53:11 +0000] "GET /wp-login.php?wp_lang=en_US HTTP/1.1" 301 178 "-" "Mozilla/5.0 (Windows NT 10.0; Win64; x64) AppleWebKit/537.36 (KHTML, like Gecko) Chrome/124.0.6367.207 Safari/537.36"
172.187.168.139 - - [23/Feb/2026:03:53:13 +0000] "POST /wp-cron.php?doing_wp_cron=1771818793.8667600154876708984375 HTTP/1.1" 200 31 "-" "WordPress/6.9; https://mentoring-wp.dreamsmarketplace.com"
45.3.34.130 - - [23/Feb/2026:03:53:13 +0000] "GET /wp-login.php?wp_lang=en_US HTTP/1.1" 200 2470 "-" "Mozilla/5.0 (Windows NT 10.0; Win64; x64) AppleWebKit/537.36 (KHTML, like Gecko) Chrome/124.0.6367.207 Safari/537.36"
172.187.168.139 - - [23/Feb/2026:03:53:15 +0000] "POST /wp-cron.php?doing_wp_cron=1771818795.6910529136657714843750 HTTP/1.1" 200 31 "-" "WordPress/6.9; https://mentoring-wp.dreamsmarketplace.com"
45.3.34.130 - - [23/Feb/2026:03:53:15 +0000] "POST /wp-login.php?wp_lang=en_US HTTP/1.1" 302 5 "https://mentoring-wp.dreamsmarketplace.com/wp-login.php?wp_lang=en_US" "Mozilla/5.0 (Windows NT 10.0; Win64; x64) AppleWebKit/537.36 (KHTML, like Gecko) Chrome/124.0.6367.207 Safari/537.36"
172.187.168.139 - - [23/Feb/2026:03:53:18 +0000] "POST /wp-cron.php?doing_wp_cron=1771818798.9066359996795654296875 HTTP/1.1" 200 31 "-" "WordPress/6.9; https://mentoring-wp.dreamsmarketplace.com"
45.3.34.130 - - [23/Feb/2026:03:53:18 +0000] "GET /wp-admin/ HTTP/1.1" 200 18256 "https://mentoring-wp.dreamsmarketplace.com/wp-login.php?wp_lang=en_US" "Mozilla/5.0 (Windows NT 10.0; Win64; x64) AppleWebKit/537.36 (KHTML, like Gecko) Chrome/124.0.6367.207 Safari/537.36"
45.3.34.130 - - [23/Feb/2026:03:53:20 +0000] "GET /wp-admin/plugin-install.php HTTP/1.1" 301 178 "-" "Mozilla/5.0 (Windows NT 10.0; Win64; x64) AppleWebKit/537.36 (KHTML, like Gecko) Chrome/124.0.6367.207 Safari/537.36"
172.187.168.139 - - [23/Feb/2026:03:53:23 +0000] "POST /wp-cron.php?doing_wp_cron=1771818803.4914829730987548828125 HTTP/1.1" 200 31 "-" "WordPress/6.9; https://mentoring-wp.dreamsmarketplace.com"
45.3.34.130 - - [23/Feb/2026:03:53:23 +0000] "GET /wp-admin/plugin-install.php HTTP/1.1" 200 73996 "-" "Mozilla/5.0 (Windows NT 10.0; Win64; x64) AppleWebKit/537.36 (KHTML, like Gecko) Chrome/124.0.6367.207 Safari/537.36"
45.3.34.130 - - [23/Feb/2026:03:53:23 +0000] "POST /wp-admin/update.php?action=upload-plugin HTTP/1.1" 301 178 "https://mentoring-wp.dreamstechnologies.com/wp-admin/update.php?action=upload-plugin" "Mozilla/5.0 (Windows NT 10.0; Win64; x64) AppleWebKit/537.36 (KHTML, like Gecko) Chrome/124.0.6367.207 Safari/537.36"
172.187.168.139 - - [23/Feb/2026:03:53:26 +0000] "POST /wp-cron.php?doing_wp_cron=1771818806.5283539295196533203125 HTTP/1.1" 200 31 "-" "WordPress/6.9; https://mentoring-wp.dreamsmarketplace.com"
45.3.34.130 - - [23/Feb/2026:03:53:26 +0000] "GET /wp-admin/update.php?action=upload-plugin HTTP/1.1" 403 1132 "https://mentoring-wp.dreamstechnologies.com/wp-admin/update.php?action=upload-plugin" "Mozilla/5.0 (Windows NT 10.0; Win64; x64) AppleWebKit/537.36 (KHTML, like Gecko) Chrome/124.0.6367.207 Safari/537.36"
65.111.5.131 - - [23/Feb/2026:03:53:27 +0000] "GET /wp-login.php HTTP/1.1" 301 178 "-" "Mozilla/5.0 (Windows NT 10.0; Win64; x64; rv:127.0) Gecko/20100101 Firefox/127.0"
172.187.168.139 - - [23/Feb/2026:03:53:30 +0000] "POST /wp-cron.php?doing_wp_cron=1771818810.4045240879058837890625 HTTP/1.1" 200 31 "-" "WordPress/6.9; https://mentoring-wp.dreamsmarketplace.com"
65.111.5.131 - - [23/Feb/2026:03:53:30 +0000] "GET /wp-login.php HTTP/1.1" 200 2470 "-" "Mozilla/5.0 (Windows NT 10.0; Win64; x64; rv:127.0) Gecko/20100101 Firefox/127.0"
65.111.5.131 - - [23/Feb/2026:03:53:32 +0000] "GET /wp-login.php?wp_lang=en_US HTTP/1.1" 301 178 "-" "Mozilla/5.0 (Windows NT 10.0; Win64; x64) AppleWebKit/537.36 (KHTML, like Gecko) Chrome/124.0.6367.207 Safari/537.36"
172.187.168.139 - - [23/Feb/2026:03:53:34 +0000] "POST /wp-cron.php?doing_wp_cron=1771818814.2909851074218750000000 HTTP/1.1" 200 31 "-" "WordPress/6.9; https://mentoring-wp.dreamsmarketplace.com"
65.111.5.131 - - [23/Feb/2026:03:53:34 +0000] "GET /wp-login.php?wp_lang=en_US HTTP/1.1" 200 2470 "-" "Mozilla/5.0 (Windows NT 10.0; Win64; x64) AppleWebKit/537.36 (KHTML, like Gecko) Chrome/124.0.6367.207 Safari/537.36"
172.187.168.139 - - [23/Feb/2026:03:53:37 +0000] "POST /wp-cron.php?doing_wp_cron=1771818816.9957098960876464843750 HTTP/1.1" 200 31 "-" "WordPress/6.9; https://mentoring-wp.dreamsmarketplace.com"
65.111.5.131 - - [23/Feb/2026:03:53:37 +0000] "POST /wp-login.php?wp_lang=en_US HTTP/1.1" 302 5 "https://mentoring-wp.dreamsmarketplace.com/wp-login.php?wp_lang=en_US" "Mozilla/5.0 (Windows NT 10.0; Win64; x64) AppleWebKit/537.36 (KHTML, like Gecko) Chrome/124.0.6367.207 Safari/537.36"
172.187.168.139 - - [23/Feb/2026:03:53:40 +0000] "POST /wp-cron.php?doing_wp_cron=1771818820.0555360317230224609375 HTTP/1.1" 200 31 "-" "WordPress/6.9; https://mentoring-wp.dreamsmarketplace.com"
65.111.5.131 - - [23/Feb/2026:03:53:40 +0000] "GET /wp-admin/ HTTP/1.1" 200 18234 "https://mentoring-wp.dreamsmarketplace.com/wp-login.php?wp_lang=en_US" "Mozilla/5.0 (Windows NT 10.0; Win64; x64) AppleWebKit/537.36 (KHTML, like Gecko) Chrome/124.0.6367.207 Safari/537.36"
65.111.5.131 - - [23/Feb/2026:03:53:40 +0000] "GET /wp-admin/plugin-install.php HTTP/1.1" 301 178 "-" "Mozilla/5.0 (Windows NT 10.0; Win64; x64) AppleWebKit/537.36 (KHTML, like Gecko) Chrome/124.0.6367.207 Safari/537.36"
172.187.168.139 - - [23/Feb/2026:03:53:43 +0000] "POST /wp-cron.php?doing_wp_cron=1771818823.7591199874877929687500 HTTP/1.1" 200 31 "-" "WordPress/6.9; https://mentoring-wp.dreamsmarketplace.com"
65.111.5.131 - - [23/Feb/2026:03:53:43 +0000] "GET /wp-admin/plugin-install.php HTTP/1.1" 200 73993 "-" "Mozilla/5.0 (Windows NT 10.0; Win64; x64) AppleWebKit/537.36 (KHTML, like Gecko) Chrome/124.0.6367.207 Safari/537.36"
65.111.5.131 - - [23/Feb/2026:03:53:44 +0000] "POST /wp-admin/update.php?action=upload-plugin HTTP/1.1" 301 178 "https://mentoring-wp.dreamstechnologies.com/wp-admin/update.php?action=upload-plugin" "Mozilla/5.0 (Windows NT 10.0; Win64; x64) AppleWebKit/537.36 (KHTML, like Gecko) Chrome/124.0.6367.207 Safari/537.36"
172.187.168.139 - - [23/Feb/2026:03:53:46 +0000] "POST /wp-cron.php?doing_wp_cron=1771818826.3272430896759033203125 HTTP/1.1" 200 31 "-" "WordPress/6.9; https://mentoring-wp.dreamsmarketplace.com"
65.111.5.131 - - [23/Feb/2026:03:53:46 +0000] "GET /wp-admin/update.php?action=upload-plugin HTTP/1.1" 403 1132 "https://mentoring-wp.dreamstechnologies.com/wp-admin/update.php?action=upload-plugin" "Mozilla/5.0 (Windows NT 10.0; Win64; x64) AppleWebKit/537.36 (KHTML, like Gecko) Chrome/124.0.6367.207 Safari/537.36"
104.207.36.77 - - [23/Feb/2026:03:53:47 +0000] "GET /wp-login.php HTTP/1.1" 301 178 "-" "Mozilla/5.0 (Macintosh; Intel Mac OS X 13_5) AppleWebKit/605.1.15 (KHTML, like Gecko) Version/17.5 Safari/605.1.15"
104.166.164.5 - - [23/Feb/2026:03:53:47 +0000] "POST /xmlrpc.php HTTP/1.1" 301 178 "-" "Mozilla/5.0 (Windows NT 10.0; Win64; x64) AppleWebKit/537.36 (KHTML, like Gecko) Chrome/114.0.0.0 Safari/537.36"
172.187.168.139 - - [23/Feb/2026:03:53:50 +0000] "POST /wp-cron.php?doing_wp_cron=1771818829.9708809852600097656250 HTTP/1.1" 200 31 "-" "WordPress/6.9; https://mentoring-wp.dreamsmarketplace.com"
104.207.36.77 - - [23/Feb/2026:03:53:50 +0000] "GET /wp-login.php HTTP/1.1" 200 2470 "-" "Mozilla/5.0 (Macintosh; Intel Mac OS X 13_5) AppleWebKit/605.1.15 (KHTML, like Gecko) Version/17.5 Safari/605.1.15"
172.187.168.139 - - [23/Feb/2026:03:53:50 +0000] "POST /wp-cron.php?doing_wp_cron=1771818830.6494109630584716796875 HTTP/1.1" 200 31 "-" "WordPress/6.9; https://mentoring-wp.dreamsmarketplace.com"
104.166.164.5 - - [23/Feb/2026:03:53:50 +0000] "GET /xmlrpc.php HTTP/1.1" 405 53 "-" "Mozilla/5.0 (Windows NT 10.0; Win64; x64) AppleWebKit/537.36 (KHTML, like Gecko) Chrome/114.0.0.0 Safari/537.36"
135.181.180.59 - - [23/Feb/2026:03:53:50 +0000] "GET /robots.txt HTTP/1.1" 301 178 "-" "Mozilla/5.0 (compatible; MJ12bot/v1.4.8; http://mj12bot.com/)"
104.207.36.77 - - [23/Feb/2026:03:53:51 +0000] "GET /wp-login.php?wp_lang=en_US HTTP/1.1" 301 178 "-" "Mozilla/5.0 (Windows NT 10.0; Win64; x64) AppleWebKit/537.36 (KHTML, like Gecko) Chrome/124.0.6367.207 Safari/537.36"
104.166.164.5 - - [23/Feb/2026:03:53:51 +0000] "POST /xmlrpc.php HTTP/1.1" 301 178 "-" "Mozilla/5.0 (Windows NT 10.0; Win64; x64) AppleWebKit/537.36 (KHTML, like Gecko) Chrome/114.0.0.0 Safari/537.36"
172.187.168.139 - - [23/Feb/2026:03:53:52 +0000] "POST /wp-cron.php?doing_wp_cron=1771818832.2600319385528564453125 HTTP/1.1" 200 31 "-" "WordPress/6.9; https://mentoring-wp.dreamsmarketplace.com"
135.181.180.59 - - [23/Feb/2026:03:53:52 +0000] "GET /robots.txt HTTP/1.1" 200 349 "-" "Mozilla/5.0 (compatible; MJ12bot/v1.4.8; http://mj12bot.com/)"
135.181.180.59 - - [23/Feb/2026:03:53:53 +0000] "GET /%CF%80%CE%B1%CE%B9%CF%87%CE%BD%CE%AF%CE%B4%CE%B9-%CE%BA%CE%BF%CF%85%CE%BB%CE%BF%CF%87%CE%AD%CF%81%CE%B7-fishing-madness-%CF%80%CE%B1%CE%AF%CE%BE%CF%84%CE%B5-%CE%B4%CF%89%CF%81%CE%B5%CE%AC%CE%BD-mercur/ HTTP/1.1" 301 178 "-" "Mozilla/5.0 (compatible; MJ12bot/v1.4.8; http://mj12bot.com/)"
172.187.168.139 - - [23/Feb/2026:03:53:55 +0000] "POST /wp-cron.php?doing_wp_cron=1771818835.2272920608520507812500 HTTP/1.1" 200 31 "-" "WordPress/6.9; https://mentoring-wp.dreamsmarketplace.com"
104.166.164.5 - - [23/Feb/2026:03:53:55 +0000] "GET /xmlrpc.php HTTP/1.1" 405 53 "-" "Mozilla/5.0 (Windows NT 10.0; Win64; x64) AppleWebKit/537.36 (KHTML, like Gecko) Chrome/114.0.0.0 Safari/537.36"
172.187.168.139 - - [23/Feb/2026:03:53:55 +0000] "POST /wp-cron.php?doing_wp_cron=1771818835.7967410087585449218750 HTTP/1.1" 200 31 "-" "WordPress/6.9; https://mentoring-wp.dreamsmarketplace.com"
104.207.36.77 - - [23/Feb/2026:03:53:55 +0000] "GET /wp-login.php?wp_lang=en_US HTTP/1.1" 200 2470 "-" "Mozilla/5.0 (Windows NT 10.0; Win64; x64) AppleWebKit/537.36 (KHTML, like Gecko) Chrome/124.0.6367.207 Safari/537.36"
172.187.168.139 - - [23/Feb/2026:03:53:56 +0000] "POST /wp-cron.php?doing_wp_cron=1771818836.7570519447326660156250 HTTP/1.1" 200 31 "-" "WordPress/6.9; https://mentoring-wp.dreamsmarketplace.com"
135.181.180.59 - - [23/Feb/2026:03:53:56 +0000] "GET /%CF%80%CE%B1%CE%B9%CF%87%CE%BD%CE%AF%CE%B4%CE%B9-%CE%BA%CE%BF%CF%85%CE%BB%CE%BF%CF%87%CE%AD%CF%81%CE%B7-fishing-madness-%CF%80%CE%B1%CE%AF%CE%BE%CF%84%CE%B5-%CE%B4%CF%89%CF%81%CE%B5%CE%AC%CE%BD-mercur/ HTTP/1.1" 404 11002 "-" "Mozilla/5.0 (compatible; MJ12bot/v1.4.8; http://mj12bot.com/)"
135.181.180.59 - - [23/Feb/2026:03:53:58 +0000] "GET /%D8%AC%D9%87%D9%86%D9%85-%D9%85%D8%B9%D9%84%D9%82%D8%8C-%DA%A9%D9%86%D8%A7%D8%B1-%DA%AF%D8%B0%D8%A7%D8%B4%D8%AA%D9%87-%D8%B4%D8%AF%D9%87-%D8%A8%D8%B1%D8%A7%DB%8C-%D8%AF%D8%B3%DA%A9%D8%AA%D8%A7%D9%BE/ HTTP/1.1" 301 178 "-" "Mozilla/5.0 (compatible; MJ12bot/v1.4.8; http://mj12bot.com/)"
172.187.168.139 - - [23/Feb/2026:03:54:00 +0000] "POST /wp-cron.php?doing_wp_cron=1771818839.9673619270324707031250 HTTP/1.1" 200 31 "-" "WordPress/6.9; https://mentoring-wp.dreamsmarketplace.com"
104.207.36.77 - - [23/Feb/2026:03:54:00 +0000] "POST /wp-login.php?wp_lang=en_US HTTP/1.1" 302 5 "https://mentoring-wp.dreamsmarketplace.com/wp-login.php?wp_lang=en_US" "Mozilla/5.0 (Windows NT 10.0; Win64; x64) AppleWebKit/537.36 (KHTML, like Gecko) Chrome/124.0.6367.207 Safari/537.36"
172.187.168.139 - - [23/Feb/2026:03:54:01 +0000] "POST /wp-cron.php?doing_wp_cron=1771818841.5593380928039550781250 HTTP/1.1" 200 31 "-" "WordPress/6.9; https://mentoring-wp.dreamsmarketplace.com"
135.181.180.59 - - [23/Feb/2026:03:54:01 +0000] "GET /%D8%AC%D9%87%D9%86%D9%85-%D9%85%D8%B9%D9%84%D9%82%D8%8C-%DA%A9%D9%86%D8%A7%D8%B1-%DA%AF%D8%B0%D8%A7%D8%B4%D8%AA%D9%87-%D8%B4%D8%AF%D9%87-%D8%A8%D8%B1%D8%A7%DB%8C-%D8%AF%D8%B3%DA%A9%D8%AA%D8%A7%D9%BE/ HTTP/1.1" 404 11001 "-" "Mozilla/5.0 (compatible; MJ12bot/v1.4.8; http://mj12bot.com/)"
172.187.168.139 - - [23/Feb/2026:03:54:03 +0000] "POST /wp-cron.php?doing_wp_cron=1771818843.2121291160583496093750 HTTP/1.1" 200 31 "-" "WordPress/6.9; https://mentoring-wp.dreamsmarketplace.com"
104.207.36.77 - - [23/Feb/2026:03:54:03 +0000] "GET /wp-admin/ HTTP/1.1" 200 18133 "https://mentoring-wp.dreamsmarketplace.com/wp-login.php?wp_lang=en_US" "Mozilla/5.0 (Windows NT 10.0; Win64; x64) AppleWebKit/537.36 (KHTML, like Gecko) Chrome/124.0.6367.207 Safari/537.36"
135.181.180.59 - - [23/Feb/2026:03:54:03 +0000] "GET /%D9%88%D8%A7%D9%82%D8%B9%D9%8A-%D8%B1%D9%88%D9%84%D9%8A%D8%AA-%D9%85%D8%A8%D8%A7%D8%B4%D8%B1-%D9%85%D8%B9-%D8%AF%D9%8A%D9%84%D8%B1-%D8%AD%D9%82%D9%8A%D9%82%D9%8A-%D8%B9%D9%84%D9%89-%D8%A7%D9%84%D8%AC/ HTTP/1.1" 301 178 "-" "Mozilla/5.0 (compatible; MJ12bot/v1.4.8; http://mj12bot.com/)"
104.207.36.77 - - [23/Feb/2026:03:54:03 +0000] "GET /wp-admin/plugin-install.php HTTP/1.1" 301 178 "-" "Mozilla/5.0 (Windows NT 10.0; Win64; x64) AppleWebKit/537.36 (KHTML, like Gecko) Chrome/124.0.6367.207 Safari/537.36"
172.187.168.139 - - [23/Feb/2026:03:54:06 +0000] "POST /wp-cron.php?doing_wp_cron=1771818846.0697739124298095703125 HTTP/1.1" 200 31 "-" "WordPress/6.9; https://mentoring-wp.dreamsmarketplace.com"
135.181.180.59 - - [23/Feb/2026:03:54:06 +0000] "GET /%D9%88%D8%A7%D9%82%D8%B9%D9%8A-%D8%B1%D9%88%D9%84%D9%8A%D8%AA-%D9%85%D8%A8%D8%A7%D8%B4%D8%B1-%D9%85%D8%B9-%D8%AF%D9%8A%D9%84%D8%B1-%D8%AD%D9%82%D9%8A%D9%82%D9%8A-%D8%B9%D9%84%D9%89-%D8%A7%D9%84%D8%AC/ HTTP/1.1" 404 10993 "-" "Mozilla/5.0 (compatible; MJ12bot/v1.4.8; http://mj12bot.com/)"
172.187.168.139 - - [23/Feb/2026:03:54:06 +0000] "POST /wp-cron.php?doing_wp_cron=1771818846.8670389652252197265625 HTTP/1.1" 200 31 "-" "WordPress/6.9; https://mentoring-wp.dreamsmarketplace.com"
104.207.36.77 - - [23/Feb/2026:03:54:06 +0000] "GET /wp-admin/plugin-install.php HTTP/1.1" 200 73649 "-" "Mozilla/5.0 (Windows NT 10.0; Win64; x64) AppleWebKit/537.36 (KHTML, like Gecko) Chrome/124.0.6367.207 Safari/537.36"
104.207.36.77 - - [23/Feb/2026:03:54:07 +0000] "POST /wp-admin/update.php?action=upload-plugin HTTP/1.1" 301 178 "https://mentoring-wp.dreamstechnologies.com/wp-admin/update.php?action=upload-plugin" "Mozilla/5.0 (Windows NT 10.0; Win64; x64) AppleWebKit/537.36 (KHTML, like Gecko) Chrome/124.0.6367.207 Safari/537.36"
135.181.180.59 - - [23/Feb/2026:03:54:07 +0000] "GET /angeschlossen-casino-paypal-%E1%90%85-top-paypal-casinos-in-spielen-sie-aztec-spell-10-lines-online-teutonia-2025/ HTTP/1.1" 301 178 "-" "Mozilla/5.0 (compatible; MJ12bot/v1.4.8; http://mj12bot.com/)"
172.187.168.139 - - [23/Feb/2026:03:54:09 +0000] "POST /wp-cron.php?doing_wp_cron=1771818849.5828249454498291015625 HTTP/1.1" 200 31 "-" "WordPress/6.9; https://mentoring-wp.dreamsmarketplace.com"
104.207.36.77 - - [23/Feb/2026:03:54:09 +0000] "GET /wp-admin/update.php?action=upload-plugin HTTP/1.1" 403 1132 "https://mentoring-wp.dreamstechnologies.com/wp-admin/update.php?action=upload-plugin" "Mozilla/5.0 (Windows NT 10.0; Win64; x64) AppleWebKit/537.36 (KHTML, like Gecko) Chrome/124.0.6367.207 Safari/537.36"
65.111.27.40 - - [23/Feb/2026:03:54:09 +0000] "GET /wp-login.php HTTP/1.1" 301 178 "-" "Mozilla/5.0 (Windows NT 10.0; Win64; x64) AppleWebKit/537.36 (KHTML, like Gecko) Chrome/124.0.6367.207 Safari/537.36"
172.187.168.139 - - [23/Feb/2026:03:54:10 +0000] "POST /wp-cron.php?doing_wp_cron=1771818850.3522489070892333984375 HTTP/1.1" 200 31 "-" "WordPress/6.9; https://mentoring-wp.dreamsmarketplace.com"
135.181.180.59 - - [23/Feb/2026:03:54:10 +0000] "GET /angeschlossen-casino-paypal-%E1%90%85-top-paypal-casinos-in-spielen-sie-aztec-spell-10-lines-online-teutonia-2025/ HTTP/1.1" 404 10987 "-" "Mozilla/5.0 (compatible; MJ12bot/v1.4.8; http://mj12bot.com/)"
172.187.168.139 - - [23/Feb/2026:03:54:11 +0000] "POST /wp-cron.php?doing_wp_cron=1771818851.3303670883178710937500 HTTP/1.1" 200 31 "-" "WordPress/6.9; https://mentoring-wp.dreamsmarketplace.com"
65.111.27.40 - - [23/Feb/2026:03:54:11 +0000] "GET /wp-login.php HTTP/1.1" 200 2470 "-" "Mozilla/5.0 (Windows NT 10.0; Win64; x64) AppleWebKit/537.36 (KHTML, like Gecko) Chrome/124.0.6367.207 Safari/537.36"
135.181.180.59 - - [23/Feb/2026:03:54:12 +0000] "GET /beste-echtgeld-online-casinos-ganz-inside-einzahlung-5-holen-sie-sich-100-kostenlose-spins-einer-spielbank-verzeichnis%E3%80%902025%E3%80%91/ HTTP/1.1" 301 178 "-" "Mozilla/5.0 (compatible; MJ12bot/v1.4.8; http://mj12bot.com/)"
65.111.27.40 - - [23/Feb/2026:03:54:12 +0000] "GET /wp-login.php?wp_lang=en_US HTTP/1.1" 301 178 "-" "Mozilla/5.0 (Windows NT 10.0; Win64; x64) AppleWebKit/537.36 (KHTML, like Gecko) Chrome/124.0.6367.207 Safari/537.36"
172.187.168.139 - - [23/Feb/2026:03:54:14 +0000] "POST /wp-cron.php?doing_wp_cron=1771818854.0074539184570312500000 HTTP/1.1" 200 31 "-" "WordPress/6.9; https://mentoring-wp.dreamsmarketplace.com"
65.111.27.40 - - [23/Feb/2026:03:54:14 +0000] "GET /wp-login.php?wp_lang=en_US HTTP/1.1" 200 2470 "-" "Mozilla/5.0 (Windows NT 10.0; Win64; x64) AppleWebKit/537.36 (KHTML, like Gecko) Chrome/124.0.6367.207 Safari/537.36"
172.187.168.139 - - [23/Feb/2026:03:54:14 +0000] "POST /wp-cron.php?doing_wp_cron=1771818854.6786670684814453125000 HTTP/1.1" 200 31 "-" "WordPress/6.9; https://mentoring-wp.dreamsmarketplace.com"
135.181.180.59 - - [23/Feb/2026:03:54:14 +0000] "GET /beste-echtgeld-online-casinos-ganz-inside-einzahlung-5-holen-sie-sich-100-kostenlose-spins-einer-spielbank-verzeichnis%E3%80%902025%E3%80%91/ HTTP/1.1" 404 11008 "-" "Mozilla/5.0 (compatible; MJ12bot/v1.4.8; http://mj12bot.com/)"
172.187.168.139 - - [23/Feb/2026:03:54:16 +0000] "POST /wp-cron.php?doing_wp_cron=1771818856.1473050117492675781250 HTTP/1.1" 200 31 "-" "WordPress/6.9; https://mentoring-wp.dreamsmarketplace.com"
65.111.27.40 - - [23/Feb/2026:03:54:16 +0000] "POST /wp-login.php?wp_lang=en_US HTTP/1.1" 302 5 "https://mentoring-wp.dreamsmarketplace.com/wp-login.php?wp_lang=en_US" "Mozilla/5.0 (Windows NT 10.0; Win64; x64) AppleWebKit/537.36 (KHTML, like Gecko) Chrome/124.0.6367.207 Safari/537.36"
135.181.180.59 - - [23/Feb/2026:03:54:16 +0000] "GET /beste-mobile-casinos-entscheidender-link-within-brd-%E1%97%8E-natel-casino-spiele-qua-echtgeld/ HTTP/1.1" 301 178 "-" "Mozilla/5.0 (compatible; MJ12bot/v1.4.8; http://mj12bot.com/)"
172.187.168.139 - - [23/Feb/2026:03:54:19 +0000] "POST /wp-cron.php?doing_wp_cron=1771818858.9991331100463867187500 HTTP/1.1" 200 31 "-" "WordPress/6.9; https://mentoring-wp.dreamsmarketplace.com"
135.181.180.59 - - [23/Feb/2026:03:54:19 +0000] "GET /beste-mobile-casinos-entscheidender-link-within-brd-%E1%97%8E-natel-casino-spiele-qua-echtgeld/ HTTP/1.1" 404 10981 "-" "Mozilla/5.0 (compatible; MJ12bot/v1.4.8; http://mj12bot.com/)"
172.187.168.139 - - [23/Feb/2026:03:54:19 +0000] "POST /wp-cron.php?doing_wp_cron=1771818859.1247711181640625000000 HTTP/1.1" 200 31 "-" "WordPress/6.9; https://mentoring-wp.dreamsmarketplace.com"
65.111.27.40 - - [23/Feb/2026:03:54:19 +0000] "GET /wp-admin/ HTTP/1.1" 200 18249 "https://mentoring-wp.dreamsmarketplace.com/wp-login.php?wp_lang=en_US" "Mozilla/5.0 (Windows NT 10.0; Win64; x64) AppleWebKit/537.36 (KHTML, like Gecko) Chrome/124.0.6367.207 Safari/537.36"
65.111.27.40 - - [23/Feb/2026:03:54:19 +0000] "GET /wp-admin/plugin-install.php HTTP/1.1" 301 178 "-" "Mozilla/5.0 (Windows NT 10.0; Win64; x64) AppleWebKit/537.36 (KHTML, like Gecko) Chrome/124.0.6367.207 Safari/537.36"
135.181.180.59 - - [23/Feb/2026:03:54:20 +0000] "GET /cleopatra-gambling-enterprise-added-bonus-%E1%90%85-acceptance-bundle-reload-also-offers/ HTTP/1.1" 301 178 "-" "Mozilla/5.0 (compatible; MJ12bot/v1.4.8; http://mj12bot.com/)"
172.187.168.139 - - [23/Feb/2026:03:54:22 +0000] "POST /wp-cron.php?doing_wp_cron=1771818862.3334660530090332031250 HTTP/1.1" 200 31 "-" "WordPress/6.9; https://mentoring-wp.dreamsmarketplace.com"
65.111.27.40 - - [23/Feb/2026:03:54:22 +0000] "GET /wp-admin/plugin-install.php HTTP/1.1" 200 74001 "-" "Mozilla/5.0 (Windows NT 10.0; Win64; x64) AppleWebKit/537.36 (KHTML, like Gecko) Chrome/124.0.6367.207 Safari/537.36"
65.111.27.40 - - [23/Feb/2026:03:54:22 +0000] "POST /wp-admin/update.php?action=upload-plugin HTTP/1.1" 301 178 "https://mentoring-wp.dreamstechnologies.com/wp-admin/update.php?action=upload-plugin" "Mozilla/5.0 (Windows NT 10.0; Win64; x64) AppleWebKit/537.36 (KHTML, like Gecko) Chrome/124.0.6367.207 Safari/537.36"
172.187.168.139 - - [23/Feb/2026:03:54:23 +0000] "POST /wp-cron.php?doing_wp_cron=1771818863.1585679054260253906250 HTTP/1.1" 200 31 "-" "WordPress/6.9; https://mentoring-wp.dreamsmarketplace.com"
135.181.180.59 - - [23/Feb/2026:03:54:23 +0000] "GET /cleopatra-gambling-enterprise-added-bonus-%E1%90%85-acceptance-bundle-reload-also-offers/ HTTP/1.1" 404 10980 "-" "Mozilla/5.0 (compatible; MJ12bot/v1.4.8; http://mj12bot.com/)"
172.187.168.139 - - [23/Feb/2026:03:54:24 +0000] "POST /wp-cron.php?doing_wp_cron=1771818864.8493509292602539062500 HTTP/1.1" 200 31 "-" "WordPress/6.9; https://mentoring-wp.dreamsmarketplace.com"
65.111.27.40 - - [23/Feb/2026:03:54:24 +0000] "GET /wp-admin/update.php?action=upload-plugin HTTP/1.1" 403 1132 "https://mentoring-wp.dreamstechnologies.com/wp-admin/update.php?action=upload-plugin" "Mozilla/5.0 (Windows NT 10.0; Win64; x64) AppleWebKit/537.36 (KHTML, like Gecko) Chrome/124.0.6367.207 Safari/537.36"
65.111.24.139 - - [23/Feb/2026:03:54:25 +0000] "GET /wp-login.php HTTP/1.1" 301 178 "-" "Mozilla/5.0 (Macintosh; Intel Mac OS X 13_5) AppleWebKit/605.1.15 (KHTML, like Gecko) Version/17.5 Safari/605.1.15"
172.187.168.139 - - [23/Feb/2026:03:54:27 +0000] "POST /wp-cron.php?doing_wp_cron=1771818866.9908719062805175781250 HTTP/1.1" 200 31 "-" "WordPress/6.9; https://mentoring-wp.dreamsmarketplace.com"
65.111.24.139 - - [23/Feb/2026:03:54:27 +0000] "GET /wp-login.php HTTP/1.1" 200 2470 "-" "Mozilla/5.0 (Macintosh; Intel Mac OS X 13_5) AppleWebKit/605.1.15 (KHTML, like Gecko) Version/17.5 Safari/605.1.15"
