172.187.168.139 - - [23/Feb/2026:14:15:42 +0000] "POST /wp-cron.php?doing_wp_cron=1771856142.5781478881835937500000 HTTP/1.1" 200 31 "-" "WordPress/6.9; https://mentoring-wp.dreamsmarketplace.com"
102.221.34.103 - - [23/Feb/2026:14:15:42 +0000] "GET /xmlrpc.php HTTP/1.1" 405 53 "-" "Mozilla/5.0 (Windows NT 10.0; Win64; x64) AppleWebKit/537.36 (KHTML, like Gecko) Chrome/114.0.0.0 Safari/537.36"
63.125.95.95 - - [23/Feb/2026:14:16:11 +0000] "POST /xmlrpc.php HTTP/1.1" 301 178 "-" "Python-xmlrpc/3.11"
172.187.168.139 - - [23/Feb/2026:14:16:21 +0000] "POST /wp-cron.php?doing_wp_cron=1771856181.6282908916473388671875 HTTP/1.1" 200 31 "-" "WordPress/6.9; https://mentoring-wp.dreamsmarketplace.com"
216.244.66.236 - - [23/Feb/2026:14:16:21 +0000] "GET /robots.txt HTTP/1.1" 200 349 "-" "Mozilla/5.0 (compatible; DotBot/1.2; +https://opensiteexplorer.org/dotbot; [email protected])"
172.187.168.139 - - [23/Feb/2026:14:16:45 +0000] "POST /wp-cron.php?doing_wp_cron=1771856205.4815359115600585937500 HTTP/1.1" 200 31 "-" "WordPress/6.9; https://mentoring-wp.dreamsmarketplace.com"
52.167.144.206 - - [23/Feb/2026:14:16:45 +0000] "GET /besitzt-ihr-ernahrer-diesseitigen-with-no-pranumeration-bonus-zu-bieten/ HTTP/1.1" 404 10959 "-" "Mozilla/5.0 AppleWebKit/537.36 (KHTML, like Gecko; compatible; bingbot/2.0; +http://www.bing.com/bingbot.htm) Chrome/116.0.1938.76 Safari/537.36"
128.1.179.114 - - [23/Feb/2026:14:17:05 +0000] "POST /xmlrpc.php HTTP/1.1" 301 178 "-" "Mozilla/5.0 (Windows NT 10.0; Win64; x64) AppleWebKit/537.36 (KHTML, like Gecko) Chrome/114.0.0.0 Safari/537.36"
172.187.168.139 - - [23/Feb/2026:14:17:08 +0000] "POST /wp-cron.php?doing_wp_cron=1771856228.4461650848388671875000 HTTP/1.1" 200 31 "-" "WordPress/6.9; https://mentoring-wp.dreamsmarketplace.com"
128.1.179.114 - - [23/Feb/2026:14:17:08 +0000] "GET /xmlrpc.php HTTP/1.1" 405 53 "-" "Mozilla/5.0 (Windows NT 10.0; Win64; x64) AppleWebKit/537.36 (KHTML, like Gecko) Chrome/114.0.0.0 Safari/537.36"
128.1.179.114 - - [23/Feb/2026:14:17:11 +0000] "POST /xmlrpc.php HTTP/1.1" 301 178 "-" "Mozilla/5.0 (Windows NT 10.0; Win64; x64) AppleWebKit/537.36 (KHTML, like Gecko) Chrome/114.0.0.0 Safari/537.36"
172.187.168.139 - - [23/Feb/2026:14:17:15 +0000] "POST /wp-cron.php?doing_wp_cron=1771856234.9420149326324462890625 HTTP/1.1" 200 31 "-" "WordPress/6.9; https://mentoring-wp.dreamsmarketplace.com"
128.1.179.114 - - [23/Feb/2026:14:17:15 +0000] "GET /xmlrpc.php HTTP/1.1" 405 53 "-" "Mozilla/5.0 (Windows NT 10.0; Win64; x64) AppleWebKit/537.36 (KHTML, like Gecko) Chrome/114.0.0.0 Safari/537.36"
41.13.108.85 - - [23/Feb/2026:14:17:40 +0000] "GET /mentors/marvin-downey/ HTTP/1.1" 301 178 "-" "Mozilla/5.0 (Windows NT 6.1) AppleWebKit/537.36 (KHTML, like Gecko) Chrome/79.0.3945.117 Safari/537.36"
172.187.168.139 - - [23/Feb/2026:14:17:43 +0000] "POST /wp-cron.php?doing_wp_cron=1771856263.8563470840454101562500 HTTP/1.1" 200 31 "-" "WordPress/6.9; https://mentoring-wp.dreamsmarketplace.com"
14.237.199.222 - - [23/Feb/2026:14:17:43 +0000] "GET /mentors/marvin-downey/ HTTP/1.1" 404 10925 "-" "Mozilla/5.0 (Windows NT 6.1) AppleWebKit/537.36 (KHTML, like Gecko) Chrome/79.0.3945.117 Safari/537.36"
2a03:2880:f800:d:: - - [23/Feb/2026:14:18:16 +0000] "GET /big-bass-splash-1000-joaca-acum-la-casino-online-in-romania/ HTTP/1.1" 301 178 "-" "meta-externalagent/1.1 (+https://developers.facebook.com/docs/sharing/webmasters/crawler)"
2a03:2880:f800:29:: - - [23/Feb/2026:14:18:17 +0000] "GET /is-free-online-casino-lucky-rabbits-demonstration/ HTTP/1.1" 301 178 "-" "meta-externalagent/1.1 (+https://developers.facebook.com/docs/sharing/webmasters/crawler)"
66.249.64.14 - - [23/Feb/2026:14:18:18 +0000] "GET /robots.txt HTTP/1.1" 301 178 "-" "Mozilla/5.0 (compatible; Googlebot/2.1; +http://www.google.com/bot.html)"
172.187.168.139 - - [23/Feb/2026:14:18:20 +0000] "POST /wp-cron.php?doing_wp_cron=1771856300.0766990184783935546875 HTTP/1.1" 200 31 "-" "WordPress/6.9; https://mentoring-wp.dreamsmarketplace.com"
66.249.66.196 - - [23/Feb/2026:14:18:20 +0000] "GET /robots.txt HTTP/1.1" 200 349 "-" "Mozilla/5.0 (compatible; Googlebot/2.1; +http://www.google.com/bot.html)"
66.249.64.13 - - [23/Feb/2026:14:18:20 +0000] "GET /testimonial/charles-ortega/ HTTP/1.1" 301 178 "-" "Mozilla/5.0 (Linux; Android 6.0.1; Nexus 5X Build/MMB29P) AppleWebKit/537.36 (KHTML, like Gecko) Chrome/144.0.7559.132 Mobile Safari/537.36 (compatible; Googlebot/2.1; +http://www.google.com/bot.html)"
2a03:2880:f800:2e:: - - [23/Feb/2026:14:18:43 +0000] "GET /bedste-online-casinoer-2025-belobe-sig-til-black-horse-slot-for-penge-10-spilleban-safari-heat-1-forsikring-sider-pa-nettet/ HTTP/1.1" 301 178 "-" "meta-externalagent/1.1 (+https://developers.facebook.com/docs/sharing/webmasters/crawler)"
2a03:2880:f800:36:: - - [23/Feb/2026:14:19:44 +0000] "GET /erreichbar-spielbank-columbus-deluxe-slot-freispiele-2026-gratis-spielen/ HTTP/1.1" 301 178 "-" "meta-externalagent/1.1 (+https://developers.facebook.com/docs/sharing/webmasters/crawler)"
2a03:2880:f800:32:: - - [23/Feb/2026:14:20:02 +0000] "GET /greatest-new-mr-bet-app-apk-iphone-4-casino-software-2025-greatest-apples-ios-mobile-internet-sites/ HTTP/1.1" 301 178 "-" "meta-externalagent/1.1 (+https://developers.facebook.com/docs/sharing/webmasters/crawler)"
2a03:2880:f800:3b:: - - [23/Feb/2026:14:20:10 +0000] "GET /no-deposit-gambling-establishment-bonus-free-revolves-uk-10-deposit-casinos-ca-33-free-offers/ HTTP/1.1" 301 178 "-" "meta-externalagent/1.1 (+https://developers.facebook.com/docs/sharing/webmasters/crawler)"
185.153.196.107 - - [23/Feb/2026:14:20:37 +0000] "POST /xmlrpc.php HTTP/1.1" 301 178 "-" "Mozilla/5.0 (Windows NT 10.0; Win64; x64) AppleWebKit/537.36 (KHTML, like Gecko) Chrome/114.0.0.0 Safari/537.36"
172.187.168.139 - - [23/Feb/2026:14:20:38 +0000] "POST /wp-cron.php?doing_wp_cron=1771856438.5337920188903808593750 HTTP/1.1" 200 31 "-" "WordPress/6.9; https://mentoring-wp.dreamsmarketplace.com"
185.153.196.107 - - [23/Feb/2026:14:20:38 +0000] "GET /xmlrpc.php HTTP/1.1" 405 53 "-" "Mozilla/5.0 (Windows NT 10.0; Win64; x64) AppleWebKit/537.36 (KHTML, like Gecko) Chrome/114.0.0.0 Safari/537.36"
185.153.196.107 - - [23/Feb/2026:14:20:38 +0000] "POST /xmlrpc.php HTTP/1.1" 301 178 "-" "Mozilla/5.0 (Windows NT 10.0; Win64; x64) AppleWebKit/537.36 (KHTML, like Gecko) Chrome/114.0.0.0 Safari/537.36"
172.187.168.139 - - [23/Feb/2026:14:20:40 +0000] "POST /wp-cron.php?doing_wp_cron=1771856440.2283930778503417968750 HTTP/1.1" 200 31 "-" "WordPress/6.9; https://mentoring-wp.dreamsmarketplace.com"
185.153.196.107 - - [23/Feb/2026:14:20:40 +0000] "GET /xmlrpc.php HTTP/1.1" 405 53 "-" "Mozilla/5.0 (Windows NT 10.0; Win64; x64) AppleWebKit/537.36 (KHTML, like Gecko) Chrome/114.0.0.0 Safari/537.36"
2a03:2880:f800:3a:: - - [23/Feb/2026:14:20:51 +0000] "GET /skuespil-thunderstruck-verde-casino-app-login-2-spillemaskine-tilslutte/ HTTP/1.1" 301 178 "-" "meta-externalagent/1.1 (+https://developers.facebook.com/docs/sharing/webmasters/crawler)"
2a03:2880:f800:1f:: - - [23/Feb/2026:14:20:56 +0000] "GET /5-deposit-casino-nz-put-5-score-bonus-casino-real-deal-bet-a-hundred-totally-free-revolves-2025/ HTTP/1.1" 301 178 "-" "meta-externalagent/1.1 (+https://developers.facebook.com/docs/sharing/webmasters/crawler)"
172.187.168.139 - - [23/Feb/2026:14:20:58 +0000] "POST /wp-cron.php?doing_wp_cron=1771856458.8975861072540283203125 HTTP/1.1" 200 31 "-" "WordPress/6.9; https://mentoring-wp.dreamsmarketplace.com"
216.244.66.236 - - [23/Feb/2026:14:20:58 +0000] "GET /page/2/ HTTP/1.1" 200 14924 "-" "Mozilla/5.0 (compatible; DotBot/1.2; +https://opensiteexplorer.org/dotbot; [email protected])"
2a03:2880:f800:12:: - - [23/Feb/2026:14:21:42 +0000] "GET /creat-prep-pregatit-nedomesticit-s-jocuri-de-interj-s-a-metamorfozat-spre-o-piata-internationala-dinaint-s-a-va-inregistra-in-ce-site-de-pariuri-musa-s-investigati-care-organism-a-autorizeaza-luati/ HTTP/1.1" 301 178 "-" "meta-externalagent/1.1 (+https://developers.facebook.com/docs/sharing/webmasters/crawler)"
2a03:2880:f800:23:: - - [23/Feb/2026:14:21:56 +0000] "GET /australian-no-deposit-bonuses-live-slot-1-deposit-2025/ HTTP/1.1" 301 178 "-" "meta-externalagent/1.1 (+https://developers.facebook.com/docs/sharing/webmasters/crawler)"
2a03:2880:f800:33:: - - [23/Feb/2026:14:22:08 +0000] "GET /understanding-gambling-establishment-bonus-wolf-run-slot-free-spins-wagering-criteria-2025/ HTTP/1.1" 301 178 "-" "meta-externalagent/1.1 (+https://developers.facebook.com/docs/sharing/webmasters/crawler)"
128.1.179.114 - - [23/Feb/2026:14:22:15 +0000] "POST /xmlrpc.php HTTP/1.1" 301 178 "-" "Mozilla/5.0 (Windows NT 10.0; Win64; x64) AppleWebKit/537.36 (KHTML, like Gecko) Chrome/114.0.0.0 Safari/537.36"
172.187.168.139 - - [23/Feb/2026:14:22:19 +0000] "POST /wp-cron.php?doing_wp_cron=1771856539.6373479366302490234375 HTTP/1.1" 200 31 "-" "WordPress/6.9; https://mentoring-wp.dreamsmarketplace.com"
128.1.179.114 - - [23/Feb/2026:14:22:19 +0000] "GET /xmlrpc.php HTTP/1.1" 405 53 "-" "Mozilla/5.0 (Windows NT 10.0; Win64; x64) AppleWebKit/537.36 (KHTML, like Gecko) Chrome/114.0.0.0 Safari/537.36"
128.1.179.114 - - [23/Feb/2026:14:22:20 +0000] "POST /xmlrpc.php HTTP/1.1" 301 178 "-" "Mozilla/5.0 (Windows NT 10.0; Win64; x64) AppleWebKit/537.36 (KHTML, like Gecko) Chrome/114.0.0.0 Safari/537.36"
2a03:2880:f800:42:: - - [23/Feb/2026:14:22:21 +0000] "GET /huge-rotiri-gratuite-pe-plenty-of-fortune-win-slots-casino-game-descarca-si-joaca-in-pc-magazinul-google-play/ HTTP/1.1" 301 178 "-" "meta-externalagent/1.1 (+https://developers.facebook.com/docs/sharing/webmasters/crawler)"
172.187.168.139 - - [23/Feb/2026:14:22:23 +0000] "POST /wp-cron.php?doing_wp_cron=1771856543.6665480136871337890625 HTTP/1.1" 200 31 "-" "WordPress/6.9; https://mentoring-wp.dreamsmarketplace.com"
128.1.179.114 - - [23/Feb/2026:14:22:23 +0000] "GET /xmlrpc.php HTTP/1.1" 405 53 "-" "Mozilla/5.0 (Windows NT 10.0; Win64; x64) AppleWebKit/537.36 (KHTML, like Gecko) Chrome/114.0.0.0 Safari/537.36"
2a03:2880:f800:e:: - - [23/Feb/2026:14:22:28 +0000] "GET /gioca-a-chicken-plinko-casino-il-modo-divertente-per-vivere-lemozione-del-casino-online-in-italia/ HTTP/1.1" 301 178 "-" "meta-externalagent/1.1 (+https://developers.facebook.com/docs/sharing/webmasters/crawler)"
2a03:2880:f800:16:: - - [23/Feb/2026:14:23:30 +0000] "GET /5-ecu-pramie-abzuglich-einzahlung-inoffizieller-mitarbeiter-verbunden-casino-2026/ HTTP/1.1" 301 178 "-" "meta-externalagent/1.1 (+https://developers.facebook.com/docs/sharing/webmasters/crawler)"
2a03:2880:f800:42:: - - [23/Feb/2026:14:23:34 +0000] "GET /50-free-spins-no-deposit-gambling-establishment-bonuses-casinos4u-apk-login-around-australia-2025/ HTTP/1.1" 301 178 "-" "meta-externalagent/1.1 (+https://developers.facebook.com/docs/sharing/webmasters/crawler)"
2a03:2880:f800:14:: - - [23/Feb/2026:14:24:25 +0000] "GET /is-ivan-and-the-immortal-king-slot-machine-actually-fafafa-position-online-in-the-harbors-kingdom-gambling-establishment/ HTTP/1.1" 301 178 "-" "meta-externalagent/1.1 (+https://developers.facebook.com/docs/sharing/webmasters/crawler)"
2a03:2880:f800:45:: - - [23/Feb/2026:14:24:26 +0000] "GET /gamble-18600-free-fafafa-slot-position-game-98-5-rtp-zero-download/ HTTP/1.1" 301 178 "-" "meta-externalagent/1.1 (+https://developers.facebook.com/docs/sharing/webmasters/crawler)"
2a03:2880:f800:19:: - - [23/Feb/2026:14:25:02 +0000] "GET /enjoy-burning-focus-by-the-cobber-casino-promo-microgaming-for-free-to-the-local-casino-pearls/ HTTP/1.1" 301 178 "-" "meta-externalagent/1.1 (+https://developers.facebook.com/docs/sharing/webmasters/crawler)"
2a03:2880:f800:46:: - - [23/Feb/2026:14:25:06 +0000] "GET /10-tagesordnungspunkt-triple-chance-spielautomaten-casinos-inoffizieller-mitarbeiter-probe/ HTTP/1.1" 301 178 "-" "meta-externalagent/1.1 (+https://developers.facebook.com/docs/sharing/webmasters/crawler)"
203.18.218.75 - - [23/Feb/2026:14:25:26 +0000] "GET /wp-login.php HTTP/1.1" 301 178 "-" "Mozilla/5.0 (X11; Linux x86_64) AppleWebKit/537.36 (KHTML, like Gecko) Chrome/134.0.0.0 Safari/537.36"
172.187.168.139 - - [23/Feb/2026:14:25:28 +0000] "POST /wp-cron.php?doing_wp_cron=1771856728.2074849605560302734375 HTTP/1.1" 200 31 "-" "WordPress/6.9; https://mentoring-wp.dreamsmarketplace.com"
203.18.218.75 - - [23/Feb/2026:14:25:28 +0000] "GET /wp-login.php HTTP/1.1" 200 2470 "-" "Mozilla/5.0 (X11; Linux x86_64) AppleWebKit/537.36 (KHTML, like Gecko) Chrome/134.0.0.0 Safari/537.36"
203.18.218.75 - - [23/Feb/2026:14:25:28 +0000] "POST /wp-login.php HTTP/1.1" 301 178 "-" "Mozilla/5.0 (X11; Linux x86_64) AppleWebKit/537.36 (KHTML, like Gecko) Chrome/134.0.0.0 Safari/537.36"
172.187.168.139 - - [23/Feb/2026:14:25:30 +0000] "POST /wp-cron.php?doing_wp_cron=1771856730.8229820728302001953125 HTTP/1.1" 200 31 "-" "WordPress/6.9; https://mentoring-wp.dreamsmarketplace.com"
203.18.218.75 - - [23/Feb/2026:14:25:30 +0000] "GET /wp-login.php HTTP/1.1" 200 2470 "-" "Mozilla/5.0 (X11; Linux x86_64) AppleWebKit/537.36 (KHTML, like Gecko) Chrome/134.0.0.0 Safari/537.36"
203.18.218.75 - - [23/Feb/2026:14:25:31 +0000] "GET /wp-admin/ HTTP/1.1" 301 178 "-" "Mozilla/5.0 (X11; Linux x86_64) AppleWebKit/537.36 (KHTML, like Gecko) Chrome/134.0.0.0 Safari/537.36"
172.187.168.139 - - [23/Feb/2026:14:25:32 +0000] "POST /wp-cron.php?doing_wp_cron=1771856732.2862639427185058593750 HTTP/1.1" 200 31 "-" "WordPress/6.9; https://mentoring-wp.dreamsmarketplace.com"
203.18.218.75 - - [23/Feb/2026:14:25:32 +0000] "GET /wp-admin/ HTTP/1.1" 302 5 "-" "Mozilla/5.0 (X11; Linux x86_64) AppleWebKit/537.36 (KHTML, like Gecko) Chrome/134.0.0.0 Safari/537.36"
172.187.168.139 - - [23/Feb/2026:14:25:33 +0000] "POST /wp-cron.php?doing_wp_cron=1771856733.8327810764312744140625 HTTP/1.1" 200 31 "-" "WordPress/6.9; https://mentoring-wp.dreamsmarketplace.com"
203.18.218.75 - - [23/Feb/2026:14:25:33 +0000] "GET /wp-login.php?redirect_to=https%3A%2F%2Fmentoring-wp.dreamsmarketplace.com%2Fwp-admin%2F&reauth=1 HTTP/1.1" 200 2477 "-" "Mozilla/5.0 (X11; Linux x86_64) AppleWebKit/537.36 (KHTML, like Gecko) Chrome/134.0.0.0 Safari/537.36"
172.187.168.139 - - [23/Feb/2026:14:25:43 +0000] "POST /wp-cron.php?doing_wp_cron=1771856743.3136219978332519531250 HTTP/1.1" 200 31 "-" "WordPress/6.9; https://mentoring-wp.dreamsmarketplace.com"
163.172.99.70 - - [23/Feb/2026:14:25:43 +0000] "GET /at-vero-eos-et-accusamus-et-iusto-odio-dignissimos-2/ HTTP/1.1" 200 18223 "-" "Mozilla/5.0 (Macintosh; Intel Mac OS X 12_5) AppleWebKit/537.36 (KHTML, like Gecko) Chrome/114.0.0.0 Safari/537.36 Edg/114.0.1264.71"
2a03:2880:f800:1d:: - - [23/Feb/2026:14:25:50 +0000] "GET /real-online-slots-play-for-real-money-cash-online-casinos-canada-robocat-gambling-enterprise/ HTTP/1.1" 301 178 "-" "meta-externalagent/1.1 (+https://developers.facebook.com/docs/sharing/webmasters/crawler)"
145.224.72.163 - - [23/Feb/2026:14:25:53 +0000] "POST /wp-admin/admin-ajax.php?action=sm_ping HTTP/1.1" 301 178 "-" "Mozilla/5.0 (Windows NT 10.0; Win64; x64) AppleWebKit/537.36 (KHTML, like Gecko) Chrome/120.0.0.0 Safari/537.36"
172.187.168.139 - - [23/Feb/2026:14:25:55 +0000] "POST /wp-cron.php?doing_wp_cron=1771856755.1649990081787109375000 HTTP/1.1" 200 31 "-" "WordPress/6.9; https://mentoring-wp.dreamsmarketplace.com"
145.224.72.163 - - [23/Feb/2026:14:25:55 +0000] "GET /wp-admin/admin-ajax.php?action=sm_ping HTTP/1.1" 400 11 "https://mentoring-wp.dreamstechnologies.com/wp-admin/admin-ajax.php?action=sm_ping" "Mozilla/5.0 (Windows NT 10.0; Win64; x64) AppleWebKit/537.36 (KHTML, like Gecko) Chrome/120.0.0.0 Safari/537.36"
145.224.72.163 - - [23/Feb/2026:14:25:55 +0000] "POST /wp-admin/admin-ajax.php?action=hnpt_ping HTTP/1.1" 301 178 "-" "Mozilla/5.0 (Windows NT 10.0; Win64; x64) AppleWebKit/537.36 (KHTML, like Gecko) Chrome/120.0.0.0 Safari/537.36"
172.187.168.139 - - [23/Feb/2026:14:25:57 +0000] "POST /wp-cron.php?doing_wp_cron=1771856757.7094030380249023437500 HTTP/1.1" 200 31 "-" "WordPress/6.9; https://mentoring-wp.dreamsmarketplace.com"
145.224.72.163 - - [23/Feb/2026:14:25:57 +0000] "GET /wp-admin/admin-ajax.php?action=hnpt_ping HTTP/1.1" 400 11 "https://mentoring-wp.dreamstechnologies.com/wp-admin/admin-ajax.php?action=hnpt_ping" "Mozilla/5.0 (Windows NT 10.0; Win64; x64) AppleWebKit/537.36 (KHTML, like Gecko) Chrome/120.0.0.0 Safari/537.36"
2a03:2880:f800:18:: - - [23/Feb/2026:14:25:58 +0000] "GET /author/marvin-downey/ HTTP/1.1" 301 178 "-" "meta-externalagent/1.1 (+https://developers.facebook.com/docs/sharing/webmasters/crawler)"
2a03:2880:f800:1f:: - - [23/Feb/2026:14:26:06 +0000] "GET /casino-freispiele-lucky-8-line-spielautomat-abzuglich-einzahlung-free-spins-2026/ HTTP/1.1" 301 178 "-" "meta-externalagent/1.1 (+https://developers.facebook.com/docs/sharing/webmasters/crawler)"
212.97.69.14 - mentoring_admin [23/Feb/2026:14:26:07 +0000] "GET /wp-json/wp/v2/pages HTTP/1.1" 301 178 "-" "python-requests/2.32.3"
172.187.168.139 - - [23/Feb/2026:14:26:09 +0000] "POST /wp-cron.php?doing_wp_cron=1771856769.5256819725036621093750 HTTP/1.1" 200 31 "-" "WordPress/6.9; https://mentoring-wp.dreamsmarketplace.com"
212.97.69.14 - - [23/Feb/2026:14:26:09 +0000] "GET /wp-json/wp/v2/pages HTTP/1.1" 200 58856 "-" "python-requests/2.32.3"
212.97.69.14 - mentoring_admin [23/Feb/2026:14:26:10 +0000] "GET /wp-json/wp/v2/settings HTTP/1.1" 301 178 "-" "python-requests/2.32.3"
172.187.168.139 - - [23/Feb/2026:14:26:12 +0000] "POST /wp-cron.php?doing_wp_cron=1771856772.3422570228576660156250 HTTP/1.1" 200 31 "-" "WordPress/6.9; https://mentoring-wp.dreamsmarketplace.com"
212.97.69.14 - - [23/Feb/2026:14:26:12 +0000] "GET /wp-json/wp/v2/settings HTTP/1.1" 401 109 "-" "python-requests/2.32.3"
172.187.168.139 - - [23/Feb/2026:14:26:12 +0000] "POST /wp-cron.php?doing_wp_cron=1771856772.5046319961547851562500 HTTP/1.1" 200 31 "-" "WordPress/6.9; https://mentoring-wp.dreamsmarketplace.com"
216.26.245.124 - - [23/Feb/2026:14:26:12 +0000] "HEAD /wp-admin/ HTTP/1.1" 302 0 "-" "curl/7.88.1"
212.97.69.14 - mentoring_admin [23/Feb/2026:14:26:12 +0000] "GET /wp-json/wp/v2/pages HTTP/1.1" 301 178 "-" "python-requests/2.32.3"
172.187.168.139 - - [23/Feb/2026:14:26:14 +0000] "POST /wp-cron.php?doing_wp_cron=1771856774.1567249298095703125000 HTTP/1.1" 200 31 "-" "WordPress/6.9; https://mentoring-wp.dreamsmarketplace.com"
216.26.245.124 - - [23/Feb/2026:14:26:14 +0000] "HEAD /wp-login.php?redirect_to=https%3A%2F%2Fmentoring-wp.dreamsmarketplace.com%2Fwp-admin%2F&reauth=1 HTTP/1.1" 200 0 "https://mentoring-wp.dreamsmarketplace.com/wp-admin/" "curl/7.88.1"
172.187.168.139 - - [23/Feb/2026:14:26:14 +0000] "POST /wp-cron.php?doing_wp_cron=1771856774.5716230869293212890625 HTTP/1.1" 200 31 "-" "WordPress/6.9; https://mentoring-wp.dreamsmarketplace.com"
212.97.69.14 - - [23/Feb/2026:14:26:14 +0000] "GET /wp-json/wp/v2/pages HTTP/1.1" 200 58856 "-" "python-requests/2.32.3"
212.97.69.14 - mentoring_admin [23/Feb/2026:14:26:15 +0000] "POST /wp-json/wp/v2/pages/4560 HTTP/1.1" 301 178 "-" "python-requests/2.32.3"
172.187.168.139 - - [23/Feb/2026:14:26:16 +0000] "POST /wp-cron.php?doing_wp_cron=1771856776.2169709205627441406250 HTTP/1.1" 200 31 "-" "WordPress/6.9; https://mentoring-wp.dreamsmarketplace.com"
216.26.245.124 - - [23/Feb/2026:14:26:16 +0000] "GET /wp-admin/admin.php?page=wc-orders HTTP/1.1" 301 5 "-" "curl/7.88.1"
172.187.168.139 - - [23/Feb/2026:14:26:17 +0000] "POST /wp-cron.php?doing_wp_cron=1771856776.9530088901519775390625 HTTP/1.1" 200 31 "-" "WordPress/6.9; https://mentoring-wp.dreamsmarketplace.com"
212.97.69.14 - - [23/Feb/2026:14:26:17 +0000] "GET /wp-json/wp/v2/pages/4560 HTTP/1.1" 200 19940 "-" "python-requests/2.32.3"
172.187.168.139 - - [23/Feb/2026:14:26:17 +0000] "POST /wp-cron.php?doing_wp_cron=1771856777.3387370109558105468750 HTTP/1.1" 200 31 "-" "WordPress/6.9; https://mentoring-wp.dreamsmarketplace.com"
216.26.245.124 - - [23/Feb/2026:14:26:17 +0000] "GET /wp-admin/edit.php?post_type=shop_order HTTP/1.1" 200 107276 "-" "curl/7.88.1"
172.187.168.139 - - [23/Feb/2026:14:26:19 +0000] "POST /wp-cron.php?doing_wp_cron=1771856779.5122671127319335937500 HTTP/1.1" 200 31 "-" "WordPress/6.9; https://mentoring-wp.dreamsmarketplace.com"
216.26.245.124 - - [23/Feb/2026:14:26:19 +0000] "GET /wp-admin/edit.php?post_type=shop_order HTTP/1.1" 200 80069 "https://mentoring-wp.dreamsmarketplace.com/wp-admin/admin.php?page=wc-orders" "curl/7.88.1"
216.26.245.124 - - [23/Feb/2026:14:26:20 +0000] "GET /wp-admin/edit.php?post_type=shop_order&m=202602 HTTP/1.1" 200 100293 "-" "Wget/1.21.4"
172.187.168.139 - - [23/Feb/2026:14:26:20 +0000] "POST /wp-cron.php?doing_wp_cron=1771856780.5561850070953369140625 HTTP/1.1" 200 31 "-" "WordPress/6.9; https://mentoring-wp.dreamsmarketplace.com"
216.26.245.124 - - [23/Feb/2026:14:26:20 +0000] "GET /wp-admin/edit.php?post_type=shop_order&m=202601 HTTP/1.1" 200 100289 "-" "Wget/1.21.4"
177.116.53.129 - - [23/Feb/2026:14:26:21 +0000] "GET /mentors/darren-elder/page/4/ HTTP/1.1" 301 178 "-" "Mozilla/5.0 (Macintosh; Intel Mac OS X 10_15_7) AppleWebKit/537.36 (KHTML, like Gecko) Chrome/100.0.4896.147 Safari/537.36"
172.187.168.139 - - [23/Feb/2026:14:26:23 +0000] "POST /wp-cron.php?doing_wp_cron=1771856783.1169989109039306640625 HTTP/1.1" 200 31 "-" "WordPress/6.9; https://mentoring-wp.dreamsmarketplace.com"
216.26.245.124 - - [23/Feb/2026:14:26:23 +0000] "GET /wp-admin/admin.php?page=wc-reports&range=year HTTP/1.1" 200 73622 "-" "curl/8.6.0"
45.3.35.154 - - [23/Feb/2026:14:26:27 +0000] "GET /wp-login.php HTTP/1.1" 301 178 "-" "Mozilla/5.0 (Macintosh; Intel Mac OS X 13_5) AppleWebKit/605.1.15 (KHTML, like Gecko) Version/17.5 Safari/605.1.15"
172.187.168.139 - - [23/Feb/2026:14:26:29 +0000] "POST /wp-cron.php?doing_wp_cron=1771856789.6053590774536132812500 HTTP/1.1" 200 31 "-" "WordPress/6.9; https://mentoring-wp.dreamsmarketplace.com"
45.3.35.154 - - [23/Feb/2026:14:26:29 +0000] "GET /wp-login.php HTTP/1.1" 200 2470 "-" "Mozilla/5.0 (Macintosh; Intel Mac OS X 13_5) AppleWebKit/605.1.15 (KHTML, like Gecko) Version/17.5 Safari/605.1.15"
45.3.35.154 - - [23/Feb/2026:14:26:30 +0000] "GET /wp-login.php?wp_lang=en_US HTTP/1.1" 301 178 "-" "Mozilla/5.0 (Windows NT 10.0; Win64; x64) AppleWebKit/537.36 (KHTML, like Gecko) Chrome/124.0.6367.207 Safari/537.36"
172.187.168.139 - - [23/Feb/2026:14:26:32 +0000] "POST /wp-cron.php?doing_wp_cron=1771856792.7783598899841308593750 HTTP/1.1" 200 31 "-" "WordPress/6.9; https://mentoring-wp.dreamsmarketplace.com"
45.3.35.154 - - [23/Feb/2026:14:26:32 +0000] "GET /wp-login.php?wp_lang=en_US HTTP/1.1" 200 2470 "-" "Mozilla/5.0 (Windows NT 10.0; Win64; x64) AppleWebKit/537.36 (KHTML, like Gecko) Chrome/124.0.6367.207 Safari/537.36"
172.187.168.139 - - [23/Feb/2026:14:26:34 +0000] "POST /wp-cron.php?doing_wp_cron=1771856794.6552410125732421875000 HTTP/1.1" 200 31 "-" "WordPress/6.9; https://mentoring-wp.dreamsmarketplace.com"
45.3.35.154 - - [23/Feb/2026:14:26:34 +0000] "POST /wp-login.php?wp_lang=en_US HTTP/1.1" 302 5 "https://mentoring-wp.dreamsmarketplace.com/wp-login.php?wp_lang=en_US" "Mozilla/5.0 (Windows NT 10.0; Win64; x64) AppleWebKit/537.36 (KHTML, like Gecko) Chrome/124.0.6367.207 Safari/537.36"
102.182.190.149 - - [23/Feb/2026:14:26:35 +0000] "GET /mentors/darren-elder/page/4/ HTTP/1.1" 301 178 "-" "Mozilla/5.0 (Macintosh; Intel Mac OS X 10_15_7) AppleWebKit/537.36 (KHTML, like Gecko) Chrome/100.0.4896.79 Safari/537.36"
172.187.168.139 - - [23/Feb/2026:14:26:37 +0000] "POST /wp-cron.php?doing_wp_cron=1771856797.8632988929748535156250 HTTP/1.1" 200 31 "-" "WordPress/6.9; https://mentoring-wp.dreamsmarketplace.com"
45.3.35.154 - - [23/Feb/2026:14:26:37 +0000] "GET /wp-admin/ HTTP/1.1" 200 18247 "https://mentoring-wp.dreamsmarketplace.com/wp-login.php?wp_lang=en_US" "Mozilla/5.0 (Windows NT 10.0; Win64; x64) AppleWebKit/537.36 (KHTML, like Gecko) Chrome/124.0.6367.207 Safari/537.36"
45.3.35.154 - - [23/Feb/2026:14:26:38 +0000] "GET /wp-admin/plugin-install.php HTTP/1.1" 301 178 "-" "Mozilla/5.0 (Windows NT 10.0; Win64; x64) AppleWebKit/537.36 (KHTML, like Gecko) Chrome/124.0.6367.207 Safari/537.36"
172.187.168.139 - - [23/Feb/2026:14:26:41 +0000] "POST /wp-cron.php?doing_wp_cron=1771856801.5052380561828613281250 HTTP/1.1" 200 31 "-" "WordPress/6.9; https://mentoring-wp.dreamsmarketplace.com"
45.3.35.154 - - [23/Feb/2026:14:26:41 +0000] "GET /wp-admin/plugin-install.php HTTP/1.1" 200 73987 "-" "Mozilla/5.0 (Windows NT 10.0; Win64; x64) AppleWebKit/537.36 (KHTML, like Gecko) Chrome/124.0.6367.207 Safari/537.36"
45.3.35.154 - - [23/Feb/2026:14:26:42 +0000] "POST /wp-admin/update.php?action=upload-plugin HTTP/1.1" 301 178 "https://mentoring-wp.dreamstechnologies.com/wp-admin/update.php?action=upload-plugin" "Mozilla/5.0 (Windows NT 10.0; Win64; x64) AppleWebKit/537.36 (KHTML, like Gecko) Chrome/124.0.6367.207 Safari/537.36"
172.187.168.139 - - [23/Feb/2026:14:26:44 +0000] "POST /wp-cron.php?doing_wp_cron=1771856804.4879128932952880859375 HTTP/1.1" 200 31 "-" "WordPress/6.9; https://mentoring-wp.dreamsmarketplace.com"
45.3.35.154 - - [23/Feb/2026:14:26:44 +0000] "GET /wp-admin/update.php?action=upload-plugin HTTP/1.1" 403 1132 "https://mentoring-wp.dreamstechnologies.com/wp-admin/update.php?action=upload-plugin" "Mozilla/5.0 (Windows NT 10.0; Win64; x64) AppleWebKit/537.36 (KHTML, like Gecko) Chrome/124.0.6367.207 Safari/537.36"
209.50.176.55 - - [23/Feb/2026:14:26:45 +0000] "GET /wp-login.php HTTP/1.1" 301 178 "-" "Mozilla/5.0 (Windows NT 10.0; Win64; x64) AppleWebKit/537.36 (KHTML, like Gecko) Chrome/124.0.6367.207 Safari/537.36"
172.187.168.139 - - [23/Feb/2026:14:26:47 +0000] "POST /wp-cron.php?doing_wp_cron=1771856807.6980090141296386718750 HTTP/1.1" 200 31 "-" "WordPress/6.9; https://mentoring-wp.dreamsmarketplace.com"
209.50.176.55 - - [23/Feb/2026:14:26:47 +0000] "GET /wp-login.php HTTP/1.1" 200 2470 "-" "Mozilla/5.0 (Windows NT 10.0; Win64; x64) AppleWebKit/537.36 (KHTML, like Gecko) Chrome/124.0.6367.207 Safari/537.36"
209.50.176.55 - - [23/Feb/2026:14:26:49 +0000] "GET /wp-login.php?wp_lang=en_US HTTP/1.1" 301 178 "-" "Mozilla/5.0 (Windows NT 10.0; Win64; x64) AppleWebKit/537.36 (KHTML, like Gecko) Chrome/124.0.6367.207 Safari/537.36"
172.187.168.139 - - [23/Feb/2026:14:26:52 +0000] "POST /wp-cron.php?doing_wp_cron=1771856812.0192780494689941406250 HTTP/1.1" 200 31 "-" "WordPress/6.9; https://mentoring-wp.dreamsmarketplace.com"
209.50.176.55 - - [23/Feb/2026:14:26:52 +0000] "GET /wp-login.php?wp_lang=en_US HTTP/1.1" 200 2470 "-" "Mozilla/5.0 (Windows NT 10.0; Win64; x64) AppleWebKit/537.36 (KHTML, like Gecko) Chrome/124.0.6367.207 Safari/537.36"
172.187.168.139 - - [23/Feb/2026:14:26:54 +0000] "POST /wp-cron.php?doing_wp_cron=1771856814.0017209053039550781250 HTTP/1.1" 200 31 "-" "WordPress/6.9; https://mentoring-wp.dreamsmarketplace.com"
209.50.176.55 - - [23/Feb/2026:14:26:54 +0000] "POST /wp-login.php?wp_lang=en_US HTTP/1.1" 302 5 "https://mentoring-wp.dreamsmarketplace.com/wp-login.php?wp_lang=en_US" "Mozilla/5.0 (Windows NT 10.0; Win64; x64) AppleWebKit/537.36 (KHTML, like Gecko) Chrome/124.0.6367.207 Safari/537.36"
172.187.168.139 - - [23/Feb/2026:14:26:57 +0000] "POST /wp-cron.php?doing_wp_cron=1771856817.2825460433959960937500 HTTP/1.1" 200 31 "-" "WordPress/6.9; https://mentoring-wp.dreamsmarketplace.com"
209.50.176.55 - - [23/Feb/2026:14:26:57 +0000] "GET /wp-admin/ HTTP/1.1" 200 18223 "https://mentoring-wp.dreamsmarketplace.com/wp-login.php?wp_lang=en_US" "Mozilla/5.0 (Windows NT 10.0; Win64; x64) AppleWebKit/537.36 (KHTML, like Gecko) Chrome/124.0.6367.207 Safari/537.36"
209.50.176.55 - - [23/Feb/2026:14:26:58 +0000] "GET /wp-admin/plugin-install.php HTTP/1.1" 301 178 "-" "Mozilla/5.0 (Windows NT 10.0; Win64; x64) AppleWebKit/537.36 (KHTML, like Gecko) Chrome/124.0.6367.207 Safari/537.36"
172.187.168.139 - - [23/Feb/2026:14:27:01 +0000] "POST /wp-cron.php?doing_wp_cron=1771856821.3873410224914550781250 HTTP/1.1" 200 31 "-" "WordPress/6.9; https://mentoring-wp.dreamsmarketplace.com"
209.50.176.55 - - [23/Feb/2026:14:27:01 +0000] "GET /wp-admin/plugin-install.php HTTP/1.1" 200 74003 "-" "Mozilla/5.0 (Windows NT 10.0; Win64; x64) AppleWebKit/537.36 (KHTML, like Gecko) Chrome/124.0.6367.207 Safari/537.36"
209.50.176.55 - - [23/Feb/2026:14:27:01 +0000] "POST /wp-admin/update.php?action=upload-plugin HTTP/1.1" 301 178 "https://mentoring-wp.dreamstechnologies.com/wp-admin/update.php?action=upload-plugin" "Mozilla/5.0 (Windows NT 10.0; Win64; x64) AppleWebKit/537.36 (KHTML, like Gecko) Chrome/124.0.6367.207 Safari/537.36"
172.187.168.139 - - [23/Feb/2026:14:27:04 +0000] "POST /wp-cron.php?doing_wp_cron=1771856824.0127520561218261718750 HTTP/1.1" 200 31 "-" "WordPress/6.9; https://mentoring-wp.dreamsmarketplace.com"
209.50.176.55 - - [23/Feb/2026:14:27:04 +0000] "GET /wp-admin/update.php?action=upload-plugin HTTP/1.1" 403 1132 "https://mentoring-wp.dreamstechnologies.com/wp-admin/update.php?action=upload-plugin" "Mozilla/5.0 (Windows NT 10.0; Win64; x64) AppleWebKit/537.36 (KHTML, like Gecko) Chrome/124.0.6367.207 Safari/537.36"
209.50.177.1 - - [23/Feb/2026:14:27:05 +0000] "GET /wp-login.php HTTP/1.1" 301 178 "-" "Mozilla/5.0 (Windows NT 10.0; Win64; x64; rv:127.0) Gecko/20100101 Firefox/127.0"
172.187.168.139 - - [23/Feb/2026:14:27:08 +0000] "POST /wp-cron.php?doing_wp_cron=1771856828.1271309852600097656250 HTTP/1.1" 200 31 "-" "WordPress/6.9; https://mentoring-wp.dreamsmarketplace.com"
209.50.177.1 - - [23/Feb/2026:14:27:08 +0000] "GET /wp-login.php HTTP/1.1" 200 2470 "-" "Mozilla/5.0 (Windows NT 10.0; Win64; x64; rv:127.0) Gecko/20100101 Firefox/127.0"
209.50.177.1 - - [23/Feb/2026:14:27:08 +0000] "GET /wp-login.php?wp_lang=en_US HTTP/1.1" 301 178 "-" "Mozilla/5.0 (Windows NT 10.0; Win64; x64) AppleWebKit/537.36 (KHTML, like Gecko) Chrome/124.0.6367.207 Safari/537.36"
172.187.168.139 - - [23/Feb/2026:14:27:11 +0000] "POST /wp-cron.php?doing_wp_cron=1771856831.2887361049652099609375 HTTP/1.1" 200 31 "-" "WordPress/6.9; https://mentoring-wp.dreamsmarketplace.com"
209.50.177.1 - - [23/Feb/2026:14:27:11 +0000] "GET /wp-login.php?wp_lang=en_US HTTP/1.1" 200 2470 "-" "Mozilla/5.0 (Windows NT 10.0; Win64; x64) AppleWebKit/537.36 (KHTML, like Gecko) Chrome/124.0.6367.207 Safari/537.36"
172.187.168.139 - - [23/Feb/2026:14:27:13 +0000] "POST /wp-cron.php?doing_wp_cron=1771856833.0900480747222900390625 HTTP/1.1" 200 31 "-" "WordPress/6.9; https://mentoring-wp.dreamsmarketplace.com"
209.50.177.1 - - [23/Feb/2026:14:27:13 +0000] "POST /wp-login.php?wp_lang=en_US HTTP/1.1" 302 5 "https://mentoring-wp.dreamsmarketplace.com/wp-login.php?wp_lang=en_US" "Mozilla/5.0 (Windows NT 10.0; Win64; x64) AppleWebKit/537.36 (KHTML, like Gecko) Chrome/124.0.6367.207 Safari/537.36"
172.187.168.139 - - [23/Feb/2026:14:27:16 +0000] "POST /wp-cron.php?doing_wp_cron=1771856836.2158639430999755859375 HTTP/1.1" 200 31 "-" "WordPress/6.9; https://mentoring-wp.dreamsmarketplace.com"
209.50.177.1 - - [23/Feb/2026:14:27:16 +0000] "GET /wp-admin/ HTTP/1.1" 200 18249 "https://mentoring-wp.dreamsmarketplace.com/wp-login.php?wp_lang=en_US" "Mozilla/5.0 (Windows NT 10.0; Win64; x64) AppleWebKit/537.36 (KHTML, like Gecko) Chrome/124.0.6367.207 Safari/537.36"
209.50.177.1 - - [23/Feb/2026:14:27:16 +0000] "GET /wp-admin/plugin-install.php HTTP/1.1" 301 178 "-" "Mozilla/5.0 (Windows NT 10.0; Win64; x64) AppleWebKit/537.36 (KHTML, like Gecko) Chrome/124.0.6367.207 Safari/537.36"
172.187.168.139 - - [23/Feb/2026:14:27:19 +0000] "POST /wp-cron.php?doing_wp_cron=1771856839.7419600486755371093750 HTTP/1.1" 200 31 "-" "WordPress/6.9; https://mentoring-wp.dreamsmarketplace.com"
209.50.177.1 - - [23/Feb/2026:14:27:19 +0000] "GET /wp-admin/plugin-install.php HTTP/1.1" 200 73998 "-" "Mozilla/5.0 (Windows NT 10.0; Win64; x64) AppleWebKit/537.36 (KHTML, like Gecko) Chrome/124.0.6367.207 Safari/537.36"
209.50.177.1 - - [23/Feb/2026:14:27:20 +0000] "POST /wp-admin/update.php?action=upload-plugin HTTP/1.1" 301 178 "https://mentoring-wp.dreamstechnologies.com/wp-admin/update.php?action=upload-plugin" "Mozilla/5.0 (Windows NT 10.0; Win64; x64) AppleWebKit/537.36 (KHTML, like Gecko) Chrome/124.0.6367.207 Safari/537.36"
172.187.168.139 - - [23/Feb/2026:14:27:22 +0000] "POST /wp-cron.php?doing_wp_cron=1771856842.3028209209442138671875 HTTP/1.1" 200 31 "-" "WordPress/6.9; https://mentoring-wp.dreamsmarketplace.com"
209.50.177.1 - - [23/Feb/2026:14:27:22 +0000] "GET /wp-admin/update.php?action=upload-plugin HTTP/1.1" 403 1132 "https://mentoring-wp.dreamstechnologies.com/wp-admin/update.php?action=upload-plugin" "Mozilla/5.0 (Windows NT 10.0; Win64; x64) AppleWebKit/537.36 (KHTML, like Gecko) Chrome/124.0.6367.207 Safari/537.36"
104.167.25.231 - - [23/Feb/2026:14:27:23 +0000] "GET /wp-login.php HTTP/1.1" 301 178 "-" "Mozilla/5.0 (Windows NT 10.0; Win64; x64; rv:127.0) Gecko/20100101 Firefox/127.0"
2a03:2880:f800:24:: - - [23/Feb/2026:14:27:24 +0000] "GET /pelota-red-baron-online-kasinoa-suomessa-kaikki-tiedot-taalla/ HTTP/1.1" 301 178 "-" "meta-externalagent/1.1 (+https://developers.facebook.com/docs/sharing/webmasters/crawler)"
172.187.168.139 - - [23/Feb/2026:14:27:25 +0000] "POST /wp-cron.php?doing_wp_cron=1771856845.7473349571228027343750 HTTP/1.1" 200 31 "-" "WordPress/6.9; https://mentoring-wp.dreamsmarketplace.com"
104.167.25.231 - - [23/Feb/2026:14:27:25 +0000] "GET /wp-login.php HTTP/1.1" 200 2470 "-" "Mozilla/5.0 (Windows NT 10.0; Win64; x64; rv:127.0) Gecko/20100101 Firefox/127.0"
104.167.25.231 - - [23/Feb/2026:14:27:26 +0000] "GET /wp-login.php?wp_lang=en_US HTTP/1.1" 301 178 "-" "Mozilla/5.0 (Windows NT 10.0; Win64; x64) AppleWebKit/537.36 (KHTML, like Gecko) Chrome/124.0.6367.207 Safari/537.36"
172.187.168.139 - - [23/Feb/2026:14:27:28 +0000] "POST /wp-cron.php?doing_wp_cron=1771856848.7363169193267822265625 HTTP/1.1" 200 31 "-" "WordPress/6.9; https://mentoring-wp.dreamsmarketplace.com"
104.167.25.231 - - [23/Feb/2026:14:27:28 +0000] "GET /wp-login.php?wp_lang=en_US HTTP/1.1" 200 2470 "-" "Mozilla/5.0 (Windows NT 10.0; Win64; x64) AppleWebKit/537.36 (KHTML, like Gecko) Chrome/124.0.6367.207 Safari/537.36"
172.187.168.139 - - [23/Feb/2026:14:27:30 +0000] "POST /wp-cron.php?doing_wp_cron=1771856850.4807510375976562500000 HTTP/1.1" 200 31 "-" "WordPress/6.9; https://mentoring-wp.dreamsmarketplace.com"
104.167.25.231 - - [23/Feb/2026:14:27:30 +0000] "POST /wp-login.php?wp_lang=en_US HTTP/1.1" 302 5 "https://mentoring-wp.dreamsmarketplace.com/wp-login.php?wp_lang=en_US" "Mozilla/5.0 (Windows NT 10.0; Win64; x64) AppleWebKit/537.36 (KHTML, like Gecko) Chrome/124.0.6367.207 Safari/537.36"
172.187.168.139 - - [23/Feb/2026:14:27:33 +0000] "POST /wp-cron.php?doing_wp_cron=1771856853.5313389301300048828125 HTTP/1.1" 200 31 "-" "WordPress/6.9; https://mentoring-wp.dreamsmarketplace.com"
104.167.25.231 - - [23/Feb/2026:14:27:33 +0000] "GET /wp-admin/ HTTP/1.1" 200 18245 "https://mentoring-wp.dreamsmarketplace.com/wp-login.php?wp_lang=en_US" "Mozilla/5.0 (Windows NT 10.0; Win64; x64) AppleWebKit/537.36 (KHTML, like Gecko) Chrome/124.0.6367.207 Safari/537.36"
104.167.25.231 - - [23/Feb/2026:14:27:34 +0000] "GET /wp-admin/plugin-install.php HTTP/1.1" 301 178 "-" "Mozilla/5.0 (Windows NT 10.0; Win64; x64) AppleWebKit/537.36 (KHTML, like Gecko) Chrome/124.0.6367.207 Safari/537.36"
172.187.168.139 - - [23/Feb/2026:14:27:37 +0000] "POST /wp-cron.php?doing_wp_cron=1771856857.1695160865783691406250 HTTP/1.1" 200 31 "-" "WordPress/6.9; https://mentoring-wp.dreamsmarketplace.com"
104.167.25.231 - - [23/Feb/2026:14:27:37 +0000] "GET /wp-admin/plugin-install.php HTTP/1.1" 200 73994 "-" "Mozilla/5.0 (Windows NT 10.0; Win64; x64) AppleWebKit/537.36 (KHTML, like Gecko) Chrome/124.0.6367.207 Safari/537.36"
104.167.25.231 - - [23/Feb/2026:14:27:37 +0000] "POST /wp-admin/update.php?action=upload-plugin HTTP/1.1" 301 178 "https://mentoring-wp.dreamstechnologies.com/wp-admin/update.php?action=upload-plugin" "Mozilla/5.0 (Windows NT 10.0; Win64; x64) AppleWebKit/537.36 (KHTML, like Gecko) Chrome/124.0.6367.207 Safari/537.36"
172.187.168.139 - - [23/Feb/2026:14:27:40 +0000] "POST /wp-cron.php?doing_wp_cron=1771856860.0362780094146728515625 HTTP/1.1" 200 31 "-" "WordPress/6.9; https://mentoring-wp.dreamsmarketplace.com"
104.167.25.231 - - [23/Feb/2026:14:27:40 +0000] "GET /wp-admin/update.php?action=upload-plugin HTTP/1.1" 403 1132 "https://mentoring-wp.dreamstechnologies.com/wp-admin/update.php?action=upload-plugin" "Mozilla/5.0 (Windows NT 10.0; Win64; x64) AppleWebKit/537.36 (KHTML, like Gecko) Chrome/124.0.6367.207 Safari/537.36"
65.111.21.93 - - [23/Feb/2026:14:27:41 +0000] "GET /wp-login.php HTTP/1.1" 301 178 "-" "Mozilla/5.0 (Windows NT 10.0; Win64; x64; rv:127.0) Gecko/20100101 Firefox/127.0"
172.187.168.139 - - [23/Feb/2026:14:27:43 +0000] "POST /wp-cron.php?doing_wp_cron=1771856863.3267719745635986328125 HTTP/1.1" 200 31 "-" "WordPress/6.9; https://mentoring-wp.dreamsmarketplace.com"
65.111.21.93 - - [23/Feb/2026:14:27:43 +0000] "GET /wp-login.php HTTP/1.1" 200 2470 "-" "Mozilla/5.0 (Windows NT 10.0; Win64; x64; rv:127.0) Gecko/20100101 Firefox/127.0"
65.111.21.93 - - [23/Feb/2026:14:27:44 +0000] "GET /wp-login.php?wp_lang=en_US HTTP/1.1" 301 178 "-" "Mozilla/5.0 (Windows NT 10.0; Win64; x64) AppleWebKit/537.36 (KHTML, like Gecko) Chrome/124.0.6367.207 Safari/537.36"
172.187.168.139 - - [23/Feb/2026:14:27:46 +0000] "POST /wp-cron.php?doing_wp_cron=1771856866.1622519493103027343750 HTTP/1.1" 200 31 "-" "WordPress/6.9; https://mentoring-wp.dreamsmarketplace.com"
65.111.21.93 - - [23/Feb/2026:14:27:46 +0000] "GET /wp-login.php?wp_lang=en_US HTTP/1.1" 200 2470 "-" "Mozilla/5.0 (Windows NT 10.0; Win64; x64) AppleWebKit/537.36 (KHTML, like Gecko) Chrome/124.0.6367.207 Safari/537.36"
172.187.168.139 - - [23/Feb/2026:14:27:47 +0000] "POST /wp-cron.php?doing_wp_cron=1771856867.8657259941101074218750 HTTP/1.1" 200 31 "-" "WordPress/6.9; https://mentoring-wp.dreamsmarketplace.com"
65.111.21.93 - - [23/Feb/2026:14:27:47 +0000] "POST /wp-login.php?wp_lang=en_US HTTP/1.1" 302 5 "https://mentoring-wp.dreamsmarketplace.com/wp-login.php?wp_lang=en_US" "Mozilla/5.0 (Windows NT 10.0; Win64; x64) AppleWebKit/537.36 (KHTML, like Gecko) Chrome/124.0.6367.207 Safari/537.36"
172.187.168.139 - - [23/Feb/2026:14:27:51 +0000] "POST /wp-cron.php?doing_wp_cron=1771856871.0287768840789794921875 HTTP/1.1" 200 31 "-" "WordPress/6.9; https://mentoring-wp.dreamsmarketplace.com"
65.111.21.93 - - [23/Feb/2026:14:27:51 +0000] "GET /wp-admin/ HTTP/1.1" 200 18251 "https://mentoring-wp.dreamsmarketplace.com/wp-login.php?wp_lang=en_US" "Mozilla/5.0 (Windows NT 10.0; Win64; x64) AppleWebKit/537.36 (KHTML, like Gecko) Chrome/124.0.6367.207 Safari/537.36"
65.111.21.93 - - [23/Feb/2026:14:27:51 +0000] "GET /wp-admin/plugin-install.php HTTP/1.1" 301 178 "-" "Mozilla/5.0 (Windows NT 10.0; Win64; x64) AppleWebKit/537.36 (KHTML, like Gecko) Chrome/124.0.6367.207 Safari/537.36"
172.187.168.139 - - [23/Feb/2026:14:27:54 +0000] "POST /wp-cron.php?doing_wp_cron=1771856874.6560370922088623046875 HTTP/1.1" 200 31 "-" "WordPress/6.9; https://mentoring-wp.dreamsmarketplace.com"
65.111.21.93 - - [23/Feb/2026:14:27:54 +0000] "GET /wp-admin/plugin-install.php HTTP/1.1" 200 73977 "-" "Mozilla/5.0 (Windows NT 10.0; Win64; x64) AppleWebKit/537.36 (KHTML, like Gecko) Chrome/124.0.6367.207 Safari/537.36"
65.111.21.93 - - [23/Feb/2026:14:27:55 +0000] "POST /wp-admin/update.php?action=upload-plugin HTTP/1.1" 301 178 "https://mentoring-wp.dreamstechnologies.com/wp-admin/update.php?action=upload-plugin" "Mozilla/5.0 (Windows NT 10.0; Win64; x64) AppleWebKit/537.36 (KHTML, like Gecko) Chrome/124.0.6367.207 Safari/537.36"
172.187.168.139 - - [23/Feb/2026:14:27:57 +0000] "POST /wp-cron.php?doing_wp_cron=1771856877.3680059909820556640625 HTTP/1.1" 200 31 "-" "WordPress/6.9; https://mentoring-wp.dreamsmarketplace.com"
65.111.21.93 - - [23/Feb/2026:14:27:57 +0000] "GET /wp-admin/update.php?action=upload-plugin HTTP/1.1" 403 1132 "https://mentoring-wp.dreamstechnologies.com/wp-admin/update.php?action=upload-plugin" "Mozilla/5.0 (Windows NT 10.0; Win64; x64) AppleWebKit/537.36 (KHTML, like Gecko) Chrome/124.0.6367.207 Safari/537.36"
83.143.112.14 - - [23/Feb/2026:14:30:22 +0000] "GET / HTTP/1.1" 301 178 "-" "Mozilla/5.0 (Windows NT 10.0; Win64; x64; rv:147.0) Gecko/20100101 Firefox/147.0"
172.187.168.139 - - [23/Feb/2026:14:30:24 +0000] "POST /wp-cron.php?doing_wp_cron=1771857024.3324649333953857421875 HTTP/1.1" 200 31 "-" "WordPress/6.9; https://mentoring-wp.dreamsmarketplace.com"
83.143.112.14 - - [23/Feb/2026:14:30:24 +0000] "GET / HTTP/1.1" 200 14896 "-" "Mozilla/5.0 (Windows NT 10.0; Win64; x64; rv:147.0) Gecko/20100101 Firefox/147.0"
83.143.112.14 - - [23/Feb/2026:14:30:27 +0000] "GET /wp-content/plugins/contact-form-7/includes/css/styles.css?ver=6.1.4 HTTP/1.1" 200 2947 "https://mentoring-wp.dreamsmarketplace.com/" "Mozilla/5.0 (Windows NT 10.0; Win64; x64; rv:147.0) Gecko/20100101 Firefox/147.0"
83.143.112.14 - - [23/Feb/2026:14:30:27 +0000] "GET /wp-content/themes/mentoring/assets/css/v4-shims.min.css?ver=5.11.2 HTTP/1.1" 200 34405 "https://mentoring-wp.dreamsmarketplace.com/" "Mozilla/5.0 (Windows NT 10.0; Win64; x64; rv:147.0) Gecko/20100101 Firefox/147.0"
83.143.112.14 - - [23/Feb/2026:14:30:27 +0000] "GET /wp-content/themes/mentoring/assets/css/magnific-popup.css?ver=1.1.0 HTTP/1.1" 200 7764 "https://mentoring-wp.dreamsmarketplace.com/" "Mozilla/5.0 (Windows NT 10.0; Win64; x64; rv:147.0) Gecko/20100101 Firefox/147.0"
83.143.112.14 - - [23/Feb/2026:14:30:27 +0000] "GET /wp-content/themes/mentoring/assets/css/slick.css?ver=1.0.0 HTTP/1.1" 200 1794 "https://mentoring-wp.dreamsmarketplace.com/" "Mozilla/5.0 (Windows NT 10.0; Win64; x64; rv:147.0) Gecko/20100101 Firefox/147.0"
83.143.112.14 - - [23/Feb/2026:14:30:27 +0000] "GET /wp-content/plugins/frontend-reset-password/assets/css/password-lost.css?ver=6.9 HTTP/1.1" 200 1881 "https://mentoring-wp.dreamsmarketplace.com/" "Mozilla/5.0 (Windows NT 10.0; Win64; x64; rv:147.0) Gecko/20100101 Firefox/147.0"
83.143.112.14 - - [23/Feb/2026:14:30:27 +0000] "GET /wp-content/themes/mentoring/assets/css/animate.min.css?ver=4.1.1 HTTP/1.1" 200 71750 "https://mentoring-wp.dreamsmarketplace.com/" "Mozilla/5.0 (Windows NT 10.0; Win64; x64; rv:147.0) Gecko/20100101 Firefox/147.0"
83.143.112.14 - - [23/Feb/2026:14:30:27 +0000] "GET /wp-content/themes/mentoring/assets/css/font-awesome.min.css?ver=6.4.2 HTTP/1.1" 200 80823 "https://mentoring-wp.dreamsmarketplace.com/" "Mozilla/5.0 (Windows NT 10.0; Win64; x64; rv:147.0) Gecko/20100101 Firefox/147.0"
83.143.112.14 - - [23/Feb/2026:14:30:27 +0000] "GET /wp-content/plugins/woocommerce/assets/css/select2.css?ver=10.4.3 HTTP/1.1" 200 14621 "https://mentoring-wp.dreamsmarketplace.com/" "Mozilla/5.0 (Windows NT 10.0; Win64; x64; rv:147.0) Gecko/20100101 Firefox/147.0"
83.143.112.14 - - [23/Feb/2026:14:30:27 +0000] "GET /wp-content/themes/mentoring/assets/css/all.min.css?ver=6.4.2 HTTP/1.1" 200 102157 "https://mentoring-wp.dreamsmarketplace.com/" "Mozilla/5.0 (Windows NT 10.0; Win64; x64; rv:147.0) Gecko/20100101 Firefox/147.0"
83.143.112.14 - - [23/Feb/2026:14:30:27 +0000] "GET /wp-content/themes/mentoring/style.css?ver=6.9 HTTP/1.1" 200 134452 "https://mentoring-wp.dreamsmarketplace.com/" "Mozilla/5.0 (Windows NT 10.0; Win64; x64; rv:147.0) Gecko/20100101 Firefox/147.0"
83.143.112.14 - - [23/Feb/2026:14:30:27 +0000] "GET /wp-content/themes/mentoring/assets/css/dynamic.css?ver=6.9 HTTP/1.1" 200 48 "https://mentoring-wp.dreamsmarketplace.com/" "Mozilla/5.0 (Windows NT 10.0; Win64; x64; rv:147.0) Gecko/20100101 Firefox/147.0"
83.143.112.14 - - [23/Feb/2026:14:30:27 +0000] "GET /wp-content/themes/mentoring/assets/css/flaticon.css?ver=1.3.5 HTTP/1.1" 200 3397 "https://mentoring-wp.dreamsmarketplace.com/" "Mozilla/5.0 (Windows NT 10.0; Win64; x64; rv:147.0) Gecko/20100101 Firefox/147.0"
83.143.112.14 - - [23/Feb/2026:14:30:27 +0000] "GET /wp-content/themes/mentoring/assets/css/responsive.css?ver=1.3.5 HTTP/1.1" 200 37909 "https://mentoring-wp.dreamsmarketplace.com/" "Mozilla/5.0 (Windows NT 10.0; Win64; x64; rv:147.0) Gecko/20100101 Firefox/147.0"
83.143.112.14 - - [23/Feb/2026:14:30:27 +0000] "GET /wp-content/themes/mentoring/assets/css/theme-woocommerce.css?ver=1.0.0 HTTP/1.1" 200 123644 "https://mentoring-wp.dreamsmarketplace.com/" "Mozilla/5.0 (Windows NT 10.0; Win64; x64; rv:147.0) Gecko/20100101 Firefox/147.0"
83.143.112.14 - - [23/Feb/2026:14:30:27 +0000] "GET /wp-includes/js/jquery/jquery.min.js?ver=3.7.1 HTTP/1.1" 200 87553 "https://mentoring-wp.dreamsmarketplace.com/" "Mozilla/5.0 (Windows NT 10.0; Win64; x64; rv:147.0) Gecko/20100101 Firefox/147.0"
83.143.112.14 - - [23/Feb/2026:14:30:27 +0000] "GET /wp-includes/js/jquery/jquery-migrate.min.js?ver=3.4.1 HTTP/1.1" 200 13577 "https://mentoring-wp.dreamsmarketplace.com/" "Mozilla/5.0 (Windows NT 10.0; Win64; x64; rv:147.0) Gecko/20100101 Firefox/147.0"
83.143.112.14 - - [23/Feb/2026:14:30:27 +0000] "GET /wp-content/plugins/woocommerce/assets/js/select2/select2.full.min.js?ver=4.0.3-wc.10.4.3 HTTP/1.1" 200 74620 "https://mentoring-wp.dreamsmarketplace.com/" "Mozilla/5.0 (Windows NT 10.0; Win64; x64; rv:147.0) Gecko/20100101 Firefox/147.0"
83.143.112.14 - - [23/Feb/2026:14:30:27 +0000] "GET /wp-content/themes/mentoring/assets/css/bootstrap.min.css?ver=5.3.2 HTTP/1.1" 200 232948 "https://mentoring-wp.dreamsmarketplace.com/" "Mozilla/5.0 (Windows NT 10.0; Win64; x64; rv:147.0) Gecko/20100101 Firefox/147.0"
83.143.112.14 - - [23/Feb/2026:14:30:27 +0000] "GET /wp-includes/js/dist/i18n.min.js?ver=c26c3dc7bed366793375 HTTP/1.1" 200 5314 "https://mentoring-wp.dreamsmarketplace.com/" "Mozilla/5.0 (Windows NT 10.0; Win64; x64; rv:147.0) Gecko/20100101 Firefox/147.0"
83.143.112.14 - - [23/Feb/2026:14:30:27 +0000] "GET /wp-content/plugins/contact-form-7/includes/swv/js/index.js?ver=6.1.4 HTTP/1.1" 200 12512 "https://mentoring-wp.dreamsmarketplace.com/" "Mozilla/5.0 (Windows NT 10.0; Win64; x64; rv:147.0) Gecko/20100101 Firefox/147.0"
83.143.112.14 - - [23/Feb/2026:14:30:27 +0000] "GET /wp-content/plugins/contact-form-7/includes/js/index.js?ver=6.1.4 HTTP/1.1" 200 13452 "https://mentoring-wp.dreamsmarketplace.com/" "Mozilla/5.0 (Windows NT 10.0; Win64; x64; rv:147.0) Gecko/20100101 Firefox/147.0"
83.143.112.14 - - [23/Feb/2026:14:30:27 +0000] "GET /wp-content/plugins/frontend-reset-password/assets/js/password-lost.js?ver=1.0.0 HTTP/1.1" 200 860 "https://mentoring-wp.dreamsmarketplace.com/" "Mozilla/5.0 (Windows NT 10.0; Win64; x64; rv:147.0) Gecko/20100101 Firefox/147.0"
83.143.112.14 - - [23/Feb/2026:14:30:27 +0000] "GET /wp-includes/js/imagesloaded.min.js?ver=5.0.0 HTTP/1.1" 200 5520 "https://mentoring-wp.dreamsmarketplace.com/" "Mozilla/5.0 (Windows NT 10.0; Win64; x64; rv:147.0) Gecko/20100101 Firefox/147.0"
83.143.112.14 - - [23/Feb/2026:14:30:27 +0000] "GET /wp-content/themes/mentoring/assets/js/bootstrap.bundle.min.js?ver=5.3.2 HTTP/1.1" 200 80663 "https://mentoring-wp.dreamsmarketplace.com/" "Mozilla/5.0 (Windows NT 10.0; Win64; x64; rv:147.0) Gecko/20100101 Firefox/147.0"
83.143.112.14 - - [23/Feb/2026:14:30:27 +0000] "GET /wp-content/themes/mentoring/assets/js/isotope.min.js?ver=6.9 HTTP/1.1" 200 35428 "https://mentoring-wp.dreamsmarketplace.com/" "Mozilla/5.0 (Windows NT 10.0; Win64; x64; rv:147.0) Gecko/20100101 Firefox/147.0"
83.143.112.14 - - [23/Feb/2026:14:30:27 +0000] "GET /wp-content/themes/mentoring/assets/js/magnific-popup.js?ver=1.1.0 HTTP/1.1" 200 45448 "https://mentoring-wp.dreamsmarketplace.com/" "Mozilla/5.0 (Windows NT 10.0; Win64; x64; rv:147.0) Gecko/20100101 Firefox/147.0"
83.143.112.14 - - [23/Feb/2026:14:30:27 +0000] "GET /wp-content/plugins/woocommerce/assets/client/blocks/wc-blocks.css?ver=wc-10.4.3 HTTP/1.1" 200 14006 "https://mentoring-wp.dreamsmarketplace.com/" "Mozilla/5.0 (Windows NT 10.0; Win64; x64; rv:147.0) Gecko/20100101 Firefox/147.0"
83.143.112.14 - - [23/Feb/2026:14:30:27 +0000] "GET /wp-content/themes/mentoring/assets/js/jquery.inview.min.js?ver=1.3.5 HTTP/1.1" 200 1264 "https://mentoring-wp.dreamsmarketplace.com/" "Mozilla/5.0 (Windows NT 10.0; Win64; x64; rv:147.0) Gecko/20100101 Firefox/147.0"
83.143.112.14 - - [23/Feb/2026:14:30:27 +0000] "GET /wp-includes/js/dist/hooks.min.js?ver=dd5603f07f9220ed27f1 HTTP/1.1" 200 5661 "https://mentoring-wp.dreamsmarketplace.com/" "Mozilla/5.0 (Windows NT 10.0; Win64; x64; rv:147.0) Gecko/20100101 Firefox/147.0"
83.143.112.14 - - [23/Feb/2026:14:30:27 +0000] "GET /wp-includes/js/masonry.min.js?ver=4.2.2 HTTP/1.1" 200 24138 "https://mentoring-wp.dreamsmarketplace.com/" "Mozilla/5.0 (Windows NT 10.0; Win64; x64; rv:147.0) Gecko/20100101 Firefox/147.0"
83.143.112.14 - - [23/Feb/2026:14:30:27 +0000] "GET /wp-content/themes/mentoring/assets/js/jquery.countTo.js?ver=1.3.5 HTTP/1.1" 200 2501 "https://mentoring-wp.dreamsmarketplace.com/" "Mozilla/5.0 (Windows NT 10.0; Win64; x64; rv:147.0) Gecko/20100101 Firefox/147.0"
83.143.112.14 - - [23/Feb/2026:14:30:27 +0000] "GET /wp-content/themes/mentoring/assets/js/slick.min.js?ver=1.3.5 HTTP/1.1" 200 42865 "https://mentoring-wp.dreamsmarketplace.com/" "Mozilla/5.0 (Windows NT 10.0; Win64; x64; rv:147.0) Gecko/20100101 Firefox/147.0"
83.143.112.14 - - [23/Feb/2026:14:30:27 +0000] "GET /wp-content/themes/mentoring/assets/js/popper.min.js?ver=1.3.5 HTTP/1.1" 200 20508 "https://mentoring-wp.dreamsmarketplace.com/" "Mozilla/5.0 (Windows NT 10.0; Win64; x64; rv:147.0) Gecko/20100101 Firefox/147.0"
83.143.112.14 - - [23/Feb/2026:14:30:27 +0000] "GET /wp-content/themes/mentoring/assets/js/theme.js?ver=1.3.5 HTTP/1.1" 200 18158 "https://mentoring-wp.dreamsmarketplace.com/" "Mozilla/5.0 (Windows NT 10.0; Win64; x64; rv:147.0) Gecko/20100101 Firefox/147.0"
83.143.112.14 - - [23/Feb/2026:14:30:27 +0000] "GET /wp-content/themes/mentoring/assets/js/theme-woocommerce.js?ver=1.0.0 HTTP/1.1" 200 3179 "https://mentoring-wp.dreamsmarketplace.com/" "Mozilla/5.0 (Windows NT 10.0; Win64; x64; rv:147.0) Gecko/20100101 Firefox/147.0"
