189.63.120.124 - - [23/Feb/2026:00:17:37 +0000] "GET /wp-admin/admin.php?page=wc-reports HTTP/1.1" 200 73723 "-" "Mozilla/5.0 (Windows NT 10.0; Win64; x64) AppleWebKit/537.36 (KHTML, like Gecko) Chrome/131.0.0.0 Safari/537.36"
172.187.168.139 - - [23/Feb/2026:00:17:43 +0000] "POST /wp-cron.php?doing_wp_cron=1771805863.1853990554809570312500 HTTP/1.1" 200 31 "-" "WordPress/6.9; https://mentoring-wp.dreamsmarketplace.com"
189.63.120.124 - - [23/Feb/2026:00:17:43 +0000] "GET /wp-admin/plugin-install.php HTTP/1.1" 200 73945 "-" "Mozilla/5.0 (Windows NT 10.0; Win64; x64; rv:133.0) Gecko/20100101 Firefox/133.0"
2a03:2880:f800:43:: - - [23/Feb/2026:00:17:44 +0000] "GET /bao-casino-extra-fa-fa-fa-slot-rules-campaigns-2026/ HTTP/1.1" 301 178 "-" "meta-externalagent/1.1 (+https://developers.facebook.com/docs/sharing/webmasters/crawler)"
172.187.168.139 - - [23/Feb/2026:00:17:47 +0000] "POST /wp-cron.php?doing_wp_cron=1771805866.9805850982666015625000 HTTP/1.1" 200 31 "-" "WordPress/6.9; https://mentoring-wp.dreamsmarketplace.com"
189.63.120.124 - - [23/Feb/2026:00:17:47 +0000] "POST /wp-admin/admin-ajax.php HTTP/1.1" 403 33 "-" "Mozilla/5.0 (Windows NT 10.0; Win64; x64) AppleWebKit/537.36 (KHTML, like Gecko) Chrome/131.0.0.0 Safari/537.36"
2a03:2880:f800:c:: - - [23/Feb/2026:00:17:48 +0000] "GET /bitcoin-casinos-online-the-real-deal-currency-usa-best-10-inside-casino-eurogrand-2025/ HTTP/1.1" 301 178 "-" "meta-externalagent/1.1 (+https://developers.facebook.com/docs/sharing/webmasters/crawler)"
172.187.168.139 - - [23/Feb/2026:00:17:52 +0000] "POST /wp-cron.php?doing_wp_cron=1771805872.2090759277343750000000 HTTP/1.1" 200 31 "-" "WordPress/6.9; https://mentoring-wp.dreamsmarketplace.com"
189.63.120.124 - - [23/Feb/2026:00:17:52 +0000] "GET /wp-admin/plugins.php?show_all=1 HTTP/1.1" 200 77282 "-" "Mozilla/5.0 (Windows NT 10.0; Win64; x64) AppleWebKit/537.36 (KHTML, like Gecko) Chrome/131.0.0.0 Safari/537.36"
172.187.168.139 - - [23/Feb/2026:00:17:57 +0000] "POST /wp-cron.php?doing_wp_cron=1771805877.9005889892578125000000 HTTP/1.1" 200 31 "-" "WordPress/6.9; https://mentoring-wp.dreamsmarketplace.com"
189.63.120.124 - - [23/Feb/2026:00:17:57 +0000] "GET /wp-admin/plugins.php?show_all=1 HTTP/1.1" 200 77258 "-" "Mozilla/5.0 (Windows NT 10.0; Win64; x64; rv:133.0) Gecko/20100101 Firefox/133.0"
172.187.168.139 - - [23/Feb/2026:00:18:03 +0000] "POST /wp-cron.php?doing_wp_cron=1771805883.3351609706878662109375 HTTP/1.1" 200 31 "-" "WordPress/6.9; https://mentoring-wp.dreamsmarketplace.com"
189.63.120.124 - - [23/Feb/2026:00:18:03 +0000] "GET /wp-admin/plugins.php HTTP/1.1" 200 77204 "-" "Mozilla/5.0 (Windows NT 10.0; Win64; x64) AppleWebKit/537.36 (KHTML, like Gecko) Chrome/131.0.0.0 Safari/537.36"
172.187.168.139 - - [23/Feb/2026:00:18:07 +0000] "POST /wp-cron.php?doing_wp_cron=1771805887.6904780864715576171875 HTTP/1.1" 200 31 "-" "WordPress/6.9; https://mentoring-wp.dreamsmarketplace.com"
189.63.120.124 - - [23/Feb/2026:00:18:07 +0000] "GET /wp-admin/admin.php?page=wpcode HTTP/1.1" 403 1148 "-" "Mozilla/5.0 (Windows NT 10.0; Win64; x64; rv:133.0) Gecko/20100101 Firefox/133.0"
172.187.168.139 - - [23/Feb/2026:00:18:11 +0000] "POST /wp-cron.php?doing_wp_cron=1771805891.6457059383392333984375 HTTP/1.1" 200 31 "-" "WordPress/6.9; https://mentoring-wp.dreamsmarketplace.com"
189.63.120.124 - - [23/Feb/2026:00:18:11 +0000] "GET /wp-admin/admin.php?page=wpcode-snippet-manager&custom=1 HTTP/1.1" 403 1148 "-" "Mozilla/5.0 (Windows NT 10.0; Win64; x64) AppleWebKit/537.36 (KHTML, like Gecko) Chrome/131.0.0.0 Safari/537.36"
172.187.168.139 - - [23/Feb/2026:00:18:15 +0000] "POST /wp-cron.php?doing_wp_cron=1771805895.5031740665435791015625 HTTP/1.1" 200 31 "-" "WordPress/6.9; https://mentoring-wp.dreamsmarketplace.com"
189.63.120.124 - - [23/Feb/2026:00:18:15 +0000] "GET /wp-admin/admin.php?page=wpcode HTTP/1.1" 403 1148 "-" "Mozilla/5.0 (Windows NT 10.0; Win64; x64) AppleWebKit/537.36 (KHTML, like Gecko) Chrome/131.0.0.0 Safari/537.36"
49.206.115.217 - - [23/Feb/2026:00:18:18 +0000] "GET /wp-login.php HTTP/1.1" 301 178 "http://mentoring-wp.dreamstechnologies.com/wp-login.php" "Mozilla/5.0 (Windows NT 10.0; Win64; x64) AppleWebKit/537.36 (KHTML, like Gecko) Chrome/131.0.0.0 Safari/537.36"
172.187.168.139 - - [23/Feb/2026:00:18:21 +0000] "POST /wp-cron.php?doing_wp_cron=1771805901.7458879947662353515625 HTTP/1.1" 200 31 "-" "WordPress/6.9; https://mentoring-wp.dreamsmarketplace.com"
49.206.115.217 - - [23/Feb/2026:00:18:21 +0000] "GET /wp-login.php HTTP/1.1" 200 2470 "https://mentoring-wp.dreamstechnologies.com/wp-login.php" "Mozilla/5.0 (Windows NT 10.0; Win64; x64) AppleWebKit/537.36 (KHTML, like Gecko) Chrome/131.0.0.0 Safari/537.36"
172.187.168.139 - - [23/Feb/2026:00:18:24 +0000] "POST /wp-cron.php?doing_wp_cron=1771805904.9029800891876220703125 HTTP/1.1" 200 31 "-" "WordPress/6.9; https://mentoring-wp.dreamsmarketplace.com"
49.206.115.217 - - [23/Feb/2026:00:18:24 +0000] "POST /wp-login.php HTTP/1.1" 302 5 "-" "Mozilla/5.0 (Windows NT 10.0; Win64; x64) AppleWebKit/537.36 (KHTML, like Gecko) Chrome/131.0.0.0 Safari/537.36"
172.187.168.139 - - [23/Feb/2026:00:18:29 +0000] "POST /wp-cron.php?doing_wp_cron=1771805909.4230179786682128906250 HTTP/1.1" 200 31 "-" "WordPress/6.9; https://mentoring-wp.dreamsmarketplace.com"
49.206.115.217 - - [23/Feb/2026:00:18:29 +0000] "GET /wp-admin/ HTTP/1.1" 200 18251 "https://mentoring-wp.dreamsmarketplace.com/wp-login.php" "Mozilla/5.0 (Windows NT 10.0; Win64; x64) AppleWebKit/537.36 (KHTML, like Gecko) Chrome/131.0.0.0 Safari/537.36"
172.187.168.139 - - [23/Feb/2026:00:18:32 +0000] "POST /wp-cron.php?doing_wp_cron=1771805912.9548048973083496093750 HTTP/1.1" 200 31 "-" "WordPress/6.9; https://mentoring-wp.dreamsmarketplace.com"
49.206.115.217 - - [23/Feb/2026:00:18:33 +0000] "GET /wp-admin/my-sites.php HTTP/1.1" 500 2514 "-" "Mozilla/5.0 (Windows NT 10.0; Win64; x64) AppleWebKit/537.36 (KHTML, like Gecko) Chrome/131.0.0.0 Safari/537.36"
172.187.168.139 - - [23/Feb/2026:00:18:37 +0000] "POST /wp-cron.php?doing_wp_cron=1771805917.4722929000854492187500 HTTP/1.1" 200 31 "-" "WordPress/6.9; https://mentoring-wp.dreamsmarketplace.com"
49.206.115.217 - - [23/Feb/2026:00:18:37 +0000] "GET /wp-admin/plugins.php?show_all=1 HTTP/1.1" 200 77297 "-" "Mozilla/5.0 (Windows NT 10.0; Win64; x64) AppleWebKit/537.36 (KHTML, like Gecko) Chrome/131.0.0.0 Safari/537.36"
172.187.168.139 - - [23/Feb/2026:00:18:41 +0000] "POST /wp-cron.php?doing_wp_cron=1771805921.9087278842926025390625 HTTP/1.1" 200 31 "-" "WordPress/6.9; https://mentoring-wp.dreamsmarketplace.com"
49.206.115.217 - - [23/Feb/2026:00:18:41 +0000] "GET /wp-admin/admin.php?page=wc-reports HTTP/1.1" 200 73717 "-" "Mozilla/5.0 (Windows NT 10.0; Win64; x64) AppleWebKit/537.36 (KHTML, like Gecko) Chrome/131.0.0.0 Safari/537.36"
172.187.168.139 - - [23/Feb/2026:00:18:47 +0000] "POST /wp-cron.php?doing_wp_cron=1771805927.8208980560302734375000 HTTP/1.1" 200 31 "-" "WordPress/6.9; https://mentoring-wp.dreamsmarketplace.com"
49.206.115.217 - - [23/Feb/2026:00:18:47 +0000] "GET /wp-admin/plugin-install.php HTTP/1.1" 200 73968 "-" "Mozilla/5.0 (Windows NT 10.0; Win64; x64) AppleWebKit/537.36 (KHTML, like Gecko) Chrome/131.0.0.0 Safari/537.36"
172.187.168.139 - - [23/Feb/2026:00:18:51 +0000] "POST /wp-cron.php?doing_wp_cron=1771805931.0309178829193115234375 HTTP/1.1" 200 31 "-" "WordPress/6.9; https://mentoring-wp.dreamsmarketplace.com"
49.206.115.217 - - [23/Feb/2026:00:18:51 +0000] "POST /wp-admin/admin-ajax.php HTTP/1.1" 403 33 "-" "Mozilla/5.0 (Windows NT 10.0; Win64; x64) AppleWebKit/537.36 (KHTML, like Gecko) Chrome/131.0.0.0 Safari/537.36"
172.187.168.139 - - [23/Feb/2026:00:18:55 +0000] "POST /wp-cron.php?doing_wp_cron=1771805935.5850160121917724609375 HTTP/1.1" 200 31 "-" "WordPress/6.9; https://mentoring-wp.dreamsmarketplace.com"
49.206.115.217 - - [23/Feb/2026:00:18:55 +0000] "GET /wp-admin/plugins.php?show_all=1 HTTP/1.1" 200 77295 "-" "Mozilla/5.0 (Windows NT 10.0; Win64; x64) AppleWebKit/537.36 (KHTML, like Gecko) Chrome/131.0.0.0 Safari/537.36"
172.187.168.139 - - [23/Feb/2026:00:19:00 +0000] "POST /wp-cron.php?doing_wp_cron=1771805940.2729411125183105468750 HTTP/1.1" 200 31 "-" "WordPress/6.9; https://mentoring-wp.dreamsmarketplace.com"
49.206.115.217 - - [23/Feb/2026:00:19:00 +0000] "GET /wp-admin/plugins.php?show_all=1 HTTP/1.1" 200 77297 "-" "Mozilla/5.0 (Windows NT 10.0; Win64; x64) AppleWebKit/537.36 (KHTML, like Gecko) Chrome/131.0.0.0 Safari/537.36"
172.187.168.139 - - [23/Feb/2026:00:19:05 +0000] "POST /wp-cron.php?doing_wp_cron=1771805945.3193590641021728515625 HTTP/1.1" 200 31 "-" "WordPress/6.9; https://mentoring-wp.dreamsmarketplace.com"
49.206.115.217 - - [23/Feb/2026:00:19:05 +0000] "GET /wp-admin/plugins.php HTTP/1.1" 200 77189 "-" "Mozilla/5.0 (Windows NT 10.0; Win64; x64; rv:133.0) Gecko/20100101 Firefox/133.0"
172.187.168.139 - - [23/Feb/2026:00:19:08 +0000] "POST /wp-cron.php?doing_wp_cron=1771805948.9291169643402099609375 HTTP/1.1" 200 31 "-" "WordPress/6.9; https://mentoring-wp.dreamsmarketplace.com"
49.206.115.217 - - [23/Feb/2026:00:19:08 +0000] "GET /wp-admin/admin.php?page=wpcode HTTP/1.1" 403 1148 "-" "Mozilla/5.0 (Windows NT 10.0; Win64; x64) AppleWebKit/537.36 (KHTML, like Gecko) Chrome/131.0.0.0 Safari/537.36"
172.187.168.139 - - [23/Feb/2026:00:19:11 +0000] "POST /wp-cron.php?doing_wp_cron=1771805951.9322268962860107421875 HTTP/1.1" 200 31 "-" "WordPress/6.9; https://mentoring-wp.dreamsmarketplace.com"
49.206.115.217 - - [23/Feb/2026:00:19:11 +0000] "GET /wp-admin/admin.php?page=wpcode-snippet-manager&custom=1 HTTP/1.1" 403 1148 "-" "Mozilla/5.0 (Windows NT 10.0; Win64; x64) AppleWebKit/537.36 (KHTML, like Gecko) Chrome/131.0.0.0 Safari/537.36"
172.187.168.139 - - [23/Feb/2026:00:19:15 +0000] "POST /wp-cron.php?doing_wp_cron=1771805955.1948149204254150390625 HTTP/1.1" 200 31 "-" "WordPress/6.9; https://mentoring-wp.dreamsmarketplace.com"
49.206.115.217 - - [23/Feb/2026:00:19:15 +0000] "GET /wp-admin/admin.php?page=wpcode HTTP/1.1" 403 1148 "-" "Mozilla/5.0 (Windows NT 10.0; Win64; x64; rv:133.0) Gecko/20100101 Firefox/133.0"
49.206.115.217 - - [23/Feb/2026:00:19:18 +0000] "GET /wp-login.php HTTP/1.1" 301 178 "http://mentoring-wp.dreamstechnologies.com/wp-login.php" "Mozilla/5.0 (Windows NT 10.0; Win64; x64) AppleWebKit/537.36 (KHTML, like Gecko) Chrome/131.0.0.0 Safari/537.36"
172.187.168.139 - - [23/Feb/2026:00:19:21 +0000] "POST /wp-cron.php?doing_wp_cron=1771805961.5272960662841796875000 HTTP/1.1" 200 31 "-" "WordPress/6.9; https://mentoring-wp.dreamsmarketplace.com"
49.206.115.217 - - [23/Feb/2026:00:19:21 +0000] "GET /wp-login.php HTTP/1.1" 200 2470 "https://mentoring-wp.dreamstechnologies.com/wp-login.php" "Mozilla/5.0 (Windows NT 10.0; Win64; x64) AppleWebKit/537.36 (KHTML, like Gecko) Chrome/131.0.0.0 Safari/537.36"
172.187.168.139 - - [23/Feb/2026:00:19:25 +0000] "POST /wp-cron.php?doing_wp_cron=1771805964.9925580024719238281250 HTTP/1.1" 200 31 "-" "WordPress/6.9; https://mentoring-wp.dreamsmarketplace.com"
49.206.115.217 - - [23/Feb/2026:00:19:25 +0000] "POST /wp-login.php HTTP/1.1" 302 5 "-" "Mozilla/5.0 (Windows NT 10.0; Win64; x64) AppleWebKit/537.36 (KHTML, like Gecko) Chrome/131.0.0.0 Safari/537.36"
172.187.168.139 - - [23/Feb/2026:00:19:29 +0000] "POST /wp-cron.php?doing_wp_cron=1771805969.3892960548400878906250 HTTP/1.1" 200 31 "-" "WordPress/6.9; https://mentoring-wp.dreamsmarketplace.com"
49.206.115.217 - - [23/Feb/2026:00:19:29 +0000] "GET /wp-admin/ HTTP/1.1" 200 18251 "https://mentoring-wp.dreamsmarketplace.com/wp-login.php" "Mozilla/5.0 (Windows NT 10.0; Win64; x64) AppleWebKit/537.36 (KHTML, like Gecko) Chrome/131.0.0.0 Safari/537.36"
172.187.168.139 - - [23/Feb/2026:00:19:33 +0000] "POST /wp-cron.php?doing_wp_cron=1771805973.1439149379730224609375 HTTP/1.1" 200 31 "-" "WordPress/6.9; https://mentoring-wp.dreamsmarketplace.com"
49.206.115.217 - - [23/Feb/2026:00:19:33 +0000] "GET /wp-admin/my-sites.php HTTP/1.1" 500 2514 "-" "Mozilla/5.0 (Windows NT 10.0; Win64; x64) AppleWebKit/537.36 (KHTML, like Gecko) Chrome/131.0.0.0 Safari/537.36"
172.187.168.139 - - [23/Feb/2026:00:19:37 +0000] "POST /wp-cron.php?doing_wp_cron=1771805977.4982650279998779296875 HTTP/1.1" 200 31 "-" "WordPress/6.9; https://mentoring-wp.dreamsmarketplace.com"
49.206.115.217 - - [23/Feb/2026:00:19:37 +0000] "GET /wp-admin/plugins.php?show_all=1 HTTP/1.1" 200 77310 "-" "Mozilla/5.0 (Windows NT 10.0; Win64; x64) AppleWebKit/537.36 (KHTML, like Gecko) Chrome/131.0.0.0 Safari/537.36"
172.187.168.139 - - [23/Feb/2026:00:19:41 +0000] "POST /wp-cron.php?doing_wp_cron=1771805981.5909330844879150390625 HTTP/1.1" 200 31 "-" "WordPress/6.9; https://mentoring-wp.dreamsmarketplace.com"
49.206.115.217 - - [23/Feb/2026:00:19:41 +0000] "GET /wp-admin/admin.php?page=wc-reports HTTP/1.1" 200 73726 "-" "Mozilla/5.0 (Windows NT 10.0; Win64; x64) AppleWebKit/537.36 (KHTML, like Gecko) Chrome/131.0.0.0 Safari/537.36"
2a03:2880:f800:32:: - - [23/Feb/2026:00:19:42 +0000] "GET /spielsaal-25-seite-besuchen-euro-provision-exklusive-einzahlung-top-casinos-2026/ HTTP/1.1" 301 178 "-" "meta-externalagent/1.1 (+https://developers.facebook.com/docs/sharing/webmasters/crawler)"
172.187.168.139 - - [23/Feb/2026:00:19:46 +0000] "POST /wp-cron.php?doing_wp_cron=1771805986.4471230506896972656250 HTTP/1.1" 200 31 "-" "WordPress/6.9; https://mentoring-wp.dreamsmarketplace.com"
49.206.115.217 - - [23/Feb/2026:00:19:46 +0000] "GET /wp-admin/plugin-install.php HTTP/1.1" 200 73973 "-" "Mozilla/5.0 (Windows NT 10.0; Win64; x64) AppleWebKit/537.36 (KHTML, like Gecko) Chrome/131.0.0.0 Safari/537.36"
172.187.168.139 - - [23/Feb/2026:00:19:50 +0000] "POST /wp-cron.php?doing_wp_cron=1771805990.2717850208282470703125 HTTP/1.1" 200 31 "-" "WordPress/6.9; https://mentoring-wp.dreamsmarketplace.com"
49.206.115.217 - - [23/Feb/2026:00:19:50 +0000] "POST /wp-admin/admin-ajax.php HTTP/1.1" 403 33 "-" "Mozilla/5.0 (Windows NT 10.0; Win64; x64) AppleWebKit/537.36 (KHTML, like Gecko) Chrome/131.0.0.0 Safari/537.36"
172.187.168.139 - - [23/Feb/2026:00:19:54 +0000] "POST /wp-cron.php?doing_wp_cron=1771805994.9199340343475341796875 HTTP/1.1" 200 31 "-" "WordPress/6.9; https://mentoring-wp.dreamsmarketplace.com"
49.206.115.217 - - [23/Feb/2026:00:19:54 +0000] "GET /wp-admin/plugins.php?show_all=1 HTTP/1.1" 200 77310 "-" "Mozilla/5.0 (Windows NT 10.0; Win64; x64) AppleWebKit/537.36 (KHTML, like Gecko) Chrome/131.0.0.0 Safari/537.36"
172.187.168.139 - - [23/Feb/2026:00:19:59 +0000] "POST /wp-cron.php?doing_wp_cron=1771805999.5335249900817871093750 HTTP/1.1" 200 31 "-" "WordPress/6.9; https://mentoring-wp.dreamsmarketplace.com"
49.206.115.217 - - [23/Feb/2026:00:19:59 +0000] "GET /wp-admin/plugins.php?show_all=1 HTTP/1.1" 200 77287 "-" "Mozilla/5.0 (Windows NT 10.0; Win64; x64; rv:133.0) Gecko/20100101 Firefox/133.0"
172.187.168.139 - - [23/Feb/2026:00:20:04 +0000] "POST /wp-cron.php?doing_wp_cron=1771806004.6435239315032958984375 HTTP/1.1" 200 31 "-" "WordPress/6.9; https://mentoring-wp.dreamsmarketplace.com"
49.206.115.217 - - [23/Feb/2026:00:20:04 +0000] "GET /wp-admin/plugins.php HTTP/1.1" 200 77211 "-" "Mozilla/5.0 (Windows NT 10.0; Win64; x64; rv:133.0) Gecko/20100101 Firefox/133.0"
172.187.168.139 - - [23/Feb/2026:00:20:08 +0000] "POST /wp-cron.php?doing_wp_cron=1771806008.1605989933013916015625 HTTP/1.1" 200 31 "-" "WordPress/6.9; https://mentoring-wp.dreamsmarketplace.com"
49.206.115.217 - - [23/Feb/2026:00:20:08 +0000] "GET /wp-admin/admin.php?page=wpcode HTTP/1.1" 403 1148 "-" "Mozilla/5.0 (Windows NT 10.0; Win64; x64; rv:133.0) Gecko/20100101 Firefox/133.0"
172.187.168.139 - - [23/Feb/2026:00:20:11 +0000] "POST /wp-cron.php?doing_wp_cron=1771806011.2592000961303710937500 HTTP/1.1" 200 31 "-" "WordPress/6.9; https://mentoring-wp.dreamsmarketplace.com"
49.206.115.217 - - [23/Feb/2026:00:20:11 +0000] "GET /wp-admin/admin.php?page=wpcode-snippet-manager&custom=1 HTTP/1.1" 403 1148 "-" "Mozilla/5.0 (Windows NT 10.0; Win64; x64) AppleWebKit/537.36 (KHTML, like Gecko) Chrome/131.0.0.0 Safari/537.36"
172.187.168.139 - - [23/Feb/2026:00:20:14 +0000] "POST /wp-cron.php?doing_wp_cron=1771806014.0866410732269287109375 HTTP/1.1" 200 31 "-" "WordPress/6.9; https://mentoring-wp.dreamsmarketplace.com"
49.206.115.217 - - [23/Feb/2026:00:20:14 +0000] "GET /wp-admin/admin.php?page=wpcode HTTP/1.1" 403 1148 "-" "Mozilla/5.0 (Windows NT 10.0; Win64; x64; rv:133.0) Gecko/20100101 Firefox/133.0"
165.165.108.34 - - [23/Feb/2026:00:20:17 +0000] "GET /wp-login.php HTTP/1.1" 301 178 "http://mentoring-wp.dreamstechnologies.com/wp-login.php" "Mozilla/5.0 (Windows NT 10.0; Win64; x64) AppleWebKit/537.36 (KHTML, like Gecko) Chrome/131.0.0.0 Safari/537.36"
172.187.168.139 - - [23/Feb/2026:00:20:21 +0000] "POST /wp-cron.php?doing_wp_cron=1771806020.9859979152679443359375 HTTP/1.1" 200 31 "-" "WordPress/6.9; https://mentoring-wp.dreamsmarketplace.com"
165.165.108.34 - - [23/Feb/2026:00:20:21 +0000] "GET /wp-login.php HTTP/1.1" 200 2470 "https://mentoring-wp.dreamstechnologies.com/wp-login.php" "Mozilla/5.0 (Windows NT 10.0; Win64; x64) AppleWebKit/537.36 (KHTML, like Gecko) Chrome/131.0.0.0 Safari/537.36"
172.187.168.139 - - [23/Feb/2026:00:20:24 +0000] "POST /wp-cron.php?doing_wp_cron=1771806024.4708518981933593750000 HTTP/1.1" 200 31 "-" "WordPress/6.9; https://mentoring-wp.dreamsmarketplace.com"
165.165.108.34 - - [23/Feb/2026:00:20:24 +0000] "POST /wp-login.php HTTP/1.1" 302 5 "-" "Mozilla/5.0 (Windows NT 10.0; Win64; x64) AppleWebKit/537.36 (KHTML, like Gecko) Chrome/131.0.0.0 Safari/537.36"
172.187.168.139 - - [23/Feb/2026:00:20:29 +0000] "POST /wp-cron.php?doing_wp_cron=1771806029.0170090198516845703125 HTTP/1.1" 200 31 "-" "WordPress/6.9; https://mentoring-wp.dreamsmarketplace.com"
165.165.108.34 - - [23/Feb/2026:00:20:29 +0000] "GET /wp-admin/ HTTP/1.1" 200 18243 "https://mentoring-wp.dreamsmarketplace.com/wp-login.php" "Mozilla/5.0 (Windows NT 10.0; Win64; x64) AppleWebKit/537.36 (KHTML, like Gecko) Chrome/131.0.0.0 Safari/537.36"
172.187.168.139 - - [23/Feb/2026:00:20:33 +0000] "POST /wp-cron.php?doing_wp_cron=1771806033.1938829421997070312500 HTTP/1.1" 200 31 "-" "WordPress/6.9; https://mentoring-wp.dreamsmarketplace.com"
165.165.108.34 - - [23/Feb/2026:00:20:33 +0000] "GET /wp-admin/my-sites.php HTTP/1.1" 500 2514 "-" "Mozilla/5.0 (Windows NT 10.0; Win64; x64) AppleWebKit/537.36 (KHTML, like Gecko) Chrome/131.0.0.0 Safari/537.36"
128.1.218.152 - - [23/Feb/2026:00:20:35 +0000] "POST /xmlrpc.php HTTP/1.1" 301 178 "-" "Mozilla/5.0 (Windows NT 10.0; Win64; x64) AppleWebKit/537.36 (KHTML, like Gecko) Chrome/114.0.0.0 Safari/537.36"
172.187.168.139 - - [23/Feb/2026:00:20:37 +0000] "POST /wp-cron.php?doing_wp_cron=1771806037.6502909660339355468750 HTTP/1.1" 200 31 "-" "WordPress/6.9; https://mentoring-wp.dreamsmarketplace.com"
128.1.218.152 - - [23/Feb/2026:00:20:37 +0000] "GET /xmlrpc.php HTTP/1.1" 405 53 "-" "Mozilla/5.0 (Windows NT 10.0; Win64; x64) AppleWebKit/537.36 (KHTML, like Gecko) Chrome/114.0.0.0 Safari/537.36"
128.1.218.152 - - [23/Feb/2026:00:20:38 +0000] "POST /xmlrpc.php HTTP/1.1" 301 178 "-" "Mozilla/5.0 (Windows NT 10.0; Win64; x64) AppleWebKit/537.36 (KHTML, like Gecko) Chrome/114.0.0.0 Safari/537.36"
172.187.168.139 - - [23/Feb/2026:00:20:38 +0000] "POST /wp-cron.php?doing_wp_cron=1771806038.9055180549621582031250 HTTP/1.1" 200 31 "-" "WordPress/6.9; https://mentoring-wp.dreamsmarketplace.com"
165.165.108.34 - - [23/Feb/2026:00:20:38 +0000] "GET /wp-admin/plugins.php?show_all=1 HTTP/1.1" 200 75740 "-" "Mozilla/5.0 (Windows NT 10.0; Win64; x64) AppleWebKit/537.36 (KHTML, like Gecko) Chrome/131.0.0.0 Safari/537.36"
172.187.168.139 - - [23/Feb/2026:00:20:40 +0000] "POST /wp-cron.php?doing_wp_cron=1771806040.4749619960784912109375 HTTP/1.1" 200 31 "-" "WordPress/6.9; https://mentoring-wp.dreamsmarketplace.com"
128.1.218.152 - - [23/Feb/2026:00:20:40 +0000] "GET /xmlrpc.php HTTP/1.1" 405 53 "-" "Mozilla/5.0 (Windows NT 10.0; Win64; x64) AppleWebKit/537.36 (KHTML, like Gecko) Chrome/114.0.0.0 Safari/537.36"
172.187.168.139 - - [23/Feb/2026:00:20:43 +0000] "POST /wp-cron.php?doing_wp_cron=1771806043.3491969108581542968750 HTTP/1.1" 200 31 "-" "WordPress/6.9; https://mentoring-wp.dreamsmarketplace.com"
165.165.108.34 - - [23/Feb/2026:00:20:43 +0000] "GET /wp-admin/admin.php?page=wc-reports HTTP/1.1" 200 73699 "-" "Mozilla/5.0 (Windows NT 10.0; Win64; x64; rv:133.0) Gecko/20100101 Firefox/133.0"
172.187.168.139 - - [23/Feb/2026:00:20:48 +0000] "POST /wp-cron.php?doing_wp_cron=1771806048.2096869945526123046875 HTTP/1.1" 200 31 "-" "WordPress/6.9; https://mentoring-wp.dreamsmarketplace.com"
165.165.108.34 - - [23/Feb/2026:00:20:48 +0000] "GET /wp-admin/plugin-install.php HTTP/1.1" 200 73971 "-" "Mozilla/5.0 (Windows NT 10.0; Win64; x64) AppleWebKit/537.36 (KHTML, like Gecko) Chrome/131.0.0.0 Safari/537.36"
172.187.168.139 - - [23/Feb/2026:00:20:52 +0000] "POST /wp-cron.php?doing_wp_cron=1771806051.9682009220123291015625 HTTP/1.1" 200 31 "-" "WordPress/6.9; https://mentoring-wp.dreamsmarketplace.com"
165.165.108.34 - - [23/Feb/2026:00:20:52 +0000] "POST /wp-admin/admin-ajax.php HTTP/1.1" 403 33 "-" "Mozilla/5.0 (Windows NT 10.0; Win64; x64; rv:133.0) Gecko/20100101 Firefox/133.0"
172.187.168.139 - - [23/Feb/2026:00:20:56 +0000] "POST /wp-cron.php?doing_wp_cron=1771806056.8905990123748779296875 HTTP/1.1" 200 31 "-" "WordPress/6.9; https://mentoring-wp.dreamsmarketplace.com"
165.165.108.34 - - [23/Feb/2026:00:20:56 +0000] "GET /wp-admin/plugins.php?show_all=1 HTTP/1.1" 200 77257 "-" "Mozilla/5.0 (Windows NT 10.0; Win64; x64) AppleWebKit/537.36 (KHTML, like Gecko) Chrome/131.0.0.0 Safari/537.36"
172.187.168.139 - - [23/Feb/2026:00:21:01 +0000] "POST /wp-cron.php?doing_wp_cron=1771806061.6746139526367187500000 HTTP/1.1" 200 31 "-" "WordPress/6.9; https://mentoring-wp.dreamsmarketplace.com"
165.165.108.34 - - [23/Feb/2026:00:21:01 +0000] "GET /wp-admin/plugins.php?show_all=1 HTTP/1.1" 200 77233 "-" "Mozilla/5.0 (Windows NT 10.0; Win64; x64; rv:133.0) Gecko/20100101 Firefox/133.0"
172.187.168.139 - - [23/Feb/2026:00:21:23 +0000] "POST /wp-cron.php?doing_wp_cron=1771806083.1407449245452880859375 HTTP/1.1" 200 31 "-" "WordPress/6.9; https://mentoring-wp.dreamsmarketplace.com"
165.165.108.34 - - [23/Feb/2026:00:21:23 +0000] "GET /wp-admin/plugins.php HTTP/1.1" 200 77175 "-" "Mozilla/5.0 (Windows NT 10.0; Win64; x64) AppleWebKit/537.36 (KHTML, like Gecko) Chrome/131.0.0.0 Safari/537.36"
172.187.168.139 - - [23/Feb/2026:00:21:37 +0000] "POST /wp-cron.php?doing_wp_cron=1771806097.5856978893280029296875 HTTP/1.1" 200 31 "-" "WordPress/6.9; https://mentoring-wp.dreamsmarketplace.com"
165.165.108.34 - - [23/Feb/2026:00:21:37 +0000] "GET /wp-admin/admin.php?page=wpcode HTTP/1.1" 403 1148 "-" "Mozilla/5.0 (Windows NT 10.0; Win64; x64) AppleWebKit/537.36 (KHTML, like Gecko) Chrome/131.0.0.0 Safari/537.36"
172.187.168.139 - - [23/Feb/2026:00:21:41 +0000] "POST /wp-cron.php?doing_wp_cron=1771806101.1900439262390136718750 HTTP/1.1" 200 31 "-" "WordPress/6.9; https://mentoring-wp.dreamsmarketplace.com"
165.165.108.34 - - [23/Feb/2026:00:21:41 +0000] "GET /wp-admin/admin.php?page=wpcode-snippet-manager&custom=1 HTTP/1.1" 403 1148 "-" "Mozilla/5.0 (Windows NT 10.0; Win64; x64; rv:133.0) Gecko/20100101 Firefox/133.0"
172.187.168.139 - - [23/Feb/2026:00:21:44 +0000] "POST /wp-cron.php?doing_wp_cron=1771806104.4965429306030273437500 HTTP/1.1" 200 31 "-" "WordPress/6.9; https://mentoring-wp.dreamsmarketplace.com"
165.165.108.34 - - [23/Feb/2026:00:21:44 +0000] "GET /wp-admin/admin.php?page=wpcode HTTP/1.1" 403 1148 "-" "Mozilla/5.0 (Windows NT 10.0; Win64; x64) AppleWebKit/537.36 (KHTML, like Gecko) Chrome/131.0.0.0 Safari/537.36"
165.165.108.34 - - [23/Feb/2026:00:21:48 +0000] "GET /wp-login.php HTTP/1.1" 301 178 "http://mentoring-wp.dreamstechnologies.com/wp-login.php" "Mozilla/5.0 (Windows NT 10.0; Win64; x64) AppleWebKit/537.36 (KHTML, like Gecko) Chrome/131.0.0.0 Safari/537.36"
172.187.168.139 - - [23/Feb/2026:00:21:52 +0000] "POST /wp-cron.php?doing_wp_cron=1771806112.2815759181976318359375 HTTP/1.1" 200 31 "-" "WordPress/6.9; https://mentoring-wp.dreamsmarketplace.com"
165.165.108.34 - - [23/Feb/2026:00:21:52 +0000] "GET /wp-login.php HTTP/1.1" 200 2470 "https://mentoring-wp.dreamstechnologies.com/wp-login.php" "Mozilla/5.0 (Windows NT 10.0; Win64; x64) AppleWebKit/537.36 (KHTML, like Gecko) Chrome/131.0.0.0 Safari/537.36"
172.187.168.139 - - [23/Feb/2026:00:21:55 +0000] "POST /wp-cron.php?doing_wp_cron=1771806115.3205211162567138671875 HTTP/1.1" 200 31 "-" "WordPress/6.9; https://mentoring-wp.dreamsmarketplace.com"
165.165.108.34 - - [23/Feb/2026:00:21:55 +0000] "POST /wp-login.php HTTP/1.1" 302 5 "-" "Mozilla/5.0 (Windows NT 10.0; Win64; x64) AppleWebKit/537.36 (KHTML, like Gecko) Chrome/131.0.0.0 Safari/537.36"
172.187.168.139 - - [23/Feb/2026:00:22:00 +0000] "POST /wp-cron.php?doing_wp_cron=1771806120.2004389762878417968750 HTTP/1.1" 200 31 "-" "WordPress/6.9; https://mentoring-wp.dreamsmarketplace.com"
165.165.108.34 - - [23/Feb/2026:00:22:00 +0000] "GET /wp-admin/ HTTP/1.1" 200 18253 "https://mentoring-wp.dreamsmarketplace.com/wp-login.php" "Mozilla/5.0 (Windows NT 10.0; Win64; x64) AppleWebKit/537.36 (KHTML, like Gecko) Chrome/131.0.0.0 Safari/537.36"
172.187.168.139 - - [23/Feb/2026:00:22:04 +0000] "POST /wp-cron.php?doing_wp_cron=1771806124.4251959323883056640625 HTTP/1.1" 200 31 "-" "WordPress/6.9; https://mentoring-wp.dreamsmarketplace.com"
165.165.108.34 - - [23/Feb/2026:00:22:04 +0000] "GET /wp-admin/my-sites.php HTTP/1.1" 500 2514 "-" "Mozilla/5.0 (Windows NT 10.0; Win64; x64) AppleWebKit/537.36 (KHTML, like Gecko) Chrome/131.0.0.0 Safari/537.36"
172.187.168.139 - - [23/Feb/2026:00:22:09 +0000] "POST /wp-cron.php?doing_wp_cron=1771806129.8704960346221923828125 HTTP/1.1" 200 31 "-" "WordPress/6.9; https://mentoring-wp.dreamsmarketplace.com"
165.165.108.34 - - [23/Feb/2026:00:22:09 +0000] "GET /wp-admin/plugins.php?show_all=1 HTTP/1.1" 200 77318 "-" "Mozilla/5.0 (Windows NT 10.0; Win64; x64) AppleWebKit/537.36 (KHTML, like Gecko) Chrome/131.0.0.0 Safari/537.36"
172.187.168.139 - - [23/Feb/2026:00:22:14 +0000] "POST /wp-cron.php?doing_wp_cron=1771806134.2662711143493652343750 HTTP/1.1" 200 31 "-" "WordPress/6.9; https://mentoring-wp.dreamsmarketplace.com"
165.165.108.34 - - [23/Feb/2026:00:22:14 +0000] "GET /wp-admin/admin.php?page=wc-reports HTTP/1.1" 200 73733 "-" "Mozilla/5.0 (Windows NT 10.0; Win64; x64) AppleWebKit/537.36 (KHTML, like Gecko) Chrome/131.0.0.0 Safari/537.36"
2a03:2880:f800:2b:: - - [23/Feb/2026:00:22:16 +0000] "GET /casino-guidebog-gratis-immortal-romance-ingen-indbetalingsfrie-spins-spillemaskiner-spilleban-bonus-herredshovdin-udvej/ HTTP/1.1" 301 178 "-" "meta-externalagent/1.1 (+https://developers.facebook.com/docs/sharing/webmasters/crawler)"
172.187.168.139 - - [23/Feb/2026:00:22:19 +0000] "POST /wp-cron.php?doing_wp_cron=1771806139.2488238811492919921875 HTTP/1.1" 200 31 "-" "WordPress/6.9; https://mentoring-wp.dreamsmarketplace.com"
165.165.108.34 - - [23/Feb/2026:00:22:19 +0000] "GET /wp-admin/plugin-install.php HTTP/1.1" 200 73992 "-" "Mozilla/5.0 (Windows NT 10.0; Win64; x64) AppleWebKit/537.36 (KHTML, like Gecko) Chrome/131.0.0.0 Safari/537.36"
172.187.168.139 - - [23/Feb/2026:00:22:22 +0000] "POST /wp-cron.php?doing_wp_cron=1771806142.5450780391693115234375 HTTP/1.1" 200 31 "-" "WordPress/6.9; https://mentoring-wp.dreamsmarketplace.com"
165.165.108.34 - - [23/Feb/2026:00:22:22 +0000] "POST /wp-admin/admin-ajax.php HTTP/1.1" 403 33 "-" "Mozilla/5.0 (Windows NT 10.0; Win64; x64) AppleWebKit/537.36 (KHTML, like Gecko) Chrome/131.0.0.0 Safari/537.36"
172.187.168.139 - - [23/Feb/2026:00:22:27 +0000] "POST /wp-cron.php?doing_wp_cron=1771806147.0022180080413818359375 HTTP/1.1" 200 31 "-" "WordPress/6.9; https://mentoring-wp.dreamsmarketplace.com"
165.165.108.34 - - [23/Feb/2026:00:22:27 +0000] "GET /wp-admin/plugins.php?show_all=1 HTTP/1.1" 200 77318 "-" "Mozilla/5.0 (Windows NT 10.0; Win64; x64) AppleWebKit/537.36 (KHTML, like Gecko) Chrome/131.0.0.0 Safari/537.36"
172.187.168.139 - - [23/Feb/2026:00:22:32 +0000] "POST /wp-cron.php?doing_wp_cron=1771806152.2155098915100097656250 HTTP/1.1" 200 31 "-" "WordPress/6.9; https://mentoring-wp.dreamsmarketplace.com"
165.165.108.34 - - [23/Feb/2026:00:22:32 +0000] "GET /wp-admin/plugins.php?show_all=1 HTTP/1.1" 200 77295 "-" "Mozilla/5.0 (Windows NT 10.0; Win64; x64; rv:133.0) Gecko/20100101 Firefox/133.0"
172.187.168.139 - - [23/Feb/2026:00:22:37 +0000] "POST /wp-cron.php?doing_wp_cron=1771806157.4751369953155517578125 HTTP/1.1" 200 31 "-" "WordPress/6.9; https://mentoring-wp.dreamsmarketplace.com"
165.165.108.34 - - [23/Feb/2026:00:22:37 +0000] "GET /wp-admin/plugins.php HTTP/1.1" 200 77242 "-" "Mozilla/5.0 (Windows NT 10.0; Win64; x64) AppleWebKit/537.36 (KHTML, like Gecko) Chrome/131.0.0.0 Safari/537.36"
172.187.168.139 - - [23/Feb/2026:00:22:41 +0000] "POST /wp-cron.php?doing_wp_cron=1771806161.5614540576934814453125 HTTP/1.1" 200 31 "-" "WordPress/6.9; https://mentoring-wp.dreamsmarketplace.com"
165.165.108.34 - - [23/Feb/2026:00:22:41 +0000] "GET /wp-admin/admin.php?page=wpcode HTTP/1.1" 403 1148 "-" "Mozilla/5.0 (Windows NT 10.0; Win64; x64) AppleWebKit/537.36 (KHTML, like Gecko) Chrome/131.0.0.0 Safari/537.36"
172.187.168.139 - - [23/Feb/2026:00:22:45 +0000] "POST /wp-cron.php?doing_wp_cron=1771806165.2960669994354248046875 HTTP/1.1" 200 31 "-" "WordPress/6.9; https://mentoring-wp.dreamsmarketplace.com"
165.165.108.34 - - [23/Feb/2026:00:22:45 +0000] "GET /wp-admin/admin.php?page=wpcode-snippet-manager&custom=1 HTTP/1.1" 403 1148 "-" "Mozilla/5.0 (Windows NT 10.0; Win64; x64; rv:133.0) Gecko/20100101 Firefox/133.0"
172.187.168.139 - - [23/Feb/2026:00:22:48 +0000] "POST /wp-cron.php?doing_wp_cron=1771806168.5587179660797119140625 HTTP/1.1" 200 31 "-" "WordPress/6.9; https://mentoring-wp.dreamsmarketplace.com"
165.165.108.34 - - [23/Feb/2026:00:22:48 +0000] "GET /wp-admin/admin.php?page=wpcode HTTP/1.1" 403 1148 "-" "Mozilla/5.0 (Windows NT 10.0; Win64; x64) AppleWebKit/537.36 (KHTML, like Gecko) Chrome/131.0.0.0 Safari/537.36"
45.192.138.66 - - [23/Feb/2026:00:22:51 +0000] "GET /wp-login.php HTTP/1.1" 301 178 "http://mentoring-wp.dreamstechnologies.com/wp-login.php" "Mozilla/5.0 (Windows NT 10.0; Win64; x64) AppleWebKit/537.36 (KHTML, like Gecko) Chrome/131.0.0.0 Safari/537.36"
172.187.168.139 - - [23/Feb/2026:00:22:54 +0000] "POST /wp-cron.php?doing_wp_cron=1771806174.9368960857391357421875 HTTP/1.1" 200 31 "-" "WordPress/6.9; https://mentoring-wp.dreamsmarketplace.com"
45.192.138.66 - - [23/Feb/2026:00:22:54 +0000] "GET /wp-login.php HTTP/1.1" 200 2470 "https://mentoring-wp.dreamstechnologies.com/wp-login.php" "Mozilla/5.0 (Windows NT 10.0; Win64; x64) AppleWebKit/537.36 (KHTML, like Gecko) Chrome/131.0.0.0 Safari/537.36"
172.187.168.139 - - [23/Feb/2026:00:22:59 +0000] "POST /wp-cron.php?doing_wp_cron=1771806179.5220170021057128906250 HTTP/1.1" 200 31 "-" "WordPress/6.9; https://mentoring-wp.dreamsmarketplace.com"
45.192.138.66 - - [23/Feb/2026:00:22:59 +0000] "POST /wp-login.php HTTP/1.1" 302 5 "-" "Mozilla/5.0 (Windows NT 10.0; Win64; x64) AppleWebKit/537.36 (KHTML, like Gecko) Chrome/131.0.0.0 Safari/537.36"
172.187.168.139 - - [23/Feb/2026:00:23:04 +0000] "POST /wp-cron.php?doing_wp_cron=1771806184.3558459281921386718750 HTTP/1.1" 200 31 "-" "WordPress/6.9; https://mentoring-wp.dreamsmarketplace.com"
45.192.138.66 - - [23/Feb/2026:00:23:04 +0000] "GET /wp-admin/ HTTP/1.1" 200 18256 "https://mentoring-wp.dreamsmarketplace.com/wp-login.php" "Mozilla/5.0 (Windows NT 10.0; Win64; x64) AppleWebKit/537.36 (KHTML, like Gecko) Chrome/131.0.0.0 Safari/537.36"
172.187.168.139 - - [23/Feb/2026:00:23:08 +0000] "POST /wp-cron.php?doing_wp_cron=1771806188.8867731094360351562500 HTTP/1.1" 200 31 "-" "WordPress/6.9; https://mentoring-wp.dreamsmarketplace.com"
45.192.138.66 - - [23/Feb/2026:00:23:08 +0000] "GET /wp-admin/my-sites.php HTTP/1.1" 500 2514 "-" "Mozilla/5.0 (Windows NT 10.0; Win64; x64) AppleWebKit/537.36 (KHTML, like Gecko) Chrome/131.0.0.0 Safari/537.36"
172.187.168.139 - - [23/Feb/2026:00:23:13 +0000] "POST /wp-cron.php?doing_wp_cron=1771806193.0208098888397216796875 HTTP/1.1" 200 31 "-" "WordPress/6.9; https://mentoring-wp.dreamsmarketplace.com"
45.192.138.66 - - [23/Feb/2026:00:23:13 +0000] "GET /wp-admin/plugins.php?show_all=1 HTTP/1.1" 200 77250 "-" "Mozilla/5.0 (Windows NT 10.0; Win64; x64) AppleWebKit/537.36 (KHTML, like Gecko) Chrome/131.0.0.0 Safari/537.36"
172.187.168.139 - - [23/Feb/2026:00:23:18 +0000] "POST /wp-cron.php?doing_wp_cron=1771806198.0415120124816894531250 HTTP/1.1" 200 31 "-" "WordPress/6.9; https://mentoring-wp.dreamsmarketplace.com"
45.192.138.66 - - [23/Feb/2026:00:23:18 +0000] "GET /wp-admin/admin.php?page=wc-reports HTTP/1.1" 200 73726 "-" "Mozilla/5.0 (Windows NT 10.0; Win64; x64) AppleWebKit/537.36 (KHTML, like Gecko) Chrome/131.0.0.0 Safari/537.36"
172.187.168.139 - - [23/Feb/2026:00:23:23 +0000] "POST /wp-cron.php?doing_wp_cron=1771806203.3438980579376220703125 HTTP/1.1" 200 31 "-" "WordPress/6.9; https://mentoring-wp.dreamsmarketplace.com"
45.192.138.66 - - [23/Feb/2026:00:23:23 +0000] "GET /wp-admin/plugin-install.php HTTP/1.1" 200 73943 "-" "Mozilla/5.0 (Windows NT 10.0; Win64; x64; rv:133.0) Gecko/20100101 Firefox/133.0"
172.187.168.139 - - [23/Feb/2026:00:23:26 +0000] "POST /wp-cron.php?doing_wp_cron=1771806206.2042438983917236328125 HTTP/1.1" 200 31 "-" "WordPress/6.9; https://mentoring-wp.dreamsmarketplace.com"
45.192.138.66 - - [23/Feb/2026:00:23:26 +0000] "POST /wp-admin/admin-ajax.php HTTP/1.1" 403 33 "-" "Mozilla/5.0 (Windows NT 10.0; Win64; x64) AppleWebKit/537.36 (KHTML, like Gecko) Chrome/131.0.0.0 Safari/537.36"
172.187.168.139 - - [23/Feb/2026:00:23:31 +0000] "POST /wp-cron.php?doing_wp_cron=1771806211.3674650192260742187500 HTTP/1.1" 200 31 "-" "WordPress/6.9; https://mentoring-wp.dreamsmarketplace.com"
45.192.138.66 - - [23/Feb/2026:00:23:31 +0000] "GET /wp-admin/plugins.php?show_all=1 HTTP/1.1" 200 77251 "-" "Mozilla/5.0 (Windows NT 10.0; Win64; x64) AppleWebKit/537.36 (KHTML, like Gecko) Chrome/131.0.0.0 Safari/537.36"
172.187.168.139 - - [23/Feb/2026:00:23:36 +0000] "POST /wp-cron.php?doing_wp_cron=1771806216.8191630840301513671875 HTTP/1.1" 200 31 "-" "WordPress/6.9; https://mentoring-wp.dreamsmarketplace.com"
45.192.138.66 - - [23/Feb/2026:00:23:36 +0000] "GET /wp-admin/plugins.php?show_all=1 HTTP/1.1" 200 77251 "-" "Mozilla/5.0 (Windows NT 10.0; Win64; x64) AppleWebKit/537.36 (KHTML, like Gecko) Chrome/131.0.0.0 Safari/537.36"
172.187.168.139 - - [23/Feb/2026:00:23:41 +0000] "POST /wp-cron.php?doing_wp_cron=1771806221.5065789222717285156250 HTTP/1.1" 200 31 "-" "WordPress/6.9; https://mentoring-wp.dreamsmarketplace.com"
45.192.138.66 - - [23/Feb/2026:00:23:41 +0000] "GET /wp-admin/plugins.php HTTP/1.1" 200 77172 "-" "Mozilla/5.0 (Windows NT 10.0; Win64; x64) AppleWebKit/537.36 (KHTML, like Gecko) Chrome/131.0.0.0 Safari/537.36"
172.187.168.139 - - [23/Feb/2026:00:23:45 +0000] "POST /wp-cron.php?doing_wp_cron=1771806225.1545929908752441406250 HTTP/1.1" 200 31 "-" "WordPress/6.9; https://mentoring-wp.dreamsmarketplace.com"
45.192.138.66 - - [23/Feb/2026:00:23:45 +0000] "GET /wp-admin/admin.php?page=wpcode HTTP/1.1" 403 1148 "-" "Mozilla/5.0 (Windows NT 10.0; Win64; x64; rv:133.0) Gecko/20100101 Firefox/133.0"
172.187.168.139 - - [23/Feb/2026:00:23:48 +0000] "POST /wp-cron.php?doing_wp_cron=1771806228.5198049545288085937500 HTTP/1.1" 200 31 "-" "WordPress/6.9; https://mentoring-wp.dreamsmarketplace.com"
45.192.138.66 - - [23/Feb/2026:00:23:48 +0000] "GET /wp-admin/admin.php?page=wpcode-snippet-manager&custom=1 HTTP/1.1" 403 1148 "-" "Mozilla/5.0 (Windows NT 10.0; Win64; x64) AppleWebKit/537.36 (KHTML, like Gecko) Chrome/131.0.0.0 Safari/537.36"
172.187.168.139 - - [23/Feb/2026:00:23:52 +0000] "POST /wp-cron.php?doing_wp_cron=1771806232.1745579242706298828125 HTTP/1.1" 200 31 "-" "WordPress/6.9; https://mentoring-wp.dreamsmarketplace.com"
45.192.138.66 - - [23/Feb/2026:00:23:52 +0000] "GET /wp-admin/admin.php?page=wpcode HTTP/1.1" 403 1148 "-" "Mozilla/5.0 (Windows NT 10.0; Win64; x64; rv:133.0) Gecko/20100101 Firefox/133.0"
2a03:2880:f800:9:: - - [23/Feb/2026:00:23:55 +0000] "GET /eset-rotiti-gratuite-dar-acest-hyperlink-autentificare-goldbet-romania-magazie-gladiator-150-recenzii-gratuite-sa-rotiri-wild-water-online-scanner/ HTTP/1.1" 301 178 "-" "meta-externalagent/1.1 (+https://developers.facebook.com/docs/sharing/webmasters/crawler)"
45.192.138.66 - - [23/Feb/2026:00:23:55 +0000] "GET /wp-login.php HTTP/1.1" 301 178 "http://mentoring-wp.dreamstechnologies.com/wp-login.php" "Mozilla/5.0 (Windows NT 10.0; Win64; x64) AppleWebKit/537.36 (KHTML, like Gecko) Chrome/131.0.0.0 Safari/537.36"
172.187.168.139 - - [23/Feb/2026:00:23:58 +0000] "POST /wp-cron.php?doing_wp_cron=1771806238.3393321037292480468750 HTTP/1.1" 200 31 "-" "WordPress/6.9; https://mentoring-wp.dreamsmarketplace.com"
45.192.138.66 - - [23/Feb/2026:00:23:58 +0000] "GET /wp-login.php HTTP/1.1" 200 2470 "https://mentoring-wp.dreamstechnologies.com/wp-login.php" "Mozilla/5.0 (Windows NT 10.0; Win64; x64) AppleWebKit/537.36 (KHTML, like Gecko) Chrome/131.0.0.0 Safari/537.36"
172.187.168.139 - - [23/Feb/2026:00:24:01 +0000] "POST /wp-cron.php?doing_wp_cron=1771806241.7931149005889892578125 HTTP/1.1" 200 31 "-" "WordPress/6.9; https://mentoring-wp.dreamsmarketplace.com"
45.192.138.66 - - [23/Feb/2026:00:24:01 +0000] "POST /wp-login.php HTTP/1.1" 302 5 "-" "Mozilla/5.0 (Windows NT 10.0; Win64; x64) AppleWebKit/537.36 (KHTML, like Gecko) Chrome/131.0.0.0 Safari/537.36"
172.187.168.139 - - [23/Feb/2026:00:24:06 +0000] "POST /wp-cron.php?doing_wp_cron=1771806246.9068379402160644531250 HTTP/1.1" 200 31 "-" "WordPress/6.9; https://mentoring-wp.dreamsmarketplace.com"
45.192.138.66 - - [23/Feb/2026:00:24:06 +0000] "GET /wp-admin/ HTTP/1.1" 200 18260 "https://mentoring-wp.dreamsmarketplace.com/wp-login.php" "Mozilla/5.0 (Windows NT 10.0; Win64; x64) AppleWebKit/537.36 (KHTML, like Gecko) Chrome/131.0.0.0 Safari/537.36"
172.187.168.139 - - [23/Feb/2026:00:24:10 +0000] "POST /wp-cron.php?doing_wp_cron=1771806250.7641439437866210937500 HTTP/1.1" 200 31 "-" "WordPress/6.9; https://mentoring-wp.dreamsmarketplace.com"
45.192.138.66 - - [23/Feb/2026:00:24:10 +0000] "GET /wp-admin/my-sites.php HTTP/1.1" 500 2514 "-" "Mozilla/5.0 (Windows NT 10.0; Win64; x64) AppleWebKit/537.36 (KHTML, like Gecko) Chrome/131.0.0.0 Safari/537.36"
14.236.201.124 - - [23/Feb/2026:00:24:11 +0000] "GET /very-hot-deluxe-online-free-type-no-deposit-spin-palace-2023-instead-of-obtain/ HTTP/1.1" 301 178 "-" "Mozilla/5.0 (Windows NT 6.1; Win64; x64) AppleWebKit/537.36 (KHTML, like Gecko) Chrome/91.0.4472.114 Safari/537.36"
172.187.168.139 - - [23/Feb/2026:00:24:13 +0000] "POST /wp-cron.php?doing_wp_cron=1771806253.7722070217132568359375 HTTP/1.1" 200 31 "-" "WordPress/6.9; https://mentoring-wp.dreamsmarketplace.com"
14.169.43.150 - - [23/Feb/2026:00:24:13 +0000] "GET /very-hot-deluxe-online-free-type-no-deposit-spin-palace-2023-instead-of-obtain/ HTTP/1.1" 404 10963 "-" "Mozilla/5.0 (Windows NT 6.1; Win64; x64) AppleWebKit/537.36 (KHTML, like Gecko) Chrome/91.0.4472.114 Safari/537.36"
172.187.168.139 - - [23/Feb/2026:00:24:15 +0000] "POST /wp-cron.php?doing_wp_cron=1771806255.7636179924011230468750 HTTP/1.1" 200 31 "-" "WordPress/6.9; https://mentoring-wp.dreamsmarketplace.com"
45.192.138.66 - - [23/Feb/2026:00:24:15 +0000] "GET /wp-admin/plugins.php?show_all=1 HTTP/1.1" 200 75696 "-" "Mozilla/5.0 (Windows NT 10.0; Win64; x64) AppleWebKit/537.36 (KHTML, like Gecko) Chrome/131.0.0.0 Safari/537.36"
172.187.168.139 - - [23/Feb/2026:00:24:20 +0000] "POST /wp-cron.php?doing_wp_cron=1771806260.7763020992279052734375 HTTP/1.1" 200 31 "-" "WordPress/6.9; https://mentoring-wp.dreamsmarketplace.com"
45.192.138.66 - - [23/Feb/2026:00:24:20 +0000] "GET /wp-admin/admin.php?page=wc-reports HTTP/1.1" 200 73729 "-" "Mozilla/5.0 (Windows NT 10.0; Win64; x64) AppleWebKit/537.36 (KHTML, like Gecko) Chrome/131.0.0.0 Safari/537.36"
172.187.168.139 - - [23/Feb/2026:00:24:25 +0000] "POST /wp-cron.php?doing_wp_cron=1771806265.6630439758300781250000 HTTP/1.1" 200 31 "-" "WordPress/6.9; https://mentoring-wp.dreamsmarketplace.com"
45.192.138.66 - - [23/Feb/2026:00:24:25 +0000] "GET /wp-admin/plugin-install.php HTTP/1.1" 200 73994 "-" "Mozilla/5.0 (Windows NT 10.0; Win64; x64) AppleWebKit/537.36 (KHTML, like Gecko) Chrome/131.0.0.0 Safari/537.36"
172.187.168.139 - - [23/Feb/2026:00:24:29 +0000] "POST /wp-cron.php?doing_wp_cron=1771806269.5391020774841308593750 HTTP/1.1" 200 31 "-" "WordPress/6.9; https://mentoring-wp.dreamsmarketplace.com"
45.192.138.66 - - [23/Feb/2026:00:24:29 +0000] "POST /wp-admin/admin-ajax.php HTTP/1.1" 403 33 "-" "Mozilla/5.0 (Windows NT 10.0; Win64; x64) AppleWebKit/537.36 (KHTML, like Gecko) Chrome/131.0.0.0 Safari/537.36"
172.187.168.139 - - [23/Feb/2026:00:24:33 +0000] "POST /wp-cron.php?doing_wp_cron=1771806273.8176670074462890625000 HTTP/1.1" 200 31 "-" "WordPress/6.9; https://mentoring-wp.dreamsmarketplace.com"
45.192.138.66 - - [23/Feb/2026:00:24:33 +0000] "GET /wp-admin/plugins.php?show_all=1 HTTP/1.1" 200 77246 "-" "Mozilla/5.0 (Windows NT 10.0; Win64; x64) AppleWebKit/537.36 (KHTML, like Gecko) Chrome/131.0.0.0 Safari/537.36"
172.187.168.139 - - [23/Feb/2026:00:24:38 +0000] "POST /wp-cron.php?doing_wp_cron=1771806278.6100959777832031250000 HTTP/1.1" 200 31 "-" "WordPress/6.9; https://mentoring-wp.dreamsmarketplace.com"
45.192.138.66 - - [23/Feb/2026:00:24:38 +0000] "GET /wp-admin/plugins.php?show_all=1 HTTP/1.1" 200 77247 "-" "Mozilla/5.0 (Windows NT 10.0; Win64; x64) AppleWebKit/537.36 (KHTML, like Gecko) Chrome/131.0.0.0 Safari/537.36"
172.187.168.139 - - [23/Feb/2026:00:24:43 +0000] "POST /wp-cron.php?doing_wp_cron=1771806283.6045360565185546875000 HTTP/1.1" 200 31 "-" "WordPress/6.9; https://mentoring-wp.dreamsmarketplace.com"
45.192.138.66 - - [23/Feb/2026:00:24:43 +0000] "GET /wp-admin/plugins.php HTTP/1.1" 200 77168 "-" "Mozilla/5.0 (Windows NT 10.0; Win64; x64) AppleWebKit/537.36 (KHTML, like Gecko) Chrome/131.0.0.0 Safari/537.36"
172.187.168.139 - - [23/Feb/2026:00:24:47 +0000] "POST /wp-cron.php?doing_wp_cron=1771806287.1188828945159912109375 HTTP/1.1" 200 31 "-" "WordPress/6.9; https://mentoring-wp.dreamsmarketplace.com"
45.192.138.66 - - [23/Feb/2026:00:24:47 +0000] "GET /wp-admin/admin.php?page=wpcode HTTP/1.1" 403 1148 "-" "Mozilla/5.0 (Windows NT 10.0; Win64; x64; rv:133.0) Gecko/20100101 Firefox/133.0"
172.187.168.139 - - [23/Feb/2026:00:24:50 +0000] "POST /wp-cron.php?doing_wp_cron=1771806290.1968069076538085937500 HTTP/1.1" 200 31 "-" "WordPress/6.9; https://mentoring-wp.dreamsmarketplace.com"
45.192.138.66 - - [23/Feb/2026:00:24:50 +0000] "GET /wp-admin/admin.php?page=wpcode-snippet-manager&custom=1 HTTP/1.1" 403 1148 "-" "Mozilla/5.0 (Windows NT 10.0; Win64; x64) AppleWebKit/537.36 (KHTML, like Gecko) Chrome/131.0.0.0 Safari/537.36"
172.187.168.139 - - [23/Feb/2026:00:24:53 +0000] "POST /wp-cron.php?doing_wp_cron=1771806293.4247770309448242187500 HTTP/1.1" 200 31 "-" "WordPress/6.9; https://mentoring-wp.dreamsmarketplace.com"
45.192.138.66 - - [23/Feb/2026:00:24:53 +0000] "GET /wp-admin/admin.php?page=wpcode HTTP/1.1" 403 1148 "-" "Mozilla/5.0 (Windows NT 10.0; Win64; x64) AppleWebKit/537.36 (KHTML, like Gecko) Chrome/131.0.0.0 Safari/537.36"
41.111.136.77 - - [23/Feb/2026:00:24:55 +0000] "GET /wp-login.php HTTP/1.1" 301 178 "http://mentoring-wp.dreamstechnologies.com/wp-login.php" "Mozilla/5.0 (Windows NT 10.0; Win64; x64; rv:133.0) Gecko/20100101 Firefox/133.0"
172.187.168.139 - - [23/Feb/2026:00:24:57 +0000] "POST /wp-cron.php?doing_wp_cron=1771806297.3732750415802001953125 HTTP/1.1" 200 31 "-" "WordPress/6.9; https://mentoring-wp.dreamsmarketplace.com"
41.111.136.77 - - [23/Feb/2026:00:24:57 +0000] "GET /wp-login.php HTTP/1.1" 200 2470 "https://mentoring-wp.dreamstechnologies.com/wp-login.php" "Mozilla/5.0 (Windows NT 10.0; Win64; x64; rv:133.0) Gecko/20100101 Firefox/133.0"
172.187.168.139 - - [23/Feb/2026:00:24:59 +0000] "POST /wp-cron.php?doing_wp_cron=1771806299.6689929962158203125000 HTTP/1.1" 200 31 "-" "WordPress/6.9; https://mentoring-wp.dreamsmarketplace.com"
41.111.136.77 - - [23/Feb/2026:00:24:59 +0000] "POST /wp-login.php HTTP/1.1" 302 5 "-" "Mozilla/5.0 (Windows NT 10.0; Win64; x64; rv:133.0) Gecko/20100101 Firefox/133.0"
172.187.168.139 - - [23/Feb/2026:00:25:03 +0000] "POST /wp-cron.php?doing_wp_cron=1771806303.5116400718688964843750 HTTP/1.1" 200 31 "-" "WordPress/6.9; https://mentoring-wp.dreamsmarketplace.com"
41.111.136.77 - - [23/Feb/2026:00:25:03 +0000] "GET /wp-admin/ HTTP/1.1" 200 18243 "https://mentoring-wp.dreamsmarketplace.com/wp-login.php" "Mozilla/5.0 (Windows NT 10.0; Win64; x64; rv:133.0) Gecko/20100101 Firefox/133.0"
172.187.168.139 - - [23/Feb/2026:00:25:06 +0000] "POST /wp-cron.php?doing_wp_cron=1771806306.2886209487915039062500 HTTP/1.1" 200 31 "-" "WordPress/6.9; https://mentoring-wp.dreamsmarketplace.com"
41.111.136.77 - - [23/Feb/2026:00:25:06 +0000] "GET /wp-admin/my-sites.php HTTP/1.1" 500 2514 "-" "Mozilla/5.0 (Windows NT 10.0; Win64; x64) AppleWebKit/537.36 (KHTML, like Gecko) Chrome/131.0.0.0 Safari/537.36"
172.187.168.139 - - [23/Feb/2026:00:25:10 +0000] "POST /wp-cron.php?doing_wp_cron=1771806309.9683640003204345703125 HTTP/1.1" 200 31 "-" "WordPress/6.9; https://mentoring-wp.dreamsmarketplace.com"
41.111.136.77 - - [23/Feb/2026:00:25:10 +0000] "GET /wp-admin/plugins.php?show_all=1 HTTP/1.1" 200 77254 "-" "Mozilla/5.0 (Windows NT 10.0; Win64; x64) AppleWebKit/537.36 (KHTML, like Gecko) Chrome/131.0.0.0 Safari/537.36"
172.187.168.139 - - [23/Feb/2026:00:25:13 +0000] "POST /wp-cron.php?doing_wp_cron=1771806313.3537909984588623046875 HTTP/1.1" 200 31 "-" "WordPress/6.9; https://mentoring-wp.dreamsmarketplace.com"
41.111.136.77 - - [23/Feb/2026:00:25:13 +0000] "GET /wp-admin/admin.php?page=wc-reports HTTP/1.1" 200 73718 "-" "Mozilla/5.0 (Windows NT 10.0; Win64; x64) AppleWebKit/537.36 (KHTML, like Gecko) Chrome/131.0.0.0 Safari/537.36"
172.187.168.139 - - [23/Feb/2026:00:25:17 +0000] "POST /wp-cron.php?doing_wp_cron=1771806317.2705819606781005859375 HTTP/1.1" 200 31 "-" "WordPress/6.9; https://mentoring-wp.dreamsmarketplace.com"
41.111.136.77 - - [23/Feb/2026:00:25:17 +0000] "GET /wp-admin/plugin-install.php HTTP/1.1" 200 73983 "-" "Mozilla/5.0 (Windows NT 10.0; Win64; x64) AppleWebKit/537.36 (KHTML, like Gecko) Chrome/131.0.0.0 Safari/537.36"
172.187.168.139 - - [23/Feb/2026:00:25:19 +0000] "POST /wp-cron.php?doing_wp_cron=1771806319.4094049930572509765625 HTTP/1.1" 200 31 "-" "WordPress/6.9; https://mentoring-wp.dreamsmarketplace.com"
41.111.136.77 - - [23/Feb/2026:00:25:19 +0000] "POST /wp-admin/admin-ajax.php HTTP/1.1" 403 33 "-" "Mozilla/5.0 (Windows NT 10.0; Win64; x64) AppleWebKit/537.36 (KHTML, like Gecko) Chrome/131.0.0.0 Safari/537.36"
172.187.168.139 - - [23/Feb/2026:00:25:23 +0000] "POST /wp-cron.php?doing_wp_cron=1771806323.1400740146636962890625 HTTP/1.1" 200 31 "-" "WordPress/6.9; https://mentoring-wp.dreamsmarketplace.com"
41.111.136.77 - - [23/Feb/2026:00:25:23 +0000] "GET /wp-admin/plugins.php?show_all=1 HTTP/1.1" 200 77254 "-" "Mozilla/5.0 (Windows NT 10.0; Win64; x64) AppleWebKit/537.36 (KHTML, like Gecko) Chrome/131.0.0.0 Safari/537.36"
172.187.168.139 - - [23/Feb/2026:00:25:27 +0000] "POST /wp-cron.php?doing_wp_cron=1771806327.1918408870697021484375 HTTP/1.1" 200 31 "-" "WordPress/6.9; https://mentoring-wp.dreamsmarketplace.com"
41.111.136.77 - - [23/Feb/2026:00:25:27 +0000] "GET /wp-admin/plugins.php?show_all=1 HTTP/1.1" 200 77230 "-" "Mozilla/5.0 (Windows NT 10.0; Win64; x64; rv:133.0) Gecko/20100101 Firefox/133.0"
172.187.168.139 - - [23/Feb/2026:00:25:30 +0000] "POST /wp-cron.php?doing_wp_cron=1771806330.7728419303894042968750 HTTP/1.1" 200 31 "-" "WordPress/6.9; https://mentoring-wp.dreamsmarketplace.com"
41.111.136.77 - - [23/Feb/2026:00:25:30 +0000] "GET /wp-admin/plugins.php HTTP/1.1" 200 77187 "-" "Mozilla/5.0 (Windows NT 10.0; Win64; x64) AppleWebKit/537.36 (KHTML, like Gecko) Chrome/131.0.0.0 Safari/537.36"
172.187.168.139 - - [23/Feb/2026:00:25:33 +0000] "POST /wp-cron.php?doing_wp_cron=1771806333.4990210533142089843750 HTTP/1.1" 200 31 "-" "WordPress/6.9; https://mentoring-wp.dreamsmarketplace.com"
41.111.136.77 - - [23/Feb/2026:00:25:33 +0000] "GET /wp-admin/admin.php?page=wpcode HTTP/1.1" 403 1148 "-" "Mozilla/5.0 (Windows NT 10.0; Win64; x64) AppleWebKit/537.36 (KHTML, like Gecko) Chrome/131.0.0.0 Safari/537.36"
172.187.168.139 - - [23/Feb/2026:00:25:35 +0000] "POST /wp-cron.php?doing_wp_cron=1771806335.6781439781188964843750 HTTP/1.1" 200 31 "-" "WordPress/6.9; https://mentoring-wp.dreamsmarketplace.com"
41.111.136.77 - - [23/Feb/2026:00:25:35 +0000] "GET /wp-admin/admin.php?page=wpcode-snippet-manager&custom=1 HTTP/1.1" 403 1148 "-" "Mozilla/5.0 (Windows NT 10.0; Win64; x64; rv:133.0) Gecko/20100101 Firefox/133.0"
172.187.168.139 - - [23/Feb/2026:00:25:37 +0000] "POST /wp-cron.php?doing_wp_cron=1771806337.8037860393524169921875 HTTP/1.1" 200 31 "-" "WordPress/6.9; https://mentoring-wp.dreamsmarketplace.com"
41.111.136.77 - - [23/Feb/2026:00:25:37 +0000] "GET /wp-admin/admin.php?page=wpcode HTTP/1.1" 403 1148 "-" "Mozilla/5.0 (Windows NT 10.0; Win64; x64; rv:133.0) Gecko/20100101 Firefox/133.0"
41.111.136.77 - - [23/Feb/2026:00:25:39 +0000] "GET /wp-login.php HTTP/1.1" 301 178 "http://mentoring-wp.dreamstechnologies.com/wp-login.php" "Mozilla/5.0 (Windows NT 10.0; Win64; x64) AppleWebKit/537.36 (KHTML, like Gecko) Chrome/131.0.0.0 Safari/537.36"
172.187.168.139 - - [23/Feb/2026:00:25:41 +0000] "POST /wp-cron.php?doing_wp_cron=1771806341.1827371120452880859375 HTTP/1.1" 200 31 "-" "WordPress/6.9; https://mentoring-wp.dreamsmarketplace.com"
