83.143.112.14 - - [23/Feb/2026:14:30:27 +0000] "GET /wp-content/themes/mentoring/assets/css/dashboard.css?ver=6.9 HTTP/1.1" 200 254659 "https://mentoring-wp.dreamsmarketplace.com/" "Mozilla/5.0 (Windows NT 10.0; Win64; x64; rv:147.0) Gecko/20100101 Firefox/147.0"
83.143.112.14 - - [23/Feb/2026:14:30:27 +0000] "GET /wp-content/themes/mentoring/assets/js/mentoring_callback.js?ver=1.3.5 HTTP/1.1" 200 53713 "https://mentoring-wp.dreamsmarketplace.com/" "Mozilla/5.0 (Windows NT 10.0; Win64; x64; rv:147.0) Gecko/20100101 Firefox/147.0"
83.143.112.14 - - [23/Feb/2026:14:30:27 +0000] "GET /wp-includes/js/underscore.min.js?ver=1.13.7 HTTP/1.1" 200 18905 "https://mentoring-wp.dreamsmarketplace.com/" "Mozilla/5.0 (Windows NT 10.0; Win64; x64; rv:147.0) Gecko/20100101 Firefox/147.0"
83.143.112.14 - - [23/Feb/2026:14:30:27 +0000] "GET /wp-content/plugins/woocommerce/assets/js/frontend/order-attribution.min.js?ver=10.4.3 HTTP/1.1" 200 2346 "https://mentoring-wp.dreamsmarketplace.com/" "Mozilla/5.0 (Windows NT 10.0; Win64; x64; rv:147.0) Gecko/20100101 Firefox/147.0"
83.143.112.14 - - [23/Feb/2026:14:30:27 +0000] "GET /wp-content/plugins/woocommerce/assets/js/sourcebuster/sourcebuster.min.js?ver=10.4.3 HTTP/1.1" 200 15315 "https://mentoring-wp.dreamsmarketplace.com/" "Mozilla/5.0 (Windows NT 10.0; Win64; x64; rv:147.0) Gecko/20100101 Firefox/147.0"
83.143.112.14 - - [23/Feb/2026:14:30:27 +0000] "GET /wp-includes/js/wp-util.min.js?ver=6.9 HTTP/1.1" 200 1426 "https://mentoring-wp.dreamsmarketplace.com/" "Mozilla/5.0 (Windows NT 10.0; Win64; x64; rv:147.0) Gecko/20100101 Firefox/147.0"
83.143.112.14 - - [23/Feb/2026:14:30:27 +0000] "GET /wp-content/themes/mentoring/assets/css/theme.css?ver=1.3.5 HTTP/1.1" 200 454148 "https://mentoring-wp.dreamsmarketplace.com/" "Mozilla/5.0 (Windows NT 10.0; Win64; x64; rv:147.0) Gecko/20100101 Firefox/147.0"
83.143.112.14 - - [23/Feb/2026:14:30:28 +0000] "GET /wp-content/uploads/2022/06/user8.jpg HTTP/1.1" 200 14436 "https://mentoring-wp.dreamsmarketplace.com/" "Mozilla/5.0 (Windows NT 10.0; Win64; x64; rv:147.0) Gecko/20100101 Firefox/147.0"
83.143.112.14 - - [23/Feb/2026:14:30:28 +0000] "GET /wp-content/themes/mentoring/assets/images/logo.png HTTP/1.1" 200 9631 "https://mentoring-wp.dreamsmarketplace.com/" "Mozilla/5.0 (Windows NT 10.0; Win64; x64; rv:147.0) Gecko/20100101 Firefox/147.0"
83.143.112.14 - - [23/Feb/2026:14:30:28 +0000] "GET /wp-content/uploads/2022/06/user2-1.jpg HTTP/1.1" 200 13069 "https://mentoring-wp.dreamsmarketplace.com/" "Mozilla/5.0 (Windows NT 10.0; Win64; x64; rv:147.0) Gecko/20100101 Firefox/147.0"
83.143.112.14 - - [23/Feb/2026:14:30:28 +0000] "GET /wp-content/uploads/2022/06/user4-1.jpg HTTP/1.1" 200 21157 "https://mentoring-wp.dreamsmarketplace.com/" "Mozilla/5.0 (Windows NT 10.0; Win64; x64; rv:147.0) Gecko/20100101 Firefox/147.0"
83.143.112.14 - - [23/Feb/2026:14:30:28 +0000] "GET /wp-content/uploads/2021/09/path-img2.jpg HTTP/1.1" 200 47275 "https://mentoring-wp.dreamsmarketplace.com/" "Mozilla/5.0 (Windows NT 10.0; Win64; x64; rv:147.0) Gecko/20100101 Firefox/147.0"
83.143.112.14 - - [23/Feb/2026:14:30:28 +0000] "GET /wp-content/uploads/2022/01/path-img3.jpg HTTP/1.1" 200 66561 "https://mentoring-wp.dreamsmarketplace.com/" "Mozilla/5.0 (Windows NT 10.0; Win64; x64; rv:147.0) Gecko/20100101 Firefox/147.0"
83.143.112.14 - - [23/Feb/2026:14:30:28 +0000] "GET /wp-content/uploads/2022/07/user3-1.jpg HTTP/1.1" 200 17710 "https://mentoring-wp.dreamsmarketplace.com/" "Mozilla/5.0 (Windows NT 10.0; Win64; x64; rv:147.0) Gecko/20100101 Firefox/147.0"
83.143.112.14 - - [23/Feb/2026:14:30:28 +0000] "GET /wp-content/uploads/2022/01/path-img2.jpg HTTP/1.1" 200 58574 "https://mentoring-wp.dreamsmarketplace.com/" "Mozilla/5.0 (Windows NT 10.0; Win64; x64; rv:147.0) Gecko/20100101 Firefox/147.0"
83.143.112.14 - - [23/Feb/2026:14:30:28 +0000] "GET /wp-content/uploads/2022/01/path-img6.jpg HTTP/1.1" 200 88789 "https://mentoring-wp.dreamsmarketplace.com/" "Mozilla/5.0 (Windows NT 10.0; Win64; x64; rv:147.0) Gecko/20100101 Firefox/147.0"
83.143.112.14 - - [23/Feb/2026:14:30:28 +0000] "GET /wp-content/uploads/2022/01/path-img4.jpg HTTP/1.1" 200 46497 "https://mentoring-wp.dreamsmarketplace.com/" "Mozilla/5.0 (Windows NT 10.0; Win64; x64; rv:147.0) Gecko/20100101 Firefox/147.0"
83.143.112.14 - - [23/Feb/2026:14:30:28 +0000] "GET /wp-content/uploads/2022/01/path-img7.jpg HTTP/1.1" 200 61032 "https://mentoring-wp.dreamsmarketplace.com/" "Mozilla/5.0 (Windows NT 10.0; Win64; x64; rv:147.0) Gecko/20100101 Firefox/147.0"
83.143.112.14 - - [23/Feb/2026:14:30:28 +0000] "GET /wp-content/uploads/2022/07/blog-05.jpg HTTP/1.1" 200 87357 "https://mentoring-wp.dreamsmarketplace.com/" "Mozilla/5.0 (Windows NT 10.0; Win64; x64; rv:147.0) Gecko/20100101 Firefox/147.0"
83.143.112.14 - - [23/Feb/2026:14:30:28 +0000] "GET /wp-content/uploads/2022/01/path-img5.jpg HTTP/1.1" 200 74200 "https://mentoring-wp.dreamsmarketplace.com/" "Mozilla/5.0 (Windows NT 10.0; Win64; x64; rv:147.0) Gecko/20100101 Firefox/147.0"
83.143.112.14 - - [23/Feb/2026:14:30:28 +0000] "GET /wp-content/uploads/2022/01/path-img8.jpg HTTP/1.1" 200 70600 "https://mentoring-wp.dreamsmarketplace.com/" "Mozilla/5.0 (Windows NT 10.0; Win64; x64; rv:147.0) Gecko/20100101 Firefox/147.0"
83.143.112.14 - - [23/Feb/2026:14:30:28 +0000] "GET /wp-content/uploads/2022/07/blog-04.jpg HTTP/1.1" 200 127619 "https://mentoring-wp.dreamsmarketplace.com/" "Mozilla/5.0 (Windows NT 10.0; Win64; x64; rv:147.0) Gecko/20100101 Firefox/147.0"
83.143.112.14 - - [23/Feb/2026:14:30:28 +0000] "GET /wp-content/uploads/2022/07/blog-10.jpg HTTP/1.1" 200 118321 "https://mentoring-wp.dreamsmarketplace.com/" "Mozilla/5.0 (Windows NT 10.0; Win64; x64; rv:147.0) Gecko/20100101 Firefox/147.0"
83.143.112.14 - - [23/Feb/2026:14:30:31 +0000] "GET /wp-content/themes/mentoring/assets/fonts/fa-solid-900.woff2 HTTP/1.1" 200 150020 "https://mentoring-wp.dreamsmarketplace.com/wp-content/themes/mentoring/assets/css/all.min.css?ver=6.4.2" "Mozilla/5.0 (Windows NT 10.0; Win64; x64; rv:147.0) Gecko/20100101 Firefox/147.0"
83.143.112.14 - - [23/Feb/2026:14:30:31 +0000] "GET /wp-content/uploads/2022/01/banner.jpg HTTP/1.1" 200 125049 "https://mentoring-wp.dreamsmarketplace.com/" "Mozilla/5.0 (Windows NT 10.0; Win64; x64; rv:147.0) Gecko/20100101 Firefox/147.0"
83.143.112.14 - - [23/Feb/2026:14:30:32 +0000] "GET /wp-includes/js/wp-emoji-release.min.js?ver=6.9 HTTP/1.1" 200 22762 "https://mentoring-wp.dreamsmarketplace.com/" "Mozilla/5.0 (Windows NT 10.0; Win64; x64; rv:147.0) Gecko/20100101 Firefox/147.0"
172.187.168.139 - - [23/Feb/2026:14:30:41 +0000] "POST /wp-cron.php?doing_wp_cron=1771857041.5985519886016845703125 HTTP/1.1" 200 31 "-" "WordPress/6.9; https://mentoring-wp.dreamsmarketplace.com"
83.143.112.14 - - [23/Feb/2026:14:30:41 +0000] "GET /sitemap.xml HTTP/1.1" 301 5 "-" "Mozilla/5.0 (Windows NT 10.0; Win64; x64; rv:147.0) Gecko/20100101 Firefox/147.0"
172.187.168.139 - - [23/Feb/2026:14:30:41 +0000] "POST /wp-cron.php?doing_wp_cron=1771857041.6946589946746826171875 HTTP/1.1" 200 31 "-" "WordPress/6.9; https://mentoring-wp.dreamsmarketplace.com"
83.143.112.14 - - [23/Feb/2026:14:30:41 +0000] "GET /robots.txt HTTP/1.1" 200 349 "-" "Mozilla/5.0 (Windows NT 10.0; Win64; x64; rv:147.0) Gecko/20100101 Firefox/147.0"
172.187.168.139 - - [23/Feb/2026:14:30:46 +0000] "POST /wp-cron.php?doing_wp_cron=1771857046.0153288841247558593750 HTTP/1.1" 200 31 "-" "WordPress/6.9; https://mentoring-wp.dreamsmarketplace.com"
83.143.112.14 - - [23/Feb/2026:14:30:46 +0000] "GET /wp-sitemap.xml HTTP/1.1" 200 968 "-" "Mozilla/5.0 (Windows NT 10.0; Win64; x64; rv:147.0) Gecko/20100101 Firefox/147.0"
2a03:2880:f800:2e:: - - [23/Feb/2026:14:31:00 +0000] "GET /casino-technology-citeste-acest-articol-mega-jack-sloturi-de-jocuri-gratuite/ HTTP/1.1" 301 178 "-" "meta-externalagent/1.1 (+https://developers.facebook.com/docs/sharing/webmasters/crawler)"
2a03:2880:f800:25:: - - [23/Feb/2026:14:32:54 +0000] "GET /australian-online-casinos-the-fresh-number-for-2025-from-casino-highway-kings-pro-the-evident/ HTTP/1.1" 301 178 "-" "meta-externalagent/1.1 (+https://developers.facebook.com/docs/sharing/webmasters/crawler)"
2a03:2880:f800:c:: - - [23/Feb/2026:14:34:11 +0000] "GET /casino-bonus-blos-einzahlung-online-slot-spiele-super-dice-traktandum-verzeichnis-2025/ HTTP/1.1" 301 178 "-" "meta-externalagent/1.1 (+https://developers.facebook.com/docs/sharing/webmasters/crawler)"
2a03:2880:f800:3b:: - - [23/Feb/2026:14:34:34 +0000] "GET /lowest-10-deposit-local-casino-australian-continent-get-real-money-casino-no-deposit-new-2026/ HTTP/1.1" 301 178 "-" "meta-externalagent/1.1 (+https://developers.facebook.com/docs/sharing/webmasters/crawler)"
128.1.179.114 - - [23/Feb/2026:14:35:29 +0000] "POST /xmlrpc.php HTTP/1.1" 301 178 "-" "Mozilla/5.0 (Windows NT 10.0; Win64; x64) AppleWebKit/537.36 (KHTML, like Gecko) Chrome/114.0.0.0 Safari/537.36"
172.187.168.139 - - [23/Feb/2026:14:35:33 +0000] "POST /wp-cron.php?doing_wp_cron=1771857333.7292730808258056640625 HTTP/1.1" 200 31 "-" "WordPress/6.9; https://mentoring-wp.dreamsmarketplace.com"
128.1.179.114 - - [23/Feb/2026:14:35:33 +0000] "GET /xmlrpc.php HTTP/1.1" 405 53 "-" "Mozilla/5.0 (Windows NT 10.0; Win64; x64) AppleWebKit/537.36 (KHTML, like Gecko) Chrome/114.0.0.0 Safari/537.36"
2a03:2880:f800:2b:: - - [23/Feb/2026:14:35:34 +0000] "GET /deine-verbunden-spielothek-within-deutschland/ HTTP/1.1" 301 178 "-" "meta-externalagent/1.1 (+https://developers.facebook.com/docs/sharing/webmasters/crawler)"
128.1.179.114 - - [23/Feb/2026:14:35:35 +0000] "POST /xmlrpc.php HTTP/1.1" 301 178 "-" "Mozilla/5.0 (Windows NT 10.0; Win64; x64) AppleWebKit/537.36 (KHTML, like Gecko) Chrome/114.0.0.0 Safari/537.36"
172.187.168.139 - - [23/Feb/2026:14:35:39 +0000] "POST /wp-cron.php?doing_wp_cron=1771857339.7109808921813964843750 HTTP/1.1" 200 31 "-" "WordPress/6.9; https://mentoring-wp.dreamsmarketplace.com"
128.1.179.114 - - [23/Feb/2026:14:35:39 +0000] "GET /xmlrpc.php HTTP/1.1" 405 53 "-" "Mozilla/5.0 (Windows NT 10.0; Win64; x64) AppleWebKit/537.36 (KHTML, like Gecko) Chrome/114.0.0.0 Safari/537.36"
2a03:2880:f800:21:: - - [23/Feb/2026:14:38:15 +0000] "GET /almighty-mustang-express-demoban-af-blueprint-gaming-spil-vores-gratis-book-of-dead-spilleautomat-slots/ HTTP/1.1" 301 178 "-" "meta-externalagent/1.1 (+https://developers.facebook.com/docs/sharing/webmasters/crawler)"
2a03:2880:f800:29:: - - [23/Feb/2026:14:39:10 +0000] "GET /greatest-united-kingdom-casinos-within-the-2025-to-the-finest-betting-goldbet-agent-app-download-standards/ HTTP/1.1" 301 178 "-" "meta-externalagent/1.1 (+https://developers.facebook.com/docs/sharing/webmasters/crawler)"
2a03:2880:f800:23:: - - [23/Feb/2026:14:39:51 +0000] "GET /better-fishing-frenzy-online-slot-online-slots-internet-sites-for-real-currency-2025-top-10-leading-picks/ HTTP/1.1" 301 178 "-" "meta-externalagent/1.1 (+https://developers.facebook.com/docs/sharing/webmasters/crawler)"
98.98.33.53 - - [23/Feb/2026:14:39:59 +0000] "POST /xmlrpc.php HTTP/1.1" 301 178 "-" "Mozilla/5.0 (Windows NT 10.0; Win64; x64) AppleWebKit/537.36 (KHTML, like Gecko) Chrome/114.0.0.0 Safari/537.36"
172.187.168.139 - - [23/Feb/2026:14:40:01 +0000] "POST /wp-cron.php?doing_wp_cron=1771857601.6161530017852783203125 HTTP/1.1" 200 31 "-" "WordPress/6.9; https://mentoring-wp.dreamsmarketplace.com"
98.98.33.53 - - [23/Feb/2026:14:40:01 +0000] "GET /xmlrpc.php HTTP/1.1" 405 53 "-" "Mozilla/5.0 (Windows NT 10.0; Win64; x64) AppleWebKit/537.36 (KHTML, like Gecko) Chrome/114.0.0.0 Safari/537.36"
98.98.33.53 - - [23/Feb/2026:14:40:02 +0000] "POST /xmlrpc.php HTTP/1.1" 301 178 "-" "Mozilla/5.0 (Windows NT 10.0; Win64; x64) AppleWebKit/537.36 (KHTML, like Gecko) Chrome/114.0.0.0 Safari/537.36"
172.187.168.139 - - [23/Feb/2026:14:40:04 +0000] "POST /wp-cron.php?doing_wp_cron=1771857604.6214470863342285156250 HTTP/1.1" 200 31 "-" "WordPress/6.9; https://mentoring-wp.dreamsmarketplace.com"
98.98.33.53 - - [23/Feb/2026:14:40:04 +0000] "GET /xmlrpc.php HTTP/1.1" 405 53 "-" "Mozilla/5.0 (Windows NT 10.0; Win64; x64) AppleWebKit/537.36 (KHTML, like Gecko) Chrome/114.0.0.0 Safari/537.36"
2a03:2880:f800:8:: - - [23/Feb/2026:14:42:16 +0000] "GET /bonus-to-6100000-kc-one-hundred-100-percent-free-spins-in-the-ice-casino-apk-login-alf-casino-czechia/ HTTP/1.1" 301 178 "-" "meta-externalagent/1.1 (+https://developers.facebook.com/docs/sharing/webmasters/crawler)"
2a03:2880:f800:12:: - - [23/Feb/2026:14:42:35 +0000] "GET /insane-io-no-deposit-extra-code-claim-casino-mr-green-legit-50-100-percent-free-revolves-promo/ HTTP/1.1" 301 178 "-" "meta-externalagent/1.1 (+https://developers.facebook.com/docs/sharing/webmasters/crawler)"
2a03:2880:f800:: - - [23/Feb/2026:14:44:12 +0000] "GET /totally-free-higher-bluish-position-300-shields-1-deposit-gameplay-playtech-casinos-on-the-internet/ HTTP/1.1" 301 178 "-" "meta-externalagent/1.1 (+https://developers.facebook.com/docs/sharing/webmasters/crawler)"
123.24.28.24 - - [23/Feb/2026:14:44:32 +0000] "GET /mentors/marvin-downey/page/6/ HTTP/1.1" 301 178 "-" "Mozilla/5.0 (Windows NT 6.2; WOW64) AppleWebKit/537.15 (KHTML, like Gecko) Chrome/24.0.1295.0 Safari/537.15"
172.187.168.139 - - [23/Feb/2026:14:44:35 +0000] "POST /wp-cron.php?doing_wp_cron=1771857875.1742351055145263671875 HTTP/1.1" 200 31 "-" "WordPress/6.9; https://mentoring-wp.dreamsmarketplace.com"
123.23.110.127 - - [23/Feb/2026:14:44:35 +0000] "GET /mentors/marvin-downey/page/6/ HTTP/1.1" 404 10933 "-" "Mozilla/5.0 (Windows NT 6.2; WOW64) AppleWebKit/537.15 (KHTML, like Gecko) Chrome/24.0.1295.0 Safari/537.15"
128.1.179.114 - - [23/Feb/2026:14:45:32 +0000] "POST /xmlrpc.php HTTP/1.1" 301 178 "-" "Mozilla/5.0 (Windows NT 10.0; Win64; x64) AppleWebKit/537.36 (KHTML, like Gecko) Chrome/114.0.0.0 Safari/537.36"
172.187.168.139 - - [23/Feb/2026:14:45:35 +0000] "POST /wp-cron.php?doing_wp_cron=1771857935.8410019874572753906250 HTTP/1.1" 200 31 "-" "WordPress/6.9; https://mentoring-wp.dreamsmarketplace.com"
128.1.179.114 - - [23/Feb/2026:14:45:35 +0000] "GET /xmlrpc.php HTTP/1.1" 405 53 "-" "Mozilla/5.0 (Windows NT 10.0; Win64; x64) AppleWebKit/537.36 (KHTML, like Gecko) Chrome/114.0.0.0 Safari/537.36"
128.1.179.114 - - [23/Feb/2026:14:45:36 +0000] "POST /xmlrpc.php HTTP/1.1" 301 178 "-" "Mozilla/5.0 (Windows NT 10.0; Win64; x64) AppleWebKit/537.36 (KHTML, like Gecko) Chrome/114.0.0.0 Safari/537.36"
172.187.168.139 - - [23/Feb/2026:14:45:38 +0000] "POST /wp-cron.php?doing_wp_cron=1771857938.8368239402770996093750 HTTP/1.1" 200 31 "-" "WordPress/6.9; https://mentoring-wp.dreamsmarketplace.com"
128.1.179.114 - - [23/Feb/2026:14:45:38 +0000] "GET /xmlrpc.php HTTP/1.1" 405 53 "-" "Mozilla/5.0 (Windows NT 10.0; Win64; x64) AppleWebKit/537.36 (KHTML, like Gecko) Chrome/114.0.0.0 Safari/537.36"
2a03:2880:f800:15:: - - [23/Feb/2026:14:45:59 +0000] "GET /totally-free-slot-machine-games-instead-of-hot-scatter-deluxe-1-deposit-getting-otherwise-membership/ HTTP/1.1" 301 178 "-" "meta-externalagent/1.1 (+https://developers.facebook.com/docs/sharing/webmasters/crawler)"
2a03:2880:f800:26:: - - [23/Feb/2026:14:46:04 +0000] "GET /die-online-casinos-prasentation-50-freispiele-exklusive-einzahlung-gewinnchancen-sunrise-reels-an/ HTTP/1.1" 301 178 "-" "meta-externalagent/1.1 (+https://developers.facebook.com/docs/sharing/webmasters/crawler)"
172.187.168.139 - - [23/Feb/2026:14:46:47 +0000] "POST /wp-cron.php?doing_wp_cron=1771858007.7431499958038330078125 HTTP/1.1" 200 31 "-" "WordPress/6.9; https://mentoring-wp.dreamsmarketplace.com"
2a03:2880:f800:33:: - - [23/Feb/2026:14:46:47 +0000] "GET /wp-sitemap.xml HTTP/1.1" 200 968 "-" "meta-externalagent/1.1 (+https://developers.facebook.com/docs/sharing/webmasters/crawler)"
98.98.9.58 - - [23/Feb/2026:14:47:50 +0000] "POST /xmlrpc.php HTTP/1.1" 301 178 "-" "Mozilla/5.0 (Windows NT 10.0; Win64; x64) AppleWebKit/537.36 (KHTML, like Gecko) Chrome/114.0.0.0 Safari/537.36"
172.187.168.139 - - [23/Feb/2026:14:47:53 +0000] "POST /wp-cron.php?doing_wp_cron=1771858073.0742390155792236328125 HTTP/1.1" 200 31 "-" "WordPress/6.9; https://mentoring-wp.dreamsmarketplace.com"
98.98.9.58 - - [23/Feb/2026:14:47:53 +0000] "GET /xmlrpc.php HTTP/1.1" 405 53 "-" "Mozilla/5.0 (Windows NT 10.0; Win64; x64) AppleWebKit/537.36 (KHTML, like Gecko) Chrome/114.0.0.0 Safari/537.36"
98.98.9.58 - - [23/Feb/2026:14:47:55 +0000] "POST /xmlrpc.php HTTP/1.1" 301 178 "-" "Mozilla/5.0 (Windows NT 10.0; Win64; x64) AppleWebKit/537.36 (KHTML, like Gecko) Chrome/114.0.0.0 Safari/537.36"
172.187.168.139 - - [23/Feb/2026:14:47:57 +0000] "POST /wp-cron.php?doing_wp_cron=1771858077.8873751163482666015625 HTTP/1.1" 200 31 "-" "WordPress/6.9; https://mentoring-wp.dreamsmarketplace.com"
98.98.9.58 - - [23/Feb/2026:14:47:57 +0000] "GET /xmlrpc.php HTTP/1.1" 405 53 "-" "Mozilla/5.0 (Windows NT 10.0; Win64; x64) AppleWebKit/537.36 (KHTML, like Gecko) Chrome/114.0.0.0 Safari/537.36"
2a03:2880:f800:26:: - - [23/Feb/2026:14:48:32 +0000] "GET /kasino-beste-5-reel-slots-pramie-ohne-einzahlung-nun-kostenfrei-degustieren/ HTTP/1.1" 301 178 "-" "meta-externalagent/1.1 (+https://developers.facebook.com/docs/sharing/webmasters/crawler)"
2a03:2880:f800:1f:: - - [23/Feb/2026:14:49:25 +0000] "GET /betonline-odds-of-winning-booming-seven-sportsbook-bonuses-advertisements-promo-password-sbb/ HTTP/1.1" 301 178 "-" "meta-externalagent/1.1 (+https://developers.facebook.com/docs/sharing/webmasters/crawler)"
2a03:2880:f800:3e:: - - [23/Feb/2026:14:50:49 +0000] "GET /bedste-virksomheder-som-kategorien-tilslutte-casino-eller-bookmaker-online-trustpilot/ HTTP/1.1" 301 178 "-" "meta-externalagent/1.1 (+https://developers.facebook.com/docs/sharing/webmasters/crawler)"
172.187.168.139 - - [23/Feb/2026:14:51:14 +0000] "POST /wp-cron.php?doing_wp_cron=1771858274.0201508998870849609375 HTTP/1.1" 200 31 "-" "WordPress/6.9; https://mentoring-wp.dreamsmarketplace.com"
52.167.144.25 - - [23/Feb/2026:14:51:14 +0000] "GET /from-the-united-states-on-the-web-slot-games/ HTTP/1.1" 404 10934 "-" "Mozilla/5.0 AppleWebKit/537.36 (KHTML, like Gecko; compatible; bingbot/2.0; +http://www.bing.com/bingbot.htm) Chrome/116.0.1938.76 Safari/537.36"
2a03:2880:f800:2b:: - - [23/Feb/2026:14:51:55 +0000] "GET /online-casinoer-som-gronland-bedste-casinoer-pr-greenland-2025/ HTTP/1.1" 301 178 "-" "meta-externalagent/1.1 (+https://developers.facebook.com/docs/sharing/webmasters/crawler)"
2a03:2880:f800:3b:: - - [23/Feb/2026:14:53:22 +0000] "GET /the-best-a-real-income-web-based-casinos-for-all-of-cats-pokie-us-professionals-in-the-2025-al-com/ HTTP/1.1" 301 178 "-" "meta-externalagent/1.1 (+https://developers.facebook.com/docs/sharing/webmasters/crawler)"
14.186.211.228 - - [23/Feb/2026:14:54:22 +0000] "GET /zahrajte-v-golden-tiger-casino-online-a-ziskajte-skutocne-vyhry/ HTTP/1.1" 301 178 "-" "Mozilla/5.0 (Windows NT 6.3; WOW64) AppleWebKit/537.36 (KHTML, like Gecko) Chrome/88.0.4324.190 Safari/537.36"
172.187.168.139 - - [23/Feb/2026:14:54:25 +0000] "POST /wp-cron.php?doing_wp_cron=1771858465.1930570602416992187500 HTTP/1.1" 200 31 "-" "WordPress/6.9; https://mentoring-wp.dreamsmarketplace.com"
14.237.32.129 - - [23/Feb/2026:14:54:25 +0000] "GET /zahrajte-v-golden-tiger-casino-online-a-ziskajte-skutocne-vyhry/ HTTP/1.1" 404 10951 "-" "Mozilla/5.0 (Windows NT 6.3; WOW64) AppleWebKit/537.36 (KHTML, like Gecko) Chrome/88.0.4324.190 Safari/537.36"
2a03:2880:f800:17:: - - [23/Feb/2026:14:54:31 +0000] "GET /50-freispiele-abzuglich-queen-hearts-deluxe-online-slot-einzahlung-tagesordnungspunkt-casinos-unter-einsatz-von-50-freispiele-2026/ HTTP/1.1" 301 178 "-" "meta-externalagent/1.1 (+https://developers.facebook.com/docs/sharing/webmasters/crawler)"
2a03:2880:f800:15:: - - [23/Feb/2026:14:55:29 +0000] "GET /the-new-no-deposit-gambling-enterprise-extra-requirements-the-fresh-100-percent-gate777-login-canada-free-spins-2026/ HTTP/1.1" 301 178 "-" "meta-externalagent/1.1 (+https://developers.facebook.com/docs/sharing/webmasters/crawler)"
2a03:2880:f800:5:: - - [23/Feb/2026:14:55:34 +0000] "GET /step-1-free-online-aristocrat-casino-games-public-local-casino-experience/ HTTP/1.1" 301 178 "-" "meta-externalagent/1.1 (+https://developers.facebook.com/docs/sharing/webmasters/crawler)"
2a03:2880:f800:40:: - - [23/Feb/2026:14:55:51 +0000] "GET /free-monopoly-slot-game-spins-bonuses-us-2025-no-deposit-real-money-also-offers/ HTTP/1.1" 301 178 "-" "meta-externalagent/1.1 (+https://developers.facebook.com/docs/sharing/webmasters/crawler)"
2a03:2880:f800:4:: - - [23/Feb/2026:14:55:57 +0000] "GET /cashapillar-casino-50-dragons-den-microgaming-slot-kostenlos-spielen/ HTTP/1.1" 301 178 "-" "meta-externalagent/1.1 (+https://developers.facebook.com/docs/sharing/webmasters/crawler)"
2a03:2880:f800:1c:: - - [23/Feb/2026:14:56:14 +0000] "GET /50-totally-free-spins-no-deposit-casino-luxury-vip-uk-up-to-date-now-offers-2025/ HTTP/1.1" 301 178 "-" "meta-externalagent/1.1 (+https://developers.facebook.com/docs/sharing/webmasters/crawler)"
2a03:2880:f800:1a:: - - [23/Feb/2026:14:56:24 +0000] "GET /enjoy-on-the-web-oscar-spin-casino-promo-code-totally-free-slot-video-game-at-the-aplay-on-line/ HTTP/1.1" 301 178 "-" "meta-externalagent/1.1 (+https://developers.facebook.com/docs/sharing/webmasters/crawler)"
2a03:2880:f800:20:: - - [23/Feb/2026:14:56:28 +0000] "GET /betchaser-best-100-first-deposit-bonus-online-casino-local-casino-a-hundred-totally-free-revolves-and-you-may-10-no-deposit-extra/ HTTP/1.1" 301 178 "-" "meta-externalagent/1.1 (+https://developers.facebook.com/docs/sharing/webmasters/crawler)"
2a03:2880:f800:15:: - - [23/Feb/2026:14:59:50 +0000] "GET /5-thief-casino-put-gambling-enterprises/ HTTP/1.1" 301 178 "-" "meta-externalagent/1.1 (+https://developers.facebook.com/docs/sharing/webmasters/crawler)"
2a03:2880:f800:2e:: - - [23/Feb/2026:15:01:11 +0000] "GET /24bettle-gambling-establishment-opinion-slot-online-loaded-free-harbors-incentives-and-you-may-advertisements/ HTTP/1.1" 301 178 "-" "meta-externalagent/1.1 (+https://developers.facebook.com/docs/sharing/webmasters/crawler)"
2a03:2880:f800:1c:: - - [23/Feb/2026:15:01:19 +0000] "GET /spielen-sie-chicken-road-20-das-neue-onlinecasino-in-deutschland/ HTTP/1.1" 301 178 "-" "meta-externalagent/1.1 (+https://developers.facebook.com/docs/sharing/webmasters/crawler)"
2a03:2880:f800:3a:: - - [23/Feb/2026:15:02:06 +0000] "GET /finest-online-casino-no-deposit-christmas-reactors-1-deposit-bonuses-january-2026/ HTTP/1.1" 301 178 "-" "meta-externalagent/1.1 (+https://developers.facebook.com/docs/sharing/webmasters/crawler)"
14.176.31.189 - - [23/Feb/2026:15:04:23 +0000] "GET /round-bonanza-enjoy-on-line-for-roulette-online-real-money-paypal-free/ HTTP/1.1" 301 178 "-" "Mozilla/5.0 (Macintosh; Intel Mac OS X 10_14_5) AppleWebKit/537.36 (KHTML, like Gecko) Chrome/89.0.4389.90 Safari/537.36"
14.185.106.74 - - [23/Feb/2026:15:04:35 +0000] "GET /round-bonanza-enjoy-on-line-for-roulette-online-real-money-paypal-free/ HTTP/1.1" 301 178 "-" "Mozilla/5.0 (Macintosh; Intel Mac OS X 10_15_1) AppleWebKit/537.36 (KHTML, like Gecko) Brave Chrome/78.0.3904.70 Safari/537.36"
172.187.168.139 - - [23/Feb/2026:15:04:38 +0000] "POST /wp-cron.php?doing_wp_cron=1771859078.4770140647888183593750 HTTP/1.1" 200 31 "-" "WordPress/6.9; https://mentoring-wp.dreamsmarketplace.com"
113.172.32.206 - - [23/Feb/2026:15:04:38 +0000] "GET /round-bonanza-enjoy-on-line-for-roulette-online-real-money-paypal-free/ HTTP/1.1" 404 10954 "-" "Mozilla/5.0 (Macintosh; Intel Mac OS X 10_15_1) AppleWebKit/537.36 (KHTML, like Gecko) Brave Chrome/78.0.3904.70 Safari/537.36"
177.245.210.142 - - [23/Feb/2026:15:05:30 +0000] "GET /internet-casino-united-states-of-america-court-and-you-may-signed-up-websites-and-you-may-300-first-deposit-bonus-online-casino-programs/ HTTP/1.1" 301 178 "-" "Mozilla/5.0 (Windows NT 10.0; WOW64) AppleWebKit/537.36 (KHTML, like Gecko) Chrome/89.0.4389.72 Safari/537.36"
98.89.254.180 - - [23/Feb/2026:15:05:38 +0000] "GET /robots.txt HTTP/1.1" 301 178 "-" "Mozilla/5.0 (Macintosh; Intel Mac OS X 10_10_1) AppleWebKit/600.2.5 (KHTML, like Gecko) Version/8.0.2 Safari/600.2.5 (Gort)"
2a03:2880:f800:46:: - - [23/Feb/2026:15:06:07 +0000] "GET /sloturi-clasice-degeaba-microgaming-jocuri-cu-sloturi-jocuri-pacanele-gratuit-77777/ HTTP/1.1" 301 178 "-" "meta-externalagent/1.1 (+https://developers.facebook.com/docs/sharing/webmasters/crawler)"
2a03:2880:f800:19:: - - [23/Feb/2026:15:06:54 +0000] "GET /casino-freispiele-abzuglich-vulkan-vegas-app-einzahlung-2026-beste-angebote/ HTTP/1.1" 301 178 "-" "meta-externalagent/1.1 (+https://developers.facebook.com/docs/sharing/webmasters/crawler)"
2a03:2880:f800:3a:: - - [23/Feb/2026:15:06:54 +0000] "GET /lcb-directory-actually-healthier-after-aristocrat-technologies-games-adding-betrocker-local-casino/ HTTP/1.1" 301 178 "-" "meta-externalagent/1.1 (+https://developers.facebook.com/docs/sharing/webmasters/crawler)"
2a03:2880:f800:7:: - - [23/Feb/2026:15:07:07 +0000] "GET /best-casino-software-one-the-blood-suckers-slot-machine-shell-out-real-money-in-the-2025/ HTTP/1.1" 301 178 "-" "meta-externalagent/1.1 (+https://developers.facebook.com/docs/sharing/webmasters/crawler)"
63.125.92.131 - - [23/Feb/2026:15:07:15 +0000] "POST /xmlrpc.php HTTP/1.1" 301 178 "-" "Python-xmlrpc/3.11"
154.159.238.94 - - [23/Feb/2026:15:08:54 +0000] "GET / HTTP/1.1" 301 178 "https://preview.themeforest.net/" "Mozilla/5.0 (Linux; Android 10; K) AppleWebKit/537.36 (KHTML, like Gecko) Chrome/145.0.0.0 Mobile Safari/537.36"
172.187.168.139 - - [23/Feb/2026:15:08:56 +0000] "POST /wp-cron.php?doing_wp_cron=1771859336.2970249652862548828125 HTTP/1.1" 200 31 "-" "WordPress/6.9; https://mentoring-wp.dreamsmarketplace.com"
154.159.238.94 - - [23/Feb/2026:15:08:56 +0000] "GET / HTTP/1.1" 200 14896 "https://preview.themeforest.net/" "Mozilla/5.0 (Linux; Android 10; K) AppleWebKit/537.36 (KHTML, like Gecko) Chrome/145.0.0.0 Mobile Safari/537.36"
154.159.238.94 - - [23/Feb/2026:15:08:56 +0000] "GET /wp-content/themes/mentoring/assets/css/theme-woocommerce.css?ver=1.0.0 HTTP/1.1" 200 123644 "https://mentoring-wp.dreamsmarketplace.com/" "Mozilla/5.0 (Linux; Android 10; K) AppleWebKit/537.36 (KHTML, like Gecko) Chrome/145.0.0.0 Mobile Safari/537.36"
154.159.238.94 - - [23/Feb/2026:15:08:56 +0000] "GET /wp-content/plugins/contact-form-7/includes/css/styles.css?ver=6.1.4 HTTP/1.1" 200 2947 "https://mentoring-wp.dreamsmarketplace.com/" "Mozilla/5.0 (Linux; Android 10; K) AppleWebKit/537.36 (KHTML, like Gecko) Chrome/145.0.0.0 Mobile Safari/537.36"
154.159.238.94 - - [23/Feb/2026:15:08:56 +0000] "GET /wp-content/themes/mentoring/assets/css/responsive.css?ver=1.3.5 HTTP/1.1" 200 37909 "https://mentoring-wp.dreamsmarketplace.com/" "Mozilla/5.0 (Linux; Android 10; K) AppleWebKit/537.36 (KHTML, like Gecko) Chrome/145.0.0.0 Mobile Safari/537.36"
154.159.238.94 - - [23/Feb/2026:15:08:56 +0000] "GET /wp-content/themes/mentoring/assets/css/flaticon.css?ver=1.3.5 HTTP/1.1" 200 3397 "https://mentoring-wp.dreamsmarketplace.com/" "Mozilla/5.0 (Linux; Android 10; K) AppleWebKit/537.36 (KHTML, like Gecko) Chrome/145.0.0.0 Mobile Safari/537.36"
154.159.238.94 - - [23/Feb/2026:15:08:56 +0000] "GET /wp-content/themes/mentoring/style.css?ver=6.9 HTTP/1.1" 200 134452 "https://mentoring-wp.dreamsmarketplace.com/" "Mozilla/5.0 (Linux; Android 10; K) AppleWebKit/537.36 (KHTML, like Gecko) Chrome/145.0.0.0 Mobile Safari/537.36"
154.159.238.94 - - [23/Feb/2026:15:08:56 +0000] "GET /wp-content/plugins/frontend-reset-password/assets/css/password-lost.css?ver=6.9 HTTP/1.1" 200 1881 "https://mentoring-wp.dreamsmarketplace.com/" "Mozilla/5.0 (Linux; Android 10; K) AppleWebKit/537.36 (KHTML, like Gecko) Chrome/145.0.0.0 Mobile Safari/537.36"
154.159.238.94 - - [23/Feb/2026:15:08:56 +0000] "GET /wp-content/themes/mentoring/assets/css/font-awesome.min.css?ver=6.4.2 HTTP/1.1" 200 80823 "https://mentoring-wp.dreamsmarketplace.com/" "Mozilla/5.0 (Linux; Android 10; K) AppleWebKit/537.36 (KHTML, like Gecko) Chrome/145.0.0.0 Mobile Safari/537.36"
154.159.238.94 - - [23/Feb/2026:15:08:56 +0000] "GET /wp-content/themes/mentoring/assets/css/v4-shims.min.css?ver=5.11.2 HTTP/1.1" 200 34405 "https://mentoring-wp.dreamsmarketplace.com/" "Mozilla/5.0 (Linux; Android 10; K) AppleWebKit/537.36 (KHTML, like Gecko) Chrome/145.0.0.0 Mobile Safari/537.36"
154.159.238.94 - - [23/Feb/2026:15:08:56 +0000] "GET /wp-content/themes/mentoring/assets/css/animate.min.css?ver=4.1.1 HTTP/1.1" 200 71750 "https://mentoring-wp.dreamsmarketplace.com/" "Mozilla/5.0 (Linux; Android 10; K) AppleWebKit/537.36 (KHTML, like Gecko) Chrome/145.0.0.0 Mobile Safari/537.36"
154.159.238.94 - - [23/Feb/2026:15:08:56 +0000] "GET /wp-content/themes/mentoring/assets/css/all.min.css?ver=6.4.2 HTTP/1.1" 200 102157 "https://mentoring-wp.dreamsmarketplace.com/" "Mozilla/5.0 (Linux; Android 10; K) AppleWebKit/537.36 (KHTML, like Gecko) Chrome/145.0.0.0 Mobile Safari/537.36"
154.159.238.94 - - [23/Feb/2026:15:08:56 +0000] "GET /wp-content/plugins/woocommerce/assets/css/select2.css?ver=10.4.3 HTTP/1.1" 200 14621 "https://mentoring-wp.dreamsmarketplace.com/" "Mozilla/5.0 (Linux; Android 10; K) AppleWebKit/537.36 (KHTML, like Gecko) Chrome/145.0.0.0 Mobile Safari/537.36"
154.159.238.94 - - [23/Feb/2026:15:08:56 +0000] "GET /wp-content/themes/mentoring/assets/css/magnific-popup.css?ver=1.1.0 HTTP/1.1" 200 7764 "https://mentoring-wp.dreamsmarketplace.com/" "Mozilla/5.0 (Linux; Android 10; K) AppleWebKit/537.36 (KHTML, like Gecko) Chrome/145.0.0.0 Mobile Safari/537.36"
154.159.238.94 - - [23/Feb/2026:15:08:56 +0000] "GET /wp-content/themes/mentoring/assets/css/slick.css?ver=1.0.0 HTTP/1.1" 200 1794 "https://mentoring-wp.dreamsmarketplace.com/" "Mozilla/5.0 (Linux; Android 10; K) AppleWebKit/537.36 (KHTML, like Gecko) Chrome/145.0.0.0 Mobile Safari/537.36"
154.159.238.94 - - [23/Feb/2026:15:08:56 +0000] "GET /wp-includes/js/jquery/jquery.min.js?ver=3.7.1 HTTP/1.1" 200 87553 "https://mentoring-wp.dreamsmarketplace.com/" "Mozilla/5.0 (Linux; Android 10; K) AppleWebKit/537.36 (KHTML, like Gecko) Chrome/145.0.0.0 Mobile Safari/537.36"
154.159.238.94 - - [23/Feb/2026:15:08:56 +0000] "GET /wp-includes/js/jquery/jquery-migrate.min.js?ver=3.4.1 HTTP/1.1" 200 13577 "https://mentoring-wp.dreamsmarketplace.com/" "Mozilla/5.0 (Linux; Android 10; K) AppleWebKit/537.36 (KHTML, like Gecko) Chrome/145.0.0.0 Mobile Safari/537.36"
154.159.238.94 - - [23/Feb/2026:15:08:56 +0000] "GET /wp-content/themes/mentoring/assets/css/dynamic.css?ver=6.9 HTTP/1.1" 200 48 "https://mentoring-wp.dreamsmarketplace.com/" "Mozilla/5.0 (Linux; Android 10; K) AppleWebKit/537.36 (KHTML, like Gecko) Chrome/145.0.0.0 Mobile Safari/537.36"
154.159.238.94 - - [23/Feb/2026:15:08:56 +0000] "GET /wp-content/plugins/woocommerce/assets/client/blocks/wc-blocks.css?ver=wc-10.4.3 HTTP/1.1" 200 14006 "https://mentoring-wp.dreamsmarketplace.com/" "Mozilla/5.0 (Linux; Android 10; K) AppleWebKit/537.36 (KHTML, like Gecko) Chrome/145.0.0.0 Mobile Safari/537.36"
154.159.238.94 - - [23/Feb/2026:15:08:56 +0000] "GET /wp-content/themes/mentoring/assets/css/dashboard.css?ver=6.9 HTTP/1.1" 200 254659 "https://mentoring-wp.dreamsmarketplace.com/" "Mozilla/5.0 (Linux; Android 10; K) AppleWebKit/537.36 (KHTML, like Gecko) Chrome/145.0.0.0 Mobile Safari/537.36"
154.159.238.94 - - [23/Feb/2026:15:08:56 +0000] "GET /wp-content/themes/mentoring/assets/css/bootstrap.min.css?ver=5.3.2 HTTP/1.1" 200 232948 "https://mentoring-wp.dreamsmarketplace.com/" "Mozilla/5.0 (Linux; Android 10; K) AppleWebKit/537.36 (KHTML, like Gecko) Chrome/145.0.0.0 Mobile Safari/537.36"
154.159.238.94 - - [23/Feb/2026:15:08:56 +0000] "GET /wp-content/themes/mentoring/assets/css/theme.css?ver=1.3.5 HTTP/1.1" 200 454148 "https://mentoring-wp.dreamsmarketplace.com/" "Mozilla/5.0 (Linux; Android 10; K) AppleWebKit/537.36 (KHTML, like Gecko) Chrome/145.0.0.0 Mobile Safari/537.36"
154.159.238.94 - - [23/Feb/2026:15:08:57 +0000] "GET /wp-content/themes/mentoring/assets/images/logo.png HTTP/1.1" 200 9631 "https://mentoring-wp.dreamsmarketplace.com/" "Mozilla/5.0 (Linux; Android 10; K) AppleWebKit/537.36 (KHTML, like Gecko) Chrome/145.0.0.0 Mobile Safari/537.36"
154.159.238.94 - - [23/Feb/2026:15:08:57 +0000] "GET /wp-content/uploads/2022/06/user8.jpg HTTP/1.1" 200 14436 "https://mentoring-wp.dreamsmarketplace.com/" "Mozilla/5.0 (Linux; Android 10; K) AppleWebKit/537.36 (KHTML, like Gecko) Chrome/145.0.0.0 Mobile Safari/537.36"
154.159.238.94 - - [23/Feb/2026:15:08:57 +0000] "GET /wp-content/uploads/2022/06/user4-1.jpg HTTP/1.1" 200 21157 "https://mentoring-wp.dreamsmarketplace.com/" "Mozilla/5.0 (Linux; Android 10; K) AppleWebKit/537.36 (KHTML, like Gecko) Chrome/145.0.0.0 Mobile Safari/537.36"
154.159.238.94 - - [23/Feb/2026:15:08:57 +0000] "GET /wp-content/plugins/contact-form-7/includes/swv/js/index.js?ver=6.1.4 HTTP/1.1" 200 12512 "https://mentoring-wp.dreamsmarketplace.com/" "Mozilla/5.0 (Linux; Android 10; K) AppleWebKit/537.36 (KHTML, like Gecko) Chrome/145.0.0.0 Mobile Safari/537.36"
154.159.238.94 - - [23/Feb/2026:15:08:57 +0000] "GET /wp-content/uploads/2022/06/user2-1.jpg HTTP/1.1" 200 13069 "https://mentoring-wp.dreamsmarketplace.com/" "Mozilla/5.0 (Linux; Android 10; K) AppleWebKit/537.36 (KHTML, like Gecko) Chrome/145.0.0.0 Mobile Safari/537.36"
154.159.238.94 - - [23/Feb/2026:15:08:57 +0000] "GET /wp-includes/js/dist/i18n.min.js?ver=c26c3dc7bed366793375 HTTP/1.1" 200 5314 "https://mentoring-wp.dreamsmarketplace.com/" "Mozilla/5.0 (Linux; Android 10; K) AppleWebKit/537.36 (KHTML, like Gecko) Chrome/145.0.0.0 Mobile Safari/537.36"
154.159.238.94 - - [23/Feb/2026:15:08:57 +0000] "GET /wp-content/plugins/contact-form-7/includes/js/index.js?ver=6.1.4 HTTP/1.1" 200 13452 "https://mentoring-wp.dreamsmarketplace.com/" "Mozilla/5.0 (Linux; Android 10; K) AppleWebKit/537.36 (KHTML, like Gecko) Chrome/145.0.0.0 Mobile Safari/537.36"
154.159.238.94 - - [23/Feb/2026:15:08:57 +0000] "GET /wp-includes/js/dist/hooks.min.js?ver=dd5603f07f9220ed27f1 HTTP/1.1" 200 5661 "https://mentoring-wp.dreamsmarketplace.com/" "Mozilla/5.0 (Linux; Android 10; K) AppleWebKit/537.36 (KHTML, like Gecko) Chrome/145.0.0.0 Mobile Safari/537.36"
154.159.238.94 - - [23/Feb/2026:15:08:57 +0000] "GET /wp-content/themes/mentoring/assets/fonts/fa-solid-900.woff2 HTTP/1.1" 200 150020 "https://mentoring-wp.dreamsmarketplace.com/wp-content/themes/mentoring/assets/css/all.min.css?ver=6.4.2" "Mozilla/5.0 (Linux; Android 10; K) AppleWebKit/537.36 (KHTML, like Gecko) Chrome/145.0.0.0 Mobile Safari/537.36"
154.159.238.94 - - [23/Feb/2026:15:08:57 +0000] "GET /wp-content/uploads/2022/01/banner.jpg HTTP/1.1" 200 125049 "https://mentoring-wp.dreamsmarketplace.com/" "Mozilla/5.0 (Linux; Android 10; K) AppleWebKit/537.36 (KHTML, like Gecko) Chrome/145.0.0.0 Mobile Safari/537.36"
154.159.238.94 - - [23/Feb/2026:15:08:58 +0000] "GET /wp-content/plugins/frontend-reset-password/assets/js/password-lost.js?ver=1.0.0 HTTP/1.1" 200 860 "https://mentoring-wp.dreamsmarketplace.com/" "Mozilla/5.0 (Linux; Android 10; K) AppleWebKit/537.36 (KHTML, like Gecko) Chrome/145.0.0.0 Mobile Safari/537.36"
154.159.238.94 - - [23/Feb/2026:15:08:58 +0000] "GET /wp-includes/js/masonry.min.js?ver=4.2.2 HTTP/1.1" 200 24138 "https://mentoring-wp.dreamsmarketplace.com/" "Mozilla/5.0 (Linux; Android 10; K) AppleWebKit/537.36 (KHTML, like Gecko) Chrome/145.0.0.0 Mobile Safari/537.36"
154.159.238.94 - - [23/Feb/2026:15:08:58 +0000] "GET /wp-includes/js/imagesloaded.min.js?ver=5.0.0 HTTP/1.1" 200 5520 "https://mentoring-wp.dreamsmarketplace.com/" "Mozilla/5.0 (Linux; Android 10; K) AppleWebKit/537.36 (KHTML, like Gecko) Chrome/145.0.0.0 Mobile Safari/537.36"
154.159.238.94 - - [23/Feb/2026:15:08:58 +0000] "GET /wp-content/themes/mentoring/assets/js/popper.min.js?ver=1.3.5 HTTP/1.1" 200 20508 "https://mentoring-wp.dreamsmarketplace.com/" "Mozilla/5.0 (Linux; Android 10; K) AppleWebKit/537.36 (KHTML, like Gecko) Chrome/145.0.0.0 Mobile Safari/537.36"
154.159.238.94 - - [23/Feb/2026:15:08:58 +0000] "GET /wp-content/themes/mentoring/assets/js/bootstrap.bundle.min.js?ver=5.3.2 HTTP/1.1" 200 80663 "https://mentoring-wp.dreamsmarketplace.com/" "Mozilla/5.0 (Linux; Android 10; K) AppleWebKit/537.36 (KHTML, like Gecko) Chrome/145.0.0.0 Mobile Safari/537.36"
154.159.238.94 - - [23/Feb/2026:15:08:58 +0000] "GET /wp-content/themes/mentoring/assets/js/magnific-popup.js?ver=1.1.0 HTTP/1.1" 200 45448 "https://mentoring-wp.dreamsmarketplace.com/" "Mozilla/5.0 (Linux; Android 10; K) AppleWebKit/537.36 (KHTML, like Gecko) Chrome/145.0.0.0 Mobile Safari/537.36"
154.159.238.94 - - [23/Feb/2026:15:08:58 +0000] "GET /wp-content/themes/mentoring/assets/js/isotope.min.js?ver=6.9 HTTP/1.1" 200 35428 "https://mentoring-wp.dreamsmarketplace.com/" "Mozilla/5.0 (Linux; Android 10; K) AppleWebKit/537.36 (KHTML, like Gecko) Chrome/145.0.0.0 Mobile Safari/537.36"
154.159.238.94 - - [23/Feb/2026:15:08:59 +0000] "GET /wp-content/themes/mentoring/assets/js/jquery.countTo.js?ver=1.3.5 HTTP/1.1" 200 2501 "https://mentoring-wp.dreamsmarketplace.com/" "Mozilla/5.0 (Linux; Android 10; K) AppleWebKit/537.36 (KHTML, like Gecko) Chrome/145.0.0.0 Mobile Safari/537.36"
154.159.238.94 - - [23/Feb/2026:15:08:59 +0000] "GET /wp-content/themes/mentoring/assets/js/theme.js?ver=1.3.5 HTTP/1.1" 200 18158 "https://mentoring-wp.dreamsmarketplace.com/" "Mozilla/5.0 (Linux; Android 10; K) AppleWebKit/537.36 (KHTML, like Gecko) Chrome/145.0.0.0 Mobile Safari/537.36"
154.159.238.94 - - [23/Feb/2026:15:08:59 +0000] "GET /wp-content/themes/mentoring/assets/js/jquery.inview.min.js?ver=1.3.5 HTTP/1.1" 200 1264 "https://mentoring-wp.dreamsmarketplace.com/" "Mozilla/5.0 (Linux; Android 10; K) AppleWebKit/537.36 (KHTML, like Gecko) Chrome/145.0.0.0 Mobile Safari/537.36"
154.159.238.94 - - [23/Feb/2026:15:08:59 +0000] "GET /wp-content/themes/mentoring/assets/js/slick.min.js?ver=1.3.5 HTTP/1.1" 200 42865 "https://mentoring-wp.dreamsmarketplace.com/" "Mozilla/5.0 (Linux; Android 10; K) AppleWebKit/537.36 (KHTML, like Gecko) Chrome/145.0.0.0 Mobile Safari/537.36"
154.159.238.94 - - [23/Feb/2026:15:08:59 +0000] "GET /wp-content/plugins/woocommerce/assets/js/frontend/order-attribution.min.js?ver=10.4.3 HTTP/1.1" 200 2346 "https://mentoring-wp.dreamsmarketplace.com/" "Mozilla/5.0 (Linux; Android 10; K) AppleWebKit/537.36 (KHTML, like Gecko) Chrome/145.0.0.0 Mobile Safari/537.36"
154.159.238.94 - - [23/Feb/2026:15:08:59 +0000] "GET /wp-content/themes/mentoring/assets/js/theme-woocommerce.js?ver=1.0.0 HTTP/1.1" 200 3179 "https://mentoring-wp.dreamsmarketplace.com/" "Mozilla/5.0 (Linux; Android 10; K) AppleWebKit/537.36 (KHTML, like Gecko) Chrome/145.0.0.0 Mobile Safari/537.36"
154.159.238.94 - - [23/Feb/2026:15:08:59 +0000] "GET /wp-content/plugins/woocommerce/assets/js/sourcebuster/sourcebuster.min.js?ver=10.4.3 HTTP/1.1" 200 15315 "https://mentoring-wp.dreamsmarketplace.com/" "Mozilla/5.0 (Linux; Android 10; K) AppleWebKit/537.36 (KHTML, like Gecko) Chrome/145.0.0.0 Mobile Safari/537.36"
154.159.238.94 - - [23/Feb/2026:15:08:59 +0000] "GET /wp-content/themes/mentoring/assets/js/mentoring_callback.js?ver=1.3.5 HTTP/1.1" 200 53713 "https://mentoring-wp.dreamsmarketplace.com/" "Mozilla/5.0 (Linux; Android 10; K) AppleWebKit/537.36 (KHTML, like Gecko) Chrome/145.0.0.0 Mobile Safari/537.36"
154.159.238.94 - - [23/Feb/2026:15:08:59 +0000] "GET /wp-includes/js/underscore.min.js?ver=1.13.7 HTTP/1.1" 200 18905 "https://mentoring-wp.dreamsmarketplace.com/" "Mozilla/5.0 (Linux; Android 10; K) AppleWebKit/537.36 (KHTML, like Gecko) Chrome/145.0.0.0 Mobile Safari/537.36"
154.159.238.94 - - [23/Feb/2026:15:08:59 +0000] "GET /wp-includes/js/wp-util.min.js?ver=6.9 HTTP/1.1" 200 1426 "https://mentoring-wp.dreamsmarketplace.com/" "Mozilla/5.0 (Linux; Android 10; K) AppleWebKit/537.36 (KHTML, like Gecko) Chrome/145.0.0.0 Mobile Safari/537.36"
154.159.238.94 - - [23/Feb/2026:15:08:59 +0000] "GET /wp-content/uploads/2022/07/user3-1.jpg HTTP/1.1" 200 17710 "https://mentoring-wp.dreamsmarketplace.com/" "Mozilla/5.0 (Linux; Android 10; K) AppleWebKit/537.36 (KHTML, like Gecko) Chrome/145.0.0.0 Mobile Safari/537.36"
154.159.238.94 - - [23/Feb/2026:15:08:59 +0000] "GET /wp-content/uploads/2021/09/path-img2.jpg HTTP/1.1" 200 47275 "https://mentoring-wp.dreamsmarketplace.com/" "Mozilla/5.0 (Linux; Android 10; K) AppleWebKit/537.36 (KHTML, like Gecko) Chrome/145.0.0.0 Mobile Safari/537.36"
154.159.238.94 - - [23/Feb/2026:15:08:59 +0000] "GET /wp-content/uploads/2022/01/path-img2.jpg HTTP/1.1" 200 58574 "https://mentoring-wp.dreamsmarketplace.com/" "Mozilla/5.0 (Linux; Android 10; K) AppleWebKit/537.36 (KHTML, like Gecko) Chrome/145.0.0.0 Mobile Safari/537.36"
154.159.238.94 - - [23/Feb/2026:15:08:59 +0000] "GET /wp-content/uploads/2022/01/path-img5.jpg HTTP/1.1" 200 74200 "https://mentoring-wp.dreamsmarketplace.com/" "Mozilla/5.0 (Linux; Android 10; K) AppleWebKit/537.36 (KHTML, like Gecko) Chrome/145.0.0.0 Mobile Safari/537.36"
154.159.238.94 - - [23/Feb/2026:15:08:59 +0000] "GET /wp-content/uploads/2022/01/path-img3.jpg HTTP/1.1" 200 66561 "https://mentoring-wp.dreamsmarketplace.com/" "Mozilla/5.0 (Linux; Android 10; K) AppleWebKit/537.36 (KHTML, like Gecko) Chrome/145.0.0.0 Mobile Safari/537.36"
154.159.238.94 - - [23/Feb/2026:15:08:59 +0000] "GET /wp-content/uploads/2022/01/path-img4.jpg HTTP/1.1" 200 46497 "https://mentoring-wp.dreamsmarketplace.com/" "Mozilla/5.0 (Linux; Android 10; K) AppleWebKit/537.36 (KHTML, like Gecko) Chrome/145.0.0.0 Mobile Safari/537.36"
154.159.238.94 - - [23/Feb/2026:15:08:59 +0000] "GET /wp-content/uploads/2022/01/path-img6.jpg HTTP/1.1" 200 88789 "https://mentoring-wp.dreamsmarketplace.com/" "Mozilla/5.0 (Linux; Android 10; K) AppleWebKit/537.36 (KHTML, like Gecko) Chrome/145.0.0.0 Mobile Safari/537.36"
154.159.238.94 - - [23/Feb/2026:15:08:59 +0000] "GET /wp-content/uploads/2022/01/path-img7.jpg HTTP/1.1" 200 61032 "https://mentoring-wp.dreamsmarketplace.com/" "Mozilla/5.0 (Linux; Android 10; K) AppleWebKit/537.36 (KHTML, like Gecko) Chrome/145.0.0.0 Mobile Safari/537.36"
154.159.238.94 - - [23/Feb/2026:15:08:59 +0000] "GET /wp-content/uploads/2022/01/path-img8.jpg HTTP/1.1" 200 70600 "https://mentoring-wp.dreamsmarketplace.com/" "Mozilla/5.0 (Linux; Android 10; K) AppleWebKit/537.36 (KHTML, like Gecko) Chrome/145.0.0.0 Mobile Safari/537.36"
154.159.238.94 - - [23/Feb/2026:15:09:00 +0000] "GET /wp-content/uploads/2022/07/blog-05.jpg HTTP/1.1" 200 87357 "https://mentoring-wp.dreamsmarketplace.com/" "Mozilla/5.0 (Linux; Android 10; K) AppleWebKit/537.36 (KHTML, like Gecko) Chrome/145.0.0.0 Mobile Safari/537.36"
154.159.238.94 - - [23/Feb/2026:15:09:00 +0000] "GET /wp-content/uploads/2022/07/blog-04.jpg HTTP/1.1" 200 127619 "https://mentoring-wp.dreamsmarketplace.com/" "Mozilla/5.0 (Linux; Android 10; K) AppleWebKit/537.36 (KHTML, like Gecko) Chrome/145.0.0.0 Mobile Safari/537.36"
154.159.238.94 - - [23/Feb/2026:15:09:00 +0000] "GET /wp-content/uploads/2022/07/blog-10.jpg HTTP/1.1" 200 118321 "https://mentoring-wp.dreamsmarketplace.com/" "Mozilla/5.0 (Linux; Android 10; K) AppleWebKit/537.36 (KHTML, like Gecko) Chrome/145.0.0.0 Mobile Safari/537.36"
154.159.238.94 - - [23/Feb/2026:15:09:03 +0000] "GET /wp-content/plugins/woocommerce/assets/js/select2/select2.full.min.js?ver=4.0.3-wc.10.4.3 HTTP/1.1" 200 74620 "https://mentoring-wp.dreamsmarketplace.com/" "Mozilla/5.0 (Linux; Android 10; K) AppleWebKit/537.36 (KHTML, like Gecko) Chrome/145.0.0.0 Mobile Safari/537.36"
154.159.238.94 - - [23/Feb/2026:15:09:03 +0000] "GET /wp-includes/js/wp-emoji-release.min.js?ver=6.9 HTTP/1.1" 200 22762 "https://mentoring-wp.dreamsmarketplace.com/" "Mozilla/5.0 (Linux; Android 10; K) AppleWebKit/537.36 (KHTML, like Gecko) Chrome/145.0.0.0 Mobile Safari/537.36"
2a03:2880:f800:21:: - - [23/Feb/2026:15:10:01 +0000] "GET /master-chefs-local-casino-opinion-bombastic-casino-login-online-ports-games-bonus-also-offers/ HTTP/1.1" 301 178 "-" "meta-externalagent/1.1 (+https://developers.facebook.com/docs/sharing/webmasters/crawler)"
2a03:2880:f800:39:: - - [23/Feb/2026:15:10:07 +0000] "GET /24bettle-local-casino-review-and-you-may-goldbet-no-deposit-incentives-2026-by-the-bonuscasino-org/ HTTP/1.1" 301 178 "-" "meta-externalagent/1.1 (+https://developers.facebook.com/docs/sharing/webmasters/crawler)"
128.1.179.147 - - [23/Feb/2026:15:10:27 +0000] "POST /xmlrpc.php HTTP/1.1" 301 178 "-" "Mozilla/5.0 (Windows NT 10.0; Win64; x64) AppleWebKit/537.36 (KHTML, like Gecko) Chrome/114.0.0.0 Safari/537.36"
172.187.168.139 - - [23/Feb/2026:15:10:30 +0000] "POST /wp-cron.php?doing_wp_cron=1771859430.3273110389709472656250 HTTP/1.1" 200 31 "-" "WordPress/6.9; https://mentoring-wp.dreamsmarketplace.com"
128.1.179.147 - - [23/Feb/2026:15:10:30 +0000] "GET /xmlrpc.php HTTP/1.1" 405 53 "-" "Mozilla/5.0 (Windows NT 10.0; Win64; x64) AppleWebKit/537.36 (KHTML, like Gecko) Chrome/114.0.0.0 Safari/537.36"
128.1.179.147 - - [23/Feb/2026:15:10:32 +0000] "POST /xmlrpc.php HTTP/1.1" 301 178 "-" "Mozilla/5.0 (Windows NT 10.0; Win64; x64) AppleWebKit/537.36 (KHTML, like Gecko) Chrome/114.0.0.0 Safari/537.36"
172.187.168.139 - - [23/Feb/2026:15:10:34 +0000] "POST /wp-cron.php?doing_wp_cron=1771859434.1923699378967285156250 HTTP/1.1" 200 31 "-" "WordPress/6.9; https://mentoring-wp.dreamsmarketplace.com"
128.1.179.147 - - [23/Feb/2026:15:10:34 +0000] "GET /xmlrpc.php HTTP/1.1" 405 53 "-" "Mozilla/5.0 (Windows NT 10.0; Win64; x64) AppleWebKit/537.36 (KHTML, like Gecko) Chrome/114.0.0.0 Safari/537.36"
2a03:2880:f800:1b:: - - [23/Feb/2026:15:13:31 +0000] "GET /10-bedste-casinoer-ved-hjaelp-af-dansk-licens-online-2025/ HTTP/1.1" 301 178 "-" "meta-externalagent/1.1 (+https://developers.facebook.com/docs/sharing/webmasters/crawler)"
2a03:2880:f800:2a:: - - [23/Feb/2026:15:13:38 +0000] "GET /betsafe-slots-bonuses-machance-casino-promos-best-local-casino-selections/ HTTP/1.1" 301 178 "-" "meta-externalagent/1.1 (+https://developers.facebook.com/docs/sharing/webmasters/crawler)"
2a03:2880:f800:d:: - - [23/Feb/2026:15:13:53 +0000] "GET /casino-tillagg-2025-nya-free-ingen-insattning-vulkan-spiele-for-onlinekasinon-spins-samt-bonusar-var-dag/ HTTP/1.1" 301 178 "-" "meta-externalagent/1.1 (+https://developers.facebook.com/docs/sharing/webmasters/crawler)"
2a03:2880:f800:23:: - - [23/Feb/2026:15:15:03 +0000] "GET /freispiele-pharaoh-riches-free-demo-slots-ohne-einzahlung/ HTTP/1.1" 301 178 "-" "meta-externalagent/1.1 (+https://developers.facebook.com/docs/sharing/webmasters/crawler)"
2a03:2880:f800:23:: - - [23/Feb/2026:15:15:46 +0000] "GET /i-casino-quickspin-pokies-review-you-gamble/ HTTP/1.1" 301 178 "-" "meta-externalagent/1.1 (+https://developers.facebook.com/docs/sharing/webmasters/crawler)"
2a03:2880:f800:3a:: - - [23/Feb/2026:15:15:49 +0000] "GET /40-freispiele-ohne-einzahlung-casino-register-klicken-fur-infos-2026/ HTTP/1.1" 301 178 "-" "meta-externalagent/1.1 (+https://developers.facebook.com/docs/sharing/webmasters/crawler)"
2a03:2880:f800:20:: - - [23/Feb/2026:15:16:03 +0000] "GET /great-bluish-position-777-casino-code-comment-2025-free-real-cash-gamble/ HTTP/1.1" 301 178 "-" "meta-externalagent/1.1 (+https://developers.facebook.com/docs/sharing/webmasters/crawler)"
102.221.34.103 - - [23/Feb/2026:15:16:04 +0000] "POST /xmlrpc.php HTTP/1.1" 301 178 "-" "Mozilla/5.0 (Windows NT 10.0; Win64; x64) AppleWebKit/537.36 (KHTML, like Gecko) Chrome/114.0.0.0 Safari/537.36"
172.187.168.139 - - [23/Feb/2026:15:16:07 +0000] "POST /wp-cron.php?doing_wp_cron=1771859766.9580490589141845703125 HTTP/1.1" 200 31 "-" "WordPress/6.9; https://mentoring-wp.dreamsmarketplace.com"
102.221.34.103 - - [23/Feb/2026:15:16:07 +0000] "GET /xmlrpc.php HTTP/1.1" 405 53 "-" "Mozilla/5.0 (Windows NT 10.0; Win64; x64) AppleWebKit/537.36 (KHTML, like Gecko) Chrome/114.0.0.0 Safari/537.36"
102.221.34.103 - - [23/Feb/2026:15:16:08 +0000] "POST /xmlrpc.php HTTP/1.1" 301 178 "-" "Mozilla/5.0 (Windows NT 10.0; Win64; x64) AppleWebKit/537.36 (KHTML, like Gecko) Chrome/114.0.0.0 Safari/537.36"
172.187.168.139 - - [23/Feb/2026:15:16:09 +0000] "POST /wp-cron.php?doing_wp_cron=1771859769.6305730342864990234375 HTTP/1.1" 200 31 "-" "WordPress/6.9; https://mentoring-wp.dreamsmarketplace.com"
102.221.34.103 - - [23/Feb/2026:15:16:09 +0000] "GET /xmlrpc.php HTTP/1.1" 405 53 "-" "Mozilla/5.0 (Windows NT 10.0; Win64; x64) AppleWebKit/537.36 (KHTML, like Gecko) Chrome/114.0.0.0 Safari/537.36"
217.113.194.106 - - [23/Feb/2026:15:17:28 +0000] "GET /robots.txt HTTP/1.1" 301 178 "-" "Mozilla/5.0 (compatible; Barkrowler/0.9; +https://babbar.tech/crawler)"
172.187.168.139 - - [23/Feb/2026:15:17:29 +0000] "POST /wp-cron.php?doing_wp_cron=1771859849.0648379325866699218750 HTTP/1.1" 200 31 "-" "WordPress/6.9; https://mentoring-wp.dreamsmarketplace.com"
217.113.194.106 - - [23/Feb/2026:15:17:29 +0000] "GET /robots.txt HTTP/1.1" 200 349 "-" "Mozilla/5.0 (compatible; Barkrowler/0.9; +https://babbar.tech/crawler)"
2a03:2880:f800:2e:: - - [23/Feb/2026:15:17:30 +0000] "GET /rating-fifty-starburst-free-medusa-online-slot-spins-no-deposit-%ef%b8%8f-2025/ HTTP/1.1" 301 178 "-" "meta-externalagent/1.1 (+https://developers.facebook.com/docs/sharing/webmasters/crawler)"
2a03:2880:f800:3e:: - - [23/Feb/2026:15:17:40 +0000] "GET /nachfolgende-besten-traktandum-video-slots-maschinen-5-casinos-via-25-eur-pramie-blos-einzahlung2025/ HTTP/1.1" 301 178 "-" "meta-externalagent/1.1 (+https://developers.facebook.com/docs/sharing/webmasters/crawler)"
217.113.194.224 - - [23/Feb/2026:15:18:28 +0000] "GET /portfolio/ HTTP/1.1" 301 178 "-" "Mozilla/5.0 (compatible; Barkrowler/0.9; +https://babbar.tech/crawler)"
2a03:2880:f800:44:: - - [23/Feb/2026:15:18:31 +0000] "GET /dux-gambling-establishment-1bet-casino-no-deposit-bonus-review-2025-the-fresh-canadian-online-casino/ HTTP/1.1" 301 178 "-" "meta-externalagent/1.1 (+https://developers.facebook.com/docs/sharing/webmasters/crawler)"
217.113.194.109 - - [23/Feb/2026:15:19:31 +0000] "GET /?p=4247 HTTP/1.1" 301 178 "-" "Mozilla/5.0 (compatible; Barkrowler/0.9; +https://babbar.tech/crawler)"
