128.1.179.114 - - [23/Feb/2026:22:20:18 +0000] "POST /xmlrpc.php HTTP/1.1" 301 178 "-" "Mozilla/5.0 (Windows NT 10.0; Win64; x64) AppleWebKit/537.36 (KHTML, like Gecko) Chrome/114.0.0.0 Safari/537.36"
172.187.168.139 - - [23/Feb/2026:22:20:21 +0000] "POST /wp-cron.php?doing_wp_cron=1771885221.3260850906372070312500 HTTP/1.1" 200 31 "-" "WordPress/6.9; https://mentoring-wp.dreamsmarketplace.com"
128.1.179.114 - - [23/Feb/2026:22:20:21 +0000] "GET /xmlrpc.php HTTP/1.1" 405 53 "-" "Mozilla/5.0 (Windows NT 10.0; Win64; x64) AppleWebKit/537.36 (KHTML, like Gecko) Chrome/114.0.0.0 Safari/537.36"
63.125.92.131 - - [23/Feb/2026:22:21:54 +0000] "POST /xmlrpc.php HTTP/1.1" 301 178 "-" "Python-xmlrpc/3.11"
47.128.53.142 - - [23/Feb/2026:22:22:07 +0000] "GET /with-five-shade-options-youre-sure-to-search-out-one-that/ HTTP/1.1" 301 178 "-" "Mozilla/5.0 (Linux; Android 5.0) AppleWebKit/537.36 (KHTML, like Gecko) Mobile Safari/537.36 (compatible; Bytespider; [email protected])"
172.187.168.139 - - [23/Feb/2026:22:22:22 +0000] "POST /wp-cron.php?doing_wp_cron=1771885342.2226901054382324218750 HTTP/1.1" 200 31 "-" "WordPress/6.9; https://mentoring-wp.dreamsmarketplace.com"
47.128.62.51 - - [23/Feb/2026:22:22:22 +0000] "GET /with-five-shade-options-youre-sure-to-search-out-one-that/ HTTP/1.1" 404 10940 "-" "Mozilla/5.0 (Linux; Android 5.0) AppleWebKit/537.36 (KHTML, like Gecko) Mobile Safari/537.36 (compatible; Bytespider; [email protected])"
152.233.20.25 - - [23/Feb/2026:22:23:16 +0000] "POST /xmlrpc.php HTTP/1.1" 301 178 "-" "Mozilla/5.0 (Windows NT 10.0; Win64; x64) AppleWebKit/537.36 (KHTML, like Gecko) Chrome/114.0.0.0 Safari/537.36"
172.187.168.139 - - [23/Feb/2026:22:23:17 +0000] "POST /wp-cron.php?doing_wp_cron=1771885397.8431301116943359375000 HTTP/1.1" 200 31 "-" "WordPress/6.9; https://mentoring-wp.dreamsmarketplace.com"
152.233.20.25 - - [23/Feb/2026:22:23:17 +0000] "GET /xmlrpc.php HTTP/1.1" 405 53 "-" "Mozilla/5.0 (Windows NT 10.0; Win64; x64) AppleWebKit/537.36 (KHTML, like Gecko) Chrome/114.0.0.0 Safari/537.36"
152.233.20.25 - - [23/Feb/2026:22:23:18 +0000] "POST /xmlrpc.php HTTP/1.1" 301 178 "-" "Mozilla/5.0 (Windows NT 10.0; Win64; x64) AppleWebKit/537.36 (KHTML, like Gecko) Chrome/114.0.0.0 Safari/537.36"
172.187.168.139 - - [23/Feb/2026:22:23:19 +0000] "POST /wp-cron.php?doing_wp_cron=1771885399.2796421051025390625000 HTTP/1.1" 200 31 "-" "WordPress/6.9; https://mentoring-wp.dreamsmarketplace.com"
152.233.20.25 - - [23/Feb/2026:22:23:19 +0000] "GET /xmlrpc.php HTTP/1.1" 405 53 "-" "Mozilla/5.0 (Windows NT 10.0; Win64; x64) AppleWebKit/537.36 (KHTML, like Gecko) Chrome/114.0.0.0 Safari/537.36"
172.187.168.139 - - [23/Feb/2026:22:24:13 +0000] "POST /wp-cron.php?doing_wp_cron=1771885453.1881229877471923828125 HTTP/1.1" 200 31 "-" "WordPress/6.9; https://mentoring-wp.dreamsmarketplace.com"
2a03:2880:18ff:: - - [23/Feb/2026:22:24:13 +0000] "GET /robots.txt HTTP/1.1" 200 349 "-" "facebookexternalhit/1.1 (+http://www.facebook.com/externalhit_uatext.php)"
82.163.172.21 - - [23/Feb/2026:22:25:29 +0000] "POST /xmlrpc.php HTTP/1.1" 301 178 "-" "Python-xmlrpc/3.11"
14.232.95.22 - - [23/Feb/2026:22:26:43 +0000] "GET /free-online-games-you-to-pay-queen-vegas-casino-real-cash-42-online-paying-game/ HTTP/1.1" 301 178 "-" "Mozilla/5.0 (Windows NT 4.0; WOW64) AppleWebKit/537.36 (KHTML, like Gecko) Chrome/37.0.2049.0 Safari/537.36"
172.187.168.139 - - [23/Feb/2026:22:26:46 +0000] "POST /wp-cron.php?doing_wp_cron=1771885606.2588160037994384765625 HTTP/1.1" 200 31 "-" "WordPress/6.9; https://mentoring-wp.dreamsmarketplace.com"
217.196.163.158 - - [23/Feb/2026:22:26:46 +0000] "GET /free-online-games-you-to-pay-queen-vegas-casino-real-cash-42-online-paying-game/ HTTP/1.1" 404 10960 "-" "Mozilla/5.0 (Windows NT 4.0; WOW64) AppleWebKit/537.36 (KHTML, like Gecko) Chrome/37.0.2049.0 Safari/537.36"
104.166.164.39 - - [23/Feb/2026:22:28:09 +0000] "POST /xmlrpc.php HTTP/1.1" 301 178 "-" "Mozilla/5.0 (Windows NT 10.0; Win64; x64) AppleWebKit/537.36 (KHTML, like Gecko) Chrome/114.0.0.0 Safari/537.36"
51.91.76.201 - - [23/Feb/2026:22:28:10 +0000] "GET /wp-login.php HTTP/1.1" 301 178 "https://mentoring-wp.dreamstechnologies.com/" "Mozilla/5.0 (Windows NT 10.0; Win64; x64) AppleWebKit/537.36 (KHTML, like Gecko) Chrome/143.0.0.0 Safari/537.36"
172.187.168.139 - - [23/Feb/2026:22:28:12 +0000] "POST /wp-cron.php?doing_wp_cron=1771885692.0646140575408935546875 HTTP/1.1" 200 31 "-" "WordPress/6.9; https://mentoring-wp.dreamsmarketplace.com"
104.166.164.39 - - [23/Feb/2026:22:28:12 +0000] "GET /xmlrpc.php HTTP/1.1" 405 53 "-" "Mozilla/5.0 (Windows NT 10.0; Win64; x64) AppleWebKit/537.36 (KHTML, like Gecko) Chrome/114.0.0.0 Safari/537.36"
172.187.168.139 - - [23/Feb/2026:22:28:13 +0000] "POST /wp-cron.php?doing_wp_cron=1771885693.4756410121917724609375 HTTP/1.1" 200 31 "-" "WordPress/6.9; https://mentoring-wp.dreamsmarketplace.com"
51.91.76.201 - - [23/Feb/2026:22:28:13 +0000] "GET /wp-login.php HTTP/1.1" 200 2470 "https://mentoring-wp.dreamstechnologies.com/" "Mozilla/5.0 (Windows NT 10.0; Win64; x64) AppleWebKit/537.36 (KHTML, like Gecko) Chrome/143.0.0.0 Safari/537.36"
104.166.164.39 - - [23/Feb/2026:22:28:14 +0000] "POST /xmlrpc.php HTTP/1.1" 301 178 "-" "Mozilla/5.0 (Windows NT 10.0; Win64; x64) AppleWebKit/537.36 (KHTML, like Gecko) Chrome/114.0.0.0 Safari/537.36"
51.91.76.201 - - [23/Feb/2026:22:28:14 +0000] "GET /wp-admin/css/l10n.min.css?ver=6.9 HTTP/1.1" 200 3200 "https://mentoring-wp.dreamsmarketplace.com/wp-login.php" "Mozilla/5.0 (Windows NT 10.0; Win64; x64) AppleWebKit/537.36 (KHTML, like Gecko) Chrome/143.0.0.0 Safari/537.36"
51.91.76.201 - - [23/Feb/2026:22:28:14 +0000] "GET /wp-admin/css/login.min.css?ver=6.9 HTTP/1.1" 200 6381 "https://mentoring-wp.dreamsmarketplace.com/wp-login.php" "Mozilla/5.0 (Windows NT 10.0; Win64; x64) AppleWebKit/537.36 (KHTML, like Gecko) Chrome/143.0.0.0 Safari/537.36"
51.91.76.201 - - [23/Feb/2026:22:28:14 +0000] "GET /wp-includes/js/dist/i18n.min.js?ver=c26c3dc7bed366793375 HTTP/1.1" 200 5314 "https://mentoring-wp.dreamsmarketplace.com/wp-login.php" "Mozilla/5.0 (Windows NT 10.0; Win64; x64) AppleWebKit/537.36 (KHTML, like Gecko) Chrome/143.0.0.0 Safari/537.36"
51.91.76.201 - - [23/Feb/2026:22:28:14 +0000] "GET /wp-includes/js/clipboard.min.js?ver=2.0.11 HTTP/1.1" 200 9009 "https://mentoring-wp.dreamsmarketplace.com/wp-login.php" "Mozilla/5.0 (Windows NT 10.0; Win64; x64) AppleWebKit/537.36 (KHTML, like Gecko) Chrome/143.0.0.0 Safari/537.36"
51.91.76.201 - - [23/Feb/2026:22:28:14 +0000] "GET /wp-includes/js/jquery/jquery.min.js?ver=3.7.1 HTTP/1.1" 200 87553 "https://mentoring-wp.dreamsmarketplace.com/wp-login.php" "Mozilla/5.0 (Windows NT 10.0; Win64; x64) AppleWebKit/537.36 (KHTML, like Gecko) Chrome/143.0.0.0 Safari/537.36"
51.91.76.201 - - [23/Feb/2026:22:28:14 +0000] "GET /wp-includes/css/buttons.min.css?ver=6.9 HTTP/1.1" 200 6061 "https://mentoring-wp.dreamsmarketplace.com/wp-login.php" "Mozilla/5.0 (Windows NT 10.0; Win64; x64) AppleWebKit/537.36 (KHTML, like Gecko) Chrome/143.0.0.0 Safari/537.36"
51.91.76.201 - - [23/Feb/2026:22:28:14 +0000] "GET /wp-includes/js/jquery/jquery-migrate.min.js?ver=3.4.1 HTTP/1.1" 200 13577 "https://mentoring-wp.dreamsmarketplace.com/wp-login.php" "Mozilla/5.0 (Windows NT 10.0; Win64; x64) AppleWebKit/537.36 (KHTML, like Gecko) Chrome/143.0.0.0 Safari/537.36"
51.91.76.201 - - [23/Feb/2026:22:28:14 +0000] "GET /wp-includes/js/underscore.min.js?ver=1.13.7 HTTP/1.1" 200 18905 "https://mentoring-wp.dreamsmarketplace.com/wp-login.php" "Mozilla/5.0 (Windows NT 10.0; Win64; x64) AppleWebKit/537.36 (KHTML, like Gecko) Chrome/143.0.0.0 Safari/537.36"
51.91.76.201 - - [23/Feb/2026:22:28:14 +0000] "GET /wp-includes/js/wp-util.min.js?ver=6.9 HTTP/1.1" 200 1426 "https://mentoring-wp.dreamsmarketplace.com/wp-login.php" "Mozilla/5.0 (Windows NT 10.0; Win64; x64) AppleWebKit/537.36 (KHTML, like Gecko) Chrome/143.0.0.0 Safari/537.36"
51.91.76.201 - - [23/Feb/2026:22:28:14 +0000] "GET /wp-admin/js/password-strength-meter.min.js?ver=6.9 HTTP/1.1" 200 1123 "https://mentoring-wp.dreamsmarketplace.com/wp-login.php" "Mozilla/5.0 (Windows NT 10.0; Win64; x64) AppleWebKit/537.36 (KHTML, like Gecko) Chrome/143.0.0.0 Safari/537.36"
51.91.76.201 - - [23/Feb/2026:22:28:14 +0000] "GET /wp-admin/css/forms.min.css?ver=6.9 HTTP/1.1" 200 28101 "https://mentoring-wp.dreamsmarketplace.com/wp-login.php" "Mozilla/5.0 (Windows NT 10.0; Win64; x64) AppleWebKit/537.36 (KHTML, like Gecko) Chrome/143.0.0.0 Safari/537.36"
51.91.76.201 - - [23/Feb/2026:22:28:14 +0000] "GET /wp-admin/js/user-profile.min.js?ver=6.9 HTTP/1.1" 200 7997 "https://mentoring-wp.dreamsmarketplace.com/wp-login.php" "Mozilla/5.0 (Windows NT 10.0; Win64; x64) AppleWebKit/537.36 (KHTML, like Gecko) Chrome/143.0.0.0 Safari/537.36"
51.91.76.201 - - [23/Feb/2026:22:28:14 +0000] "GET /wp-includes/js/zxcvbn-async.min.js?ver=1.0 HTTP/1.1" 200 351 "https://mentoring-wp.dreamsmarketplace.com/wp-login.php" "Mozilla/5.0 (Windows NT 10.0; Win64; x64) AppleWebKit/537.36 (KHTML, like Gecko) Chrome/143.0.0.0 Safari/537.36"
51.91.76.201 - - [23/Feb/2026:22:28:14 +0000] "GET /wp-includes/js/dist/hooks.min.js?ver=dd5603f07f9220ed27f1 HTTP/1.1" 200 5661 "https://mentoring-wp.dreamsmarketplace.com/wp-login.php" "Mozilla/5.0 (Windows NT 10.0; Win64; x64) AppleWebKit/537.36 (KHTML, like Gecko) Chrome/143.0.0.0 Safari/537.36"
51.91.76.201 - - [23/Feb/2026:22:28:14 +0000] "GET /wp-includes/css/dashicons.min.css?ver=6.9 HTTP/1.1" 200 59004 "https://mentoring-wp.dreamsmarketplace.com/wp-login.php" "Mozilla/5.0 (Windows NT 10.0; Win64; x64) AppleWebKit/537.36 (KHTML, like Gecko) Chrome/143.0.0.0 Safari/537.36"
51.91.76.201 - - [23/Feb/2026:22:28:14 +0000] "GET /wp-includes/js/dist/a11y.min.js?ver=cb460b4676c94bd228ed HTTP/1.1" 200 2212 "https://mentoring-wp.dreamsmarketplace.com/wp-login.php" "Mozilla/5.0 (Windows NT 10.0; Win64; x64) AppleWebKit/537.36 (KHTML, like Gecko) Chrome/143.0.0.0 Safari/537.36"
51.91.76.201 - - [23/Feb/2026:22:28:14 +0000] "GET /wp-includes/js/dist/dom-ready.min.js?ver=f77871ff7694fffea381 HTTP/1.1" 200 457 "https://mentoring-wp.dreamsmarketplace.com/wp-login.php" "Mozilla/5.0 (Windows NT 10.0; Win64; x64) AppleWebKit/537.36 (KHTML, like Gecko) Chrome/143.0.0.0 Safari/537.36"
172.187.168.139 - - [23/Feb/2026:22:28:16 +0000] "POST /wp-cron.php?doing_wp_cron=1771885696.7292680740356445312500 HTTP/1.1" 200 31 "-" "WordPress/6.9; https://mentoring-wp.dreamsmarketplace.com"
104.166.164.39 - - [23/Feb/2026:22:28:16 +0000] "GET /xmlrpc.php HTTP/1.1" 405 53 "-" "Mozilla/5.0 (Windows NT 10.0; Win64; x64) AppleWebKit/537.36 (KHTML, like Gecko) Chrome/114.0.0.0 Safari/537.36"
51.91.76.201 - - [23/Feb/2026:22:28:25 +0000] "GET /wp-admin/images/wordpress-logo.svg?ver=20131107 HTTP/1.1" 200 1521 "https://mentoring-wp.dreamsmarketplace.com/wp-admin/css/login.min.css?ver=6.9" "Mozilla/5.0 (Windows NT 10.0; Win64; x64) AppleWebKit/537.36 (KHTML, like Gecko) Chrome/143.0.0.0 Safari/537.36"
51.91.76.201 - - [23/Feb/2026:22:28:44 +0000] "GET /wp-content/uploads/2022/02/favicon.png HTTP/1.1" 200 2233 "https://mentoring-wp.dreamsmarketplace.com/wp-login.php" "Mozilla/5.0 (Windows NT 10.0; Win64; x64) AppleWebKit/537.36 (KHTML, like Gecko) Chrome/143.0.0.0 Safari/537.36"
51.91.76.201 - - [23/Feb/2026:22:28:44 +0000] "GET /wp-includes/js/zxcvbn.min.js HTTP/1.1" 200 822237 "https://mentoring-wp.dreamsmarketplace.com/wp-login.php" "Mozilla/5.0 (Windows NT 10.0; Win64; x64) AppleWebKit/537.36 (KHTML, like Gecko) Chrome/143.0.0.0 Safari/537.36"
172.187.168.139 - - [23/Feb/2026:22:28:52 +0000] "POST /wp-cron.php?doing_wp_cron=1771885731.9659590721130371093750 HTTP/1.1" 200 31 "-" "WordPress/6.9; https://mentoring-wp.dreamsmarketplace.com"
51.91.76.201 - - [23/Feb/2026:22:28:52 +0000] "POST /wp-login.php HTTP/1.1" 302 5 "https://mentoring-wp.dreamsmarketplace.com/wp-login.php" "Mozilla/5.0 (Windows NT 10.0; Win64; x64) AppleWebKit/537.36 (KHTML, like Gecko) Chrome/143.0.0.0 Safari/537.36"
172.187.168.139 - - [23/Feb/2026:22:28:55 +0000] "POST /wp-cron.php?doing_wp_cron=1771885735.1366500854492187500000 HTTP/1.1" 200 31 "-" "WordPress/6.9; https://mentoring-wp.dreamsmarketplace.com"
51.91.76.201 - - [23/Feb/2026:22:28:55 +0000] "GET /wp-admin/ HTTP/1.1" 200 18244 "https://mentoring-wp.dreamsmarketplace.com/wp-login.php" "Mozilla/5.0 (Windows NT 10.0; Win64; x64) AppleWebKit/537.36 (KHTML, like Gecko) Chrome/143.0.0.0 Safari/537.36"
51.91.76.201 - - [23/Feb/2026:22:28:56 +0000] "GET /wp-content/themes/mentoring/assets/css/font-awesome.min.css?ver=1.3.5 HTTP/1.1" 200 80823 "https://mentoring-wp.dreamsmarketplace.com/wp-admin/" "Mozilla/5.0 (Windows NT 10.0; Win64; x64) AppleWebKit/537.36 (KHTML, like Gecko) Chrome/143.0.0.0 Safari/537.36"
51.91.76.201 - - [23/Feb/2026:22:28:56 +0000] "GET /wp-content/themes/mentoring/assets/css/datetimepicker.css?ver=1.3.5 HTTP/1.1" 200 16573 "https://mentoring-wp.dreamsmarketplace.com/wp-admin/" "Mozilla/5.0 (Windows NT 10.0; Win64; x64) AppleWebKit/537.36 (KHTML, like Gecko) Chrome/143.0.0.0 Safari/537.36"
51.91.76.201 - - [23/Feb/2026:22:28:56 +0000] "GET /wp-includes/js/mediaelement/wp-mediaelement.min.css?ver=6.9 HTTP/1.1" 200 4186 "https://mentoring-wp.dreamsmarketplace.com/wp-admin/" "Mozilla/5.0 (Windows NT 10.0; Win64; x64) AppleWebKit/537.36 (KHTML, like Gecko) Chrome/143.0.0.0 Safari/537.36"
51.91.76.201 - - [23/Feb/2026:22:28:56 +0000] "GET /wp-content/plugins/woocommerce/assets/css/brands-admin.css?ver=10.4.3 HTTP/1.1" 200 61 "https://mentoring-wp.dreamsmarketplace.com/wp-admin/" "Mozilla/5.0 (Windows NT 10.0; Win64; x64) AppleWebKit/537.36 (KHTML, like Gecko) Chrome/143.0.0.0 Safari/537.36"
51.91.76.201 - - [23/Feb/2026:22:28:56 +0000] "GET /wp-content/themes/mentoring/admin/css/admin-style.css?ver=1.3.5 HTTP/1.1" 200 101751 "https://mentoring-wp.dreamsmarketplace.com/wp-admin/" "Mozilla/5.0 (Windows NT 10.0; Win64; x64) AppleWebKit/537.36 (KHTML, like Gecko) Chrome/143.0.0.0 Safari/537.36"
51.91.76.201 - - [23/Feb/2026:22:28:56 +0000] "GET /wp-includes/js/mediaelement/mediaelementplayer-legacy.min.css?ver=4.2.17 HTTP/1.1" 200 11256 "https://mentoring-wp.dreamsmarketplace.com/wp-admin/" "Mozilla/5.0 (Windows NT 10.0; Win64; x64) AppleWebKit/537.36 (KHTML, like Gecko) Chrome/143.0.0.0 Safari/537.36"
51.91.76.201 - - [23/Feb/2026:22:28:56 +0000] "GET /wp-includes/js/thickbox/thickbox.css?ver=6.9 HTTP/1.1" 200 2649 "https://mentoring-wp.dreamsmarketplace.com/wp-admin/" "Mozilla/5.0 (Windows NT 10.0; Win64; x64) AppleWebKit/537.36 (KHTML, like Gecko) Chrome/143.0.0.0 Safari/537.36"
51.91.76.201 - - [23/Feb/2026:22:28:56 +0000] "GET /wp-includes/js/imgareaselect/imgareaselect.css?ver=0.9.8 HTTP/1.1" 200 790 "https://mentoring-wp.dreamsmarketplace.com/wp-admin/" "Mozilla/5.0 (Windows NT 10.0; Win64; x64) AppleWebKit/537.36 (KHTML, like Gecko) Chrome/143.0.0.0 Safari/537.36"
51.91.76.201 - - [23/Feb/2026:22:28:56 +0000] "GET /wp-content/themes/mentoring/assets/css/jquery-confirm.min.css?ver=1.3.5 HTTP/1.1" 200 22538 "https://mentoring-wp.dreamsmarketplace.com/wp-admin/" "Mozilla/5.0 (Windows NT 10.0; Win64; x64) AppleWebKit/537.36 (KHTML, like Gecko) Chrome/143.0.0.0 Safari/537.36"
51.91.76.201 - - [23/Feb/2026:22:28:56 +0000] "GET /wp-admin/load-styles.php?c=0&dir=ltr&load%5Bchunk_0%5D=dashicons,admin-bar,site-health,common,forms,admin-menu,dashboard,list-tables,edit,revisions,media,themes,about,nav-menus,wp-poi&load%5Bchunk_1%5D=nter,widgets,site-icon,l10n,buttons,wp-auth-check,wp-components,wp-commands,wp-color-picker,media-views&ver=6.9 HTTP/1.1" 200 578760 "https://mentoring-wp.dreamsmarketplace.com/wp-admin/" "Mozilla/5.0 (Windows NT 10.0; Win64; x64) AppleWebKit/537.36 (KHTML, like Gecko) Chrome/143.0.0.0 Safari/537.36"
51.91.76.201 - - [23/Feb/2026:22:28:56 +0000] "GET /wp-content/themes/mentoring/assets/css/flaticon.css?ver=1.3.5 HTTP/1.1" 200 3397 "https://mentoring-wp.dreamsmarketplace.com/wp-admin/" "Mozilla/5.0 (Windows NT 10.0; Win64; x64) AppleWebKit/537.36 (KHTML, like Gecko) Chrome/143.0.0.0 Safari/537.36"
51.91.76.201 - - [23/Feb/2026:22:28:56 +0000] "GET /wp-content/themes/mentoring/assets/css/v4-shims.min.css?ver=5.11.2 HTTP/1.1" 200 34405 "https://mentoring-wp.dreamsmarketplace.com/wp-admin/" "Mozilla/5.0 (Windows NT 10.0; Win64; x64) AppleWebKit/537.36 (KHTML, like Gecko) Chrome/143.0.0.0 Safari/537.36"
51.91.76.201 - - [23/Feb/2026:22:28:56 +0000] "GET /wp-content/plugins/woocommerce/assets/css/menu.css?ver=10.4.3 HTTP/1.1" 200 4918 "https://mentoring-wp.dreamsmarketplace.com/wp-admin/" "Mozilla/5.0 (Windows NT 10.0; Win64; x64) AppleWebKit/537.36 (KHTML, like Gecko) Chrome/143.0.0.0 Safari/537.36"
51.91.76.201 - - [23/Feb/2026:22:28:56 +0000] "GET /wp-content/plugins/woocommerce/assets/css/dashboard.css?ver=10.4.3 HTTP/1.1" 200 5090 "https://mentoring-wp.dreamsmarketplace.com/wp-admin/" "Mozilla/5.0 (Windows NT 10.0; Win64; x64) AppleWebKit/537.36 (KHTML, like Gecko) Chrome/143.0.0.0 Safari/537.36"
51.91.76.201 - - [23/Feb/2026:22:28:56 +0000] "GET /wp-includes/js/jquery/ui/mouse.min.js?ver=1.13.3 HTTP/1.1" 200 3428 "https://mentoring-wp.dreamsmarketplace.com/wp-admin/" "Mozilla/5.0 (Windows NT 10.0; Win64; x64) AppleWebKit/537.36 (KHTML, like Gecko) Chrome/143.0.0.0 Safari/537.36"
51.91.76.201 - - [23/Feb/2026:22:28:56 +0000] "GET /wp-includes/js/jquery/ui/draggable.min.js?ver=1.13.3 HTTP/1.1" 200 18420 "https://mentoring-wp.dreamsmarketplace.com/wp-admin/" "Mozilla/5.0 (Windows NT 10.0; Win64; x64) AppleWebKit/537.36 (KHTML, like Gecko) Chrome/143.0.0.0 Safari/537.36"
51.91.76.201 - - [23/Feb/2026:22:28:56 +0000] "GET /wp-admin/load-scripts.php?c=0&load%5Bchunk_0%5D=jquery-core,jquery-migrate,utils,wp-hooks&ver=6.9 HTTP/1.1" 200 108673 "https://mentoring-wp.dreamsmarketplace.com/wp-admin/" "Mozilla/5.0 (Windows NT 10.0; Win64; x64) AppleWebKit/537.36 (KHTML, like Gecko) Chrome/143.0.0.0 Safari/537.36"
51.91.76.201 - - [23/Feb/2026:22:28:56 +0000] "GET /wp-includes/js/jquery/ui/core.min.js?ver=1.13.3 HTTP/1.1" 200 21464 "https://mentoring-wp.dreamsmarketplace.com/wp-admin/" "Mozilla/5.0 (Windows NT 10.0; Win64; x64) AppleWebKit/537.36 (KHTML, like Gecko) Chrome/143.0.0.0 Safari/537.36"
51.91.76.201 - - [23/Feb/2026:22:28:56 +0000] "GET /wp-content/themes/mentoring/assets/css/font-awesome.min.css?ver=5.11.2 HTTP/1.1" 200 80823 "https://mentoring-wp.dreamsmarketplace.com/wp-admin/" "Mozilla/5.0 (Windows NT 10.0; Win64; x64) AppleWebKit/537.36 (KHTML, like Gecko) Chrome/143.0.0.0 Safari/537.36"
51.91.76.201 - - [23/Feb/2026:22:28:56 +0000] "GET /wp-content/plugins/woocommerce/assets/css/activation.css?ver=10.4.3 HTTP/1.1" 200 980 "https://mentoring-wp.dreamsmarketplace.com/wp-admin/" "Mozilla/5.0 (Windows NT 10.0; Win64; x64) AppleWebKit/537.36 (KHTML, like Gecko) Chrome/143.0.0.0 Safari/537.36"
51.91.76.201 - - [23/Feb/2026:22:28:56 +0000] "GET /wp-includes/js/jquery/jquery.ui.touch-punch.js?ver=0.2.2 HTTP/1.1" 200 1179 "https://mentoring-wp.dreamsmarketplace.com/wp-admin/" "Mozilla/5.0 (Windows NT 10.0; Win64; x64) AppleWebKit/537.36 (KHTML, like Gecko) Chrome/143.0.0.0 Safari/537.36"
51.91.76.201 - - [23/Feb/2026:22:28:56 +0000] "GET /wp-admin/js/iris.min.js?ver=1.1.1 HTTP/1.1" 200 23643 "https://mentoring-wp.dreamsmarketplace.com/wp-admin/" "Mozilla/5.0 (Windows NT 10.0; Win64; x64) AppleWebKit/537.36 (KHTML, like Gecko) Chrome/143.0.0.0 Safari/537.36"
51.91.76.201 - - [23/Feb/2026:22:28:56 +0000] "GET /wp-content/themes/mentoring/assets/js/datetimepicker.js?ver=1.3.5 HTTP/1.1" 200 73107 "https://mentoring-wp.dreamsmarketplace.com/wp-admin/" "Mozilla/5.0 (Windows NT 10.0; Win64; x64) AppleWebKit/537.36 (KHTML, like Gecko) Chrome/143.0.0.0 Safari/537.36"
51.91.76.201 - - [23/Feb/2026:22:28:56 +0000] "GET /wp-includes/js/jquery/ui/slider.min.js?ver=1.13.3 HTTP/1.1" 200 10759 "https://mentoring-wp.dreamsmarketplace.com/wp-admin/" "Mozilla/5.0 (Windows NT 10.0; Win64; x64) AppleWebKit/537.36 (KHTML, like Gecko) Chrome/143.0.0.0 Safari/537.36"
51.91.76.201 - - [23/Feb/2026:22:28:56 +0000] "GET /wp-includes/js/plupload/moxie.min.js?ver=1.3.5.1 HTTP/1.1" 200 87394 "https://mentoring-wp.dreamsmarketplace.com/wp-admin/" "Mozilla/5.0 (Windows NT 10.0; Win64; x64) AppleWebKit/537.36 (KHTML, like Gecko) Chrome/143.0.0.0 Safari/537.36"
51.91.76.201 - - [23/Feb/2026:22:28:56 +0000] "GET /wp-admin/js/color-picker.min.js?ver=6.9 HTTP/1.1" 200 3486 "https://mentoring-wp.dreamsmarketplace.com/wp-admin/" "Mozilla/5.0 (Windows NT 10.0; Win64; x64) AppleWebKit/537.36 (KHTML, like Gecko) Chrome/143.0.0.0 Safari/537.36"
51.91.76.201 - - [23/Feb/2026:22:28:56 +0000] "GET /wp-includes/js/plupload/plupload.min.js?ver=2.1.9 HTTP/1.1" 200 15605 "https://mentoring-wp.dreamsmarketplace.com/wp-admin/" "Mozilla/5.0 (Windows NT 10.0; Win64; x64) AppleWebKit/537.36 (KHTML, like Gecko) Chrome/143.0.0.0 Safari/537.36"
51.91.76.201 - - [23/Feb/2026:22:28:56 +0000] "GET /wp-content/themes/mentoring/assets/js/jquery-confirm.min.js?ver=1.3.5 HTTP/1.1" 200 28222 "https://mentoring-wp.dreamsmarketplace.com/wp-admin/" "Mozilla/5.0 (Windows NT 10.0; Win64; x64) AppleWebKit/537.36 (KHTML, like Gecko) Chrome/143.0.0.0 Safari/537.36"
51.91.76.201 - - [23/Feb/2026:22:28:56 +0000] "GET /wp-content/themes/mentoring/admin/js/admin_functions.js?ver=1.3.5 HTTP/1.1" 200 5456 "https://mentoring-wp.dreamsmarketplace.com/wp-admin/" "Mozilla/5.0 (Windows NT 10.0; Win64; x64) AppleWebKit/537.36 (KHTML, like Gecko) Chrome/143.0.0.0 Safari/537.36"
51.91.76.201 - - [23/Feb/2026:22:29:25 +0000] "GET /wp-includes/css/editor.min.css?ver=6.9 HTTP/1.1" 200 26911 "https://mentoring-wp.dreamsmarketplace.com/wp-admin/" "Mozilla/5.0 (Windows NT 10.0; Win64; x64) AppleWebKit/537.36 (KHTML, like Gecko) Chrome/143.0.0.0 Safari/537.36"
51.91.76.201 - - [23/Feb/2026:22:29:25 +0000] "GET /wp-content/uploads/2022/07/user10-65x65.jpg HTTP/1.1" 200 23238 "https://mentoring-wp.dreamsmarketplace.com/wp-admin/" "Mozilla/5.0 (Windows NT 10.0; Win64; x64) AppleWebKit/537.36 (KHTML, like Gecko) Chrome/143.0.0.0 Safari/537.36"
51.91.76.201 - - [23/Feb/2026:22:29:26 +0000] "GET /wp-content/uploads/2022/07/user13-65x65.jpg HTTP/1.1" 200 34361 "https://mentoring-wp.dreamsmarketplace.com/wp-admin/" "Mozilla/5.0 (Windows NT 10.0; Win64; x64) AppleWebKit/537.36 (KHTML, like Gecko) Chrome/143.0.0.0 Safari/537.36"
51.91.76.201 - - [23/Feb/2026:22:29:30 +0000] "GET /wp-admin/images/spinner.gif HTTP/1.1" 200 3656 "https://mentoring-wp.dreamsmarketplace.com/wp-admin/load-styles.php?c=0&dir=ltr&load%5Bchunk_0%5D=dashicons,admin-bar,site-health,common,forms,admin-menu,dashboard,list-tables,edit,revisions,media,themes,about,nav-menus,wp-poi&load%5Bchunk_1%5D=nter,widgets,site-icon,l10n,buttons,wp-auth-check,wp-components,wp-commands,wp-color-picker,media-views&ver=6.9" "Mozilla/5.0 (Windows NT 10.0; Win64; x64) AppleWebKit/537.36 (KHTML, like Gecko) Chrome/143.0.0.0 Safari/537.36"
51.91.76.201 - - [23/Feb/2026:22:29:44 +0000] "GET /wp-admin/post-new.php HTTP/1.1" 301 178 "https://mentoring-wp.dreamstechnologies.com/" "Mozilla/5.0 (Windows NT 10.0; Win64; x64) AppleWebKit/537.36 (KHTML, like Gecko) Chrome/143.0.0.0 Safari/537.36"
172.187.168.139 - - [23/Feb/2026:22:29:54 +0000] "POST /wp-cron.php?doing_wp_cron=1771885794.4240350723266601562500 HTTP/1.1" 200 31 "-" "WordPress/6.9; https://mentoring-wp.dreamsmarketplace.com"
51.91.76.201 - - [23/Feb/2026:22:29:54 +0000] "GET /wp-admin/post-new.php HTTP/1.1" 500 2521 "https://mentoring-wp.dreamstechnologies.com/" "Mozilla/5.0 (Windows NT 10.0; Win64; x64) AppleWebKit/537.36 (KHTML, like Gecko) Chrome/143.0.0.0 Safari/537.36"
172.187.168.139 - - [23/Feb/2026:22:29:58 +0000] "POST /wp-cron.php?doing_wp_cron=1771885798.7640130519866943359375 HTTP/1.1" 200 31 "-" "WordPress/6.9; https://mentoring-wp.dreamsmarketplace.com"
51.91.76.201 - - [23/Feb/2026:22:29:58 +0000] "GET /favicon.ico HTTP/1.1" 302 5 "https://mentoring-wp.dreamsmarketplace.com/wp-admin/post-new.php" "Mozilla/5.0 (Windows NT 10.0; Win64; x64) AppleWebKit/537.36 (KHTML, like Gecko) Chrome/143.0.0.0 Safari/537.36"
51.91.76.201 - - [23/Feb/2026:22:30:14 +0000] "POST /xmlrpc.php HTTP/1.1" 301 178 "-" "Mozilla/5.0 (Windows NT 10.0; Win64; x64) AppleWebKit/537.36 (KHTML, like Gecko) Chrome/143.0.0.0 Safari/537.36"
172.187.168.139 - - [23/Feb/2026:22:30:18 +0000] "POST /wp-cron.php?doing_wp_cron=1771885818.8828940391540527343750 HTTP/1.1" 200 31 "-" "WordPress/6.9; https://mentoring-wp.dreamsmarketplace.com"
51.91.76.201 - - [23/Feb/2026:22:30:18 +0000] "GET /xmlrpc.php HTTP/1.1" 405 53 "-" "Mozilla/5.0 (Windows NT 10.0; Win64; x64) AppleWebKit/537.36 (KHTML, like Gecko) Chrome/143.0.0.0 Safari/537.36"
172.187.168.139 - - [23/Feb/2026:22:33:16 +0000] "POST /wp-cron.php?doing_wp_cron=1771885996.2892179489135742187500 HTTP/1.1" 200 31 "-" "WordPress/6.9; https://mentoring-wp.dreamsmarketplace.com"
216.244.66.236 - - [23/Feb/2026:22:33:16 +0000] "GET /robots.txt HTTP/1.1" 200 349 "-" "Mozilla/5.0 (compatible; DotBot/1.2; +https://opensiteexplorer.org/dotbot; [email protected])"
103.219.169.131 - - [23/Feb/2026:22:34:12 +0000] "POST /xmlrpc.php HTTP/1.1" 301 178 "-" "Mozilla/5.0 (Windows NT 10.0; Win64; x64) AppleWebKit/537.36 (KHTML, like Gecko) Chrome/114.0.0.0 Safari/537.36"
172.187.168.139 - - [23/Feb/2026:22:34:14 +0000] "POST /wp-cron.php?doing_wp_cron=1771886054.5467669963836669921875 HTTP/1.1" 200 31 "-" "WordPress/6.9; https://mentoring-wp.dreamsmarketplace.com"
103.219.169.131 - - [23/Feb/2026:22:34:14 +0000] "GET /xmlrpc.php HTTP/1.1" 405 53 "-" "Mozilla/5.0 (Windows NT 10.0; Win64; x64) AppleWebKit/537.36 (KHTML, like Gecko) Chrome/114.0.0.0 Safari/537.36"
103.219.169.131 - - [23/Feb/2026:22:34:15 +0000] "POST /xmlrpc.php HTTP/1.1" 301 178 "-" "Mozilla/5.0 (Windows NT 10.0; Win64; x64) AppleWebKit/537.36 (KHTML, like Gecko) Chrome/114.0.0.0 Safari/537.36"
172.187.168.139 - - [23/Feb/2026:22:34:17 +0000] "POST /wp-cron.php?doing_wp_cron=1771886057.5973939895629882812500 HTTP/1.1" 200 31 "-" "WordPress/6.9; https://mentoring-wp.dreamsmarketplace.com"
103.219.169.131 - - [23/Feb/2026:22:34:17 +0000] "GET /xmlrpc.php HTTP/1.1" 405 53 "-" "Mozilla/5.0 (Windows NT 10.0; Win64; x64) AppleWebKit/537.36 (KHTML, like Gecko) Chrome/114.0.0.0 Safari/537.36"
113.170.254.56 - - [23/Feb/2026:22:34:25 +0000] "GET /no-obstante-ninguna-agencia-seri%EF%BF%BDa-ideal-posee-varias-opciones-disponibles-de-tarjetas-de-reputacion-asi%EF%BF%BD-como-compromiso/ HTTP/1.1" 301 178 "-" "Mozilla/5.0 (Macintosh; Intel Mac OS X 10_15_7) AppleWebKit/537.36 (KHTML, like Gecko) Chrome/102.0.0.0 Safari/537.36"
172.187.168.139 - - [23/Feb/2026:22:34:29 +0000] "POST /wp-cron.php?doing_wp_cron=1771886069.1853370666503906250000 HTTP/1.1" 200 31 "-" "WordPress/6.9; https://mentoring-wp.dreamsmarketplace.com"
177.125.36.39 - - [23/Feb/2026:22:34:29 +0000] "GET /no-obstante-ninguna-agencia-seri%EF%BF%BDa-ideal-posee-varias-opciones-disponibles-de-tarjetas-de-reputacion-asi%EF%BF%BD-como-compromiso/ HTTP/1.1" 404 11002 "-" "Mozilla/5.0 (Macintosh; Intel Mac OS X 10_15_7) AppleWebKit/537.36 (KHTML, like Gecko) Chrome/102.0.0.0 Safari/537.36"
161.77.65.13 - - [23/Feb/2026:22:34:43 +0000] "POST /xmlrpc.php HTTP/1.1" 301 178 "-" "Python-xmlrpc/3.11"
161.77.65.13 - - [23/Feb/2026:22:35:31 +0000] "POST /xmlrpc.php HTTP/1.1" 301 178 "-" "Python-xmlrpc/3.11"
152.233.20.25 - - [23/Feb/2026:22:37:43 +0000] "GET /wp-login.php HTTP/1.1" 301 178 "-" "Mozilla/5.0 (Windows NT 10.0; Win64; x64) AppleWebKit/537.36 (KHTML, like Gecko) Chrome/114.0.0.0 Safari/537.36"
172.187.168.139 - - [23/Feb/2026:22:37:44 +0000] "POST /wp-cron.php?doing_wp_cron=1771886264.5257658958435058593750 HTTP/1.1" 200 31 "-" "WordPress/6.9; https://mentoring-wp.dreamsmarketplace.com"
152.233.20.25 - - [23/Feb/2026:22:37:44 +0000] "GET /wp-login.php HTTP/1.1" 200 2470 "-" "Mozilla/5.0 (Windows NT 10.0; Win64; x64) AppleWebKit/537.36 (KHTML, like Gecko) Chrome/114.0.0.0 Safari/537.36"
172.187.168.139 - - [23/Feb/2026:22:37:45 +0000] "POST /wp-cron.php?doing_wp_cron=1771886265.6898660659790039062500 HTTP/1.1" 200 31 "-" "WordPress/6.9; https://mentoring-wp.dreamsmarketplace.com"
216.244.66.236 - - [23/Feb/2026:22:37:45 +0000] "GET /languages/german/page/2/ HTTP/1.1" 301 5 "-" "Mozilla/5.0 (compatible; DotBot/1.2; +https://opensiteexplorer.org/dotbot; [email protected])"
172.187.168.139 - - [23/Feb/2026:22:37:46 +0000] "POST /wp-cron.php?doing_wp_cron=1771886266.2084710597991943359375 HTTP/1.1" 200 31 "-" "WordPress/6.9; https://mentoring-wp.dreamsmarketplace.com"
152.233.20.25 - - [23/Feb/2026:22:37:46 +0000] "POST /wp-login.php HTTP/1.1" 302 5 "-" "Mozilla/5.0 (Windows NT 10.0; Win64; x64) AppleWebKit/537.36 (KHTML, like Gecko) Chrome/114.0.0.0 Safari/537.36"
152.233.20.25 - - [23/Feb/2026:22:37:46 +0000] "GET / HTTP/1.1" 301 178 "-" "Mozilla/5.0 (Windows NT 10.0; Win64; x64) AppleWebKit/537.36 (KHTML, like Gecko) Chrome/114.0.0.0 Safari/537.36"
152.233.20.25 - - [23/Feb/2026:22:37:46 +0000] "GET /wp-admin/profile.php HTTP/1.1" 301 178 "https://mentoring-wp.dreamstechnologies.com/wp-admin/" "Mozilla/5.0 (Windows NT 10.0; Win64; x64) AppleWebKit/537.36 (KHTML, like Gecko) Chrome/114.0.0.0 Safari/537.36"
152.233.20.25 - - [23/Feb/2026:22:37:46 +0000] "GET /wp-admin/edit.php?post_type=page&paged=1 HTTP/1.1" 301 178 "https://mentoring-wp.dreamstechnologies.com/wp-admin/" "Mozilla/5.0 (Windows NT 10.0; Win64; x64) AppleWebKit/537.36 (KHTML, like Gecko) Chrome/114.0.0.0 Safari/537.36"
172.187.168.139 - - [23/Feb/2026:22:39:32 +0000] "POST /wp-cron.php?doing_wp_cron=1771886372.8354890346527099609375 HTTP/1.1" 200 31 "-" "WordPress/6.9; https://mentoring-wp.dreamsmarketplace.com"
66.249.66.72 - - [23/Feb/2026:22:39:32 +0000] "GET /robots.txt HTTP/1.1" 200 349 "-" "Mozilla/5.0 (compatible; Googlebot/2.1; +http://www.google.com/bot.html)"
172.187.168.139 - - [23/Feb/2026:22:39:34 +0000] "POST /wp-cron.php?doing_wp_cron=1771886374.1878330707550048828125 HTTP/1.1" 200 31 "-" "WordPress/6.9; https://mentoring-wp.dreamsmarketplace.com"
66.249.66.7 - - [23/Feb/2026:22:39:34 +0000] "GET / HTTP/1.1" 200 14896 "-" "Mozilla/5.0 (Linux; Android 6.0.1; Nexus 5X Build/MMB29P) AppleWebKit/537.36 (KHTML, like Gecko) Chrome/144.0.7559.132 Mobile Safari/537.36 (compatible; Googlebot/2.1; +http://www.google.com/bot.html)"
66.249.66.197 - - [23/Feb/2026:22:39:37 +0000] "GET /wp-includes/js/dist/hooks.min.js?ver=dd5603f07f9220ed27f1 HTTP/1.1" 200 5661 "https://mentoring-wp.dreamsmarketplace.com/" "Mozilla/5.0 (Linux; Android 6.0.1; Nexus 5X Build/MMB29P) AppleWebKit/537.36 (KHTML, like Gecko) Chrome/144.0.7559.132 Mobile Safari/537.36 (compatible; Googlebot/2.1; +http://www.google.com/bot.html)"
66.249.66.163 - - [23/Feb/2026:22:39:37 +0000] "GET /wp-content/themes/mentoring/assets/js/popper.min.js?ver=1.3.5 HTTP/1.1" 200 20508 "https://mentoring-wp.dreamsmarketplace.com/" "Mozilla/5.0 (Linux; Android 6.0.1; Nexus 5X Build/MMB29P) AppleWebKit/537.36 (KHTML, like Gecko) Chrome/144.0.7559.132 Mobile Safari/537.36 (compatible; Googlebot/2.1; +http://www.google.com/bot.html)"
66.249.66.33 - - [23/Feb/2026:22:39:37 +0000] "GET /wp-content/plugins/woocommerce/assets/js/sourcebuster/sourcebuster.min.js?ver=10.4.3 HTTP/1.1" 200 15315 "https://mentoring-wp.dreamsmarketplace.com/" "Mozilla/5.0 (Linux; Android 6.0.1; Nexus 5X Build/MMB29P) AppleWebKit/537.36 (KHTML, like Gecko) Chrome/144.0.7559.132 Mobile Safari/537.36 (compatible; Googlebot/2.1; +http://www.google.com/bot.html)"
66.249.66.70 - - [23/Feb/2026:22:39:38 +0000] "GET /wp-content/themes/mentoring/assets/js/magnific-popup.js?ver=1.1.0 HTTP/1.1" 200 45448 "https://mentoring-wp.dreamsmarketplace.com/" "Mozilla/5.0 (Linux; Android 6.0.1; Nexus 5X Build/MMB29P) AppleWebKit/537.36 (KHTML, like Gecko) Chrome/144.0.7559.132 Mobile Safari/537.36 (compatible; Googlebot/2.1; +http://www.google.com/bot.html)"
98.98.19.244 - - [23/Feb/2026:22:41:58 +0000] "POST /xmlrpc.php HTTP/1.1" 301 178 "-" "Mozilla/5.0 (Windows NT 10.0; Win64; x64) AppleWebKit/537.36 (KHTML, like Gecko) Chrome/114.0.0.0 Safari/537.36"
172.187.168.139 - - [23/Feb/2026:22:42:01 +0000] "POST /wp-cron.php?doing_wp_cron=1771886521.4578039646148681640625 HTTP/1.1" 200 31 "-" "WordPress/6.9; https://mentoring-wp.dreamsmarketplace.com"
98.98.19.244 - - [23/Feb/2026:22:42:01 +0000] "GET /xmlrpc.php HTTP/1.1" 405 53 "-" "Mozilla/5.0 (Windows NT 10.0; Win64; x64) AppleWebKit/537.36 (KHTML, like Gecko) Chrome/114.0.0.0 Safari/537.36"
98.98.19.244 - - [23/Feb/2026:22:42:02 +0000] "POST /xmlrpc.php HTTP/1.1" 301 178 "-" "Mozilla/5.0 (Windows NT 10.0; Win64; x64) AppleWebKit/537.36 (KHTML, like Gecko) Chrome/114.0.0.0 Safari/537.36"
172.187.168.139 - - [23/Feb/2026:22:42:04 +0000] "POST /wp-cron.php?doing_wp_cron=1771886524.8472399711608886718750 HTTP/1.1" 200 31 "-" "WordPress/6.9; https://mentoring-wp.dreamsmarketplace.com"
98.98.19.244 - - [23/Feb/2026:22:42:04 +0000] "GET /xmlrpc.php HTTP/1.1" 405 53 "-" "Mozilla/5.0 (Windows NT 10.0; Win64; x64) AppleWebKit/537.36 (KHTML, like Gecko) Chrome/114.0.0.0 Safari/537.36"
161.77.69.9 - - [23/Feb/2026:22:43:13 +0000] "POST /xmlrpc.php HTTP/1.1" 301 178 "-" "Python-xmlrpc/3.11"
14.190.237.106 - - [23/Feb/2026:22:43:54 +0000] "GET /kazino-oficialnyj-sajt-pin-up-casino-vhodi-i-913/ HTTP/1.1" 301 178 "-" "Mozilla/5.0 (Windows NT 6.1) AppleWebKit/537.36 (KHTML, like Gecko) Chrome/67.0.3396.99 Safari/537.36"
172.187.168.139 - - [23/Feb/2026:22:43:59 +0000] "POST /wp-cron.php?doing_wp_cron=1771886639.5392160415649414062500 HTTP/1.1" 200 31 "-" "WordPress/6.9; https://mentoring-wp.dreamsmarketplace.com"
123.24.215.161 - - [23/Feb/2026:22:43:59 +0000] "GET /kazino-oficialnyj-sajt-pin-up-casino-vhodi-i-913/ HTTP/1.1" 404 10940 "-" "Mozilla/5.0 (Windows NT 6.1) AppleWebKit/537.36 (KHTML, like Gecko) Chrome/67.0.3396.99 Safari/537.36"
107.175.81.160 - - [23/Feb/2026:22:44:18 +0000] "GET /register/ HTTP/1.1" 301 178 "https://mentoring-wp.dreamstechnologies.com/" "Mozilla/5.0 (X11; Fedora; Linux x86_64; rv:114.0) Gecko/20100101 Firefox/114.0"
172.187.168.139 - - [23/Feb/2026:22:44:20 +0000] "POST /wp-cron.php?doing_wp_cron=1771886660.5413069725036621093750 HTTP/1.1" 200 31 "-" "WordPress/6.9; https://mentoring-wp.dreamsmarketplace.com"
107.175.81.160 - - [23/Feb/2026:22:44:20 +0000] "GET /register/ HTTP/1.1" 200 12106 "https://mentoring-wp.dreamstechnologies.com/" "Mozilla/5.0 (X11; Fedora; Linux x86_64; rv:114.0) Gecko/20100101 Firefox/114.0"
172.187.168.139 - - [23/Feb/2026:22:44:25 +0000] "POST /wp-cron.php?doing_wp_cron=1771886665.7782790660858154296875 HTTP/1.1" 200 31 "-" "WordPress/6.9; https://mentoring-wp.dreamsmarketplace.com"
107.175.81.160 - - [23/Feb/2026:22:44:25 +0000] "GET /register/?first_name=Hannelore&last_name=Warfield&username=rex445314131&email=rex.piedra49%40bdfe.thomasin.online&location=&password=HxLU9_CNuKqKn&verify_password=HxLU9_CNuKqKn&user_type=mentee&display_name=Warfield&termsconditions=checked HTTP/1.1" 200 12238 "https://mentoring-wp.dreamsmarketplace.com/register/" "Mozilla/5.0 (Windows NT 6.3; Win64; x64) AppleWebKit/537.36 (KHTML, like Gecko) Chrome/103.0.0.0 Safari/537.36"
107.175.81.160 - - [23/Feb/2026:22:44:26 +0000] "GET /register/ HTTP/1.1" 301 178 "https://mentoring-wp.dreamsmarketplace.com/" "Mozilla/5.0 (Windows NT 6.3; Win64; x64) AppleWebKit/537.36 (KHTML, like Gecko) Chrome/103.0.0.0 Safari/537.36"
172.187.168.139 - - [23/Feb/2026:22:44:28 +0000] "POST /wp-cron.php?doing_wp_cron=1771886668.3303289413452148437500 HTTP/1.1" 200 31 "-" "WordPress/6.9; https://mentoring-wp.dreamsmarketplace.com"
107.175.81.160 - - [23/Feb/2026:22:44:28 +0000] "GET /register/ HTTP/1.1" 200 12106 "https://mentoring-wp.dreamstechnologies.com/" "Mozilla/5.0 (Windows NT 6.3; Win64; x64) AppleWebKit/537.36 (KHTML, like Gecko) Chrome/103.0.0.0 Safari/537.36"
172.187.168.139 - - [23/Feb/2026:22:44:30 +0000] "POST /wp-cron.php?doing_wp_cron=1771886670.0582199096679687500000 HTTP/1.1" 200 31 "-" "WordPress/6.9; https://mentoring-wp.dreamsmarketplace.com"
107.175.81.160 - - [23/Feb/2026:22:44:30 +0000] "GET /xmlrpc.php HTTP/1.1" 405 53 "https://mentoring-wp.dreamsmarketplace.com/register/" "Mozilla/5.0 (Windows NT 6.3; Win64; x64) AppleWebKit/537.36 (KHTML, like Gecko) Chrome/103.0.0.0 Safari/537.36"
172.187.168.139 - - [23/Feb/2026:22:44:31 +0000] "POST /wp-cron.php?doing_wp_cron=1771886671.6343820095062255859375 HTTP/1.1" 200 31 "-" "WordPress/6.9; https://mentoring-wp.dreamsmarketplace.com"
107.175.81.160 - - [23/Feb/2026:22:44:31 +0000] "POST /xmlrpc.php HTTP/1.1" 200 415 "https://mentoring-wp.dreamsmarketplace.com/xmlrpc.php" "Mozilla/5.0 (Windows NT 6.3; Win64; x64) AppleWebKit/537.36 (KHTML, like Gecko) Chrome/103.0.0.0 Safari/537.36"
172.187.168.139 - - [23/Feb/2026:22:44:33 +0000] "POST /wp-cron.php?doing_wp_cron=1771886673.3232970237731933593750 HTTP/1.1" 200 31 "-" "WordPress/6.9; https://mentoring-wp.dreamsmarketplace.com"
107.175.81.160 - - [23/Feb/2026:22:44:33 +0000] "POST /xmlrpc.php HTTP/1.1" 200 415 "https://mentoring-wp.dreamsmarketplace.com/xmlrpc.php" "Mozilla/5.0 (Windows NT 6.3; Win64; x64) AppleWebKit/537.36 (KHTML, like Gecko) Chrome/103.0.0.0 Safari/537.36"
107.175.81.160 - - [23/Feb/2026:22:44:34 +0000] "GET /register/ HTTP/1.1" 301 178 "https://mentoring-wp.dreamsmarketplace.com/" "Mozilla/5.0 (Windows NT 6.3; Win64; x64) AppleWebKit/537.36 (KHTML, like Gecko) Chrome/103.0.0.0 Safari/537.36"
131.0.190.225 - - [23/Feb/2026:22:45:05 +0000] "GET /mentors/sofia-brient/page/3/ HTTP/1.1" 301 178 "-" "Mozilla/5.0 (Windows NT 10.0; Win64; x64) AppleWebKit/537.36 (KHTML, like Gecko) Chrome/86.0.4240.198 Safari/537.36"
172.187.168.139 - - [23/Feb/2026:22:45:06 +0000] "POST /wp-cron.php?doing_wp_cron=1771886705.8781070709228515625000 HTTP/1.1" 200 31 "-" "WordPress/6.9; https://mentoring-wp.dreamsmarketplace.com"
107.175.81.160 - - [23/Feb/2026:22:45:06 +0000] "GET /wp-admin/post-new.php HTTP/1.1" 302 5 "https://mentoring-wp.dreamsmarketplace.com/register/" "Mozilla/5.0 (Windows NT 6.3; Win64; x64) AppleWebKit/537.36 (KHTML, like Gecko) Chrome/103.0.0.0 Safari/537.36"
172.187.168.139 - - [23/Feb/2026:22:45:07 +0000] "POST /wp-cron.php?doing_wp_cron=1771886707.8851709365844726562500 HTTP/1.1" 200 31 "-" "WordPress/6.9; https://mentoring-wp.dreamsmarketplace.com"
107.175.81.160 - - [23/Feb/2026:22:45:08 +0000] "GET /wp-login.php?redirect_to=https%3A%2F%2Fmentoring-wp.dreamsmarketplace.com%2Fwp-admin%2Fpost-new.php&reauth=1 HTTP/1.1" 200 2486 "https://mentoring-wp.dreamsmarketplace.com/wp-admin/post-new.php" "Mozilla/5.0 (Windows NT 6.3; Win64; x64) AppleWebKit/537.36 (KHTML, like Gecko) Chrome/103.0.0.0 Safari/537.36"
172.187.168.139 - - [23/Feb/2026:22:45:08 +0000] "POST /wp-cron.php?doing_wp_cron=1771886708.4557080268859863281250 HTTP/1.1" 200 31 "-" "WordPress/6.9; https://mentoring-wp.dreamsmarketplace.com"
103.214.202.54 - - [23/Feb/2026:22:45:08 +0000] "GET /mentors/sofia-brient/page/3/ HTTP/1.1" 404 10938 "-" "Mozilla/5.0 (Windows NT 10.0; Win64; x64) AppleWebKit/537.36 (KHTML, like Gecko) Chrome/86.0.4240.198 Safari/537.36"
172.187.168.139 - - [23/Feb/2026:22:46:38 +0000] "POST /wp-cron.php?doing_wp_cron=1771886798.7770810127258300781250 HTTP/1.1" 200 31 "-" "WordPress/6.9; https://mentoring-wp.dreamsmarketplace.com"
205.210.31.15 - - [23/Feb/2026:22:46:38 +0000] "GET / HTTP/1.1" 200 14896 "-" "Hello from Palo Alto Networks, find out more about our scans in https://docs-cortex.paloaltonetworks.com/r/1/Cortex-Xpanse/Scanning-activity"
62.12.118.37 - - [23/Feb/2026:22:48:00 +0000] "POST /xmlrpc.php HTTP/1.1" 301 178 "-" "Mozilla/5.0 (Windows NT 10.0; Win64; x64) AppleWebKit/537.36 (KHTML, like Gecko) Chrome/114.0.0.0 Safari/537.36"
172.187.168.139 - - [23/Feb/2026:22:48:02 +0000] "POST /wp-cron.php?doing_wp_cron=1771886882.8292429447174072265625 HTTP/1.1" 200 31 "-" "WordPress/6.9; https://mentoring-wp.dreamsmarketplace.com"
62.12.118.37 - - [23/Feb/2026:22:48:02 +0000] "GET /xmlrpc.php HTTP/1.1" 405 53 "-" "Mozilla/5.0 (Windows NT 10.0; Win64; x64) AppleWebKit/537.36 (KHTML, like Gecko) Chrome/114.0.0.0 Safari/537.36"
62.12.118.37 - - [23/Feb/2026:22:48:03 +0000] "POST /xmlrpc.php HTTP/1.1" 301 178 "-" "Mozilla/5.0 (Windows NT 10.0; Win64; x64) AppleWebKit/537.36 (KHTML, like Gecko) Chrome/114.0.0.0 Safari/537.36"
172.187.168.139 - - [23/Feb/2026:22:48:05 +0000] "POST /wp-cron.php?doing_wp_cron=1771886885.2084810733795166015625 HTTP/1.1" 200 31 "-" "WordPress/6.9; https://mentoring-wp.dreamsmarketplace.com"
62.12.118.37 - - [23/Feb/2026:22:48:05 +0000] "GET /xmlrpc.php HTTP/1.1" 405 53 "-" "Mozilla/5.0 (Windows NT 10.0; Win64; x64) AppleWebKit/537.36 (KHTML, like Gecko) Chrome/114.0.0.0 Safari/537.36"
177.92.253.136 - - [23/Feb/2026:22:56:58 +0000] "GET /mentors/ruby-perrin/page/8/ HTTP/1.1" 301 178 "-" "Mozilla/5.0 (Windows NT 6.1) AppleWebKit/537.36 (KHTML, like Gecko) Chrome/88.0.4324.190 Safari/537.36"
172.187.168.139 - - [23/Feb/2026:22:57:01 +0000] "POST /wp-cron.php?doing_wp_cron=1771887421.4030599594116210937500 HTTP/1.1" 200 31 "-" "WordPress/6.9; https://mentoring-wp.dreamsmarketplace.com"
190.9.111.75 - - [23/Feb/2026:22:57:01 +0000] "GET /mentors/ruby-perrin/page/8/ HTTP/1.1" 404 10936 "-" "Mozilla/5.0 (Windows NT 6.1) AppleWebKit/537.36 (KHTML, like Gecko) Chrome/88.0.4324.190 Safari/537.36"
104.166.164.39 - - [23/Feb/2026:22:57:14 +0000] "POST /xmlrpc.php HTTP/1.1" 301 178 "-" "Mozilla/5.0 (Windows NT 10.0; Win64; x64) AppleWebKit/537.36 (KHTML, like Gecko) Chrome/114.0.0.0 Safari/537.36"
172.187.168.139 - - [23/Feb/2026:22:57:17 +0000] "POST /wp-cron.php?doing_wp_cron=1771887437.2069070339202880859375 HTTP/1.1" 200 31 "-" "WordPress/6.9; https://mentoring-wp.dreamsmarketplace.com"
104.166.164.39 - - [23/Feb/2026:22:57:17 +0000] "GET /xmlrpc.php HTTP/1.1" 405 53 "-" "Mozilla/5.0 (Windows NT 10.0; Win64; x64) AppleWebKit/537.36 (KHTML, like Gecko) Chrome/114.0.0.0 Safari/537.36"
104.166.164.39 - - [23/Feb/2026:22:57:19 +0000] "POST /xmlrpc.php HTTP/1.1" 301 178 "-" "Mozilla/5.0 (Windows NT 10.0; Win64; x64) AppleWebKit/537.36 (KHTML, like Gecko) Chrome/114.0.0.0 Safari/537.36"
172.187.168.139 - - [23/Feb/2026:22:57:23 +0000] "POST /wp-cron.php?doing_wp_cron=1771887443.4667699337005615234375 HTTP/1.1" 200 31 "-" "WordPress/6.9; https://mentoring-wp.dreamsmarketplace.com"
104.166.164.39 - - [23/Feb/2026:22:57:23 +0000] "GET /xmlrpc.php HTTP/1.1" 405 53 "-" "Mozilla/5.0 (Windows NT 10.0; Win64; x64) AppleWebKit/537.36 (KHTML, like Gecko) Chrome/114.0.0.0 Safari/537.36"
98.98.19.244 - - [23/Feb/2026:22:57:29 +0000] "POST /xmlrpc.php HTTP/1.1" 301 178 "-" "Mozilla/5.0 (Windows NT 10.0; Win64; x64) AppleWebKit/537.36 (KHTML, like Gecko) Chrome/114.0.0.0 Safari/537.36"
172.187.168.139 - - [23/Feb/2026:22:57:32 +0000] "POST /wp-cron.php?doing_wp_cron=1771887452.4194769859313964843750 HTTP/1.1" 200 31 "-" "WordPress/6.9; https://mentoring-wp.dreamsmarketplace.com"
98.98.19.244 - - [23/Feb/2026:22:57:32 +0000] "GET /xmlrpc.php HTTP/1.1" 405 53 "-" "Mozilla/5.0 (Windows NT 10.0; Win64; x64) AppleWebKit/537.36 (KHTML, like Gecko) Chrome/114.0.0.0 Safari/537.36"
98.98.19.244 - - [23/Feb/2026:22:57:33 +0000] "POST /xmlrpc.php HTTP/1.1" 301 178 "-" "Mozilla/5.0 (Windows NT 10.0; Win64; x64) AppleWebKit/537.36 (KHTML, like Gecko) Chrome/114.0.0.0 Safari/537.36"
172.187.168.139 - - [23/Feb/2026:22:57:35 +0000] "POST /wp-cron.php?doing_wp_cron=1771887455.8701260089874267578125 HTTP/1.1" 200 31 "-" "WordPress/6.9; https://mentoring-wp.dreamsmarketplace.com"
98.98.19.244 - - [23/Feb/2026:22:57:35 +0000] "GET /xmlrpc.php HTTP/1.1" 405 53 "-" "Mozilla/5.0 (Windows NT 10.0; Win64; x64) AppleWebKit/537.36 (KHTML, like Gecko) Chrome/114.0.0.0 Safari/537.36"
103.156.164.42 - - [23/Feb/2026:23:00:17 +0000] "POST /wp-login.php HTTP/1.1" 301 178 "https://mentoring-wp.dreamstechnologies.com/wp-admin/" "Mozilla/5.0 (X11; Linux x86_64) AppleWebKit/537.36 (KHTML, like Gecko) Chrome/114.0.0.0 Safari/537.36"
172.187.168.139 - - [23/Feb/2026:23:00:19 +0000] "POST /wp-cron.php?doing_wp_cron=1771887619.4307620525360107421875 HTTP/1.1" 200 31 "-" "WordPress/6.9; https://mentoring-wp.dreamsmarketplace.com"
103.156.164.42 - - [23/Feb/2026:23:00:19 +0000] "GET /wp-login.php HTTP/1.1" 200 2470 "https://mentoring-wp.dreamstechnologies.com/wp-admin/" "Mozilla/5.0 (X11; Linux x86_64) AppleWebKit/537.36 (KHTML, like Gecko) Chrome/114.0.0.0 Safari/537.36"
172.187.168.139 - - [23/Feb/2026:23:00:21 +0000] "POST /wp-cron.php?doing_wp_cron=1771887621.0439760684967041015625 HTTP/1.1" 200 31 "-" "WordPress/6.9; https://mentoring-wp.dreamsmarketplace.com"
103.156.164.42 - - [23/Feb/2026:23:00:21 +0000] "POST /wp-login.php HTTP/1.1" 302 5 "https://mentoring-wp.dreamstechnologies.com/wp-admin/" "Mozilla/5.0 (X11; Linux x86_64) AppleWebKit/537.36 (KHTML, like Gecko) Chrome/114.0.0.0 Safari/537.36"
172.187.168.139 - - [23/Feb/2026:23:00:24 +0000] "POST /wp-cron.php?doing_wp_cron=1771887624.4595129489898681640625 HTTP/1.1" 200 31 "-" "WordPress/6.9; https://mentoring-wp.dreamsmarketplace.com"
103.156.164.42 - - [23/Feb/2026:23:00:24 +0000] "GET /wp-admin/ HTTP/1.1" 200 18244 "https://mentoring-wp.dreamstechnologies.com/wp-admin/" "Mozilla/5.0 (X11; Linux x86_64) AppleWebKit/537.36 (KHTML, like Gecko) Chrome/114.0.0.0 Safari/537.36"
172.187.168.139 - - [23/Feb/2026:23:00:27 +0000] "POST /wp-cron.php?doing_wp_cron=1771887627.6246340274810791015625 HTTP/1.1" 200 31 "-" "WordPress/6.9; https://mentoring-wp.dreamsmarketplace.com"
103.156.164.42 - - [23/Feb/2026:23:00:27 +0000] "GET /wp-admin/ HTTP/1.1" 200 18244 "-" "Mozilla/5.0 (Macintosh; Intel Mac OS X 11_1_2) AppleWebKit/605.1.15 (KHTML, like Gecko) Version/16.6 Safari/605.1.15"
172.187.168.139 - - [23/Feb/2026:23:00:30 +0000] "POST /wp-cron.php?doing_wp_cron=1771887630.8244009017944335937500 HTTP/1.1" 200 31 "-" "WordPress/6.9; https://mentoring-wp.dreamsmarketplace.com"
103.156.164.42 - - [23/Feb/2026:23:00:30 +0000] "GET /wp-admin/index.php HTTP/1.1" 200 18256 "https://duckduckgo.com/" "Mozilla/5.0 (Macintosh; Intel Mac OS X 11_1_2) AppleWebKit/605.1.15 (KHTML, like Gecko) Version/17.2 Safari/605.1.15"
172.187.168.139 - - [23/Feb/2026:23:00:34 +0000] "POST /wp-cron.php?doing_wp_cron=1771887634.0037879943847656250000 HTTP/1.1" 200 31 "-" "WordPress/6.9; https://mentoring-wp.dreamsmarketplace.com"
103.156.164.42 - - [23/Feb/2026:23:00:34 +0000] "GET /wp-admin/profile.php HTTP/1.1" 200 113163 "-" "Mozilla/5.0 (Windows NT 11.0; Win64; x64) AppleWebKit/537.36 (KHTML, like Gecko) Chrome/114.0.0.0 Safari/537.36"
172.187.168.139 - - [23/Feb/2026:23:00:36 +0000] "POST /wp-cron.php?doing_wp_cron=1771887636.9062829017639160156250 HTTP/1.1" 200 31 "-" "WordPress/6.9; https://mentoring-wp.dreamsmarketplace.com"
103.156.164.42 - - [23/Feb/2026:23:00:36 +0000] "GET /wp-admin/plugin-install.php?tab=upload HTTP/1.1" 200 67417 "https://www.google.com/search?q=wordpress" "Mozilla/5.0 (Macintosh; Intel Mac OS X 11_1_2) AppleWebKit/537.36 (KHTML, like Gecko) Chrome/115.0.0.0 Safari/537.36"
172.187.168.139 - - [23/Feb/2026:23:00:39 +0000] "POST /wp-cron.php?doing_wp_cron=1771887639.5704729557037353515625 HTTP/1.1" 200 31 "-" "WordPress/6.9; https://mentoring-wp.dreamsmarketplace.com"
103.156.164.42 - - [23/Feb/2026:23:00:39 +0000] "POST /wp-admin/update.php?action=upload-plugin HTTP/1.1" 500 2583 "https://www.facebook.com/" "Mozilla/5.0 (X11; Ubuntu; Linux x86_64) AppleWebKit/537.36 (KHTML, like Gecko) Chrome/114.0.0.0 Safari/537.36"
103.156.164.42 - - [23/Feb/2026:23:00:40 +0000] "GET /wp-content/plugins/08e9e659/index.php HTTP/1.1" 404 196 "-" "Mozilla/5.0 (X11; Linux x86_64) AppleWebKit/537.36 (KHTML, like Gecko) Chrome/115.0.0.0 Safari/537.36"
172.187.168.139 - - [23/Feb/2026:23:00:44 +0000] "POST /wp-cron.php?doing_wp_cron=1771887644.1088490486145019531250 HTTP/1.1" 200 31 "-" "WordPress/6.9; https://mentoring-wp.dreamsmarketplace.com"
103.156.164.42 - - [23/Feb/2026:23:00:44 +0000] "GET /wp-admin/plugin-install.php?s=File+Manager&tab=search&type=term HTTP/1.1" 200 78901 "https://www.google.com/" "Mozilla/5.0 (X11; Linux x86_64) AppleWebKit/537.36 (KHTML, like Gecko) Chrome/115.0.0.0 Safari/537.36"
172.187.168.139 - - [23/Feb/2026:23:00:47 +0000] "POST /wp-cron.php?doing_wp_cron=1771887647.1507229804992675781250 HTTP/1.1" 200 31 "-" "WordPress/6.9; https://mentoring-wp.dreamsmarketplace.com"
103.156.164.42 - - [23/Feb/2026:23:00:47 +0000] "GET /wp-admin/theme-install.php?tab=upload HTTP/1.1" 200 71243 "-" "Mozilla/5.0 (X11; Ubuntu; Linux x86_64) AppleWebKit/537.36 (KHTML, like Gecko) Chrome/114.0.0.0 Safari/537.36"
172.187.168.139 - - [23/Feb/2026:23:00:50 +0000] "POST /wp-cron.php?doing_wp_cron=1771887650.1370940208435058593750 HTTP/1.1" 200 31 "-" "WordPress/6.9; https://mentoring-wp.dreamsmarketplace.com"
103.156.164.42 - - [23/Feb/2026:23:00:50 +0000] "POST /wp-admin/update.php?action=upload-theme HTTP/1.1" 500 2583 "-" "Mozilla/5.0 (Macintosh; Intel Mac OS X 11_1_2; rv:120.0) Gecko/20100101 Firefox/120.0"
103.156.164.42 - - [23/Feb/2026:23:00:50 +0000] "GET /wp-content/themes/a0c4b3eb/about.php HTTP/1.1" 404 196 "https://www.google.com/search?q=wordpress" "Mozilla/5.0 (Windows NT 11.0; Win64; x64) AppleWebKit/537.36 (KHTML, like Gecko) Chrome/115.0.0.0 Safari/537.36"
172.187.168.139 - - [23/Feb/2026:23:00:53 +0000] "POST /wp-cron.php?doing_wp_cron=1771887653.7977490425109863281250 HTTP/1.1" 200 31 "-" "WordPress/6.9; https://mentoring-wp.dreamsmarketplace.com"
103.156.164.42 - - [23/Feb/2026:23:00:53 +0000] "GET /wp-admin/theme-editor.php?file=404.php HTTP/1.1" 200 82630 "https://www.google.com/search?q=wordpress" "Mozilla/5.0 (Macintosh; Intel Mac OS X 11_1_2) AppleWebKit/537.36 (KHTML, like Gecko) Chrome/115.0.0.0 Safari/537.36"
172.187.168.139 - - [23/Feb/2026:23:00:57 +0000] "POST /wp-cron.php?doing_wp_cron=1771887657.0948019027709960937500 HTTP/1.1" 200 31 "-" "WordPress/6.9; https://mentoring-wp.dreamsmarketplace.com"
103.156.164.42 - - [23/Feb/2026:23:00:57 +0000] "GET /wp-admin/ HTTP/1.1" 200 18244 "https://duckduckgo.com/" "Mozilla/5.0 (Windows NT 11.0; Win64; x64) AppleWebKit/537.36 (KHTML, like Gecko) Chrome/113.0.0.0 Safari/537.36"
