165.73.242.8 - - [23/Feb/2026:10:38:30 +0000] "GET /xmlrpc.php HTTP/1.1" 405 53 "-" "Mozilla/5.0 (Windows NT 10.0; Win64; x64) AppleWebKit/537.36 (KHTML, like Gecko) Chrome/114.0.0.0 Safari/537.36"
185.255.128.109 - mentoring_admin [23/Feb/2026:10:38:31 +0000] "GET /wp-json/wp/v2/pages HTTP/1.1" 301 178 "-" "python-requests/2.32.3"
172.187.168.139 - - [23/Feb/2026:10:38:33 +0000] "POST /wp-cron.php?doing_wp_cron=1771843112.9878830909729003906250 HTTP/1.1" 200 31 "-" "WordPress/6.9; https://mentoring-wp.dreamsmarketplace.com"
185.255.128.109 - - [23/Feb/2026:10:38:33 +0000] "GET /wp-json/wp/v2/pages HTTP/1.1" 200 58710 "-" "python-requests/2.32.3"
185.255.128.109 - mentoring_admin [23/Feb/2026:10:38:33 +0000] "GET /wp-json/wp/v2/settings HTTP/1.1" 301 178 "-" "python-requests/2.32.3"
172.187.168.139 - - [23/Feb/2026:10:38:34 +0000] "POST /wp-cron.php?doing_wp_cron=1771843114.5439689159393310546875 HTTP/1.1" 200 31 "-" "WordPress/6.9; https://mentoring-wp.dreamsmarketplace.com"
185.255.128.109 - - [23/Feb/2026:10:38:34 +0000] "GET /wp-json/wp/v2/settings HTTP/1.1" 401 109 "-" "python-requests/2.32.3"
185.255.128.109 - mentoring_admin [23/Feb/2026:10:38:34 +0000] "GET /wp-json/wp/v2/pages HTTP/1.1" 301 178 "-" "python-requests/2.32.3"
172.187.168.139 - - [23/Feb/2026:10:38:36 +0000] "POST /wp-cron.php?doing_wp_cron=1771843116.2725260257720947265625 HTTP/1.1" 200 31 "-" "WordPress/6.9; https://mentoring-wp.dreamsmarketplace.com"
185.255.128.109 - - [23/Feb/2026:10:38:36 +0000] "GET /wp-json/wp/v2/pages HTTP/1.1" 200 58710 "-" "python-requests/2.32.3"
185.255.128.109 - mentoring_admin [23/Feb/2026:10:38:36 +0000] "POST /wp-json/wp/v2/pages/4560 HTTP/1.1" 301 178 "-" "python-requests/2.32.3"
172.187.168.139 - - [23/Feb/2026:10:38:37 +0000] "POST /wp-cron.php?doing_wp_cron=1771843117.8878169059753417968750 HTTP/1.1" 200 31 "-" "WordPress/6.9; https://mentoring-wp.dreamsmarketplace.com"
185.255.128.109 - - [23/Feb/2026:10:38:37 +0000] "GET /wp-json/wp/v2/pages/4560 HTTP/1.1" 200 19794 "-" "python-requests/2.32.3"
185.255.128.109 - mentoring_admin [23/Feb/2026:10:38:50 +0000] "GET /wp-json/wp/v2/pages HTTP/1.1" 301 178 "-" "python-requests/2.32.3"
172.187.168.139 - - [23/Feb/2026:10:38:51 +0000] "POST /wp-cron.php?doing_wp_cron=1771843131.9442191123962402343750 HTTP/1.1" 200 31 "-" "WordPress/6.9; https://mentoring-wp.dreamsmarketplace.com"
185.255.128.109 - - [23/Feb/2026:10:38:52 +0000] "GET /wp-json/wp/v2/pages HTTP/1.1" 200 58710 "-" "python-requests/2.32.3"
185.255.128.109 - mentoring_admin [23/Feb/2026:10:38:52 +0000] "GET /wp-json/wp/v2/settings HTTP/1.1" 301 178 "-" "python-requests/2.32.3"
172.187.168.139 - - [23/Feb/2026:10:38:53 +0000] "POST /wp-cron.php?doing_wp_cron=1771843133.5782790184020996093750 HTTP/1.1" 200 31 "-" "WordPress/6.9; https://mentoring-wp.dreamsmarketplace.com"
185.255.128.109 - - [23/Feb/2026:10:38:53 +0000] "GET /wp-json/wp/v2/settings HTTP/1.1" 401 109 "-" "python-requests/2.32.3"
185.255.128.109 - mentoring_admin [23/Feb/2026:10:38:53 +0000] "GET /wp-json/wp/v2/pages HTTP/1.1" 301 178 "-" "python-requests/2.32.3"
172.187.168.139 - - [23/Feb/2026:10:38:55 +0000] "POST /wp-cron.php?doing_wp_cron=1771843135.3030219078063964843750 HTTP/1.1" 200 31 "-" "WordPress/6.9; https://mentoring-wp.dreamsmarketplace.com"
185.255.128.109 - - [23/Feb/2026:10:38:55 +0000] "GET /wp-json/wp/v2/pages HTTP/1.1" 200 58710 "-" "python-requests/2.32.3"
185.255.128.109 - mentoring_admin [23/Feb/2026:10:38:55 +0000] "POST /wp-json/wp/v2/pages/4560 HTTP/1.1" 301 178 "-" "python-requests/2.32.3"
172.187.168.139 - - [23/Feb/2026:10:38:57 +0000] "POST /wp-cron.php?doing_wp_cron=1771843137.2705659866333007812500 HTTP/1.1" 200 31 "-" "WordPress/6.9; https://mentoring-wp.dreamsmarketplace.com"
185.255.128.109 - - [23/Feb/2026:10:38:57 +0000] "GET /wp-json/wp/v2/pages/4560 HTTP/1.1" 200 19794 "-" "python-requests/2.32.3"
2a03:2880:f800:: - - [23/Feb/2026:10:41:42 +0000] "GET /wp-sitemap-posts-post-1.xml HTTP/1.1" 301 178 "-" "meta-externalagent/1.1 (+https://developers.facebook.com/docs/sharing/webmasters/crawler)"
23.94.175.150 - - [23/Feb/2026:10:42:27 +0000] "GET /wp-login.php HTTP/1.1" 301 178 "-" "Mozilla/5.0 (compatible; MSIE 9.0; Windows NT 6.1; Trident/5.0)"
161.77.54.65 - - [23/Feb/2026:10:42:39 +0000] "POST /xmlrpc.php HTTP/1.1" 301 178 "-" "Python-xmlrpc/3.11"
14.242.187.202 - - [23/Feb/2026:10:43:33 +0000] "GET /exactly-why-you-continue-losing-in-the-harbors-7-crappy-slots-designs-you-ought-to-split/ HTTP/1.1" 301 178 "-" "Mozilla/5.0 (Windows NT 10.0) AppleWebKit/537.36 (KHTML, like Gecko) Chrome/85.0.4121.813 Safari/537.36"
172.187.168.139 - - [23/Feb/2026:10:43:37 +0000] "POST /wp-cron.php?doing_wp_cron=1771843417.0295970439910888671875 HTTP/1.1" 200 31 "-" "WordPress/6.9; https://mentoring-wp.dreamsmarketplace.com"
189.29.151.130 - - [23/Feb/2026:10:43:37 +0000] "GET /exactly-why-you-continue-losing-in-the-harbors-7-crappy-slots-designs-you-ought-to-split/ HTTP/1.1" 404 10972 "-" "Mozilla/5.0 (Windows NT 10.0) AppleWebKit/537.36 (KHTML, like Gecko) Chrome/85.0.4121.813 Safari/537.36"
2a03:2880:f800:10:: - - [23/Feb/2026:10:43:52 +0000] "GET /wp-sitemap-posts-product-1.xml HTTP/1.1" 301 178 "-" "meta-externalagent/1.1 (+https://developers.facebook.com/docs/sharing/webmasters/crawler)"
172.187.168.139 - - [23/Feb/2026:10:44:21 +0000] "POST /wp-cron.php?doing_wp_cron=1771843461.2461628913879394531250 HTTP/1.1" 200 31 "-" "WordPress/6.9; https://mentoring-wp.dreamsmarketplace.com"
207.46.13.63 - - [23/Feb/2026:10:44:21 +0000] "GET /the-standard-lorem-ipsum-used/ HTTP/1.1" 200 18107 "-" "Mozilla/5.0 AppleWebKit/537.36 (KHTML, like Gecko; compatible; bingbot/2.0; +http://www.bing.com/bingbot.htm) Chrome/116.0.1938.76 Safari/537.36"
172.187.168.139 - - [23/Feb/2026:10:45:06 +0000] "POST /wp-cron.php?doing_wp_cron=1771843506.3401799201965332031250 HTTP/1.1" 200 31 "-" "WordPress/6.9; https://mentoring-wp.dreamsmarketplace.com"
2a03:2880:f800:1f:: - - [23/Feb/2026:10:45:06 +0000] "GET /wp-sitemap-taxonomies-category-1.xml HTTP/1.1" 200 793 "-" "meta-externalagent/1.1 (+https://developers.facebook.com/docs/sharing/webmasters/crawler)"
2a03:2880:f800:3e:: - - [23/Feb/2026:10:45:30 +0000] "GET /best-aztec-inspired-ports-better-video-game-motivated-from-the-goldbet-casino-promo-codes-2025-old-money/ HTTP/1.1" 301 178 "-" "meta-externalagent/1.1 (+https://developers.facebook.com/docs/sharing/webmasters/crawler)"
212.97.69.14 - mentoring_admin [23/Feb/2026:10:46:39 +0000] "GET /wp-json/wp/v2/pages HTTP/1.1" 301 178 "-" "python-requests/2.32.3"
172.187.168.139 - - [23/Feb/2026:10:46:45 +0000] "POST /wp-cron.php?doing_wp_cron=1771843604.9870810508728027343750 HTTP/1.1" 200 31 "-" "WordPress/6.9; https://mentoring-wp.dreamsmarketplace.com"
212.97.69.14 - - [23/Feb/2026:10:46:45 +0000] "GET /wp-json/wp/v2/pages HTTP/1.1" 200 58710 "-" "python-requests/2.32.3"
212.97.69.14 - mentoring_admin [23/Feb/2026:10:46:47 +0000] "GET /wp-json/wp/v2/settings HTTP/1.1" 301 178 "-" "python-requests/2.32.3"
172.187.168.139 - - [23/Feb/2026:10:46:51 +0000] "POST /wp-cron.php?doing_wp_cron=1771843611.0650250911712646484375 HTTP/1.1" 200 31 "-" "WordPress/6.9; https://mentoring-wp.dreamsmarketplace.com"
212.97.69.14 - - [23/Feb/2026:10:46:51 +0000] "GET /wp-json/wp/v2/settings HTTP/1.1" 401 109 "-" "python-requests/2.32.3"
212.97.69.14 - mentoring_admin [23/Feb/2026:10:46:54 +0000] "GET /wp-json/wp/v2/pages HTTP/1.1" 301 178 "-" "python-requests/2.32.3"
172.187.168.139 - - [23/Feb/2026:10:47:00 +0000] "POST /wp-cron.php?doing_wp_cron=1771843620.0871479511260986328125 HTTP/1.1" 200 31 "-" "WordPress/6.9; https://mentoring-wp.dreamsmarketplace.com"
212.97.69.14 - - [23/Feb/2026:10:47:00 +0000] "GET /wp-json/wp/v2/pages HTTP/1.1" 200 58710 "-" "python-requests/2.32.3"
212.97.69.14 - mentoring_admin [23/Feb/2026:10:47:08 +0000] "POST /wp-json/wp/v2/pages/4560 HTTP/1.1" 301 178 "-" "python-requests/2.32.3"
172.187.168.139 - - [23/Feb/2026:10:47:12 +0000] "POST /wp-cron.php?doing_wp_cron=1771843632.1965649127960205078125 HTTP/1.1" 200 31 "-" "WordPress/6.9; https://mentoring-wp.dreamsmarketplace.com"
212.97.69.14 - - [23/Feb/2026:10:47:12 +0000] "GET /wp-json/wp/v2/pages/4560 HTTP/1.1" 200 19794 "-" "python-requests/2.32.3"
212.97.69.14 - mentoring_admin [23/Feb/2026:10:47:44 +0000] "GET /wp-json/wp/v2/pages HTTP/1.1" 301 178 "-" "python-requests/2.32.3"
172.187.168.139 - - [23/Feb/2026:10:48:23 +0000] "POST /wp-cron.php?doing_wp_cron=1771843703.7854640483856201171875 HTTP/1.1" 200 31 "-" "WordPress/6.9; https://mentoring-wp.dreamsmarketplace.com"
82.147.88.87 - - [23/Feb/2026:10:48:23 +0000] "GET /register/ HTTP/1.1" 200 12106 "-" "Mozilla/5.0 (Windows NT 10.0; Win64; x64) AppleWebKit/537.36 (KHTML, like Gecko) Chrome/118.0.0.0 Safari/537.36"
2a03:2880:f800:9:: - - [23/Feb/2026:10:48:31 +0000] "GET /wp-sitemap-taxonomies-courses-1.xml HTTP/1.1" 301 178 "-" "meta-externalagent/1.1 (+https://developers.facebook.com/docs/sharing/webmasters/crawler)"
212.97.69.14 - mentoring_admin [23/Feb/2026:10:48:46 +0000] "GET /wp-json/wp/v2/pages HTTP/1.1" 301 178 "-" "python-requests/2.32.3"
172.187.168.139 - - [23/Feb/2026:10:48:54 +0000] "POST /wp-cron.php?doing_wp_cron=1771843734.3984670639038085937500 HTTP/1.1" 200 31 "-" "WordPress/6.9; https://mentoring-wp.dreamsmarketplace.com"
212.97.69.14 - - [23/Feb/2026:10:48:54 +0000] "GET /wp-json/wp/v2/pages HTTP/1.1" 200 58710 "-" "python-requests/2.32.3"
212.97.69.14 - mentoring_admin [23/Feb/2026:10:48:57 +0000] "GET /wp-json/wp/v2/settings HTTP/1.1" 301 178 "-" "python-requests/2.32.3"
172.187.168.139 - - [23/Feb/2026:10:49:03 +0000] "POST /wp-cron.php?doing_wp_cron=1771843742.9781570434570312500000 HTTP/1.1" 200 31 "-" "WordPress/6.9; https://mentoring-wp.dreamsmarketplace.com"
212.97.69.14 - - [23/Feb/2026:10:49:03 +0000] "GET /wp-json/wp/v2/settings HTTP/1.1" 401 109 "-" "python-requests/2.32.3"
212.97.69.14 - mentoring_admin [23/Feb/2026:10:49:07 +0000] "GET /wp-json/wp/v2/pages HTTP/1.1" 301 178 "-" "python-requests/2.32.3"
172.187.168.139 - - [23/Feb/2026:10:49:17 +0000] "POST /wp-cron.php?doing_wp_cron=1771843756.9277811050415039062500 HTTP/1.1" 200 31 "-" "WordPress/6.9; https://mentoring-wp.dreamsmarketplace.com"
212.97.69.14 - - [23/Feb/2026:10:49:17 +0000] "GET /wp-json/wp/v2/pages HTTP/1.1" 200 58710 "-" "python-requests/2.32.3"
212.97.69.14 - mentoring_admin [23/Feb/2026:10:49:19 +0000] "GET /wp-json/wp/v2/pages HTTP/1.1" 301 178 "-" "python-requests/2.32.3"
212.97.69.14 - mentoring_admin [23/Feb/2026:10:49:28 +0000] "POST /wp-json/wp/v2/pages/4560 HTTP/1.1" 301 178 "-" "python-requests/2.32.3"
172.187.168.139 - - [23/Feb/2026:10:49:29 +0000] "POST /wp-cron.php?doing_wp_cron=1771843769.6525290012359619140625 HTTP/1.1" 200 31 "-" "WordPress/6.9; https://mentoring-wp.dreamsmarketplace.com"
212.97.69.14 - - [23/Feb/2026:10:49:29 +0000] "GET /wp-json/wp/v2/pages HTTP/1.1" 200 58710 "-" "python-requests/2.32.3"
172.187.168.139 - - [23/Feb/2026:10:49:34 +0000] "POST /wp-cron.php?doing_wp_cron=1771843774.3827030658721923828125 HTTP/1.1" 200 31 "-" "WordPress/6.9; https://mentoring-wp.dreamsmarketplace.com"
212.97.69.14 - - [23/Feb/2026:10:49:34 +0000] "GET /wp-json/wp/v2/pages/4560 HTTP/1.1" 200 19794 "-" "python-requests/2.32.3"
212.97.69.14 - mentoring_admin [23/Feb/2026:10:49:38 +0000] "GET /wp-json/wp/v2/settings HTTP/1.1" 301 178 "-" "python-requests/2.32.3"
172.187.168.139 - - [23/Feb/2026:10:49:45 +0000] "POST /wp-cron.php?doing_wp_cron=1771843785.0862729549407958984375 HTTP/1.1" 200 31 "-" "WordPress/6.9; https://mentoring-wp.dreamsmarketplace.com"
212.97.69.14 - - [23/Feb/2026:10:49:45 +0000] "GET /wp-json/wp/v2/settings HTTP/1.1" 401 109 "-" "python-requests/2.32.3"
212.97.69.14 - mentoring_admin [23/Feb/2026:10:49:50 +0000] "GET /wp-json/wp/v2/pages HTTP/1.1" 301 178 "-" "python-requests/2.32.3"
172.187.168.139 - - [23/Feb/2026:10:49:56 +0000] "POST /wp-cron.php?doing_wp_cron=1771843796.9364540576934814453125 HTTP/1.1" 200 31 "-" "WordPress/6.9; https://mentoring-wp.dreamsmarketplace.com"
212.97.69.14 - - [23/Feb/2026:10:49:57 +0000] "GET /wp-json/wp/v2/pages HTTP/1.1" 200 58710 "-" "python-requests/2.32.3"
212.97.69.14 - mentoring_admin [23/Feb/2026:10:50:06 +0000] "POST /wp-json/wp/v2/pages/4560 HTTP/1.1" 301 178 "-" "python-requests/2.32.3"
172.187.168.139 - - [23/Feb/2026:10:50:12 +0000] "POST /wp-cron.php?doing_wp_cron=1771843812.2767050266265869140625 HTTP/1.1" 200 31 "-" "WordPress/6.9; https://mentoring-wp.dreamsmarketplace.com"
212.97.69.14 - - [23/Feb/2026:10:50:12 +0000] "GET /wp-json/wp/v2/pages/4560 HTTP/1.1" 200 19794 "-" "python-requests/2.32.3"
128.1.218.152 - - [23/Feb/2026:10:52:19 +0000] "POST /xmlrpc.php HTTP/1.1" 301 178 "-" "Mozilla/5.0 (Windows NT 10.0; Win64; x64) AppleWebKit/537.36 (KHTML, like Gecko) Chrome/114.0.0.0 Safari/537.36"
2a03:2880:f800:9:: - - [23/Feb/2026:10:52:25 +0000] "GET /free-spins-for-the-registration-slot-loose-cannon-uk-no-deposit-merely-add-credit/ HTTP/1.1" 301 178 "-" "meta-externalagent/1.1 (+https://developers.facebook.com/docs/sharing/webmasters/crawler)"
172.187.168.139 - - [23/Feb/2026:10:52:37 +0000] "POST /wp-cron.php?doing_wp_cron=1771843957.8663470745086669921875 HTTP/1.1" 200 31 "-" "WordPress/6.9; https://mentoring-wp.dreamsmarketplace.com"
128.1.218.152 - - [23/Feb/2026:10:52:37 +0000] "GET /xmlrpc.php HTTP/1.1" 405 53 "-" "Mozilla/5.0 (Windows NT 10.0; Win64; x64) AppleWebKit/537.36 (KHTML, like Gecko) Chrome/114.0.0.0 Safari/537.36"
172.187.168.139 - - [23/Feb/2026:10:54:07 +0000] "POST /wp-cron.php?doing_wp_cron=1771844047.6966280937194824218750 HTTP/1.1" 200 31 "-" "WordPress/6.9; https://mentoring-wp.dreamsmarketplace.com"
82.147.88.87 - - [23/Feb/2026:10:54:07 +0000] "GET /register/ HTTP/1.1" 200 12106 "-" "Mozilla/5.0 (Windows NT 10.0; Win64; x64) AppleWebKit/537.36 (KHTML, like Gecko) Chrome/118.0.0.0 Safari/537.36"
82.147.88.87 - - [23/Feb/2026:10:54:08 +0000] "GET /register/ HTTP/1.1" 200 12106 "-" "Mozilla/5.0 (Windows NT 10.0; Win64; x64) AppleWebKit/537.36 (KHTML, like Gecko) Chrome/118.0.0.0 Safari/537.36"
181.115.172.62 - - [23/Feb/2026:10:54:17 +0000] "GET /mentors/deborah-angel/page/8/ HTTP/1.1" 301 178 "-" "Mozilla/5.0 (Macintosh; Intel Mac OS X 11_2_1) AppleWebKit/537.36 (KHTML, like Gecko) Brave Chrome/87.0.4280.101 Safari/537.36"
172.187.168.139 - - [23/Feb/2026:10:54:20 +0000] "POST /wp-cron.php?doing_wp_cron=1771844060.8493809700012207031250 HTTP/1.1" 200 31 "-" "WordPress/6.9; https://mentoring-wp.dreamsmarketplace.com"
14.230.164.135 - - [23/Feb/2026:10:54:20 +0000] "GET /mentors/deborah-angel/page/8/ HTTP/1.1" 404 10937 "-" "Mozilla/5.0 (Macintosh; Intel Mac OS X 11_2_1) AppleWebKit/537.36 (KHTML, like Gecko) Brave Chrome/87.0.4280.101 Safari/537.36"
2a03:2880:f800:15:: - - [23/Feb/2026:10:56:27 +0000] "GET /author/batty-hairston/ HTTP/1.1" 301 178 "-" "meta-externalagent/1.1 (+https://developers.facebook.com/docs/sharing/webmasters/crawler)"
79.110.137.75 - - [23/Feb/2026:10:56:54 +0000] "POST /xmlrpc.php HTTP/1.1" 301 178 "-" "Python-xmlrpc/3.14"
79.110.137.75 - - [23/Feb/2026:10:56:54 +0000] "POST /xmlrpc.php HTTP/1.1" 301 178 "-" "Python-xmlrpc/3.14"
2a03:2880:f800:18:: - - [23/Feb/2026:10:59:27 +0000] "GET /drueckglueck-tilslutte-kasino-dannevan-nervepirrend-idraetsgren-bonusser-casino-maria-anmeldelse-mobil-idraet/ HTTP/1.1" 301 178 "-" "meta-externalagent/1.1 (+https://developers.facebook.com/docs/sharing/webmasters/crawler)"
2a03:2880:f800:1a:: - - [23/Feb/2026:10:59:35 +0000] "GET /online-casino-no-deposit-3-reel-slots-online-extra-rules-december-2025/ HTTP/1.1" 301 178 "-" "meta-externalagent/1.1 (+https://developers.facebook.com/docs/sharing/webmasters/crawler)"
172.187.168.139 - - [23/Feb/2026:10:59:50 +0000] "POST /wp-cron.php?doing_wp_cron=1771844390.9068050384521484375000 HTTP/1.1" 200 31 "-" "WordPress/6.9; https://mentoring-wp.dreamsmarketplace.com"
207.46.13.128 - - [23/Feb/2026:10:59:50 +0000] "GET /author/sofia-brient/ HTTP/1.1" 200 12722 "-" "Mozilla/5.0 AppleWebKit/537.36 (KHTML, like Gecko; compatible; bingbot/2.0; +http://www.bing.com/bingbot.htm) Chrome/116.0.1938.76 Safari/537.36"
172.187.168.139 - - [23/Feb/2026:10:59:55 +0000] "POST /wp-cron.php?doing_wp_cron=1771844395.5793540477752685546875 HTTP/1.1" 200 31 "-" "WordPress/6.9; https://mentoring-wp.dreamsmarketplace.com"
40.77.167.156 - - [23/Feb/2026:10:59:55 +0000] "GET /et-harum-quidem-rerum-facilis-est-et-expedita/ HTTP/1.1" 200 18139 "-" "Mozilla/5.0 AppleWebKit/537.36 (KHTML, like Gecko; compatible; bingbot/2.0; +http://www.bing.com/bingbot.htm) Chrome/116.0.1938.76 Safari/537.36"
128.1.179.114 - - [23/Feb/2026:10:59:55 +0000] "POST /xmlrpc.php HTTP/1.1" 301 178 "-" "Mozilla/5.0 (Windows NT 10.0; Win64; x64) AppleWebKit/537.36 (KHTML, like Gecko) Chrome/114.0.0.0 Safari/537.36"
172.187.168.139 - - [23/Feb/2026:11:00:00 +0000] "POST /wp-cron.php?doing_wp_cron=1771844400.5458769798278808593750 HTTP/1.1" 200 31 "-" "WordPress/6.9; https://mentoring-wp.dreamsmarketplace.com"
128.1.179.114 - - [23/Feb/2026:11:00:00 +0000] "GET /xmlrpc.php HTTP/1.1" 405 53 "-" "Mozilla/5.0 (Windows NT 10.0; Win64; x64) AppleWebKit/537.36 (KHTML, like Gecko) Chrome/114.0.0.0 Safari/537.36"
128.1.179.114 - - [23/Feb/2026:11:00:02 +0000] "POST /xmlrpc.php HTTP/1.1" 301 178 "-" "Mozilla/5.0 (Windows NT 10.0; Win64; x64) AppleWebKit/537.36 (KHTML, like Gecko) Chrome/114.0.0.0 Safari/537.36"
172.187.168.139 - - [23/Feb/2026:11:00:04 +0000] "POST /wp-cron.php?doing_wp_cron=1771844404.6748080253601074218750 HTTP/1.1" 200 31 "-" "WordPress/6.9; https://mentoring-wp.dreamsmarketplace.com"
128.1.179.114 - - [23/Feb/2026:11:00:04 +0000] "GET /xmlrpc.php HTTP/1.1" 405 53 "-" "Mozilla/5.0 (Windows NT 10.0; Win64; x64) AppleWebKit/537.36 (KHTML, like Gecko) Chrome/114.0.0.0 Safari/537.36"
2a03:2880:f800:22:: - - [23/Feb/2026:11:00:35 +0000] "GET /bethard-casino-remark-2026-bonuses-tomb-raider-slot-machine-viewpoints-details/ HTTP/1.1" 301 178 "-" "meta-externalagent/1.1 (+https://developers.facebook.com/docs/sharing/webmasters/crawler)"
2a03:2880:f800:3:: - - [23/Feb/2026:11:03:48 +0000] "GET /best-all-of-us-minimum-deposit-casinos-in-the-2026-5-and-you-can-no-deposit-bonus-codes-casino-spinpug-10/ HTTP/1.1" 301 178 "-" "meta-externalagent/1.1 (+https://developers.facebook.com/docs/sharing/webmasters/crawler)"
2a03:2880:f800:43:: - - [23/Feb/2026:11:04:34 +0000] "GET /on-line-casino-wagering-ports-real-play-online-roulette-for-real-money-time-game-bonuses/ HTTP/1.1" 301 178 "-" "meta-externalagent/1.1 (+https://developers.facebook.com/docs/sharing/webmasters/crawler)"
47.84.46.227 - - [23/Feb/2026:11:04:48 +0000] "GET /wp-login.php HTTP/1.1" 301 178 "http://mentoring-wp.dreamstechnologies.com/wp-admin/" "Mozilla/5.0 (Windows NT 10.0; Win64; x64) AppleWebKit/537.36 (KHTML, like Gecko) Chrome/90.0.4430.85 Safari/537.36"
172.187.168.139 - - [23/Feb/2026:11:04:50 +0000] "POST /wp-cron.php?doing_wp_cron=1771844690.7378339767456054687500 HTTP/1.1" 200 31 "-" "WordPress/6.9; https://mentoring-wp.dreamsmarketplace.com"
47.84.46.227 - - [23/Feb/2026:11:04:50 +0000] "GET /wp-login.php HTTP/1.1" 200 2470 "http://mentoring-wp.dreamstechnologies.com/wp-admin/" "Mozilla/5.0 (Windows NT 10.0; Win64; x64) AppleWebKit/537.36 (KHTML, like Gecko) Chrome/90.0.4430.85 Safari/537.36"
172.187.168.139 - - [23/Feb/2026:11:04:56 +0000] "POST /wp-cron.php?doing_wp_cron=1771844696.5192260742187500000000 HTTP/1.1" 200 31 "-" "WordPress/6.9; https://mentoring-wp.dreamsmarketplace.com"
47.84.46.227 - - [23/Feb/2026:11:04:56 +0000] "POST /wp-login.php HTTP/1.1" 302 5 "http://mentoring-wp.dreamstechnologies.com/wp-admin/" "Mozilla/5.0 (Windows NT 10.0; Win64; x64) AppleWebKit/537.36 (KHTML, like Gecko) Chrome/90.0.4430.85 Safari/537.36"
172.187.168.139 - - [23/Feb/2026:11:04:59 +0000] "POST /wp-cron.php?doing_wp_cron=1771844699.6270670890808105468750 HTTP/1.1" 200 31 "-" "WordPress/6.9; https://mentoring-wp.dreamsmarketplace.com"
47.84.46.227 - - [23/Feb/2026:11:04:59 +0000] "GET /wp-admin/ HTTP/1.1" 200 18245 "http://mentoring-wp.dreamstechnologies.com/wp-admin/" "Mozilla/5.0 (Windows NT 10.0; Win64; x64) AppleWebKit/537.36 (KHTML, like Gecko) Chrome/90.0.4430.85 Safari/537.36"
172.187.168.139 - - [23/Feb/2026:11:05:03 +0000] "POST /wp-cron.php?doing_wp_cron=1771844703.1137950420379638671875 HTTP/1.1" 200 31 "-" "WordPress/6.9; https://mentoring-wp.dreamsmarketplace.com"
47.84.46.227 - - [23/Feb/2026:11:05:03 +0000] "GET /wp-admin/ HTTP/1.1" 200 18245 "www.google.com" "Mozilla/5.0 (Windows NT 10.0; Win64; x64) AppleWebKit/537.36 (KHTML, like Gecko) Chrome/90.0.4430.85 Safari/537.36"
2a03:2880:f800:8:: - - [23/Feb/2026:11:05:15 +0000] "GET /cashapillar-free-lightning-link-coins-position-demo-from-the-microgaming-remark-2026/ HTTP/1.1" 301 178 "-" "meta-externalagent/1.1 (+https://developers.facebook.com/docs/sharing/webmasters/crawler)"
2a03:2880:f800:c:: - - [23/Feb/2026:11:07:05 +0000] "GET /on-line-casino-no-deposit-bonus-codes-free-online-casino-slots-december-2025/ HTTP/1.1" 301 178 "-" "meta-externalagent/1.1 (+https://developers.facebook.com/docs/sharing/webmasters/crawler)"
2a03:2880:f800:1c:: - - [23/Feb/2026:11:07:36 +0000] "GET /belobe-sig-til-10-casinoer-eksklusiv-rofus-som-danmark-2025-sparta-tilbyder-hoje-bonusser/ HTTP/1.1" 301 178 "-" "meta-externalagent/1.1 (+https://developers.facebook.com/docs/sharing/webmasters/crawler)"
2a03:2880:f800:2f:: - - [23/Feb/2026:11:07:42 +0000] "GET /finest-no-deposit-100-percent-free-casino-online-best-bonuses-revolves-gambling-enterprises-in-the-canada/ HTTP/1.1" 301 178 "-" "meta-externalagent/1.1 (+https://developers.facebook.com/docs/sharing/webmasters/crawler)"
2a03:2880:f800:41:: - - [23/Feb/2026:11:09:23 +0000] "GET /dolphins-pearl-deluxe-position-casino-mfortune-login-100-percent-free-demonstration-games-opinion-2025/ HTTP/1.1" 301 178 "-" "meta-externalagent/1.1 (+https://developers.facebook.com/docs/sharing/webmasters/crawler)"
2a03:2880:f800:12:: - - [23/Feb/2026:11:09:25 +0000] "GET /gamble-three-dimensional-slots-server-games-online-100percent-free-best-online-casino-diamond-strike-100000-or-a-real-income/ HTTP/1.1" 301 178 "-" "meta-externalagent/1.1 (+https://developers.facebook.com/docs/sharing/webmasters/crawler)"
129.227.39.119 - - [23/Feb/2026:11:10:11 +0000] "POST /xmlrpc.php HTTP/1.1" 301 178 "-" "Mozilla/5.0 (Windows NT 10.0; Win64; x64) AppleWebKit/537.36 (KHTML, like Gecko) Chrome/114.0.0.0 Safari/537.36"
172.187.168.139 - - [23/Feb/2026:11:10:14 +0000] "POST /wp-cron.php?doing_wp_cron=1771845014.2814879417419433593750 HTTP/1.1" 200 31 "-" "WordPress/6.9; https://mentoring-wp.dreamsmarketplace.com"
129.227.39.119 - - [23/Feb/2026:11:10:14 +0000] "GET /xmlrpc.php HTTP/1.1" 405 53 "-" "Mozilla/5.0 (Windows NT 10.0; Win64; x64) AppleWebKit/537.36 (KHTML, like Gecko) Chrome/114.0.0.0 Safari/537.36"
129.227.39.119 - - [23/Feb/2026:11:10:16 +0000] "POST /xmlrpc.php HTTP/1.1" 301 178 "-" "Mozilla/5.0 (Windows NT 10.0; Win64; x64) AppleWebKit/537.36 (KHTML, like Gecko) Chrome/114.0.0.0 Safari/537.36"
172.187.168.139 - - [23/Feb/2026:11:10:19 +0000] "POST /wp-cron.php?doing_wp_cron=1771845019.0689721107482910156250 HTTP/1.1" 200 31 "-" "WordPress/6.9; https://mentoring-wp.dreamsmarketplace.com"
129.227.39.119 - - [23/Feb/2026:11:10:19 +0000] "GET /xmlrpc.php HTTP/1.1" 405 53 "-" "Mozilla/5.0 (Windows NT 10.0; Win64; x64) AppleWebKit/537.36 (KHTML, like Gecko) Chrome/114.0.0.0 Safari/537.36"
2a03:2880:f800:37:: - - [23/Feb/2026:11:10:34 +0000] "GET /ggbet-pharaoh-riches-spielautomaten-pc-25-eur-50-freispiele-maklercourtage-ohne-einzahlung-codes-2023/ HTTP/1.1" 301 178 "-" "meta-externalagent/1.1 (+https://developers.facebook.com/docs/sharing/webmasters/crawler)"
40.77.167.71 - - [23/Feb/2026:11:10:38 +0000] "GET /koi-princess-gokkast-vanuit-netent-performen/ HTTP/1.1" 301 178 "-" "Mozilla/5.0 AppleWebKit/537.36 (KHTML, like Gecko; compatible; bingbot/2.0; +http://www.bing.com/bingbot.htm) Chrome/116.0.1938.76 Safari/537.36"
128.1.179.147 - - [23/Feb/2026:11:10:44 +0000] "POST /xmlrpc.php HTTP/1.1" 301 178 "-" "Mozilla/5.0 (Windows NT 10.0; Win64; x64) AppleWebKit/537.36 (KHTML, like Gecko) Chrome/114.0.0.0 Safari/537.36"
172.187.168.139 - - [23/Feb/2026:11:10:47 +0000] "POST /wp-cron.php?doing_wp_cron=1771845047.4571061134338378906250 HTTP/1.1" 200 31 "-" "WordPress/6.9; https://mentoring-wp.dreamsmarketplace.com"
128.1.179.147 - - [23/Feb/2026:11:10:47 +0000] "GET /xmlrpc.php HTTP/1.1" 405 53 "-" "Mozilla/5.0 (Windows NT 10.0; Win64; x64) AppleWebKit/537.36 (KHTML, like Gecko) Chrome/114.0.0.0 Safari/537.36"
128.1.179.147 - - [23/Feb/2026:11:10:48 +0000] "POST /xmlrpc.php HTTP/1.1" 301 178 "-" "Mozilla/5.0 (Windows NT 10.0; Win64; x64) AppleWebKit/537.36 (KHTML, like Gecko) Chrome/114.0.0.0 Safari/537.36"
172.187.168.139 - - [23/Feb/2026:11:10:50 +0000] "POST /wp-cron.php?doing_wp_cron=1771845050.8880219459533691406250 HTTP/1.1" 200 31 "-" "WordPress/6.9; https://mentoring-wp.dreamsmarketplace.com"
128.1.179.147 - - [23/Feb/2026:11:10:50 +0000] "GET /xmlrpc.php HTTP/1.1" 405 53 "-" "Mozilla/5.0 (Windows NT 10.0; Win64; x64) AppleWebKit/537.36 (KHTML, like Gecko) Chrome/114.0.0.0 Safari/537.36"
2a03:2880:f800:45:: - - [23/Feb/2026:11:11:13 +0000] "GET /mega-joker-position-an-amazing-resident-1-deposit-antique-video-slot/ HTTP/1.1" 301 178 "-" "meta-externalagent/1.1 (+https://developers.facebook.com/docs/sharing/webmasters/crawler)"
2a03:2880:f800:41:: - - [23/Feb/2026:11:11:18 +0000] "GET /web-based-deposit-1-get-20-online-casino-casinos-with-100-percent-free-potato-chips-no-deposit-required/ HTTP/1.1" 301 178 "-" "meta-externalagent/1.1 (+https://developers.facebook.com/docs/sharing/webmasters/crawler)"
2a03:2880:f800:26:: - - [23/Feb/2026:11:11:20 +0000] "GET /leovegas-gambling-establishment-pompeii-5-deposit-opinion-step-1100000-deposit-suits-100-free-spins/ HTTP/1.1" 301 178 "-" "meta-externalagent/1.1 (+https://developers.facebook.com/docs/sharing/webmasters/crawler)"
2a03:2880:f800:4:: - - [23/Feb/2026:11:13:33 +0000] "GET /5-minimal-put-casinos-usa-greatest-5-money-dracula-slot-deposit-gambling-enterprises-2024/ HTTP/1.1" 301 178 "-" "meta-externalagent/1.1 (+https://developers.facebook.com/docs/sharing/webmasters/crawler)"
2a03:2880:f800:20:: - - [23/Feb/2026:11:13:40 +0000] "GET /gioca-al-casino-online-con-avia-master-la-guida-definitiva-per-gli-appassionati-italiani/ HTTP/1.1" 301 178 "-" "meta-externalagent/1.1 (+https://developers.facebook.com/docs/sharing/webmasters/crawler)"
2a03:2880:f800:33:: - - [23/Feb/2026:11:13:44 +0000] "GET /can-dans-beetle-frenzy-slot-functioneaza-wild-turkey-dans-sa-sloturi-aparatele-cazinouri-online-pentru-bani-reali-sa-fata-slot/ HTTP/1.1" 301 178 "-" "meta-externalagent/1.1 (+https://developers.facebook.com/docs/sharing/webmasters/crawler)"
2a03:2880:f800:10:: - - [23/Feb/2026:11:16:35 +0000] "GET /zugriff-sizzling-hot-neue-version-slot-free-spins-verweigert-de/ HTTP/1.1" 301 178 "-" "meta-externalagent/1.1 (+https://developers.facebook.com/docs/sharing/webmasters/crawler)"
2a03:2880:f800:d:: - - [23/Feb/2026:11:18:06 +0000] "GET /recension-af-sted-50-money-game-spilleautomat-dragons-chateau-prov-den-vederlagsfri-demo/ HTTP/1.1" 301 178 "-" "meta-externalagent/1.1 (+https://developers.facebook.com/docs/sharing/webmasters/crawler)"
2a03:2880:f800:5:: - - [23/Feb/2026:11:18:17 +0000] "GET /50-freispiele-ohne-einzahlung-2026/ HTTP/1.1" 301 178 "-" "meta-externalagent/1.1 (+https://developers.facebook.com/docs/sharing/webmasters/crawler)"
2a03:2880:f800:18:: - - [23/Feb/2026:11:18:18 +0000] "GET /unibet-hitnspin-bedste-spil-velkomstbonus-1000-kr-avance-oven-i-kobet-nye-spillere/ HTTP/1.1" 301 178 "-" "meta-externalagent/1.1 (+https://developers.facebook.com/docs/sharing/webmasters/crawler)"
2a03:2880:f800:43:: - - [23/Feb/2026:11:18:21 +0000] "GET /40-freispiele-diese-seite-anklicken-exklusive-einzahlung-2025/ HTTP/1.1" 301 178 "-" "meta-externalagent/1.1 (+https://developers.facebook.com/docs/sharing/webmasters/crawler)"
208.214.163.29 - - [23/Feb/2026:11:18:31 +0000] "POST /xmlrpc.php HTTP/1.1" 301 178 "-" "Python-xmlrpc/3.11"
128.1.179.114 - - [23/Feb/2026:11:19:29 +0000] "POST /xmlrpc.php HTTP/1.1" 301 178 "-" "Mozilla/5.0 (Windows NT 10.0; Win64; x64) AppleWebKit/537.36 (KHTML, like Gecko) Chrome/114.0.0.0 Safari/537.36"
172.187.168.139 - - [23/Feb/2026:11:19:32 +0000] "POST /wp-cron.php?doing_wp_cron=1771845572.0317249298095703125000 HTTP/1.1" 200 31 "-" "WordPress/6.9; https://mentoring-wp.dreamsmarketplace.com"
128.1.179.114 - - [23/Feb/2026:11:19:32 +0000] "GET /xmlrpc.php HTTP/1.1" 405 53 "-" "Mozilla/5.0 (Windows NT 10.0; Win64; x64) AppleWebKit/537.36 (KHTML, like Gecko) Chrome/114.0.0.0 Safari/537.36"
128.1.179.114 - - [23/Feb/2026:11:19:33 +0000] "POST /xmlrpc.php HTTP/1.1" 301 178 "-" "Mozilla/5.0 (Windows NT 10.0; Win64; x64) AppleWebKit/537.36 (KHTML, like Gecko) Chrome/114.0.0.0 Safari/537.36"
172.187.168.139 - - [23/Feb/2026:11:19:37 +0000] "POST /wp-cron.php?doing_wp_cron=1771845577.2716560363769531250000 HTTP/1.1" 200 31 "-" "WordPress/6.9; https://mentoring-wp.dreamsmarketplace.com"
128.1.179.114 - - [23/Feb/2026:11:19:37 +0000] "GET /xmlrpc.php HTTP/1.1" 405 53 "-" "Mozilla/5.0 (Windows NT 10.0; Win64; x64) AppleWebKit/537.36 (KHTML, like Gecko) Chrome/114.0.0.0 Safari/537.36"
172.187.168.139 - - [23/Feb/2026:11:20:07 +0000] "POST /wp-cron.php?doing_wp_cron=1771845607.2653570175170898437500 HTTP/1.1" 200 31 "-" "WordPress/6.9; https://mentoring-wp.dreamsmarketplace.com"
2a03:2880:f800:3f:: - - [23/Feb/2026:11:20:07 +0000] "GET /wp-sitemap-posts-product-1.xml HTTP/1.1" 200 733 "-" "meta-externalagent/1.1 (+https://developers.facebook.com/docs/sharing/webmasters/crawler)"
185.153.196.107 - - [23/Feb/2026:11:20:31 +0000] "POST /xmlrpc.php HTTP/1.1" 301 178 "-" "Mozilla/5.0 (Windows NT 10.0; Win64; x64) AppleWebKit/537.36 (KHTML, like Gecko) Chrome/114.0.0.0 Safari/537.36"
172.187.168.139 - - [23/Feb/2026:11:20:33 +0000] "POST /wp-cron.php?doing_wp_cron=1771845633.3387289047241210937500 HTTP/1.1" 200 31 "-" "WordPress/6.9; https://mentoring-wp.dreamsmarketplace.com"
185.153.196.107 - - [23/Feb/2026:11:20:33 +0000] "GET /xmlrpc.php HTTP/1.1" 405 53 "-" "Mozilla/5.0 (Windows NT 10.0; Win64; x64) AppleWebKit/537.36 (KHTML, like Gecko) Chrome/114.0.0.0 Safari/537.36"
185.153.196.107 - - [23/Feb/2026:11:20:33 +0000] "POST /xmlrpc.php HTTP/1.1" 301 178 "-" "Mozilla/5.0 (Windows NT 10.0; Win64; x64) AppleWebKit/537.36 (KHTML, like Gecko) Chrome/114.0.0.0 Safari/537.36"
172.187.168.139 - - [23/Feb/2026:11:20:34 +0000] "POST /wp-cron.php?doing_wp_cron=1771845634.9435179233551025390625 HTTP/1.1" 200 31 "-" "WordPress/6.9; https://mentoring-wp.dreamsmarketplace.com"
185.153.196.107 - - [23/Feb/2026:11:20:35 +0000] "GET /xmlrpc.php HTTP/1.1" 405 53 "-" "Mozilla/5.0 (Windows NT 10.0; Win64; x64) AppleWebKit/537.36 (KHTML, like Gecko) Chrome/114.0.0.0 Safari/537.36"
2a03:2880:f800:22:: - - [23/Feb/2026:11:20:43 +0000] "GET /greatest-casinos-on-the-internet-within-the-canada-to-possess-december-2025-top-slot-divine-fortune-ranked/ HTTP/1.1" 301 178 "-" "meta-externalagent/1.1 (+https://developers.facebook.com/docs/sharing/webmasters/crawler)"
2a03:2880:f800:3f:: - - [23/Feb/2026:11:21:28 +0000] "GET /official-web-site-play-on-line-777-casino-procedures-complete-information/ HTTP/1.1" 301 178 "-" "meta-externalagent/1.1 (+https://developers.facebook.com/docs/sharing/webmasters/crawler)"
2a03:2880:f800:22:: - - [23/Feb/2026:11:21:30 +0000] "GET /30-freispiele-abzuglich-einzahlung-beste-santas-wild-ride-keine-kostenlosen-einzahlungspins-free-spins/ HTTP/1.1" 301 178 "-" "meta-externalagent/1.1 (+https://developers.facebook.com/docs/sharing/webmasters/crawler)"
2a03:2880:f800:3d:: - - [23/Feb/2026:11:21:58 +0000] "GET /most-casino-red-flush-best-game-recent-fifty-totally-free-spins-no-deposit-necessary-zero-betting-inside-2025/ HTTP/1.1" 301 178 "-" "meta-externalagent/1.1 (+https://developers.facebook.com/docs/sharing/webmasters/crawler)"
2a03:2880:f800:9:: - - [23/Feb/2026:11:22:15 +0000] "GET /casinos-uneingeschrankt-baywatch-slot-free-spins-beschrankung-2026-im-abmachung/ HTTP/1.1" 301 178 "-" "meta-externalagent/1.1 (+https://developers.facebook.com/docs/sharing/webmasters/crawler)"
185.255.128.109 - mentoring_admin [23/Feb/2026:11:22:45 +0000] "GET /wp-json/wp/v2/pages HTTP/1.1" 301 178 "-" "python-requests/2.32.3"
172.187.168.139 - - [23/Feb/2026:11:22:47 +0000] "POST /wp-cron.php?doing_wp_cron=1771845767.0788888931274414062500 HTTP/1.1" 200 31 "-" "WordPress/6.9; https://mentoring-wp.dreamsmarketplace.com"
185.255.128.109 - - [23/Feb/2026:11:22:47 +0000] "GET /wp-json/wp/v2/pages HTTP/1.1" 200 58710 "-" "python-requests/2.32.3"
185.255.128.109 - mentoring_admin [23/Feb/2026:11:22:47 +0000] "GET /wp-json/wp/v2/settings HTTP/1.1" 301 178 "-" "python-requests/2.32.3"
172.187.168.139 - - [23/Feb/2026:11:22:48 +0000] "POST /wp-cron.php?doing_wp_cron=1771845768.8270399570465087890625 HTTP/1.1" 200 31 "-" "WordPress/6.9; https://mentoring-wp.dreamsmarketplace.com"
185.255.128.109 - - [23/Feb/2026:11:22:48 +0000] "GET /wp-json/wp/v2/settings HTTP/1.1" 401 109 "-" "python-requests/2.32.3"
185.255.128.109 - mentoring_admin [23/Feb/2026:11:22:49 +0000] "GET /wp-json/wp/v2/pages HTTP/1.1" 301 178 "-" "python-requests/2.32.3"
212.97.69.14 - mentoring_admin [23/Feb/2026:11:22:50 +0000] "GET /wp-json/wp/v2/pages HTTP/1.1" 301 178 "-" "python-requests/2.32.3"
172.187.168.139 - - [23/Feb/2026:11:22:50 +0000] "POST /wp-cron.php?doing_wp_cron=1771845770.7202138900756835937500 HTTP/1.1" 200 31 "-" "WordPress/6.9; https://mentoring-wp.dreamsmarketplace.com"
185.255.128.109 - - [23/Feb/2026:11:22:50 +0000] "GET /wp-json/wp/v2/pages HTTP/1.1" 200 58710 "-" "python-requests/2.32.3"
185.255.128.109 - mentoring_admin [23/Feb/2026:11:22:51 +0000] "POST /wp-json/wp/v2/pages/4560 HTTP/1.1" 301 178 "-" "python-requests/2.32.3"
172.187.168.139 - - [23/Feb/2026:11:22:52 +0000] "POST /wp-cron.php?doing_wp_cron=1771845772.3652460575103759765625 HTTP/1.1" 200 31 "-" "WordPress/6.9; https://mentoring-wp.dreamsmarketplace.com"
185.255.128.109 - - [23/Feb/2026:11:22:52 +0000] "GET /wp-json/wp/v2/pages/4560 HTTP/1.1" 200 19794 "-" "python-requests/2.32.3"
185.255.128.109 - mentoring_admin [23/Feb/2026:11:22:58 +0000] "GET /wp-json/wp/v2/pages HTTP/1.1" 301 178 "-" "python-requests/2.32.3"
172.187.168.139 - - [23/Feb/2026:11:22:59 +0000] "POST /wp-cron.php?doing_wp_cron=1771845779.7040739059448242187500 HTTP/1.1" 200 31 "-" "WordPress/6.9; https://mentoring-wp.dreamsmarketplace.com"
185.255.128.109 - - [23/Feb/2026:11:22:59 +0000] "GET /wp-json/wp/v2/pages HTTP/1.1" 200 58710 "-" "python-requests/2.32.3"
185.255.128.109 - mentoring_admin [23/Feb/2026:11:23:00 +0000] "GET /wp-json/wp/v2/settings HTTP/1.1" 301 178 "-" "python-requests/2.32.3"
185.255.128.109 - mentoring_admin [23/Feb/2026:11:23:01 +0000] "GET /wp-json/wp/v2/pages HTTP/1.1" 301 178 "-" "python-requests/2.32.3"
172.187.168.139 - - [23/Feb/2026:11:23:01 +0000] "POST /wp-cron.php?doing_wp_cron=1771845781.4362730979919433593750 HTTP/1.1" 200 31 "-" "WordPress/6.9; https://mentoring-wp.dreamsmarketplace.com"
185.255.128.109 - - [23/Feb/2026:11:23:01 +0000] "GET /wp-json/wp/v2/settings HTTP/1.1" 401 109 "-" "python-requests/2.32.3"
185.255.128.109 - mentoring_admin [23/Feb/2026:11:23:01 +0000] "GET /wp-json/wp/v2/pages HTTP/1.1" 301 178 "-" "python-requests/2.32.3"
172.187.168.139 - - [23/Feb/2026:11:23:02 +0000] "POST /wp-cron.php?doing_wp_cron=1771845782.8310248851776123046875 HTTP/1.1" 200 31 "-" "WordPress/6.9; https://mentoring-wp.dreamsmarketplace.com"
185.255.128.109 - - [23/Feb/2026:11:23:02 +0000] "GET /wp-json/wp/v2/pages HTTP/1.1" 200 58710 "-" "python-requests/2.32.3"
185.255.128.109 - mentoring_admin [23/Feb/2026:11:23:03 +0000] "GET /wp-json/wp/v2/settings HTTP/1.1" 301 178 "-" "python-requests/2.32.3"
172.187.168.139 - - [23/Feb/2026:11:23:03 +0000] "POST /wp-cron.php?doing_wp_cron=1771845783.2321269512176513671875 HTTP/1.1" 200 31 "-" "WordPress/6.9; https://mentoring-wp.dreamsmarketplace.com"
185.255.128.109 - - [23/Feb/2026:11:23:03 +0000] "GET /wp-json/wp/v2/pages HTTP/1.1" 200 58710 "-" "python-requests/2.32.3"
185.255.128.109 - mentoring_admin [23/Feb/2026:11:23:03 +0000] "POST /wp-json/wp/v2/pages/4560 HTTP/1.1" 301 178 "-" "python-requests/2.32.3"
172.187.168.139 - - [23/Feb/2026:11:23:04 +0000] "POST /wp-cron.php?doing_wp_cron=1771845784.4718229770660400390625 HTTP/1.1" 200 31 "-" "WordPress/6.9; https://mentoring-wp.dreamsmarketplace.com"
185.255.128.109 - - [23/Feb/2026:11:23:04 +0000] "GET /wp-json/wp/v2/settings HTTP/1.1" 401 109 "-" "python-requests/2.32.3"
185.255.128.109 - mentoring_admin [23/Feb/2026:11:23:04 +0000] "GET /wp-json/wp/v2/pages HTTP/1.1" 301 178 "-" "python-requests/2.32.3"
172.187.168.139 - - [23/Feb/2026:11:23:05 +0000] "POST /wp-cron.php?doing_wp_cron=1771845784.9617400169372558593750 HTTP/1.1" 200 31 "-" "WordPress/6.9; https://mentoring-wp.dreamsmarketplace.com"
185.255.128.109 - - [23/Feb/2026:11:23:05 +0000] "GET /wp-json/wp/v2/pages/4560 HTTP/1.1" 200 19794 "-" "python-requests/2.32.3"
172.187.168.139 - - [23/Feb/2026:11:23:06 +0000] "POST /wp-cron.php?doing_wp_cron=1771845786.3085711002349853515625 HTTP/1.1" 200 31 "-" "WordPress/6.9; https://mentoring-wp.dreamsmarketplace.com"
185.255.128.109 - - [23/Feb/2026:11:23:06 +0000] "GET /wp-json/wp/v2/pages HTTP/1.1" 200 58710 "-" "python-requests/2.32.3"
185.255.128.109 - mentoring_admin [23/Feb/2026:11:23:06 +0000] "POST /wp-json/wp/v2/pages/4560 HTTP/1.1" 301 178 "-" "python-requests/2.32.3"
172.187.168.139 - - [23/Feb/2026:11:23:08 +0000] "POST /wp-cron.php?doing_wp_cron=1771845787.9785768985748291015625 HTTP/1.1" 200 31 "-" "WordPress/6.9; https://mentoring-wp.dreamsmarketplace.com"
185.255.128.109 - - [23/Feb/2026:11:23:08 +0000] "GET /wp-json/wp/v2/pages/4560 HTTP/1.1" 200 19794 "-" "python-requests/2.32.3"
172.187.168.139 - - [23/Feb/2026:11:23:13 +0000] "POST /wp-cron.php?doing_wp_cron=1771845793.1368420124053955078125 HTTP/1.1" 200 31 "-" "WordPress/6.9; https://mentoring-wp.dreamsmarketplace.com"
212.97.69.14 - - [23/Feb/2026:11:23:13 +0000] "GET /wp-json/wp/v2/pages HTTP/1.1" 200 58710 "-" "python-requests/2.32.3"
212.97.69.14 - mentoring_admin [23/Feb/2026:11:23:36 +0000] "GET /wp-json/wp/v2/settings HTTP/1.1" 301 178 "-" "python-requests/2.32.3"
185.255.128.109 - mentoring_admin [23/Feb/2026:11:23:51 +0000] "GET /wp-json/wp/v2/pages HTTP/1.1" 301 178 "-" "python-requests/2.32.3"
172.187.168.139 - - [23/Feb/2026:11:23:53 +0000] "POST /wp-cron.php?doing_wp_cron=1771845833.0331621170043945312500 HTTP/1.1" 200 31 "-" "WordPress/6.9; https://mentoring-wp.dreamsmarketplace.com"
185.255.128.109 - - [23/Feb/2026:11:23:53 +0000] "GET /wp-json/wp/v2/pages HTTP/1.1" 200 58710 "-" "python-requests/2.32.3"
185.255.128.109 - mentoring_admin [23/Feb/2026:11:23:53 +0000] "GET /wp-json/wp/v2/settings HTTP/1.1" 301 178 "-" "python-requests/2.32.3"
172.187.168.139 - - [23/Feb/2026:11:23:53 +0000] "POST /wp-cron.php?doing_wp_cron=1771845833.8032059669494628906250 HTTP/1.1" 200 31 "-" "WordPress/6.9; https://mentoring-wp.dreamsmarketplace.com"
212.97.69.14 - - [23/Feb/2026:11:23:53 +0000] "GET /wp-json/wp/v2/settings HTTP/1.1" 401 109 "-" "python-requests/2.32.3"
172.187.168.139 - - [23/Feb/2026:11:23:54 +0000] "POST /wp-cron.php?doing_wp_cron=1771845834.7561299800872802734375 HTTP/1.1" 200 31 "-" "WordPress/6.9; https://mentoring-wp.dreamsmarketplace.com"
185.255.128.109 - - [23/Feb/2026:11:23:54 +0000] "GET /wp-json/wp/v2/settings HTTP/1.1" 401 109 "-" "python-requests/2.32.3"
185.255.128.109 - mentoring_admin [23/Feb/2026:11:23:55 +0000] "GET /wp-json/wp/v2/pages HTTP/1.1" 301 178 "-" "python-requests/2.32.3"
172.187.168.139 - - [23/Feb/2026:11:23:56 +0000] "POST /wp-cron.php?doing_wp_cron=1771845836.4656660556793212890625 HTTP/1.1" 200 31 "-" "WordPress/6.9; https://mentoring-wp.dreamsmarketplace.com"
185.255.128.109 - - [23/Feb/2026:11:23:56 +0000] "GET /wp-json/wp/v2/pages HTTP/1.1" 200 58710 "-" "python-requests/2.32.3"
185.255.128.109 - mentoring_admin [23/Feb/2026:11:23:56 +0000] "POST /wp-json/wp/v2/pages/4560 HTTP/1.1" 301 178 "-" "python-requests/2.32.3"
212.97.69.14 - mentoring_admin [23/Feb/2026:11:23:57 +0000] "GET /wp-json/wp/v2/pages HTTP/1.1" 301 178 "-" "python-requests/2.32.3"
172.187.168.139 - - [23/Feb/2026:11:23:58 +0000] "POST /wp-cron.php?doing_wp_cron=1771845838.3239150047302246093750 HTTP/1.1" 200 31 "-" "WordPress/6.9; https://mentoring-wp.dreamsmarketplace.com"
185.255.128.109 - - [23/Feb/2026:11:23:58 +0000] "GET /wp-json/wp/v2/pages/4560 HTTP/1.1" 200 19794 "-" "python-requests/2.32.3"
172.187.168.139 - - [23/Feb/2026:11:24:01 +0000] "POST /wp-cron.php?doing_wp_cron=1771845841.7053558826446533203125 HTTP/1.1" 200 31 "-" "WordPress/6.9; https://mentoring-wp.dreamsmarketplace.com"
212.97.69.14 - - [23/Feb/2026:11:24:01 +0000] "GET /wp-json/wp/v2/pages HTTP/1.1" 200 58710 "-" "python-requests/2.32.3"
212.97.69.14 - mentoring_admin [23/Feb/2026:11:24:05 +0000] "POST /wp-json/wp/v2/pages/4560 HTTP/1.1" 301 178 "-" "python-requests/2.32.3"
172.187.168.139 - - [23/Feb/2026:11:24:08 +0000] "POST /wp-cron.php?doing_wp_cron=1771845848.3796920776367187500000 HTTP/1.1" 200 31 "-" "WordPress/6.9; https://mentoring-wp.dreamsmarketplace.com"
212.97.69.14 - - [23/Feb/2026:11:24:08 +0000] "GET /wp-json/wp/v2/pages/4560 HTTP/1.1" 200 19794 "-" "python-requests/2.32.3"
2a03:2880:f800:43:: - - [23/Feb/2026:11:24:41 +0000] "GET /erreichbar-spielsaal-freispiele-exklusive-machance-app-einzahlung-free-spins-2026/ HTTP/1.1" 301 178 "-" "meta-externalagent/1.1 (+https://developers.facebook.com/docs/sharing/webmasters/crawler)"
2a03:2880:f800:2:: - - [23/Feb/2026:11:24:52 +0000] "GET /certified-best-casino-sign-up-bonuses-site/ HTTP/1.1" 301 178 "-" "meta-externalagent/1.1 (+https://developers.facebook.com/docs/sharing/webmasters/crawler)"
185.255.128.109 - mentoring_admin [23/Feb/2026:11:25:32 +0000] "GET /wp-json/wp/v2/pages HTTP/1.1" 301 178 "-" "python-requests/2.32.3"
172.187.168.139 - - [23/Feb/2026:11:25:34 +0000] "POST /wp-cron.php?doing_wp_cron=1771845934.4536700248718261718750 HTTP/1.1" 200 31 "-" "WordPress/6.9; https://mentoring-wp.dreamsmarketplace.com"
185.255.128.109 - - [23/Feb/2026:11:25:34 +0000] "GET /wp-json/wp/v2/pages HTTP/1.1" 200 58710 "-" "python-requests/2.32.3"
185.255.128.109 - mentoring_admin [23/Feb/2026:11:25:35 +0000] "GET /wp-json/wp/v2/settings HTTP/1.1" 301 178 "-" "python-requests/2.32.3"
172.187.168.139 - - [23/Feb/2026:11:25:36 +0000] "POST /wp-cron.php?doing_wp_cron=1771845936.3238921165466308593750 HTTP/1.1" 200 31 "-" "WordPress/6.9; https://mentoring-wp.dreamsmarketplace.com"
185.255.128.109 - - [23/Feb/2026:11:25:36 +0000] "GET /wp-json/wp/v2/settings HTTP/1.1" 401 109 "-" "python-requests/2.32.3"
185.255.128.109 - mentoring_admin [23/Feb/2026:11:25:36 +0000] "GET /wp-json/wp/v2/pages HTTP/1.1" 301 178 "-" "python-requests/2.32.3"
172.187.168.139 - - [23/Feb/2026:11:25:38 +0000] "POST /wp-cron.php?doing_wp_cron=1771845938.1355700492858886718750 HTTP/1.1" 200 31 "-" "WordPress/6.9; https://mentoring-wp.dreamsmarketplace.com"
185.255.128.109 - - [23/Feb/2026:11:25:38 +0000] "GET /wp-json/wp/v2/pages HTTP/1.1" 200 58710 "-" "python-requests/2.32.3"
185.255.128.109 - mentoring_admin [23/Feb/2026:11:25:38 +0000] "POST /wp-json/wp/v2/pages/4560 HTTP/1.1" 301 178 "-" "python-requests/2.32.3"
172.187.168.139 - - [23/Feb/2026:11:25:39 +0000] "POST /wp-cron.php?doing_wp_cron=1771845939.8642768859863281250000 HTTP/1.1" 200 31 "-" "WordPress/6.9; https://mentoring-wp.dreamsmarketplace.com"
185.255.128.109 - - [23/Feb/2026:11:25:39 +0000] "GET /wp-json/wp/v2/pages/4560 HTTP/1.1" 200 19794 "-" "python-requests/2.32.3"
185.255.128.109 - mentoring_admin [23/Feb/2026:11:26:12 +0000] "GET /wp-json/wp/v2/pages HTTP/1.1" 301 178 "-" "python-requests/2.32.3"
172.187.168.139 - - [23/Feb/2026:11:26:14 +0000] "POST /wp-cron.php?doing_wp_cron=1771845974.1238489151000976562500 HTTP/1.1" 200 31 "-" "WordPress/6.9; https://mentoring-wp.dreamsmarketplace.com"
185.255.128.109 - - [23/Feb/2026:11:26:14 +0000] "GET /wp-json/wp/v2/pages HTTP/1.1" 200 58710 "-" "python-requests/2.32.3"
185.255.128.109 - mentoring_admin [23/Feb/2026:11:26:14 +0000] "GET /wp-json/wp/v2/settings HTTP/1.1" 301 178 "-" "python-requests/2.32.3"
172.187.168.139 - - [23/Feb/2026:11:26:16 +0000] "POST /wp-cron.php?doing_wp_cron=1771845976.0225040912628173828125 HTTP/1.1" 200 31 "-" "WordPress/6.9; https://mentoring-wp.dreamsmarketplace.com"
185.255.128.109 - - [23/Feb/2026:11:26:16 +0000] "GET /wp-json/wp/v2/settings HTTP/1.1" 401 109 "-" "python-requests/2.32.3"
185.255.128.109 - mentoring_admin [23/Feb/2026:11:26:16 +0000] "GET /wp-json/wp/v2/pages HTTP/1.1" 301 178 "-" "python-requests/2.32.3"
2a03:2880:f800:c:: - - [23/Feb/2026:11:26:17 +0000] "GET /top-10-internet-casino-real-cash-sites-mr-bet-casino-bonus-code-in-the-usa-for-2026/ HTTP/1.1" 301 178 "-" "meta-externalagent/1.1 (+https://developers.facebook.com/docs/sharing/webmasters/crawler)"
172.187.168.139 - - [23/Feb/2026:11:26:17 +0000] "POST /wp-cron.php?doing_wp_cron=1771845977.9046390056610107421875 HTTP/1.1" 200 31 "-" "WordPress/6.9; https://mentoring-wp.dreamsmarketplace.com"
185.255.128.109 - - [23/Feb/2026:11:26:17 +0000] "GET /wp-json/wp/v2/pages HTTP/1.1" 200 58710 "-" "python-requests/2.32.3"
185.255.128.109 - mentoring_admin [23/Feb/2026:11:26:18 +0000] "POST /wp-json/wp/v2/pages/4560 HTTP/1.1" 301 178 "-" "python-requests/2.32.3"
172.187.168.139 - - [23/Feb/2026:11:26:19 +0000] "POST /wp-cron.php?doing_wp_cron=1771845979.6424109935760498046875 HTTP/1.1" 200 31 "-" "WordPress/6.9; https://mentoring-wp.dreamsmarketplace.com"
185.255.128.109 - - [23/Feb/2026:11:26:19 +0000] "GET /wp-json/wp/v2/pages/4560 HTTP/1.1" 200 19794 "-" "python-requests/2.32.3"
2a03:2880:f800:38:: - - [23/Feb/2026:11:26:45 +0000] "GET /wp-sitemap-taxonomies-locations-1.xml HTTP/1.1" 301 178 "-" "meta-externalagent/1.1 (+https://developers.facebook.com/docs/sharing/webmasters/crawler)"
2a03:2880:f800:32:: - - [23/Feb/2026:11:28:29 +0000] "GET /keine-einzahlung-notwendig-freispiele-pro-bestehende-quest-for-gold-slot-fur-geld-kunden-loyalitat-freispiele/ HTTP/1.1" 301 178 "-" "meta-externalagent/1.1 (+https://developers.facebook.com/docs/sharing/webmasters/crawler)"
2a03:2880:f800:2f:: - - [23/Feb/2026:11:29:05 +0000] "GET /kasino-maklercourtage-pharaoh-riches-germany-spielautomat-exklusive-einzahlung-2026-top-no-abschlagzahlung-boni/ HTTP/1.1" 301 178 "-" "meta-externalagent/1.1 (+https://developers.facebook.com/docs/sharing/webmasters/crawler)"
177.91.57.184 - - [23/Feb/2026:11:29:06 +0000] "GET /you-could-review-and-approve-the-information-about-you-that/ HTTP/1.1" 301 178 "-" "Mozilla/5.0 (Windows NT 6.1; Win64; x64) AppleWebKit/537.36 (KHTML, like Gecko) Chrome/85.0.4183.121 Safari/537.36"
172.187.168.139 - - [23/Feb/2026:11:29:09 +0000] "POST /wp-cron.php?doing_wp_cron=1771846149.3882849216461181640625 HTTP/1.1" 200 31 "-" "WordPress/6.9; https://mentoring-wp.dreamsmarketplace.com"
14.191.140.141 - - [23/Feb/2026:11:29:09 +0000] "GET /you-could-review-and-approve-the-information-about-you-that/ HTTP/1.1" 404 10941 "-" "Mozilla/5.0 (Windows NT 6.1; Win64; x64) AppleWebKit/537.36 (KHTML, like Gecko) Chrome/85.0.4183.121 Safari/537.36"
172.187.168.139 - - [23/Feb/2026:11:30:15 +0000] "POST /wp-cron.php?doing_wp_cron=1771846215.7846729755401611328125 HTTP/1.1" 200 31 "-" "WordPress/6.9; https://mentoring-wp.dreamsmarketplace.com"
207.46.13.125 - - [23/Feb/2026:11:30:15 +0000] "GET /free-spins-inte-me-omsattningskrav-prova-tillfalle-ut-besok-den-har-sidan-har-avkastning-direkt/ HTTP/1.1" 404 10984 "-" "Mozilla/5.0 AppleWebKit/537.36 (KHTML, like Gecko; compatible; bingbot/2.0; +http://www.bing.com/bingbot.htm) Chrome/116.0.1938.76 Safari/537.36"
2a03:2880:f800:d:: - - [23/Feb/2026:11:30:43 +0000] "GET /24bettle-agent-jane-blonde-slot-com-twenty-four-bettle-gambling-enterprise-no-deposit-added-bonus-comment/ HTTP/1.1" 301 178 "-" "meta-externalagent/1.1 (+https://developers.facebook.com/docs/sharing/webmasters/crawler)"
2a03:2880:f800:1f:: - - [23/Feb/2026:11:32:14 +0000] "GET /thunderstruck-dos-slot-demonstration-jimi-hendrix-online-slot-touch-free-80-spins-remark/ HTTP/1.1" 301 178 "-" "meta-externalagent/1.1 (+https://developers.facebook.com/docs/sharing/webmasters/crawler)"
123.23.167.166 - - [23/Feb/2026:11:33:16 +0000] "GET /mentors/katharine-berthold/page/2/ HTTP/1.1" 301 178 "-" "Mozilla/5.0 (Windows NT 10.0; ) AppleWebKit/537.36 (KHTML, like Gecko) Chrome/82.0.4085.4 Safari/537.36"
172.187.168.139 - - [23/Feb/2026:11:33:20 +0000] "POST /wp-cron.php?doing_wp_cron=1771846400.1226959228515625000000 HTTP/1.1" 200 31 "-" "WordPress/6.9; https://mentoring-wp.dreamsmarketplace.com"
14.191.222.91 - - [23/Feb/2026:11:33:20 +0000] "GET /mentors/katharine-berthold/page/2/ HTTP/1.1" 404 10944 "-" "Mozilla/5.0 (Windows NT 10.0; ) AppleWebKit/537.36 (KHTML, like Gecko) Chrome/82.0.4085.4 Safari/537.36"
103.219.169.214 - - [23/Feb/2026:11:33:46 +0000] "POST /xmlrpc.php HTTP/1.1" 301 178 "-" "Mozilla/5.0 (Windows NT 10.0; Win64; x64) AppleWebKit/537.36 (KHTML, like Gecko) Chrome/114.0.0.0 Safari/537.36"
2a03:2880:f800:2f:: - - [23/Feb/2026:11:33:47 +0000] "GET /auf-flowers-slot-free-spins-diese-weise-auffuhren-sie-kostenlos-via-unserem-spielsaal-maklercourtage-exklusive-einzahlung/ HTTP/1.1" 301 178 "-" "meta-externalagent/1.1 (+https://developers.facebook.com/docs/sharing/webmasters/crawler)"
172.187.168.139 - - [23/Feb/2026:11:33:48 +0000] "POST /wp-cron.php?doing_wp_cron=1771846428.1400001049041748046875 HTTP/1.1" 200 31 "-" "WordPress/6.9; https://mentoring-wp.dreamsmarketplace.com"
103.219.169.214 - - [23/Feb/2026:11:33:48 +0000] "GET /xmlrpc.php HTTP/1.1" 405 53 "-" "Mozilla/5.0 (Windows NT 10.0; Win64; x64) AppleWebKit/537.36 (KHTML, like Gecko) Chrome/114.0.0.0 Safari/537.36"
