2a03:2880:f800:34:: - - [23/Feb/2026:05:39:42 +0000] "GET /an-informed-cent-slots-to-try-out-best-casino-sign-up-bonuses-betmgm/ HTTP/1.1" 301 178 "-" "meta-externalagent/1.1 (+https://developers.facebook.com/docs/sharing/webmasters/crawler)"
2a03:2880:f800:5:: - - [23/Feb/2026:05:39:48 +0000] "GET /eleven-better-bank-card-indication-upwards-incentives-online-casino-bonuses-no-deposit-away-from-january-2026/ HTTP/1.1" 301 178 "-" "meta-externalagent/1.1 (+https://developers.facebook.com/docs/sharing/webmasters/crawler)"
47.128.58.35 - - [23/Feb/2026:05:40:08 +0000] "GET /wp-content/uploads/2022/01/path-img2.jpg HTTP/1.1" 301 178 "https://crna-test.page.agency/" "Mozilla/5.0 (Linux; Android 5.0) AppleWebKit/537.36 (KHTML, like Gecko) Mobile Safari/537.36 (compatible; Bytespider; [email protected])"
47.128.58.35 - - [23/Feb/2026:05:40:08 +0000] "GET /wp-content/uploads/2022/01/banner.jpg HTTP/1.1" 301 178 "https://crna-test.page.agency/" "Mozilla/5.0 (Linux; Android 5.0) AppleWebKit/537.36 (KHTML, like Gecko) Mobile Safari/537.36 (compatible; Bytespider; [email protected])"
47.128.58.35 - - [23/Feb/2026:05:40:08 +0000] "GET /wp-content/uploads/2021/09/path-img2.jpg HTTP/1.1" 301 178 "https://crna-test.page.agency/" "Mozilla/5.0 (Linux; Android 5.0) AppleWebKit/537.36 (KHTML, like Gecko) Mobile Safari/537.36 (compatible; Bytespider; [email protected])"
47.128.58.35 - - [23/Feb/2026:05:40:08 +0000] "GET /wp-content/uploads/2022/01/path-img6.jpg HTTP/1.1" 301 178 "https://crna-test.page.agency/" "Mozilla/5.0 (Linux; Android 5.0) AppleWebKit/537.36 (KHTML, like Gecko) Mobile Safari/537.36 (compatible; Bytespider; [email protected])"
47.128.58.35 - - [23/Feb/2026:05:40:08 +0000] "GET /wp-content/themes/mentoring/assets/images/logo.png HTTP/1.1" 301 178 "https://crna-test.page.agency/" "Mozilla/5.0 (Linux; Android 5.0) AppleWebKit/537.36 (KHTML, like Gecko) Mobile Safari/537.36 (compatible; Bytespider; [email protected])"
47.128.58.35 - - [23/Feb/2026:05:40:08 +0000] "GET /wp-content/uploads/2022/01/path-img3.jpg HTTP/1.1" 301 178 "https://crna-test.page.agency/" "Mozilla/5.0 (Linux; Android 5.0) AppleWebKit/537.36 (KHTML, like Gecko) Mobile Safari/537.36 (compatible; Bytespider; [email protected])"
47.128.58.35 - - [23/Feb/2026:05:40:08 +0000] "GET /wp-content/uploads/2022/01/path-img4.jpg HTTP/1.1" 301 178 "https://crna-test.page.agency/" "Mozilla/5.0 (Linux; Android 5.0) AppleWebKit/537.36 (KHTML, like Gecko) Mobile Safari/537.36 (compatible; Bytespider; [email protected])"
47.128.58.35 - - [23/Feb/2026:05:40:09 +0000] "GET /wp-content/uploads/2022/01/path-img3.jpg HTTP/1.1" 200 66561 "https://crna-test.page.agency/" "Mozilla/5.0 (Linux; Android 5.0) AppleWebKit/537.36 (KHTML, like Gecko) Mobile Safari/537.36 (compatible; Bytespider; [email protected])"
47.128.58.35 - - [23/Feb/2026:05:40:09 +0000] "GET /wp-content/uploads/2022/01/path-img4.jpg HTTP/1.1" 200 46497 "https://crna-test.page.agency/" "Mozilla/5.0 (Linux; Android 5.0) AppleWebKit/537.36 (KHTML, like Gecko) Mobile Safari/537.36 (compatible; Bytespider; [email protected])"
47.128.58.35 - - [23/Feb/2026:05:40:09 +0000] "GET /wp-content/uploads/2022/01/banner.jpg HTTP/1.1" 200 125049 "https://crna-test.page.agency/" "Mozilla/5.0 (Linux; Android 5.0) AppleWebKit/537.36 (KHTML, like Gecko) Mobile Safari/537.36 (compatible; Bytespider; [email protected])"
47.128.58.35 - - [23/Feb/2026:05:40:09 +0000] "GET /wp-content/themes/mentoring/assets/images/logo.png HTTP/1.1" 200 9631 "https://crna-test.page.agency/" "Mozilla/5.0 (Linux; Android 5.0) AppleWebKit/537.36 (KHTML, like Gecko) Mobile Safari/537.36 (compatible; Bytespider; [email protected])"
47.128.58.35 - - [23/Feb/2026:05:40:09 +0000] "GET /wp-content/uploads/2022/01/path-img6.jpg HTTP/1.1" 200 88789 "https://crna-test.page.agency/" "Mozilla/5.0 (Linux; Android 5.0) AppleWebKit/537.36 (KHTML, like Gecko) Mobile Safari/537.36 (compatible; Bytespider; [email protected])"
47.128.58.35 - - [23/Feb/2026:05:40:09 +0000] "GET /wp-content/uploads/2022/01/path-img2.jpg HTTP/1.1" 200 58574 "https://crna-test.page.agency/" "Mozilla/5.0 (Linux; Android 5.0) AppleWebKit/537.36 (KHTML, like Gecko) Mobile Safari/537.36 (compatible; Bytespider; [email protected])"
47.128.58.35 - - [23/Feb/2026:05:40:09 +0000] "GET /wp-content/uploads/2021/09/path-img2.jpg HTTP/1.1" 200 47275 "https://crna-test.page.agency/" "Mozilla/5.0 (Linux; Android 5.0) AppleWebKit/537.36 (KHTML, like Gecko) Mobile Safari/537.36 (compatible; Bytespider; [email protected])"
47.128.58.35 - - [23/Feb/2026:05:40:10 +0000] "GET /wp-content/uploads/2022/01/path-img5.jpg HTTP/1.1" 301 178 "https://crna-test.page.agency/" "Mozilla/5.0 (Linux; Android 5.0) AppleWebKit/537.36 (KHTML, like Gecko) Mobile Safari/537.36 (compatible; Bytespider; [email protected])"
47.128.58.35 - - [23/Feb/2026:05:40:10 +0000] "GET /wp-content/uploads/2022/01/path-img8.jpg HTTP/1.1" 301 178 "https://crna-test.page.agency/" "Mozilla/5.0 (Linux; Android 5.0) AppleWebKit/537.36 (KHTML, like Gecko) Mobile Safari/537.36 (compatible; Bytespider; [email protected])"
47.128.58.35 - - [23/Feb/2026:05:40:10 +0000] "GET /wp-content/uploads/2022/01/path-img7.jpg HTTP/1.1" 301 178 "https://crna-test.page.agency/" "Mozilla/5.0 (Linux; Android 5.0) AppleWebKit/537.36 (KHTML, like Gecko) Mobile Safari/537.36 (compatible; Bytespider; [email protected])"
47.128.58.35 - - [23/Feb/2026:05:40:10 +0000] "GET /wp-content/uploads/2022/01/logo.png HTTP/1.1" 301 178 "https://crna-test.page.agency/" "Mozilla/5.0 (Linux; Android 5.0) AppleWebKit/537.36 (KHTML, like Gecko) Mobile Safari/537.36 (compatible; Bytespider; [email protected])"
47.128.58.35 - - [23/Feb/2026:05:40:11 +0000] "GET /wp-content/uploads/2022/01/path-img5.jpg HTTP/1.1" 200 74200 "https://crna-test.page.agency/" "Mozilla/5.0 (Linux; Android 5.0) AppleWebKit/537.36 (KHTML, like Gecko) Mobile Safari/537.36 (compatible; Bytespider; [email protected])"
47.128.58.35 - - [23/Feb/2026:05:40:11 +0000] "GET /wp-content/uploads/2022/01/path-img7.jpg HTTP/1.1" 200 61032 "https://crna-test.page.agency/" "Mozilla/5.0 (Linux; Android 5.0) AppleWebKit/537.36 (KHTML, like Gecko) Mobile Safari/537.36 (compatible; Bytespider; [email protected])"
47.128.58.35 - - [23/Feb/2026:05:40:11 +0000] "GET /wp-content/uploads/2022/01/logo.png HTTP/1.1" 200 9631 "https://crna-test.page.agency/" "Mozilla/5.0 (Linux; Android 5.0) AppleWebKit/537.36 (KHTML, like Gecko) Mobile Safari/537.36 (compatible; Bytespider; [email protected])"
47.128.58.35 - - [23/Feb/2026:05:40:11 +0000] "GET /wp-content/uploads/2022/01/path-img8.jpg HTTP/1.1" 200 70600 "https://crna-test.page.agency/" "Mozilla/5.0 (Linux; Android 5.0) AppleWebKit/537.36 (KHTML, like Gecko) Mobile Safari/537.36 (compatible; Bytespider; [email protected])"
2a03:2880:f800:36:: - - [23/Feb/2026:05:40:34 +0000] "GET /showboat-branson-belle-casino-wildz-sign-up-2025-plan-entry/ HTTP/1.1" 301 178 "-" "meta-externalagent/1.1 (+https://developers.facebook.com/docs/sharing/webmasters/crawler)"
2a03:2880:f800:42:: - - [23/Feb/2026:05:41:59 +0000] "GET /greatest-online-slots-real-money-2026-self-help-guide-no-deposit-casino-free-cash-2025-to-high-rtp-position-online-game/ HTTP/1.1" 301 178 "-" "meta-externalagent/1.1 (+https://developers.facebook.com/docs/sharing/webmasters/crawler)"
2a03:2880:f800:1c:: - - [23/Feb/2026:05:42:22 +0000] "GET /kortenspil-online-mobilen-de-bedste-vulkan-vegas-promo-kode-apps-til-dit-idraet-inklusive-rigtige-penge/ HTTP/1.1" 301 178 "-" "meta-externalagent/1.1 (+https://developers.facebook.com/docs/sharing/webmasters/crawler)"
2a03:2880:f800:11:: - - [23/Feb/2026:05:42:33 +0000] "GET /pacanele-77777-lost-island-slot-pentru-bani-reali-sloturi-online-deasupra-romania/ HTTP/1.1" 301 178 "-" "meta-externalagent/1.1 (+https://developers.facebook.com/docs/sharing/webmasters/crawler)"
2a03:2880:f800:6:: - - [23/Feb/2026:05:46:08 +0000] "GET /jocuri-gamomat-jocuri-de-cazinou-lista-s-merkur-sloturi-egt-demo-%d8%b3%d8%a7%db%8c%d8%aa-%d9%81%d8%b1%d9%88%d8%b4%da%af%d8%a7%d9%87%db%8c/ HTTP/1.1" 301 178 "-" "meta-externalagent/1.1 (+https://developers.facebook.com/docs/sharing/webmasters/crawler)"
104.166.164.5 - - [23/Feb/2026:05:47:20 +0000] "POST /xmlrpc.php HTTP/1.1" 301 178 "-" "Mozilla/5.0 (Windows NT 10.0; Win64; x64) AppleWebKit/537.36 (KHTML, like Gecko) Chrome/114.0.0.0 Safari/537.36"
172.187.168.139 - - [23/Feb/2026:05:47:22 +0000] "POST /wp-cron.php?doing_wp_cron=1771825642.7392818927764892578125 HTTP/1.1" 200 31 "-" "WordPress/6.9; https://mentoring-wp.dreamsmarketplace.com"
104.166.164.5 - - [23/Feb/2026:05:47:22 +0000] "GET /xmlrpc.php HTTP/1.1" 405 53 "-" "Mozilla/5.0 (Windows NT 10.0; Win64; x64) AppleWebKit/537.36 (KHTML, like Gecko) Chrome/114.0.0.0 Safari/537.36"
104.166.164.5 - - [23/Feb/2026:05:47:24 +0000] "POST /xmlrpc.php HTTP/1.1" 301 178 "-" "Mozilla/5.0 (Windows NT 10.0; Win64; x64) AppleWebKit/537.36 (KHTML, like Gecko) Chrome/114.0.0.0 Safari/537.36"
172.187.168.139 - - [23/Feb/2026:05:47:28 +0000] "POST /wp-cron.php?doing_wp_cron=1771825648.7617580890655517578125 HTTP/1.1" 200 31 "-" "WordPress/6.9; https://mentoring-wp.dreamsmarketplace.com"
104.166.164.5 - - [23/Feb/2026:05:47:28 +0000] "GET /xmlrpc.php HTTP/1.1" 405 53 "-" "Mozilla/5.0 (Windows NT 10.0; Win64; x64) AppleWebKit/537.36 (KHTML, like Gecko) Chrome/114.0.0.0 Safari/537.36"
161.77.54.65 - - [23/Feb/2026:05:47:29 +0000] "POST /xmlrpc.php HTTP/1.1" 301 178 "-" "Python-xmlrpc/3.11"
2a03:2880:f800:f:: - - [23/Feb/2026:05:48:23 +0000] "GET /jackpotjoy-casino-till-fyllest-deposit-tillagg-codes-akte-ladda-ner-appen-vulkan-spiele-for-android-free-spins-2024/ HTTP/1.1" 301 178 "-" "meta-externalagent/1.1 (+https://developers.facebook.com/docs/sharing/webmasters/crawler)"
2a03:2880:f800:34:: - - [23/Feb/2026:05:49:16 +0000] "GET /100-freispiele-exklusive-einzahlung-top-casinos-sizzling-hot-deluxe-bonus-ohne-einzahlung-2026/ HTTP/1.1" 301 178 "-" "meta-externalagent/1.1 (+https://developers.facebook.com/docs/sharing/webmasters/crawler)"
2a03:2880:f800:b:: - - [23/Feb/2026:05:49:26 +0000] "GET /finest-web-based-casinos-for-world-football-stars-online-casinos-real-money-payout-2025/ HTTP/1.1" 301 178 "-" "meta-externalagent/1.1 (+https://developers.facebook.com/docs/sharing/webmasters/crawler)"
128.1.218.152 - - [23/Feb/2026:05:50:41 +0000] "POST /xmlrpc.php HTTP/1.1" 301 178 "-" "Mozilla/5.0 (Windows NT 10.0; Win64; x64) AppleWebKit/537.36 (KHTML, like Gecko) Chrome/114.0.0.0 Safari/537.36"
172.187.168.139 - - [23/Feb/2026:05:50:43 +0000] "POST /wp-cron.php?doing_wp_cron=1771825843.7619938850402832031250 HTTP/1.1" 200 31 "-" "WordPress/6.9; https://mentoring-wp.dreamsmarketplace.com"
128.1.218.152 - - [23/Feb/2026:05:50:43 +0000] "GET /xmlrpc.php HTTP/1.1" 405 53 "-" "Mozilla/5.0 (Windows NT 10.0; Win64; x64) AppleWebKit/537.36 (KHTML, like Gecko) Chrome/114.0.0.0 Safari/537.36"
128.1.218.152 - - [23/Feb/2026:05:50:45 +0000] "POST /xmlrpc.php HTTP/1.1" 301 178 "-" "Mozilla/5.0 (Windows NT 10.0; Win64; x64) AppleWebKit/537.36 (KHTML, like Gecko) Chrome/114.0.0.0 Safari/537.36"
172.187.168.139 - - [23/Feb/2026:05:50:47 +0000] "POST /wp-cron.php?doing_wp_cron=1771825847.8912739753723144531250 HTTP/1.1" 200 31 "-" "WordPress/6.9; https://mentoring-wp.dreamsmarketplace.com"
128.1.218.152 - - [23/Feb/2026:05:50:47 +0000] "GET /xmlrpc.php HTTP/1.1" 405 53 "-" "Mozilla/5.0 (Windows NT 10.0; Win64; x64) AppleWebKit/537.36 (KHTML, like Gecko) Chrome/114.0.0.0 Safari/537.36"
2a03:2880:f800:31:: - - [23/Feb/2026:05:51:17 +0000] "GET /online-spilleautomater-online-mahjong-88-rigtige-knap-rapand-casino-south-park-blues-spilleban-praktisk-link-danmark/ HTTP/1.1" 301 178 "-" "meta-externalagent/1.1 (+https://developers.facebook.com/docs/sharing/webmasters/crawler)"
104.166.164.5 - - [23/Feb/2026:05:51:29 +0000] "POST /xmlrpc.php HTTP/1.1" 301 178 "-" "Mozilla/5.0 (Windows NT 10.0; Win64; x64) AppleWebKit/537.36 (KHTML, like Gecko) Chrome/114.0.0.0 Safari/537.36"
172.187.168.139 - - [23/Feb/2026:05:51:31 +0000] "POST /wp-cron.php?doing_wp_cron=1771825891.8420970439910888671875 HTTP/1.1" 200 31 "-" "WordPress/6.9; https://mentoring-wp.dreamsmarketplace.com"
104.166.164.5 - - [23/Feb/2026:05:51:31 +0000] "GET /xmlrpc.php HTTP/1.1" 405 53 "-" "Mozilla/5.0 (Windows NT 10.0; Win64; x64) AppleWebKit/537.36 (KHTML, like Gecko) Chrome/114.0.0.0 Safari/537.36"
104.166.164.5 - - [23/Feb/2026:05:51:33 +0000] "POST /xmlrpc.php HTTP/1.1" 301 178 "-" "Mozilla/5.0 (Windows NT 10.0; Win64; x64) AppleWebKit/537.36 (KHTML, like Gecko) Chrome/114.0.0.0 Safari/537.36"
172.187.168.139 - - [23/Feb/2026:05:51:35 +0000] "POST /wp-cron.php?doing_wp_cron=1771825895.8567199707031250000000 HTTP/1.1" 200 31 "-" "WordPress/6.9; https://mentoring-wp.dreamsmarketplace.com"
104.166.164.5 - - [23/Feb/2026:05:51:35 +0000] "GET /xmlrpc.php HTTP/1.1" 405 53 "-" "Mozilla/5.0 (Windows NT 10.0; Win64; x64) AppleWebKit/537.36 (KHTML, like Gecko) Chrome/114.0.0.0 Safari/537.36"
2a03:2880:f800:36:: - - [23/Feb/2026:05:51:37 +0000] "GET /author/carl-kelly/ HTTP/1.1" 301 178 "-" "meta-externalagent/1.1 (+https://developers.facebook.com/docs/sharing/webmasters/crawler)"
165.73.240.119 - - [23/Feb/2026:05:52:15 +0000] "POST /xmlrpc.php HTTP/1.1" 301 178 "-" "Mozilla/5.0 (Windows NT 10.0; Win64; x64) AppleWebKit/537.36 (KHTML, like Gecko) Chrome/114.0.0.0 Safari/537.36"
172.187.168.139 - - [23/Feb/2026:05:52:18 +0000] "POST /wp-cron.php?doing_wp_cron=1771825938.3086309432983398437500 HTTP/1.1" 200 31 "-" "WordPress/6.9; https://mentoring-wp.dreamsmarketplace.com"
165.73.240.119 - - [23/Feb/2026:05:52:18 +0000] "GET /xmlrpc.php HTTP/1.1" 405 53 "-" "Mozilla/5.0 (Windows NT 10.0; Win64; x64) AppleWebKit/537.36 (KHTML, like Gecko) Chrome/114.0.0.0 Safari/537.36"
165.73.240.119 - - [23/Feb/2026:05:52:19 +0000] "POST /xmlrpc.php HTTP/1.1" 301 178 "-" "Mozilla/5.0 (Windows NT 10.0; Win64; x64) AppleWebKit/537.36 (KHTML, like Gecko) Chrome/114.0.0.0 Safari/537.36"
172.187.168.139 - - [23/Feb/2026:05:52:21 +0000] "POST /wp-cron.php?doing_wp_cron=1771825941.7093620300292968750000 HTTP/1.1" 200 31 "-" "WordPress/6.9; https://mentoring-wp.dreamsmarketplace.com"
165.73.240.119 - - [23/Feb/2026:05:52:21 +0000] "GET /xmlrpc.php HTTP/1.1" 405 53 "-" "Mozilla/5.0 (Windows NT 10.0; Win64; x64) AppleWebKit/537.36 (KHTML, like Gecko) Chrome/114.0.0.0 Safari/537.36"
14.254.126.97 - - [23/Feb/2026:05:52:40 +0000] "GET /mentors/carl-kelly/page/6/ HTTP/1.1" 301 178 "-" "Mozilla/5.0 (Macintosh; Intel Mac OS X 10_14_6) AppleWebKit/537.36 (KHTML, like Gecko) Chrome/89.0.4389.128 Safari/537.36"
172.187.168.139 - - [23/Feb/2026:05:52:43 +0000] "POST /wp-cron.php?doing_wp_cron=1771825963.4236910343170166015625 HTTP/1.1" 200 31 "-" "WordPress/6.9; https://mentoring-wp.dreamsmarketplace.com"
14.191.98.119 - - [23/Feb/2026:05:52:43 +0000] "GET /mentors/carl-kelly/page/6/ HTTP/1.1" 404 10936 "-" "Mozilla/5.0 (Macintosh; Intel Mac OS X 10_14_6) AppleWebKit/537.36 (KHTML, like Gecko) Chrome/89.0.4389.128 Safari/537.36"
2a03:2880:f800:2b:: - - [23/Feb/2026:05:54:10 +0000] "GET /master-nachrichten-symbols-chefs-casino-app-to-have-android-os-apples-ios-sign-up-gamble/ HTTP/1.1" 301 178 "-" "meta-externalagent/1.1 (+https://developers.facebook.com/docs/sharing/webmasters/crawler)"
113.167.42.235 - - [23/Feb/2026:05:54:43 +0000] "GET /exploring-the-improvements-in-real-time-adult-28/ HTTP/1.1" 301 178 "-" "Mozilla/5.0 (Macintosh; Intel Mac OS X 10_14_6) AppleWebKit/537.36 (KHTML, like Gecko) Chrome/100.0.4896.75 Safari/537.36"
172.187.168.139 - - [23/Feb/2026:05:54:50 +0000] "POST /wp-cron.php?doing_wp_cron=1771826090.7581169605255126953125 HTTP/1.1" 200 31 "-" "WordPress/6.9; https://mentoring-wp.dreamsmarketplace.com"
123.24.6.195 - - [23/Feb/2026:05:54:50 +0000] "GET /exploring-the-improvements-in-real-time-adult-28/ HTTP/1.1" 404 10942 "-" "Mozilla/5.0 (Macintosh; Intel Mac OS X 10_14_6) AppleWebKit/537.36 (KHTML, like Gecko) Chrome/100.0.4896.75 Safari/537.36"
2a03:2880:f800:1f:: - - [23/Feb/2026:05:55:15 +0000] "GET /greatest-the-mega-moolah-online-slot-new-online-casinos-the-new-gambling-establishment-websites-rated-to-possess-january-2026/ HTTP/1.1" 301 178 "-" "meta-externalagent/1.1 (+https://developers.facebook.com/docs/sharing/webmasters/crawler)"
14.164.244.183 - - [23/Feb/2026:05:55:36 +0000] "GET /get-in-on-the-head-that-have-bar-club-book-of-shadows-casino-black-sheep-superstar-by-the-microgaming/ HTTP/1.1" 301 178 "-" "Mozilla/5.0 (Windows NT 5.1) AppleWebKit/537.36 (KHTML, like Gecko) Chrome/36.0.1985.67 Safari/537.36"
172.187.168.139 - - [23/Feb/2026:05:55:41 +0000] "POST /wp-cron.php?doing_wp_cron=1771826141.2712240219116210937500 HTTP/1.1" 200 31 "-" "WordPress/6.9; https://mentoring-wp.dreamsmarketplace.com"
123.27.148.238 - - [23/Feb/2026:05:55:41 +0000] "GET /get-in-on-the-head-that-have-bar-club-book-of-shadows-casino-black-sheep-superstar-by-the-microgaming/ HTTP/1.1" 404 10986 "-" "Mozilla/5.0 (Windows NT 5.1) AppleWebKit/537.36 (KHTML, like Gecko) Chrome/36.0.1985.67 Safari/537.36"
190.140.12.162 - - [23/Feb/2026:05:55:51 +0000] "GET /mentors/mentor-demo/page/4/ HTTP/1.1" 301 178 "-" "Mozilla/5.0 (Macintosh; Intel Mac OS X 10_14_6) AppleWebKit/537.36 (KHTML, like Gecko) Chrome/96.0.4664.55 Safari/537.36"
172.187.168.139 - - [23/Feb/2026:05:55:56 +0000] "POST /wp-cron.php?doing_wp_cron=1771826156.4478740692138671875000 HTTP/1.1" 200 31 "-" "WordPress/6.9; https://mentoring-wp.dreamsmarketplace.com"
179.147.143.40 - - [23/Feb/2026:05:55:56 +0000] "GET /mentors/mentor-demo/page/4/ HTTP/1.1" 404 10927 "-" "Mozilla/5.0 (Macintosh; Intel Mac OS X 10_14_6) AppleWebKit/537.36 (KHTML, like Gecko) Chrome/96.0.4664.55 Safari/537.36"
2a03:2880:f800:46:: - - [23/Feb/2026:05:57:20 +0000] "GET /24bettle-gambling-enterprise-review-casino-dolphin-reef-bonus-requirements-2025/ HTTP/1.1" 301 178 "-" "meta-externalagent/1.1 (+https://developers.facebook.com/docs/sharing/webmasters/crawler)"
157.55.39.223 - - [23/Feb/2026:05:58:12 +0000] "GET /robots.txt HTTP/1.1" 301 178 "-" "Mozilla/5.0 AppleWebKit/537.36 (KHTML, like Gecko; compatible; bingbot/2.0; +http://www.bing.com/bingbot.htm) Chrome/116.0.1938.76 Safari/537.36"
172.187.168.139 - - [23/Feb/2026:05:58:16 +0000] "POST /wp-cron.php?doing_wp_cron=1771826296.6503610610961914062500 HTTP/1.1" 200 31 "-" "WordPress/6.9; https://mentoring-wp.dreamsmarketplace.com"
157.55.39.223 - - [23/Feb/2026:05:58:16 +0000] "GET /robots.txt HTTP/1.1" 200 349 "-" "Mozilla/5.0 AppleWebKit/537.36 (KHTML, like Gecko; compatible; bingbot/2.0; +http://www.bing.com/bingbot.htm) Chrome/116.0.1938.76 Safari/537.36"
2a03:2880:f800:2:: - - [23/Feb/2026:05:58:19 +0000] "GET /casino-slot-games-convertus-aurum-online-slot-dragon-moving-play-the-server-as-opposed-to-subscription-free-online/ HTTP/1.1" 301 178 "-" "meta-externalagent/1.1 (+https://developers.facebook.com/docs/sharing/webmasters/crawler)"
40.77.167.71 - - [23/Feb/2026:05:58:26 +0000] "GET /ovviamente-bisogna-concedere-attenzione-alla-volatilita-che-contraddistingue-purchessia-crypto-bitcoin-inclusa/ HTTP/1.1" 301 178 "-" "Mozilla/5.0 AppleWebKit/537.36 (KHTML, like Gecko; compatible; bingbot/2.0; +http://www.bing.com/bingbot.htm) Chrome/116.0.1938.76 Safari/537.36"
2a03:2880:f800:3b:: - - [23/Feb/2026:06:01:31 +0000] "GET /exclusive-a-hundred-100-percent-free-no-deposit-200-casino-betsson-casino-added-bonus/ HTTP/1.1" 301 178 "-" "meta-externalagent/1.1 (+https://developers.facebook.com/docs/sharing/webmasters/crawler)"
2a03:2880:f800:10:: - - [23/Feb/2026:06:05:12 +0000] "GET /888-casino-apps-on-the-netent-slot-games-for-ipad-internet-gamble/ HTTP/1.1" 301 178 "-" "meta-externalagent/1.1 (+https://developers.facebook.com/docs/sharing/webmasters/crawler)"
165.73.242.8 - - [23/Feb/2026:06:05:33 +0000] "POST /xmlrpc.php HTTP/1.1" 301 178 "-" "Mozilla/5.0 (Windows NT 10.0; Win64; x64) AppleWebKit/537.36 (KHTML, like Gecko) Chrome/114.0.0.0 Safari/537.36"
172.187.168.139 - - [23/Feb/2026:06:05:35 +0000] "POST /wp-cron.php?doing_wp_cron=1771826735.5550210475921630859375 HTTP/1.1" 200 31 "-" "WordPress/6.9; https://mentoring-wp.dreamsmarketplace.com"
165.73.242.8 - - [23/Feb/2026:06:05:35 +0000] "GET /xmlrpc.php HTTP/1.1" 405 53 "-" "Mozilla/5.0 (Windows NT 10.0; Win64; x64) AppleWebKit/537.36 (KHTML, like Gecko) Chrome/114.0.0.0 Safari/537.36"
165.73.242.8 - - [23/Feb/2026:06:05:37 +0000] "POST /xmlrpc.php HTTP/1.1" 301 178 "-" "Mozilla/5.0 (Windows NT 10.0; Win64; x64) AppleWebKit/537.36 (KHTML, like Gecko) Chrome/114.0.0.0 Safari/537.36"
172.187.168.139 - - [23/Feb/2026:06:05:38 +0000] "POST /wp-cron.php?doing_wp_cron=1771826738.9100270271301269531250 HTTP/1.1" 200 31 "-" "WordPress/6.9; https://mentoring-wp.dreamsmarketplace.com"
165.73.242.8 - - [23/Feb/2026:06:05:38 +0000] "GET /xmlrpc.php HTTP/1.1" 405 53 "-" "Mozilla/5.0 (Windows NT 10.0; Win64; x64) AppleWebKit/537.36 (KHTML, like Gecko) Chrome/114.0.0.0 Safari/537.36"
2a03:2880:f800:1:: - - [23/Feb/2026:06:05:47 +0000] "GET /freispiele-exklusive-einzahlung-2026-no-abschlagzahlung-free-spins-letzter-spinsy-apk-login-schrei/ HTTP/1.1" 301 178 "-" "meta-externalagent/1.1 (+https://developers.facebook.com/docs/sharing/webmasters/crawler)"
172.187.168.139 - - [23/Feb/2026:06:06:21 +0000] "POST /wp-cron.php?doing_wp_cron=1771826781.5580749511718750000000 HTTP/1.1" 200 31 "-" "WordPress/6.9; https://mentoring-wp.dreamsmarketplace.com"
66.249.66.45 - - [23/Feb/2026:06:06:21 +0000] "GET /robots.txt HTTP/1.1" 200 349 "-" "Mozilla/5.0 (compatible; Googlebot/2.1; +http://www.google.com/bot.html)"
172.187.168.139 - - [23/Feb/2026:06:06:23 +0000] "POST /wp-cron.php?doing_wp_cron=1771826783.5671210289001464843750 HTTP/1.1" 200 31 "-" "WordPress/6.9; https://mentoring-wp.dreamsmarketplace.com"
66.249.66.196 - - [23/Feb/2026:06:06:23 +0000] "GET /wp-content/uploads/2022/06/user2-1-255x250.jpg HTTP/1.1" 404 10977 "-" "Googlebot-Image/1.0"
2a03:2880:f800:5:: - - [23/Feb/2026:06:07:44 +0000] "GET /ten-better-online-casino-applications-you-to-best-online-casinos-for-real-money-pay-real-cash-within-the-2025/ HTTP/1.1" 301 178 "-" "meta-externalagent/1.1 (+https://developers.facebook.com/docs/sharing/webmasters/crawler)"
2a03:2880:f800:27:: - - [23/Feb/2026:06:10:39 +0000] "GET /heart-splash-the-bucks-notification-2025-earn-25k-never-miss-casino-pharaos-riches-out-the-security/ HTTP/1.1" 301 178 "-" "meta-externalagent/1.1 (+https://developers.facebook.com/docs/sharing/webmasters/crawler)"
200.25.47.110 - - [23/Feb/2026:06:11:57 +0000] "POST /xmlrpc.php HTTP/1.1" 301 178 "-" "Mozilla/5.0 (Windows NT 10.0; Win64; x64) AppleWebKit/537.36 (KHTML, like Gecko) Chrome/114.0.0.0 Safari/537.36"
172.187.168.139 - - [23/Feb/2026:06:12:00 +0000] "POST /wp-cron.php?doing_wp_cron=1771827120.5187299251556396484375 HTTP/1.1" 200 31 "-" "WordPress/6.9; https://mentoring-wp.dreamsmarketplace.com"
200.25.47.110 - - [23/Feb/2026:06:12:00 +0000] "GET /xmlrpc.php HTTP/1.1" 405 53 "-" "Mozilla/5.0 (Windows NT 10.0; Win64; x64) AppleWebKit/537.36 (KHTML, like Gecko) Chrome/114.0.0.0 Safari/537.36"
200.25.47.110 - - [23/Feb/2026:06:12:01 +0000] "POST /xmlrpc.php HTTP/1.1" 301 178 "-" "Mozilla/5.0 (Windows NT 10.0; Win64; x64) AppleWebKit/537.36 (KHTML, like Gecko) Chrome/114.0.0.0 Safari/537.36"
172.187.168.139 - - [23/Feb/2026:06:12:03 +0000] "POST /wp-cron.php?doing_wp_cron=1771827123.7412309646606445312500 HTTP/1.1" 200 31 "-" "WordPress/6.9; https://mentoring-wp.dreamsmarketplace.com"
200.25.47.110 - - [23/Feb/2026:06:12:03 +0000] "GET /xmlrpc.php HTTP/1.1" 405 53 "-" "Mozilla/5.0 (Windows NT 10.0; Win64; x64) AppleWebKit/537.36 (KHTML, like Gecko) Chrome/114.0.0.0 Safari/537.36"
47.128.31.242 - - [23/Feb/2026:06:13:32 +0000] "GET /mentors/carl-kelly/ HTTP/1.1" 301 178 "-" "Mozilla/5.0 (compatible; Bytespider; [email protected]) AppleWebKit/537.36 (KHTML, like Gecko) Chrome/70.0.0.0 Safari/537.36"
172.187.168.139 - - [23/Feb/2026:06:13:47 +0000] "POST /wp-cron.php?doing_wp_cron=1771827227.3826410770416259765625 HTTP/1.1" 200 31 "-" "WordPress/6.9; https://mentoring-wp.dreamsmarketplace.com"
47.128.39.215 - - [23/Feb/2026:06:13:47 +0000] "GET /mentors/carl-kelly/ HTTP/1.1" 404 10933 "-" "Mozilla/5.0 (Linux; Android 5.0) AppleWebKit/537.36 (KHTML, like Gecko) Mobile Safari/537.36 (compatible; Bytespider; [email protected])"
47.128.39.215 - - [23/Feb/2026:06:13:48 +0000] "GET /wp-content/themes/mentoring/assets/css/flaticon.css?ver=1.3.5 HTTP/1.1" 200 3397 "https://mentoring-wp.dreamsmarketplace.com/mentors/carl-kelly/" "Mozilla/5.0 (Linux; Android 5.0) AppleWebKit/537.36 (KHTML, like Gecko) Mobile Safari/537.36 (compatible; Bytespider; [email protected])"
47.128.39.215 - - [23/Feb/2026:06:13:48 +0000] "GET /wp-content/themes/mentoring/assets/css/magnific-popup.css?ver=1.1.0 HTTP/1.1" 200 7764 "https://mentoring-wp.dreamsmarketplace.com/mentors/carl-kelly/" "Mozilla/5.0 (Linux; Android 5.0) AppleWebKit/537.36 (KHTML, like Gecko) Mobile Safari/537.36 (compatible; Bytespider; [email protected])"
47.128.39.215 - - [23/Feb/2026:06:13:48 +0000] "GET /wp-content/plugins/frontend-reset-password/assets/css/password-lost.css?ver=6.9 HTTP/1.1" 200 1881 "https://mentoring-wp.dreamsmarketplace.com/mentors/carl-kelly/" "Mozilla/5.0 (Linux; Android 5.0) AppleWebKit/537.36 (KHTML, like Gecko) Mobile Safari/537.36 (compatible; Bytespider; [email protected])"
47.128.39.215 - - [23/Feb/2026:06:13:48 +0000] "GET /wp-content/themes/mentoring/assets/css/slick.css?ver=1.0.0 HTTP/1.1" 200 1794 "https://mentoring-wp.dreamsmarketplace.com/mentors/carl-kelly/" "Mozilla/5.0 (Linux; Android 5.0) AppleWebKit/537.36 (KHTML, like Gecko) Mobile Safari/537.36 (compatible; Bytespider; [email protected])"
47.128.39.215 - - [23/Feb/2026:06:13:48 +0000] "GET /wp-content/plugins/contact-form-7/includes/css/styles.css?ver=6.1.4 HTTP/1.1" 200 2947 "https://mentoring-wp.dreamsmarketplace.com/mentors/carl-kelly/" "Mozilla/5.0 (Linux; Android 5.0) AppleWebKit/537.36 (KHTML, like Gecko) Mobile Safari/537.36 (compatible; Bytespider; [email protected])"
47.128.39.215 - - [23/Feb/2026:06:13:48 +0000] "GET /wp-content/themes/mentoring/assets/css/all.min.css?ver=6.4.2 HTTP/1.1" 200 102157 "https://mentoring-wp.dreamsmarketplace.com/mentors/carl-kelly/" "Mozilla/5.0 (Linux; Android 5.0) AppleWebKit/537.36 (KHTML, like Gecko) Mobile Safari/537.36 (compatible; Bytespider; [email protected])"
47.128.39.215 - - [23/Feb/2026:06:13:48 +0000] "GET /wp-content/themes/mentoring/assets/css/font-awesome.min.css?ver=6.4.2 HTTP/1.1" 200 80823 "https://mentoring-wp.dreamsmarketplace.com/mentors/carl-kelly/" "Mozilla/5.0 (Linux; Android 5.0) AppleWebKit/537.36 (KHTML, like Gecko) Mobile Safari/537.36 (compatible; Bytespider; [email protected])"
47.128.39.215 - - [23/Feb/2026:06:13:48 +0000] "GET /wp-content/themes/mentoring/assets/css/v4-shims.min.css?ver=5.11.2 HTTP/1.1" 200 34405 "https://mentoring-wp.dreamsmarketplace.com/mentors/carl-kelly/" "Mozilla/5.0 (Linux; Android 5.0) AppleWebKit/537.36 (KHTML, like Gecko) Mobile Safari/537.36 (compatible; Bytespider; [email protected])"
47.128.39.215 - - [23/Feb/2026:06:13:48 +0000] "GET /wp-content/themes/mentoring/assets/css/animate.min.css?ver=4.1.1 HTTP/1.1" 200 71750 "https://mentoring-wp.dreamsmarketplace.com/mentors/carl-kelly/" "Mozilla/5.0 (Linux; Android 5.0) AppleWebKit/537.36 (KHTML, like Gecko) Mobile Safari/537.36 (compatible; Bytespider; [email protected])"
47.128.39.215 - - [23/Feb/2026:06:13:48 +0000] "GET /wp-content/plugins/woocommerce/assets/css/select2.css?ver=10.4.3 HTTP/1.1" 200 14621 "https://mentoring-wp.dreamsmarketplace.com/mentors/carl-kelly/" "Mozilla/5.0 (Linux; Android 5.0) AppleWebKit/537.36 (KHTML, like Gecko) Mobile Safari/537.36 (compatible; Bytespider; [email protected])"
47.128.39.215 - - [23/Feb/2026:06:13:48 +0000] "GET /wp-content/themes/mentoring/style.css?ver=6.9 HTTP/1.1" 200 134452 "https://mentoring-wp.dreamsmarketplace.com/mentors/carl-kelly/" "Mozilla/5.0 (Linux; Android 5.0) AppleWebKit/537.36 (KHTML, like Gecko) Mobile Safari/537.36 (compatible; Bytespider; [email protected])"
47.128.39.215 - - [23/Feb/2026:06:13:48 +0000] "GET /wp-content/themes/mentoring/assets/css/theme-woocommerce.css?ver=1.0.0 HTTP/1.1" 200 123644 "https://mentoring-wp.dreamsmarketplace.com/mentors/carl-kelly/" "Mozilla/5.0 (Linux; Android 5.0) AppleWebKit/537.36 (KHTML, like Gecko) Mobile Safari/537.36 (compatible; Bytespider; [email protected])"
47.128.39.215 - - [23/Feb/2026:06:13:48 +0000] "GET /wp-content/themes/mentoring/assets/css/dynamic.css?ver=6.9 HTTP/1.1" 200 48 "https://mentoring-wp.dreamsmarketplace.com/mentors/carl-kelly/" "Mozilla/5.0 (Linux; Android 5.0) AppleWebKit/537.36 (KHTML, like Gecko) Mobile Safari/537.36 (compatible; Bytespider; [email protected])"
47.128.39.215 - - [23/Feb/2026:06:13:48 +0000] "GET /wp-includes/js/jquery/jquery.min.js?ver=3.7.1 HTTP/1.1" 200 87553 "https://mentoring-wp.dreamsmarketplace.com/mentors/carl-kelly/" "Mozilla/5.0 (Linux; Android 5.0) AppleWebKit/537.36 (KHTML, like Gecko) Mobile Safari/537.36 (compatible; Bytespider; [email protected])"
47.128.39.215 - - [23/Feb/2026:06:13:48 +0000] "GET /wp-content/plugins/woocommerce/assets/client/blocks/wc-blocks.css?ver=wc-10.4.3 HTTP/1.1" 200 14006 "https://mentoring-wp.dreamsmarketplace.com/mentors/carl-kelly/" "Mozilla/5.0 (Linux; Android 5.0) AppleWebKit/537.36 (KHTML, like Gecko) Mobile Safari/537.36 (compatible; Bytespider; [email protected])"
47.128.39.215 - - [23/Feb/2026:06:13:48 +0000] "GET /wp-includes/js/jquery/jquery-migrate.min.js?ver=3.4.1 HTTP/1.1" 200 13577 "https://mentoring-wp.dreamsmarketplace.com/mentors/carl-kelly/" "Mozilla/5.0 (Linux; Android 5.0) AppleWebKit/537.36 (KHTML, like Gecko) Mobile Safari/537.36 (compatible; Bytespider; [email protected])"
47.128.39.215 - - [23/Feb/2026:06:13:48 +0000] "GET /wp-content/themes/mentoring/assets/css/bootstrap.min.css?ver=5.3.2 HTTP/1.1" 200 232948 "https://mentoring-wp.dreamsmarketplace.com/mentors/carl-kelly/" "Mozilla/5.0 (Linux; Android 5.0) AppleWebKit/537.36 (KHTML, like Gecko) Mobile Safari/537.36 (compatible; Bytespider; [email protected])"
47.128.39.215 - - [23/Feb/2026:06:13:48 +0000] "GET /wp-content/themes/mentoring/assets/css/dashboard.css?ver=6.9 HTTP/1.1" 200 254659 "https://mentoring-wp.dreamsmarketplace.com/mentors/carl-kelly/" "Mozilla/5.0 (Linux; Android 5.0) AppleWebKit/537.36 (KHTML, like Gecko) Mobile Safari/537.36 (compatible; Bytespider; [email protected])"
47.128.39.215 - - [23/Feb/2026:06:13:49 +0000] "GET /wp-content/themes/mentoring/assets/css/theme.css?ver=1.3.5 HTTP/1.1" 200 454148 "https://mentoring-wp.dreamsmarketplace.com/mentors/carl-kelly/" "Mozilla/5.0 (Linux; Android 5.0) AppleWebKit/537.36 (KHTML, like Gecko) Mobile Safari/537.36 (compatible; Bytespider; [email protected])"
47.128.39.215 - - [23/Feb/2026:06:13:49 +0000] "GET /wp-includes/js/dist/i18n.min.js?ver=c26c3dc7bed366793375 HTTP/1.1" 200 5314 "https://mentoring-wp.dreamsmarketplace.com/mentors/carl-kelly/" "Mozilla/5.0 (Linux; Android 5.0) AppleWebKit/537.36 (KHTML, like Gecko) Mobile Safari/537.36 (compatible; Bytespider; [email protected])"
47.128.39.215 - - [23/Feb/2026:06:13:49 +0000] "GET /wp-includes/js/dist/hooks.min.js?ver=dd5603f07f9220ed27f1 HTTP/1.1" 200 5661 "https://mentoring-wp.dreamsmarketplace.com/mentors/carl-kelly/" "Mozilla/5.0 (Linux; Android 5.0) AppleWebKit/537.36 (KHTML, like Gecko) Mobile Safari/537.36 (compatible; Bytespider; [email protected])"
47.128.39.215 - - [23/Feb/2026:06:13:50 +0000] "GET /wp-content/plugins/contact-form-7/includes/js/index.js?ver=6.1.4 HTTP/1.1" 200 13452 "https://mentoring-wp.dreamsmarketplace.com/mentors/carl-kelly/" "Mozilla/5.0 (Linux; Android 5.0) AppleWebKit/537.36 (KHTML, like Gecko) Mobile Safari/537.36 (compatible; Bytespider; [email protected])"
47.128.39.215 - - [23/Feb/2026:06:13:50 +0000] "GET /wp-content/plugins/contact-form-7/includes/swv/js/index.js?ver=6.1.4 HTTP/1.1" 200 12512 "https://mentoring-wp.dreamsmarketplace.com/mentors/carl-kelly/" "Mozilla/5.0 (Linux; Android 5.0) AppleWebKit/537.36 (KHTML, like Gecko) Mobile Safari/537.36 (compatible; Bytespider; [email protected])"
47.128.39.215 - - [23/Feb/2026:06:13:51 +0000] "GET /wp-content/plugins/frontend-reset-password/assets/js/password-lost.js?ver=1.0.0 HTTP/1.1" 200 860 "https://mentoring-wp.dreamsmarketplace.com/mentors/carl-kelly/" "Mozilla/5.0 (Linux; Android 5.0) AppleWebKit/537.36 (KHTML, like Gecko) Mobile Safari/537.36 (compatible; Bytespider; [email protected])"
47.128.39.215 - - [23/Feb/2026:06:13:51 +0000] "GET /wp-includes/js/imagesloaded.min.js?ver=5.0.0 HTTP/1.1" 200 5520 "https://mentoring-wp.dreamsmarketplace.com/mentors/carl-kelly/" "Mozilla/5.0 (Linux; Android 5.0) AppleWebKit/537.36 (KHTML, like Gecko) Mobile Safari/537.36 (compatible; Bytespider; [email protected])"
47.128.39.215 - - [23/Feb/2026:06:13:52 +0000] "GET /wp-content/themes/mentoring/assets/css/responsive.css?ver=1.3.5 HTTP/1.1" 200 37909 "https://mentoring-wp.dreamsmarketplace.com/mentors/carl-kelly/" "Mozilla/5.0 (Linux; Android 5.0) AppleWebKit/537.36 (KHTML, like Gecko) Mobile Safari/537.36 (compatible; Bytespider; [email protected])"
47.128.39.215 - - [23/Feb/2026:06:13:52 +0000] "GET /wp-includes/js/masonry.min.js?ver=4.2.2 HTTP/1.1" 200 24138 "https://mentoring-wp.dreamsmarketplace.com/mentors/carl-kelly/" "Mozilla/5.0 (Linux; Android 5.0) AppleWebKit/537.36 (KHTML, like Gecko) Mobile Safari/537.36 (compatible; Bytespider; [email protected])"
47.128.39.215 - - [23/Feb/2026:06:13:52 +0000] "GET /wp-content/themes/mentoring/assets/js/popper.min.js?ver=1.3.5 HTTP/1.1" 200 20508 "https://mentoring-wp.dreamsmarketplace.com/mentors/carl-kelly/" "Mozilla/5.0 (Linux; Android 5.0) AppleWebKit/537.36 (KHTML, like Gecko) Mobile Safari/537.36 (compatible; Bytespider; [email protected])"
47.128.39.215 - - [23/Feb/2026:06:13:53 +0000] "GET /wp-content/themes/mentoring/assets/js/bootstrap.bundle.min.js?ver=5.3.2 HTTP/1.1" 200 80663 "https://mentoring-wp.dreamsmarketplace.com/mentors/carl-kelly/" "Mozilla/5.0 (Linux; Android 5.0) AppleWebKit/537.36 (KHTML, like Gecko) Mobile Safari/537.36 (compatible; Bytespider; [email protected])"
47.128.39.215 - - [23/Feb/2026:06:13:53 +0000] "GET /wp-content/themes/mentoring/assets/js/isotope.min.js?ver=6.9 HTTP/1.1" 200 35428 "https://mentoring-wp.dreamsmarketplace.com/mentors/carl-kelly/" "Mozilla/5.0 (Linux; Android 5.0) AppleWebKit/537.36 (KHTML, like Gecko) Mobile Safari/537.36 (compatible; Bytespider; [email protected])"
47.128.39.215 - - [23/Feb/2026:06:13:54 +0000] "GET /wp-content/themes/mentoring/assets/js/magnific-popup.js?ver=1.1.0 HTTP/1.1" 200 45448 "https://mentoring-wp.dreamsmarketplace.com/mentors/carl-kelly/" "Mozilla/5.0 (Linux; Android 5.0) AppleWebKit/537.36 (KHTML, like Gecko) Mobile Safari/537.36 (compatible; Bytespider; [email protected])"
47.128.39.215 - - [23/Feb/2026:06:13:54 +0000] "GET /wp-content/themes/mentoring/assets/js/jquery.inview.min.js?ver=1.3.5 HTTP/1.1" 200 1264 "https://mentoring-wp.dreamsmarketplace.com/mentors/carl-kelly/" "Mozilla/5.0 (Linux; Android 5.0) AppleWebKit/537.36 (KHTML, like Gecko) Mobile Safari/537.36 (compatible; Bytespider; [email protected])"
47.128.39.215 - - [23/Feb/2026:06:13:55 +0000] "GET /wp-content/themes/mentoring/assets/js/jquery.countTo.js?ver=1.3.5 HTTP/1.1" 200 2501 "https://mentoring-wp.dreamsmarketplace.com/mentors/carl-kelly/" "Mozilla/5.0 (Linux; Android 5.0) AppleWebKit/537.36 (KHTML, like Gecko) Mobile Safari/537.36 (compatible; Bytespider; [email protected])"
47.128.39.215 - - [23/Feb/2026:06:13:55 +0000] "GET /wp-content/themes/mentoring/assets/js/slick.min.js?ver=1.3.5 HTTP/1.1" 200 42865 "https://mentoring-wp.dreamsmarketplace.com/mentors/carl-kelly/" "Mozilla/5.0 (Linux; Android 5.0) AppleWebKit/537.36 (KHTML, like Gecko) Mobile Safari/537.36 (compatible; Bytespider; [email protected])"
47.128.39.215 - - [23/Feb/2026:06:13:55 +0000] "GET /wp-content/themes/mentoring/assets/js/theme-woocommerce.js?ver=1.0.0 HTTP/1.1" 200 3179 "https://mentoring-wp.dreamsmarketplace.com/mentors/carl-kelly/" "Mozilla/5.0 (Linux; Android 5.0) AppleWebKit/537.36 (KHTML, like Gecko) Mobile Safari/537.36 (compatible; Bytespider; [email protected])"
47.128.39.215 - - [23/Feb/2026:06:13:55 +0000] "GET /wp-content/plugins/woocommerce/assets/js/sourcebuster/sourcebuster.min.js?ver=10.4.3 HTTP/1.1" 200 15315 "https://mentoring-wp.dreamsmarketplace.com/mentors/carl-kelly/" "Mozilla/5.0 (Linux; Android 5.0) AppleWebKit/537.36 (KHTML, like Gecko) Mobile Safari/537.36 (compatible; Bytespider; [email protected])"
47.128.39.215 - - [23/Feb/2026:06:13:55 +0000] "GET /wp-content/themes/mentoring/assets/js/theme.js?ver=1.3.5 HTTP/1.1" 200 18158 "https://mentoring-wp.dreamsmarketplace.com/mentors/carl-kelly/" "Mozilla/5.0 (Linux; Android 5.0) AppleWebKit/537.36 (KHTML, like Gecko) Mobile Safari/537.36 (compatible; Bytespider; [email protected])"
47.128.39.215 - - [23/Feb/2026:06:13:55 +0000] "GET /wp-content/themes/mentoring/assets/js/mentoring_callback.js?ver=1.3.5 HTTP/1.1" 200 53713 "https://mentoring-wp.dreamsmarketplace.com/mentors/carl-kelly/" "Mozilla/5.0 (Linux; Android 5.0) AppleWebKit/537.36 (KHTML, like Gecko) Mobile Safari/537.36 (compatible; Bytespider; [email protected])"
47.128.39.215 - - [23/Feb/2026:06:13:55 +0000] "GET /wp-content/plugins/woocommerce/assets/js/frontend/order-attribution.min.js?ver=10.4.3 HTTP/1.1" 200 2346 "https://mentoring-wp.dreamsmarketplace.com/mentors/carl-kelly/" "Mozilla/5.0 (Linux; Android 5.0) AppleWebKit/537.36 (KHTML, like Gecko) Mobile Safari/537.36 (compatible; Bytespider; [email protected])"
47.128.39.215 - - [23/Feb/2026:06:13:55 +0000] "GET /wp-includes/js/wp-util.min.js?ver=6.9 HTTP/1.1" 200 1426 "https://mentoring-wp.dreamsmarketplace.com/mentors/carl-kelly/" "Mozilla/5.0 (Linux; Android 5.0) AppleWebKit/537.36 (KHTML, like Gecko) Mobile Safari/537.36 (compatible; Bytespider; [email protected])"
47.128.39.215 - - [23/Feb/2026:06:13:55 +0000] "GET /wp-includes/js/underscore.min.js?ver=1.13.7 HTTP/1.1" 200 18905 "https://mentoring-wp.dreamsmarketplace.com/mentors/carl-kelly/" "Mozilla/5.0 (Linux; Android 5.0) AppleWebKit/537.36 (KHTML, like Gecko) Mobile Safari/537.36 (compatible; Bytespider; [email protected])"
47.128.39.215 - - [23/Feb/2026:06:13:56 +0000] "GET /wp-content/plugins/woocommerce/assets/js/select2/select2.full.min.js?ver=4.0.3-wc.10.4.3 HTTP/1.1" 200 74620 "https://mentoring-wp.dreamsmarketplace.com/mentors/carl-kelly/" "Mozilla/5.0 (Linux; Android 5.0) AppleWebKit/537.36 (KHTML, like Gecko) Mobile Safari/537.36 (compatible; Bytespider; [email protected])"
47.128.39.215 - - [23/Feb/2026:06:13:57 +0000] "GET /wp-includes/js/wp-emoji-release.min.js?ver=6.9 HTTP/1.1" 200 22762 "https://mentoring-wp.dreamsmarketplace.com/mentors/carl-kelly/" "Mozilla/5.0 (Linux; Android 5.0) AppleWebKit/537.36 (KHTML, like Gecko) Mobile Safari/537.36 (compatible; Bytespider; [email protected])"
165.73.242.8 - - [23/Feb/2026:06:14:10 +0000] "POST /xmlrpc.php HTTP/1.1" 301 178 "-" "Mozilla/5.0 (Windows NT 10.0; Win64; x64) AppleWebKit/537.36 (KHTML, like Gecko) Chrome/114.0.0.0 Safari/537.36"
172.187.168.139 - - [23/Feb/2026:06:14:12 +0000] "POST /wp-cron.php?doing_wp_cron=1771827252.7241840362548828125000 HTTP/1.1" 200 31 "-" "WordPress/6.9; https://mentoring-wp.dreamsmarketplace.com"
165.73.242.8 - - [23/Feb/2026:06:14:12 +0000] "GET /xmlrpc.php HTTP/1.1" 405 53 "-" "Mozilla/5.0 (Windows NT 10.0; Win64; x64) AppleWebKit/537.36 (KHTML, like Gecko) Chrome/114.0.0.0 Safari/537.36"
165.73.242.8 - - [23/Feb/2026:06:14:13 +0000] "POST /xmlrpc.php HTTP/1.1" 301 178 "-" "Mozilla/5.0 (Windows NT 10.0; Win64; x64) AppleWebKit/537.36 (KHTML, like Gecko) Chrome/114.0.0.0 Safari/537.36"
172.187.168.139 - - [23/Feb/2026:06:14:15 +0000] "POST /wp-cron.php?doing_wp_cron=1771827255.6815509796142578125000 HTTP/1.1" 200 31 "-" "WordPress/6.9; https://mentoring-wp.dreamsmarketplace.com"
165.73.242.8 - - [23/Feb/2026:06:14:15 +0000] "GET /xmlrpc.php HTTP/1.1" 405 53 "-" "Mozilla/5.0 (Windows NT 10.0; Win64; x64) AppleWebKit/537.36 (KHTML, like Gecko) Chrome/114.0.0.0 Safari/537.36"
2a03:2880:f800:2d:: - - [23/Feb/2026:06:15:02 +0000] "GET /25-join-viking-runecraft-online-slot-incentive-no-deposit-finest-promos-rules-out-of-2026/ HTTP/1.1" 301 178 "-" "meta-externalagent/1.1 (+https://developers.facebook.com/docs/sharing/webmasters/crawler)"
2a03:2880:f800:42:: - - [23/Feb/2026:06:15:49 +0000] "GET /online-casino-70-casino-irish-eyes-bedste-danske-tilslutte-casinoer-2026/ HTTP/1.1" 301 178 "-" "meta-externalagent/1.1 (+https://developers.facebook.com/docs/sharing/webmasters/crawler)"
52.167.144.231 - - [23/Feb/2026:06:16:21 +0000] "GET /nettkasinoer-med-playtech-mobile-spor-50-gratis-spinn-norge-2025-testet/ HTTP/1.1" 301 178 "-" "Mozilla/5.0 AppleWebKit/537.36 (KHTML, like Gecko; compatible; bingbot/2.0; +http://www.bing.com/bingbot.htm) Chrome/116.0.1938.76 Safari/537.36"
2a03:2880:f800:2:: - - [23/Feb/2026:06:17:04 +0000] "GET /freispiele-wie-man-bonus-in-vulkan-spiele-bekommt-ohne-einzahlung-2026-die-besten-free-spins-angebote/ HTTP/1.1" 301 178 "-" "meta-externalagent/1.1 (+https://developers.facebook.com/docs/sharing/webmasters/crawler)"
2a03:2880:f800:e:: - - [23/Feb/2026:06:18:56 +0000] "GET /the-fresh-no-deposit-added-bonus-claim-fresh-local-casino-gday-casino-now-offers-a-dozen-2025/ HTTP/1.1" 301 178 "-" "meta-externalagent/1.1 (+https://developers.facebook.com/docs/sharing/webmasters/crawler)"
172.187.168.139 - - [23/Feb/2026:06:21:15 +0000] "POST /wp-cron.php?doing_wp_cron=1771827674.9446740150451660156250 HTTP/1.1" 200 31 "-" "WordPress/6.9; https://mentoring-wp.dreamsmarketplace.com"
95.108.213.104 - - [23/Feb/2026:06:21:15 +0000] "GET /my-account/ HTTP/1.1" 200 11697 "-" "Mozilla/5.0 (compatible; YandexBot/3.0; +http://yandex.com/bots)"
2a03:2880:f800:b:: - - [23/Feb/2026:06:21:15 +0000] "GET /finest-on-the-internet-high-roller-casinos-and-you-may-incentives-december-lucky-larrys-lobstermania-2-free-download-full-version-pc-2025/ HTTP/1.1" 301 178 "-" "meta-externalagent/1.1 (+https://developers.facebook.com/docs/sharing/webmasters/crawler)"
172.187.168.139 - - [23/Feb/2026:06:26:31 +0000] "POST /wp-cron.php?doing_wp_cron=1771827991.8072168827056884765625 HTTP/1.1" 200 31 "-" "WordPress/6.9; https://mentoring-wp.dreamsmarketplace.com"
157.55.39.61 - - [23/Feb/2026:06:26:31 +0000] "GET /kako-promo-kodovi-za-vulkan-vegas-se-pri%D1%98aviti-supergaminator-engleski/ HTTP/1.1" 404 10970 "-" "Mozilla/5.0 AppleWebKit/537.36 (KHTML, like Gecko; compatible; bingbot/2.0; +http://www.bing.com/bingbot.htm) Chrome/116.0.1938.76 Safari/537.36"
2a03:2880:f800:3:: - - [23/Feb/2026:06:28:18 +0000] "GET /betspin-50-free-spins-great-blue-on-registration-no-deposit-casino-remark-2026-500-invited-extra-55-totally-free-spins/ HTTP/1.1" 301 178 "-" "meta-externalagent/1.1 (+https://developers.facebook.com/docs/sharing/webmasters/crawler)"
172.187.168.139 - - [23/Feb/2026:06:32:36 +0000] "POST /wp-cron.php?doing_wp_cron=1771828356.2797830104827880859375 HTTP/1.1" 200 31 "-" "WordPress/6.9; https://mentoring-wp.dreamsmarketplace.com"
157.55.39.59 - - [23/Feb/2026:06:32:36 +0000] "GET /login/ HTTP/1.1" 200 9243 "-" "Mozilla/5.0 AppleWebKit/537.36 (KHTML, like Gecko; compatible; bingbot/2.0; +http://www.bing.com/bingbot.htm) Chrome/116.0.1938.76 Safari/537.36"
14.230.70.216 - - [23/Feb/2026:06:33:38 +0000] "GET /replica-watches-uk-2/ HTTP/1.1" 301 178 "-" "Mozilla/5.0 (Macintosh; Intel Mac OS X 10_15_3) AppleWebKit/537.36 (KHTML, like Gecko) Chrome/76.0.3809.132 Safari/537.36"
172.187.168.139 - - [23/Feb/2026:06:33:41 +0000] "POST /wp-cron.php?doing_wp_cron=1771828421.1790568828582763671875 HTTP/1.1" 200 31 "-" "WordPress/6.9; https://mentoring-wp.dreamsmarketplace.com"
103.35.110.250 - - [23/Feb/2026:06:33:41 +0000] "GET /replica-watches-uk-2/ HTTP/1.1" 404 10922 "-" "Mozilla/5.0 (Macintosh; Intel Mac OS X 10_15_3) AppleWebKit/537.36 (KHTML, like Gecko) Chrome/76.0.3809.132 Safari/537.36"
113.190.214.191 - - [23/Feb/2026:06:37:46 +0000] "GET /tragamonedas-davinci-diamonds-giros-carente-boquilla-en-internet-boquilla-sobre-rebaja-grand-monarch-dinero-real-de-booi-mi-cuenta-sitio-completo-cualquier-parte-del-mundo/ HTTP/1.1" 301 178 "-" "Mozilla/5.0 (Macintosh; Intel Mac OS X 10_12_6) AppleWebKit/537.36 (KHTML, like Gecko) Brave Chrome/80.0.3987.116 Safari/537.36"
172.187.168.139 - - [23/Feb/2026:06:37:48 +0000] "POST /wp-cron.php?doing_wp_cron=1771828668.8111839294433593750000 HTTP/1.1" 200 31 "-" "WordPress/6.9; https://mentoring-wp.dreamsmarketplace.com"
103.204.210.232 - - [23/Feb/2026:06:37:48 +0000] "GET /tragamonedas-davinci-diamonds-giros-carente-boquilla-en-internet-boquilla-sobre-rebaja-grand-monarch-dinero-real-de-booi-mi-cuenta-sitio-completo-cualquier-parte-del-mundo/ HTTP/1.1" 404 11023 "-" "Mozilla/5.0 (Macintosh; Intel Mac OS X 10_12_6) AppleWebKit/537.36 (KHTML, like Gecko) Brave Chrome/80.0.3987.116 Safari/537.36"
2a03:2880:f800:19:: - - [23/Feb/2026:06:38:59 +0000] "GET /enjoy-22000-100-fa-fa-fa-slot-casino-percent-free-gambling-games-demonstration-gambling-enterprise-enjoyment/ HTTP/1.1" 301 178 "-" "meta-externalagent/1.1 (+https://developers.facebook.com/docs/sharing/webmasters/crawler)"
2a03:2880:f800:39:: - - [23/Feb/2026:06:41:23 +0000] "GET /finest-100-pokies-online-games-percent-free-revolves-casinos-january-2026-no-deposit-harbors/ HTTP/1.1" 301 178 "-" "meta-externalagent/1.1 (+https://developers.facebook.com/docs/sharing/webmasters/crawler)"
2a03:2880:f800:39:: - - [23/Feb/2026:06:41:26 +0000] "GET /ggbet-25-euro-and-50-freispiele-maklercourtage-blos-einzahlung-codes-2023/ HTTP/1.1" 301 178 "-" "meta-externalagent/1.1 (+https://developers.facebook.com/docs/sharing/webmasters/crawler)"
2a03:2880:f800:11:: - - [23/Feb/2026:06:42:09 +0000] "GET /uptown-pokies-no-deposit-added-bonus-requirements-score-fifty-gambling-slots-online-100-percent-free-revolves/ HTTP/1.1" 301 178 "-" "meta-externalagent/1.1 (+https://developers.facebook.com/docs/sharing/webmasters/crawler)"
2001:41d0:303:c26::1 - - [23/Feb/2026:06:42:12 +0000] "GET /robots.txt HTTP/1.1" 301 178 "-" "Mozilla/5.0 (compatible; MJ12bot/v1.4.8; http://mj12bot.com/)"
172.187.168.139 - - [23/Feb/2026:06:42:13 +0000] "POST /wp-cron.php?doing_wp_cron=1771828933.6663339138031005859375 HTTP/1.1" 200 31 "-" "WordPress/6.9; https://mentoring-wp.dreamsmarketplace.com"
2001:41d0:303:c26::1 - - [23/Feb/2026:06:42:13 +0000] "GET /robots.txt HTTP/1.1" 200 349 "-" "Mozilla/5.0 (compatible; MJ12bot/v1.4.8; http://mj12bot.com/)"
2001:41d0:303:c26::1 - - [23/Feb/2026:06:42:15 +0000] "GET /%CE%BC%CE%BF%CE%BD%CF%84%CE%AD%CF%81%CE%BD%CE%B1-%CF%81%CE%BF%CF%85%CE%BB%CE%AD%CF%84%CE%B1-%CE%BC%CE%B5-%CF%80%CF%81%CE%BF%CF%83%CF%86%CE%BF%CF%81%CE%AD%CF%82-%CE%BA%CE%B1%CE%B6%CE%AF%CE%BD%CE%BF/ HTTP/1.1" 301 178 "-" "Mozilla/5.0 (compatible; MJ12bot/v1.4.8; http://mj12bot.com/)"
172.187.168.139 - - [23/Feb/2026:06:42:17 +0000] "POST /wp-cron.php?doing_wp_cron=1771828937.4173109531402587890625 HTTP/1.1" 200 31 "-" "WordPress/6.9; https://mentoring-wp.dreamsmarketplace.com"
2001:41d0:303:c26::1 - - [23/Feb/2026:06:42:17 +0000] "GET /%CE%BC%CE%BF%CE%BD%CF%84%CE%AD%CF%81%CE%BD%CE%B1-%CF%81%CE%BF%CF%85%CE%BB%CE%AD%CF%84%CE%B1-%CE%BC%CE%B5-%CF%80%CF%81%CE%BF%CF%83%CF%86%CE%BF%CF%81%CE%AD%CF%82-%CE%BA%CE%B1%CE%B6%CE%AF%CE%BD%CE%BF/ HTTP/1.1" 404 10985 "-" "Mozilla/5.0 (compatible; MJ12bot/v1.4.8; http://mj12bot.com/)"
2001:41d0:303:c26::1 - - [23/Feb/2026:06:42:19 +0000] "GET /150-%D9%85%D9%83%D8%A7%D9%81%D8%A3%D8%A9-%D8%A7%D9%84%D8%A5%D9%8A%D8%AF%D8%A7%D8%B9-%D8%A7%D9%84%D8%AB%D8%A7%D9%86%D9%8A-here-is-their-site-on-the-blingcity-street-fighter-slot-machine-casino/ HTTP/1.1" 301 178 "-" "Mozilla/5.0 (compatible; MJ12bot/v1.4.8; http://mj12bot.com/)"
172.187.168.139 - - [23/Feb/2026:06:42:21 +0000] "POST /wp-cron.php?doing_wp_cron=1771828941.4027209281921386718750 HTTP/1.1" 200 31 "-" "WordPress/6.9; https://mentoring-wp.dreamsmarketplace.com"
2001:41d0:303:c26::1 - - [23/Feb/2026:06:42:21 +0000] "GET /150-%D9%85%D9%83%D8%A7%D9%81%D8%A3%D8%A9-%D8%A7%D9%84%D8%A5%D9%8A%D8%AF%D8%A7%D8%B9-%D8%A7%D9%84%D8%AB%D8%A7%D9%86%D9%8A-here-is-their-site-on-the-blingcity-street-fighter-slot-machine-casino/ HTTP/1.1" 404 11021 "-" "Mozilla/5.0 (compatible; MJ12bot/v1.4.8; http://mj12bot.com/)"
2a03:2880:f800:a:: - - [23/Feb/2026:06:43:33 +0000] "GET /jocuri-populare-conti-cazino-dead-or-alive-2-plata-slotului-tu-12-sloturi-testate/ HTTP/1.1" 301 178 "-" "meta-externalagent/1.1 (+https://developers.facebook.com/docs/sharing/webmasters/crawler)"
2a03:2880:f800:18:: - - [23/Feb/2026:06:43:41 +0000] "GET /on-the-internet-fish-dining-table-totally-free-gamble-sweeps-fish-desk-bowled-over-online-video-game-at-no-cost/ HTTP/1.1" 301 178 "-" "meta-externalagent/1.1 (+https://developers.facebook.com/docs/sharing/webmasters/crawler)"
172.187.168.139 - - [23/Feb/2026:06:44:23 +0000] "POST /wp-cron.php?doing_wp_cron=1771829063.7252979278564453125000 HTTP/1.1" 200 31 "-" "WordPress/6.9; https://mentoring-wp.dreamsmarketplace.com"
157.55.39.59 - - [23/Feb/2026:06:44:23 +0000] "GET /the-newest-online-casinos-december-2025/ HTTP/1.1" 404 10934 "-" "Mozilla/5.0 AppleWebKit/537.36 (KHTML, like Gecko; compatible; bingbot/2.0; +http://www.bing.com/bingbot.htm) Chrome/116.0.1938.76 Safari/537.36"
128.1.218.152 - - [23/Feb/2026:06:46:03 +0000] "POST /xmlrpc.php HTTP/1.1" 301 178 "-" "Mozilla/5.0 (Windows NT 10.0; Win64; x64) AppleWebKit/537.36 (KHTML, like Gecko) Chrome/114.0.0.0 Safari/537.36"
172.187.168.139 - - [23/Feb/2026:06:46:06 +0000] "POST /wp-cron.php?doing_wp_cron=1771829166.1251690387725830078125 HTTP/1.1" 200 31 "-" "WordPress/6.9; https://mentoring-wp.dreamsmarketplace.com"
128.1.218.152 - - [23/Feb/2026:06:46:06 +0000] "GET /xmlrpc.php HTTP/1.1" 405 53 "-" "Mozilla/5.0 (Windows NT 10.0; Win64; x64) AppleWebKit/537.36 (KHTML, like Gecko) Chrome/114.0.0.0 Safari/537.36"
