98.98.197.215 - - [23/Feb/2026:23:01:02 +0000] "POST /xmlrpc.php HTTP/1.1" 301 178 "-" "Mozilla/5.0 (Windows NT 10.0; Win64; x64) AppleWebKit/537.36 (KHTML, like Gecko) Chrome/114.0.0.0 Safari/537.36"
172.187.168.139 - - [23/Feb/2026:23:01:04 +0000] "POST /wp-cron.php?doing_wp_cron=1771887664.9196069240570068359375 HTTP/1.1" 200 31 "-" "WordPress/6.9; https://mentoring-wp.dreamsmarketplace.com"
98.98.197.215 - - [23/Feb/2026:23:01:04 +0000] "GET /xmlrpc.php HTTP/1.1" 405 53 "-" "Mozilla/5.0 (Windows NT 10.0; Win64; x64) AppleWebKit/537.36 (KHTML, like Gecko) Chrome/114.0.0.0 Safari/537.36"
98.98.197.215 - - [23/Feb/2026:23:01:05 +0000] "POST /xmlrpc.php HTTP/1.1" 301 178 "-" "Mozilla/5.0 (Windows NT 10.0; Win64; x64) AppleWebKit/537.36 (KHTML, like Gecko) Chrome/114.0.0.0 Safari/537.36"
172.187.168.139 - - [23/Feb/2026:23:01:07 +0000] "POST /wp-cron.php?doing_wp_cron=1771887667.5667870044708251953125 HTTP/1.1" 200 31 "-" "WordPress/6.9; https://mentoring-wp.dreamsmarketplace.com"
98.98.197.215 - - [23/Feb/2026:23:01:07 +0000] "GET /xmlrpc.php HTTP/1.1" 405 53 "-" "Mozilla/5.0 (Windows NT 10.0; Win64; x64) AppleWebKit/537.36 (KHTML, like Gecko) Chrome/114.0.0.0 Safari/537.36"
113.165.111.29 - - [23/Feb/2026:23:02:41 +0000] "GET /gamble-geisha-slots-by-the-aristocrat-on-the-web-totally-free-apple-ipad-new-iphone-4-or-android-os-software/ HTTP/1.1" 301 178 "-" "Mozilla/5.0 (Windows NT 6.1) AppleWebKit/537.36 (KHTML, like Gecko) Chrome/74.0.3729.131 Safari/537.36"
172.187.168.139 - - [23/Feb/2026:23:02:45 +0000] "POST /wp-cron.php?doing_wp_cron=1771887765.0476679801940917968750 HTTP/1.1" 200 31 "-" "WordPress/6.9; https://mentoring-wp.dreamsmarketplace.com"
169.224.86.58 - - [23/Feb/2026:23:02:45 +0000] "GET /gamble-geisha-slots-by-the-aristocrat-on-the-web-totally-free-apple-ipad-new-iphone-4-or-android-os-software/ HTTP/1.1" 404 10989 "-" "Mozilla/5.0 (Windows NT 6.1) AppleWebKit/537.36 (KHTML, like Gecko) Chrome/74.0.3729.131 Safari/537.36"
208.214.167.17 - - [23/Feb/2026:23:03:43 +0000] "POST /xmlrpc.php HTTP/1.1" 301 178 "-" "Python-xmlrpc/3.11"
1.92.223.60 - - [23/Feb/2026:23:04:13 +0000] "GET /robots.txt HTTP/1.1" 301 178 "https://mentoring-wp.dreamstechnologies.com/robots.txt" "Mozilla/5.0 (Macintosh; Intel Mac OS X 10_15_7) AppleWebKit/537.36 (KHTML, like Gecko) Chrome/131.0.0.0 Safari/537.36"
161.77.69.9 - - [23/Feb/2026:23:07:10 +0000] "POST /xmlrpc.php HTTP/1.1" 301 178 "-" "Python-xmlrpc/3.11"
172.187.168.139 - - [23/Feb/2026:23:07:32 +0000] "POST /wp-cron.php?doing_wp_cron=1771888052.6812810897827148437500 HTTP/1.1" 200 31 "-" "WordPress/6.9; https://mentoring-wp.dreamsmarketplace.com"
146.19.125.126 - - [23/Feb/2026:23:07:32 +0000] "GET /the-standard-chunk-of-lorem-ipsum-used/ HTTP/1.1" 200 18745 "https://mentoring-wp.dreamsmarketplace.com/the-standard-chunk-of-lorem-ipsum-used/" "Mozilla/5.0 (Windows NT 6.1; Win64; x64) AppleWebKit/537.36 (KHTML, like Gecko) Chrome/103.0.0.0 Safari/537.36"
172.187.168.139 - - [23/Feb/2026:23:07:36 +0000] "POST /wp-cron.php?doing_wp_cron=1771888056.1549251079559326171875 HTTP/1.1" 200 31 "-" "WordPress/6.9; https://mentoring-wp.dreamsmarketplace.com"
146.19.125.126 - - [23/Feb/2026:23:07:36 +0000] "POST /wp-comments-post.php HTTP/1.1" 500 2629 "https://mentoring-wp.dreamsmarketplace.com/the-standard-chunk-of-lorem-ipsum-used/" "Mozilla/5.0 (Windows NT 6.1; Win64; x64) AppleWebKit/537.36 (KHTML, like Gecko) Chrome/103.0.0.0 Safari/537.36"
104.166.164.39 - - [23/Feb/2026:23:08:52 +0000] "POST /xmlrpc.php HTTP/1.1" 301 178 "-" "Mozilla/5.0 (Windows NT 10.0; Win64; x64) AppleWebKit/537.36 (KHTML, like Gecko) Chrome/114.0.0.0 Safari/537.36"
172.187.168.139 - - [23/Feb/2026:23:08:56 +0000] "POST /wp-cron.php?doing_wp_cron=1771888136.6285369396209716796875 HTTP/1.1" 200 31 "-" "WordPress/6.9; https://mentoring-wp.dreamsmarketplace.com"
104.166.164.39 - - [23/Feb/2026:23:08:56 +0000] "GET /xmlrpc.php HTTP/1.1" 405 53 "-" "Mozilla/5.0 (Windows NT 10.0; Win64; x64) AppleWebKit/537.36 (KHTML, like Gecko) Chrome/114.0.0.0 Safari/537.36"
104.166.164.39 - - [23/Feb/2026:23:08:59 +0000] "POST /xmlrpc.php HTTP/1.1" 301 178 "-" "Mozilla/5.0 (Windows NT 10.0; Win64; x64) AppleWebKit/537.36 (KHTML, like Gecko) Chrome/114.0.0.0 Safari/537.36"
172.187.168.139 - - [23/Feb/2026:23:09:04 +0000] "POST /wp-cron.php?doing_wp_cron=1771888144.7147951126098632812500 HTTP/1.1" 200 31 "-" "WordPress/6.9; https://mentoring-wp.dreamsmarketplace.com"
104.166.164.39 - - [23/Feb/2026:23:09:04 +0000] "GET /xmlrpc.php HTTP/1.1" 405 53 "-" "Mozilla/5.0 (Windows NT 10.0; Win64; x64) AppleWebKit/537.36 (KHTML, like Gecko) Chrome/114.0.0.0 Safari/537.36"
104.166.164.39 - - [23/Feb/2026:23:09:37 +0000] "POST /xmlrpc.php HTTP/1.1" 301 178 "-" "Mozilla/5.0 (Windows NT 10.0; Win64; x64) AppleWebKit/537.36 (KHTML, like Gecko) Chrome/114.0.0.0 Safari/537.36"
172.187.168.139 - - [23/Feb/2026:23:09:43 +0000] "POST /wp-cron.php?doing_wp_cron=1771888183.0618109703063964843750 HTTP/1.1" 200 31 "-" "WordPress/6.9; https://mentoring-wp.dreamsmarketplace.com"
104.166.164.39 - - [23/Feb/2026:23:09:43 +0000] "GET /xmlrpc.php HTTP/1.1" 405 53 "-" "Mozilla/5.0 (Windows NT 10.0; Win64; x64) AppleWebKit/537.36 (KHTML, like Gecko) Chrome/114.0.0.0 Safari/537.36"
104.166.164.39 - - [23/Feb/2026:23:09:45 +0000] "POST /xmlrpc.php HTTP/1.1" 301 178 "-" "Mozilla/5.0 (Windows NT 10.0; Win64; x64) AppleWebKit/537.36 (KHTML, like Gecko) Chrome/114.0.0.0 Safari/537.36"
172.187.168.139 - - [23/Feb/2026:23:09:49 +0000] "POST /wp-cron.php?doing_wp_cron=1771888188.9077250957489013671875 HTTP/1.1" 200 31 "-" "WordPress/6.9; https://mentoring-wp.dreamsmarketplace.com"
104.166.164.39 - - [23/Feb/2026:23:09:49 +0000] "GET /xmlrpc.php HTTP/1.1" 405 53 "-" "Mozilla/5.0 (Windows NT 10.0; Win64; x64) AppleWebKit/537.36 (KHTML, like Gecko) Chrome/114.0.0.0 Safari/537.36"
52.167.144.160 - - [23/Feb/2026:23:12:58 +0000] "GET /je-con-acquitte-des-grece-sportifs-des-petit-bonheurs-equestres-et-dieses-jeu-en-compagnie-de-coach/ HTTP/1.1" 301 178 "-" "Mozilla/5.0 AppleWebKit/537.36 (KHTML, like Gecko; compatible; bingbot/2.0; +http://www.bing.com/bingbot.htm) Chrome/116.0.1938.76 Safari/537.36"
2a03:2880:f800:3d:: - - [23/Feb/2026:23:17:32 +0000] "GET /spielsaal-bonus-exklusive-einzahlung-2026-neue-gebuhrenfrei-codes/ HTTP/1.1" 301 178 "-" "meta-externalagent/1.1 (+https://developers.facebook.com/docs/sharing/webmasters/crawler)"
172.187.168.139 - - [23/Feb/2026:23:19:25 +0000] "POST /wp-cron.php?doing_wp_cron=1771888764.9479351043701171875000 HTTP/1.1" 200 31 "-" "WordPress/6.9; https://mentoring-wp.dreamsmarketplace.com"
52.167.144.150 - - [23/Feb/2026:23:19:25 +0000] "GET /tag/wordpress/ HTTP/1.1" 200 15284 "-" "Mozilla/5.0 AppleWebKit/537.36 (KHTML, like Gecko; compatible; bingbot/2.0; +http://www.bing.com/bingbot.htm) Chrome/116.0.1938.76 Safari/537.36"
52.167.144.209 - - [23/Feb/2026:23:20:48 +0000] "GET /free-spins-utan-omsattningskrav-komparering-jamforcasinon-dead-or-alive-bonus-se/ HTTP/1.1" 301 178 "-" "Mozilla/5.0 AppleWebKit/537.36 (KHTML, like Gecko; compatible; bingbot/2.0; +http://www.bing.com/bingbot.htm) Chrome/116.0.1938.76 Safari/537.36"
67.145.223.176 - - [23/Feb/2026:23:21:20 +0000] "GET / HTTP/1.1" 301 178 "-" "Mozilla/5.0 (Windows NT 10.0; Win64; x64) AppleWebKit/537.36 (KHTML, like Gecko) Chrome/120.0.0.0 Safari/537.36"
172.187.168.139 - - [23/Feb/2026:23:21:24 +0000] "POST /wp-cron.php?doing_wp_cron=1771888883.9797139167785644531250 HTTP/1.1" 200 31 "-" "WordPress/6.9; https://mentoring-wp.dreamsmarketplace.com"
131.72.204.39 - - [23/Feb/2026:23:21:24 +0000] "GET / HTTP/1.1" 200 14896 "-" "Mozilla/5.0 (Windows NT 10.0; Win64; x64) AppleWebKit/537.36 (KHTML, like Gecko) Chrome/120.0.0.0 Safari/537.36"
172.187.168.139 - - [23/Feb/2026:23:21:27 +0000] "POST /wp-cron.php?doing_wp_cron=1771888887.9458620548248291015625 HTTP/1.1" 200 31 "-" "WordPress/6.9; https://mentoring-wp.dreamsmarketplace.com"
188.17.177.226 - - [23/Feb/2026:23:21:28 +0000] "GET /wp-login.php HTTP/1.1" 200 2470 "-" "Mozilla/5.0 (Windows NT 10.0; Win64; x64) AppleWebKit/537.36 (KHTML, like Gecko) Chrome/120.0.0.0 Safari/537.36"
172.187.168.139 - - [23/Feb/2026:23:21:30 +0000] "POST /wp-cron.php?doing_wp_cron=1771888890.1242320537567138671875 HTTP/1.1" 200 31 "-" "WordPress/6.9; https://mentoring-wp.dreamsmarketplace.com"
188.17.177.226 - - [23/Feb/2026:23:21:30 +0000] "POST /wp-login.php HTTP/1.1" 302 5 "https://mentoring-wp.dreamsmarketplace.com/wp-login.php" "Mozilla/5.0 (Windows NT 10.0; Win64; x64) AppleWebKit/537.36 (KHTML, like Gecko) Chrome/120.0.0.0 Safari/537.36"
172.187.168.139 - - [23/Feb/2026:23:21:34 +0000] "POST /wp-cron.php?doing_wp_cron=1771888894.0402569770812988281250 HTTP/1.1" 200 31 "-" "WordPress/6.9; https://mentoring-wp.dreamsmarketplace.com"
188.17.177.226 - - [23/Feb/2026:23:21:34 +0000] "GET /wp-admin/ HTTP/1.1" 200 18243 "https://mentoring-wp.dreamsmarketplace.com/wp-login.php" "Mozilla/5.0 (Windows NT 10.0; Win64; x64) AppleWebKit/537.36 (KHTML, like Gecko) Chrome/120.0.0.0 Safari/537.36"
172.187.168.139 - - [23/Feb/2026:23:21:37 +0000] "POST /wp-cron.php?doing_wp_cron=1771888897.8367300033569335937500 HTTP/1.1" 200 31 "-" "WordPress/6.9; https://mentoring-wp.dreamsmarketplace.com"
169.224.116.182 - - [23/Feb/2026:23:21:37 +0000] "POST /xmlrpc.php HTTP/1.1" 200 699 "-" "WordPress/5.0; https://mentoring-wp.dreamsmarketplace.com"
172.187.168.139 - - [23/Feb/2026:23:21:39 +0000] "POST /wp-cron.php?doing_wp_cron=1771888899.5785648822784423828125 HTTP/1.1" 200 31 "-" "WordPress/6.9; https://mentoring-wp.dreamsmarketplace.com"
169.224.116.182 - - [23/Feb/2026:23:21:39 +0000] "GET /wp-admin/admin-ajax.php?action=rest-nonce HTTP/1.1" 200 41 "-" "Mozilla/5.0 (Windows NT 10.0; Win64; x64) AppleWebKit/537.36 (KHTML, like Gecko) Chrome/120.0.0.0 Safari/537.36"
172.187.168.139 - - [23/Feb/2026:23:21:41 +0000] "POST /wp-cron.php?doing_wp_cron=1771888901.2923800945281982421875 HTTP/1.1" 200 31 "-" "WordPress/6.9; https://mentoring-wp.dreamsmarketplace.com"
169.224.116.182 - - [23/Feb/2026:23:21:41 +0000] "GET /wp-json/wp/v2/plugins HTTP/1.1" 200 11575 "-" "Mozilla/5.0 (Windows NT 10.0; Win64; x64) AppleWebKit/537.36 (KHTML, like Gecko) Chrome/120.0.0.0 Safari/537.36"
94.250.11.111 - - [23/Feb/2026:23:21:43 +0000] "GET /wp-json/wp/v2/settings HTTP/1.1" 301 178 "-" "Mozilla/5.0 (Windows NT 10.0; Win64; x64) AppleWebKit/537.36 (KHTML, like Gecko) Chrome/120.0.0.0 Safari/537.36"
172.187.168.139 - - [23/Feb/2026:23:21:45 +0000] "POST /wp-cron.php?doing_wp_cron=1771888905.4785060882568359375000 HTTP/1.1" 200 31 "-" "WordPress/6.9; https://mentoring-wp.dreamsmarketplace.com"
169.224.116.182 - - [23/Feb/2026:23:21:45 +0000] "GET /wp-json/wp/v2/settings HTTP/1.1" 200 759 "-" "Mozilla/5.0 (Windows NT 10.0; Win64; x64) AppleWebKit/537.36 (KHTML, like Gecko) Chrome/120.0.0.0 Safari/537.36"
94.250.11.111 - - [23/Feb/2026:23:21:46 +0000] "GET /wp-json/wp/v2/pages/4560 HTTP/1.1" 301 178 "-" "Mozilla/5.0 (Windows NT 10.0; Win64; x64) AppleWebKit/537.36 (KHTML, like Gecko) Chrome/120.0.0.0 Safari/537.36"
172.187.168.139 - - [23/Feb/2026:23:21:47 +0000] "POST /wp-cron.php?doing_wp_cron=1771888907.8532440662384033203125 HTTP/1.1" 200 31 "-" "WordPress/6.9; https://mentoring-wp.dreamsmarketplace.com"
169.224.116.182 - - [23/Feb/2026:23:21:47 +0000] "GET /wp-json/wp/v2/pages/4560 HTTP/1.1" 200 19970 "-" "Mozilla/5.0 (Windows NT 10.0; Win64; x64) AppleWebKit/537.36 (KHTML, like Gecko) Chrome/120.0.0.0 Safari/537.36"
185.189.115.108 - - [23/Feb/2026:23:22:22 +0000] "GET /wp-login.php HTTP/1.1" 301 178 "https://mentoring-wp.dreamstechnologies.com/" "Mozilla/5.0 (Windows NT 10.0; Win64; x64) AppleWebKit/537.36 (KHTML, like Gecko) Chrome/143.0.0.0 Safari/537.36"
172.187.168.139 - - [23/Feb/2026:23:22:24 +0000] "POST /wp-cron.php?doing_wp_cron=1771888944.5902841091156005859375 HTTP/1.1" 200 31 "-" "WordPress/6.9; https://mentoring-wp.dreamsmarketplace.com"
185.189.115.108 - - [23/Feb/2026:23:22:24 +0000] "GET /wp-login.php HTTP/1.1" 200 2470 "https://mentoring-wp.dreamstechnologies.com/" "Mozilla/5.0 (Windows NT 10.0; Win64; x64) AppleWebKit/537.36 (KHTML, like Gecko) Chrome/143.0.0.0 Safari/537.36"
172.187.168.139 - - [23/Feb/2026:23:22:30 +0000] "POST /wp-cron.php?doing_wp_cron=1771888949.9799370765686035156250 HTTP/1.1" 200 31 "-" "WordPress/6.9; https://mentoring-wp.dreamsmarketplace.com"
185.189.115.108 - - [23/Feb/2026:23:22:30 +0000] "POST /wp-login.php HTTP/1.1" 302 5 "https://mentoring-wp.dreamsmarketplace.com/wp-login.php" "Mozilla/5.0 (Windows NT 10.0; Win64; x64) AppleWebKit/537.36 (KHTML, like Gecko) Chrome/143.0.0.0 Safari/537.36"
172.187.168.139 - - [23/Feb/2026:23:22:35 +0000] "POST /wp-cron.php?doing_wp_cron=1771888955.4512219429016113281250 HTTP/1.1" 200 31 "-" "WordPress/6.9; https://mentoring-wp.dreamsmarketplace.com"
185.189.115.108 - - [23/Feb/2026:23:22:35 +0000] "GET /wp-admin/ HTTP/1.1" 200 18237 "https://mentoring-wp.dreamsmarketplace.com/wp-login.php" "Mozilla/5.0 (Windows NT 10.0; Win64; x64) AppleWebKit/537.36 (KHTML, like Gecko) Chrome/143.0.0.0 Safari/537.36"
185.189.115.108 - - [23/Feb/2026:23:22:36 +0000] "GET /wp-admin/load-scripts.php?c=0&load%5Bchunk_0%5D=jquery-core,jquery-migrate,utils,wp-hooks&ver=6.9 HTTP/1.1" 200 108688 "https://mentoring-wp.dreamsmarketplace.com/wp-admin/" "Mozilla/5.0 (Windows NT 10.0; Win64; x64) AppleWebKit/537.36 (KHTML, like Gecko) Chrome/143.0.0.0 Safari/537.36"
185.189.115.108 - - [23/Feb/2026:23:22:36 +0000] "GET /wp-admin/load-styles.php?c=0&dir=ltr&load%5Bchunk_0%5D=dashicons,admin-bar,site-health,common,forms,admin-menu,dashboard,list-tables,edit,revisions,media,themes,about,nav-menus,wp-poi&load%5Bchunk_1%5D=nter,widgets,site-icon,l10n,buttons,wp-auth-check,wp-components,wp-commands,wp-color-picker,media-views&ver=6.9 HTTP/1.1" 200 578760 "https://mentoring-wp.dreamsmarketplace.com/wp-admin/" "Mozilla/5.0 (Windows NT 10.0; Win64; x64) AppleWebKit/537.36 (KHTML, like Gecko) Chrome/143.0.0.0 Safari/537.36"
185.189.115.108 - - [23/Feb/2026:23:22:38 +0000] "GET /wp-admin/post-new.php HTTP/1.1" 301 178 "https://mentoring-wp.dreamstechnologies.com/" "Mozilla/5.0 (Windows NT 10.0; Win64; x64) AppleWebKit/537.36 (KHTML, like Gecko) Chrome/143.0.0.0 Safari/537.36"
172.187.168.139 - - [23/Feb/2026:23:22:40 +0000] "POST /wp-cron.php?doing_wp_cron=1771888960.9408619403839111328125 HTTP/1.1" 200 31 "-" "WordPress/6.9; https://mentoring-wp.dreamsmarketplace.com"
185.189.115.108 - - [23/Feb/2026:23:22:41 +0000] "GET /wp-admin/post-new.php HTTP/1.1" 500 2521 "https://mentoring-wp.dreamstechnologies.com/" "Mozilla/5.0 (Windows NT 10.0; Win64; x64) AppleWebKit/537.36 (KHTML, like Gecko) Chrome/143.0.0.0 Safari/537.36"
172.187.168.139 - - [23/Feb/2026:23:22:42 +0000] "POST /wp-cron.php?doing_wp_cron=1771888962.2227790355682373046875 HTTP/1.1" 200 31 "-" "WordPress/6.9; https://mentoring-wp.dreamsmarketplace.com"
185.189.115.108 - - [23/Feb/2026:23:22:42 +0000] "GET /favicon.ico HTTP/1.1" 302 5 "https://mentoring-wp.dreamsmarketplace.com/wp-admin/post-new.php" "Mozilla/5.0 (Windows NT 10.0; Win64; x64) AppleWebKit/537.36 (KHTML, like Gecko) Chrome/143.0.0.0 Safari/537.36"
185.189.115.108 - - [23/Feb/2026:23:22:52 +0000] "POST /xmlrpc.php HTTP/1.1" 301 178 "-" "Mozilla/5.0 (Windows NT 10.0; Win64; x64) AppleWebKit/537.36 (KHTML, like Gecko) Chrome/143.0.0.0 Safari/537.36"
172.187.168.139 - - [23/Feb/2026:23:22:54 +0000] "POST /wp-cron.php?doing_wp_cron=1771888974.1213810443878173828125 HTTP/1.1" 200 31 "-" "WordPress/6.9; https://mentoring-wp.dreamsmarketplace.com"
185.189.115.108 - - [23/Feb/2026:23:22:54 +0000] "GET /xmlrpc.php HTTP/1.1" 405 53 "-" "Mozilla/5.0 (Windows NT 10.0; Win64; x64) AppleWebKit/537.36 (KHTML, like Gecko) Chrome/143.0.0.0 Safari/537.36"
135.181.180.59 - - [23/Feb/2026:23:24:12 +0000] "GET /robots.txt HTTP/1.1" 301 178 "-" "Mozilla/5.0 (compatible; MJ12bot/v1.4.8; http://mj12bot.com/)"
172.187.168.139 - - [23/Feb/2026:23:24:14 +0000] "POST /wp-cron.php?doing_wp_cron=1771889054.2379539012908935546875 HTTP/1.1" 200 31 "-" "WordPress/6.9; https://mentoring-wp.dreamsmarketplace.com"
135.181.180.59 - - [23/Feb/2026:23:24:14 +0000] "GET /robots.txt HTTP/1.1" 200 349 "-" "Mozilla/5.0 (compatible; MJ12bot/v1.4.8; http://mj12bot.com/)"
135.181.180.59 - - [23/Feb/2026:23:24:16 +0000] "GET /%CE%BC%CE%BF%CE%BD%CF%84%CE%AD%CF%81%CE%BD%CE%B1-%CF%81%CE%BF%CF%85%CE%BB%CE%AD%CF%84%CE%B1-%CE%BC%CE%B5-%CF%80%CF%81%CE%BF%CF%83%CF%86%CE%BF%CF%81%CE%AD%CF%82-%CE%BA%CE%B1%CE%B6%CE%AF%CE%BD%CE%BF/ HTTP/1.1" 301 178 "-" "Mozilla/5.0 (compatible; MJ12bot/v1.4.8; http://mj12bot.com/)"
172.187.168.139 - - [23/Feb/2026:23:24:18 +0000] "POST /wp-cron.php?doing_wp_cron=1771889058.5685260295867919921875 HTTP/1.1" 200 31 "-" "WordPress/6.9; https://mentoring-wp.dreamsmarketplace.com"
135.181.180.59 - - [23/Feb/2026:23:24:18 +0000] "GET /%CE%BC%CE%BF%CE%BD%CF%84%CE%AD%CF%81%CE%BD%CE%B1-%CF%81%CE%BF%CF%85%CE%BB%CE%AD%CF%84%CE%B1-%CE%BC%CE%B5-%CF%80%CF%81%CE%BF%CF%83%CF%86%CE%BF%CF%81%CE%AD%CF%82-%CE%BA%CE%B1%CE%B6%CE%AF%CE%BD%CE%BF/ HTTP/1.1" 404 10983 "-" "Mozilla/5.0 (compatible; MJ12bot/v1.4.8; http://mj12bot.com/)"
135.181.180.59 - - [23/Feb/2026:23:24:20 +0000] "GET /150-%D9%85%D9%83%D8%A7%D9%81%D8%A3%D8%A9-%D8%A7%D9%84%D8%A5%D9%8A%D8%AF%D8%A7%D8%B9-%D8%A7%D9%84%D8%AB%D8%A7%D9%86%D9%8A-here-is-their-site-on-the-blingcity-street-fighter-slot-machine-casino/ HTTP/1.1" 301 178 "-" "Mozilla/5.0 (compatible; MJ12bot/v1.4.8; http://mj12bot.com/)"
172.187.168.139 - - [23/Feb/2026:23:24:23 +0000] "POST /wp-cron.php?doing_wp_cron=1771889063.0974450111389160156250 HTTP/1.1" 200 31 "-" "WordPress/6.9; https://mentoring-wp.dreamsmarketplace.com"
135.181.180.59 - - [23/Feb/2026:23:24:23 +0000] "GET /150-%D9%85%D9%83%D8%A7%D9%81%D8%A3%D8%A9-%D8%A7%D9%84%D8%A5%D9%8A%D8%AF%D8%A7%D8%B9-%D8%A7%D9%84%D8%AB%D8%A7%D9%86%D9%8A-here-is-their-site-on-the-blingcity-street-fighter-slot-machine-casino/ HTTP/1.1" 404 11018 "-" "Mozilla/5.0 (compatible; MJ12bot/v1.4.8; http://mj12bot.com/)"
135.181.180.59 - - [23/Feb/2026:23:24:24 +0000] "GET /eye-of-horus-freispiele-5-einzahlung-casino-word-of-thoth-casinos-2025-%EF%B8%8F-jedweder-infos-tagesordnungspunkt-boni/ HTTP/1.1" 301 178 "-" "Mozilla/5.0 (compatible; MJ12bot/v1.4.8; http://mj12bot.com/)"
172.187.168.139 - - [23/Feb/2026:23:24:27 +0000] "POST /wp-cron.php?doing_wp_cron=1771889067.3258121013641357421875 HTTP/1.1" 200 31 "-" "WordPress/6.9; https://mentoring-wp.dreamsmarketplace.com"
135.181.180.59 - - [23/Feb/2026:23:24:27 +0000] "GET /eye-of-horus-freispiele-5-einzahlung-casino-word-of-thoth-casinos-2025-%EF%B8%8F-jedweder-infos-tagesordnungspunkt-boni/ HTTP/1.1" 404 10994 "-" "Mozilla/5.0 (compatible; MJ12bot/v1.4.8; http://mj12bot.com/)"
135.181.180.59 - - [23/Feb/2026:23:24:29 +0000] "GET /mobile-kasino-maklercourtage-abzuglich-einzahlung-2025-egyptian-rebirth-ii-bewertung-%EF%B8%8F-mobilfunktelefon-spielbank-qua-echtgeld-no-anzahlung-provision/ HTTP/1.1" 301 178 "-" "Mozilla/5.0 (compatible; MJ12bot/v1.4.8; http://mj12bot.com/)"
172.187.168.139 - - [23/Feb/2026:23:24:31 +0000] "POST /wp-cron.php?doing_wp_cron=1771889071.8161060810089111328125 HTTP/1.1" 200 31 "-" "WordPress/6.9; https://mentoring-wp.dreamsmarketplace.com"
135.181.180.59 - - [23/Feb/2026:23:24:31 +0000] "GET /mobile-kasino-maklercourtage-abzuglich-einzahlung-2025-egyptian-rebirth-ii-bewertung-%EF%B8%8F-mobilfunktelefon-spielbank-qua-echtgeld-no-anzahlung-provision/ HTTP/1.1" 404 11028 "-" "Mozilla/5.0 (compatible; MJ12bot/v1.4.8; http://mj12bot.com/)"
172.187.168.139 - - [23/Feb/2026:23:25:15 +0000] "POST /wp-cron.php?doing_wp_cron=1771889114.9883580207824707031250 HTTP/1.1" 200 31 "-" "WordPress/6.9; https://mentoring-wp.dreamsmarketplace.com"
2a03:2880:f800:19:: - - [23/Feb/2026:23:25:15 +0000] "GET /author/admin/ HTTP/1.1" 200 15367 "-" "meta-externalagent/1.1 (+https://developers.facebook.com/docs/sharing/webmasters/crawler)"
161.77.74.37 - - [23/Feb/2026:23:25:56 +0000] "POST /xmlrpc.php HTTP/1.1" 301 178 "-" "Python-xmlrpc/3.11"
2.213.227.202 - - [23/Feb/2026:23:27:14 +0000] "GET / HTTP/1.1" 301 178 "-" "Mozilla/5.0 (Windows NT 10.0; Win64; x64) AppleWebKit/537.36 (KHTML, like Gecko) Chrome/120.0.0.0 Safari/537.36"
172.187.168.139 - - [23/Feb/2026:23:27:16 +0000] "POST /wp-cron.php?doing_wp_cron=1771889236.4335269927978515625000 HTTP/1.1" 200 31 "-" "WordPress/6.9; https://mentoring-wp.dreamsmarketplace.com"
2.213.227.202 - - [23/Feb/2026:23:27:16 +0000] "GET / HTTP/1.1" 200 14896 "https://mentoring-wp.dreamstechnologies.com" "Mozilla/5.0 (Windows NT 10.0; Win64; x64) AppleWebKit/537.36 (KHTML, like Gecko) Chrome/120.0.0.0 Safari/537.36"
104.166.164.39 - - [23/Feb/2026:23:28:09 +0000] "POST /xmlrpc.php HTTP/1.1" 301 178 "-" "Mozilla/5.0 (Windows NT 10.0; Win64; x64) AppleWebKit/537.36 (KHTML, like Gecko) Chrome/114.0.0.0 Safari/537.36"
172.187.168.139 - - [23/Feb/2026:23:28:12 +0000] "POST /wp-cron.php?doing_wp_cron=1771889292.2996339797973632812500 HTTP/1.1" 200 31 "-" "WordPress/6.9; https://mentoring-wp.dreamsmarketplace.com"
104.166.164.39 - - [23/Feb/2026:23:28:12 +0000] "GET /xmlrpc.php HTTP/1.1" 405 53 "-" "Mozilla/5.0 (Windows NT 10.0; Win64; x64) AppleWebKit/537.36 (KHTML, like Gecko) Chrome/114.0.0.0 Safari/537.36"
104.166.164.39 - - [23/Feb/2026:23:28:14 +0000] "POST /xmlrpc.php HTTP/1.1" 301 178 "-" "Mozilla/5.0 (Windows NT 10.0; Win64; x64) AppleWebKit/537.36 (KHTML, like Gecko) Chrome/114.0.0.0 Safari/537.36"
172.187.168.139 - - [23/Feb/2026:23:28:18 +0000] "POST /wp-cron.php?doing_wp_cron=1771889298.8732841014862060546875 HTTP/1.1" 200 31 "-" "WordPress/6.9; https://mentoring-wp.dreamsmarketplace.com"
104.166.164.39 - - [23/Feb/2026:23:28:18 +0000] "GET /xmlrpc.php HTTP/1.1" 405 53 "-" "Mozilla/5.0 (Windows NT 10.0; Win64; x64) AppleWebKit/537.36 (KHTML, like Gecko) Chrome/114.0.0.0 Safari/537.36"
181.43.203.125 - - [23/Feb/2026:23:29:39 +0000] "GET /in-the-product-catalogue-you-can-see-they-promote-the-replicas/ HTTP/1.1" 301 178 "-" "Mozilla/5.0 (Windows NT 6.1; WOW64) AppleWebKit/537.36 (KHTML, like Gecko) Chrome/100.0.4896.127 Safari/537.36"
172.187.168.139 - - [23/Feb/2026:23:29:43 +0000] "POST /wp-cron.php?doing_wp_cron=1771889383.3705210685729980468750 HTTP/1.1" 200 31 "-" "WordPress/6.9; https://mentoring-wp.dreamsmarketplace.com"
179.225.2.204 - - [23/Feb/2026:23:29:43 +0000] "GET /in-the-product-catalogue-you-can-see-they-promote-the-replicas/ HTTP/1.1" 404 10948 "-" "Mozilla/5.0 (Windows NT 6.1; WOW64) AppleWebKit/537.36 (KHTML, like Gecko) Chrome/100.0.4896.127 Safari/537.36"
161.77.64.99 - - [23/Feb/2026:23:30:13 +0000] "POST /xmlrpc.php HTTP/1.1" 301 178 "-" "Python-xmlrpc/3.11"
172.187.168.139 - - [23/Feb/2026:23:30:41 +0000] "POST /wp-cron.php?doing_wp_cron=1771889441.3426599502563476562500 HTTP/1.1" 200 31 "-" "WordPress/6.9; https://mentoring-wp.dreamsmarketplace.com"
2a03:2880:f800:31:: - - [23/Feb/2026:23:30:41 +0000] "GET /et-harum-quidem-rerum-facilis-est-et-expedita/ HTTP/1.1" 200 18140 "-" "meta-externalagent/1.1 (+https://developers.facebook.com/docs/sharing/webmasters/crawler)"
161.77.140.48 - - [23/Feb/2026:23:31:56 +0000] "POST /xmlrpc.php HTTP/1.1" 301 178 "-" "Python-xmlrpc/3.11"
172.187.168.139 - - [23/Feb/2026:23:33:12 +0000] "POST /wp-cron.php?doing_wp_cron=1771889592.9401130676269531250000 HTTP/1.1" 200 31 "-" "WordPress/6.9; https://mentoring-wp.dreamsmarketplace.com"
2a03:2880:f800:2c:: - - [23/Feb/2026:23:33:13 +0000] "GET /wp-sitemap-posts-portfolio-1.xml HTTP/1.1" 404 10964 "-" "meta-externalagent/1.1 (+https://developers.facebook.com/docs/sharing/webmasters/crawler)"
14.172.134.99 - - [23/Feb/2026:23:34:09 +0000] "GET /navigating-the-complexities-of-veterinary-anxiety-40/ HTTP/1.1" 301 178 "-" "Mozilla/5.0 (Macintosh; Intel Mac OS X 10_14_6) AppleWebKit/537.36 (KHTML, like Gecko) Chrome/81.0.4044.113 Safari/537.36"
172.187.168.139 - - [23/Feb/2026:23:34:14 +0000] "POST /wp-cron.php?doing_wp_cron=1771889654.1639609336853027343750 HTTP/1.1" 200 31 "-" "WordPress/6.9; https://mentoring-wp.dreamsmarketplace.com"
45.238.74.16 - - [23/Feb/2026:23:34:14 +0000] "GET /navigating-the-complexities-of-veterinary-anxiety-40/ HTTP/1.1" 404 10942 "-" "Mozilla/5.0 (Macintosh; Intel Mac OS X 10_14_6) AppleWebKit/537.36 (KHTML, like Gecko) Chrome/81.0.4044.113 Safari/537.36"
103.156.164.42 - - [23/Feb/2026:23:34:16 +0000] "POST /wp-login.php HTTP/1.1" 301 178 "https://mentoring-wp.dreamstechnologies.com/wp-admin/" "Mozilla/5.0 (Macintosh; Intel Mac OS X 10_15_7) AppleWebKit/537.36 (KHTML, like Gecko) Chrome/113.0.0.0 Safari/537.36"
172.187.168.139 - - [23/Feb/2026:23:34:18 +0000] "POST /wp-cron.php?doing_wp_cron=1771889658.1621799468994140625000 HTTP/1.1" 200 31 "-" "WordPress/6.9; https://mentoring-wp.dreamsmarketplace.com"
103.156.164.42 - - [23/Feb/2026:23:34:18 +0000] "GET /wp-login.php HTTP/1.1" 200 2470 "https://mentoring-wp.dreamstechnologies.com/wp-admin/" "Mozilla/5.0 (Macintosh; Intel Mac OS X 10_15_7) AppleWebKit/537.36 (KHTML, like Gecko) Chrome/113.0.0.0 Safari/537.36"
172.187.168.139 - - [23/Feb/2026:23:34:20 +0000] "POST /wp-cron.php?doing_wp_cron=1771889660.0988769531250000000000 HTTP/1.1" 200 31 "-" "WordPress/6.9; https://mentoring-wp.dreamsmarketplace.com"
103.156.164.42 - - [23/Feb/2026:23:34:20 +0000] "POST /wp-login.php HTTP/1.1" 302 5 "https://mentoring-wp.dreamstechnologies.com/wp-admin/" "Mozilla/5.0 (Macintosh; Intel Mac OS X 10_15_7) AppleWebKit/537.36 (KHTML, like Gecko) Chrome/113.0.0.0 Safari/537.36"
172.187.168.139 - - [23/Feb/2026:23:34:23 +0000] "POST /wp-cron.php?doing_wp_cron=1771889663.1180870532989501953125 HTTP/1.1" 200 31 "-" "WordPress/6.9; https://mentoring-wp.dreamsmarketplace.com"
103.156.164.42 - - [23/Feb/2026:23:34:23 +0000] "GET /wp-admin/ HTTP/1.1" 200 18241 "https://mentoring-wp.dreamstechnologies.com/wp-admin/" "Mozilla/5.0 (Macintosh; Intel Mac OS X 10_15_7) AppleWebKit/537.36 (KHTML, like Gecko) Chrome/113.0.0.0 Safari/537.36"
172.187.168.139 - - [23/Feb/2026:23:34:26 +0000] "POST /wp-cron.php?doing_wp_cron=1771889666.2359020709991455078125 HTTP/1.1" 200 31 "-" "WordPress/6.9; https://mentoring-wp.dreamsmarketplace.com"
103.156.164.42 - - [23/Feb/2026:23:34:26 +0000] "GET /wp-admin/ HTTP/1.1" 200 18241 "-" "Mozilla/5.0 (Macintosh; Intel Mac OS X 11_1_2) AppleWebKit/605.1.15 (KHTML, like Gecko) Version/16.6 Safari/605.1.15"
172.187.168.139 - - [23/Feb/2026:23:34:29 +0000] "POST /wp-cron.php?doing_wp_cron=1771889669.4412610530853271484375 HTTP/1.1" 200 31 "-" "WordPress/6.9; https://mentoring-wp.dreamsmarketplace.com"
103.156.164.42 - - [23/Feb/2026:23:34:29 +0000] "GET /wp-admin/index.php HTTP/1.1" 200 18252 "-" "Mozilla/5.0 (Macintosh; Intel Mac OS X 11_1_2) AppleWebKit/605.1.15 (KHTML, like Gecko) Version/16.6 Safari/605.1.15"
172.187.168.139 - - [23/Feb/2026:23:34:32 +0000] "POST /wp-cron.php?doing_wp_cron=1771889672.5157189369201660156250 HTTP/1.1" 200 31 "-" "WordPress/6.9; https://mentoring-wp.dreamsmarketplace.com"
103.156.164.42 - - [23/Feb/2026:23:34:32 +0000] "GET /wp-admin/profile.php HTTP/1.1" 200 113175 "https://duckduckgo.com/" "Mozilla/5.0 (Macintosh; Intel Mac OS X 10_15_7) AppleWebKit/605.1.15 (KHTML, like Gecko) Version/17.1 Safari/605.1.15"
172.187.168.139 - - [23/Feb/2026:23:34:35 +0000] "POST /wp-cron.php?doing_wp_cron=1771889675.6438989639282226562500 HTTP/1.1" 200 31 "-" "WordPress/6.9; https://mentoring-wp.dreamsmarketplace.com"
103.156.164.42 - - [23/Feb/2026:23:34:35 +0000] "GET /wp-admin/plugin-install.php?tab=upload HTTP/1.1" 200 67415 "https://www.google.com/" "Mozilla/5.0 (Macintosh; Intel Mac OS X 10_15_7) AppleWebKit/605.1.15 (KHTML, like Gecko) Version/17.1 Safari/605.1.15"
172.187.168.139 - - [23/Feb/2026:23:34:38 +0000] "POST /wp-cron.php?doing_wp_cron=1771889678.5917840003967285156250 HTTP/1.1" 200 31 "-" "WordPress/6.9; https://mentoring-wp.dreamsmarketplace.com"
103.156.164.42 - - [23/Feb/2026:23:34:38 +0000] "POST /wp-admin/update.php?action=upload-plugin HTTP/1.1" 500 2583 "https://wordpress.org/" "Mozilla/5.0 (Macintosh; Intel Mac OS X 10_15_7) AppleWebKit/537.36 (KHTML, like Gecko) Chrome/115.0.0.0 Safari/537.36"
103.156.164.42 - - [23/Feb/2026:23:34:39 +0000] "GET /wp-content/plugins/09ee27b9/index.php HTTP/1.1" 404 134 "https://t.co/" "Mozilla/5.0 (Macintosh; Intel Mac OS X 11_1_2) AppleWebKit/605.1.15 (KHTML, like Gecko) Version/16.6 Safari/605.1.15"
172.187.168.139 - - [23/Feb/2026:23:34:43 +0000] "POST /wp-cron.php?doing_wp_cron=1771889683.1115939617156982421875 HTTP/1.1" 200 31 "-" "WordPress/6.9; https://mentoring-wp.dreamsmarketplace.com"
103.156.164.42 - - [23/Feb/2026:23:34:43 +0000] "GET /wp-admin/plugin-install.php?s=File+Manager&tab=search&type=term HTTP/1.1" 200 79000 "-" "Mozilla/5.0 (Windows NT 10.0; Win64; x64) AppleWebKit/537.36 (KHTML, like Gecko) Chrome/113.0.0.0 Safari/537.36"
172.187.168.139 - - [23/Feb/2026:23:34:46 +0000] "POST /wp-cron.php?doing_wp_cron=1771889686.1134679317474365234375 HTTP/1.1" 200 31 "-" "WordPress/6.9; https://mentoring-wp.dreamsmarketplace.com"
103.156.164.42 - - [23/Feb/2026:23:34:46 +0000] "GET /wp-admin/theme-install.php?tab=upload HTTP/1.1" 200 71237 "-" "Mozilla/5.0 (Windows NT 11.0; Win64; x64) AppleWebKit/537.36 (KHTML, like Gecko) Chrome/114.0.0.0 Safari/537.36"
172.187.168.139 - - [23/Feb/2026:23:34:49 +0000] "POST /wp-cron.php?doing_wp_cron=1771889689.0699160099029541015625 HTTP/1.1" 200 31 "-" "WordPress/6.9; https://mentoring-wp.dreamsmarketplace.com"
103.156.164.42 - - [23/Feb/2026:23:34:49 +0000] "POST /wp-admin/update.php?action=upload-theme HTTP/1.1" 500 2583 "https://t.co/" "Mozilla/5.0 (Windows NT 11.0; Win64; x64; rv:118.0) Gecko/20100101 Firefox/118.0"
103.156.164.42 - - [23/Feb/2026:23:34:49 +0000] "GET /wp-content/themes/f99087a9/about.php HTTP/1.1" 404 196 "-" "Mozilla/5.0 (X11; Ubuntu; Linux x86_64) AppleWebKit/537.36 (KHTML, like Gecko) Chrome/112.0.0.0 Safari/537.36"
172.187.168.139 - - [23/Feb/2026:23:34:52 +0000] "POST /wp-cron.php?doing_wp_cron=1771889692.2846119403839111328125 HTTP/1.1" 200 31 "-" "WordPress/6.9; https://mentoring-wp.dreamsmarketplace.com"
103.156.164.42 - - [23/Feb/2026:23:34:52 +0000] "GET /wp-admin/theme-editor.php?file=404.php HTTP/1.1" 200 82606 "-" "Mozilla/5.0 (X11; Linux x86_64) AppleWebKit/537.36 (KHTML, like Gecko) Chrome/113.0.0.0 Safari/537.36"
172.187.168.139 - - [23/Feb/2026:23:34:55 +0000] "POST /wp-cron.php?doing_wp_cron=1771889695.5637450218200683593750 HTTP/1.1" 200 31 "-" "WordPress/6.9; https://mentoring-wp.dreamsmarketplace.com"
103.156.164.42 - - [23/Feb/2026:23:34:55 +0000] "GET /wp-admin/ HTTP/1.1" 200 18241 "-" "Mozilla/5.0 (Windows NT 10.0; Win64; x64) AppleWebKit/537.36 (KHTML, like Gecko) Chrome/113.0.0.0 Safari/537.36"
172.187.168.139 - - [23/Feb/2026:23:35:56 +0000] "POST /wp-cron.php?doing_wp_cron=1771889756.1797459125518798828125 HTTP/1.1" 200 31 "-" "WordPress/6.9; https://mentoring-wp.dreamsmarketplace.com"
40.77.167.37 - - [23/Feb/2026:23:35:56 +0000] "GET /visu-laiku-hitnspin-bonusa-deribas-godigakais-slots-komentejiet-un-jus-varesiet-100-bez-maksas-spelet-demonstraciju/ HTTP/1.1" 404 11005 "-" "Mozilla/5.0 AppleWebKit/537.36 (KHTML, like Gecko; compatible; bingbot/2.0; +http://www.bing.com/bingbot.htm) Chrome/116.0.1938.76 Safari/537.36"
179.124.199.147 - - [23/Feb/2026:23:37:59 +0000] "GET /the-nature-of-the-tote-bag-signifies-that-it-naturally-matches/ HTTP/1.1" 301 178 "-" "Mozilla/5.0 (Macintosh; Intel Mac OS X 10_15_7) AppleWebKit/537.36 (KHTML, like Gecko) Chrome/92.0.4515.107 Safari/537.36"
172.187.168.139 - - [23/Feb/2026:23:38:02 +0000] "POST /wp-cron.php?doing_wp_cron=1771889882.5475819110870361328125 HTTP/1.1" 200 31 "-" "WordPress/6.9; https://mentoring-wp.dreamsmarketplace.com"
14.165.103.26 - - [23/Feb/2026:23:38:02 +0000] "GET /the-nature-of-the-tote-bag-signifies-that-it-naturally-matches/ HTTP/1.1" 404 10947 "-" "Mozilla/5.0 (Macintosh; Intel Mac OS X 10_15_7) AppleWebKit/537.36 (KHTML, like Gecko) Chrome/92.0.4515.107 Safari/537.36"
2a03:2880:f800:38:: - - [23/Feb/2026:23:40:02 +0000] "GET /gambling-enterprise-betting-requirements-informed-comeon-casino-signup-bonus-me-tips-assess-they/ HTTP/1.1" 301 178 "-" "meta-externalagent/1.1 (+https://developers.facebook.com/docs/sharing/webmasters/crawler)"
98.98.19.244 - - [23/Feb/2026:23:40:41 +0000] "POST /xmlrpc.php HTTP/1.1" 301 178 "-" "Mozilla/5.0 (Windows NT 10.0; Win64; x64) AppleWebKit/537.36 (KHTML, like Gecko) Chrome/114.0.0.0 Safari/537.36"
172.187.168.139 - - [23/Feb/2026:23:40:44 +0000] "POST /wp-cron.php?doing_wp_cron=1771890044.3663969039916992187500 HTTP/1.1" 200 31 "-" "WordPress/6.9; https://mentoring-wp.dreamsmarketplace.com"
98.98.19.244 - - [23/Feb/2026:23:40:44 +0000] "GET /xmlrpc.php HTTP/1.1" 405 53 "-" "Mozilla/5.0 (Windows NT 10.0; Win64; x64) AppleWebKit/537.36 (KHTML, like Gecko) Chrome/114.0.0.0 Safari/537.36"
98.98.19.244 - - [23/Feb/2026:23:40:46 +0000] "POST /xmlrpc.php HTTP/1.1" 301 178 "-" "Mozilla/5.0 (Windows NT 10.0; Win64; x64) AppleWebKit/537.36 (KHTML, like Gecko) Chrome/114.0.0.0 Safari/537.36"
172.187.168.139 - - [23/Feb/2026:23:40:48 +0000] "POST /wp-cron.php?doing_wp_cron=1771890048.3154740333557128906250 HTTP/1.1" 200 31 "-" "WordPress/6.9; https://mentoring-wp.dreamsmarketplace.com"
98.98.19.244 - - [23/Feb/2026:23:40:48 +0000] "GET /xmlrpc.php HTTP/1.1" 405 53 "-" "Mozilla/5.0 (Windows NT 10.0; Win64; x64) AppleWebKit/537.36 (KHTML, like Gecko) Chrome/114.0.0.0 Safari/537.36"
172.187.168.139 - - [23/Feb/2026:23:40:57 +0000] "POST /wp-cron.php?doing_wp_cron=1771890057.5756869316101074218750 HTTP/1.1" 200 31 "-" "WordPress/6.9; https://mentoring-wp.dreamsmarketplace.com"
40.77.167.143 - - [23/Feb/2026:23:40:57 +0000] "GET /pa-megawin-bonusser-kasino-opdage-de-bedste-pa-casinoer-inden-for-2025/ HTTP/1.1" 404 10958 "-" "Mozilla/5.0 AppleWebKit/537.36 (KHTML, like Gecko; compatible; bingbot/2.0; +http://www.bing.com/bingbot.htm) Chrome/116.0.1938.76 Safari/537.36"
82.163.172.21 - - [23/Feb/2026:23:41:06 +0000] "POST /xmlrpc.php HTTP/1.1" 301 178 "-" "Python-xmlrpc/3.11"
2a03:2880:f800:2f:: - - [23/Feb/2026:23:41:18 +0000] "GET /finest-usa-on-line-casino-incentives-out-1-deposit-cats-of-2025/ HTTP/1.1" 301 178 "-" "meta-externalagent/1.1 (+https://developers.facebook.com/docs/sharing/webmasters/crawler)"
2a03:2880:f800:15:: - - [23/Feb/2026:23:43:03 +0000] "GET /24bettle-mr-bet-welcome-bonus-casino-comment-greeting-added-bonus-100-twenty-four-100-percent-free-revolves/ HTTP/1.1" 301 178 "-" "meta-externalagent/1.1 (+https://developers.facebook.com/docs/sharing/webmasters/crawler)"
200.25.47.110 - - [23/Feb/2026:23:43:03 +0000] "POST /xmlrpc.php HTTP/1.1" 301 178 "-" "Mozilla/5.0 (Windows NT 10.0; Win64; x64) AppleWebKit/537.36 (KHTML, like Gecko) Chrome/114.0.0.0 Safari/537.36"
172.187.168.139 - - [23/Feb/2026:23:43:11 +0000] "POST /wp-cron.php?doing_wp_cron=1771890191.1357829570770263671875 HTTP/1.1" 200 31 "-" "WordPress/6.9; https://mentoring-wp.dreamsmarketplace.com"
200.25.47.110 - - [23/Feb/2026:23:43:11 +0000] "GET /xmlrpc.php HTTP/1.1" 405 53 "-" "Mozilla/5.0 (Windows NT 10.0; Win64; x64) AppleWebKit/537.36 (KHTML, like Gecko) Chrome/114.0.0.0 Safari/537.36"
200.25.47.110 - - [23/Feb/2026:23:43:13 +0000] "POST /xmlrpc.php HTTP/1.1" 301 178 "-" "Mozilla/5.0 (Windows NT 10.0; Win64; x64) AppleWebKit/537.36 (KHTML, like Gecko) Chrome/114.0.0.0 Safari/537.36"
172.187.168.139 - - [23/Feb/2026:23:43:20 +0000] "POST /wp-cron.php?doing_wp_cron=1771890200.0899810791015625000000 HTTP/1.1" 200 31 "-" "WordPress/6.9; https://mentoring-wp.dreamsmarketplace.com"
200.25.47.110 - - [23/Feb/2026:23:43:20 +0000] "GET /xmlrpc.php HTTP/1.1" 405 53 "-" "Mozilla/5.0 (Windows NT 10.0; Win64; x64) AppleWebKit/537.36 (KHTML, like Gecko) Chrome/114.0.0.0 Safari/537.36"
172.187.168.139 - - [23/Feb/2026:23:45:58 +0000] "POST /wp-cron.php?doing_wp_cron=1771890358.1738970279693603515625 HTTP/1.1" 200 31 "-" "WordPress/6.9; https://mentoring-wp.dreamsmarketplace.com"
52.167.144.149 - - [23/Feb/2026:23:45:58 +0000] "GET /free-nya-onlinekasinon-spins-inte-me-insattning-prova-casino-fria/ HTTP/1.1" 404 10954 "-" "Mozilla/5.0 AppleWebKit/537.36 (KHTML, like Gecko; compatible; bingbot/2.0; +http://www.bing.com/bingbot.htm) Chrome/116.0.1938.76 Safari/537.36"
172.187.168.139 - - [23/Feb/2026:23:46:33 +0000] "POST /wp-cron.php?doing_wp_cron=1771890393.7887690067291259765625 HTTP/1.1" 200 31 "-" "WordPress/6.9; https://mentoring-wp.dreamsmarketplace.com"
2a03:2880:f800:37:: - - [23/Feb/2026:23:46:33 +0000] "GET /product/business/ HTTP/1.1" 200 15215 "-" "meta-externalagent/1.1 (+https://developers.facebook.com/docs/sharing/webmasters/crawler)"
62.12.118.37 - - [23/Feb/2026:23:47:05 +0000] "POST /xmlrpc.php HTTP/1.1" 301 178 "-" "Mozilla/5.0 (Windows NT 10.0; Win64; x64) AppleWebKit/537.36 (KHTML, like Gecko) Chrome/114.0.0.0 Safari/537.36"
172.187.168.139 - - [23/Feb/2026:23:47:07 +0000] "POST /wp-cron.php?doing_wp_cron=1771890427.2301979064941406250000 HTTP/1.1" 200 31 "-" "WordPress/6.9; https://mentoring-wp.dreamsmarketplace.com"
62.12.118.37 - - [23/Feb/2026:23:47:07 +0000] "GET /xmlrpc.php HTTP/1.1" 405 53 "-" "Mozilla/5.0 (Windows NT 10.0; Win64; x64) AppleWebKit/537.36 (KHTML, like Gecko) Chrome/114.0.0.0 Safari/537.36"
62.12.118.37 - - [23/Feb/2026:23:47:08 +0000] "POST /xmlrpc.php HTTP/1.1" 301 178 "-" "Mozilla/5.0 (Windows NT 10.0; Win64; x64) AppleWebKit/537.36 (KHTML, like Gecko) Chrome/114.0.0.0 Safari/537.36"
172.187.168.139 - - [23/Feb/2026:23:47:10 +0000] "POST /wp-cron.php?doing_wp_cron=1771890430.0389881134033203125000 HTTP/1.1" 200 31 "-" "WordPress/6.9; https://mentoring-wp.dreamsmarketplace.com"
62.12.118.37 - - [23/Feb/2026:23:47:10 +0000] "GET /xmlrpc.php HTTP/1.1" 405 53 "-" "Mozilla/5.0 (Windows NT 10.0; Win64; x64) AppleWebKit/537.36 (KHTML, like Gecko) Chrome/114.0.0.0 Safari/537.36"
172.187.168.139 - - [23/Feb/2026:23:48:10 +0000] "POST /wp-cron.php?doing_wp_cron=1771890490.9214849472045898437500 HTTP/1.1" 200 31 "-" "WordPress/6.9; https://mentoring-wp.dreamsmarketplace.com"
2a03:2880:f800:6:: - - [23/Feb/2026:23:48:10 +0000] "GET /contrary-to-popular-belief-lorem-ipsum-is/ HTTP/1.1" 200 17969 "-" "meta-externalagent/1.1 (+https://developers.facebook.com/docs/sharing/webmasters/crawler)"
172.187.168.139 - - [23/Feb/2026:23:48:13 +0000] "POST /wp-cron.php?doing_wp_cron=1771890493.1322450637817382812500 HTTP/1.1" 200 31 "-" "WordPress/6.9; https://mentoring-wp.dreamsmarketplace.com"
2a03:2880:f800:27:: - - [23/Feb/2026:23:48:13 +0000] "GET /blog-grid/ HTTP/1.1" 200 12178 "-" "meta-externalagent/1.1 (+https://developers.facebook.com/docs/sharing/webmasters/crawler)"
63.125.95.95 - - [23/Feb/2026:23:48:29 +0000] "POST /xmlrpc.php HTTP/1.1" 301 178 "-" "Python-xmlrpc/3.11"
161.77.69.9 - - [23/Feb/2026:23:49:00 +0000] "POST /xmlrpc.php HTTP/1.1" 301 178 "-" "Python-xmlrpc/3.11"
172.187.168.139 - - [23/Feb/2026:23:49:13 +0000] "POST /wp-cron.php?doing_wp_cron=1771890553.0917060375213623046875 HTTP/1.1" 200 31 "-" "WordPress/6.9; https://mentoring-wp.dreamsmarketplace.com"
2a03:2880:f800:1d:: - - [23/Feb/2026:23:49:13 +0000] "GET /product/mentor-booking/ HTTP/1.1" 200 15526 "-" "meta-externalagent/1.1 (+https://developers.facebook.com/docs/sharing/webmasters/crawler)"
2a03:2880:f800:3b:: - - [23/Feb/2026:23:50:18 +0000] "GET /rtp-96-online-casino-instant-withdrawal-22/ HTTP/1.1" 301 178 "-" "meta-externalagent/1.1 (+https://developers.facebook.com/docs/sharing/webmasters/crawler)"
2a03:2880:f800:36:: - - [23/Feb/2026:23:50:23 +0000] "GET /spielbank-freispiele-letzter-schrei-ohne-tornado-jackpot-slot-einzahlung/ HTTP/1.1" 301 178 "-" "meta-externalagent/1.1 (+https://developers.facebook.com/docs/sharing/webmasters/crawler)"
66.249.64.3 - - [23/Feb/2026:23:51:10 +0000] "GET / HTTP/1.1" 301 178 "-" "Mozilla/5.0 (Linux; Android 6.0.1; Nexus 5X Build/MMB29P) AppleWebKit/537.36 (KHTML, like Gecko) Chrome/144.0.7559.132 Mobile Safari/537.36 (compatible; Googlebot/2.1; +http://www.google.com/bot.html)"
66.249.64.5 - - [23/Feb/2026:23:51:10 +0000] "GET / HTTP/1.1" 301 178 "-" "Mozilla/5.0 (Linux; Android 6.0.1; Nexus 5X Build/MMB29P) AppleWebKit/537.36 (KHTML, like Gecko) Chrome/144.0.7559.132 Mobile Safari/537.36 (compatible; Googlebot/2.1; +http://www.google.com/bot.html)"
63.125.88.114 - - [23/Feb/2026:23:53:52 +0000] "POST /xmlrpc.php HTTP/1.1" 301 178 "-" "Python-xmlrpc/3.11"
2a03:2880:f800:41:: - - [23/Feb/2026:23:54:59 +0000] "GET /better-a-real-income-web-based-casinos-in-the-deposit-5-get-free-spins-30-canada-january-2026/ HTTP/1.1" 301 178 "-" "meta-externalagent/1.1 (+https://developers.facebook.com/docs/sharing/webmasters/crawler)"
172.187.168.139 - - [23/Feb/2026:23:55:07 +0000] "POST /wp-cron.php?doing_wp_cron=1771890907.4109690189361572265625 HTTP/1.1" 200 31 "-" "WordPress/6.9; https://mentoring-wp.dreamsmarketplace.com"
2a03:2880:f800:39:: - - [23/Feb/2026:23:55:07 +0000] "GET /reset-password/ HTTP/1.1" 200 11496 "-" "meta-externalagent/1.1 (+https://developers.facebook.com/docs/sharing/webmasters/crawler)"
14.239.14.15 - - [23/Feb/2026:23:55:13 +0000] "GET /mentors/carl-kelly/page/4/ HTTP/1.1" 301 178 "-" "Mozilla/5.0 (Macintosh; Intel Mac OS X 10_9_0) AppleWebKit/537.36 (KHTML, like Gecko) Chrome/32.0.1664.3 Safari/537.36"
172.187.168.139 - - [23/Feb/2026:23:55:15 +0000] "POST /wp-cron.php?doing_wp_cron=1771890915.8090109825134277343750 HTTP/1.1" 200 31 "-" "WordPress/6.9; https://mentoring-wp.dreamsmarketplace.com"
222.253.233.77 - - [23/Feb/2026:23:55:15 +0000] "GET /mentors/carl-kelly/page/4/ HTTP/1.1" 404 10931 "-" "Mozilla/5.0 (Macintosh; Intel Mac OS X 10_9_0) AppleWebKit/537.36 (KHTML, like Gecko) Chrome/32.0.1664.3 Safari/537.36"
103.156.164.42 - - [23/Feb/2026:23:55:24 +0000] "POST /wp-login.php HTTP/1.1" 301 178 "https://mentoring-wp.dreamstechnologies.com/wp-admin/" "Mozilla/5.0 (Macintosh; Intel Mac OS X 11_1_2) AppleWebKit/605.1.15 (KHTML, like Gecko) Version/16.6 Safari/605.1.15"
172.187.168.139 - - [23/Feb/2026:23:55:26 +0000] "POST /wp-cron.php?doing_wp_cron=1771890926.7760210037231445312500 HTTP/1.1" 200 31 "-" "WordPress/6.9; https://mentoring-wp.dreamsmarketplace.com"
103.156.164.42 - - [23/Feb/2026:23:55:26 +0000] "GET /wp-login.php HTTP/1.1" 200 2470 "https://mentoring-wp.dreamstechnologies.com/wp-admin/" "Mozilla/5.0 (Macintosh; Intel Mac OS X 11_1_2) AppleWebKit/605.1.15 (KHTML, like Gecko) Version/16.6 Safari/605.1.15"
172.187.168.139 - - [23/Feb/2026:23:55:28 +0000] "POST /wp-cron.php?doing_wp_cron=1771890928.7066080570220947265625 HTTP/1.1" 200 31 "-" "WordPress/6.9; https://mentoring-wp.dreamsmarketplace.com"
103.156.164.42 - - [23/Feb/2026:23:55:28 +0000] "POST /wp-login.php HTTP/1.1" 302 5 "https://mentoring-wp.dreamstechnologies.com/wp-admin/" "Mozilla/5.0 (Macintosh; Intel Mac OS X 11_1_2) AppleWebKit/605.1.15 (KHTML, like Gecko) Version/16.6 Safari/605.1.15"
172.187.168.139 - - [23/Feb/2026:23:55:32 +0000] "POST /wp-cron.php?doing_wp_cron=1771890932.2981131076812744140625 HTTP/1.1" 200 31 "-" "WordPress/6.9; https://mentoring-wp.dreamsmarketplace.com"
103.156.164.42 - - [23/Feb/2026:23:55:32 +0000] "GET /wp-admin/ HTTP/1.1" 200 18255 "https://mentoring-wp.dreamstechnologies.com/wp-admin/" "Mozilla/5.0 (Macintosh; Intel Mac OS X 11_1_2) AppleWebKit/605.1.15 (KHTML, like Gecko) Version/16.6 Safari/605.1.15"
172.187.168.139 - - [23/Feb/2026:23:55:35 +0000] "POST /wp-cron.php?doing_wp_cron=1771890935.6506750583648681640625 HTTP/1.1" 200 31 "-" "WordPress/6.9; https://mentoring-wp.dreamsmarketplace.com"
103.156.164.42 - - [23/Feb/2026:23:55:35 +0000] "GET /wp-admin/ HTTP/1.1" 200 18254 "-" "Mozilla/5.0 (Windows NT 11.0; Win64; x64; rv:120.0) Gecko/20100101 Firefox/120.0"
172.187.168.139 - - [23/Feb/2026:23:55:39 +0000] "POST /wp-cron.php?doing_wp_cron=1771890939.7530078887939453125000 HTTP/1.1" 200 31 "-" "WordPress/6.9; https://mentoring-wp.dreamsmarketplace.com"
103.156.164.42 - - [23/Feb/2026:23:55:39 +0000] "GET /wp-admin/index.php HTTP/1.1" 200 18266 "https://t.co/" "Mozilla/5.0 (Macintosh; Intel Mac OS X 10_15_7) AppleWebKit/605.1.15 (KHTML, like Gecko) Version/16.6 Safari/605.1.15"
172.187.168.139 - - [23/Feb/2026:23:55:42 +0000] "POST /wp-cron.php?doing_wp_cron=1771890942.7119939327239990234375 HTTP/1.1" 200 31 "-" "WordPress/6.9; https://mentoring-wp.dreamsmarketplace.com"
103.156.164.42 - - [23/Feb/2026:23:55:42 +0000] "GET /wp-admin/profile.php HTTP/1.1" 200 113191 "https://www.bing.com/" "Mozilla/5.0 (Macintosh; Intel Mac OS X 10_15_7) AppleWebKit/605.1.15 (KHTML, like Gecko) Version/17.2 Safari/605.1.15"
172.187.168.139 - - [23/Feb/2026:23:55:45 +0000] "POST /wp-cron.php?doing_wp_cron=1771890945.6092228889465332031250 HTTP/1.1" 200 31 "-" "WordPress/6.9; https://mentoring-wp.dreamsmarketplace.com"
103.156.164.42 - - [23/Feb/2026:23:55:45 +0000] "GET /wp-admin/plugin-install.php?tab=upload HTTP/1.1" 200 67414 "https://wordpress.org/" "Mozilla/5.0 (X11; Ubuntu; Linux x86_64) AppleWebKit/537.36 (KHTML, like Gecko) Chrome/112.0.0.0 Safari/537.36"
172.187.168.139 - - [23/Feb/2026:23:55:48 +0000] "POST /wp-cron.php?doing_wp_cron=1771890948.4169590473175048828125 HTTP/1.1" 200 31 "-" "WordPress/6.9; https://mentoring-wp.dreamsmarketplace.com"
103.156.164.42 - - [23/Feb/2026:23:55:48 +0000] "POST /wp-admin/update.php?action=upload-plugin HTTP/1.1" 500 2583 "https://t.co/" "Mozilla/5.0 (Macintosh; Intel Mac OS X 11_1_2) AppleWebKit/537.36 (KHTML, like Gecko) Chrome/114.0.0.0 Safari/537.36"
103.156.164.42 - - [23/Feb/2026:23:55:49 +0000] "GET /wp-content/plugins/d268e561/index.php HTTP/1.1" 404 196 "-" "Mozilla/5.0 (Windows NT 10.0; Win64; x64) AppleWebKit/537.36 (KHTML, like Gecko) Chrome/112.0.0.0 Safari/537.36"
172.187.168.139 - - [23/Feb/2026:23:55:52 +0000] "POST /wp-cron.php?doing_wp_cron=1771890952.8436241149902343750000 HTTP/1.1" 200 31 "-" "WordPress/6.9; https://mentoring-wp.dreamsmarketplace.com"
103.156.164.42 - - [23/Feb/2026:23:55:52 +0000] "GET /wp-admin/plugin-install.php?s=File+Manager&tab=search&type=term HTTP/1.1" 200 78906 "-" "Mozilla/5.0 (Windows NT 11.0; Win64; x64) AppleWebKit/537.36 (KHTML, like Gecko) Chrome/115.0.0.0 Safari/537.36"
172.187.168.139 - - [23/Feb/2026:23:55:56 +0000] "POST /wp-cron.php?doing_wp_cron=1771890956.0408248901367187500000 HTTP/1.1" 200 31 "-" "WordPress/6.9; https://mentoring-wp.dreamsmarketplace.com"
103.156.164.42 - - [23/Feb/2026:23:55:56 +0000] "GET /wp-admin/theme-install.php?tab=upload HTTP/1.1" 200 71241 "https://www.google.com/" "Mozilla/5.0 (Windows NT 11.0; Win64; x64; rv:120.0) Gecko/20100101 Firefox/120.0"
2a03:2880:f800:1b:: - - [23/Feb/2026:23:55:56 +0000] "GET /casino-provision-abzuglich-einzahlung-2026-unser-besten-no-abschlagzahlung-boni/ HTTP/1.1" 301 178 "-" "meta-externalagent/1.1 (+https://developers.facebook.com/docs/sharing/webmasters/crawler)"
172.187.168.139 - - [23/Feb/2026:23:56:10 +0000] "POST /wp-cron.php?doing_wp_cron=1771890970.8607308864593505859375 HTTP/1.1" 200 31 "-" "WordPress/6.9; https://mentoring-wp.dreamsmarketplace.com"
103.156.164.42 - - [23/Feb/2026:23:56:10 +0000] "POST /wp-admin/update.php?action=upload-theme HTTP/1.1" 500 2583 "-" "Mozilla/5.0 (Windows NT 11.0; Win64; x64; rv:120.0) Gecko/20100101 Firefox/120.0"
103.156.164.42 - - [23/Feb/2026:23:56:11 +0000] "GET /wp-content/themes/c2aba85b/about.php HTTP/1.1" 404 134 "https://t.co/" "Mozilla/5.0 (Macintosh; Intel Mac OS X 10_15_7; rv:120.0) Gecko/20100101 Firefox/120.0"
2a03:2880:f800:1e:: - - [23/Feb/2026:23:56:14 +0000] "GET /greatest-pokie-software-in-australia-enjoy-pokie-programs-on-the-cellular-telephone-mr-chillispins-casino-paypal-choice/ HTTP/1.1" 301 178 "-" "meta-externalagent/1.1 (+https://developers.facebook.com/docs/sharing/webmasters/crawler)"
172.187.168.139 - - [23/Feb/2026:23:56:14 +0000] "POST /wp-cron.php?doing_wp_cron=1771890974.1005539894104003906250 HTTP/1.1" 200 31 "-" "WordPress/6.9; https://mentoring-wp.dreamsmarketplace.com"
103.156.164.42 - - [23/Feb/2026:23:56:14 +0000] "GET /wp-admin/theme-editor.php?file=404.php HTTP/1.1" 200 82599 "https://www.facebook.com/" "Mozilla/5.0 (Windows NT 10.0; Win64; x64; rv:120.0) Gecko/20100101 Firefox/120.0"
172.187.168.139 - - [23/Feb/2026:23:56:17 +0000] "POST /wp-cron.php?doing_wp_cron=1771890977.3159921169281005859375 HTTP/1.1" 200 31 "-" "WordPress/6.9; https://mentoring-wp.dreamsmarketplace.com"
103.156.164.42 - - [23/Feb/2026:23:56:17 +0000] "GET /wp-admin/ HTTP/1.1" 200 18254 "https://www.facebook.com/" "Mozilla/5.0 (Macintosh; Intel Mac OS X 11_1_2) AppleWebKit/605.1.15 (KHTML, like Gecko) Version/17.2 Safari/605.1.15"
2a03:2880:f800:41:: - - [23/Feb/2026:23:56:37 +0000] "GET /pa-baccarat-i-dannevan-saledes-boldspiller-og-sejrherre-vulkanbet-promo-koder-man/ HTTP/1.1" 301 178 "-" "meta-externalagent/1.1 (+https://developers.facebook.com/docs/sharing/webmasters/crawler)"
172.187.168.139 - - [23/Feb/2026:23:56:40 +0000] "POST /wp-cron.php?doing_wp_cron=1771891000.3261480331420898437500 HTTP/1.1" 200 31 "-" "WordPress/6.9; https://mentoring-wp.dreamsmarketplace.com"
40.77.167.71 - - [23/Feb/2026:23:56:40 +0000] "GET /a-quick-report-on-the-fresh-titanic-crisis/ HTTP/1.1" 404 10929 "-" "Mozilla/5.0 AppleWebKit/537.36 (KHTML, like Gecko; compatible; bingbot/2.0; +http://www.bing.com/bingbot.htm) Chrome/116.0.1938.76 Safari/537.36"
2a03:2880:f800:1d:: - - [23/Feb/2026:23:58:59 +0000] "GET /wild-king-kong-joc-de-sloturi-slot-mega-balado-turkey-sloturi-spre-bani-reali-de-intre-netent-home/ HTTP/1.1" 301 178 "-" "meta-externalagent/1.1 (+https://developers.facebook.com/docs/sharing/webmasters/crawler)"
2a03:2880:f800:3e:: - - [23/Feb/2026:23:59:02 +0000] "GET /bedste-kasino-bonusser-gratis-free-spins-inden-for-august-2025/ HTTP/1.1" 301 178 "-" "meta-externalagent/1.1 (+https://developers.facebook.com/docs/sharing/webmasters/crawler)"
2a03:2880:f800:33:: - - [23/Feb/2026:23:59:41 +0000] "GET /big-bass-bonanza-book-of-ra-deluxe-slot-game-position-gamble-large-bass-bonanza-trial-here/ HTTP/1.1" 301 178 "-" "meta-externalagent/1.1 (+https://developers.facebook.com/docs/sharing/webmasters/crawler)"