36.83.137.224 - - [23/Feb/2026:20:09:48 +0000] "GET /wp-content/plugins/redux-framework/redux-core/assets/font-awesome/css/all.min.css?ver=6.5.2 HTTP/1.1" 200 73890 "https://mentoring-wp.dreamsmarketplace.com/wp-admin/admin.php?page=mentoring-options" "Mozilla/5.0 (Windows NT 10.0; Win64; x64) AppleWebKit/537.36 (KHTML, like Gecko) Chrome/144.0.0.0 Safari/537.36"
36.83.137.224 - - [23/Feb/2026:20:09:48 +0000] "GET /wp-content/plugins/redux-framework/redux-core/assets/font-awesome/css/v4-shims.min.css?ver=6.5.2 HTTP/1.1" 200 21211 "https://mentoring-wp.dreamsmarketplace.com/wp-admin/admin.php?page=mentoring-options" "Mozilla/5.0 (Windows NT 10.0; Win64; x64) AppleWebKit/537.36 (KHTML, like Gecko) Chrome/144.0.0.0 Safari/537.36"
36.83.137.224 - - [23/Feb/2026:20:09:48 +0000] "GET /wp-content/plugins/redux-framework/redux-core/assets/css/vendor/jquery-ui-1.10.0.custom.css?ver=4.5.10 HTTP/1.1" 200 112060 "https://mentoring-wp.dreamsmarketplace.com/wp-admin/admin.php?page=mentoring-options" "Mozilla/5.0 (Windows NT 10.0; Win64; x64) AppleWebKit/537.36 (KHTML, like Gecko) Chrome/144.0.0.0 Safari/537.36"
36.83.137.224 - - [23/Feb/2026:20:09:48 +0000] "GET /wp-content/plugins/redux-framework/redux-core/assets/css/vendor/nouislider.min.css?ver=5.0.0 HTTP/1.1" 200 2665 "https://mentoring-wp.dreamsmarketplace.com/wp-admin/admin.php?page=mentoring-options" "Mozilla/5.0 (Windows NT 10.0; Win64; x64) AppleWebKit/537.36 (KHTML, like Gecko) Chrome/144.0.0.0 Safari/537.36"
36.83.137.224 - - [23/Feb/2026:20:09:48 +0000] "GET /wp-content/themes/mentoring/assets/images/theme-options/subheader-settings/subheader-style-1.jpg HTTP/1.1" 200 3029 "https://mentoring-wp.dreamsmarketplace.com/wp-admin/admin.php?page=mentoring-options" "Mozilla/5.0 (Windows NT 10.0; Win64; x64) AppleWebKit/537.36 (KHTML, like Gecko) Chrome/144.0.0.0 Safari/537.36"
36.83.137.224 - - [23/Feb/2026:20:09:48 +0000] "GET /wp-content/themes/mentoring/assets/images/logo.png HTTP/1.1" 304 0 "https://mentoring-wp.dreamsmarketplace.com/wp-admin/admin.php?page=mentoring-options" "Mozilla/5.0 (Windows NT 10.0; Win64; x64) AppleWebKit/537.36 (KHTML, like Gecko) Chrome/144.0.0.0 Safari/537.36"
36.83.137.224 - - [23/Feb/2026:20:09:49 +0000] "GET /wp-content/themes/mentoring/assets/images/theme-options/blog-settings/blog-8.jpg HTTP/1.1" 200 4393 "https://mentoring-wp.dreamsmarketplace.com/wp-admin/admin.php?page=mentoring-options" "Mozilla/5.0 (Windows NT 10.0; Win64; x64) AppleWebKit/537.36 (KHTML, like Gecko) Chrome/144.0.0.0 Safari/537.36"
36.83.137.224 - - [23/Feb/2026:20:09:49 +0000] "GET /wp-includes/js/jquery/ui/controlgroup.min.js?ver=1.13.3 HTTP/1.1" 200 4402 "https://mentoring-wp.dreamsmarketplace.com/wp-admin/admin.php?page=mentoring-options" "Mozilla/5.0 (Windows NT 10.0; Win64; x64) AppleWebKit/537.36 (KHTML, like Gecko) Chrome/144.0.0.0 Safari/537.36"
36.83.137.224 - - [23/Feb/2026:20:09:49 +0000] "GET /wp-includes/js/jquery/ui/button.min.js?ver=1.13.3 HTTP/1.1" 200 6154 "https://mentoring-wp.dreamsmarketplace.com/wp-admin/admin.php?page=mentoring-options" "Mozilla/5.0 (Windows NT 10.0; Win64; x64) AppleWebKit/537.36 (KHTML, like Gecko) Chrome/144.0.0.0 Safari/537.36"
36.83.137.224 - - [23/Feb/2026:20:09:49 +0000] "GET /wp-includes/js/jquery/ui/dialog.min.js?ver=1.13.3 HTTP/1.1" 200 13098 "https://mentoring-wp.dreamsmarketplace.com/wp-admin/admin.php?page=mentoring-options" "Mozilla/5.0 (Windows NT 10.0; Win64; x64) AppleWebKit/537.36 (KHTML, like Gecko) Chrome/144.0.0.0 Safari/537.36"
36.83.137.224 - - [23/Feb/2026:20:09:49 +0000] "GET /wp-content/plugins/redux-framework/redux-core/assets/js/vendor/select2-sortable/redux.select2.sortable.min.js?ver=4.5.10 HTTP/1.1" 200 1971 "https://mentoring-wp.dreamsmarketplace.com/wp-admin/admin.php?page=mentoring-options" "Mozilla/5.0 (Windows NT 10.0; Win64; x64) AppleWebKit/537.36 (KHTML, like Gecko) Chrome/144.0.0.0 Safari/537.36"
36.83.137.224 - - [23/Feb/2026:20:09:49 +0000] "GET /wp-includes/js/jquery/ui/checkboxradio.min.js?ver=1.13.3 HTTP/1.1" 200 4348 "https://mentoring-wp.dreamsmarketplace.com/wp-admin/admin.php?page=mentoring-options" "Mozilla/5.0 (Windows NT 10.0; Win64; x64) AppleWebKit/537.36 (KHTML, like Gecko) Chrome/144.0.0.0 Safari/537.36"
36.83.137.224 - - [23/Feb/2026:20:09:49 +0000] "GET /wp-includes/js/jquery/ui/resizable.min.js?ver=1.13.3 HTTP/1.1" 200 18824 "https://mentoring-wp.dreamsmarketplace.com/wp-admin/admin.php?page=mentoring-options" "Mozilla/5.0 (Windows NT 10.0; Win64; x64) AppleWebKit/537.36 (KHTML, like Gecko) Chrome/144.0.0.0 Safari/537.36"
36.83.137.224 - - [23/Feb/2026:20:09:49 +0000] "GET /wp-content/plugins/redux-framework/redux-core/assets/js/vendor/select2/select2.min.js?ver=4.1.0 HTTP/1.1" 200 73171 "https://mentoring-wp.dreamsmarketplace.com/wp-admin/admin.php?page=mentoring-options" "Mozilla/5.0 (Windows NT 10.0; Win64; x64) AppleWebKit/537.36 (KHTML, like Gecko) Chrome/144.0.0.0 Safari/537.36"
36.83.137.224 - - [23/Feb/2026:20:09:49 +0000] "GET /wp-content/plugins/redux-framework/redux-core/assets/js/redux-vendors.min.js?ver=4.5.10 HTTP/1.1" 200 19317 "https://mentoring-wp.dreamsmarketplace.com/wp-admin/admin.php?page=mentoring-options" "Mozilla/5.0 (Windows NT 10.0; Win64; x64) AppleWebKit/537.36 (KHTML, like Gecko) Chrome/144.0.0.0 Safari/537.36"
36.83.137.224 - - [23/Feb/2026:20:09:49 +0000] "GET /wp-content/plugins/redux-framework/redux-core/inc/fields/select/redux-select.min.js?ver=4.5.10 HTTP/1.1" 200 1682 "https://mentoring-wp.dreamsmarketplace.com/wp-admin/admin.php?page=mentoring-options" "Mozilla/5.0 (Windows NT 10.0; Win64; x64) AppleWebKit/537.36 (KHTML, like Gecko) Chrome/144.0.0.0 Safari/537.36"
36.83.137.224 - - [23/Feb/2026:20:09:49 +0000] "GET /wp-content/plugins/redux-framework/redux-core/assets/js/vendor/qtip/qtip.min.js?ver=3.0.3 HTTP/1.1" 200 44023 "https://mentoring-wp.dreamsmarketplace.com/wp-admin/admin.php?page=mentoring-options" "Mozilla/5.0 (Windows NT 10.0; Win64; x64) AppleWebKit/537.36 (KHTML, like Gecko) Chrome/144.0.0.0 Safari/537.36"
36.83.137.224 - - [23/Feb/2026:20:09:49 +0000] "GET /wp-content/plugins/redux-framework/redux-core/assets/js/redux.min.js?ver=4.5.10 HTTP/1.1" 200 35615 "https://mentoring-wp.dreamsmarketplace.com/wp-admin/admin.php?page=mentoring-options" "Mozilla/5.0 (Windows NT 10.0; Win64; x64) AppleWebKit/537.36 (KHTML, like Gecko) Chrome/144.0.0.0 Safari/537.36"
36.83.137.224 - - [23/Feb/2026:20:09:49 +0000] "GET /wp-content/plugins/redux-framework/redux-core/inc/fields/switch/redux-switch.min.js?ver=4.5.10 HTTP/1.1" 200 1189 "https://mentoring-wp.dreamsmarketplace.com/wp-admin/admin.php?page=mentoring-options" "Mozilla/5.0 (Windows NT 10.0; Win64; x64) AppleWebKit/537.36 (KHTML, like Gecko) Chrome/144.0.0.0 Safari/537.36"
36.83.137.224 - - [23/Feb/2026:20:09:49 +0000] "GET /wp-content/plugins/redux-framework/redux-core/inc/fields/color/redux-color.min.js?ver=4.5.10 HTTP/1.1" 200 2356 "https://mentoring-wp.dreamsmarketplace.com/wp-admin/admin.php?page=mentoring-options" "Mozilla/5.0 (Windows NT 10.0; Win64; x64) AppleWebKit/537.36 (KHTML, like Gecko) Chrome/144.0.0.0 Safari/537.36"
36.83.137.224 - - [23/Feb/2026:20:09:49 +0000] "GET /wp-content/plugins/redux-framework/redux-core/assets/js/vendor/nouislider/redux.jquery.nouislider.min.js?ver=5.0.0 HTTP/1.1" 200 10691 "https://mentoring-wp.dreamsmarketplace.com/wp-admin/admin.php?page=mentoring-options" "Mozilla/5.0 (Windows NT 10.0; Win64; x64) AppleWebKit/537.36 (KHTML, like Gecko) Chrome/144.0.0.0 Safari/537.36"
36.83.137.224 - - [23/Feb/2026:20:09:49 +0000] "GET /wp-content/plugins/redux-framework/redux-core/assets/js/media/media.min.js?ver=4.5.10 HTTP/1.1" 200 3070 "https://mentoring-wp.dreamsmarketplace.com/wp-admin/admin.php?page=mentoring-options" "Mozilla/5.0 (Windows NT 10.0; Win64; x64) AppleWebKit/537.36 (KHTML, like Gecko) Chrome/144.0.0.0 Safari/537.36"
36.83.137.224 - - [23/Feb/2026:20:09:49 +0000] "GET /wp-content/plugins/redux-framework/redux-core/inc/fields/slider/redux-slider.min.js?ver=4.5.10 HTTP/1.1" 200 2920 "https://mentoring-wp.dreamsmarketplace.com/wp-admin/admin.php?page=mentoring-options" "Mozilla/5.0 (Windows NT 10.0; Win64; x64) AppleWebKit/537.36 (KHTML, like Gecko) Chrome/144.0.0.0 Safari/537.36"
36.83.137.224 - - [23/Feb/2026:20:09:49 +0000] "GET /wp-content/plugins/redux-framework/redux-core/inc/fields/image_select/redux-image-select.min.js?ver=4.5.10 HTTP/1.1" 200 2123 "https://mentoring-wp.dreamsmarketplace.com/wp-admin/admin.php?page=mentoring-options" "Mozilla/5.0 (Windows NT 10.0; Win64; x64) AppleWebKit/537.36 (KHTML, like Gecko) Chrome/144.0.0.0 Safari/537.36"
36.83.137.224 - - [23/Feb/2026:20:09:49 +0000] "GET /wp-content/plugins/redux-framework/redux-core/inc/fields/editor/redux-editor.min.js?ver=4.5.10 HTTP/1.1" 200 1072 "https://mentoring-wp.dreamsmarketplace.com/wp-admin/admin.php?page=mentoring-options" "Mozilla/5.0 (Windows NT 10.0; Win64; x64) AppleWebKit/537.36 (KHTML, like Gecko) Chrome/144.0.0.0 Safari/537.36"
36.83.137.224 - - [23/Feb/2026:20:09:49 +0000] "GET /wp-content/plugins/redux-framework/redux-core/inc/fields/multi_text/redux-multi-text.min.js?ver=4.5.10 HTTP/1.1" 200 1558 "https://mentoring-wp.dreamsmarketplace.com/wp-admin/admin.php?page=mentoring-options" "Mozilla/5.0 (Windows NT 10.0; Win64; x64) AppleWebKit/537.36 (KHTML, like Gecko) Chrome/144.0.0.0 Safari/537.36"
36.83.137.224 - - [23/Feb/2026:20:09:49 +0000] "GET /wp-includes/js/wplink.min.js?ver=6.9 HTTP/1.1" 200 11317 "https://mentoring-wp.dreamsmarketplace.com/wp-admin/admin.php?page=mentoring-options" "Mozilla/5.0 (Windows NT 10.0; Win64; x64) AppleWebKit/537.36 (KHTML, like Gecko) Chrome/144.0.0.0 Safari/537.36"
36.83.137.224 - - [23/Feb/2026:20:09:49 +0000] "GET /wp-content/plugins/redux-framework/redux-core/inc/extensions/import_export/import_export/redux-import-export.min.js?ver=4.5.10 HTTP/1.1" 200 3231 "https://mentoring-wp.dreamsmarketplace.com/wp-admin/admin.php?page=mentoring-options" "Mozilla/5.0 (Windows NT 10.0; Win64; x64) AppleWebKit/537.36 (KHTML, like Gecko) Chrome/144.0.0.0 Safari/537.36"
36.83.137.224 - - [23/Feb/2026:20:09:49 +0000] "GET /wp-includes/js/jquery/ui/menu.min.js?ver=1.13.3 HTTP/1.1" 200 10199 "https://mentoring-wp.dreamsmarketplace.com/wp-admin/admin.php?page=mentoring-options" "Mozilla/5.0 (Windows NT 10.0; Win64; x64) AppleWebKit/537.36 (KHTML, like Gecko) Chrome/144.0.0.0 Safari/537.36"
36.83.137.224 - - [23/Feb/2026:20:09:49 +0000] "GET /wp-content/plugins/redux-framework/redux-core/inc/fields/background/redux-background.min.js?ver=4.5.10 HTTP/1.1" 200 5241 "https://mentoring-wp.dreamsmarketplace.com/wp-admin/admin.php?page=mentoring-options" "Mozilla/5.0 (Windows NT 10.0; Win64; x64) AppleWebKit/537.36 (KHTML, like Gecko) Chrome/144.0.0.0 Safari/537.36"
36.83.137.224 - - [23/Feb/2026:20:09:49 +0000] "GET /wp-includes/js/quicktags.min.js?ver=6.9 HTTP/1.1" 200 11132 "https://mentoring-wp.dreamsmarketplace.com/wp-admin/admin.php?page=mentoring-options" "Mozilla/5.0 (Windows NT 10.0; Win64; x64) AppleWebKit/537.36 (KHTML, like Gecko) Chrome/144.0.0.0 Safari/537.36"
36.83.137.224 - - [23/Feb/2026:20:09:49 +0000] "GET /wp-includes/js/jquery/ui/autocomplete.min.js?ver=1.13.3 HTTP/1.1" 200 8536 "https://mentoring-wp.dreamsmarketplace.com/wp-admin/admin.php?page=mentoring-options" "Mozilla/5.0 (Windows NT 10.0; Win64; x64) AppleWebKit/537.36 (KHTML, like Gecko) Chrome/144.0.0.0 Safari/537.36"
36.83.137.224 - - [23/Feb/2026:20:09:49 +0000] "GET /wp-admin/js/media-upload.min.js?ver=6.9 HTTP/1.1" 200 1152 "https://mentoring-wp.dreamsmarketplace.com/wp-admin/admin.php?page=mentoring-options" "Mozilla/5.0 (Windows NT 10.0; Win64; x64) AppleWebKit/537.36 (KHTML, like Gecko) Chrome/144.0.0.0 Safari/537.36"
36.83.137.224 - - [23/Feb/2026:20:09:49 +0000] "GET /wp-includes/js/tinymce/plugins/compat3x/plugin.min.js?ver=49110-20250317 HTTP/1.1" 200 4129 "https://mentoring-wp.dreamsmarketplace.com/wp-admin/admin.php?page=mentoring-options" "Mozilla/5.0 (Windows NT 10.0; Win64; x64) AppleWebKit/537.36 (KHTML, like Gecko) Chrome/144.0.0.0 Safari/537.36"
36.83.137.224 - - [23/Feb/2026:20:09:49 +0000] "GET /wp-content/themes/mentoring/assets/images/theme-options/blog-settings/full-width.jpg HTTP/1.1" 200 2558 "https://mentoring-wp.dreamsmarketplace.com/wp-admin/admin.php?page=mentoring-options" "Mozilla/5.0 (Windows NT 10.0; Win64; x64) AppleWebKit/537.36 (KHTML, like Gecko) Chrome/144.0.0.0 Safari/537.36"
36.83.137.224 - - [23/Feb/2026:20:09:49 +0000] "GET /wp-content/themes/mentoring/assets/images/theme-options/blog-settings/left-sidebar.jpg HTTP/1.1" 200 3177 "https://mentoring-wp.dreamsmarketplace.com/wp-admin/admin.php?page=mentoring-options" "Mozilla/5.0 (Windows NT 10.0; Win64; x64) AppleWebKit/537.36 (KHTML, like Gecko) Chrome/144.0.0.0 Safari/537.36"
36.83.137.224 - - [23/Feb/2026:20:09:49 +0000] "GET /wp-content/themes/mentoring/assets/images/theme-options/blog-settings/right-sidebar.jpg HTTP/1.1" 200 3374 "https://mentoring-wp.dreamsmarketplace.com/wp-admin/admin.php?page=mentoring-options" "Mozilla/5.0 (Windows NT 10.0; Win64; x64) AppleWebKit/537.36 (KHTML, like Gecko) Chrome/144.0.0.0 Safari/537.36"
36.83.137.224 - - [23/Feb/2026:20:09:49 +0000] "GET /wp-includes/js/tinymce/tinymce.min.js?ver=49110-20250317 HTTP/1.1" 200 365570 "https://mentoring-wp.dreamsmarketplace.com/wp-admin/admin.php?page=mentoring-options" "Mozilla/5.0 (Windows NT 10.0; Win64; x64) AppleWebKit/537.36 (KHTML, like Gecko) Chrome/144.0.0.0 Safari/537.36"
36.83.137.224 - - [23/Feb/2026:20:09:49 +0000] "GET /wp-content/themes/mentoring/assets/images/theme-options/blog-settings/details/style-1.jpg HTTP/1.1" 200 10812 "https://mentoring-wp.dreamsmarketplace.com/wp-admin/admin.php?page=mentoring-options" "Mozilla/5.0 (Windows NT 10.0; Win64; x64) AppleWebKit/537.36 (KHTML, like Gecko) Chrome/144.0.0.0 Safari/537.36"
36.83.137.224 - - [23/Feb/2026:20:09:50 +0000] "GET /wp-content/plugins/redux-framework/redux-core/assets/fonts/elusiveicons-webfont.woff?v=2.0.0 HTTP/1.1" 200 49068 "https://mentoring-wp.dreamsmarketplace.com/wp-content/plugins/redux-framework/redux-core/assets/css/vendor/elusive-icons.min.css?ver=2.0.0" "Mozilla/5.0 (Windows NT 10.0; Win64; x64) AppleWebKit/537.36 (KHTML, like Gecko) Chrome/144.0.0.0 Safari/537.36"
36.83.137.224 - - [23/Feb/2026:20:09:50 +0000] "GET /wp-includes/js/wp-embed.min.js?ver=6.9 HTTP/1.1" 200 1251 "https://mentoring-wp.dreamsmarketplace.com/wp-admin/admin.php?page=mentoring-options" "Mozilla/5.0 (Windows NT 10.0; Win64; x64) AppleWebKit/537.36 (KHTML, like Gecko) Chrome/144.0.0.0 Safari/537.36"
36.83.137.224 - - [23/Feb/2026:20:09:52 +0000] "GET /wp-includes/js/tinymce/themes/modern/theme.min.js?wp-mce-49110-20250317 HTTP/1.1" 200 130746 "https://mentoring-wp.dreamsmarketplace.com/wp-admin/admin.php?page=mentoring-options" "Mozilla/5.0 (Windows NT 10.0; Win64; x64) AppleWebKit/537.36 (KHTML, like Gecko) Chrome/144.0.0.0 Safari/537.36"
172.187.168.139 - - [23/Feb/2026:20:09:53 +0000] "POST /wp-cron.php?doing_wp_cron=1771877393.0439629554748535156250 HTTP/1.1" 200 31 "-" "WordPress/6.9; https://mentoring-wp.dreamsmarketplace.com"
36.83.137.224 - - [23/Feb/2026:20:09:53 +0000] "GET /wp-admin/admin-ajax.php?action=wp-compression-test&test=1&_ajax_nonce=8e5e8ae576&1771877391565 HTTP/1.1" 200 1126 "https://mentoring-wp.dreamsmarketplace.com/wp-admin/admin.php?page=mentoring-options" "Mozilla/5.0 (Windows NT 10.0; Win64; x64) AppleWebKit/537.36 (KHTML, like Gecko) Chrome/144.0.0.0 Safari/537.36"
36.83.137.224 - - [23/Feb/2026:20:09:53 +0000] "GET /wp-includes/js/tinymce/plugins/colorpicker/plugin.min.js?wp-mce-49110-20250317 HTTP/1.1" 200 1349 "https://mentoring-wp.dreamsmarketplace.com/wp-admin/admin.php?page=mentoring-options" "Mozilla/5.0 (Windows NT 10.0; Win64; x64) AppleWebKit/537.36 (KHTML, like Gecko) Chrome/144.0.0.0 Safari/537.36"
36.83.137.224 - - [23/Feb/2026:20:09:53 +0000] "GET /wp-includes/js/tinymce/plugins/fullscreen/plugin.min.js?wp-mce-49110-20250317 HTTP/1.1" 200 2184 "https://mentoring-wp.dreamsmarketplace.com/wp-admin/admin.php?page=mentoring-options" "Mozilla/5.0 (Windows NT 10.0; Win64; x64) AppleWebKit/537.36 (KHTML, like Gecko) Chrome/144.0.0.0 Safari/537.36"
36.83.137.224 - - [23/Feb/2026:20:09:53 +0000] "GET /wp-includes/js/tinymce/plugins/lists/plugin.min.js?wp-mce-49110-20250317 HTTP/1.1" 200 26968 "https://mentoring-wp.dreamsmarketplace.com/wp-admin/admin.php?page=mentoring-options" "Mozilla/5.0 (Windows NT 10.0; Win64; x64) AppleWebKit/537.36 (KHTML, like Gecko) Chrome/144.0.0.0 Safari/537.36"
36.83.137.224 - - [23/Feb/2026:20:09:53 +0000] "GET /wp-includes/js/tinymce/plugins/wordpress/plugin.min.js?wp-mce-49110-20250317 HTTP/1.1" 200 16407 "https://mentoring-wp.dreamsmarketplace.com/wp-admin/admin.php?page=mentoring-options" "Mozilla/5.0 (Windows NT 10.0; Win64; x64) AppleWebKit/537.36 (KHTML, like Gecko) Chrome/144.0.0.0 Safari/537.36"
36.83.137.224 - - [23/Feb/2026:20:09:53 +0000] "GET /wp-includes/js/tinymce/plugins/wpeditimage/plugin.min.js?wp-mce-49110-20250317 HTTP/1.1" 200 12067 "https://mentoring-wp.dreamsmarketplace.com/wp-admin/admin.php?page=mentoring-options" "Mozilla/5.0 (Windows NT 10.0; Win64; x64) AppleWebKit/537.36 (KHTML, like Gecko) Chrome/144.0.0.0 Safari/537.36"
36.83.137.224 - - [23/Feb/2026:20:09:53 +0000] "GET /wp-includes/js/tinymce/plugins/image/plugin.min.js?wp-mce-49110-20250317 HTTP/1.1" 200 15852 "https://mentoring-wp.dreamsmarketplace.com/wp-admin/admin.php?page=mentoring-options" "Mozilla/5.0 (Windows NT 10.0; Win64; x64) AppleWebKit/537.36 (KHTML, like Gecko) Chrome/144.0.0.0 Safari/537.36"
36.83.137.224 - - [23/Feb/2026:20:09:53 +0000] "GET /wp-includes/js/tinymce/plugins/wplink/plugin.min.js?wp-mce-49110-20250317 HTTP/1.1" 200 8988 "https://mentoring-wp.dreamsmarketplace.com/wp-admin/admin.php?page=mentoring-options" "Mozilla/5.0 (Windows NT 10.0; Win64; x64) AppleWebKit/537.36 (KHTML, like Gecko) Chrome/144.0.0.0 Safari/537.36"
172.187.168.139 - - [23/Feb/2026:20:09:54 +0000] "POST /wp-cron.php?doing_wp_cron=1771877394.4935851097106933593750 HTTP/1.1" 200 31 "-" "WordPress/6.9; https://mentoring-wp.dreamsmarketplace.com"
36.83.137.224 - - [23/Feb/2026:20:09:54 +0000] "GET /wp-includes/js/tinymce/skins/wordpress/wp-content.css?ver=6.9&wp-mce-49110-20250317 HTTP/1.1" 200 8760 "https://mentoring-wp.dreamsmarketplace.com/wp-admin/admin.php?page=mentoring-options" "Mozilla/5.0 (Windows NT 10.0; Win64; x64) AppleWebKit/537.36 (KHTML, like Gecko) Chrome/144.0.0.0 Safari/537.36"
36.83.137.224 - - [23/Feb/2026:20:09:54 +0000] "GET /wp-admin/admin-ajax.php?action=wp-compression-test&test=2&_ajax_nonce=8e5e8ae576&1771877392958 HTTP/1.1" 200 602 "https://mentoring-wp.dreamsmarketplace.com/wp-admin/admin.php?page=mentoring-options" "Mozilla/5.0 (Windows NT 10.0; Win64; x64) AppleWebKit/537.36 (KHTML, like Gecko) Chrome/144.0.0.0 Safari/537.36"
36.83.137.224 - - [23/Feb/2026:20:09:54 +0000] "GET /wp-includes/js/tinymce/skins/lightgray/skin.min.css?wp-mce-49110-20250317 HTTP/1.1" 200 44010 "https://mentoring-wp.dreamsmarketplace.com/wp-admin/admin.php?page=mentoring-options" "Mozilla/5.0 (Windows NT 10.0; Win64; x64) AppleWebKit/537.36 (KHTML, like Gecko) Chrome/144.0.0.0 Safari/537.36"
36.83.137.224 - - [23/Feb/2026:20:09:54 +0000] "GET /wp-includes/js/tinymce/skins/lightgray/content.min.css?wp-mce-49110-20250317 HTTP/1.1" 200 4017 "https://mentoring-wp.dreamsmarketplace.com/wp-admin/admin.php?page=mentoring-options" "Mozilla/5.0 (Windows NT 10.0; Win64; x64) AppleWebKit/537.36 (KHTML, like Gecko) Chrome/144.0.0.0 Safari/537.36"
36.83.137.224 - - [23/Feb/2026:20:09:54 +0000] "GET /wp-includes/css/dashicons.min.css?ver=6.9&wp-mce-49110-20250317 HTTP/1.1" 200 59004 "https://mentoring-wp.dreamsmarketplace.com/wp-admin/admin.php?page=mentoring-options" "Mozilla/5.0 (Windows NT 10.0; Win64; x64) AppleWebKit/537.36 (KHTML, like Gecko) Chrome/144.0.0.0 Safari/537.36"
172.187.168.139 - - [23/Feb/2026:20:09:57 +0000] "POST /wp-cron.php?doing_wp_cron=1771877397.0426979064941406250000 HTTP/1.1" 200 31 "-" "WordPress/6.9; https://mentoring-wp.dreamsmarketplace.com"
36.83.137.224 - - [23/Feb/2026:20:09:57 +0000] "GET /wp-admin/admin-ajax.php?action=wp-compression-test&test=yes&_ajax_nonce=8e5e8ae576&1771877395446 HTTP/1.1" 200 11 "https://mentoring-wp.dreamsmarketplace.com/wp-admin/admin.php?page=mentoring-options" "Mozilla/5.0 (Windows NT 10.0; Win64; x64) AppleWebKit/537.36 (KHTML, like Gecko) Chrome/144.0.0.0 Safari/537.36"
2001:41d0:303:2bb6::1 - - [23/Feb/2026:20:16:05 +0000] "GET /robots.txt HTTP/1.1" 301 178 "-" "Mozilla/5.0 (compatible; MJ12bot/v1.4.8; http://mj12bot.com/)"
172.187.168.139 - - [23/Feb/2026:20:16:06 +0000] "POST /wp-cron.php?doing_wp_cron=1771877766.7486379146575927734375 HTTP/1.1" 200 31 "-" "WordPress/6.9; https://mentoring-wp.dreamsmarketplace.com"
2001:41d0:303:2bb6::1 - - [23/Feb/2026:20:16:06 +0000] "GET /robots.txt HTTP/1.1" 200 349 "-" "Mozilla/5.0 (compatible; MJ12bot/v1.4.8; http://mj12bot.com/)"
2001:41d0:303:2bb6::1 - - [23/Feb/2026:20:16:08 +0000] "GET /%CF%80%CE%B1%CE%B9%CF%87%CE%BD%CE%AF%CE%B4%CE%B9-%CE%BA%CE%BF%CF%85%CE%BB%CE%BF%CF%87%CE%AD%CF%81%CE%B7-fishing-madness-%CF%80%CE%B1%CE%AF%CE%BE%CF%84%CE%B5-%CE%B4%CF%89%CF%81%CE%B5%CE%AC%CE%BD-mercur/ HTTP/1.1" 301 178 "-" "Mozilla/5.0 (compatible; MJ12bot/v1.4.8; http://mj12bot.com/)"
172.187.168.139 - - [23/Feb/2026:20:16:11 +0000] "POST /wp-cron.php?doing_wp_cron=1771877771.4684770107269287109375 HTTP/1.1" 200 31 "-" "WordPress/6.9; https://mentoring-wp.dreamsmarketplace.com"
2001:41d0:303:2bb6::1 - - [23/Feb/2026:20:16:11 +0000] "GET /%CF%80%CE%B1%CE%B9%CF%87%CE%BD%CE%AF%CE%B4%CE%B9-%CE%BA%CE%BF%CF%85%CE%BB%CE%BF%CF%87%CE%AD%CF%81%CE%B7-fishing-madness-%CF%80%CE%B1%CE%AF%CE%BE%CF%84%CE%B5-%CE%B4%CF%89%CF%81%CE%B5%CE%AC%CE%BD-mercur/ HTTP/1.1" 404 10995 "-" "Mozilla/5.0 (compatible; MJ12bot/v1.4.8; http://mj12bot.com/)"
2001:41d0:303:2bb6::1 - - [23/Feb/2026:20:16:13 +0000] "GET /%D8%AC%D9%87%D9%86%D9%85-%D9%85%D8%B9%D9%84%D9%82%D8%8C-%DA%A9%D9%86%D8%A7%D8%B1-%DA%AF%D8%B0%D8%A7%D8%B4%D8%AA%D9%87-%D8%B4%D8%AF%D9%87-%D8%A8%D8%B1%D8%A7%DB%8C-%D8%AF%D8%B3%DA%A9%D8%AA%D8%A7%D9%BE/ HTTP/1.1" 301 178 "-" "Mozilla/5.0 (compatible; MJ12bot/v1.4.8; http://mj12bot.com/)"
172.187.168.139 - - [23/Feb/2026:20:16:16 +0000] "POST /wp-cron.php?doing_wp_cron=1771877776.4704449176788330078125 HTTP/1.1" 200 31 "-" "WordPress/6.9; https://mentoring-wp.dreamsmarketplace.com"
2001:41d0:303:2bb6::1 - - [23/Feb/2026:20:16:16 +0000] "GET /%D8%AC%D9%87%D9%86%D9%85-%D9%85%D8%B9%D9%84%D9%82%D8%8C-%DA%A9%D9%86%D8%A7%D8%B1-%DA%AF%D8%B0%D8%A7%D8%B4%D8%AA%D9%87-%D8%B4%D8%AF%D9%87-%D8%A8%D8%B1%D8%A7%DB%8C-%D8%AF%D8%B3%DA%A9%D8%AA%D8%A7%D9%BE/ HTTP/1.1" 404 10992 "-" "Mozilla/5.0 (compatible; MJ12bot/v1.4.8; http://mj12bot.com/)"
2001:41d0:303:2bb6::1 - - [23/Feb/2026:20:16:18 +0000] "GET /%D9%88%D8%A7%D9%82%D8%B9%D9%8A-%D8%B1%D9%88%D9%84%D9%8A%D8%AA-%D9%85%D8%A8%D8%A7%D8%B4%D8%B1-%D9%85%D8%B9-%D8%AF%D9%8A%D9%84%D8%B1-%D8%AD%D9%82%D9%8A%D9%82%D9%8A-%D8%B9%D9%84%D9%89-%D8%A7%D9%84%D8%AC/ HTTP/1.1" 301 178 "-" "Mozilla/5.0 (compatible; MJ12bot/v1.4.8; http://mj12bot.com/)"
172.187.168.139 - - [23/Feb/2026:20:16:21 +0000] "POST /wp-cron.php?doing_wp_cron=1771877781.4630939960479736328125 HTTP/1.1" 200 31 "-" "WordPress/6.9; https://mentoring-wp.dreamsmarketplace.com"
2001:41d0:303:2bb6::1 - - [23/Feb/2026:20:16:21 +0000] "GET /%D9%88%D8%A7%D9%82%D8%B9%D9%8A-%D8%B1%D9%88%D9%84%D9%8A%D8%AA-%D9%85%D8%A8%D8%A7%D8%B4%D8%B1-%D9%85%D8%B9-%D8%AF%D9%8A%D9%84%D8%B1-%D8%AD%D9%82%D9%8A%D9%82%D9%8A-%D8%B9%D9%84%D9%89-%D8%A7%D9%84%D8%AC/ HTTP/1.1" 404 10985 "-" "Mozilla/5.0 (compatible; MJ12bot/v1.4.8; http://mj12bot.com/)"
2001:41d0:303:2bb6::1 - - [23/Feb/2026:20:16:23 +0000] "GET /angeschlossen-casino-paypal-%E1%90%85-top-paypal-casinos-in-spielen-sie-aztec-spell-10-lines-online-teutonia-2025/ HTTP/1.1" 301 178 "-" "Mozilla/5.0 (compatible; MJ12bot/v1.4.8; http://mj12bot.com/)"
172.187.168.139 - - [23/Feb/2026:20:16:26 +0000] "POST /wp-cron.php?doing_wp_cron=1771877786.3012609481811523437500 HTTP/1.1" 200 31 "-" "WordPress/6.9; https://mentoring-wp.dreamsmarketplace.com"
2001:41d0:303:2bb6::1 - - [23/Feb/2026:20:16:26 +0000] "GET /angeschlossen-casino-paypal-%E1%90%85-top-paypal-casinos-in-spielen-sie-aztec-spell-10-lines-online-teutonia-2025/ HTTP/1.1" 404 10980 "-" "Mozilla/5.0 (compatible; MJ12bot/v1.4.8; http://mj12bot.com/)"
2001:41d0:303:2bb6::1 - - [23/Feb/2026:20:16:28 +0000] "GET /beste-echtgeld-online-casinos-ganz-inside-einzahlung-5-holen-sie-sich-100-kostenlose-spins-einer-spielbank-verzeichnis%E3%80%902025%E3%80%91/ HTTP/1.1" 301 178 "-" "Mozilla/5.0 (compatible; MJ12bot/v1.4.8; http://mj12bot.com/)"
172.187.168.139 - - [23/Feb/2026:20:16:31 +0000] "POST /wp-cron.php?doing_wp_cron=1771877791.0193219184875488281250 HTTP/1.1" 200 31 "-" "WordPress/6.9; https://mentoring-wp.dreamsmarketplace.com"
2001:41d0:303:2bb6::1 - - [23/Feb/2026:20:16:31 +0000] "GET /beste-echtgeld-online-casinos-ganz-inside-einzahlung-5-holen-sie-sich-100-kostenlose-spins-einer-spielbank-verzeichnis%E3%80%902025%E3%80%91/ HTTP/1.1" 404 11007 "-" "Mozilla/5.0 (compatible; MJ12bot/v1.4.8; http://mj12bot.com/)"
2001:41d0:303:2bb6::1 - - [23/Feb/2026:20:16:32 +0000] "GET /beste-mobile-casinos-entscheidender-link-within-brd-%E1%97%8E-natel-casino-spiele-qua-echtgeld/ HTTP/1.1" 301 178 "-" "Mozilla/5.0 (compatible; MJ12bot/v1.4.8; http://mj12bot.com/)"
172.187.168.139 - - [23/Feb/2026:20:16:35 +0000] "POST /wp-cron.php?doing_wp_cron=1771877795.6100990772247314453125 HTTP/1.1" 200 31 "-" "WordPress/6.9; https://mentoring-wp.dreamsmarketplace.com"
2001:41d0:303:2bb6::1 - - [23/Feb/2026:20:16:35 +0000] "GET /beste-mobile-casinos-entscheidender-link-within-brd-%E1%97%8E-natel-casino-spiele-qua-echtgeld/ HTTP/1.1" 404 10978 "-" "Mozilla/5.0 (compatible; MJ12bot/v1.4.8; http://mj12bot.com/)"
2001:41d0:303:2bb6::1 - - [23/Feb/2026:20:16:37 +0000] "GET /cleopatra-gambling-enterprise-added-bonus-%E1%90%85-acceptance-bundle-reload-also-offers/ HTTP/1.1" 301 178 "-" "Mozilla/5.0 (compatible; MJ12bot/v1.4.8; http://mj12bot.com/)"
172.187.168.139 - - [23/Feb/2026:20:16:40 +0000] "POST /wp-cron.php?doing_wp_cron=1771877800.0969779491424560546875 HTTP/1.1" 200 31 "-" "WordPress/6.9; https://mentoring-wp.dreamsmarketplace.com"
2001:41d0:303:2bb6::1 - - [23/Feb/2026:20:16:40 +0000] "GET /cleopatra-gambling-enterprise-added-bonus-%E1%90%85-acceptance-bundle-reload-also-offers/ HTTP/1.1" 404 10970 "-" "Mozilla/5.0 (compatible; MJ12bot/v1.4.8; http://mj12bot.com/)"
2001:41d0:303:2bb6::1 - - [23/Feb/2026:20:16:42 +0000] "GET /fishing-madness-position-mobile-%CE%B4%CF%89%CF%81%CE%B5%CE%AC%CE%BD-%CF%80%CE%B5%CF%81%CE%B9%CF%83%CF%84%CF%81%CE%BF%CF%86%CE%AD%CF%82-%CF%87%CF%89%CF%81%CE%AF%CF%82-%CE%BA%CE%B1%CF%84%CE%AC%CE%B8/ HTTP/1.1" 301 178 "-" "Mozilla/5.0 (compatible; MJ12bot/v1.4.8; http://mj12bot.com/)"
172.187.168.139 - - [23/Feb/2026:20:16:45 +0000] "POST /wp-cron.php?doing_wp_cron=1771877805.0041658878326416015625 HTTP/1.1" 200 31 "-" "WordPress/6.9; https://mentoring-wp.dreamsmarketplace.com"
2001:41d0:303:2bb6::1 - - [23/Feb/2026:20:16:45 +0000] "GET /fishing-madness-position-mobile-%CE%B4%CF%89%CF%81%CE%B5%CE%AC%CE%BD-%CF%80%CE%B5%CF%81%CE%B9%CF%83%CF%84%CF%81%CE%BF%CF%86%CE%AD%CF%82-%CF%87%CF%89%CF%81%CE%AF%CF%82-%CE%BA%CE%B1%CF%84%CE%AC%CE%B8/ HTTP/1.1" 404 11000 "-" "Mozilla/5.0 (compatible; MJ12bot/v1.4.8; http://mj12bot.com/)"
2001:41d0:303:2bb6::1 - - [23/Feb/2026:20:16:46 +0000] "GET /neue-online-casinos-diamonds-1-kaution-2025-%EF%B8%8F-jeden-tag-aktuelle-topliste/ HTTP/1.1" 301 178 "-" "Mozilla/5.0 (compatible; MJ12bot/v1.4.8; http://mj12bot.com/)"
172.187.168.139 - - [23/Feb/2026:20:16:49 +0000] "POST /wp-cron.php?doing_wp_cron=1771877809.4502770900726318359375 HTTP/1.1" 200 31 "-" "WordPress/6.9; https://mentoring-wp.dreamsmarketplace.com"
2001:41d0:303:2bb6::1 - - [23/Feb/2026:20:16:49 +0000] "GET /neue-online-casinos-diamonds-1-kaution-2025-%EF%B8%8F-jeden-tag-aktuelle-topliste/ HTTP/1.1" 404 10968 "-" "Mozilla/5.0 (compatible; MJ12bot/v1.4.8; http://mj12bot.com/)"
2001:41d0:303:2bb6::1 - - [23/Feb/2026:20:16:51 +0000] "GET /werden-50-spins-ohne-einzahlung-duck-kurzer-bet-at-home-slots-dem-recht-entsprechend-nachfolgende-spiele-king-of-the-jungle-online-slot-and-freispiele-2025-%D8%A7%D9%84%D8%AC%D9%85%D8%B9%D9%8A%D8%A9/ HTTP/1.1" 301 178 "-" "Mozilla/5.0 (compatible; MJ12bot/v1.4.8; http://mj12bot.com/)"
172.187.168.139 - - [23/Feb/2026:20:16:54 +0000] "POST /wp-cron.php?doing_wp_cron=1771877814.1397860050201416015625 HTTP/1.1" 200 31 "-" "WordPress/6.9; https://mentoring-wp.dreamsmarketplace.com"
2001:41d0:303:2bb6::1 - - [23/Feb/2026:20:16:54 +0000] "GET /werden-50-spins-ohne-einzahlung-duck-kurzer-bet-at-home-slots-dem-recht-entsprechend-nachfolgende-spiele-king-of-the-jungle-online-slot-and-freispiele-2025-%D8%A7%D9%84%D8%AC%D9%85%D8%B9%D9%8A%D8%A9/ HTTP/1.1" 404 11059 "-" "Mozilla/5.0 (compatible; MJ12bot/v1.4.8; http://mj12bot.com/)"
128.1.179.114 - - [23/Feb/2026:20:18:08 +0000] "POST /xmlrpc.php HTTP/1.1" 301 178 "-" "Mozilla/5.0 (Windows NT 10.0; Win64; x64) AppleWebKit/537.36 (KHTML, like Gecko) Chrome/114.0.0.0 Safari/537.36"
172.187.168.139 - - [23/Feb/2026:20:18:15 +0000] "POST /wp-cron.php?doing_wp_cron=1771877895.1829900741577148437500 HTTP/1.1" 200 31 "-" "WordPress/6.9; https://mentoring-wp.dreamsmarketplace.com"
128.1.179.114 - - [23/Feb/2026:20:18:15 +0000] "GET /xmlrpc.php HTTP/1.1" 405 53 "-" "Mozilla/5.0 (Windows NT 10.0; Win64; x64) AppleWebKit/537.36 (KHTML, like Gecko) Chrome/114.0.0.0 Safari/537.36"
128.1.179.114 - - [23/Feb/2026:20:18:17 +0000] "POST /xmlrpc.php HTTP/1.1" 301 178 "-" "Mozilla/5.0 (Windows NT 10.0; Win64; x64) AppleWebKit/537.36 (KHTML, like Gecko) Chrome/114.0.0.0 Safari/537.36"
172.187.168.139 - - [23/Feb/2026:20:18:19 +0000] "POST /wp-cron.php?doing_wp_cron=1771877899.1737780570983886718750 HTTP/1.1" 200 31 "-" "WordPress/6.9; https://mentoring-wp.dreamsmarketplace.com"
128.1.179.114 - - [23/Feb/2026:20:18:19 +0000] "GET /xmlrpc.php HTTP/1.1" 405 53 "-" "Mozilla/5.0 (Windows NT 10.0; Win64; x64) AppleWebKit/537.36 (KHTML, like Gecko) Chrome/114.0.0.0 Safari/537.36"
152.233.20.25 - - [23/Feb/2026:20:20:34 +0000] "POST /xmlrpc.php HTTP/1.1" 301 178 "-" "Mozilla/5.0 (Windows NT 10.0; Win64; x64) AppleWebKit/537.36 (KHTML, like Gecko) Chrome/114.0.0.0 Safari/537.36"
172.187.168.139 - - [23/Feb/2026:20:20:35 +0000] "POST /wp-cron.php?doing_wp_cron=1771878035.7508409023284912109375 HTTP/1.1" 200 31 "-" "WordPress/6.9; https://mentoring-wp.dreamsmarketplace.com"
152.233.20.25 - - [23/Feb/2026:20:20:35 +0000] "GET /xmlrpc.php HTTP/1.1" 405 53 "-" "Mozilla/5.0 (Windows NT 10.0; Win64; x64) AppleWebKit/537.36 (KHTML, like Gecko) Chrome/114.0.0.0 Safari/537.36"
152.233.20.25 - - [23/Feb/2026:20:20:36 +0000] "POST /xmlrpc.php HTTP/1.1" 301 178 "-" "Mozilla/5.0 (Windows NT 10.0; Win64; x64) AppleWebKit/537.36 (KHTML, like Gecko) Chrome/114.0.0.0 Safari/537.36"
172.187.168.139 - - [23/Feb/2026:20:20:37 +0000] "POST /wp-cron.php?doing_wp_cron=1771878037.0860428810119628906250 HTTP/1.1" 200 31 "-" "WordPress/6.9; https://mentoring-wp.dreamsmarketplace.com"
152.233.20.25 - - [23/Feb/2026:20:20:37 +0000] "GET /xmlrpc.php HTTP/1.1" 405 53 "-" "Mozilla/5.0 (Windows NT 10.0; Win64; x64) AppleWebKit/537.36 (KHTML, like Gecko) Chrome/114.0.0.0 Safari/537.36"
152.233.20.25 - - [23/Feb/2026:20:26:09 +0000] "POST /xmlrpc.php HTTP/1.1" 301 178 "-" "Mozilla/5.0 (Windows NT 10.0; Win64; x64) AppleWebKit/537.36 (KHTML, like Gecko) Chrome/114.0.0.0 Safari/537.36"
172.187.168.139 - - [23/Feb/2026:20:26:10 +0000] "POST /wp-cron.php?doing_wp_cron=1771878370.6191821098327636718750 HTTP/1.1" 200 31 "-" "WordPress/6.9; https://mentoring-wp.dreamsmarketplace.com"
152.233.20.25 - - [23/Feb/2026:20:26:10 +0000] "GET /xmlrpc.php HTTP/1.1" 405 53 "-" "Mozilla/5.0 (Windows NT 10.0; Win64; x64) AppleWebKit/537.36 (KHTML, like Gecko) Chrome/114.0.0.0 Safari/537.36"
152.233.20.25 - - [23/Feb/2026:20:26:11 +0000] "POST /xmlrpc.php HTTP/1.1" 301 178 "-" "Mozilla/5.0 (Windows NT 10.0; Win64; x64) AppleWebKit/537.36 (KHTML, like Gecko) Chrome/114.0.0.0 Safari/537.36"
172.187.168.139 - - [23/Feb/2026:20:26:12 +0000] "POST /wp-cron.php?doing_wp_cron=1771878372.0961539745330810546875 HTTP/1.1" 200 31 "-" "WordPress/6.9; https://mentoring-wp.dreamsmarketplace.com"
152.233.20.25 - - [23/Feb/2026:20:26:12 +0000] "GET /xmlrpc.php HTTP/1.1" 405 53 "-" "Mozilla/5.0 (Windows NT 10.0; Win64; x64) AppleWebKit/537.36 (KHTML, like Gecko) Chrome/114.0.0.0 Safari/537.36"
66.249.64.15 - - [23/Feb/2026:20:27:06 +0000] "GET /robots.txt HTTP/1.1" 301 178 "-" "Mozilla/5.0 (compatible; Googlebot/2.1; +http://www.google.com/bot.html)"
172.187.168.139 - - [23/Feb/2026:20:27:08 +0000] "POST /wp-cron.php?doing_wp_cron=1771878428.0425529479980468750000 HTTP/1.1" 200 31 "-" "WordPress/6.9; https://mentoring-wp.dreamsmarketplace.com"
66.249.66.45 - - [23/Feb/2026:20:27:08 +0000] "GET /robots.txt HTTP/1.1" 200 349 "-" "Mozilla/5.0 (compatible; Googlebot/2.1; +http://www.google.com/bot.html)"
66.249.64.14 - - [23/Feb/2026:20:27:08 +0000] "GET / HTTP/1.1" 301 178 "-" "Mozilla/5.0 (Linux; Android 6.0.1; Nexus 5X Build/MMB29P) AppleWebKit/537.36 (KHTML, like Gecko) Chrome/144.0.7559.132 Mobile Safari/537.36 (compatible; Googlebot/2.1; +http://www.google.com/bot.html)"
209.50.172.247 - - [23/Feb/2026:20:27:12 +0000] "GET /wp-login.php HTTP/1.1" 301 178 "-" "Mozilla/5.0 (Macintosh; Intel Mac OS X 13_5) AppleWebKit/605.1.15 (KHTML, like Gecko) Version/17.5 Safari/605.1.15"
172.187.168.139 - - [23/Feb/2026:20:27:15 +0000] "POST /wp-cron.php?doing_wp_cron=1771878435.4513659477233886718750 HTTP/1.1" 200 31 "-" "WordPress/6.9; https://mentoring-wp.dreamsmarketplace.com"
209.50.172.247 - - [23/Feb/2026:20:27:15 +0000] "GET /wp-login.php HTTP/1.1" 200 2470 "-" "Mozilla/5.0 (Macintosh; Intel Mac OS X 13_5) AppleWebKit/605.1.15 (KHTML, like Gecko) Version/17.5 Safari/605.1.15"
209.50.172.247 - - [23/Feb/2026:20:27:16 +0000] "GET /wp-login.php?wp_lang=en_US HTTP/1.1" 301 178 "-" "Mozilla/5.0 (Windows NT 10.0; Win64; x64) AppleWebKit/537.36 (KHTML, like Gecko) Chrome/124.0.6367.207 Safari/537.36"
172.187.168.139 - - [23/Feb/2026:20:27:18 +0000] "POST /wp-cron.php?doing_wp_cron=1771878438.8097209930419921875000 HTTP/1.1" 200 31 "-" "WordPress/6.9; https://mentoring-wp.dreamsmarketplace.com"
209.50.172.247 - - [23/Feb/2026:20:27:18 +0000] "GET /wp-login.php?wp_lang=en_US HTTP/1.1" 200 2470 "-" "Mozilla/5.0 (Windows NT 10.0; Win64; x64) AppleWebKit/537.36 (KHTML, like Gecko) Chrome/124.0.6367.207 Safari/537.36"
172.187.168.139 - - [23/Feb/2026:20:27:20 +0000] "POST /wp-cron.php?doing_wp_cron=1771878440.5920701026916503906250 HTTP/1.1" 200 31 "-" "WordPress/6.9; https://mentoring-wp.dreamsmarketplace.com"
209.50.172.247 - - [23/Feb/2026:20:27:20 +0000] "POST /wp-login.php?wp_lang=en_US HTTP/1.1" 302 5 "https://mentoring-wp.dreamsmarketplace.com/wp-login.php?wp_lang=en_US" "Mozilla/5.0 (Windows NT 10.0; Win64; x64) AppleWebKit/537.36 (KHTML, like Gecko) Chrome/124.0.6367.207 Safari/537.36"
172.187.168.139 - - [23/Feb/2026:20:27:23 +0000] "POST /wp-cron.php?doing_wp_cron=1771878443.6250870227813720703125 HTTP/1.1" 200 31 "-" "WordPress/6.9; https://mentoring-wp.dreamsmarketplace.com"
209.50.172.247 - - [23/Feb/2026:20:27:23 +0000] "GET /wp-admin/ HTTP/1.1" 200 18250 "https://mentoring-wp.dreamsmarketplace.com/wp-login.php?wp_lang=en_US" "Mozilla/5.0 (Windows NT 10.0; Win64; x64) AppleWebKit/537.36 (KHTML, like Gecko) Chrome/124.0.6367.207 Safari/537.36"
209.50.172.247 - - [23/Feb/2026:20:27:24 +0000] "GET /wp-admin/plugin-install.php HTTP/1.1" 301 178 "-" "Mozilla/5.0 (Windows NT 10.0; Win64; x64) AppleWebKit/537.36 (KHTML, like Gecko) Chrome/124.0.6367.207 Safari/537.36"
172.187.168.139 - - [23/Feb/2026:20:27:27 +0000] "POST /wp-cron.php?doing_wp_cron=1771878447.2315630912780761718750 HTTP/1.1" 200 31 "-" "WordPress/6.9; https://mentoring-wp.dreamsmarketplace.com"
209.50.172.247 - - [23/Feb/2026:20:27:27 +0000] "GET /wp-admin/plugin-install.php HTTP/1.1" 200 73978 "-" "Mozilla/5.0 (Windows NT 10.0; Win64; x64) AppleWebKit/537.36 (KHTML, like Gecko) Chrome/124.0.6367.207 Safari/537.36"
66.249.66.195 - - [23/Feb/2026:20:27:27 +0000] "GET /wp-content/themes/mentoring/assets/css/theme.css?ver=1.3.5 HTTP/1.1" 200 454148 "https://mentoring-wp.dreamsmarketplace.com/" "Mozilla/5.0 (Linux; Android 6.0.1; Nexus 5X Build/MMB29P) AppleWebKit/537.36 (KHTML, like Gecko) Chrome/144.0.7559.132 Mobile Safari/537.36 (compatible; Googlebot/2.1; +http://www.google.com/bot.html)"
209.50.172.247 - - [23/Feb/2026:20:27:28 +0000] "POST /wp-admin/update.php?action=upload-plugin HTTP/1.1" 301 178 "https://mentoring-wp.dreamstechnologies.com/wp-admin/update.php?action=upload-plugin" "Mozilla/5.0 (Windows NT 10.0; Win64; x64) AppleWebKit/537.36 (KHTML, like Gecko) Chrome/124.0.6367.207 Safari/537.36"
172.187.168.139 - - [23/Feb/2026:20:27:30 +0000] "POST /wp-cron.php?doing_wp_cron=1771878450.1760919094085693359375 HTTP/1.1" 200 31 "-" "WordPress/6.9; https://mentoring-wp.dreamsmarketplace.com"
209.50.172.247 - - [23/Feb/2026:20:27:30 +0000] "GET /wp-admin/update.php?action=upload-plugin HTTP/1.1" 403 1132 "https://mentoring-wp.dreamstechnologies.com/wp-admin/update.php?action=upload-plugin" "Mozilla/5.0 (Windows NT 10.0; Win64; x64) AppleWebKit/537.36 (KHTML, like Gecko) Chrome/124.0.6367.207 Safari/537.36"
104.207.61.198 - - [23/Feb/2026:20:27:31 +0000] "GET /wp-login.php HTTP/1.1" 301 178 "-" "Mozilla/5.0 (Windows NT 10.0; Win64; x64) AppleWebKit/537.36 (KHTML, like Gecko) Chrome/124.0.6367.207 Safari/537.36"
172.187.168.139 - - [23/Feb/2026:20:27:33 +0000] "POST /wp-cron.php?doing_wp_cron=1771878453.4492809772491455078125 HTTP/1.1" 200 31 "-" "WordPress/6.9; https://mentoring-wp.dreamsmarketplace.com"
104.207.61.198 - - [23/Feb/2026:20:27:33 +0000] "GET /wp-login.php HTTP/1.1" 200 2470 "-" "Mozilla/5.0 (Windows NT 10.0; Win64; x64) AppleWebKit/537.36 (KHTML, like Gecko) Chrome/124.0.6367.207 Safari/537.36"
104.207.61.198 - - [23/Feb/2026:20:27:34 +0000] "GET /wp-login.php?wp_lang=en_US HTTP/1.1" 301 178 "-" "Mozilla/5.0 (Windows NT 10.0; Win64; x64) AppleWebKit/537.36 (KHTML, like Gecko) Chrome/124.0.6367.207 Safari/537.36"
172.187.168.139 - - [23/Feb/2026:20:27:36 +0000] "POST /wp-cron.php?doing_wp_cron=1771878456.5324070453643798828125 HTTP/1.1" 200 31 "-" "WordPress/6.9; https://mentoring-wp.dreamsmarketplace.com"
104.207.61.198 - - [23/Feb/2026:20:27:36 +0000] "GET /wp-login.php?wp_lang=en_US HTTP/1.1" 200 2470 "-" "Mozilla/5.0 (Windows NT 10.0; Win64; x64) AppleWebKit/537.36 (KHTML, like Gecko) Chrome/124.0.6367.207 Safari/537.36"
172.187.168.139 - - [23/Feb/2026:20:27:38 +0000] "POST /wp-cron.php?doing_wp_cron=1771878458.0548219680786132812500 HTTP/1.1" 200 31 "-" "WordPress/6.9; https://mentoring-wp.dreamsmarketplace.com"
104.207.61.198 - - [23/Feb/2026:20:27:38 +0000] "POST /wp-login.php?wp_lang=en_US HTTP/1.1" 302 5 "https://mentoring-wp.dreamsmarketplace.com/wp-login.php?wp_lang=en_US" "Mozilla/5.0 (Windows NT 10.0; Win64; x64) AppleWebKit/537.36 (KHTML, like Gecko) Chrome/124.0.6367.207 Safari/537.36"
172.187.168.139 - - [23/Feb/2026:20:27:41 +0000] "POST /wp-cron.php?doing_wp_cron=1771878461.0146338939666748046875 HTTP/1.1" 200 31 "-" "WordPress/6.9; https://mentoring-wp.dreamsmarketplace.com"
104.207.61.198 - - [23/Feb/2026:20:27:41 +0000] "GET /wp-admin/ HTTP/1.1" 200 18246 "https://mentoring-wp.dreamsmarketplace.com/wp-login.php?wp_lang=en_US" "Mozilla/5.0 (Windows NT 10.0; Win64; x64) AppleWebKit/537.36 (KHTML, like Gecko) Chrome/124.0.6367.207 Safari/537.36"
104.207.61.198 - - [23/Feb/2026:20:27:41 +0000] "GET /wp-admin/plugin-install.php HTTP/1.1" 301 178 "-" "Mozilla/5.0 (Windows NT 10.0; Win64; x64) AppleWebKit/537.36 (KHTML, like Gecko) Chrome/124.0.6367.207 Safari/537.36"
172.187.168.139 - - [23/Feb/2026:20:27:44 +0000] "POST /wp-cron.php?doing_wp_cron=1771878464.4995129108428955078125 HTTP/1.1" 200 31 "-" "WordPress/6.9; https://mentoring-wp.dreamsmarketplace.com"
104.207.61.198 - - [23/Feb/2026:20:27:44 +0000] "GET /wp-admin/plugin-install.php HTTP/1.1" 200 74002 "-" "Mozilla/5.0 (Windows NT 10.0; Win64; x64) AppleWebKit/537.36 (KHTML, like Gecko) Chrome/124.0.6367.207 Safari/537.36"
104.207.61.198 - - [23/Feb/2026:20:27:44 +0000] "POST /wp-admin/update.php?action=upload-plugin HTTP/1.1" 301 178 "https://mentoring-wp.dreamstechnologies.com/wp-admin/update.php?action=upload-plugin" "Mozilla/5.0 (Windows NT 10.0; Win64; x64) AppleWebKit/537.36 (KHTML, like Gecko) Chrome/124.0.6367.207 Safari/537.36"
172.187.168.139 - - [23/Feb/2026:20:27:47 +0000] "POST /wp-cron.php?doing_wp_cron=1771878467.0784940719604492187500 HTTP/1.1" 200 31 "-" "WordPress/6.9; https://mentoring-wp.dreamsmarketplace.com"
104.207.61.198 - - [23/Feb/2026:20:27:47 +0000] "GET /wp-admin/update.php?action=upload-plugin HTTP/1.1" 403 1132 "https://mentoring-wp.dreamstechnologies.com/wp-admin/update.php?action=upload-plugin" "Mozilla/5.0 (Windows NT 10.0; Win64; x64) AppleWebKit/537.36 (KHTML, like Gecko) Chrome/124.0.6367.207 Safari/537.36"
209.50.170.230 - - [23/Feb/2026:20:27:48 +0000] "GET /wp-login.php HTTP/1.1" 301 178 "-" "Mozilla/5.0 (Windows NT 10.0; Win64; x64; rv:127.0) Gecko/20100101 Firefox/127.0"
172.187.168.139 - - [23/Feb/2026:20:27:50 +0000] "POST /wp-cron.php?doing_wp_cron=1771878470.1211860179901123046875 HTTP/1.1" 200 31 "-" "WordPress/6.9; https://mentoring-wp.dreamsmarketplace.com"
209.50.170.230 - - [23/Feb/2026:20:27:50 +0000] "GET /wp-login.php HTTP/1.1" 200 2470 "-" "Mozilla/5.0 (Windows NT 10.0; Win64; x64; rv:127.0) Gecko/20100101 Firefox/127.0"
209.50.170.230 - - [23/Feb/2026:20:27:51 +0000] "GET /wp-login.php?wp_lang=en_US HTTP/1.1" 301 178 "-" "Mozilla/5.0 (Windows NT 10.0; Win64; x64) AppleWebKit/537.36 (KHTML, like Gecko) Chrome/124.0.6367.207 Safari/537.36"
172.187.168.139 - - [23/Feb/2026:20:27:54 +0000] "POST /wp-cron.php?doing_wp_cron=1771878474.4392910003662109375000 HTTP/1.1" 200 31 "-" "WordPress/6.9; https://mentoring-wp.dreamsmarketplace.com"
209.50.170.230 - - [23/Feb/2026:20:27:54 +0000] "GET /wp-login.php?wp_lang=en_US HTTP/1.1" 200 2470 "-" "Mozilla/5.0 (Windows NT 10.0; Win64; x64) AppleWebKit/537.36 (KHTML, like Gecko) Chrome/124.0.6367.207 Safari/537.36"
172.187.168.139 - - [23/Feb/2026:20:27:56 +0000] "POST /wp-cron.php?doing_wp_cron=1771878476.0157380104064941406250 HTTP/1.1" 200 31 "-" "WordPress/6.9; https://mentoring-wp.dreamsmarketplace.com"
209.50.170.230 - - [23/Feb/2026:20:27:56 +0000] "POST /wp-login.php?wp_lang=en_US HTTP/1.1" 302 5 "https://mentoring-wp.dreamsmarketplace.com/wp-login.php?wp_lang=en_US" "Mozilla/5.0 (Windows NT 10.0; Win64; x64) AppleWebKit/537.36 (KHTML, like Gecko) Chrome/124.0.6367.207 Safari/537.36"
172.187.168.139 - - [23/Feb/2026:20:27:59 +0000] "POST /wp-cron.php?doing_wp_cron=1771878479.2451920509338378906250 HTTP/1.1" 200 31 "-" "WordPress/6.9; https://mentoring-wp.dreamsmarketplace.com"
209.50.170.230 - - [23/Feb/2026:20:27:59 +0000] "GET /wp-admin/ HTTP/1.1" 200 18249 "https://mentoring-wp.dreamsmarketplace.com/wp-login.php?wp_lang=en_US" "Mozilla/5.0 (Windows NT 10.0; Win64; x64) AppleWebKit/537.36 (KHTML, like Gecko) Chrome/124.0.6367.207 Safari/537.36"
209.50.170.230 - - [23/Feb/2026:20:28:00 +0000] "GET /wp-admin/plugin-install.php HTTP/1.1" 301 178 "-" "Mozilla/5.0 (Windows NT 10.0; Win64; x64) AppleWebKit/537.36 (KHTML, like Gecko) Chrome/124.0.6367.207 Safari/537.36"
102.88.54.102 - - [23/Feb/2026:20:28:01 +0000] "GET / HTTP/1.1" 301 178 "https://preview.themeforest.net/" "Mozilla/5.0 (Macintosh; Intel Mac OS X 10_15_7) AppleWebKit/537.36 (KHTML, like Gecko) Chrome/145.0.0.0 Safari/537.36"
172.187.168.139 - - [23/Feb/2026:20:28:03 +0000] "POST /wp-cron.php?doing_wp_cron=1771878483.1136369705200195312500 HTTP/1.1" 200 31 "-" "WordPress/6.9; https://mentoring-wp.dreamsmarketplace.com"
209.50.170.230 - - [23/Feb/2026:20:28:03 +0000] "GET /wp-admin/plugin-install.php HTTP/1.1" 200 73998 "-" "Mozilla/5.0 (Windows NT 10.0; Win64; x64) AppleWebKit/537.36 (KHTML, like Gecko) Chrome/124.0.6367.207 Safari/537.36"
172.187.168.139 - - [23/Feb/2026:20:28:04 +0000] "POST /wp-cron.php?doing_wp_cron=1771878483.9788990020751953125000 HTTP/1.1" 200 31 "-" "WordPress/6.9; https://mentoring-wp.dreamsmarketplace.com"
209.50.170.230 - - [23/Feb/2026:20:28:04 +0000] "POST /wp-admin/update.php?action=upload-plugin HTTP/1.1" 301 178 "https://mentoring-wp.dreamstechnologies.com/wp-admin/update.php?action=upload-plugin" "Mozilla/5.0 (Windows NT 10.0; Win64; x64) AppleWebKit/537.36 (KHTML, like Gecko) Chrome/124.0.6367.207 Safari/537.36"
102.88.54.102 - - [23/Feb/2026:20:28:04 +0000] "GET / HTTP/1.1" 200 14896 "https://preview.themeforest.net/" "Mozilla/5.0 (Macintosh; Intel Mac OS X 10_15_7) AppleWebKit/537.36 (KHTML, like Gecko) Chrome/145.0.0.0 Safari/537.36"
102.88.54.102 - - [23/Feb/2026:20:28:04 +0000] "GET /wp-content/themes/mentoring/assets/css/dynamic.css?ver=6.9 HTTP/1.1" 200 48 "https://mentoring-wp.dreamsmarketplace.com/" "Mozilla/5.0 (Macintosh; Intel Mac OS X 10_15_7) AppleWebKit/537.36 (KHTML, like Gecko) Chrome/145.0.0.0 Safari/537.36"
102.88.54.102 - - [23/Feb/2026:20:28:04 +0000] "GET /wp-content/themes/mentoring/assets/css/magnific-popup.css?ver=1.1.0 HTTP/1.1" 200 7764 "https://mentoring-wp.dreamsmarketplace.com/" "Mozilla/5.0 (Macintosh; Intel Mac OS X 10_15_7) AppleWebKit/537.36 (KHTML, like Gecko) Chrome/145.0.0.0 Safari/537.36"
102.88.54.102 - - [23/Feb/2026:20:28:04 +0000] "GET /wp-content/themes/mentoring/assets/css/font-awesome.min.css?ver=6.4.2 HTTP/1.1" 200 80823 "https://mentoring-wp.dreamsmarketplace.com/" "Mozilla/5.0 (Macintosh; Intel Mac OS X 10_15_7) AppleWebKit/537.36 (KHTML, like Gecko) Chrome/145.0.0.0 Safari/537.36"
102.88.54.102 - - [23/Feb/2026:20:28:04 +0000] "GET /wp-content/themes/mentoring/style.css?ver=6.9 HTTP/1.1" 200 134452 "https://mentoring-wp.dreamsmarketplace.com/" "Mozilla/5.0 (Macintosh; Intel Mac OS X 10_15_7) AppleWebKit/537.36 (KHTML, like Gecko) Chrome/145.0.0.0 Safari/537.36"
102.88.54.102 - - [23/Feb/2026:20:28:04 +0000] "GET /wp-content/themes/mentoring/assets/css/flaticon.css?ver=1.3.5 HTTP/1.1" 200 3397 "https://mentoring-wp.dreamsmarketplace.com/" "Mozilla/5.0 (Macintosh; Intel Mac OS X 10_15_7) AppleWebKit/537.36 (KHTML, like Gecko) Chrome/145.0.0.0 Safari/537.36"
102.88.54.102 - - [23/Feb/2026:20:28:04 +0000] "GET /wp-content/themes/mentoring/assets/css/all.min.css?ver=6.4.2 HTTP/1.1" 200 102157 "https://mentoring-wp.dreamsmarketplace.com/" "Mozilla/5.0 (Macintosh; Intel Mac OS X 10_15_7) AppleWebKit/537.36 (KHTML, like Gecko) Chrome/145.0.0.0 Safari/537.36"
102.88.54.102 - - [23/Feb/2026:20:28:04 +0000] "GET /wp-content/themes/mentoring/assets/css/slick.css?ver=1.0.0 HTTP/1.1" 200 1794 "https://mentoring-wp.dreamsmarketplace.com/" "Mozilla/5.0 (Macintosh; Intel Mac OS X 10_15_7) AppleWebKit/537.36 (KHTML, like Gecko) Chrome/145.0.0.0 Safari/537.36"
102.88.54.102 - - [23/Feb/2026:20:28:04 +0000] "GET /wp-content/plugins/woocommerce/assets/css/select2.css?ver=10.4.3 HTTP/1.1" 200 14621 "https://mentoring-wp.dreamsmarketplace.com/" "Mozilla/5.0 (Macintosh; Intel Mac OS X 10_15_7) AppleWebKit/537.36 (KHTML, like Gecko) Chrome/145.0.0.0 Safari/537.36"
102.88.54.102 - - [23/Feb/2026:20:28:04 +0000] "GET /wp-content/themes/mentoring/assets/css/v4-shims.min.css?ver=5.11.2 HTTP/1.1" 200 34405 "https://mentoring-wp.dreamsmarketplace.com/" "Mozilla/5.0 (Macintosh; Intel Mac OS X 10_15_7) AppleWebKit/537.36 (KHTML, like Gecko) Chrome/145.0.0.0 Safari/537.36"
102.88.54.102 - - [23/Feb/2026:20:28:04 +0000] "GET /wp-includes/js/jquery/jquery-migrate.min.js?ver=3.4.1 HTTP/1.1" 200 13577 "https://mentoring-wp.dreamsmarketplace.com/" "Mozilla/5.0 (Macintosh; Intel Mac OS X 10_15_7) AppleWebKit/537.36 (KHTML, like Gecko) Chrome/145.0.0.0 Safari/537.36"
102.88.54.102 - - [23/Feb/2026:20:28:04 +0000] "GET /wp-content/plugins/contact-form-7/includes/css/styles.css?ver=6.1.4 HTTP/1.1" 200 2947 "https://mentoring-wp.dreamsmarketplace.com/" "Mozilla/5.0 (Macintosh; Intel Mac OS X 10_15_7) AppleWebKit/537.36 (KHTML, like Gecko) Chrome/145.0.0.0 Safari/537.36"
102.88.54.102 - - [23/Feb/2026:20:28:04 +0000] "GET /wp-content/plugins/frontend-reset-password/assets/css/password-lost.css?ver=6.9 HTTP/1.1" 200 1881 "https://mentoring-wp.dreamsmarketplace.com/" "Mozilla/5.0 (Macintosh; Intel Mac OS X 10_15_7) AppleWebKit/537.36 (KHTML, like Gecko) Chrome/145.0.0.0 Safari/537.36"
102.88.54.102 - - [23/Feb/2026:20:28:04 +0000] "GET /wp-content/plugins/woocommerce/assets/client/blocks/wc-blocks.css?ver=wc-10.4.3 HTTP/1.1" 200 14006 "https://mentoring-wp.dreamsmarketplace.com/" "Mozilla/5.0 (Macintosh; Intel Mac OS X 10_15_7) AppleWebKit/537.36 (KHTML, like Gecko) Chrome/145.0.0.0 Safari/537.36"
102.88.54.102 - - [23/Feb/2026:20:28:04 +0000] "GET /wp-content/themes/mentoring/assets/css/theme-woocommerce.css?ver=1.0.0 HTTP/1.1" 200 123644 "https://mentoring-wp.dreamsmarketplace.com/" "Mozilla/5.0 (Macintosh; Intel Mac OS X 10_15_7) AppleWebKit/537.36 (KHTML, like Gecko) Chrome/145.0.0.0 Safari/537.36"
102.88.54.102 - - [23/Feb/2026:20:28:04 +0000] "GET /wp-content/themes/mentoring/assets/css/bootstrap.min.css?ver=5.3.2 HTTP/1.1" 200 232948 "https://mentoring-wp.dreamsmarketplace.com/" "Mozilla/5.0 (Macintosh; Intel Mac OS X 10_15_7) AppleWebKit/537.36 (KHTML, like Gecko) Chrome/145.0.0.0 Safari/537.36"
102.88.54.102 - - [23/Feb/2026:20:28:04 +0000] "GET /wp-content/themes/mentoring/assets/css/responsive.css?ver=1.3.5 HTTP/1.1" 200 37909 "https://mentoring-wp.dreamsmarketplace.com/" "Mozilla/5.0 (Macintosh; Intel Mac OS X 10_15_7) AppleWebKit/537.36 (KHTML, like Gecko) Chrome/145.0.0.0 Safari/537.36"
102.88.54.102 - - [23/Feb/2026:20:28:04 +0000] "GET /wp-includes/js/jquery/jquery.min.js?ver=3.7.1 HTTP/1.1" 200 87553 "https://mentoring-wp.dreamsmarketplace.com/" "Mozilla/5.0 (Macintosh; Intel Mac OS X 10_15_7) AppleWebKit/537.36 (KHTML, like Gecko) Chrome/145.0.0.0 Safari/537.36"
