2401:4900:8fe0:96db:3758:2d6d:b559:a910 - - [23/Feb/2026:12:23:11 +0000] "GET /wp-content/uploads/2022/06/user4-1.jpg HTTP/1.1" 304 0 "https://mentoring-wp.dreamsmarketplace.com/" "Mozilla/5.0 (X11; Linux x86_64) AppleWebKit/537.36 (KHTML, like Gecko) Chrome/145.0.0.0 Safari/537.36"
2401:4900:8fe0:96db:3758:2d6d:b559:a910 - - [23/Feb/2026:12:23:12 +0000] "GET /wp-includes/js/dist/i18n.min.js?ver=c26c3dc7bed366793375 HTTP/1.1" 304 0 "https://mentoring-wp.dreamsmarketplace.com/" "Mozilla/5.0 (X11; Linux x86_64) AppleWebKit/537.36 (KHTML, like Gecko) Chrome/145.0.0.0 Safari/537.36"
2401:4900:8fe0:96db:3758:2d6d:b559:a910 - - [23/Feb/2026:12:23:12 +0000] "GET /wp-includes/js/dist/hooks.min.js?ver=dd5603f07f9220ed27f1 HTTP/1.1" 304 0 "https://mentoring-wp.dreamsmarketplace.com/" "Mozilla/5.0 (X11; Linux x86_64) AppleWebKit/537.36 (KHTML, like Gecko) Chrome/145.0.0.0 Safari/537.36"
2401:4900:8fe0:96db:3758:2d6d:b559:a910 - - [23/Feb/2026:12:23:12 +0000] "GET /wp-content/plugins/contact-form-7/includes/swv/js/index.js?ver=6.1.4 HTTP/1.1" 304 0 "https://mentoring-wp.dreamsmarketplace.com/" "Mozilla/5.0 (X11; Linux x86_64) AppleWebKit/537.36 (KHTML, like Gecko) Chrome/145.0.0.0 Safari/537.36"
2401:4900:8fe0:96db:3758:2d6d:b559:a910 - - [23/Feb/2026:12:23:13 +0000] "GET /wp-content/plugins/contact-form-7/includes/js/index.js?ver=6.1.4 HTTP/1.1" 304 0 "https://mentoring-wp.dreamsmarketplace.com/" "Mozilla/5.0 (X11; Linux x86_64) AppleWebKit/537.36 (KHTML, like Gecko) Chrome/145.0.0.0 Safari/537.36"
2401:4900:8fe0:96db:3758:2d6d:b559:a910 - - [23/Feb/2026:12:23:13 +0000] "GET /wp-content/plugins/frontend-reset-password/assets/js/password-lost.js?ver=1.0.0 HTTP/1.1" 304 0 "https://mentoring-wp.dreamsmarketplace.com/" "Mozilla/5.0 (X11; Linux x86_64) AppleWebKit/537.36 (KHTML, like Gecko) Chrome/145.0.0.0 Safari/537.36"
2401:4900:8fe0:96db:3758:2d6d:b559:a910 - - [23/Feb/2026:12:23:14 +0000] "GET /wp-includes/js/imagesloaded.min.js?ver=5.0.0 HTTP/1.1" 304 0 "https://mentoring-wp.dreamsmarketplace.com/" "Mozilla/5.0 (X11; Linux x86_64) AppleWebKit/537.36 (KHTML, like Gecko) Chrome/145.0.0.0 Safari/537.36"
2401:4900:8fe0:96db:3758:2d6d:b559:a910 - - [23/Feb/2026:12:23:14 +0000] "GET /wp-includes/js/masonry.min.js?ver=4.2.2 HTTP/1.1" 304 0 "https://mentoring-wp.dreamsmarketplace.com/" "Mozilla/5.0 (X11; Linux x86_64) AppleWebKit/537.36 (KHTML, like Gecko) Chrome/145.0.0.0 Safari/537.36"
2401:4900:8fe0:96db:3758:2d6d:b559:a910 - - [23/Feb/2026:12:23:14 +0000] "GET /wp-content/themes/mentoring/assets/js/popper.min.js?ver=1.3.5 HTTP/1.1" 304 0 "https://mentoring-wp.dreamsmarketplace.com/" "Mozilla/5.0 (X11; Linux x86_64) AppleWebKit/537.36 (KHTML, like Gecko) Chrome/145.0.0.0 Safari/537.36"
2401:4900:8fe0:96db:3758:2d6d:b559:a910 - - [23/Feb/2026:12:23:15 +0000] "GET /wp-content/themes/mentoring/assets/js/bootstrap.bundle.min.js?ver=5.3.2 HTTP/1.1" 304 0 "https://mentoring-wp.dreamsmarketplace.com/" "Mozilla/5.0 (X11; Linux x86_64) AppleWebKit/537.36 (KHTML, like Gecko) Chrome/145.0.0.0 Safari/537.36"
2401:4900:8fe0:96db:3758:2d6d:b559:a910 - - [23/Feb/2026:12:23:15 +0000] "GET /wp-content/themes/mentoring/assets/js/isotope.min.js?ver=6.9 HTTP/1.1" 304 0 "https://mentoring-wp.dreamsmarketplace.com/" "Mozilla/5.0 (X11; Linux x86_64) AppleWebKit/537.36 (KHTML, like Gecko) Chrome/145.0.0.0 Safari/537.36"
2401:4900:8fe0:96db:3758:2d6d:b559:a910 - - [23/Feb/2026:12:23:16 +0000] "GET /wp-content/themes/mentoring/assets/js/magnific-popup.js?ver=1.1.0 HTTP/1.1" 304 0 "https://mentoring-wp.dreamsmarketplace.com/" "Mozilla/5.0 (X11; Linux x86_64) AppleWebKit/537.36 (KHTML, like Gecko) Chrome/145.0.0.0 Safari/537.36"
2401:4900:8fe0:96db:3758:2d6d:b559:a910 - - [23/Feb/2026:12:23:16 +0000] "GET /wp-content/themes/mentoring/assets/js/jquery.inview.min.js?ver=1.3.5 HTTP/1.1" 304 0 "https://mentoring-wp.dreamsmarketplace.com/" "Mozilla/5.0 (X11; Linux x86_64) AppleWebKit/537.36 (KHTML, like Gecko) Chrome/145.0.0.0 Safari/537.36"
2401:4900:8fe0:96db:3758:2d6d:b559:a910 - - [23/Feb/2026:12:23:16 +0000] "GET /wp-content/themes/mentoring/assets/js/jquery.countTo.js?ver=1.3.5 HTTP/1.1" 304 0 "https://mentoring-wp.dreamsmarketplace.com/" "Mozilla/5.0 (X11; Linux x86_64) AppleWebKit/537.36 (KHTML, like Gecko) Chrome/145.0.0.0 Safari/537.36"
2401:4900:8fe0:96db:3758:2d6d:b559:a910 - - [23/Feb/2026:12:23:17 +0000] "GET /wp-content/themes/mentoring/assets/js/slick.min.js?ver=1.3.5 HTTP/1.1" 304 0 "https://mentoring-wp.dreamsmarketplace.com/" "Mozilla/5.0 (X11; Linux x86_64) AppleWebKit/537.36 (KHTML, like Gecko) Chrome/145.0.0.0 Safari/537.36"
2401:4900:8fe0:96db:3758:2d6d:b559:a910 - - [23/Feb/2026:12:23:17 +0000] "GET /wp-content/themes/mentoring/assets/js/theme.js?ver=1.3.5 HTTP/1.1" 304 0 "https://mentoring-wp.dreamsmarketplace.com/" "Mozilla/5.0 (X11; Linux x86_64) AppleWebKit/537.36 (KHTML, like Gecko) Chrome/145.0.0.0 Safari/537.36"
2401:4900:8fe0:96db:3758:2d6d:b559:a910 - - [23/Feb/2026:12:23:17 +0000] "GET /wp-content/themes/mentoring/assets/js/theme-woocommerce.js?ver=1.0.0 HTTP/1.1" 304 0 "https://mentoring-wp.dreamsmarketplace.com/" "Mozilla/5.0 (X11; Linux x86_64) AppleWebKit/537.36 (KHTML, like Gecko) Chrome/145.0.0.0 Safari/537.36"
2401:4900:8fe0:96db:3758:2d6d:b559:a910 - - [23/Feb/2026:12:23:18 +0000] "GET /wp-content/plugins/woocommerce/assets/js/sourcebuster/sourcebuster.min.js?ver=10.4.3 HTTP/1.1" 304 0 "https://mentoring-wp.dreamsmarketplace.com/" "Mozilla/5.0 (X11; Linux x86_64) AppleWebKit/537.36 (KHTML, like Gecko) Chrome/145.0.0.0 Safari/537.36"
2401:4900:8fe0:96db:3758:2d6d:b559:a910 - - [23/Feb/2026:12:23:18 +0000] "GET /wp-content/plugins/woocommerce/assets/js/frontend/order-attribution.min.js?ver=10.4.3 HTTP/1.1" 304 0 "https://mentoring-wp.dreamsmarketplace.com/" "Mozilla/5.0 (X11; Linux x86_64) AppleWebKit/537.36 (KHTML, like Gecko) Chrome/145.0.0.0 Safari/537.36"
2401:4900:8fe0:96db:3758:2d6d:b559:a910 - - [23/Feb/2026:12:23:19 +0000] "GET /wp-content/themes/mentoring/assets/fonts/fa-solid-900.woff2 HTTP/1.1" 304 0 "https://mentoring-wp.dreamsmarketplace.com/wp-content/themes/mentoring/assets/css/all.min.css?ver=6.4.2" "Mozilla/5.0 (X11; Linux x86_64) AppleWebKit/537.36 (KHTML, like Gecko) Chrome/145.0.0.0 Safari/537.36"
2401:4900:8fe0:96db:3758:2d6d:b559:a910 - - [23/Feb/2026:12:23:19 +0000] "GET /wp-includes/js/wp-util.min.js?ver=6.9 HTTP/1.1" 304 0 "https://mentoring-wp.dreamsmarketplace.com/" "Mozilla/5.0 (X11; Linux x86_64) AppleWebKit/537.36 (KHTML, like Gecko) Chrome/145.0.0.0 Safari/537.36"
2401:4900:8fe0:96db:3758:2d6d:b559:a910 - - [23/Feb/2026:12:23:19 +0000] "GET /wp-includes/js/underscore.min.js?ver=1.13.7 HTTP/1.1" 304 0 "https://mentoring-wp.dreamsmarketplace.com/" "Mozilla/5.0 (X11; Linux x86_64) AppleWebKit/537.36 (KHTML, like Gecko) Chrome/145.0.0.0 Safari/537.36"
2401:4900:8fe0:96db:3758:2d6d:b559:a910 - - [23/Feb/2026:12:23:19 +0000] "GET /wp-content/themes/mentoring/assets/js/mentoring_callback.js?ver=1.3.5 HTTP/1.1" 304 0 "https://mentoring-wp.dreamsmarketplace.com/" "Mozilla/5.0 (X11; Linux x86_64) AppleWebKit/537.36 (KHTML, like Gecko) Chrome/145.0.0.0 Safari/537.36"
2401:4900:8fe0:96db:3758:2d6d:b559:a910 - - [23/Feb/2026:12:23:20 +0000] "GET /wp-content/plugins/woocommerce/assets/js/select2/select2.full.min.js?ver=4.0.3-wc.10.4.3 HTTP/1.1" 304 0 "https://mentoring-wp.dreamsmarketplace.com/" "Mozilla/5.0 (X11; Linux x86_64) AppleWebKit/537.36 (KHTML, like Gecko) Chrome/145.0.0.0 Safari/537.36"
2401:4900:8fe0:96db:3758:2d6d:b559:a910 - - [23/Feb/2026:12:23:20 +0000] "GET /wp-content/uploads/2022/07/user3-1.jpg HTTP/1.1" 304 0 "https://mentoring-wp.dreamsmarketplace.com/" "Mozilla/5.0 (X11; Linux x86_64) AppleWebKit/537.36 (KHTML, like Gecko) Chrome/145.0.0.0 Safari/537.36"
2401:4900:8fe0:96db:3758:2d6d:b559:a910 - - [23/Feb/2026:12:23:20 +0000] "GET /wp-content/uploads/2021/09/path-img2.jpg HTTP/1.1" 304 0 "https://mentoring-wp.dreamsmarketplace.com/" "Mozilla/5.0 (X11; Linux x86_64) AppleWebKit/537.36 (KHTML, like Gecko) Chrome/145.0.0.0 Safari/537.36"
2401:4900:8fe0:96db:3758:2d6d:b559:a910 - - [23/Feb/2026:12:23:21 +0000] "GET /wp-content/uploads/2022/01/path-img2.jpg HTTP/1.1" 304 0 "https://mentoring-wp.dreamsmarketplace.com/" "Mozilla/5.0 (X11; Linux x86_64) AppleWebKit/537.36 (KHTML, like Gecko) Chrome/145.0.0.0 Safari/537.36"
2401:4900:8fe0:96db:3758:2d6d:b559:a910 - - [23/Feb/2026:12:23:21 +0000] "GET /wp-content/uploads/2022/01/path-img3.jpg HTTP/1.1" 304 0 "https://mentoring-wp.dreamsmarketplace.com/" "Mozilla/5.0 (X11; Linux x86_64) AppleWebKit/537.36 (KHTML, like Gecko) Chrome/145.0.0.0 Safari/537.36"
2401:4900:8fe0:96db:3758:2d6d:b559:a910 - - [23/Feb/2026:12:23:21 +0000] "GET /wp-content/uploads/2022/01/path-img4.jpg HTTP/1.1" 304 0 "https://mentoring-wp.dreamsmarketplace.com/" "Mozilla/5.0 (X11; Linux x86_64) AppleWebKit/537.36 (KHTML, like Gecko) Chrome/145.0.0.0 Safari/537.36"
2401:4900:8fe0:96db:3758:2d6d:b559:a910 - - [23/Feb/2026:12:23:22 +0000] "GET /wp-content/uploads/2022/01/path-img5.jpg HTTP/1.1" 304 0 "https://mentoring-wp.dreamsmarketplace.com/" "Mozilla/5.0 (X11; Linux x86_64) AppleWebKit/537.36 (KHTML, like Gecko) Chrome/145.0.0.0 Safari/537.36"
2401:4900:8fe0:96db:3758:2d6d:b559:a910 - - [23/Feb/2026:12:23:22 +0000] "GET /wp-content/uploads/2022/01/path-img6.jpg HTTP/1.1" 304 0 "https://mentoring-wp.dreamsmarketplace.com/" "Mozilla/5.0 (X11; Linux x86_64) AppleWebKit/537.36 (KHTML, like Gecko) Chrome/145.0.0.0 Safari/537.36"
2401:4900:8fe0:96db:3758:2d6d:b559:a910 - - [23/Feb/2026:12:23:23 +0000] "GET /wp-content/uploads/2022/01/path-img7.jpg HTTP/1.1" 304 0 "https://mentoring-wp.dreamsmarketplace.com/" "Mozilla/5.0 (X11; Linux x86_64) AppleWebKit/537.36 (KHTML, like Gecko) Chrome/145.0.0.0 Safari/537.36"
2401:4900:8fe0:96db:3758:2d6d:b559:a910 - - [23/Feb/2026:12:23:23 +0000] "GET /wp-content/uploads/2022/01/path-img8.jpg HTTP/1.1" 304 0 "https://mentoring-wp.dreamsmarketplace.com/" "Mozilla/5.0 (X11; Linux x86_64) AppleWebKit/537.36 (KHTML, like Gecko) Chrome/145.0.0.0 Safari/537.36"
2401:4900:8fe0:96db:3758:2d6d:b559:a910 - - [23/Feb/2026:12:23:24 +0000] "GET /wp-content/uploads/2022/07/blog-05.jpg HTTP/1.1" 304 0 "https://mentoring-wp.dreamsmarketplace.com/" "Mozilla/5.0 (X11; Linux x86_64) AppleWebKit/537.36 (KHTML, like Gecko) Chrome/145.0.0.0 Safari/537.36"
2401:4900:8fe0:96db:3758:2d6d:b559:a910 - - [23/Feb/2026:12:23:24 +0000] "GET /wp-content/uploads/2022/07/blog-04.jpg HTTP/1.1" 304 0 "https://mentoring-wp.dreamsmarketplace.com/" "Mozilla/5.0 (X11; Linux x86_64) AppleWebKit/537.36 (KHTML, like Gecko) Chrome/145.0.0.0 Safari/537.36"
2401:4900:8fe0:96db:3758:2d6d:b559:a910 - - [23/Feb/2026:12:23:24 +0000] "GET /wp-content/uploads/2022/07/blog-10.jpg HTTP/1.1" 304 0 "https://mentoring-wp.dreamsmarketplace.com/" "Mozilla/5.0 (X11; Linux x86_64) AppleWebKit/537.36 (KHTML, like Gecko) Chrome/145.0.0.0 Safari/537.36"
2401:4900:8fe0:96db:3758:2d6d:b559:a910 - - [23/Feb/2026:12:23:25 +0000] "GET /wp-content/uploads/2022/01/banner.jpg HTTP/1.1" 304 0 "https://mentoring-wp.dreamsmarketplace.com/" "Mozilla/5.0 (X11; Linux x86_64) AppleWebKit/537.36 (KHTML, like Gecko) Chrome/145.0.0.0 Safari/537.36"
172.187.168.139 - - [23/Feb/2026:12:24:18 +0000] "POST /wp-cron.php?doing_wp_cron=1771849458.1840751171112060546875 HTTP/1.1" 200 31 "-" "WordPress/6.9; https://mentoring-wp.dreamsmarketplace.com"
2401:4900:8fe0:96db:3758:2d6d:b559:a910 - - [23/Feb/2026:12:24:18 +0000] "GET / HTTP/1.1" 200 14872 "https://preview.themeforest.net/" "Mozilla/5.0 (X11; Linux x86_64) AppleWebKit/537.36 (KHTML, like Gecko) Chrome/145.0.0.0 Safari/537.36"
2a03:2880:f800:3e:: - - [23/Feb/2026:12:24:56 +0000] "GET /betsson-gambling-establishment-opinion-2025-is-it-legitimate-safe-50-lions-real-money-playing-or-con/ HTTP/1.1" 301 178 "-" "meta-externalagent/1.1 (+https://developers.facebook.com/docs/sharing/webmasters/crawler)"
2a03:2880:f800:8:: - - [23/Feb/2026:12:26:42 +0000] "GET /21-local-casino-incentives-rules-2025-jurassic-world-casino-incentive-really-worth-reviews/ HTTP/1.1" 301 178 "-" "meta-externalagent/1.1 (+https://developers.facebook.com/docs/sharing/webmasters/crawler)"
2a03:2880:f800:3a:: - - [23/Feb/2026:12:26:49 +0000] "GET /casino-afkastning-2025-lucky-ladys-charm-deluxe-slot-free-spins-bedste-kasino-bonusser-pr-danmark/ HTTP/1.1" 301 178 "-" "meta-externalagent/1.1 (+https://developers.facebook.com/docs/sharing/webmasters/crawler)"
2a03:2880:f800:2c:: - - [23/Feb/2026:12:27:11 +0000] "GET /casino-freispiele-exklusive-einzahlung-2026-sofort-free-spins/ HTTP/1.1" 301 178 "-" "meta-externalagent/1.1 (+https://developers.facebook.com/docs/sharing/webmasters/crawler)"
2a03:2880:f800:39:: - - [23/Feb/2026:12:28:17 +0000] "GET /kasino-bonusser-hvis-ikke-depositu-eksklusiv-giroindbetalin-2025/ HTTP/1.1" 301 178 "-" "meta-externalagent/1.1 (+https://developers.facebook.com/docs/sharing/webmasters/crawler)"
149.102.235.135 - - [23/Feb/2026:12:29:20 +0000] "GET /wp-login.php HTTP/1.1" 301 178 "-" "Mozilla/5.0 (Windows NT 10.0; Win64; x64) AppleWebKit/537.36 (KHTML, like Gecko) Chrome/114.0.0.0 Safari/537.36"
172.187.168.139 - - [23/Feb/2026:12:29:22 +0000] "POST /wp-cron.php?doing_wp_cron=1771849762.2755520343780517578125 HTTP/1.1" 200 31 "-" "WordPress/6.9; https://mentoring-wp.dreamsmarketplace.com"
149.102.235.135 - - [23/Feb/2026:12:29:22 +0000] "GET /wp-login.php HTTP/1.1" 200 2470 "-" "Mozilla/5.0 (Windows NT 10.0; Win64; x64) AppleWebKit/537.36 (KHTML, like Gecko) Chrome/114.0.0.0 Safari/537.36"
172.187.168.139 - - [23/Feb/2026:12:29:23 +0000] "POST /wp-cron.php?doing_wp_cron=1771849763.8698430061340332031250 HTTP/1.1" 200 31 "-" "WordPress/6.9; https://mentoring-wp.dreamsmarketplace.com"
149.102.235.135 - - [23/Feb/2026:12:29:23 +0000] "POST /wp-login.php HTTP/1.1" 302 5 "-" "Mozilla/5.0 (Windows NT 10.0; Win64; x64) AppleWebKit/537.36 (KHTML, like Gecko) Chrome/114.0.0.0 Safari/537.36"
149.102.235.135 - - [23/Feb/2026:12:29:24 +0000] "GET / HTTP/1.1" 301 178 "-" "Mozilla/5.0 (Windows NT 10.0; Win64; x64) AppleWebKit/537.36 (KHTML, like Gecko) Chrome/114.0.0.0 Safari/537.36"
149.102.235.135 - - [23/Feb/2026:12:29:24 +0000] "GET /wp-admin/profile.php HTTP/1.1" 301 178 "https://mentoring-wp.dreamstechnologies.com/wp-admin/" "Mozilla/5.0 (Windows NT 10.0; Win64; x64) AppleWebKit/537.36 (KHTML, like Gecko) Chrome/114.0.0.0 Safari/537.36"
149.102.235.135 - - [23/Feb/2026:12:29:24 +0000] "GET /wp-admin/edit.php?post_type=page&paged=1 HTTP/1.1" 301 178 "https://mentoring-wp.dreamstechnologies.com/wp-admin/" "Mozilla/5.0 (Windows NT 10.0; Win64; x64) AppleWebKit/537.36 (KHTML, like Gecko) Chrome/114.0.0.0 Safari/537.36"
52.167.144.216 - - [23/Feb/2026:12:30:13 +0000] "GET /no-deposit-incentives-2024-better-on-line-casino-ports-bonus-requirements/ HTTP/1.1" 301 178 "-" "Mozilla/5.0 AppleWebKit/537.36 (KHTML, like Gecko; compatible; bingbot/2.0; +http://www.bing.com/bingbot.htm) Chrome/116.0.1938.76 Safari/537.36"
2a03:2880:f800:16:: - - [23/Feb/2026:12:30:26 +0000] "GET /alaska-slot-lucky-ladys-charm-county/ HTTP/1.1" 301 178 "-" "meta-externalagent/1.1 (+https://developers.facebook.com/docs/sharing/webmasters/crawler)"
2a03:2880:f800:29:: - - [23/Feb/2026:12:30:44 +0000] "GET /tilslutte-casinoer-inklusive-goldbet-hjemmeside-rigtige-penge-2026-kan-virk-sejre-middel-inden-for-danmark/ HTTP/1.1" 301 178 "-" "meta-externalagent/1.1 (+https://developers.facebook.com/docs/sharing/webmasters/crawler)"
2a03:2880:f800:18:: - - [23/Feb/2026:12:31:11 +0000] "GET /roulette-gratis-200-roulette-protestation-spiele-casino-ramses-book-exklusive-eintragung/ HTTP/1.1" 301 178 "-" "meta-externalagent/1.1 (+https://developers.facebook.com/docs/sharing/webmasters/crawler)"
193.149.225.79 - - [23/Feb/2026:12:33:22 +0000] "GET /register/ HTTP/1.1" 301 178 "http://mentoring-wp.dreamstechnologies.com/register/" "Mozilla/5.0 (Windows NT 10.0) AppleWebKit/537.36 (KHTML, like Gecko) Chrome/114.0.0.0 Safari/537.36"
172.187.168.139 - - [23/Feb/2026:12:33:24 +0000] "POST /wp-cron.php?doing_wp_cron=1771850003.9731650352478027343750 HTTP/1.1" 200 31 "-" "WordPress/6.9; https://mentoring-wp.dreamsmarketplace.com"
193.149.225.79 - - [23/Feb/2026:12:33:24 +0000] "GET /register/ HTTP/1.1" 200 12106 "https://mentoring-wp.dreamstechnologies.com/" "Mozilla/5.0 (Windows NT 10.0) AppleWebKit/537.36 (KHTML, like Gecko) Chrome/114.0.0.0 Safari/537.36"
172.187.168.139 - - [23/Feb/2026:12:33:26 +0000] "POST /wp-cron.php?doing_wp_cron=1771850006.1682100296020507812500 HTTP/1.1" 200 31 "-" "WordPress/6.9; https://mentoring-wp.dreamsmarketplace.com"
193.149.225.79 - - [23/Feb/2026:12:33:26 +0000] "GET /register/ HTTP/1.1" 200 12106 "https://mentoring-wp.dreamsmarketplace.com/register/" "Mozilla/5.0 (Windows NT 6.3; Win64; x64) AppleWebKit/537.36 (KHTML, like Gecko) Chrome/103.0.0.0 Safari/537.36"
172.187.168.139 - - [23/Feb/2026:12:33:28 +0000] "POST /wp-cron.php?doing_wp_cron=1771850008.0720469951629638671875 HTTP/1.1" 200 31 "-" "WordPress/6.9; https://mentoring-wp.dreamsmarketplace.com"
193.149.225.79 - - [23/Feb/2026:12:33:28 +0000] "GET /register/ HTTP/1.1" 200 12106 "https://mentoring-wp.dreamsmarketplace.com/register/" "Mozilla/5.0 (Windows NT 6.3; Win64; x64) AppleWebKit/537.36 (KHTML, like Gecko) Chrome/103.0.0.0 Safari/537.36"
172.187.168.139 - - [23/Feb/2026:12:33:38 +0000] "POST /wp-cron.php?doing_wp_cron=1771850018.0246419906616210937500 HTTP/1.1" 200 31 "-" "WordPress/6.9; https://mentoring-wp.dreamsmarketplace.com"
193.149.225.79 - - [23/Feb/2026:12:33:38 +0000] "POST /register/ HTTP/1.1" 200 12106 "https://mentoring-wp.dreamsmarketplace.com/register/" "Mozilla/5.0 (Windows NT 6.3; Win64; x64) AppleWebKit/537.36 (KHTML, like Gecko) Chrome/103.0.0.0 Safari/537.36"
82.163.172.21 - - [23/Feb/2026:12:34:03 +0000] "POST /xmlrpc.php HTTP/1.1" 301 178 "-" "Python-xmlrpc/3.11"
2a03:2880:f800:8:: - - [23/Feb/2026:12:35:09 +0000] "GET /best-canadian-web-based-80-free-spins-no-deposit-required-casinos-15-trusted-sites-dec-2025/ HTTP/1.1" 301 178 "-" "meta-externalagent/1.1 (+https://developers.facebook.com/docs/sharing/webmasters/crawler)"
2a03:2880:f800:44:: - - [23/Feb/2026:12:35:41 +0000] "GET /deine-online-spielhalle-lord-of-the-ocean-tipps-spielothek-within-land-der-dichter-und-denker/ HTTP/1.1" 301 178 "-" "meta-externalagent/1.1 (+https://developers.facebook.com/docs/sharing/webmasters/crawler)"
2a03:2880:f800:13:: - - [23/Feb/2026:12:35:51 +0000] "GET /slotmachines-book-consuming-william-hill-casino-promo-code-2025-interest-microgaming/ HTTP/1.1" 301 178 "-" "meta-externalagent/1.1 (+https://developers.facebook.com/docs/sharing/webmasters/crawler)"
2a03:2880:f800:1b:: - - [23/Feb/2026:12:37:55 +0000] "GET /pharaohs-fortune-slot-play-bonanza-spil-for-sjov-tilslutte-boylesports/ HTTP/1.1" 301 178 "-" "meta-externalagent/1.1 (+https://developers.facebook.com/docs/sharing/webmasters/crawler)"
2a03:2880:f800:39:: - - [23/Feb/2026:12:37:56 +0000] "GET /greatest-the-newest-machance-promo-code-no-deposit-casinos-on-the-internet-the-brand-new-gambling-establishment-websites-ranked-to-have-january-2026/ HTTP/1.1" 301 178 "-" "meta-externalagent/1.1 (+https://developers.facebook.com/docs/sharing/webmasters/crawler)"
2a03:2880:18ff:72:: - - [23/Feb/2026:12:38:40 +0000] "GET /robots.txt HTTP/1.1" 301 178 "-" "facebookexternalhit/1.1 (+http://www.facebook.com/externalhit_uatext.php)"
172.187.168.139 - - [23/Feb/2026:12:38:41 +0000] "POST /wp-cron.php?doing_wp_cron=1771850321.6221969127655029296875 HTTP/1.1" 200 31 "-" "WordPress/6.9; https://mentoring-wp.dreamsmarketplace.com"
2a03:2880:18ff:72:: - - [23/Feb/2026:12:38:41 +0000] "GET /robots.txt HTTP/1.1" 200 349 "-" "facebookexternalhit/1.1 (+http://www.facebook.com/externalhit_uatext.php)"
2a03:2880:f800:a:: - - [23/Feb/2026:12:38:49 +0000] "GET /fremstaende-rejsebog-sa-finder-man-det-bedste-hitnspin-partnerlogin-online-spilleban/ HTTP/1.1" 301 178 "-" "meta-externalagent/1.1 (+https://developers.facebook.com/docs/sharing/webmasters/crawler)"
103.14.72.227 - - [23/Feb/2026:12:39:54 +0000] "GET /verbunden-spielbank-paypal-%EF%B8%8F-33-traktandum-slot-spiele-santa-surprise-paypal-casinos-2025/ HTTP/1.1" 301 178 "-" "Mozilla/5.0 (Macintosh; Intel Mac OS X 10_15_7) AppleWebKit/537.36 (KHTML, like Gecko) Chrome/100.0.4896.79 Safari/537.36"
172.187.168.139 - - [23/Feb/2026:12:39:56 +0000] "POST /wp-cron.php?doing_wp_cron=1771850396.9199769496917724609375 HTTP/1.1" 200 31 "-" "WordPress/6.9; https://mentoring-wp.dreamsmarketplace.com"
105.96.164.112 - - [23/Feb/2026:12:39:57 +0000] "GET /verbunden-spielbank-paypal-%EF%B8%8F-33-traktandum-slot-spiele-santa-surprise-paypal-casinos-2025/ HTTP/1.1" 404 10980 "-" "Mozilla/5.0 (Macintosh; Intel Mac OS X 10_15_7) AppleWebKit/537.36 (KHTML, like Gecko) Chrome/100.0.4896.79 Safari/537.36"
98.98.33.53 - - [23/Feb/2026:12:40:01 +0000] "POST /xmlrpc.php HTTP/1.1" 301 178 "-" "Mozilla/5.0 (Windows NT 10.0; Win64; x64) AppleWebKit/537.36 (KHTML, like Gecko) Chrome/114.0.0.0 Safari/537.36"
172.187.168.139 - - [23/Feb/2026:12:40:03 +0000] "POST /wp-cron.php?doing_wp_cron=1771850403.7179079055786132812500 HTTP/1.1" 200 31 "-" "WordPress/6.9; https://mentoring-wp.dreamsmarketplace.com"
98.98.33.53 - - [23/Feb/2026:12:40:03 +0000] "GET /xmlrpc.php HTTP/1.1" 405 53 "-" "Mozilla/5.0 (Windows NT 10.0; Win64; x64) AppleWebKit/537.36 (KHTML, like Gecko) Chrome/114.0.0.0 Safari/537.36"
98.98.33.53 - - [23/Feb/2026:12:40:04 +0000] "POST /xmlrpc.php HTTP/1.1" 301 178 "-" "Mozilla/5.0 (Windows NT 10.0; Win64; x64) AppleWebKit/537.36 (KHTML, like Gecko) Chrome/114.0.0.0 Safari/537.36"
172.187.168.139 - - [23/Feb/2026:12:40:06 +0000] "POST /wp-cron.php?doing_wp_cron=1771850406.3203389644622802734375 HTTP/1.1" 200 31 "-" "WordPress/6.9; https://mentoring-wp.dreamsmarketplace.com"
98.98.33.53 - - [23/Feb/2026:12:40:06 +0000] "GET /xmlrpc.php HTTP/1.1" 405 53 "-" "Mozilla/5.0 (Windows NT 10.0; Win64; x64) AppleWebKit/537.36 (KHTML, like Gecko) Chrome/114.0.0.0 Safari/537.36"
2a03:2880:f800:1a:: - - [23/Feb/2026:12:40:24 +0000] "GET /baseball-lucky-rabbits-slot-online-celebrity/ HTTP/1.1" 301 178 "-" "meta-externalagent/1.1 (+https://developers.facebook.com/docs/sharing/webmasters/crawler)"
2a03:2880:f800:16:: - - [23/Feb/2026:12:40:40 +0000] "GET /finest-online-gambling-casino-mr-green-gambling-establishment-internet-sites-in-the-canada-2025-top-reviews-incentives/ HTTP/1.1" 301 178 "-" "meta-externalagent/1.1 (+https://developers.facebook.com/docs/sharing/webmasters/crawler)"
2a03:2880:f800:26:: - - [23/Feb/2026:12:42:12 +0000] "GET /woo-spielsaal-no-frankierung-bonus-promo-codes-2023-25-freespins-code-ghost-rider-slot-spiel-fur-best-games/ HTTP/1.1" 301 178 "-" "meta-externalagent/1.1 (+https://developers.facebook.com/docs/sharing/webmasters/crawler)"
128.1.179.114 - - [23/Feb/2026:12:42:36 +0000] "POST /xmlrpc.php HTTP/1.1" 301 178 "-" "Mozilla/5.0 (Windows NT 10.0; Win64; x64) AppleWebKit/537.36 (KHTML, like Gecko) Chrome/114.0.0.0 Safari/537.36"
172.187.168.139 - - [23/Feb/2026:12:42:38 +0000] "POST /wp-cron.php?doing_wp_cron=1771850558.9027791023254394531250 HTTP/1.1" 200 31 "-" "WordPress/6.9; https://mentoring-wp.dreamsmarketplace.com"
128.1.179.114 - - [23/Feb/2026:12:42:38 +0000] "GET /xmlrpc.php HTTP/1.1" 405 53 "-" "Mozilla/5.0 (Windows NT 10.0; Win64; x64) AppleWebKit/537.36 (KHTML, like Gecko) Chrome/114.0.0.0 Safari/537.36"
128.1.179.114 - - [23/Feb/2026:12:42:40 +0000] "POST /xmlrpc.php HTTP/1.1" 301 178 "-" "Mozilla/5.0 (Windows NT 10.0; Win64; x64) AppleWebKit/537.36 (KHTML, like Gecko) Chrome/114.0.0.0 Safari/537.36"
172.187.168.139 - - [23/Feb/2026:12:42:43 +0000] "POST /wp-cron.php?doing_wp_cron=1771850563.9138970375061035156250 HTTP/1.1" 200 31 "-" "WordPress/6.9; https://mentoring-wp.dreamsmarketplace.com"
128.1.179.114 - - [23/Feb/2026:12:42:43 +0000] "GET /xmlrpc.php HTTP/1.1" 405 53 "-" "Mozilla/5.0 (Windows NT 10.0; Win64; x64) AppleWebKit/537.36 (KHTML, like Gecko) Chrome/114.0.0.0 Safari/537.36"
2a03:2880:f800:1:: - - [23/Feb/2026:12:43:48 +0000] "GET /finest-web-based-casinos-united-states-of-america-2025-real-cash-bonuses-the-heart-of-vegas-5-deposit-fresh-websites/ HTTP/1.1" 301 178 "-" "meta-externalagent/1.1 (+https://developers.facebook.com/docs/sharing/webmasters/crawler)"
2a03:2880:f800:26:: - - [23/Feb/2026:12:45:39 +0000] "GET /jocuri-pacanele-lista-sa-aruncati-o-privire-pe-site-playtech-jocuri-sa-sloturi-fermecat-81-lines-slot-pe-novomatic-romania-casino-2024/ HTTP/1.1" 301 178 "-" "meta-externalagent/1.1 (+https://developers.facebook.com/docs/sharing/webmasters/crawler)"
2a03:2880:f800:19:: - - [23/Feb/2026:12:45:50 +0000] "GET /par-a-dice-gambling-establishment-eastern-your-domain-name-peoria-il-2025-comment/ HTTP/1.1" 301 178 "-" "meta-externalagent/1.1 (+https://developers.facebook.com/docs/sharing/webmasters/crawler)"
2a03:2880:f800:28:: - - [23/Feb/2026:12:46:18 +0000] "GET /spielbank-bonus-exklusive-einzahlung-religious-kostenfrei-degustieren/ HTTP/1.1" 301 178 "-" "meta-externalagent/1.1 (+https://developers.facebook.com/docs/sharing/webmasters/crawler)"
149.102.234.191 - - [23/Feb/2026:12:46:20 +0000] "GET /wp-login.php HTTP/1.1" 301 178 "-" "Mozilla/5.0 (Windows NT 10.0; Win64; x64) AppleWebKit/537.36 (KHTML, like Gecko) Chrome/114.0.0.0 Safari/537.36"
172.187.168.139 - - [23/Feb/2026:12:46:24 +0000] "POST /wp-cron.php?doing_wp_cron=1771850784.0197629928588867187500 HTTP/1.1" 200 31 "-" "WordPress/6.9; https://mentoring-wp.dreamsmarketplace.com"
149.102.234.191 - - [23/Feb/2026:12:46:24 +0000] "GET /wp-login.php HTTP/1.1" 200 2470 "-" "Mozilla/5.0 (Windows NT 10.0; Win64; x64) AppleWebKit/537.36 (KHTML, like Gecko) Chrome/114.0.0.0 Safari/537.36"
172.187.168.139 - - [23/Feb/2026:12:46:27 +0000] "POST /wp-cron.php?doing_wp_cron=1771850787.2451479434967041015625 HTTP/1.1" 200 31 "-" "WordPress/6.9; https://mentoring-wp.dreamsmarketplace.com"
149.102.234.191 - - [23/Feb/2026:12:46:27 +0000] "POST /wp-login.php HTTP/1.1" 302 5 "-" "Mozilla/5.0 (Windows NT 10.0; Win64; x64) AppleWebKit/537.36 (KHTML, like Gecko) Chrome/114.0.0.0 Safari/537.36"
149.102.234.191 - - [23/Feb/2026:12:46:28 +0000] "GET / HTTP/1.1" 301 178 "-" "Mozilla/5.0 (Windows NT 10.0; Win64; x64) AppleWebKit/537.36 (KHTML, like Gecko) Chrome/114.0.0.0 Safari/537.36"
149.102.234.191 - - [23/Feb/2026:12:46:30 +0000] "GET /wp-admin/profile.php HTTP/1.1" 301 178 "https://mentoring-wp.dreamstechnologies.com/wp-admin/" "Mozilla/5.0 (Windows NT 10.0; Win64; x64) AppleWebKit/537.36 (KHTML, like Gecko) Chrome/114.0.0.0 Safari/537.36"
149.102.234.191 - - [23/Feb/2026:12:46:31 +0000] "GET /wp-admin/edit.php?post_type=page&paged=1 HTTP/1.1" 301 178 "https://mentoring-wp.dreamstechnologies.com/wp-admin/" "Mozilla/5.0 (Windows NT 10.0; Win64; x64) AppleWebKit/537.36 (KHTML, like Gecko) Chrome/114.0.0.0 Safari/537.36"
63.125.88.114 - - [23/Feb/2026:12:46:45 +0000] "POST /xmlrpc.php HTTP/1.1" 301 178 "-" "Python-xmlrpc/3.11"
2a03:2880:f800:43:: - - [23/Feb/2026:12:47:25 +0000] "GET /twenty-five-100-percent-free-5-deposit-pokies-spins-no-deposit-bonus-2024/ HTTP/1.1" 301 178 "-" "meta-externalagent/1.1 (+https://developers.facebook.com/docs/sharing/webmasters/crawler)"
2a03:2880:f800:29:: - - [23/Feb/2026:12:47:51 +0000] "GET /pa-bank-gratis-spins-ingen-depositum-sparta-vederlagsfri-bank-for-alle/ HTTP/1.1" 301 178 "-" "meta-externalagent/1.1 (+https://developers.facebook.com/docs/sharing/webmasters/crawler)"
2a03:2880:f800:8:: - - [23/Feb/2026:12:48:11 +0000] "GET /mybookie-added-bonus-codes-every-day-promotions-jan-mr-bet-deutschland-casino-2026/ HTTP/1.1" 301 178 "-" "meta-externalagent/1.1 (+https://developers.facebook.com/docs/sharing/webmasters/crawler)"
172.187.168.139 - - [23/Feb/2026:12:50:55 +0000] "POST /wp-cron.php?doing_wp_cron=1771851055.0368030071258544921875 HTTP/1.1" 200 31 "-" "WordPress/6.9; https://mentoring-wp.dreamsmarketplace.com"
216.244.66.236 - - [23/Feb/2026:12:50:55 +0000] "GET /?p=4232 HTTP/1.1" 404 10909 "-" "Mozilla/5.0 (compatible; DotBot/1.2; +https://opensiteexplorer.org/dotbot; [email protected])"
2a03:2880:f800:f:: - - [23/Feb/2026:12:51:56 +0000] "GET /betway-on-line-two-tribes-slot-machine-casino-review-2025-are-betway-gambling-enterprise-legit/ HTTP/1.1" 301 178 "-" "meta-externalagent/1.1 (+https://developers.facebook.com/docs/sharing/webmasters/crawler)"
2a03:2880:f800:12:: - - [23/Feb/2026:12:52:10 +0000] "GET /utlandska-casino-2025-finna-ultimat-online-casino-no-deposit-vulkan-vegas-casinon-utomlands/ HTTP/1.1" 301 178 "-" "meta-externalagent/1.1 (+https://developers.facebook.com/docs/sharing/webmasters/crawler)"
2a03:2880:f800:40:: - - [23/Feb/2026:12:53:13 +0000] "GET /freispiele-exklusive-einzahlung-ho-ho-ho-1-kaution-2026-nachfolgende-besten-free-spins-angebote/ HTTP/1.1" 301 178 "-" "meta-externalagent/1.1 (+https://developers.facebook.com/docs/sharing/webmasters/crawler)"
2001:bc8:1da0:1e:da5e:d3ff:fe6f:dc87 - - [23/Feb/2026:12:53:27 +0000] "GET /wp-content/uploads/2022/01/path-img6.jpg HTTP/1.1" 301 178 "https://lxdguild.in/" "Mozilla/5.0 (X11; Linux x86_64) AppleWebKit/537.36 (KHTML, like Gecko) Chrome/134.0.0.0 Safari/537.3"
2001:bc8:1da0:1e:da5e:d3ff:fe6f:dc87 - - [23/Feb/2026:12:53:27 +0000] "GET /wp-content/uploads/2022/01/path-img3.jpg HTTP/1.1" 301 178 "https://lxdguild.in/" "Mozilla/5.0 (X11; Linux x86_64) AppleWebKit/537.36 (KHTML, like Gecko) Chrome/134.0.0.0 Safari/537.3"
2001:bc8:1da0:1e:da5e:d3ff:fe6f:dc87 - - [23/Feb/2026:12:53:27 +0000] "GET /wp-content/uploads/2022/01/path-img2.jpg HTTP/1.1" 301 178 "https://lxdguild.in/" "Mozilla/5.0 (X11; Linux x86_64) AppleWebKit/537.36 (KHTML, like Gecko) Chrome/134.0.0.0 Safari/537.3"
2001:bc8:1da0:1e:da5e:d3ff:fe6f:dc87 - - [23/Feb/2026:12:53:27 +0000] "GET /wp-content/uploads/2021/09/path-img2.jpg HTTP/1.1" 301 178 "https://lxdguild.in/" "Mozilla/5.0 (X11; Linux x86_64) AppleWebKit/537.36 (KHTML, like Gecko) Chrome/134.0.0.0 Safari/537.3"
2001:bc8:1da0:1e:da5e:d3ff:fe6f:dc87 - - [23/Feb/2026:12:53:27 +0000] "GET /wp-content/uploads/2022/01/path-img4.jpg HTTP/1.1" 301 178 "https://lxdguild.in/" "Mozilla/5.0 (X11; Linux x86_64) AppleWebKit/537.36 (KHTML, like Gecko) Chrome/134.0.0.0 Safari/537.3"
2001:bc8:1da0:1e:da5e:d3ff:fe6f:dc87 - - [23/Feb/2026:12:53:28 +0000] "GET /wp-content/uploads/2022/01/path-img5.jpg HTTP/1.1" 301 178 "https://lxdguild.in/" "Mozilla/5.0 (X11; Linux x86_64) AppleWebKit/537.36 (KHTML, like Gecko) Chrome/134.0.0.0 Safari/537.3"
2001:bc8:1da0:1e:da5e:d3ff:fe6f:dc87 - - [23/Feb/2026:12:53:28 +0000] "GET /wp-content/uploads/2022/01/path-img8.jpg HTTP/1.1" 301 178 "https://lxdguild.in/" "Mozilla/5.0 (X11; Linux x86_64) AppleWebKit/537.36 (KHTML, like Gecko) Chrome/134.0.0.0 Safari/537.3"
2001:bc8:1da0:1e:da5e:d3ff:fe6f:dc87 - - [23/Feb/2026:12:53:28 +0000] "GET /wp-content/uploads/2022/01/path-img7.jpg HTTP/1.1" 301 178 "https://lxdguild.in/" "Mozilla/5.0 (X11; Linux x86_64) AppleWebKit/537.36 (KHTML, like Gecko) Chrome/134.0.0.0 Safari/537.3"
2001:bc8:1da0:1e:da5e:d3ff:fe6f:dc87 - - [23/Feb/2026:12:53:28 +0000] "GET /wp-content/uploads/2022/01/path-img2.jpg HTTP/1.1" 200 58574 "https://lxdguild.in/" "Mozilla/5.0 (X11; Linux x86_64) AppleWebKit/537.36 (KHTML, like Gecko) Chrome/134.0.0.0 Safari/537.3"
2001:bc8:1da0:1e:da5e:d3ff:fe6f:dc87 - - [23/Feb/2026:12:53:28 +0000] "GET /wp-content/uploads/2022/01/path-img3.jpg HTTP/1.1" 200 66561 "https://lxdguild.in/" "Mozilla/5.0 (X11; Linux x86_64) AppleWebKit/537.36 (KHTML, like Gecko) Chrome/134.0.0.0 Safari/537.3"
2001:bc8:1da0:1e:da5e:d3ff:fe6f:dc87 - - [23/Feb/2026:12:53:28 +0000] "GET /wp-content/uploads/2022/01/path-img6.jpg HTTP/1.1" 200 88789 "https://lxdguild.in/" "Mozilla/5.0 (X11; Linux x86_64) AppleWebKit/537.36 (KHTML, like Gecko) Chrome/134.0.0.0 Safari/537.3"
2001:bc8:1da0:1e:da5e:d3ff:fe6f:dc87 - - [23/Feb/2026:12:53:28 +0000] "GET /wp-content/uploads/2021/09/path-img2.jpg HTTP/1.1" 200 47275 "https://lxdguild.in/" "Mozilla/5.0 (X11; Linux x86_64) AppleWebKit/537.36 (KHTML, like Gecko) Chrome/134.0.0.0 Safari/537.3"
2001:bc8:1da0:1e:da5e:d3ff:fe6f:dc87 - - [23/Feb/2026:12:53:28 +0000] "GET /wp-content/uploads/2022/01/path-img4.jpg HTTP/1.1" 200 46497 "https://lxdguild.in/" "Mozilla/5.0 (X11; Linux x86_64) AppleWebKit/537.36 (KHTML, like Gecko) Chrome/134.0.0.0 Safari/537.3"
2001:bc8:1da0:1e:da5e:d3ff:fe6f:dc87 - - [23/Feb/2026:12:53:28 +0000] "GET /wp-content/uploads/2022/01/path-img5.jpg HTTP/1.1" 200 74200 "https://lxdguild.in/" "Mozilla/5.0 (X11; Linux x86_64) AppleWebKit/537.36 (KHTML, like Gecko) Chrome/134.0.0.0 Safari/537.3"
2001:bc8:1da0:1e:da5e:d3ff:fe6f:dc87 - - [23/Feb/2026:12:53:28 +0000] "GET /wp-content/uploads/2022/01/path-img8.jpg HTTP/1.1" 200 70600 "https://lxdguild.in/" "Mozilla/5.0 (X11; Linux x86_64) AppleWebKit/537.36 (KHTML, like Gecko) Chrome/134.0.0.0 Safari/537.3"
2001:bc8:1da0:1e:da5e:d3ff:fe6f:dc87 - - [23/Feb/2026:12:53:28 +0000] "GET /wp-content/uploads/2022/01/path-img7.jpg HTTP/1.1" 200 61032 "https://lxdguild.in/" "Mozilla/5.0 (X11; Linux x86_64) AppleWebKit/537.36 (KHTML, like Gecko) Chrome/134.0.0.0 Safari/537.3"
64.188.91.92 - - [23/Feb/2026:12:53:42 +0000] "GET /wp-content/plugins/order-delivery-date/readme.txt HTTP/1.1" 301 178 "-" "Mozilla/5.0 (Windows NT 10.0; Win64; x64) AppleWebKit/537.36 (KHTML, like Gecko) Chrome/131.0.0.0 Safari/537.36"
172.187.168.139 - - [23/Feb/2026:12:53:44 +0000] "POST /wp-cron.php?doing_wp_cron=1771851224.4240639209747314453125 HTTP/1.1" 200 31 "-" "WordPress/6.9; https://mentoring-wp.dreamsmarketplace.com"
64.188.91.92 - - [23/Feb/2026:12:53:44 +0000] "GET /wp-content/plugins/order-delivery-date/readme.txt HTTP/1.1" 404 10967 "https://mentoring-wp.dreamstechnologies.com/wp-content/plugins/order-delivery-date/readme.txt" "Mozilla/5.0 (Windows NT 10.0; Win64; x64) AppleWebKit/537.36 (KHTML, like Gecko) Chrome/131.0.0.0 Safari/537.36"
64.188.91.92 - - [23/Feb/2026:12:53:44 +0000] "GET /wp-content/plugins/wp-marketing-automations/readme.txt HTTP/1.1" 301 178 "-" "Mozilla/5.0 (Windows NT 10.0; Win64; x64) AppleWebKit/537.36 (KHTML, like Gecko) Chrome/131.0.0.0 Safari/537.36"
172.187.168.139 - - [23/Feb/2026:12:53:46 +0000] "POST /wp-cron.php?doing_wp_cron=1771851226.0281779766082763671875 HTTP/1.1" 200 31 "-" "WordPress/6.9; https://mentoring-wp.dreamsmarketplace.com"
64.188.91.92 - - [23/Feb/2026:12:53:46 +0000] "GET /wp-content/plugins/wp-marketing-automations/readme.txt HTTP/1.1" 404 10962 "https://mentoring-wp.dreamstechnologies.com/wp-content/plugins/wp-marketing-automations/readme.txt" "Mozilla/5.0 (Windows NT 10.0; Win64; x64) AppleWebKit/537.36 (KHTML, like Gecko) Chrome/131.0.0.0 Safari/537.36"
2a03:2880:f800:8:: - - [23/Feb/2026:12:53:56 +0000] "GET /fylde-online-spilleban-bonuses-2025-get-4500-slot-baywatch-bonus-spins/ HTTP/1.1" 301 178 "-" "meta-externalagent/1.1 (+https://developers.facebook.com/docs/sharing/webmasters/crawler)"
2a03:2880:f800:11:: - - [23/Feb/2026:12:54:35 +0000] "GET /online-spielsaal-pramie-ohne-einzahlung-fix-2026/ HTTP/1.1" 301 178 "-" "meta-externalagent/1.1 (+https://developers.facebook.com/docs/sharing/webmasters/crawler)"
103.219.169.214 - - [23/Feb/2026:12:54:53 +0000] "POST /xmlrpc.php HTTP/1.1" 301 178 "-" "Mozilla/5.0 (Windows NT 10.0; Win64; x64) AppleWebKit/537.36 (KHTML, like Gecko) Chrome/114.0.0.0 Safari/537.36"
2a03:2880:f800:8:: - - [23/Feb/2026:12:54:55 +0000] "GET /currency-spinner-immediate-winnings-online-game-white-rabbit-5-deposit-go-for-online/ HTTP/1.1" 301 178 "-" "meta-externalagent/1.1 (+https://developers.facebook.com/docs/sharing/webmasters/crawler)"
172.187.168.139 - - [23/Feb/2026:12:54:57 +0000] "POST /wp-cron.php?doing_wp_cron=1771851297.0368919372558593750000 HTTP/1.1" 200 31 "-" "WordPress/6.9; https://mentoring-wp.dreamsmarketplace.com"
103.219.169.214 - - [23/Feb/2026:12:54:57 +0000] "GET /xmlrpc.php HTTP/1.1" 405 53 "-" "Mozilla/5.0 (Windows NT 10.0; Win64; x64) AppleWebKit/537.36 (KHTML, like Gecko) Chrome/114.0.0.0 Safari/537.36"
103.219.169.214 - - [23/Feb/2026:12:55:00 +0000] "POST /xmlrpc.php HTTP/1.1" 301 178 "-" "Mozilla/5.0 (Windows NT 10.0; Win64; x64) AppleWebKit/537.36 (KHTML, like Gecko) Chrome/114.0.0.0 Safari/537.36"
172.187.168.139 - - [23/Feb/2026:12:55:07 +0000] "POST /wp-cron.php?doing_wp_cron=1771851307.0239229202270507812500 HTTP/1.1" 200 31 "-" "WordPress/6.9; https://mentoring-wp.dreamsmarketplace.com"
103.219.169.214 - - [23/Feb/2026:12:55:07 +0000] "GET /xmlrpc.php HTTP/1.1" 405 53 "-" "Mozilla/5.0 (Windows NT 10.0; Win64; x64) AppleWebKit/537.36 (KHTML, like Gecko) Chrome/114.0.0.0 Safari/537.36"
2a03:2880:f800:7:: - - [23/Feb/2026:12:55:12 +0000] "GET /50-freispiele-ohne-einzahlung-vulkanbet-casino-promo-code-2025-fix-erhaltlich-topliste/ HTTP/1.1" 301 178 "-" "meta-externalagent/1.1 (+https://developers.facebook.com/docs/sharing/webmasters/crawler)"
113.170.81.196 - - [23/Feb/2026:12:55:39 +0000] "GET /mentors/ruby-perrin/page/5/ HTTP/1.1" 301 178 "-" "Mozilla/5.0 (Windows NT 6.1; Win64; x64) AppleWebKit/537.36 (KHTML, like Gecko) Brave Chrome/90.0.4430.72 Safari/537.36"
172.187.168.139 - - [23/Feb/2026:12:55:42 +0000] "POST /wp-cron.php?doing_wp_cron=1771851342.2683990001678466796875 HTTP/1.1" 200 31 "-" "WordPress/6.9; https://mentoring-wp.dreamsmarketplace.com"
14.191.82.178 - - [23/Feb/2026:12:55:42 +0000] "GET /mentors/ruby-perrin/page/5/ HTTP/1.1" 404 10933 "-" "Mozilla/5.0 (Windows NT 6.1; Win64; x64) AppleWebKit/537.36 (KHTML, like Gecko) Brave Chrome/90.0.4430.72 Safari/537.36"
2a03:2880:f800:33:: - - [23/Feb/2026:12:55:48 +0000] "GET /greatest-five-hundred-free-spins-on-white-rabbit-gambling-enterprise-added-bonus-also-provides-inside-2025-500-percent-deposit-bonuses/ HTTP/1.1" 301 178 "-" "meta-externalagent/1.1 (+https://developers.facebook.com/docs/sharing/webmasters/crawler)"
2a03:2880:f800:7:: - - [23/Feb/2026:12:56:44 +0000] "GET /finest-cellular-casino-programs-cobber-casino-friday-bonus-2026/ HTTP/1.1" 301 178 "-" "meta-externalagent/1.1 (+https://developers.facebook.com/docs/sharing/webmasters/crawler)"
2a03:2880:f800:3e:: - - [23/Feb/2026:12:56:59 +0000] "GET /spielsaal-freispiele-exklusive-hugo-spielbank-willkommensbonus-einzahlung-2025-freespinsaktuell-im-lesen-sie-den-artikel-monat-der-wintersonnenwende/ HTTP/1.1" 301 178 "-" "meta-externalagent/1.1 (+https://developers.facebook.com/docs/sharing/webmasters/crawler)"
2a03:2880:f800:10:: - - [23/Feb/2026:13:00:18 +0000] "GET /tagesordnungspunkt-25-spielsaal-provision-exklusive-einzahlung-2025-within-land-der-dichter-und-denker/ HTTP/1.1" 301 178 "-" "meta-externalagent/1.1 (+https://developers.facebook.com/docs/sharing/webmasters/crawler)"
2a03:2880:f800:2d:: - - [23/Feb/2026:13:00:19 +0000] "GET /betsafe-free-revolves-bonus-no-deposit-unlock-exciting-position-incentives/ HTTP/1.1" 301 178 "-" "meta-externalagent/1.1 (+https://developers.facebook.com/docs/sharing/webmasters/crawler)"
2a03:2880:f800:5:: - - [23/Feb/2026:13:00:37 +0000] "GET /24bettle-review-2026-incentives-spins-promo-code-for-casinos4u-casino-online-game/ HTTP/1.1" 301 178 "-" "meta-externalagent/1.1 (+https://developers.facebook.com/docs/sharing/webmasters/crawler)"
2a03:2880:f800:3:: - - [23/Feb/2026:13:01:52 +0000] "GET /netbet-uk-remark-added-bonus-2025-is-casino-land-bonus-codes-actually-netbet-secure/ HTTP/1.1" 301 178 "-" "meta-externalagent/1.1 (+https://developers.facebook.com/docs/sharing/webmasters/crawler)"
113.188.131.137 - - [23/Feb/2026:13:02:53 +0000] "GET /spielbank-freispiele-ohne-einzahlung-auf-spielen-sie-eye-of-horus-slot-anhieb-erhaltlich-2025/ HTTP/1.1" 301 178 "-" "Mozilla/5.0 (Windows NT 6.1; WOW64) AppleWebKit/537.36 (KHTML, like Gecko) Chrome/90.0.4430.93 Safari/537.36"
172.187.168.139 - - [23/Feb/2026:13:02:55 +0000] "POST /wp-cron.php?doing_wp_cron=1771851775.5259959697723388671875 HTTP/1.1" 200 31 "-" "WordPress/6.9; https://mentoring-wp.dreamsmarketplace.com"
14.227.108.60 - - [23/Feb/2026:13:02:55 +0000] "GET /spielbank-freispiele-ohne-einzahlung-auf-spielen-sie-eye-of-horus-slot-anhieb-erhaltlich-2025/ HTTP/1.1" 404 10979 "-" "Mozilla/5.0 (Windows NT 6.1; WOW64) AppleWebKit/537.36 (KHTML, like Gecko) Chrome/90.0.4430.93 Safari/537.36"
128.1.179.114 - - [23/Feb/2026:13:04:41 +0000] "POST /xmlrpc.php HTTP/1.1" 301 178 "-" "Mozilla/5.0 (Windows NT 10.0; Win64; x64) AppleWebKit/537.36 (KHTML, like Gecko) Chrome/114.0.0.0 Safari/537.36"
172.187.168.139 - - [23/Feb/2026:13:04:44 +0000] "POST /wp-cron.php?doing_wp_cron=1771851884.1407330036163330078125 HTTP/1.1" 200 31 "-" "WordPress/6.9; https://mentoring-wp.dreamsmarketplace.com"
128.1.179.114 - - [23/Feb/2026:13:04:44 +0000] "GET /xmlrpc.php HTTP/1.1" 405 53 "-" "Mozilla/5.0 (Windows NT 10.0; Win64; x64) AppleWebKit/537.36 (KHTML, like Gecko) Chrome/114.0.0.0 Safari/537.36"
128.1.179.114 - - [23/Feb/2026:13:04:46 +0000] "POST /xmlrpc.php HTTP/1.1" 301 178 "-" "Mozilla/5.0 (Windows NT 10.0; Win64; x64) AppleWebKit/537.36 (KHTML, like Gecko) Chrome/114.0.0.0 Safari/537.36"
172.187.168.139 - - [23/Feb/2026:13:04:47 +0000] "POST /wp-cron.php?doing_wp_cron=1771851887.9462668895721435546875 HTTP/1.1" 200 31 "-" "WordPress/6.9; https://mentoring-wp.dreamsmarketplace.com"
128.1.179.114 - - [23/Feb/2026:13:04:48 +0000] "GET /xmlrpc.php HTTP/1.1" 405 53 "-" "Mozilla/5.0 (Windows NT 10.0; Win64; x64) AppleWebKit/537.36 (KHTML, like Gecko) Chrome/114.0.0.0 Safari/537.36"
2a03:2880:f800:23:: - - [23/Feb/2026:13:05:25 +0000] "GET /velkomstbonus-som-danmark-2025-garage-slot-vedga-spilleban-velkomstbonusser-herti/ HTTP/1.1" 301 178 "-" "meta-externalagent/1.1 (+https://developers.facebook.com/docs/sharing/webmasters/crawler)"
129.227.39.119 - - [23/Feb/2026:13:06:23 +0000] "POST /xmlrpc.php HTTP/1.1" 301 178 "-" "Mozilla/5.0 (Windows NT 10.0; Win64; x64) AppleWebKit/537.36 (KHTML, like Gecko) Chrome/114.0.0.0 Safari/537.36"
172.187.168.139 - - [23/Feb/2026:13:06:26 +0000] "POST /wp-cron.php?doing_wp_cron=1771851986.3079280853271484375000 HTTP/1.1" 200 31 "-" "WordPress/6.9; https://mentoring-wp.dreamsmarketplace.com"
129.227.39.119 - - [23/Feb/2026:13:06:26 +0000] "GET /xmlrpc.php HTTP/1.1" 405 53 "-" "Mozilla/5.0 (Windows NT 10.0; Win64; x64) AppleWebKit/537.36 (KHTML, like Gecko) Chrome/114.0.0.0 Safari/537.36"
129.227.39.119 - - [23/Feb/2026:13:06:27 +0000] "POST /xmlrpc.php HTTP/1.1" 301 178 "-" "Mozilla/5.0 (Windows NT 10.0; Win64; x64) AppleWebKit/537.36 (KHTML, like Gecko) Chrome/114.0.0.0 Safari/537.36"
172.187.168.139 - - [23/Feb/2026:13:06:29 +0000] "POST /wp-cron.php?doing_wp_cron=1771851989.8019020557403564453125 HTTP/1.1" 200 31 "-" "WordPress/6.9; https://mentoring-wp.dreamsmarketplace.com"
129.227.39.119 - - [23/Feb/2026:13:06:29 +0000] "GET /xmlrpc.php HTTP/1.1" 405 53 "-" "Mozilla/5.0 (Windows NT 10.0; Win64; x64) AppleWebKit/537.36 (KHTML, like Gecko) Chrome/114.0.0.0 Safari/537.36"
31.40.215.236 - mentoring_admin [23/Feb/2026:13:07:37 +0000] "GET /wp-json/wp/v2/pages HTTP/1.1" 301 178 "-" "python-requests/2.32.3"
172.187.168.139 - - [23/Feb/2026:13:07:39 +0000] "POST /wp-cron.php?doing_wp_cron=1771852059.5648388862609863281250 HTTP/1.1" 200 31 "-" "WordPress/6.9; https://mentoring-wp.dreamsmarketplace.com"
31.40.215.236 - - [23/Feb/2026:13:07:39 +0000] "GET /wp-json/wp/v2/pages HTTP/1.1" 200 58710 "-" "python-requests/2.32.3"
31.40.215.236 - mentoring_admin [23/Feb/2026:13:07:39 +0000] "GET /wp-json/wp/v2/settings HTTP/1.1" 301 178 "-" "python-requests/2.32.3"
172.187.168.139 - - [23/Feb/2026:13:07:41 +0000] "POST /wp-cron.php?doing_wp_cron=1771852061.2902419567108154296875 HTTP/1.1" 200 31 "-" "WordPress/6.9; https://mentoring-wp.dreamsmarketplace.com"
31.40.215.236 - - [23/Feb/2026:13:07:41 +0000] "GET /wp-json/wp/v2/settings HTTP/1.1" 401 109 "-" "python-requests/2.32.3"
31.40.215.236 - mentoring_admin [23/Feb/2026:13:07:44 +0000] "GET /wp-json/wp/v2/pages HTTP/1.1" 301 178 "-" "python-requests/2.32.3"
172.187.168.139 - - [23/Feb/2026:13:07:46 +0000] "POST /wp-cron.php?doing_wp_cron=1771852066.2767989635467529296875 HTTP/1.1" 200 31 "-" "WordPress/6.9; https://mentoring-wp.dreamsmarketplace.com"
31.40.215.236 - - [23/Feb/2026:13:07:46 +0000] "GET /wp-json/wp/v2/pages HTTP/1.1" 200 58710 "-" "python-requests/2.32.3"
31.40.215.236 - mentoring_admin [23/Feb/2026:13:07:46 +0000] "POST /wp-json/wp/v2/pages/4560 HTTP/1.1" 301 178 "-" "python-requests/2.32.3"
172.187.168.139 - - [23/Feb/2026:13:07:48 +0000] "POST /wp-cron.php?doing_wp_cron=1771852068.0288219451904296875000 HTTP/1.1" 200 31 "-" "WordPress/6.9; https://mentoring-wp.dreamsmarketplace.com"
31.40.215.236 - - [23/Feb/2026:13:07:48 +0000] "GET /wp-json/wp/v2/pages/4560 HTTP/1.1" 200 19794 "-" "python-requests/2.32.3"
2a03:2880:f800:43:: - - [23/Feb/2026:13:08:09 +0000] "GET /slot-mega-balado-joaca-de-bani-ho-ho-ho-recenzie-pentru-jocuri-de-sloturi-online/ HTTP/1.1" 301 178 "-" "meta-externalagent/1.1 (+https://developers.facebook.com/docs/sharing/webmasters/crawler)"
2a03:2880:f800:24:: - - [23/Feb/2026:13:08:32 +0000] "GET /50-freispiele-blos-einzahlung-inoffizieller-keine-einzahlungsbonuscodes-online-casino-mitarbeiter-2026-sofort-zuganglich/ HTTP/1.1" 301 178 "-" "meta-externalagent/1.1 (+https://developers.facebook.com/docs/sharing/webmasters/crawler)"
31.40.215.236 - mentoring_admin [23/Feb/2026:13:09:09 +0000] "GET /wp-json/wp/v2/pages HTTP/1.1" 301 178 "-" "python-requests/2.32.3"
172.187.168.139 - - [23/Feb/2026:13:09:11 +0000] "POST /wp-cron.php?doing_wp_cron=1771852151.2467939853668212890625 HTTP/1.1" 200 31 "-" "WordPress/6.9; https://mentoring-wp.dreamsmarketplace.com"
31.40.215.236 - - [23/Feb/2026:13:09:11 +0000] "GET /wp-json/wp/v2/pages HTTP/1.1" 200 58710 "-" "python-requests/2.32.3"
31.40.215.236 - mentoring_admin [23/Feb/2026:13:09:12 +0000] "GET /wp-json/wp/v2/settings HTTP/1.1" 301 178 "-" "python-requests/2.32.3"
172.187.168.139 - - [23/Feb/2026:13:09:13 +0000] "POST /wp-cron.php?doing_wp_cron=1771852153.7813749313354492187500 HTTP/1.1" 200 31 "-" "WordPress/6.9; https://mentoring-wp.dreamsmarketplace.com"
31.40.215.236 - - [23/Feb/2026:13:09:13 +0000] "GET /wp-json/wp/v2/settings HTTP/1.1" 401 109 "-" "python-requests/2.32.3"
31.40.215.236 - mentoring_admin [23/Feb/2026:13:09:14 +0000] "GET /wp-json/wp/v2/pages HTTP/1.1" 301 178 "-" "python-requests/2.32.3"
172.187.168.139 - - [23/Feb/2026:13:09:16 +0000] "POST /wp-cron.php?doing_wp_cron=1771852155.9685869216918945312500 HTTP/1.1" 200 31 "-" "WordPress/6.9; https://mentoring-wp.dreamsmarketplace.com"
31.40.215.236 - - [23/Feb/2026:13:09:16 +0000] "GET /wp-json/wp/v2/pages HTTP/1.1" 200 58710 "-" "python-requests/2.32.3"
31.40.215.236 - mentoring_admin [23/Feb/2026:13:09:16 +0000] "POST /wp-json/wp/v2/pages/4560 HTTP/1.1" 301 178 "-" "python-requests/2.32.3"
172.187.168.139 - - [23/Feb/2026:13:09:17 +0000] "POST /wp-cron.php?doing_wp_cron=1771852157.8386459350585937500000 HTTP/1.1" 200 31 "-" "WordPress/6.9; https://mentoring-wp.dreamsmarketplace.com"
31.40.215.236 - - [23/Feb/2026:13:09:17 +0000] "GET /wp-json/wp/v2/pages/4560 HTTP/1.1" 200 19794 "-" "python-requests/2.32.3"
2a03:2880:f800:36:: - - [23/Feb/2026:13:10:02 +0000] "GET /free-spins-free-spins-on-lucky-tree-incentives-united-states-of-america-2025-no-deposit-a-real-income-offers/ HTTP/1.1" 301 178 "-" "meta-externalagent/1.1 (+https://developers.facebook.com/docs/sharing/webmasters/crawler)"
31.40.215.236 - mentoring_admin [23/Feb/2026:13:10:04 +0000] "GET /wp-json/wp/v2/pages HTTP/1.1" 301 178 "-" "python-requests/2.32.3"
172.187.168.139 - - [23/Feb/2026:13:10:05 +0000] "POST /wp-cron.php?doing_wp_cron=1771852205.8748240470886230468750 HTTP/1.1" 200 31 "-" "WordPress/6.9; https://mentoring-wp.dreamsmarketplace.com"
31.40.215.236 - - [23/Feb/2026:13:10:05 +0000] "GET /wp-json/wp/v2/pages HTTP/1.1" 200 58710 "-" "python-requests/2.32.3"
31.40.215.236 - mentoring_admin [23/Feb/2026:13:10:06 +0000] "GET /wp-json/wp/v2/settings HTTP/1.1" 301 178 "-" "python-requests/2.32.3"
172.187.168.139 - - [23/Feb/2026:13:10:07 +0000] "POST /wp-cron.php?doing_wp_cron=1771852207.6071538925170898437500 HTTP/1.1" 200 31 "-" "WordPress/6.9; https://mentoring-wp.dreamsmarketplace.com"
31.40.215.236 - - [23/Feb/2026:13:10:07 +0000] "GET /wp-json/wp/v2/settings HTTP/1.1" 401 109 "-" "python-requests/2.32.3"
31.40.215.236 - mentoring_admin [23/Feb/2026:13:10:08 +0000] "GET /wp-json/wp/v2/pages HTTP/1.1" 301 178 "-" "python-requests/2.32.3"
2a03:2880:f800:3b:: - - [23/Feb/2026:13:10:08 +0000] "GET /caesars-palace-casino-promo-password-ten-free-added-bonus-december-goldbet-casino-promo-2025/ HTTP/1.1" 301 178 "-" "meta-externalagent/1.1 (+https://developers.facebook.com/docs/sharing/webmasters/crawler)"
172.187.168.139 - - [23/Feb/2026:13:10:09 +0000] "POST /wp-cron.php?doing_wp_cron=1771852209.4468688964843750000000 HTTP/1.1" 200 31 "-" "WordPress/6.9; https://mentoring-wp.dreamsmarketplace.com"
31.40.215.236 - - [23/Feb/2026:13:10:09 +0000] "GET /wp-json/wp/v2/pages HTTP/1.1" 200 58710 "-" "python-requests/2.32.3"
31.40.215.236 - mentoring_admin [23/Feb/2026:13:10:09 +0000] "POST /wp-json/wp/v2/pages/4560 HTTP/1.1" 301 178 "-" "python-requests/2.32.3"
172.187.168.139 - - [23/Feb/2026:13:10:11 +0000] "POST /wp-cron.php?doing_wp_cron=1771852211.2179439067840576171875 HTTP/1.1" 200 31 "-" "WordPress/6.9; https://mentoring-wp.dreamsmarketplace.com"
31.40.215.236 - - [23/Feb/2026:13:10:11 +0000] "GET /wp-json/wp/v2/pages/4560 HTTP/1.1" 200 19794 "-" "python-requests/2.32.3"
2a03:2880:f800:7:: - - [23/Feb/2026:13:10:18 +0000] "GET /100-freispiele-blos-einzahlung-traktandum-angebote-cobber-casino-wett-app-2026/ HTTP/1.1" 301 178 "-" "meta-externalagent/1.1 (+https://developers.facebook.com/docs/sharing/webmasters/crawler)"
128.1.179.147 - - [23/Feb/2026:13:10:34 +0000] "POST /xmlrpc.php HTTP/1.1" 301 178 "-" "Mozilla/5.0 (Windows NT 10.0; Win64; x64) AppleWebKit/537.36 (KHTML, like Gecko) Chrome/114.0.0.0 Safari/537.36"
172.187.168.139 - - [23/Feb/2026:13:10:37 +0000] "POST /wp-cron.php?doing_wp_cron=1771852237.0973069667816162109375 HTTP/1.1" 200 31 "-" "WordPress/6.9; https://mentoring-wp.dreamsmarketplace.com"
