103.186.31.45 - - [23/Feb/2026:17:39:41 +0000] "GET /xmlrpc.php HTTP/1.1" 405 53 "https://www.google.com/" "Mozilla/5.0 (Windows NT 10.0; Win64; x64) AppleWebKit/537.36 (KHTML, like Gecko) Chrome/91.0.4472.124 Safari/537.36"
103.186.31.45 - - [23/Feb/2026:17:39:41 +0000] "GET /administrator/index.php HTTP/1.1" 301 178 "https://www.google.com/" "Mozilla/5.0 (Windows NT 10.0; Win64; x64) AppleWebKit/537.36 (KHTML, like Gecko) Chrome/91.0.4472.124 Safari/537.36"
103.186.31.45 - - [23/Feb/2026:17:39:42 +0000] "GET /administrator/index.php HTTP/1.1" 404 196 "https://www.google.com/" "Mozilla/5.0 (Windows NT 10.0; Win64; x64) AppleWebKit/537.36 (KHTML, like Gecko) Chrome/91.0.4472.124 Safari/537.36"
103.186.31.45 - - [23/Feb/2026:17:40:40 +0000] "HEAD / HTTP/1.1" 301 0 "https://mentoring-wp.dreamstechnologies.com/" "Mozilla/5.0 (Windows NT 10.0; Win64; x64) AppleWebKit/537.36 (KHTML, like Gecko) Chrome/91.0.4472.124 Safari/537.36"
172.187.168.139 - - [23/Feb/2026:17:40:41 +0000] "POST /wp-cron.php?doing_wp_cron=1771868441.6229109764099121093750 HTTP/1.1" 200 31 "-" "WordPress/6.9; https://mentoring-wp.dreamsmarketplace.com"
103.186.31.45 - - [23/Feb/2026:17:40:41 +0000] "HEAD / HTTP/1.1" 200 0 "https://mentoring-wp.dreamstechnologies.com/" "Mozilla/5.0 (Windows NT 10.0; Win64; x64) AppleWebKit/537.36 (KHTML, like Gecko) Chrome/91.0.4472.124 Safari/537.36"
103.186.31.45 - - [23/Feb/2026:17:40:42 +0000] "HEAD / HTTP/1.1" 301 0 "https://mentoring-wp.dreamstechnologies.com/" "Mozilla/5.0 (Windows NT 10.0; Win64; x64) AppleWebKit/537.36 (KHTML, like Gecko) Chrome/91.0.4472.124 Safari/537.36"
172.187.168.139 - - [23/Feb/2026:17:40:44 +0000] "POST /wp-cron.php?doing_wp_cron=1771868444.0393009185791015625000 HTTP/1.1" 200 31 "-" "WordPress/6.9; https://mentoring-wp.dreamsmarketplace.com"
103.186.31.45 - - [23/Feb/2026:17:40:44 +0000] "HEAD / HTTP/1.1" 200 0 "https://mentoring-wp.dreamstechnologies.com/" "Mozilla/5.0 (Windows NT 10.0; Win64; x64) AppleWebKit/537.36 (KHTML, like Gecko) Chrome/91.0.4472.124 Safari/537.36"
103.186.31.45 - - [23/Feb/2026:17:40:44 +0000] "POST /wp-login.php HTTP/1.1" 301 178 "https://www.google.com/" "Mozilla/5.0 (Windows NT 10.0; Win64; x64) AppleWebKit/537.36 (KHTML, like Gecko) Chrome/91.0.4472.124 Safari/537.36"
172.187.168.139 - - [23/Feb/2026:17:40:46 +0000] "POST /wp-cron.php?doing_wp_cron=1771868446.2452011108398437500000 HTTP/1.1" 200 31 "-" "WordPress/6.9; https://mentoring-wp.dreamsmarketplace.com"
103.186.31.45 - - [23/Feb/2026:17:40:46 +0000] "GET /wp-login.php HTTP/1.1" 200 2470 "https://www.google.com/" "Mozilla/5.0 (Windows NT 10.0; Win64; x64) AppleWebKit/537.36 (KHTML, like Gecko) Chrome/91.0.4472.124 Safari/537.36"
103.186.31.45 - - [23/Feb/2026:17:40:46 +0000] "POST /wp-login.php HTTP/1.1" 301 178 "https://mentoring-wp.dreamstechnologies.com/wp-admin/" "Mozilla/5.0 (Windows NT 10.0; Win64; x64) AppleWebKit/537.36 (KHTML, like Gecko) Chrome/90.0.4430.85 Safari/537.36"
172.187.168.139 - - [23/Feb/2026:17:40:48 +0000] "POST /wp-cron.php?doing_wp_cron=1771868448.3883590698242187500000 HTTP/1.1" 200 31 "-" "WordPress/6.9; https://mentoring-wp.dreamsmarketplace.com"
103.186.31.45 - - [23/Feb/2026:17:40:48 +0000] "GET /wp-login.php HTTP/1.1" 200 2470 "https://mentoring-wp.dreamstechnologies.com/wp-admin/" "Mozilla/5.0 (Windows NT 10.0; Win64; x64) AppleWebKit/537.36 (KHTML, like Gecko) Chrome/90.0.4430.85 Safari/537.36"
103.186.31.45 - - [23/Feb/2026:17:40:48 +0000] "GET /wp-admin/ HTTP/1.1" 301 178 "https://www.google.com/" "Mozilla/5.0 (Windows NT 10.0; Win64; x64) AppleWebKit/537.36 (KHTML, like Gecko) Chrome/91.0.4472.124 Safari/537.36"
172.187.168.139 - - [23/Feb/2026:17:40:49 +0000] "POST /wp-cron.php?doing_wp_cron=1771868449.7852070331573486328125 HTTP/1.1" 200 31 "-" "WordPress/6.9; https://mentoring-wp.dreamsmarketplace.com"
103.186.31.45 - - [23/Feb/2026:17:40:49 +0000] "GET /wp-admin/ HTTP/1.1" 302 5 "https://www.google.com/" "Mozilla/5.0 (Windows NT 10.0; Win64; x64) AppleWebKit/537.36 (KHTML, like Gecko) Chrome/91.0.4472.124 Safari/537.36"
172.187.168.139 - - [23/Feb/2026:17:40:51 +0000] "POST /wp-cron.php?doing_wp_cron=1771868451.3091859817504882812500 HTTP/1.1" 200 31 "-" "WordPress/6.9; https://mentoring-wp.dreamsmarketplace.com"
103.186.31.45 - - [23/Feb/2026:17:40:51 +0000] "GET /wp-login.php?redirect_to=https%3A%2F%2Fmentoring-wp.dreamsmarketplace.com%2Fwp-admin%2F&reauth=1 HTTP/1.1" 200 2477 "https://www.google.com/" "Mozilla/5.0 (Windows NT 10.0; Win64; x64) AppleWebKit/537.36 (KHTML, like Gecko) Chrome/91.0.4472.124 Safari/537.36"
103.186.31.45 - - [23/Feb/2026:17:40:52 +0000] "POST /xmlrpc.php HTTP/1.1" 301 178 "https://www.google.com/" "Mozilla/5.0 (Windows NT 10.0; Win64; x64) AppleWebKit/537.36 (KHTML, like Gecko) Chrome/91.0.4472.124 Safari/537.36"
172.187.168.139 - - [23/Feb/2026:17:40:53 +0000] "POST /wp-cron.php?doing_wp_cron=1771868453.2008728981018066406250 HTTP/1.1" 200 31 "-" "WordPress/6.9; https://mentoring-wp.dreamsmarketplace.com"
103.186.31.45 - - [23/Feb/2026:17:40:53 +0000] "GET /xmlrpc.php HTTP/1.1" 405 53 "https://www.google.com/" "Mozilla/5.0 (Windows NT 10.0; Win64; x64) AppleWebKit/537.36 (KHTML, like Gecko) Chrome/91.0.4472.124 Safari/537.36"
103.186.31.45 - - [23/Feb/2026:17:40:53 +0000] "GET /administrator/index.php HTTP/1.1" 301 178 "https://www.google.com/" "Mozilla/5.0 (Windows NT 10.0; Win64; x64) AppleWebKit/537.36 (KHTML, like Gecko) Chrome/91.0.4472.124 Safari/537.36"
103.186.31.45 - - [23/Feb/2026:17:40:54 +0000] "GET /administrator/index.php HTTP/1.1" 404 196 "https://www.google.com/" "Mozilla/5.0 (Windows NT 10.0; Win64; x64) AppleWebKit/537.36 (KHTML, like Gecko) Chrome/91.0.4472.124 Safari/537.36"
103.186.31.45 - - [23/Feb/2026:17:42:38 +0000] "HEAD / HTTP/1.1" 301 0 "https://mentoring-wp.dreamstechnologies.com/" "Mozilla/5.0 (Windows NT 10.0; Win64; x64) AppleWebKit/537.36 (KHTML, like Gecko) Chrome/91.0.4472.124 Safari/537.36"
172.187.168.139 - - [23/Feb/2026:17:42:40 +0000] "POST /wp-cron.php?doing_wp_cron=1771868560.6011929512023925781250 HTTP/1.1" 200 31 "-" "WordPress/6.9; https://mentoring-wp.dreamsmarketplace.com"
103.186.31.45 - - [23/Feb/2026:17:42:40 +0000] "HEAD / HTTP/1.1" 200 0 "https://mentoring-wp.dreamstechnologies.com/" "Mozilla/5.0 (Windows NT 10.0; Win64; x64) AppleWebKit/537.36 (KHTML, like Gecko) Chrome/91.0.4472.124 Safari/537.36"
103.186.31.45 - - [23/Feb/2026:17:42:41 +0000] "HEAD / HTTP/1.1" 301 0 "https://mentoring-wp.dreamstechnologies.com/" "Mozilla/5.0 (Windows NT 10.0; Win64; x64) AppleWebKit/537.36 (KHTML, like Gecko) Chrome/91.0.4472.124 Safari/537.36"
103.186.31.45 - - [23/Feb/2026:17:42:42 +0000] "HEAD / HTTP/1.1" 301 0 "https://mentoring-wp.dreamstechnologies.com/" "Mozilla/5.0 (Windows NT 10.0; Win64; x64) AppleWebKit/537.36 (KHTML, like Gecko) Chrome/91.0.4472.124 Safari/537.36"
172.187.168.139 - - [23/Feb/2026:17:42:42 +0000] "POST /wp-cron.php?doing_wp_cron=1771868562.9510219097137451171875 HTTP/1.1" 200 31 "-" "WordPress/6.9; https://mentoring-wp.dreamsmarketplace.com"
103.186.31.45 - - [23/Feb/2026:17:42:43 +0000] "HEAD / HTTP/1.1" 200 0 "https://mentoring-wp.dreamstechnologies.com/" "Mozilla/5.0 (Windows NT 10.0; Win64; x64) AppleWebKit/537.36 (KHTML, like Gecko) Chrome/91.0.4472.124 Safari/537.36"
103.186.31.45 - - [23/Feb/2026:17:42:43 +0000] "POST /wp-login.php HTTP/1.1" 301 178 "https://www.google.com/" "Mozilla/5.0 (Windows NT 10.0; Win64; x64) AppleWebKit/537.36 (KHTML, like Gecko) Chrome/91.0.4472.124 Safari/537.36"
172.187.168.139 - - [23/Feb/2026:17:42:44 +0000] "POST /wp-cron.php?doing_wp_cron=1771868564.2885599136352539062500 HTTP/1.1" 200 31 "-" "WordPress/6.9; https://mentoring-wp.dreamsmarketplace.com"
103.186.31.45 - - [23/Feb/2026:17:42:44 +0000] "HEAD / HTTP/1.1" 200 0 "https://mentoring-wp.dreamstechnologies.com/" "Mozilla/5.0 (Windows NT 10.0; Win64; x64) AppleWebKit/537.36 (KHTML, like Gecko) Chrome/91.0.4472.124 Safari/537.36"
103.186.31.45 - - [23/Feb/2026:17:42:45 +0000] "HEAD / HTTP/1.1" 301 0 "https://mentoring-wp.dreamstechnologies.com/" "Mozilla/5.0 (Windows NT 10.0; Win64; x64) AppleWebKit/537.36 (KHTML, like Gecko) Chrome/91.0.4472.124 Safari/537.36"
172.187.168.139 - - [23/Feb/2026:17:42:45 +0000] "POST /wp-cron.php?doing_wp_cron=1771868565.1389160156250000000000 HTTP/1.1" 200 31 "-" "WordPress/6.9; https://mentoring-wp.dreamsmarketplace.com"
103.186.31.45 - - [23/Feb/2026:17:42:45 +0000] "GET /wp-login.php HTTP/1.1" 200 2470 "https://www.google.com/" "Mozilla/5.0 (Windows NT 10.0; Win64; x64) AppleWebKit/537.36 (KHTML, like Gecko) Chrome/91.0.4472.124 Safari/537.36"
103.186.31.45 - - [23/Feb/2026:17:42:45 +0000] "POST /wp-login.php HTTP/1.1" 301 178 "https://mentoring-wp.dreamstechnologies.com/wp-admin/" "Mozilla/5.0 (Windows NT 10.0; Win64; x64) AppleWebKit/537.36 (KHTML, like Gecko) Chrome/90.0.4430.85 Safari/537.36"
172.187.168.139 - - [23/Feb/2026:17:42:46 +0000] "POST /wp-cron.php?doing_wp_cron=1771868566.5705399513244628906250 HTTP/1.1" 200 31 "-" "WordPress/6.9; https://mentoring-wp.dreamsmarketplace.com"
103.186.31.45 - - [23/Feb/2026:17:42:46 +0000] "HEAD / HTTP/1.1" 200 0 "https://mentoring-wp.dreamstechnologies.com/" "Mozilla/5.0 (Windows NT 10.0; Win64; x64) AppleWebKit/537.36 (KHTML, like Gecko) Chrome/91.0.4472.124 Safari/537.36"
172.187.168.139 - - [23/Feb/2026:17:42:46 +0000] "POST /wp-cron.php?doing_wp_cron=1771868566.8561809062957763671875 HTTP/1.1" 200 31 "-" "WordPress/6.9; https://mentoring-wp.dreamsmarketplace.com"
103.186.31.45 - - [23/Feb/2026:17:42:46 +0000] "GET /wp-login.php HTTP/1.1" 200 2470 "https://mentoring-wp.dreamstechnologies.com/wp-admin/" "Mozilla/5.0 (Windows NT 10.0; Win64; x64) AppleWebKit/537.36 (KHTML, like Gecko) Chrome/90.0.4430.85 Safari/537.36"
103.186.31.45 - - [23/Feb/2026:17:42:47 +0000] "GET /wp-admin/ HTTP/1.1" 301 178 "https://www.google.com/" "Mozilla/5.0 (Windows NT 10.0; Win64; x64) AppleWebKit/537.36 (KHTML, like Gecko) Chrome/91.0.4472.124 Safari/537.36"
103.186.31.45 - - [23/Feb/2026:17:42:47 +0000] "POST /wp-login.php HTTP/1.1" 301 178 "https://www.google.com/" "Mozilla/5.0 (Windows NT 10.0; Win64; x64) AppleWebKit/537.36 (KHTML, like Gecko) Chrome/91.0.4472.124 Safari/537.36"
172.187.168.139 - - [23/Feb/2026:17:42:48 +0000] "POST /wp-cron.php?doing_wp_cron=1771868568.2429571151733398437500 HTTP/1.1" 200 31 "-" "WordPress/6.9; https://mentoring-wp.dreamsmarketplace.com"
103.186.31.45 - - [23/Feb/2026:17:42:48 +0000] "GET /wp-admin/ HTTP/1.1" 302 5 "https://www.google.com/" "Mozilla/5.0 (Windows NT 10.0; Win64; x64) AppleWebKit/537.36 (KHTML, like Gecko) Chrome/91.0.4472.124 Safari/537.36"
172.187.168.139 - - [23/Feb/2026:17:42:49 +0000] "POST /wp-cron.php?doing_wp_cron=1771868569.1801099777221679687500 HTTP/1.1" 200 31 "-" "WordPress/6.9; https://mentoring-wp.dreamsmarketplace.com"
103.186.31.45 - - [23/Feb/2026:17:42:49 +0000] "GET /wp-login.php HTTP/1.1" 200 2470 "https://www.google.com/" "Mozilla/5.0 (Windows NT 10.0; Win64; x64) AppleWebKit/537.36 (KHTML, like Gecko) Chrome/91.0.4472.124 Safari/537.36"
103.186.31.45 - - [23/Feb/2026:17:42:49 +0000] "POST /wp-login.php HTTP/1.1" 301 178 "https://mentoring-wp.dreamstechnologies.com/wp-admin/" "Mozilla/5.0 (Windows NT 10.0; Win64; x64) AppleWebKit/537.36 (KHTML, like Gecko) Chrome/90.0.4430.85 Safari/537.36"
172.187.168.139 - - [23/Feb/2026:17:42:49 +0000] "POST /wp-cron.php?doing_wp_cron=1771868569.7491109371185302734375 HTTP/1.1" 200 31 "-" "WordPress/6.9; https://mentoring-wp.dreamsmarketplace.com"
103.186.31.45 - - [23/Feb/2026:17:42:49 +0000] "GET /wp-login.php?redirect_to=https%3A%2F%2Fmentoring-wp.dreamsmarketplace.com%2Fwp-admin%2F&reauth=1 HTTP/1.1" 200 2477 "https://www.google.com/" "Mozilla/5.0 (Windows NT 10.0; Win64; x64) AppleWebKit/537.36 (KHTML, like Gecko) Chrome/91.0.4472.124 Safari/537.36"
103.186.31.45 - - [23/Feb/2026:17:42:50 +0000] "POST /xmlrpc.php HTTP/1.1" 301 178 "https://www.google.com/" "Mozilla/5.0 (Windows NT 10.0; Win64; x64) AppleWebKit/537.36 (KHTML, like Gecko) Chrome/91.0.4472.124 Safari/537.36"
172.187.168.139 - - [23/Feb/2026:17:42:51 +0000] "POST /wp-cron.php?doing_wp_cron=1771868571.0060300827026367187500 HTTP/1.1" 200 31 "-" "WordPress/6.9; https://mentoring-wp.dreamsmarketplace.com"
103.186.31.45 - - [23/Feb/2026:17:42:51 +0000] "GET /wp-login.php HTTP/1.1" 200 2470 "https://mentoring-wp.dreamstechnologies.com/wp-admin/" "Mozilla/5.0 (Windows NT 10.0; Win64; x64) AppleWebKit/537.36 (KHTML, like Gecko) Chrome/90.0.4430.85 Safari/537.36"
103.186.31.45 - - [23/Feb/2026:17:42:51 +0000] "GET /wp-admin/ HTTP/1.1" 301 178 "https://www.google.com/" "Mozilla/5.0 (Windows NT 10.0; Win64; x64) AppleWebKit/537.36 (KHTML, like Gecko) Chrome/91.0.4472.124 Safari/537.36"
172.187.168.139 - - [23/Feb/2026:17:42:51 +0000] "POST /wp-cron.php?doing_wp_cron=1771868571.7924339771270751953125 HTTP/1.1" 200 31 "-" "WordPress/6.9; https://mentoring-wp.dreamsmarketplace.com"
103.186.31.45 - - [23/Feb/2026:17:42:51 +0000] "GET /xmlrpc.php HTTP/1.1" 405 53 "https://www.google.com/" "Mozilla/5.0 (Windows NT 10.0; Win64; x64) AppleWebKit/537.36 (KHTML, like Gecko) Chrome/91.0.4472.124 Safari/537.36"
103.186.31.45 - - [23/Feb/2026:17:42:52 +0000] "GET /administrator/index.php HTTP/1.1" 301 178 "https://www.google.com/" "Mozilla/5.0 (Windows NT 10.0; Win64; x64) AppleWebKit/537.36 (KHTML, like Gecko) Chrome/91.0.4472.124 Safari/537.36"
103.186.31.45 - - [23/Feb/2026:17:42:52 +0000] "GET /administrator/index.php HTTP/1.1" 404 196 "https://www.google.com/" "Mozilla/5.0 (Windows NT 10.0; Win64; x64) AppleWebKit/537.36 (KHTML, like Gecko) Chrome/91.0.4472.124 Safari/537.36"
172.187.168.139 - - [23/Feb/2026:17:42:52 +0000] "POST /wp-cron.php?doing_wp_cron=1771868572.6845970153808593750000 HTTP/1.1" 200 31 "-" "WordPress/6.9; https://mentoring-wp.dreamsmarketplace.com"
103.186.31.45 - - [23/Feb/2026:17:42:52 +0000] "GET /wp-admin/ HTTP/1.1" 302 5 "https://www.google.com/" "Mozilla/5.0 (Windows NT 10.0; Win64; x64) AppleWebKit/537.36 (KHTML, like Gecko) Chrome/91.0.4472.124 Safari/537.36"
172.187.168.139 - - [23/Feb/2026:17:42:54 +0000] "POST /wp-cron.php?doing_wp_cron=1771868574.1783370971679687500000 HTTP/1.1" 200 31 "-" "WordPress/6.9; https://mentoring-wp.dreamsmarketplace.com"
103.186.31.45 - - [23/Feb/2026:17:42:54 +0000] "GET /wp-login.php?redirect_to=https%3A%2F%2Fmentoring-wp.dreamsmarketplace.com%2Fwp-admin%2F&reauth=1 HTTP/1.1" 200 2477 "https://www.google.com/" "Mozilla/5.0 (Windows NT 10.0; Win64; x64) AppleWebKit/537.36 (KHTML, like Gecko) Chrome/91.0.4472.124 Safari/537.36"
103.186.31.45 - - [23/Feb/2026:17:42:54 +0000] "POST /xmlrpc.php HTTP/1.1" 301 178 "https://www.google.com/" "Mozilla/5.0 (Windows NT 10.0; Win64; x64) AppleWebKit/537.36 (KHTML, like Gecko) Chrome/91.0.4472.124 Safari/537.36"
172.187.168.139 - - [23/Feb/2026:17:42:56 +0000] "POST /wp-cron.php?doing_wp_cron=1771868576.3985950946807861328125 HTTP/1.1" 200 31 "-" "WordPress/6.9; https://mentoring-wp.dreamsmarketplace.com"
103.186.31.45 - - [23/Feb/2026:17:42:56 +0000] "GET /xmlrpc.php HTTP/1.1" 405 53 "https://www.google.com/" "Mozilla/5.0 (Windows NT 10.0; Win64; x64) AppleWebKit/537.36 (KHTML, like Gecko) Chrome/91.0.4472.124 Safari/537.36"
103.186.31.45 - - [23/Feb/2026:17:42:57 +0000] "GET /administrator/index.php HTTP/1.1" 301 178 "https://www.google.com/" "Mozilla/5.0 (Windows NT 10.0; Win64; x64) AppleWebKit/537.36 (KHTML, like Gecko) Chrome/91.0.4472.124 Safari/537.36"
103.186.31.45 - - [23/Feb/2026:17:42:57 +0000] "GET /administrator/index.php HTTP/1.1" 404 196 "https://www.google.com/" "Mozilla/5.0 (Windows NT 10.0; Win64; x64) AppleWebKit/537.36 (KHTML, like Gecko) Chrome/91.0.4472.124 Safari/537.36"
103.186.31.45 - - [23/Feb/2026:17:44:17 +0000] "HEAD / HTTP/1.1" 301 0 "https://mentoring-wp.dreamstechnologies.com/" "Mozilla/5.0 (Windows NT 10.0; Win64; x64) AppleWebKit/537.36 (KHTML, like Gecko) Chrome/91.0.4472.124 Safari/537.36"
172.187.168.139 - - [23/Feb/2026:17:44:19 +0000] "POST /wp-cron.php?doing_wp_cron=1771868659.1902110576629638671875 HTTP/1.1" 200 31 "-" "WordPress/6.9; https://mentoring-wp.dreamsmarketplace.com"
103.186.31.45 - - [23/Feb/2026:17:44:19 +0000] "HEAD / HTTP/1.1" 200 0 "https://mentoring-wp.dreamstechnologies.com/" "Mozilla/5.0 (Windows NT 10.0; Win64; x64) AppleWebKit/537.36 (KHTML, like Gecko) Chrome/91.0.4472.124 Safari/537.36"
103.186.31.45 - - [23/Feb/2026:17:44:19 +0000] "HEAD / HTTP/1.1" 301 0 "https://mentoring-wp.dreamstechnologies.com/" "Mozilla/5.0 (Windows NT 10.0; Win64; x64) AppleWebKit/537.36 (KHTML, like Gecko) Chrome/91.0.4472.124 Safari/537.36"
172.187.168.139 - - [23/Feb/2026:17:44:21 +0000] "POST /wp-cron.php?doing_wp_cron=1771868661.5101358890533447265625 HTTP/1.1" 200 31 "-" "WordPress/6.9; https://mentoring-wp.dreamsmarketplace.com"
103.186.31.45 - - [23/Feb/2026:17:44:21 +0000] "HEAD / HTTP/1.1" 200 0 "https://mentoring-wp.dreamstechnologies.com/" "Mozilla/5.0 (Windows NT 10.0; Win64; x64) AppleWebKit/537.36 (KHTML, like Gecko) Chrome/91.0.4472.124 Safari/537.36"
103.186.31.45 - - [23/Feb/2026:17:44:22 +0000] "POST /wp-login.php HTTP/1.1" 301 178 "https://www.google.com/" "Mozilla/5.0 (Windows NT 10.0; Win64; x64) AppleWebKit/537.36 (KHTML, like Gecko) Chrome/91.0.4472.124 Safari/537.36"
172.187.168.139 - - [23/Feb/2026:17:44:24 +0000] "POST /wp-cron.php?doing_wp_cron=1771868664.1207749843597412109375 HTTP/1.1" 200 31 "-" "WordPress/6.9; https://mentoring-wp.dreamsmarketplace.com"
103.186.31.45 - - [23/Feb/2026:17:44:24 +0000] "GET /wp-login.php HTTP/1.1" 200 2470 "https://www.google.com/" "Mozilla/5.0 (Windows NT 10.0; Win64; x64) AppleWebKit/537.36 (KHTML, like Gecko) Chrome/91.0.4472.124 Safari/537.36"
103.186.31.45 - - [23/Feb/2026:17:44:24 +0000] "POST /wp-login.php HTTP/1.1" 301 178 "https://mentoring-wp.dreamstechnologies.com/wp-admin/" "Mozilla/5.0 (Windows NT 10.0; Win64; x64) AppleWebKit/537.36 (KHTML, like Gecko) Chrome/90.0.4430.85 Safari/537.36"
172.187.168.139 - - [23/Feb/2026:17:44:25 +0000] "POST /wp-cron.php?doing_wp_cron=1771868665.8400480747222900390625 HTTP/1.1" 200 31 "-" "WordPress/6.9; https://mentoring-wp.dreamsmarketplace.com"
103.186.31.45 - - [23/Feb/2026:17:44:25 +0000] "GET /wp-login.php HTTP/1.1" 200 2470 "https://mentoring-wp.dreamstechnologies.com/wp-admin/" "Mozilla/5.0 (Windows NT 10.0; Win64; x64) AppleWebKit/537.36 (KHTML, like Gecko) Chrome/90.0.4430.85 Safari/537.36"
103.186.31.45 - - [23/Feb/2026:17:44:26 +0000] "GET /wp-admin/ HTTP/1.1" 301 178 "https://www.google.com/" "Mozilla/5.0 (Windows NT 10.0; Win64; x64) AppleWebKit/537.36 (KHTML, like Gecko) Chrome/91.0.4472.124 Safari/537.36"
172.187.168.139 - - [23/Feb/2026:17:44:27 +0000] "POST /wp-cron.php?doing_wp_cron=1771868667.2464010715484619140625 HTTP/1.1" 200 31 "-" "WordPress/6.9; https://mentoring-wp.dreamsmarketplace.com"
103.186.31.45 - - [23/Feb/2026:17:44:27 +0000] "GET /wp-admin/ HTTP/1.1" 302 5 "https://www.google.com/" "Mozilla/5.0 (Windows NT 10.0; Win64; x64) AppleWebKit/537.36 (KHTML, like Gecko) Chrome/91.0.4472.124 Safari/537.36"
172.187.168.139 - - [23/Feb/2026:17:44:28 +0000] "POST /wp-cron.php?doing_wp_cron=1771868668.7829658985137939453125 HTTP/1.1" 200 31 "-" "WordPress/6.9; https://mentoring-wp.dreamsmarketplace.com"
103.186.31.45 - - [23/Feb/2026:17:44:28 +0000] "GET /wp-login.php?redirect_to=https%3A%2F%2Fmentoring-wp.dreamsmarketplace.com%2Fwp-admin%2F&reauth=1 HTTP/1.1" 200 2477 "https://www.google.com/" "Mozilla/5.0 (Windows NT 10.0; Win64; x64) AppleWebKit/537.36 (KHTML, like Gecko) Chrome/91.0.4472.124 Safari/537.36"
103.186.31.45 - - [23/Feb/2026:17:44:29 +0000] "POST /xmlrpc.php HTTP/1.1" 301 178 "https://www.google.com/" "Mozilla/5.0 (Windows NT 10.0; Win64; x64) AppleWebKit/537.36 (KHTML, like Gecko) Chrome/91.0.4472.124 Safari/537.36"
172.187.168.139 - - [23/Feb/2026:17:44:31 +0000] "POST /wp-cron.php?doing_wp_cron=1771868671.3897469043731689453125 HTTP/1.1" 200 31 "-" "WordPress/6.9; https://mentoring-wp.dreamsmarketplace.com"
103.186.31.45 - - [23/Feb/2026:17:44:31 +0000] "GET /xmlrpc.php HTTP/1.1" 405 53 "https://www.google.com/" "Mozilla/5.0 (Windows NT 10.0; Win64; x64) AppleWebKit/537.36 (KHTML, like Gecko) Chrome/91.0.4472.124 Safari/537.36"
103.186.31.45 - - [23/Feb/2026:17:44:32 +0000] "GET /administrator/index.php HTTP/1.1" 301 178 "https://www.google.com/" "Mozilla/5.0 (Windows NT 10.0; Win64; x64) AppleWebKit/537.36 (KHTML, like Gecko) Chrome/91.0.4472.124 Safari/537.36"
103.186.31.45 - - [23/Feb/2026:17:44:32 +0000] "GET /administrator/index.php HTTP/1.1" 404 196 "https://www.google.com/" "Mozilla/5.0 (Windows NT 10.0; Win64; x64) AppleWebKit/537.36 (KHTML, like Gecko) Chrome/91.0.4472.124 Safari/537.36"
98.98.33.53 - - [23/Feb/2026:17:45:06 +0000] "POST /xmlrpc.php HTTP/1.1" 301 178 "-" "Mozilla/5.0 (Windows NT 10.0; Win64; x64) AppleWebKit/537.36 (KHTML, like Gecko) Chrome/114.0.0.0 Safari/537.36"
172.187.168.139 - - [23/Feb/2026:17:45:11 +0000] "POST /wp-cron.php?doing_wp_cron=1771868711.7787048816680908203125 HTTP/1.1" 200 31 "-" "WordPress/6.9; https://mentoring-wp.dreamsmarketplace.com"
98.98.33.53 - - [23/Feb/2026:17:45:11 +0000] "GET /xmlrpc.php HTTP/1.1" 405 53 "-" "Mozilla/5.0 (Windows NT 10.0; Win64; x64) AppleWebKit/537.36 (KHTML, like Gecko) Chrome/114.0.0.0 Safari/537.36"
98.98.33.53 - - [23/Feb/2026:17:45:14 +0000] "POST /xmlrpc.php HTTP/1.1" 301 178 "-" "Mozilla/5.0 (Windows NT 10.0; Win64; x64) AppleWebKit/537.36 (KHTML, like Gecko) Chrome/114.0.0.0 Safari/537.36"
172.187.168.139 - - [23/Feb/2026:17:45:18 +0000] "POST /wp-cron.php?doing_wp_cron=1771868718.6497828960418701171875 HTTP/1.1" 200 31 "-" "WordPress/6.9; https://mentoring-wp.dreamsmarketplace.com"
98.98.33.53 - - [23/Feb/2026:17:45:18 +0000] "GET /xmlrpc.php HTTP/1.1" 405 53 "-" "Mozilla/5.0 (Windows NT 10.0; Win64; x64) AppleWebKit/537.36 (KHTML, like Gecko) Chrome/114.0.0.0 Safari/537.36"
162.128.128.39 - - [23/Feb/2026:17:47:07 +0000] "POST /xmlrpc.php HTTP/1.1" 301 178 "-" "Mozilla/5.0 (Windows NT 10.0; Win64; x64) AppleWebKit/537.36 (KHTML, like Gecko) Chrome/114.0.0.0 Safari/537.36"
172.187.168.139 - - [23/Feb/2026:17:47:10 +0000] "POST /wp-cron.php?doing_wp_cron=1771868830.0561439990997314453125 HTTP/1.1" 200 31 "-" "WordPress/6.9; https://mentoring-wp.dreamsmarketplace.com"
162.128.128.39 - - [23/Feb/2026:17:47:10 +0000] "GET /xmlrpc.php HTTP/1.1" 405 53 "-" "Mozilla/5.0 (Windows NT 10.0; Win64; x64) AppleWebKit/537.36 (KHTML, like Gecko) Chrome/114.0.0.0 Safari/537.36"
162.128.128.39 - - [23/Feb/2026:17:47:14 +0000] "POST /xmlrpc.php HTTP/1.1" 301 178 "-" "Mozilla/5.0 (Windows NT 10.0; Win64; x64) AppleWebKit/537.36 (KHTML, like Gecko) Chrome/114.0.0.0 Safari/537.36"
172.187.168.139 - - [23/Feb/2026:17:47:16 +0000] "POST /wp-cron.php?doing_wp_cron=1771868836.7499101161956787109375 HTTP/1.1" 200 31 "-" "WordPress/6.9; https://mentoring-wp.dreamsmarketplace.com"
162.128.128.39 - - [23/Feb/2026:17:47:16 +0000] "GET /xmlrpc.php HTTP/1.1" 405 53 "-" "Mozilla/5.0 (Windows NT 10.0; Win64; x64) AppleWebKit/537.36 (KHTML, like Gecko) Chrome/114.0.0.0 Safari/537.36"
14.176.215.230 - - [23/Feb/2026:17:49:24 +0000] "GET /starlight-princess-oyunu-m-gates-of-olympus-slotu-14/ HTTP/1.1" 301 178 "-" "Mozilla/5.0 (Macintosh; Intel Mac OS X 10_16_0) AppleWebKit/537.36 (KHTML, like Gecko) Brave Chrome/80.0.3987.116 Safari/537.36"
172.187.168.139 - - [23/Feb/2026:17:49:27 +0000] "POST /wp-cron.php?doing_wp_cron=1771868966.9897239208221435546875 HTTP/1.1" 200 31 "-" "WordPress/6.9; https://mentoring-wp.dreamsmarketplace.com"
14.191.142.85 - - [23/Feb/2026:17:49:27 +0000] "GET /starlight-princess-oyunu-m-gates-of-olympus-slotu-14/ HTTP/1.1" 404 10947 "-" "Mozilla/5.0 (Macintosh; Intel Mac OS X 10_16_0) AppleWebKit/537.36 (KHTML, like Gecko) Brave Chrome/80.0.3987.116 Safari/537.36"
103.184.94.12 - - [23/Feb/2026:17:51:28 +0000] "GET /mentors/sofia-brient/page/4/ HTTP/1.1" 301 178 "-" "Mozilla/5.0 (Windows NT 6.1; Win64; x64) AppleWebKit/537.36 (KHTML, like Gecko) Chrome/62.0.3202.94 Safari/537.36"
172.187.168.139 - - [23/Feb/2026:17:51:32 +0000] "POST /wp-cron.php?doing_wp_cron=1771869092.4177069664001464843750 HTTP/1.1" 200 31 "-" "WordPress/6.9; https://mentoring-wp.dreamsmarketplace.com"
123.23.221.252 - - [23/Feb/2026:17:51:32 +0000] "GET /mentors/sofia-brient/page/4/ HTTP/1.1" 404 10934 "-" "Mozilla/5.0 (Windows NT 6.1; Win64; x64) AppleWebKit/537.36 (KHTML, like Gecko) Chrome/62.0.3202.94 Safari/537.36"
89.124.68.238 - - [23/Feb/2026:17:56:21 +0000] "GET /register/ HTTP/1.1" 301 178 "https://mentoring-wp.dreamstechnologies.com/register/" "Mozilla/5.0 (Windows NT 10.0; Win64; x64) AppleWebKit/537.36 (KHTML, like Gecko) Chrome/131.0.0.0 Safari/537.36"
172.187.168.139 - - [23/Feb/2026:17:56:22 +0000] "POST /wp-cron.php?doing_wp_cron=1771869382.6342830657958984375000 HTTP/1.1" 200 31 "-" "WordPress/6.9; https://mentoring-wp.dreamsmarketplace.com"
89.124.68.238 - - [23/Feb/2026:17:56:22 +0000] "GET /register/ HTTP/1.1" 200 12106 "https://mentoring-wp.dreamsmarketplace.com/register/" "Mozilla/5.0 (Windows NT 10.0; Win64; x64) AppleWebKit/537.36 (KHTML, like Gecko) Chrome/131.0.0.0 Safari/537.36"
172.187.168.139 - - [23/Feb/2026:17:56:24 +0000] "POST /wp-cron.php?doing_wp_cron=1771869384.0669291019439697265625 HTTP/1.1" 200 31 "-" "WordPress/6.9; https://mentoring-wp.dreamsmarketplace.com"
89.124.68.238 - - [23/Feb/2026:17:56:24 +0000] "GET /blog/ HTTP/1.1" 200 15401 "https://mentoring-wp.dreamsmarketplace.com/blog/" "Mozilla/5.0 (Windows NT 10.0; Win64; x64) AppleWebKit/537.36 (KHTML, like Gecko) Chrome/131.0.0.0 Safari/537.36"
172.187.168.139 - - [23/Feb/2026:17:56:25 +0000] "POST /wp-cron.php?doing_wp_cron=1771869385.3201920986175537109375 HTTP/1.1" 200 31 "-" "WordPress/6.9; https://mentoring-wp.dreamsmarketplace.com"
89.124.68.238 - - [23/Feb/2026:17:56:25 +0000] "GET /blog/page/2/ HTTP/1.1" 200 15278 "https://mentoring-wp.dreamsmarketplace.com/blog/page/2/" "Mozilla/5.0 (Windows NT 10.0; Win64; x64) AppleWebKit/537.36 (KHTML, like Gecko) Chrome/131.0.0.0 Safari/537.36"
172.187.168.139 - - [23/Feb/2026:17:56:26 +0000] "POST /wp-cron.php?doing_wp_cron=1771869386.7476170063018798828125 HTTP/1.1" 200 31 "-" "WordPress/6.9; https://mentoring-wp.dreamsmarketplace.com"
89.124.68.238 - - [23/Feb/2026:17:56:26 +0000] "GET /the-standard-chunk-of-lorem-ipsum-used/ HTTP/1.1" 200 18745 "https://mentoring-wp.dreamsmarketplace.com/the-standard-chunk-of-lorem-ipsum-used/" "Mozilla/5.0 (Windows NT 10.0; Win64; x64) AppleWebKit/537.36 (KHTML, like Gecko) Chrome/131.0.0.0 Safari/537.36"
172.187.168.139 - - [23/Feb/2026:17:56:28 +0000] "POST /wp-cron.php?doing_wp_cron=1771869387.9716179370880126953125 HTTP/1.1" 200 31 "-" "WordPress/6.9; https://mentoring-wp.dreamsmarketplace.com"
89.124.68.238 - - [23/Feb/2026:17:56:28 +0000] "POST /wp-comments-post.php HTTP/1.1" 500 2629 "https://mentoring-wp.dreamsmarketplace.com/the-standard-chunk-of-lorem-ipsum-used/" "Mozilla/5.0 (Windows NT 10.0; Win64; x64) AppleWebKit/537.36 (KHTML, like Gecko) Chrome/131.0.0.0 Safari/537.36"
52.47.116.139 - - [23/Feb/2026:18:03:11 +0000] "GET /wp-login.php HTTP/1.1" 301 178 "-" "Mozilla/5.0 (Windows NT 10.0; Win64; x64) AppleWebKit/537.36 (KHTML, like Gecko) Chrome/114.0.0.0 Safari/537.36"
172.187.168.139 - - [23/Feb/2026:18:03:13 +0000] "POST /wp-cron.php?doing_wp_cron=1771869793.4749839305877685546875 HTTP/1.1" 200 31 "-" "WordPress/6.9; https://mentoring-wp.dreamsmarketplace.com"
52.47.116.139 - - [23/Feb/2026:18:03:13 +0000] "GET /wp-login.php HTTP/1.1" 200 2470 "-" "Mozilla/5.0 (Windows NT 10.0; Win64; x64) AppleWebKit/537.36 (KHTML, like Gecko) Chrome/114.0.0.0 Safari/537.36"
172.187.168.139 - - [23/Feb/2026:18:03:15 +0000] "POST /wp-cron.php?doing_wp_cron=1771869795.1439349651336669921875 HTTP/1.1" 200 31 "-" "WordPress/6.9; https://mentoring-wp.dreamsmarketplace.com"
52.47.116.139 - - [23/Feb/2026:18:03:15 +0000] "POST /wp-login.php HTTP/1.1" 302 5 "-" "Mozilla/5.0 (Windows NT 10.0; Win64; x64) AppleWebKit/537.36 (KHTML, like Gecko) Chrome/114.0.0.0 Safari/537.36"
52.47.116.139 - - [23/Feb/2026:18:03:15 +0000] "GET / HTTP/1.1" 301 178 "-" "Mozilla/5.0 (Windows NT 10.0; Win64; x64) AppleWebKit/537.36 (KHTML, like Gecko) Chrome/114.0.0.0 Safari/537.36"
52.47.116.139 - - [23/Feb/2026:18:03:15 +0000] "GET /wp-admin/profile.php HTTP/1.1" 301 178 "https://mentoring-wp.dreamstechnologies.com/wp-admin/" "Mozilla/5.0 (Windows NT 10.0; Win64; x64) AppleWebKit/537.36 (KHTML, like Gecko) Chrome/114.0.0.0 Safari/537.36"
52.47.116.139 - - [23/Feb/2026:18:03:15 +0000] "GET /wp-admin/edit.php?post_type=page&paged=1 HTTP/1.1" 301 178 "https://mentoring-wp.dreamstechnologies.com/wp-admin/" "Mozilla/5.0 (Windows NT 10.0; Win64; x64) AppleWebKit/537.36 (KHTML, like Gecko) Chrome/114.0.0.0 Safari/537.36"
103.186.31.45 - - [23/Feb/2026:18:05:49 +0000] "HEAD / HTTP/1.1" 301 0 "https://mentoring-wp.dreamstechnologies.com/" "Mozilla/5.0 (Windows NT 10.0; Win64; x64) AppleWebKit/537.36 (KHTML, like Gecko) Chrome/91.0.4472.124 Safari/537.36"
172.187.168.139 - - [23/Feb/2026:18:05:51 +0000] "POST /wp-cron.php?doing_wp_cron=1771869951.4533770084381103515625 HTTP/1.1" 200 31 "-" "WordPress/6.9; https://mentoring-wp.dreamsmarketplace.com"
103.186.31.45 - - [23/Feb/2026:18:05:51 +0000] "HEAD / HTTP/1.1" 200 0 "https://mentoring-wp.dreamstechnologies.com/" "Mozilla/5.0 (Windows NT 10.0; Win64; x64) AppleWebKit/537.36 (KHTML, like Gecko) Chrome/91.0.4472.124 Safari/537.36"
103.186.31.45 - - [23/Feb/2026:18:05:52 +0000] "HEAD / HTTP/1.1" 301 0 "https://mentoring-wp.dreamstechnologies.com/" "Mozilla/5.0 (Windows NT 10.0; Win64; x64) AppleWebKit/537.36 (KHTML, like Gecko) Chrome/91.0.4472.124 Safari/537.36"
172.187.168.139 - - [23/Feb/2026:18:05:53 +0000] "POST /wp-cron.php?doing_wp_cron=1771869953.8305571079254150390625 HTTP/1.1" 200 31 "-" "WordPress/6.9; https://mentoring-wp.dreamsmarketplace.com"
103.186.31.45 - - [23/Feb/2026:18:05:53 +0000] "HEAD / HTTP/1.1" 200 0 "https://mentoring-wp.dreamstechnologies.com/" "Mozilla/5.0 (Windows NT 10.0; Win64; x64) AppleWebKit/537.36 (KHTML, like Gecko) Chrome/91.0.4472.124 Safari/537.36"
103.186.31.45 - - [23/Feb/2026:18:05:54 +0000] "POST /wp-login.php HTTP/1.1" 301 178 "https://www.google.com/" "Mozilla/5.0 (Windows NT 10.0; Win64; x64) AppleWebKit/537.36 (KHTML, like Gecko) Chrome/91.0.4472.124 Safari/537.36"
172.187.168.139 - - [23/Feb/2026:18:05:56 +0000] "POST /wp-cron.php?doing_wp_cron=1771869956.6849350929260253906250 HTTP/1.1" 200 31 "-" "WordPress/6.9; https://mentoring-wp.dreamsmarketplace.com"
103.186.31.45 - - [23/Feb/2026:18:05:56 +0000] "GET /wp-login.php HTTP/1.1" 200 2470 "https://www.google.com/" "Mozilla/5.0 (Windows NT 10.0; Win64; x64) AppleWebKit/537.36 (KHTML, like Gecko) Chrome/91.0.4472.124 Safari/537.36"
103.186.31.45 - - [23/Feb/2026:18:05:57 +0000] "POST /wp-login.php HTTP/1.1" 301 178 "https://mentoring-wp.dreamstechnologies.com/wp-admin/" "Mozilla/5.0 (Windows NT 10.0; Win64; x64) AppleWebKit/537.36 (KHTML, like Gecko) Chrome/90.0.4430.85 Safari/537.36"
172.187.168.139 - - [23/Feb/2026:18:05:58 +0000] "POST /wp-cron.php?doing_wp_cron=1771869958.5688450336456298828125 HTTP/1.1" 200 31 "-" "WordPress/6.9; https://mentoring-wp.dreamsmarketplace.com"
103.186.31.45 - - [23/Feb/2026:18:05:58 +0000] "GET /wp-login.php HTTP/1.1" 200 2470 "https://mentoring-wp.dreamstechnologies.com/wp-admin/" "Mozilla/5.0 (Windows NT 10.0; Win64; x64) AppleWebKit/537.36 (KHTML, like Gecko) Chrome/90.0.4430.85 Safari/537.36"
103.186.31.45 - - [23/Feb/2026:18:05:58 +0000] "GET /wp-admin/ HTTP/1.1" 301 178 "https://www.google.com/" "Mozilla/5.0 (Windows NT 10.0; Win64; x64) AppleWebKit/537.36 (KHTML, like Gecko) Chrome/91.0.4472.124 Safari/537.36"
172.187.168.139 - - [23/Feb/2026:18:06:00 +0000] "POST /wp-cron.php?doing_wp_cron=1771869960.2115459442138671875000 HTTP/1.1" 200 31 "-" "WordPress/6.9; https://mentoring-wp.dreamsmarketplace.com"
103.186.31.45 - - [23/Feb/2026:18:06:00 +0000] "GET /wp-admin/ HTTP/1.1" 302 5 "https://www.google.com/" "Mozilla/5.0 (Windows NT 10.0; Win64; x64) AppleWebKit/537.36 (KHTML, like Gecko) Chrome/91.0.4472.124 Safari/537.36"
172.187.168.139 - - [23/Feb/2026:18:06:02 +0000] "POST /wp-cron.php?doing_wp_cron=1771869962.0029909610748291015625 HTTP/1.1" 200 31 "-" "WordPress/6.9; https://mentoring-wp.dreamsmarketplace.com"
103.186.31.45 - - [23/Feb/2026:18:06:02 +0000] "GET /wp-login.php?redirect_to=https%3A%2F%2Fmentoring-wp.dreamsmarketplace.com%2Fwp-admin%2F&reauth=1 HTTP/1.1" 200 2477 "https://www.google.com/" "Mozilla/5.0 (Windows NT 10.0; Win64; x64) AppleWebKit/537.36 (KHTML, like Gecko) Chrome/91.0.4472.124 Safari/537.36"
103.186.31.45 - - [23/Feb/2026:18:06:02 +0000] "POST /xmlrpc.php HTTP/1.1" 301 178 "https://www.google.com/" "Mozilla/5.0 (Windows NT 10.0; Win64; x64) AppleWebKit/537.36 (KHTML, like Gecko) Chrome/91.0.4472.124 Safari/537.36"
172.187.168.139 - - [23/Feb/2026:18:06:04 +0000] "POST /wp-cron.php?doing_wp_cron=1771869964.5358350276947021484375 HTTP/1.1" 200 31 "-" "WordPress/6.9; https://mentoring-wp.dreamsmarketplace.com"
103.186.31.45 - - [23/Feb/2026:18:06:04 +0000] "GET /xmlrpc.php HTTP/1.1" 405 53 "https://www.google.com/" "Mozilla/5.0 (Windows NT 10.0; Win64; x64) AppleWebKit/537.36 (KHTML, like Gecko) Chrome/91.0.4472.124 Safari/537.36"
103.186.31.45 - - [23/Feb/2026:18:06:04 +0000] "GET /administrator/index.php HTTP/1.1" 301 178 "https://www.google.com/" "Mozilla/5.0 (Windows NT 10.0; Win64; x64) AppleWebKit/537.36 (KHTML, like Gecko) Chrome/91.0.4472.124 Safari/537.36"
103.186.31.45 - - [23/Feb/2026:18:06:05 +0000] "GET /administrator/index.php HTTP/1.1" 404 196 "https://www.google.com/" "Mozilla/5.0 (Windows NT 10.0; Win64; x64) AppleWebKit/537.36 (KHTML, like Gecko) Chrome/91.0.4472.124 Safari/537.36"
113.169.218.113 - - [23/Feb/2026:18:07:05 +0000] "GET /sweet-bonanzanin-bedava-denemeleri-para-yapmadan-oence-deneyin-edin/ HTTP/1.1" 301 178 "-" "Mozilla/5.0 (Macintosh; Intel Mac OS X 10_12_6) AppleWebKit/537.36 (KHTML, like Gecko) Chrome/80.0.3987.132 Safari/537.36"
172.187.168.139 - - [23/Feb/2026:18:07:12 +0000] "POST /wp-cron.php?doing_wp_cron=1771870032.1481800079345703125000 HTTP/1.1" 200 31 "-" "WordPress/6.9; https://mentoring-wp.dreamsmarketplace.com"
14.248.161.153 - - [23/Feb/2026:18:07:12 +0000] "GET /sweet-bonanzanin-bedava-denemeleri-para-yapmadan-oence-deneyin-edin/ HTTP/1.1" 404 10957 "-" "Mozilla/5.0 (Macintosh; Intel Mac OS X 10_12_6) AppleWebKit/537.36 (KHTML, like Gecko) Chrome/80.0.3987.132 Safari/537.36"
128.1.179.114 - - [23/Feb/2026:18:08:00 +0000] "POST /xmlrpc.php HTTP/1.1" 301 178 "-" "Mozilla/5.0 (Windows NT 10.0; Win64; x64) AppleWebKit/537.36 (KHTML, like Gecko) Chrome/114.0.0.0 Safari/537.36"
172.187.168.139 - - [23/Feb/2026:18:08:03 +0000] "POST /wp-cron.php?doing_wp_cron=1771870083.4889988899230957031250 HTTP/1.1" 200 31 "-" "WordPress/6.9; https://mentoring-wp.dreamsmarketplace.com"
128.1.179.114 - - [23/Feb/2026:18:08:03 +0000] "GET /xmlrpc.php HTTP/1.1" 405 53 "-" "Mozilla/5.0 (Windows NT 10.0; Win64; x64) AppleWebKit/537.36 (KHTML, like Gecko) Chrome/114.0.0.0 Safari/537.36"
128.1.179.114 - - [23/Feb/2026:18:08:05 +0000] "POST /xmlrpc.php HTTP/1.1" 301 178 "-" "Mozilla/5.0 (Windows NT 10.0; Win64; x64) AppleWebKit/537.36 (KHTML, like Gecko) Chrome/114.0.0.0 Safari/537.36"
172.187.168.139 - - [23/Feb/2026:18:08:07 +0000] "POST /wp-cron.php?doing_wp_cron=1771870086.9709401130676269531250 HTTP/1.1" 200 31 "-" "WordPress/6.9; https://mentoring-wp.dreamsmarketplace.com"
128.1.179.114 - - [23/Feb/2026:18:08:07 +0000] "GET /xmlrpc.php HTTP/1.1" 405 53 "-" "Mozilla/5.0 (Windows NT 10.0; Win64; x64) AppleWebKit/537.36 (KHTML, like Gecko) Chrome/114.0.0.0 Safari/537.36"
201.20.78.183 - - [23/Feb/2026:18:20:13 +0000] "GET /verschlingen-seine-antwort-die-leser-die-gesamtheit-wichtige-uber-nachfolgende-erreichbar-spielsaal-anmeldung/ HTTP/1.1" 301 178 "-" "Mozilla/5.0 (Windows NT 10.0; WOW64) AppleWebKit/537.36 (KHTML, like Gecko) Chrome/63.0.3239.132 AOL/11.0 AOLBUILD/11.0.1839 Safari/537.36"
172.187.168.139 - - [23/Feb/2026:18:20:17 +0000] "POST /wp-cron.php?doing_wp_cron=1771870816.9848558902740478515625 HTTP/1.1" 200 31 "-" "WordPress/6.9; https://mentoring-wp.dreamsmarketplace.com"
123.30.63.143 - - [23/Feb/2026:18:20:17 +0000] "GET /verschlingen-seine-antwort-die-leser-die-gesamtheit-wichtige-uber-nachfolgende-erreichbar-spielsaal-anmeldung/ HTTP/1.1" 404 10986 "-" "Mozilla/5.0 (Windows NT 10.0; WOW64) AppleWebKit/537.36 (KHTML, like Gecko) Chrome/63.0.3239.132 AOL/11.0 AOLBUILD/11.0.1839 Safari/537.36"
66.249.66.33 - - [23/Feb/2026:18:21:29 +0000] "GET /wp-content/uploads/2022/12/aboutusimg1.jpg HTTP/1.1" 200 22976 "-" "Googlebot-Image/1.0"
172.187.168.139 - - [23/Feb/2026:18:21:30 +0000] "POST /wp-cron.php?doing_wp_cron=1771870890.0385589599609375000000 HTTP/1.1" 200 31 "-" "WordPress/6.9; https://mentoring-wp.dreamsmarketplace.com"
66.249.66.70 - - [23/Feb/2026:18:21:30 +0000] "GET /robots.txt HTTP/1.1" 200 349 "-" "Mozilla/5.0 (compatible; Googlebot/2.1; +http://www.google.com/bot.html)"
161.77.74.37 - - [23/Feb/2026:18:23:16 +0000] "POST /xmlrpc.php HTTP/1.1" 301 178 "-" "Python-xmlrpc/3.11"
86.48.2.117 - - [23/Feb/2026:18:28:00 +0000] "GET /wp-admin/css/ HTTP/1.1" 301 178 "binance.com" "Mozilla/5.0 (Windows NT 10.0; Win64; x64) AppleWebKit/537.36 (KHTML, like Gecko) Chrome/90.0.4430.85 Safari/537.36"
86.48.2.117 - - [23/Feb/2026:18:28:09 +0000] "GET /wp-admin/css/ HTTP/1.1" 403 195 "binance.com" "Mozilla/5.0 (Windows NT 10.0; Win64; x64) AppleWebKit/537.36 (KHTML, like Gecko) Chrome/90.0.4430.85 Safari/537.36"
128.1.179.114 - - [23/Feb/2026:18:30:12 +0000] "POST /xmlrpc.php HTTP/1.1" 301 178 "-" "Mozilla/5.0 (Windows NT 10.0; Win64; x64) AppleWebKit/537.36 (KHTML, like Gecko) Chrome/114.0.0.0 Safari/537.36"
172.187.168.139 - - [23/Feb/2026:18:30:15 +0000] "POST /wp-cron.php?doing_wp_cron=1771871415.8630878925323486328125 HTTP/1.1" 200 31 "-" "WordPress/6.9; https://mentoring-wp.dreamsmarketplace.com"
128.1.179.114 - - [23/Feb/2026:18:30:15 +0000] "GET /xmlrpc.php HTTP/1.1" 405 53 "-" "Mozilla/5.0 (Windows NT 10.0; Win64; x64) AppleWebKit/537.36 (KHTML, like Gecko) Chrome/114.0.0.0 Safari/537.36"
128.1.179.114 - - [23/Feb/2026:18:30:16 +0000] "POST /xmlrpc.php HTTP/1.1" 301 178 "-" "Mozilla/5.0 (Windows NT 10.0; Win64; x64) AppleWebKit/537.36 (KHTML, like Gecko) Chrome/114.0.0.0 Safari/537.36"
172.187.168.139 - - [23/Feb/2026:18:30:19 +0000] "POST /wp-cron.php?doing_wp_cron=1771871419.3382220268249511718750 HTTP/1.1" 200 31 "-" "WordPress/6.9; https://mentoring-wp.dreamsmarketplace.com"
128.1.179.114 - - [23/Feb/2026:18:30:19 +0000] "GET /xmlrpc.php HTTP/1.1" 405 53 "-" "Mozilla/5.0 (Windows NT 10.0; Win64; x64) AppleWebKit/537.36 (KHTML, like Gecko) Chrome/114.0.0.0 Safari/537.36"
152.233.20.25 - - [23/Feb/2026:18:35:19 +0000] "GET /wp-login.php HTTP/1.1" 301 178 "-" "Mozilla/5.0 (Windows NT 10.0; Win64; x64) AppleWebKit/537.36 (KHTML, like Gecko) Chrome/114.0.0.0 Safari/537.36"
172.187.168.139 - - [23/Feb/2026:18:35:20 +0000] "POST /wp-cron.php?doing_wp_cron=1771871720.5339930057525634765625 HTTP/1.1" 200 31 "-" "WordPress/6.9; https://mentoring-wp.dreamsmarketplace.com"
152.233.20.25 - - [23/Feb/2026:18:35:20 +0000] "GET /wp-login.php HTTP/1.1" 200 2470 "-" "Mozilla/5.0 (Windows NT 10.0; Win64; x64) AppleWebKit/537.36 (KHTML, like Gecko) Chrome/114.0.0.0 Safari/537.36"
172.187.168.139 - - [23/Feb/2026:18:35:22 +0000] "POST /wp-cron.php?doing_wp_cron=1771871722.0691061019897460937500 HTTP/1.1" 200 31 "-" "WordPress/6.9; https://mentoring-wp.dreamsmarketplace.com"
152.233.20.25 - - [23/Feb/2026:18:35:22 +0000] "POST /wp-login.php HTTP/1.1" 302 5 "-" "Mozilla/5.0 (Windows NT 10.0; Win64; x64) AppleWebKit/537.36 (KHTML, like Gecko) Chrome/114.0.0.0 Safari/537.36"
152.233.20.25 - - [23/Feb/2026:18:35:22 +0000] "GET / HTTP/1.1" 301 178 "-" "Mozilla/5.0 (Windows NT 10.0; Win64; x64) AppleWebKit/537.36 (KHTML, like Gecko) Chrome/114.0.0.0 Safari/537.36"
152.233.20.25 - - [23/Feb/2026:18:35:22 +0000] "GET /wp-admin/profile.php HTTP/1.1" 301 178 "https://mentoring-wp.dreamstechnologies.com/wp-admin/" "Mozilla/5.0 (Windows NT 10.0; Win64; x64) AppleWebKit/537.36 (KHTML, like Gecko) Chrome/114.0.0.0 Safari/537.36"
152.233.20.25 - - [23/Feb/2026:18:35:22 +0000] "GET /wp-admin/edit.php?post_type=page&paged=1 HTTP/1.1" 301 178 "https://mentoring-wp.dreamstechnologies.com/wp-admin/" "Mozilla/5.0 (Windows NT 10.0; Win64; x64) AppleWebKit/537.36 (KHTML, like Gecko) Chrome/114.0.0.0 Safari/537.36"
161.77.74.37 - - [23/Feb/2026:18:38:00 +0000] "POST /xmlrpc.php HTTP/1.1" 301 178 "-" "Python-xmlrpc/3.11"
94.31.95.24 - - [23/Feb/2026:18:39:46 +0000] "POST /xmlrpc.php HTTP/1.1" 301 178 "-" "WordPress/XMLRPC Client"
172.187.168.139 - - [23/Feb/2026:18:39:48 +0000] "POST /wp-cron.php?doing_wp_cron=1771871988.1049020290374755859375 HTTP/1.1" 200 31 "-" "WordPress/6.9; https://mentoring-wp.dreamsmarketplace.com"
94.31.95.24 - - [23/Feb/2026:18:39:48 +0000] "GET /xmlrpc.php HTTP/1.1" 405 53 "https://mentoring-wp.dreamstechnologies.com/xmlrpc.php" "WordPress/XMLRPC Client"
156.59.62.164 - - [23/Feb/2026:18:47:19 +0000] "POST /xmlrpc.php HTTP/1.1" 301 178 "-" "Mozilla/5.0 (Windows NT 10.0; Win64; x64) AppleWebKit/537.36 (KHTML, like Gecko) Chrome/114.0.0.0 Safari/537.36"
172.187.168.139 - - [23/Feb/2026:18:47:22 +0000] "POST /wp-cron.php?doing_wp_cron=1771872441.9541869163513183593750 HTTP/1.1" 200 31 "-" "WordPress/6.9; https://mentoring-wp.dreamsmarketplace.com"
156.59.62.164 - - [23/Feb/2026:18:47:22 +0000] "GET /xmlrpc.php HTTP/1.1" 405 53 "-" "Mozilla/5.0 (Windows NT 10.0; Win64; x64) AppleWebKit/537.36 (KHTML, like Gecko) Chrome/114.0.0.0 Safari/537.36"
156.59.62.164 - - [23/Feb/2026:18:47:23 +0000] "POST /xmlrpc.php HTTP/1.1" 301 178 "-" "Mozilla/5.0 (Windows NT 10.0; Win64; x64) AppleWebKit/537.36 (KHTML, like Gecko) Chrome/114.0.0.0 Safari/537.36"
172.187.168.139 - - [23/Feb/2026:18:47:25 +0000] "POST /wp-cron.php?doing_wp_cron=1771872445.9167799949645996093750 HTTP/1.1" 200 31 "-" "WordPress/6.9; https://mentoring-wp.dreamsmarketplace.com"
156.59.62.164 - - [23/Feb/2026:18:47:26 +0000] "GET /xmlrpc.php HTTP/1.1" 405 53 "-" "Mozilla/5.0 (Windows NT 10.0; Win64; x64) AppleWebKit/537.36 (KHTML, like Gecko) Chrome/114.0.0.0 Safari/537.36"
172.187.168.139 - - [23/Feb/2026:18:47:58 +0000] "POST /wp-cron.php?doing_wp_cron=1771872478.0804629325866699218750 HTTP/1.1" 200 31 "-" "WordPress/6.9; https://mentoring-wp.dreamsmarketplace.com"
207.46.13.125 - - [23/Feb/2026:18:47:58 +0000] "GET /it-is-a-long-established-fact-that-a-reader-will-be/ HTTP/1.1" 200 18227 "-" "Mozilla/5.0 AppleWebKit/537.36 (KHTML, like Gecko; compatible; bingbot/2.0; +http://www.bing.com/bingbot.htm) Chrome/116.0.1938.76 Safari/537.36"
98.98.33.53 - - [23/Feb/2026:18:49:13 +0000] "POST /xmlrpc.php HTTP/1.1" 301 178 "-" "Mozilla/5.0 (Windows NT 10.0; Win64; x64) AppleWebKit/537.36 (KHTML, like Gecko) Chrome/114.0.0.0 Safari/537.36"
172.187.168.139 - - [23/Feb/2026:18:49:30 +0000] "POST /wp-cron.php?doing_wp_cron=1771872570.0534489154815673828125 HTTP/1.1" 200 31 "-" "WordPress/6.9; https://mentoring-wp.dreamsmarketplace.com"
98.98.33.53 - - [23/Feb/2026:18:49:30 +0000] "GET /xmlrpc.php HTTP/1.1" 405 53 "-" "Mozilla/5.0 (Windows NT 10.0; Win64; x64) AppleWebKit/537.36 (KHTML, like Gecko) Chrome/114.0.0.0 Safari/537.36"
98.98.33.53 - - [23/Feb/2026:18:49:44 +0000] "POST /xmlrpc.php HTTP/1.1" 301 178 "-" "Mozilla/5.0 (Windows NT 10.0; Win64; x64) AppleWebKit/537.36 (KHTML, like Gecko) Chrome/114.0.0.0 Safari/537.36"
172.187.168.139 - - [23/Feb/2026:18:49:50 +0000] "POST /wp-cron.php?doing_wp_cron=1771872590.5314610004425048828125 HTTP/1.1" 200 31 "-" "WordPress/6.9; https://mentoring-wp.dreamsmarketplace.com"
98.98.33.53 - - [23/Feb/2026:18:49:50 +0000] "GET /xmlrpc.php HTTP/1.1" 405 53 "-" "Mozilla/5.0 (Windows NT 10.0; Win64; x64) AppleWebKit/537.36 (KHTML, like Gecko) Chrome/114.0.0.0 Safari/537.36"
52.167.144.139 - - [23/Feb/2026:18:53:30 +0000] "GET /offlin-poker-acteren-om-zeker-wettelijk-nederlandse-poke-room/ HTTP/1.1" 301 178 "-" "Mozilla/5.0 AppleWebKit/537.36 (KHTML, like Gecko; compatible; bingbot/2.0; +http://www.bing.com/bingbot.htm) Chrome/116.0.1938.76 Safari/537.36"
52.167.144.139 - - [23/Feb/2026:18:53:46 +0000] "GET /best-slot-machines-playing-victory-on-line-for-real-money-in-2025/ HTTP/1.1" 301 178 "-" "Mozilla/5.0 AppleWebKit/537.36 (KHTML, like Gecko; compatible; bingbot/2.0; +http://www.bing.com/bingbot.htm) Chrome/116.0.1938.76 Safari/537.36"
52.167.144.212 - - [23/Feb/2026:19:05:52 +0000] "GET /jocuri-barcrest-degeaba-mega-jack-lista-sa-jocuri-top-sloturi-casino-de-depozit-de-5-usd-cosmic-fortune-barcrest-online/ HTTP/1.1" 301 178 "-" "Mozilla/5.0 AppleWebKit/537.36 (KHTML, like Gecko; compatible; bingbot/2.0; +http://www.bing.com/bingbot.htm) Chrome/116.0.1938.76 Safari/537.36"
200.68.170.63 - - [23/Feb/2026:19:10:21 +0000] "GET /el-torero-computerspiel-el-torero-fur-nusse-100-kostenlose-spins-keine-dungeon-quest-echtes-geld-einzahlung-animal-quest-spielen-blos-registrierung-kasino-provider/ HTTP/1.1" 301 178 "-" "Mozilla/5.0 (Macintosh; Intel Mac OS X 10_13_6) AppleWebKit/537.36 (KHTML, like Gecko) Brave Chrome/88.0.4324.182 Safari/537.36"
172.187.168.139 - - [23/Feb/2026:19:10:24 +0000] "POST /wp-cron.php?doing_wp_cron=1771873824.8141319751739501953125 HTTP/1.1" 200 31 "-" "WordPress/6.9; https://mentoring-wp.dreamsmarketplace.com"
14.237.119.66 - - [23/Feb/2026:19:10:24 +0000] "GET /el-torero-computerspiel-el-torero-fur-nusse-100-kostenlose-spins-keine-dungeon-quest-echtes-geld-einzahlung-animal-quest-spielen-blos-registrierung-kasino-provider/ HTTP/1.1" 404 11015 "-" "Mozilla/5.0 (Macintosh; Intel Mac OS X 10_13_6) AppleWebKit/537.36 (KHTML, like Gecko) Brave Chrome/88.0.4324.182 Safari/537.36"
172.187.168.139 - - [23/Feb/2026:19:11:28 +0000] "POST /wp-cron.php?doing_wp_cron=1771873888.3366999626159667968750 HTTP/1.1" 200 31 "-" "WordPress/6.9; https://mentoring-wp.dreamsmarketplace.com"
66.249.66.204 - - [23/Feb/2026:19:11:28 +0000] "GET /testimonial/charles-ortega/ HTTP/1.1" 301 5 "-" "Mozilla/5.0 (Linux; Android 6.0.1; Nexus 5X Build/MMB29P) AppleWebKit/537.36 (KHTML, like Gecko) Chrome/144.0.7559.132 Mobile Safari/537.36 (compatible; Googlebot/2.1; +http://www.google.com/bot.html)"
172.187.168.139 - - [23/Feb/2026:19:11:29 +0000] "POST /wp-cron.php?doing_wp_cron=1771873889.8748259544372558593750 HTTP/1.1" 200 31 "-" "WordPress/6.9; https://mentoring-wp.dreamsmarketplace.com"
66.249.66.33 - - [23/Feb/2026:19:11:29 +0000] "GET / HTTP/1.1" 200 14896 "-" "Mozilla/5.0 (Linux; Android 6.0.1; Nexus 5X Build/MMB29P) AppleWebKit/537.36 (KHTML, like Gecko) Chrome/144.0.7559.132 Mobile Safari/537.36 (compatible; Googlebot/2.1; +http://www.google.com/bot.html)"
66.249.66.161 - - [23/Feb/2026:19:12:22 +0000] "GET /wp-includes/js/jquery/jquery.min.js?ver=3.7.1 HTTP/1.1" 304 0 "https://mentoring-wp.dreamsmarketplace.com/" "Mozilla/5.0 (Linux; Android 6.0.1; Nexus 5X Build/MMB29P) AppleWebKit/537.36 (KHTML, like Gecko) Chrome/144.0.7559.132 Mobile Safari/537.36 (compatible; Googlebot/2.1; +http://www.google.com/bot.html)"
66.249.66.7 - - [23/Feb/2026:19:12:22 +0000] "GET /wp-content/themes/mentoring/assets/css/dashboard.css?ver=6.9 HTTP/1.1" 304 0 "https://mentoring-wp.dreamsmarketplace.com/" "Mozilla/5.0 (Linux; Android 6.0.1; Nexus 5X Build/MMB29P) AppleWebKit/537.36 (KHTML, like Gecko) Chrome/144.0.7559.132 Mobile Safari/537.36 (compatible; Googlebot/2.1; +http://www.google.com/bot.html)"
66.249.66.163 - - [23/Feb/2026:19:12:23 +0000] "GET /wp-content/themes/mentoring/assets/js/bootstrap.bundle.min.js?ver=5.3.2 HTTP/1.1" 304 0 "https://mentoring-wp.dreamsmarketplace.com/" "Mozilla/5.0 (Linux; Android 6.0.1; Nexus 5X Build/MMB29P) AppleWebKit/537.36 (KHTML, like Gecko) Chrome/144.0.7559.132 Mobile Safari/537.36 (compatible; Googlebot/2.1; +http://www.google.com/bot.html)"
66.249.66.163 - - [23/Feb/2026:19:12:23 +0000] "GET /wp-content/plugins/woocommerce/assets/client/blocks/wc-blocks.css?ver=wc-10.4.3 HTTP/1.1" 200 14006 "https://mentoring-wp.dreamsmarketplace.com/" "Mozilla/5.0 (Linux; Android 6.0.1; Nexus 5X Build/MMB29P) AppleWebKit/537.36 (KHTML, like Gecko) Chrome/144.0.7559.132 Mobile Safari/537.36 (compatible; Googlebot/2.1; +http://www.google.com/bot.html)"
66.249.66.70 - - [23/Feb/2026:19:12:29 +0000] "GET /wp-content/plugins/woocommerce/assets/js/select2/select2.full.min.js?ver=4.0.3-wc.10.4.3 HTTP/1.1" 200 74620 "https://mentoring-wp.dreamsmarketplace.com/" "Mozilla/5.0 (Linux; Android 6.0.1; Nexus 5X Build/MMB29P) AppleWebKit/537.36 (KHTML, like Gecko) Chrome/144.0.7559.132 Mobile Safari/537.36 (compatible; Googlebot/2.1; +http://www.google.com/bot.html)"
45.154.98.121 - - [23/Feb/2026:19:13:12 +0000] "POST /wp-plain.php HTTP/1.1" 301 178 "www.google.com" "Mozilla/5.0 (Linux; Android 7.0; SM-G892A Bulid/NRD90M; wv) AppleWebKit/537.36 (KHTML, like Gecko) Version/4.0 Chrome/60.0.3112.107 Moblie Safari/537.36"
45.154.98.121 - - [23/Feb/2026:19:13:12 +0000] "GET /wp-content/plugins/fix/up.php HTTP/1.1" 301 178 "-" "Mozilla/5.0 (Windows NT 10.0; Win64; x64) AppleWebKit/537.36 (KHTML, like Gecko) Chrome/85.0.4183.102 Safari/537.36"
45.154.98.121 - - [23/Feb/2026:19:13:12 +0000] "POST /wp-plain.php HTTP/1.1" 404 196 "www.google.com" "Mozilla/5.0 (Linux; Android 7.0; SM-G892A Bulid/NRD90M; wv) AppleWebKit/537.36 (KHTML, like Gecko) Version/4.0 Chrome/60.0.3112.107 Moblie Safari/537.36"
45.154.98.121 - - [23/Feb/2026:19:13:12 +0000] "GET /wp-content/plugins/fix/up.php HTTP/1.1" 404 196 "-" "Mozilla/5.0 (Windows NT 10.0; Win64; x64) AppleWebKit/537.36 (KHTML, like Gecko) Chrome/85.0.4183.102 Safari/537.36"
45.154.98.121 - - [23/Feb/2026:19:13:12 +0000] "GET /dhwnwotr.php?Fox=d3wL7 HTTP/1.1" 301 178 "www.google.com" "Mozilla/5.0 (Linux; Android 7.0; SM-G892A Bulid/NRD90M; wv) AppleWebKit/537.36 (KHTML, like Gecko) Version/4.0 Chrome/60.0.3112.107 Moblie Safari/537.36"
