103.219.169.214 - - [23/Feb/2026:11:33:49 +0000] "POST /xmlrpc.php HTTP/1.1" 301 178 "-" "Mozilla/5.0 (Windows NT 10.0; Win64; x64) AppleWebKit/537.36 (KHTML, like Gecko) Chrome/114.0.0.0 Safari/537.36"
172.187.168.139 - - [23/Feb/2026:11:33:51 +0000] "POST /wp-cron.php?doing_wp_cron=1771846431.1380860805511474609375 HTTP/1.1" 200 31 "-" "WordPress/6.9; https://mentoring-wp.dreamsmarketplace.com"
103.219.169.214 - - [23/Feb/2026:11:33:51 +0000] "GET /xmlrpc.php HTTP/1.1" 405 53 "-" "Mozilla/5.0 (Windows NT 10.0; Win64; x64) AppleWebKit/537.36 (KHTML, like Gecko) Chrome/114.0.0.0 Safari/537.36"
98.98.21.197 - - [23/Feb/2026:11:38:03 +0000] "POST /xmlrpc.php HTTP/1.1" 301 178 "-" "Mozilla/5.0 (Windows NT 10.0; Win64; x64) AppleWebKit/537.36 (KHTML, like Gecko) Chrome/114.0.0.0 Safari/537.36"
172.187.168.139 - - [23/Feb/2026:11:38:05 +0000] "POST /wp-cron.php?doing_wp_cron=1771846685.4585440158843994140625 HTTP/1.1" 200 31 "-" "WordPress/6.9; https://mentoring-wp.dreamsmarketplace.com"
98.98.21.197 - - [23/Feb/2026:11:38:05 +0000] "GET /xmlrpc.php HTTP/1.1" 405 53 "-" "Mozilla/5.0 (Windows NT 10.0; Win64; x64) AppleWebKit/537.36 (KHTML, like Gecko) Chrome/114.0.0.0 Safari/537.36"
98.98.21.197 - - [23/Feb/2026:11:38:06 +0000] "POST /xmlrpc.php HTTP/1.1" 301 178 "-" "Mozilla/5.0 (Windows NT 10.0; Win64; x64) AppleWebKit/537.36 (KHTML, like Gecko) Chrome/114.0.0.0 Safari/537.36"
172.187.168.139 - - [23/Feb/2026:11:38:08 +0000] "POST /wp-cron.php?doing_wp_cron=1771846688.0996849536895751953125 HTTP/1.1" 200 31 "-" "WordPress/6.9; https://mentoring-wp.dreamsmarketplace.com"
98.98.21.197 - - [23/Feb/2026:11:38:08 +0000] "GET /xmlrpc.php HTTP/1.1" 405 53 "-" "Mozilla/5.0 (Windows NT 10.0; Win64; x64) AppleWebKit/537.36 (KHTML, like Gecko) Chrome/114.0.0.0 Safari/537.36"
216.244.66.202 - - [23/Feb/2026:11:38:58 +0000] "GET /robots.txt HTTP/1.1" 301 178 "-" "Mozilla/5.0 (compatible; DotBot/1.2; +https://opensiteexplorer.org/dotbot; [email protected])"
172.187.168.139 - - [23/Feb/2026:11:39:00 +0000] "POST /wp-cron.php?doing_wp_cron=1771846740.3179891109466552734375 HTTP/1.1" 200 31 "-" "WordPress/6.9; https://mentoring-wp.dreamsmarketplace.com"
216.244.66.202 - - [23/Feb/2026:11:39:00 +0000] "GET /robots.txt HTTP/1.1" 200 349 "-" "Mozilla/5.0 (compatible; DotBot/1.2; +https://opensiteexplorer.org/dotbot; [email protected])"
102.221.34.103 - - [23/Feb/2026:11:39:24 +0000] "POST /xmlrpc.php HTTP/1.1" 301 178 "-" "Mozilla/5.0 (Windows NT 10.0; Win64; x64) AppleWebKit/537.36 (KHTML, like Gecko) Chrome/114.0.0.0 Safari/537.36"
172.187.168.139 - - [23/Feb/2026:11:39:27 +0000] "POST /wp-cron.php?doing_wp_cron=1771846766.9535539150238037109375 HTTP/1.1" 200 31 "-" "WordPress/6.9; https://mentoring-wp.dreamsmarketplace.com"
102.221.34.103 - - [23/Feb/2026:11:39:27 +0000] "GET /xmlrpc.php HTTP/1.1" 405 53 "-" "Mozilla/5.0 (Windows NT 10.0; Win64; x64) AppleWebKit/537.36 (KHTML, like Gecko) Chrome/114.0.0.0 Safari/537.36"
102.221.34.103 - - [23/Feb/2026:11:39:27 +0000] "POST /xmlrpc.php HTTP/1.1" 301 178 "-" "Mozilla/5.0 (Windows NT 10.0; Win64; x64) AppleWebKit/537.36 (KHTML, like Gecko) Chrome/114.0.0.0 Safari/537.36"
172.187.168.139 - - [23/Feb/2026:11:39:29 +0000] "POST /wp-cron.php?doing_wp_cron=1771846769.7299120426177978515625 HTTP/1.1" 200 31 "-" "WordPress/6.9; https://mentoring-wp.dreamsmarketplace.com"
102.221.34.103 - - [23/Feb/2026:11:39:29 +0000] "GET /xmlrpc.php HTTP/1.1" 405 53 "-" "Mozilla/5.0 (Windows NT 10.0; Win64; x64) AppleWebKit/537.36 (KHTML, like Gecko) Chrome/114.0.0.0 Safari/537.36"
2a03:2880:f800:3d:: - - [23/Feb/2026:11:39:41 +0000] "GET /casilando-gambling-lightning-link-free-spins-and-coins-establishment-log-in-to-possess-australian-continent-safe-availableness-prompt-payouts/ HTTP/1.1" 301 178 "-" "meta-externalagent/1.1 (+https://developers.facebook.com/docs/sharing/webmasters/crawler)"
2a03:2880:f800:9:: - - [23/Feb/2026:11:41:10 +0000] "GET /777-imp-source-casino-local-casino-review-2026-get-step-onefive-hundred-private-added-bonus/ HTTP/1.1" 301 178 "-" "meta-externalagent/1.1 (+https://developers.facebook.com/docs/sharing/webmasters/crawler)"
2a03:2880:f800:16:: - - [23/Feb/2026:11:41:33 +0000] "GET /bar-valdhorn-gaming-476-fylde-casinos-rapand-95-fa-flere-oplysninger-slots-2025/ HTTP/1.1" 301 178 "-" "meta-externalagent/1.1 (+https://developers.facebook.com/docs/sharing/webmasters/crawler)"
129.227.39.119 - - [23/Feb/2026:11:44:45 +0000] "POST /xmlrpc.php HTTP/1.1" 301 178 "-" "Mozilla/5.0 (Windows NT 10.0; Win64; x64) AppleWebKit/537.36 (KHTML, like Gecko) Chrome/114.0.0.0 Safari/537.36"
172.187.168.139 - - [23/Feb/2026:11:44:48 +0000] "POST /wp-cron.php?doing_wp_cron=1771847088.0972158908843994140625 HTTP/1.1" 200 31 "-" "WordPress/6.9; https://mentoring-wp.dreamsmarketplace.com"
129.227.39.119 - - [23/Feb/2026:11:44:48 +0000] "GET /xmlrpc.php HTTP/1.1" 405 53 "-" "Mozilla/5.0 (Windows NT 10.0; Win64; x64) AppleWebKit/537.36 (KHTML, like Gecko) Chrome/114.0.0.0 Safari/537.36"
129.227.39.119 - - [23/Feb/2026:11:44:50 +0000] "POST /xmlrpc.php HTTP/1.1" 301 178 "-" "Mozilla/5.0 (Windows NT 10.0; Win64; x64) AppleWebKit/537.36 (KHTML, like Gecko) Chrome/114.0.0.0 Safari/537.36"
172.187.168.139 - - [23/Feb/2026:11:44:52 +0000] "POST /wp-cron.php?doing_wp_cron=1771847092.8596999645233154296875 HTTP/1.1" 200 31 "-" "WordPress/6.9; https://mentoring-wp.dreamsmarketplace.com"
129.227.39.119 - - [23/Feb/2026:11:44:52 +0000] "GET /xmlrpc.php HTTP/1.1" 405 53 "-" "Mozilla/5.0 (Windows NT 10.0; Win64; x64) AppleWebKit/537.36 (KHTML, like Gecko) Chrome/114.0.0.0 Safari/537.36"
2a03:2880:f800:2:: - - [23/Feb/2026:11:45:02 +0000] "GET /greatest-online-slots-real-money-2026-casino-twin-100-free-spins-help-guide-to-large-rtp-position-games/ HTTP/1.1" 301 178 "-" "meta-externalagent/1.1 (+https://developers.facebook.com/docs/sharing/webmasters/crawler)"
2a03:2880:f800:1:: - - [23/Feb/2026:11:45:13 +0000] "GET /win-casino-lucky-tree-real-money-in-the-our-on-line-casino-gamble-now/ HTTP/1.1" 301 178 "-" "meta-externalagent/1.1 (+https://developers.facebook.com/docs/sharing/webmasters/crawler)"
2a03:2880:f800:35:: - - [23/Feb/2026:11:48:28 +0000] "GET /stakelogic-expands-mythological-slots-with-stone-gaze-of-medusa-2/ HTTP/1.1" 301 178 "-" "meta-externalagent/1.1 (+https://developers.facebook.com/docs/sharing/webmasters/crawler)"
157.100.135.172 - - [23/Feb/2026:11:52:57 +0000] "GET /gamble-totally-free-black-jack-on-the-web-habit-blackjack-casino-32red-no-deposit-bonus-codes-wager-fun/ HTTP/1.1" 301 178 "-" "Mozilla/5.0 (Windows NT 6.3; WOW64) AppleWebKit/537.36 (KHTML, like Gecko) Chrome/75.0.3770.100 ADG/11.0.2566 AOLBUILD/11.0.2566 Safari/537.36"
2a03:2880:f800:17:: - - [23/Feb/2026:11:52:57 +0000] "GET /aristocrat-pokies-2025-best-mr-bet-sms-verification-australia-on-the-internet-pokies-games/ HTTP/1.1" 301 178 "-" "meta-externalagent/1.1 (+https://developers.facebook.com/docs/sharing/webmasters/crawler)"
172.187.168.139 - - [23/Feb/2026:11:53:01 +0000] "POST /wp-cron.php?doing_wp_cron=1771847581.0315639972686767578125 HTTP/1.1" 200 31 "-" "WordPress/6.9; https://mentoring-wp.dreamsmarketplace.com"
14.247.198.17 - - [23/Feb/2026:11:53:01 +0000] "GET /gamble-totally-free-black-jack-on-the-web-habit-blackjack-casino-32red-no-deposit-bonus-codes-wager-fun/ HTTP/1.1" 404 10970 "-" "Mozilla/5.0 (Windows NT 6.3; WOW64) AppleWebKit/537.36 (KHTML, like Gecko) Chrome/75.0.3770.100 ADG/11.0.2566 AOLBUILD/11.0.2566 Safari/537.36"
212.97.69.14 - mentoring_admin [23/Feb/2026:11:54:13 +0000] "GET /wp-json/wp/v2/pages HTTP/1.1" 301 178 "-" "python-requests/2.32.3"
172.187.168.139 - - [23/Feb/2026:11:54:16 +0000] "POST /wp-cron.php?doing_wp_cron=1771847656.1488978862762451171875 HTTP/1.1" 200 31 "-" "WordPress/6.9; https://mentoring-wp.dreamsmarketplace.com"
212.97.69.14 - - [23/Feb/2026:11:54:16 +0000] "GET /wp-json/wp/v2/pages HTTP/1.1" 200 58710 "-" "python-requests/2.32.3"
212.97.69.14 - mentoring_admin [23/Feb/2026:11:54:18 +0000] "GET /wp-json/wp/v2/settings HTTP/1.1" 301 178 "-" "python-requests/2.32.3"
172.187.168.139 - - [23/Feb/2026:11:54:20 +0000] "POST /wp-cron.php?doing_wp_cron=1771847660.9181039333343505859375 HTTP/1.1" 200 31 "-" "WordPress/6.9; https://mentoring-wp.dreamsmarketplace.com"
212.97.69.14 - - [23/Feb/2026:11:54:20 +0000] "GET /wp-json/wp/v2/settings HTTP/1.1" 401 109 "-" "python-requests/2.32.3"
212.97.69.14 - mentoring_admin [23/Feb/2026:11:54:22 +0000] "GET /wp-json/wp/v2/pages HTTP/1.1" 301 178 "-" "python-requests/2.32.3"
172.187.168.139 - - [23/Feb/2026:11:54:27 +0000] "POST /wp-cron.php?doing_wp_cron=1771847667.4305069446563720703125 HTTP/1.1" 200 31 "-" "WordPress/6.9; https://mentoring-wp.dreamsmarketplace.com"
2a03:2880:f800:7:: - - [23/Feb/2026:11:54:27 +0000] "GET /cashback-secret-of-the-stones-casino-uten-omsetningskrav-maria-spilleban-cashback/ HTTP/1.1" 301 178 "-" "meta-externalagent/1.1 (+https://developers.facebook.com/docs/sharing/webmasters/crawler)"
212.97.69.14 - - [23/Feb/2026:11:54:27 +0000] "GET /wp-json/wp/v2/pages HTTP/1.1" 200 58710 "-" "python-requests/2.32.3"
14.191.180.91 - - [23/Feb/2026:11:54:32 +0000] "GET /sweet-bonanzanin-bedava-denemeleri-para-yapmadan-oence-deneyin-edin/ HTTP/1.1" 301 178 "-" "Mozilla/5.0 (Macintosh; Intel Mac OS X 10_15_3) AppleWebKit/537.36 (KHTML, like Gecko) Chrome/80.0.3987.132 Safari/537.36\x09Chrome Generic"
212.97.69.14 - mentoring_admin [23/Feb/2026:11:54:32 +0000] "POST /wp-json/wp/v2/pages/4560 HTTP/1.1" 301 178 "-" "python-requests/2.32.3"
172.187.168.139 - - [23/Feb/2026:11:54:34 +0000] "POST /wp-cron.php?doing_wp_cron=1771847674.5842330455780029296875 HTTP/1.1" 200 31 "-" "WordPress/6.9; https://mentoring-wp.dreamsmarketplace.com"
123.17.3.36 - - [23/Feb/2026:11:54:34 +0000] "GET /sweet-bonanzanin-bedava-denemeleri-para-yapmadan-oence-deneyin-edin/ HTTP/1.1" 404 10963 "-" "Mozilla/5.0 (Macintosh; Intel Mac OS X 10_15_3) AppleWebKit/537.36 (KHTML, like Gecko) Chrome/80.0.3987.132 Safari/537.36\x09Chrome Generic"
172.187.168.139 - - [23/Feb/2026:11:54:44 +0000] "POST /wp-cron.php?doing_wp_cron=1771847684.5846009254455566406250 HTTP/1.1" 200 31 "-" "WordPress/6.9; https://mentoring-wp.dreamsmarketplace.com"
212.97.69.14 - - [23/Feb/2026:11:54:44 +0000] "GET /wp-json/wp/v2/pages/4560 HTTP/1.1" 200 19794 "-" "python-requests/2.32.3"
128.1.179.114 - - [23/Feb/2026:11:55:19 +0000] "POST /xmlrpc.php HTTP/1.1" 301 178 "-" "Mozilla/5.0 (Windows NT 10.0; Win64; x64) AppleWebKit/537.36 (KHTML, like Gecko) Chrome/114.0.0.0 Safari/537.36"
172.187.168.139 - - [23/Feb/2026:11:55:27 +0000] "POST /wp-cron.php?doing_wp_cron=1771847727.3608529567718505859375 HTTP/1.1" 200 31 "-" "WordPress/6.9; https://mentoring-wp.dreamsmarketplace.com"
128.1.179.114 - - [23/Feb/2026:11:55:27 +0000] "GET /xmlrpc.php HTTP/1.1" 405 53 "-" "Mozilla/5.0 (Windows NT 10.0; Win64; x64) AppleWebKit/537.36 (KHTML, like Gecko) Chrome/114.0.0.0 Safari/537.36"
128.1.179.114 - - [23/Feb/2026:11:55:31 +0000] "POST /xmlrpc.php HTTP/1.1" 301 178 "-" "Mozilla/5.0 (Windows NT 10.0; Win64; x64) AppleWebKit/537.36 (KHTML, like Gecko) Chrome/114.0.0.0 Safari/537.36"
172.187.168.139 - - [23/Feb/2026:11:55:33 +0000] "POST /wp-cron.php?doing_wp_cron=1771847733.4190990924835205078125 HTTP/1.1" 200 31 "-" "WordPress/6.9; https://mentoring-wp.dreamsmarketplace.com"
128.1.179.114 - - [23/Feb/2026:11:55:33 +0000] "GET /xmlrpc.php HTTP/1.1" 405 53 "-" "Mozilla/5.0 (Windows NT 10.0; Win64; x64) AppleWebKit/537.36 (KHTML, like Gecko) Chrome/114.0.0.0 Safari/537.36"
2a03:2880:f800:1d:: - - [23/Feb/2026:11:55:35 +0000] "GET /fantastic-buffalo-bingo-online-ports-real-cash-slot-machine-totally-free-play-demo/ HTTP/1.1" 301 178 "-" "meta-externalagent/1.1 (+https://developers.facebook.com/docs/sharing/webmasters/crawler)"
2a03:2880:f800:3d:: - - [23/Feb/2026:11:56:10 +0000] "GET /finest-2025-no-deposit-bonus-casinos-inside-us-online-pokies-real-money-app-allege-100-percent-free-money/ HTTP/1.1" 301 178 "-" "meta-externalagent/1.1 (+https://developers.facebook.com/docs/sharing/webmasters/crawler)"
172.187.168.139 - - [23/Feb/2026:11:58:30 +0000] "POST /wp-cron.php?doing_wp_cron=1771847909.9858770370483398437500 HTTP/1.1" 200 31 "-" "WordPress/6.9; https://mentoring-wp.dreamsmarketplace.com"
40.77.167.72 - - [23/Feb/2026:11:58:30 +0000] "GET /winzino-fjarhaettuspil-25-okeypis-snuningar-goldbet-bonuskodi-i-dag-100-afslattur/ HTTP/1.1" 404 10975 "-" "Mozilla/5.0 AppleWebKit/537.36 (KHTML, like Gecko; compatible; bingbot/2.0; +http://www.bing.com/bingbot.htm) Chrome/116.0.1938.76 Safari/537.36"
216.244.66.202 - - [23/Feb/2026:11:58:31 +0000] "GET /vvelit-esse-quam-nihil-molestiae-consequatur/ HTTP/1.1" 301 178 "-" "Mozilla/5.0 (compatible; DotBot/1.2; +https://opensiteexplorer.org/dotbot; [email protected])"
2a03:2880:f800:b:: - - [23/Feb/2026:11:59:58 +0000] "GET /private-21-local-casino-casino-spinfields-100-free-spins-added-bonus-allege-50-free-revolves-no-deposit-today/ HTTP/1.1" 301 178 "-" "meta-externalagent/1.1 (+https://developers.facebook.com/docs/sharing/webmasters/crawler)"
14.170.201.19 - - [23/Feb/2026:12:00:15 +0000] "GET /what-is-the-best-on-line-casino-to-have-australians-during-the-2025/ HTTP/1.1" 301 178 "-" "Mozilla/5.0 (Windows NT 10.0; WOW64) AppleWebKit/537.36 (KHTML, like Gecko) Chrome/84.0.4147.89 Safari/537.36"
172.187.168.139 - - [23/Feb/2026:12:00:18 +0000] "POST /wp-cron.php?doing_wp_cron=1771848018.1697080135345458984375 HTTP/1.1" 200 31 "-" "WordPress/6.9; https://mentoring-wp.dreamsmarketplace.com"
14.233.184.213 - - [23/Feb/2026:12:00:18 +0000] "GET /what-is-the-best-on-line-casino-to-have-australians-during-the-2025/ HTTP/1.1" 404 10960 "-" "Mozilla/5.0 (Windows NT 10.0; WOW64) AppleWebKit/537.36 (KHTML, like Gecko) Chrome/84.0.4147.89 Safari/537.36"
2a03:2880:f800:1:: - - [23/Feb/2026:12:01:48 +0000] "GET /bonus-free-online-slots-no-download-rules/ HTTP/1.1" 301 178 "-" "meta-externalagent/1.1 (+https://developers.facebook.com/docs/sharing/webmasters/crawler)"
2a03:2880:f800:a:: - - [23/Feb/2026:12:02:46 +0000] "GET /professional-casinos4u-no-deposit-bonus-analysis/ HTTP/1.1" 301 178 "-" "meta-externalagent/1.1 (+https://developers.facebook.com/docs/sharing/webmasters/crawler)"
172.187.168.139 - - [23/Feb/2026:12:02:58 +0000] "POST /wp-cron.php?doing_wp_cron=1771848178.5657761096954345703125 HTTP/1.1" 200 31 "-" "WordPress/6.9; https://mentoring-wp.dreamsmarketplace.com"
216.244.66.236 - - [23/Feb/2026:12:02:58 +0000] "GET /robots.txt HTTP/1.1" 200 349 "-" "Mozilla/5.0 (compatible; DotBot/1.2; +https://opensiteexplorer.org/dotbot; [email protected])"
2a03:2880:f800:3e:: - - [23/Feb/2026:12:03:48 +0000] "GET /online-casino-goldbet-bonus-canada-listing-the-real-deal-currency-professionals-in-the-2026/ HTTP/1.1" 301 178 "-" "meta-externalagent/1.1 (+https://developers.facebook.com/docs/sharing/webmasters/crawler)"
172.187.168.139 - - [23/Feb/2026:12:05:33 +0000] "POST /wp-cron.php?doing_wp_cron=1771848333.2352790832519531250000 HTTP/1.1" 200 31 "-" "WordPress/6.9; https://mentoring-wp.dreamsmarketplace.com"
2a03:2880:f800:2c:: - - [23/Feb/2026:12:05:33 +0000] "GET /wp-sitemap-users-1.xml HTTP/1.1" 200 300 "-" "meta-externalagent/1.1 (+https://developers.facebook.com/docs/sharing/webmasters/crawler)"
129.227.39.119 - - [23/Feb/2026:12:05:50 +0000] "POST /xmlrpc.php HTTP/1.1" 301 178 "-" "Mozilla/5.0 (Windows NT 10.0; Win64; x64) AppleWebKit/537.36 (KHTML, like Gecko) Chrome/114.0.0.0 Safari/537.36"
172.187.168.139 - - [23/Feb/2026:12:05:53 +0000] "POST /wp-cron.php?doing_wp_cron=1771848353.2007360458374023437500 HTTP/1.1" 200 31 "-" "WordPress/6.9; https://mentoring-wp.dreamsmarketplace.com"
129.227.39.119 - - [23/Feb/2026:12:05:53 +0000] "GET /xmlrpc.php HTTP/1.1" 405 53 "-" "Mozilla/5.0 (Windows NT 10.0; Win64; x64) AppleWebKit/537.36 (KHTML, like Gecko) Chrome/114.0.0.0 Safari/537.36"
129.227.39.119 - - [23/Feb/2026:12:05:54 +0000] "POST /xmlrpc.php HTTP/1.1" 301 178 "-" "Mozilla/5.0 (Windows NT 10.0; Win64; x64) AppleWebKit/537.36 (KHTML, like Gecko) Chrome/114.0.0.0 Safari/537.36"
172.187.168.139 - - [23/Feb/2026:12:05:57 +0000] "POST /wp-cron.php?doing_wp_cron=1771848357.1087360382080078125000 HTTP/1.1" 200 31 "-" "WordPress/6.9; https://mentoring-wp.dreamsmarketplace.com"
129.227.39.119 - - [23/Feb/2026:12:05:57 +0000] "GET /xmlrpc.php HTTP/1.1" 405 53 "-" "Mozilla/5.0 (Windows NT 10.0; Win64; x64) AppleWebKit/537.36 (KHTML, like Gecko) Chrome/114.0.0.0 Safari/537.36"
2a03:2880:f800:2b:: - - [23/Feb/2026:12:07:35 +0000] "GET /the-newest-fifty-totally-free-spins-wolf-run-play-no-deposit-2026-complete-number/ HTTP/1.1" 301 178 "-" "meta-externalagent/1.1 (+https://developers.facebook.com/docs/sharing/webmasters/crawler)"
172.187.168.139 - - [23/Feb/2026:12:07:55 +0000] "POST /wp-cron.php?doing_wp_cron=1771848475.7317159175872802734375 HTTP/1.1" 200 31 "-" "WordPress/6.9; https://mentoring-wp.dreamsmarketplace.com"
216.244.66.236 - - [23/Feb/2026:12:07:55 +0000] "GET /category/android/feed/ HTTP/1.1" 200 23074 "-" "Mozilla/5.0 (compatible; DotBot/1.2; +https://opensiteexplorer.org/dotbot; [email protected])"
2a03:2880:f800:20:: - - [23/Feb/2026:12:08:24 +0000] "GET /bonanza-enjoy-ports-video-game-on-line-investigate-the-site-at-the-fanduel-gambling-establishment/ HTTP/1.1" 301 178 "-" "meta-externalagent/1.1 (+https://developers.facebook.com/docs/sharing/webmasters/crawler)"
172.187.168.139 - - [23/Feb/2026:12:09:11 +0000] "POST /wp-cron.php?doing_wp_cron=1771848551.0135200023651123046875 HTTP/1.1" 200 31 "-" "WordPress/6.9; https://mentoring-wp.dreamsmarketplace.com"
2a03:2880:f800:37:: - - [23/Feb/2026:12:09:11 +0000] "GET /wp-sitemap-posts-post-1.xml HTTP/1.1" 200 2063 "-" "meta-externalagent/1.1 (+https://developers.facebook.com/docs/sharing/webmasters/crawler)"
2a03:2880:f800:16:: - - [23/Feb/2026:12:09:16 +0000] "GET /gonzos-mythic-maiden-spilleautomat-quest-fr-online-spilleautomater-australien/ HTTP/1.1" 301 178 "-" "meta-externalagent/1.1 (+https://developers.facebook.com/docs/sharing/webmasters/crawler)"
172.187.168.139 - - [23/Feb/2026:12:10:40 +0000] "POST /wp-cron.php?doing_wp_cron=1771848640.2847709655761718750000 HTTP/1.1" 200 31 "-" "WordPress/6.9; https://mentoring-wp.dreamsmarketplace.com"
50.114.75.231 - - [23/Feb/2026:12:10:40 +0000] "GET /register/ HTTP/1.1" 200 12106 "http://mentoring-wp.dreamsmarketplace.com/register/" "Mozilla/5.0 (Macintosh; Intel Mac OS X 12_5) AppleWebKit/537.36 (KHTML, like Gecko) Chrome/114.0.0.0 YaBrowser/22.7.0 Yowser/2.5 Safari/537.36"
172.187.168.139 - - [23/Feb/2026:12:10:42 +0000] "POST /wp-cron.php?doing_wp_cron=1771848642.4680171012878417968750 HTTP/1.1" 200 31 "-" "WordPress/6.9; https://mentoring-wp.dreamsmarketplace.com"
50.114.75.231 - - [23/Feb/2026:12:10:42 +0000] "GET /register/ HTTP/1.1" 200 12106 "https://mentoring-wp.dreamsmarketplace.com/register/" "Mozilla/5.0 (Windows NT 6.3; Win64; x64) AppleWebKit/537.36 (KHTML, like Gecko) Chrome/103.0.0.0 Safari/537.36"
172.187.168.139 - - [23/Feb/2026:12:10:44 +0000] "POST /wp-cron.php?doing_wp_cron=1771848644.3140540122985839843750 HTTP/1.1" 200 31 "-" "WordPress/6.9; https://mentoring-wp.dreamsmarketplace.com"
50.114.75.231 - - [23/Feb/2026:12:10:44 +0000] "GET /register/ HTTP/1.1" 200 12106 "https://mentoring-wp.dreamsmarketplace.com/register/" "Mozilla/5.0 (Windows NT 6.3; Win64; x64) AppleWebKit/537.36 (KHTML, like Gecko) Chrome/103.0.0.0 Safari/537.36"
193.149.225.79 - - [23/Feb/2026:12:10:45 +0000] "GET /wp-content/plugins/contact-form-7/includes/css/styles.css?ver=6.1.4 HTTP/1.1" 304 0 "https://mentoring-wp.dreamsmarketplace.com/register/" "Mozilla/5.0 (Windows NT 10.0; Win64; x64) AppleWebKit/537.36 (KHTML, like Gecko) Chrome/143.0.0.0 Safari/537.36"
193.149.225.79 - - [23/Feb/2026:12:10:45 +0000] "GET /wp-content/plugins/frontend-reset-password/assets/css/password-lost.css?ver=6.9 HTTP/1.1" 200 1881 "https://mentoring-wp.dreamsmarketplace.com/register/" "Mozilla/5.0 (Windows NT 10.0; Win64; x64) AppleWebKit/537.36 (KHTML, like Gecko) Chrome/143.0.0.0 Safari/537.36"
193.149.225.79 - - [23/Feb/2026:12:10:46 +0000] "GET /wp-content/themes/mentoring/assets/css/bootstrap.min.css?ver=5.3.2 HTTP/1.1" 200 232948 "https://mentoring-wp.dreamsmarketplace.com/register/" "Mozilla/5.0 (Windows NT 10.0; Win64; x64) AppleWebKit/537.36 (KHTML, like Gecko) Chrome/143.0.0.0 Safari/537.36"
193.149.225.79 - - [23/Feb/2026:12:10:47 +0000] "GET /wp-content/themes/mentoring/assets/css/flaticon.css?ver=1.3.5 HTTP/1.1" 304 0 "https://mentoring-wp.dreamsmarketplace.com/register/" "Mozilla/5.0 (Windows NT 10.0; Win64; x64) AppleWebKit/537.36 (KHTML, like Gecko) Chrome/143.0.0.0 Safari/537.36"
193.149.225.79 - - [23/Feb/2026:12:10:48 +0000] "GET /wp-content/themes/mentoring/assets/css/magnific-popup.css?ver=1.1.0 HTTP/1.1" 200 7764 "https://mentoring-wp.dreamsmarketplace.com/register/" "Mozilla/5.0 (Windows NT 10.0; Win64; x64) AppleWebKit/537.36 (KHTML, like Gecko) Chrome/143.0.0.0 Safari/537.36"
193.149.225.79 - - [23/Feb/2026:12:10:48 +0000] "GET /wp-content/themes/mentoring/assets/css/slick.css?ver=1.0.0 HTTP/1.1" 304 0 "https://mentoring-wp.dreamsmarketplace.com/register/" "Mozilla/5.0 (Windows NT 10.0; Win64; x64) AppleWebKit/537.36 (KHTML, like Gecko) Chrome/143.0.0.0 Safari/537.36"
193.149.225.79 - - [23/Feb/2026:12:10:49 +0000] "GET /wp-content/themes/mentoring/assets/css/v4-shims.min.css?ver=5.11.2 HTTP/1.1" 304 0 "https://mentoring-wp.dreamsmarketplace.com/register/" "Mozilla/5.0 (Windows NT 10.0; Win64; x64) AppleWebKit/537.36 (KHTML, like Gecko) Chrome/143.0.0.0 Safari/537.36"
193.149.225.79 - - [23/Feb/2026:12:10:50 +0000] "GET /wp-content/themes/mentoring/assets/css/all.min.css?ver=6.4.2 HTTP/1.1" 304 0 "https://mentoring-wp.dreamsmarketplace.com/register/" "Mozilla/5.0 (Windows NT 10.0; Win64; x64) AppleWebKit/537.36 (KHTML, like Gecko) Chrome/143.0.0.0 Safari/537.36"
128.1.179.147 - - [23/Feb/2026:12:10:50 +0000] "POST /xmlrpc.php HTTP/1.1" 301 178 "-" "Mozilla/5.0 (Windows NT 10.0; Win64; x64) AppleWebKit/537.36 (KHTML, like Gecko) Chrome/114.0.0.0 Safari/537.36"
193.149.225.79 - - [23/Feb/2026:12:10:50 +0000] "GET /wp-content/themes/mentoring/assets/css/font-awesome.min.css?ver=6.4.2 HTTP/1.1" 304 0 "https://mentoring-wp.dreamsmarketplace.com/register/" "Mozilla/5.0 (Windows NT 10.0; Win64; x64) AppleWebKit/537.36 (KHTML, like Gecko) Chrome/143.0.0.0 Safari/537.36"
193.149.225.79 - - [23/Feb/2026:12:10:51 +0000] "GET /wp-content/themes/mentoring/assets/css/animate.min.css?ver=4.1.1 HTTP/1.1" 200 71750 "https://mentoring-wp.dreamsmarketplace.com/register/" "Mozilla/5.0 (Windows NT 10.0; Win64; x64) AppleWebKit/537.36 (KHTML, like Gecko) Chrome/143.0.0.0 Safari/537.36"
193.149.225.79 - - [23/Feb/2026:12:10:52 +0000] "GET /wp-content/plugins/woocommerce/assets/css/select2.css?ver=10.4.3 HTTP/1.1" 200 14621 "https://mentoring-wp.dreamsmarketplace.com/register/" "Mozilla/5.0 (Windows NT 10.0; Win64; x64) AppleWebKit/537.36 (KHTML, like Gecko) Chrome/143.0.0.0 Safari/537.36"
193.149.225.79 - - [23/Feb/2026:12:10:53 +0000] "GET /wp-content/themes/mentoring/style.css?ver=6.9 HTTP/1.1" 304 0 "https://mentoring-wp.dreamsmarketplace.com/register/" "Mozilla/5.0 (Windows NT 10.0; Win64; x64) AppleWebKit/537.36 (KHTML, like Gecko) Chrome/143.0.0.0 Safari/537.36"
172.187.168.139 - - [23/Feb/2026:12:10:53 +0000] "POST /wp-cron.php?doing_wp_cron=1771848653.8049180507659912109375 HTTP/1.1" 200 31 "-" "WordPress/6.9; https://mentoring-wp.dreamsmarketplace.com"
128.1.179.147 - - [23/Feb/2026:12:10:53 +0000] "GET /xmlrpc.php HTTP/1.1" 405 53 "-" "Mozilla/5.0 (Windows NT 10.0; Win64; x64) AppleWebKit/537.36 (KHTML, like Gecko) Chrome/114.0.0.0 Safari/537.36"
193.149.225.79 - - [23/Feb/2026:12:10:54 +0000] "GET /wp-content/themes/mentoring/assets/css/theme.css?ver=1.3.5 HTTP/1.1" 200 454148 "https://mentoring-wp.dreamsmarketplace.com/register/" "Mozilla/5.0 (Windows NT 10.0; Win64; x64) AppleWebKit/537.36 (KHTML, like Gecko) Chrome/143.0.0.0 Safari/537.36"
193.149.225.79 - - [23/Feb/2026:12:10:54 +0000] "GET /wp-content/themes/mentoring/assets/css/responsive.css?ver=1.3.5 HTTP/1.1" 304 0 "https://mentoring-wp.dreamsmarketplace.com/register/" "Mozilla/5.0 (Windows NT 10.0; Win64; x64) AppleWebKit/537.36 (KHTML, like Gecko) Chrome/143.0.0.0 Safari/537.36"
128.1.179.147 - - [23/Feb/2026:12:10:55 +0000] "POST /xmlrpc.php HTTP/1.1" 301 178 "-" "Mozilla/5.0 (Windows NT 10.0; Win64; x64) AppleWebKit/537.36 (KHTML, like Gecko) Chrome/114.0.0.0 Safari/537.36"
193.149.225.79 - - [23/Feb/2026:12:10:55 +0000] "GET /wp-content/themes/mentoring/assets/css/theme-woocommerce.css?ver=1.0.0 HTTP/1.1" 304 0 "https://mentoring-wp.dreamsmarketplace.com/register/" "Mozilla/5.0 (Windows NT 10.0; Win64; x64) AppleWebKit/537.36 (KHTML, like Gecko) Chrome/143.0.0.0 Safari/537.36"
193.149.225.79 - - [23/Feb/2026:12:10:56 +0000] "GET /wp-content/themes/mentoring/assets/css/dashboard.css?ver=6.9 HTTP/1.1" 200 254659 "https://mentoring-wp.dreamsmarketplace.com/register/" "Mozilla/5.0 (Windows NT 10.0; Win64; x64) AppleWebKit/537.36 (KHTML, like Gecko) Chrome/143.0.0.0 Safari/537.36"
172.187.168.139 - - [23/Feb/2026:12:10:57 +0000] "POST /wp-cron.php?doing_wp_cron=1771848657.0142960548400878906250 HTTP/1.1" 200 31 "-" "WordPress/6.9; https://mentoring-wp.dreamsmarketplace.com"
128.1.179.147 - - [23/Feb/2026:12:10:57 +0000] "GET /xmlrpc.php HTTP/1.1" 405 53 "-" "Mozilla/5.0 (Windows NT 10.0; Win64; x64) AppleWebKit/537.36 (KHTML, like Gecko) Chrome/114.0.0.0 Safari/537.36"
193.149.225.79 - - [23/Feb/2026:12:10:57 +0000] "GET /wp-content/themes/mentoring/assets/css/dynamic.css?ver=6.9 HTTP/1.1" 304 0 "https://mentoring-wp.dreamsmarketplace.com/register/" "Mozilla/5.0 (Windows NT 10.0; Win64; x64) AppleWebKit/537.36 (KHTML, like Gecko) Chrome/143.0.0.0 Safari/537.36"
193.149.225.79 - - [23/Feb/2026:12:10:57 +0000] "GET /wp-content/plugins/woocommerce/assets/client/blocks/wc-blocks.css?ver=wc-10.4.3 HTTP/1.1" 304 0 "https://mentoring-wp.dreamsmarketplace.com/register/" "Mozilla/5.0 (Windows NT 10.0; Win64; x64) AppleWebKit/537.36 (KHTML, like Gecko) Chrome/143.0.0.0 Safari/537.36"
172.187.168.139 - - [23/Feb/2026:12:11:05 +0000] "POST /wp-cron.php?doing_wp_cron=1771848665.8266479969024658203125 HTTP/1.1" 200 31 "-" "WordPress/6.9; https://mentoring-wp.dreamsmarketplace.com"
50.114.75.231 - - [23/Feb/2026:12:11:05 +0000] "POST /register/ HTTP/1.1" 200 12106 "https://mentoring-wp.dreamsmarketplace.com/register/" "Mozilla/5.0 (Windows NT 6.3; Win64; x64) AppleWebKit/537.36 (KHTML, like Gecko) Chrome/103.0.0.0 Safari/537.36"
212.97.69.14 - mentoring_admin [23/Feb/2026:12:11:18 +0000] "GET /wp-json/wp/v2/pages HTTP/1.1" 301 178 "-" "python-requests/2.32.3"
172.187.168.139 - - [23/Feb/2026:12:11:20 +0000] "POST /wp-cron.php?doing_wp_cron=1771848680.6413440704345703125000 HTTP/1.1" 200 31 "-" "WordPress/6.9; https://mentoring-wp.dreamsmarketplace.com"
212.97.69.14 - - [23/Feb/2026:12:11:20 +0000] "GET /wp-json/wp/v2/pages HTTP/1.1" 200 58710 "-" "python-requests/2.32.3"
212.97.69.14 - mentoring_admin [23/Feb/2026:12:11:22 +0000] "GET /wp-json/wp/v2/settings HTTP/1.1" 301 178 "-" "python-requests/2.32.3"
172.187.168.139 - - [23/Feb/2026:12:11:25 +0000] "POST /wp-cron.php?doing_wp_cron=1771848685.8419818878173828125000 HTTP/1.1" 200 31 "-" "WordPress/6.9; https://mentoring-wp.dreamsmarketplace.com"
212.97.69.14 - - [23/Feb/2026:12:11:25 +0000] "GET /wp-json/wp/v2/settings HTTP/1.1" 401 109 "-" "python-requests/2.32.3"
212.97.69.14 - mentoring_admin [23/Feb/2026:12:11:26 +0000] "GET /wp-json/wp/v2/pages HTTP/1.1" 301 178 "-" "python-requests/2.32.3"
172.187.168.139 - - [23/Feb/2026:12:11:29 +0000] "POST /wp-cron.php?doing_wp_cron=1771848689.7973859310150146484375 HTTP/1.1" 200 31 "-" "WordPress/6.9; https://mentoring-wp.dreamsmarketplace.com"
212.97.69.14 - - [23/Feb/2026:12:11:29 +0000] "GET /wp-json/wp/v2/pages HTTP/1.1" 200 58710 "-" "python-requests/2.32.3"
212.97.69.14 - mentoring_admin [23/Feb/2026:12:11:36 +0000] "POST /wp-json/wp/v2/pages/4560 HTTP/1.1" 301 178 "-" "python-requests/2.32.3"
172.187.168.139 - - [23/Feb/2026:12:11:43 +0000] "POST /wp-cron.php?doing_wp_cron=1771848703.4163699150085449218750 HTTP/1.1" 200 31 "-" "WordPress/6.9; https://mentoring-wp.dreamsmarketplace.com"
212.97.69.14 - - [23/Feb/2026:12:11:43 +0000] "GET /wp-json/wp/v2/pages/4560 HTTP/1.1" 200 19794 "-" "python-requests/2.32.3"
2a03:2880:f800:17:: - - [23/Feb/2026:12:12:31 +0000] "GET /wp-sitemap-taxonomies-languages-1.xml HTTP/1.1" 301 178 "-" "meta-externalagent/1.1 (+https://developers.facebook.com/docs/sharing/webmasters/crawler)"
2a03:2880:f800:f:: - - [23/Feb/2026:12:13:21 +0000] "GET /online-keks-1-deposit-casinos-that-have-charge-2026-charge-casinos/ HTTP/1.1" 301 178 "-" "meta-externalagent/1.1 (+https://developers.facebook.com/docs/sharing/webmasters/crawler)"
31.40.215.236 - mentoring_admin [23/Feb/2026:12:13:24 +0000] "GET /wp-json/wp/v2/pages HTTP/1.1" 301 178 "-" "python-requests/2.32.3"
172.187.168.139 - - [23/Feb/2026:12:13:26 +0000] "POST /wp-cron.php?doing_wp_cron=1771848806.2518410682678222656250 HTTP/1.1" 200 31 "-" "WordPress/6.9; https://mentoring-wp.dreamsmarketplace.com"
31.40.215.236 - - [23/Feb/2026:12:13:26 +0000] "GET /wp-json/wp/v2/pages HTTP/1.1" 200 58710 "-" "python-requests/2.32.3"
31.40.215.236 - mentoring_admin [23/Feb/2026:12:13:35 +0000] "GET /wp-json/wp/v2/settings HTTP/1.1" 301 178 "-" "python-requests/2.32.3"
172.187.168.139 - - [23/Feb/2026:12:13:37 +0000] "POST /wp-cron.php?doing_wp_cron=1771848817.2769939899444580078125 HTTP/1.1" 200 31 "-" "WordPress/6.9; https://mentoring-wp.dreamsmarketplace.com"
31.40.215.236 - - [23/Feb/2026:12:13:37 +0000] "GET /wp-json/wp/v2/settings HTTP/1.1" 401 109 "-" "python-requests/2.32.3"
31.40.215.236 - mentoring_admin [23/Feb/2026:12:13:38 +0000] "GET /wp-json/wp/v2/pages HTTP/1.1" 301 178 "-" "python-requests/2.32.3"
172.187.168.139 - - [23/Feb/2026:12:13:39 +0000] "POST /wp-cron.php?doing_wp_cron=1771848819.6303050518035888671875 HTTP/1.1" 200 31 "-" "WordPress/6.9; https://mentoring-wp.dreamsmarketplace.com"
31.40.215.236 - - [23/Feb/2026:12:13:39 +0000] "GET /wp-json/wp/v2/pages HTTP/1.1" 200 58710 "-" "python-requests/2.32.3"
31.40.215.236 - mentoring_admin [23/Feb/2026:12:13:40 +0000] "POST /wp-json/wp/v2/pages/4560 HTTP/1.1" 301 178 "-" "python-requests/2.32.3"
172.187.168.139 - - [23/Feb/2026:12:13:45 +0000] "POST /wp-cron.php?doing_wp_cron=1771848825.4447560310363769531250 HTTP/1.1" 200 31 "-" "WordPress/6.9; https://mentoring-wp.dreamsmarketplace.com"
31.40.215.236 - - [23/Feb/2026:12:13:45 +0000] "GET /wp-json/wp/v2/pages/4560 HTTP/1.1" 200 19794 "-" "python-requests/2.32.3"
31.40.215.236 - mentoring_admin [23/Feb/2026:12:15:01 +0000] "GET /wp-json/wp/v2/pages HTTP/1.1" 301 178 "-" "python-requests/2.32.3"
172.187.168.139 - - [23/Feb/2026:12:15:03 +0000] "POST /wp-cron.php?doing_wp_cron=1771848903.7186150550842285156250 HTTP/1.1" 200 31 "-" "WordPress/6.9; https://mentoring-wp.dreamsmarketplace.com"
31.40.215.236 - - [23/Feb/2026:12:15:03 +0000] "GET /wp-json/wp/v2/pages HTTP/1.1" 200 58710 "-" "python-requests/2.32.3"
31.40.215.236 - mentoring_admin [23/Feb/2026:12:15:04 +0000] "GET /wp-json/wp/v2/settings HTTP/1.1" 301 178 "-" "python-requests/2.32.3"
172.187.168.139 - - [23/Feb/2026:12:15:09 +0000] "POST /wp-cron.php?doing_wp_cron=1771848909.4888589382171630859375 HTTP/1.1" 200 31 "-" "WordPress/6.9; https://mentoring-wp.dreamsmarketplace.com"
31.40.215.236 - - [23/Feb/2026:12:15:09 +0000] "GET /wp-json/wp/v2/settings HTTP/1.1" 401 109 "-" "python-requests/2.32.3"
31.40.215.236 - mentoring_admin [23/Feb/2026:12:15:09 +0000] "GET /wp-json/wp/v2/pages HTTP/1.1" 301 178 "-" "python-requests/2.32.3"
172.187.168.139 - - [23/Feb/2026:12:15:11 +0000] "POST /wp-cron.php?doing_wp_cron=1771848911.4001069068908691406250 HTTP/1.1" 200 31 "-" "WordPress/6.9; https://mentoring-wp.dreamsmarketplace.com"
31.40.215.236 - - [23/Feb/2026:12:15:11 +0000] "GET /wp-json/wp/v2/pages HTTP/1.1" 200 58710 "-" "python-requests/2.32.3"
31.40.215.236 - mentoring_admin [23/Feb/2026:12:15:12 +0000] "POST /wp-json/wp/v2/pages/4560 HTTP/1.1" 301 178 "-" "python-requests/2.32.3"
172.187.168.139 - - [23/Feb/2026:12:15:13 +0000] "POST /wp-cron.php?doing_wp_cron=1771848913.6119480133056640625000 HTTP/1.1" 200 31 "-" "WordPress/6.9; https://mentoring-wp.dreamsmarketplace.com"
31.40.215.236 - - [23/Feb/2026:12:15:13 +0000] "GET /wp-json/wp/v2/pages/4560 HTTP/1.1" 200 19794 "-" "python-requests/2.32.3"
40.77.167.35 - - [23/Feb/2026:12:15:44 +0000] "GET /wp-content/uploads/2022/01/path-img5-100x100.jpg HTTP/1.1" 301 178 "-" "Mozilla/5.0 AppleWebKit/537.36 (KHTML, like Gecko; compatible; bingbot/2.0; +http://www.bing.com/bingbot.htm) Chrome/116.0.1938.76 Safari/537.36"
52.167.144.183 - - [23/Feb/2026:12:15:53 +0000] "GET /wp-content/uploads/2022/01/path-img5-100x100.jpg HTTP/1.1" 200 4418 "-" "Mozilla/5.0 AppleWebKit/537.36 (KHTML, like Gecko; compatible; bingbot/2.0; +http://www.bing.com/bingbot.htm) Chrome/116.0.1938.76 Safari/537.36"
31.40.215.236 - mentoring_admin [23/Feb/2026:12:16:55 +0000] "GET /wp-json/wp/v2/pages HTTP/1.1" 301 178 "-" "python-requests/2.32.3"
172.187.168.139 - - [23/Feb/2026:12:16:58 +0000] "POST /wp-cron.php?doing_wp_cron=1771849018.3383591175079345703125 HTTP/1.1" 200 31 "-" "WordPress/6.9; https://mentoring-wp.dreamsmarketplace.com"
31.40.215.236 - - [23/Feb/2026:12:16:58 +0000] "GET /wp-json/wp/v2/pages HTTP/1.1" 200 58710 "-" "python-requests/2.32.3"
31.40.215.236 - mentoring_admin [23/Feb/2026:12:16:59 +0000] "GET /wp-json/wp/v2/settings HTTP/1.1" 301 178 "-" "python-requests/2.32.3"
172.187.168.139 - - [23/Feb/2026:12:17:00 +0000] "POST /wp-cron.php?doing_wp_cron=1771849020.6292750835418701171875 HTTP/1.1" 200 31 "-" "WordPress/6.9; https://mentoring-wp.dreamsmarketplace.com"
31.40.215.236 - - [23/Feb/2026:12:17:00 +0000] "GET /wp-json/wp/v2/settings HTTP/1.1" 401 109 "-" "python-requests/2.32.3"
31.40.215.236 - mentoring_admin [23/Feb/2026:12:17:01 +0000] "GET /wp-json/wp/v2/pages HTTP/1.1" 301 178 "-" "python-requests/2.32.3"
172.187.168.139 - - [23/Feb/2026:12:17:02 +0000] "POST /wp-cron.php?doing_wp_cron=1771849022.9473450183868408203125 HTTP/1.1" 200 31 "-" "WordPress/6.9; https://mentoring-wp.dreamsmarketplace.com"
31.40.215.236 - - [23/Feb/2026:12:17:03 +0000] "GET /wp-json/wp/v2/pages HTTP/1.1" 200 58710 "-" "python-requests/2.32.3"
31.40.215.236 - mentoring_admin [23/Feb/2026:12:17:24 +0000] "POST /wp-json/wp/v2/pages/4560 HTTP/1.1" 301 178 "-" "python-requests/2.32.3"
172.187.168.139 - - [23/Feb/2026:12:17:25 +0000] "POST /wp-cron.php?doing_wp_cron=1771849045.9187591075897216796875 HTTP/1.1" 200 31 "-" "WordPress/6.9; https://mentoring-wp.dreamsmarketplace.com"
31.40.215.236 - - [23/Feb/2026:12:17:26 +0000] "GET /wp-json/wp/v2/pages/4560 HTTP/1.1" 200 19794 "-" "python-requests/2.32.3"
31.40.215.236 - mentoring_admin [23/Feb/2026:12:18:20 +0000] "GET /wp-json/wp/v2/pages HTTP/1.1" 301 178 "-" "python-requests/2.32.3"
172.187.168.139 - - [23/Feb/2026:12:18:31 +0000] "POST /wp-cron.php?doing_wp_cron=1771849111.1148710250854492187500 HTTP/1.1" 200 31 "-" "WordPress/6.9; https://mentoring-wp.dreamsmarketplace.com"
31.40.215.236 - - [23/Feb/2026:12:18:31 +0000] "GET /wp-json/wp/v2/pages HTTP/1.1" 200 58710 "-" "python-requests/2.32.3"
31.40.215.236 - mentoring_admin [23/Feb/2026:12:18:31 +0000] "GET /wp-json/wp/v2/settings HTTP/1.1" 301 178 "-" "python-requests/2.32.3"
172.187.168.139 - - [23/Feb/2026:12:18:36 +0000] "POST /wp-cron.php?doing_wp_cron=1771849116.0216619968414306640625 HTTP/1.1" 200 31 "-" "WordPress/6.9; https://mentoring-wp.dreamsmarketplace.com"
31.40.215.236 - - [23/Feb/2026:12:18:36 +0000] "GET /wp-json/wp/v2/settings HTTP/1.1" 401 109 "-" "python-requests/2.32.3"
31.40.215.236 - mentoring_admin [23/Feb/2026:12:18:36 +0000] "GET /wp-json/wp/v2/pages HTTP/1.1" 301 178 "-" "python-requests/2.32.3"
172.187.168.139 - - [23/Feb/2026:12:18:37 +0000] "POST /wp-cron.php?doing_wp_cron=1771849117.8984959125518798828125 HTTP/1.1" 200 31 "-" "WordPress/6.9; https://mentoring-wp.dreamsmarketplace.com"
31.40.215.236 - - [23/Feb/2026:12:18:37 +0000] "GET /wp-json/wp/v2/pages HTTP/1.1" 200 58710 "-" "python-requests/2.32.3"
31.40.215.236 - mentoring_admin [23/Feb/2026:12:18:58 +0000] "GET /wp-json/wp/v2/pages HTTP/1.1" 301 178 "-" "python-requests/2.32.3"
172.187.168.139 - - [23/Feb/2026:12:19:00 +0000] "POST /wp-cron.php?doing_wp_cron=1771849140.3652648925781250000000 HTTP/1.1" 200 31 "-" "WordPress/6.9; https://mentoring-wp.dreamsmarketplace.com"
31.40.215.236 - - [23/Feb/2026:12:19:00 +0000] "GET /wp-json/wp/v2/pages HTTP/1.1" 200 58710 "-" "python-requests/2.32.3"
31.40.215.236 - mentoring_admin [23/Feb/2026:12:19:00 +0000] "GET /wp-json/wp/v2/settings HTTP/1.1" 301 178 "-" "python-requests/2.32.3"
172.187.168.139 - - [23/Feb/2026:12:19:02 +0000] "POST /wp-cron.php?doing_wp_cron=1771849142.1091029644012451171875 HTTP/1.1" 200 31 "-" "WordPress/6.9; https://mentoring-wp.dreamsmarketplace.com"
31.40.215.236 - - [23/Feb/2026:12:19:02 +0000] "GET /wp-json/wp/v2/settings HTTP/1.1" 401 109 "-" "python-requests/2.32.3"
31.40.215.236 - mentoring_admin [23/Feb/2026:12:19:02 +0000] "POST /wp-json/wp/v2/pages/4560 HTTP/1.1" 301 178 "-" "python-requests/2.32.3"
31.40.215.236 - mentoring_admin [23/Feb/2026:12:19:05 +0000] "GET /wp-json/wp/v2/pages HTTP/1.1" 301 178 "-" "python-requests/2.32.3"
172.187.168.139 - - [23/Feb/2026:12:19:07 +0000] "POST /wp-cron.php?doing_wp_cron=1771849146.9532630443572998046875 HTTP/1.1" 200 31 "-" "WordPress/6.9; https://mentoring-wp.dreamsmarketplace.com"
31.40.215.236 - - [23/Feb/2026:12:19:07 +0000] "GET /wp-json/wp/v2/pages/4560 HTTP/1.1" 200 19794 "-" "python-requests/2.32.3"
172.187.168.139 - - [23/Feb/2026:12:19:16 +0000] "POST /wp-cron.php?doing_wp_cron=1771849156.9423611164093017578125 HTTP/1.1" 200 31 "-" "WordPress/6.9; https://mentoring-wp.dreamsmarketplace.com"
31.40.215.236 - - [23/Feb/2026:12:19:17 +0000] "GET /wp-json/wp/v2/pages HTTP/1.1" 200 58710 "-" "python-requests/2.32.3"
31.40.215.236 - mentoring_admin [23/Feb/2026:12:19:20 +0000] "POST /wp-json/wp/v2/pages/4560 HTTP/1.1" 301 178 "-" "python-requests/2.32.3"
172.187.168.139 - - [23/Feb/2026:12:19:31 +0000] "POST /wp-cron.php?doing_wp_cron=1771849171.3722450733184814453125 HTTP/1.1" 200 31 "-" "WordPress/6.9; https://mentoring-wp.dreamsmarketplace.com"
31.40.215.236 - - [23/Feb/2026:12:19:31 +0000] "GET /wp-json/wp/v2/pages/4560 HTTP/1.1" 200 19794 "-" "python-requests/2.32.3"
2a03:2880:f800:14:: - - [23/Feb/2026:12:19:37 +0000] "GET /enjoy-free-slot-video-game-no-obtain-call-of-the-colosseum-slot-machine-no-registration/ HTTP/1.1" 301 178 "-" "meta-externalagent/1.1 (+https://developers.facebook.com/docs/sharing/webmasters/crawler)"
185.153.196.107 - - [23/Feb/2026:12:20:37 +0000] "POST /xmlrpc.php HTTP/1.1" 301 178 "-" "Mozilla/5.0 (Windows NT 10.0; Win64; x64) AppleWebKit/537.36 (KHTML, like Gecko) Chrome/114.0.0.0 Safari/537.36"
172.187.168.139 - - [23/Feb/2026:12:20:39 +0000] "POST /wp-cron.php?doing_wp_cron=1771849239.2977941036224365234375 HTTP/1.1" 200 31 "-" "WordPress/6.9; https://mentoring-wp.dreamsmarketplace.com"
185.153.196.107 - - [23/Feb/2026:12:20:39 +0000] "GET /xmlrpc.php HTTP/1.1" 405 53 "-" "Mozilla/5.0 (Windows NT 10.0; Win64; x64) AppleWebKit/537.36 (KHTML, like Gecko) Chrome/114.0.0.0 Safari/537.36"
185.153.196.107 - - [23/Feb/2026:12:20:39 +0000] "POST /xmlrpc.php HTTP/1.1" 301 178 "-" "Mozilla/5.0 (Windows NT 10.0; Win64; x64) AppleWebKit/537.36 (KHTML, like Gecko) Chrome/114.0.0.0 Safari/537.36"
172.187.168.139 - - [23/Feb/2026:12:20:40 +0000] "POST /wp-cron.php?doing_wp_cron=1771849240.7235279083251953125000 HTTP/1.1" 200 31 "-" "WordPress/6.9; https://mentoring-wp.dreamsmarketplace.com"
185.153.196.107 - - [23/Feb/2026:12:20:40 +0000] "GET /xmlrpc.php HTTP/1.1" 405 53 "-" "Mozilla/5.0 (Windows NT 10.0; Win64; x64) AppleWebKit/537.36 (KHTML, like Gecko) Chrome/114.0.0.0 Safari/537.36"
172.187.168.139 - - [23/Feb/2026:12:21:09 +0000] "POST /wp-cron.php?doing_wp_cron=1771849269.3780701160430908203125 HTTP/1.1" 200 31 "-" "WordPress/6.9; https://mentoring-wp.dreamsmarketplace.com"
2a03:2880:f800:12:: - - [23/Feb/2026:12:21:09 +0000] "GET /wp-sitemap-posts-page-1.xml HTTP/1.1" 200 2366 "-" "meta-externalagent/1.1 (+https://developers.facebook.com/docs/sharing/webmasters/crawler)"
2a03:2880:f800:3a:: - - [23/Feb/2026:12:21:34 +0000] "GET /ten-minimum-put-house-of-fun-slot-machine-gambling-enterprises-australian-continent-2025/ HTTP/1.1" 301 178 "-" "meta-externalagent/1.1 (+https://developers.facebook.com/docs/sharing/webmasters/crawler)"
2a03:2880:f800:31:: - - [23/Feb/2026:12:21:35 +0000] "GET /greatest-web-double-davinci-diamonds-free-slot-game-based-casinos-canada-greatest-sites-for-2025/ HTTP/1.1" 301 178 "-" "meta-externalagent/1.1 (+https://developers.facebook.com/docs/sharing/webmasters/crawler)"
102.221.34.103 - - [23/Feb/2026:12:22:32 +0000] "POST /xmlrpc.php HTTP/1.1" 301 178 "-" "Mozilla/5.0 (Windows NT 10.0; Win64; x64) AppleWebKit/537.36 (KHTML, like Gecko) Chrome/114.0.0.0 Safari/537.36"
172.187.168.139 - - [23/Feb/2026:12:22:34 +0000] "POST /wp-cron.php?doing_wp_cron=1771849354.8069319725036621093750 HTTP/1.1" 200 31 "-" "WordPress/6.9; https://mentoring-wp.dreamsmarketplace.com"
102.221.34.103 - - [23/Feb/2026:12:22:34 +0000] "GET /xmlrpc.php HTTP/1.1" 405 53 "-" "Mozilla/5.0 (Windows NT 10.0; Win64; x64) AppleWebKit/537.36 (KHTML, like Gecko) Chrome/114.0.0.0 Safari/537.36"
102.221.34.103 - - [23/Feb/2026:12:22:35 +0000] "POST /xmlrpc.php HTTP/1.1" 301 178 "-" "Mozilla/5.0 (Windows NT 10.0; Win64; x64) AppleWebKit/537.36 (KHTML, like Gecko) Chrome/114.0.0.0 Safari/537.36"
172.187.168.139 - - [23/Feb/2026:12:22:37 +0000] "POST /wp-cron.php?doing_wp_cron=1771849357.8979640007019042968750 HTTP/1.1" 200 31 "-" "WordPress/6.9; https://mentoring-wp.dreamsmarketplace.com"
102.221.34.103 - - [23/Feb/2026:12:22:37 +0000] "GET /xmlrpc.php HTTP/1.1" 405 53 "-" "Mozilla/5.0 (Windows NT 10.0; Win64; x64) AppleWebKit/537.36 (KHTML, like Gecko) Chrome/114.0.0.0 Safari/537.36"
2401:4900:8fe0:96db:3758:2d6d:b559:a910 - - [23/Feb/2026:12:23:01 +0000] "GET / HTTP/1.1" 301 178 "https://preview.themeforest.net/" "Mozilla/5.0 (X11; Linux x86_64) AppleWebKit/537.36 (KHTML, like Gecko) Chrome/145.0.0.0 Safari/537.36"
172.187.168.139 - - [23/Feb/2026:12:23:03 +0000] "POST /wp-cron.php?doing_wp_cron=1771849383.5812299251556396484375 HTTP/1.1" 200 31 "-" "WordPress/6.9; https://mentoring-wp.dreamsmarketplace.com"
2401:4900:8fe0:96db:3758:2d6d:b559:a910 - - [23/Feb/2026:12:23:03 +0000] "GET / HTTP/1.1" 200 14872 "https://preview.themeforest.net/" "Mozilla/5.0 (X11; Linux x86_64) AppleWebKit/537.36 (KHTML, like Gecko) Chrome/145.0.0.0 Safari/537.36"
2401:4900:8fe0:96db:3758:2d6d:b559:a910 - - [23/Feb/2026:12:23:04 +0000] "GET /wp-content/plugins/contact-form-7/includes/css/styles.css?ver=6.1.4 HTTP/1.1" 304 0 "https://mentoring-wp.dreamsmarketplace.com/" "Mozilla/5.0 (X11; Linux x86_64) AppleWebKit/537.36 (KHTML, like Gecko) Chrome/145.0.0.0 Safari/537.36"
2401:4900:8fe0:96db:3758:2d6d:b559:a910 - - [23/Feb/2026:12:23:04 +0000] "GET /wp-content/plugins/frontend-reset-password/assets/css/password-lost.css?ver=6.9 HTTP/1.1" 304 0 "https://mentoring-wp.dreamsmarketplace.com/" "Mozilla/5.0 (X11; Linux x86_64) AppleWebKit/537.36 (KHTML, like Gecko) Chrome/145.0.0.0 Safari/537.36"
2401:4900:8fe0:96db:3758:2d6d:b559:a910 - - [23/Feb/2026:12:23:05 +0000] "GET /wp-content/themes/mentoring/assets/css/bootstrap.min.css?ver=5.3.2 HTTP/1.1" 304 0 "https://mentoring-wp.dreamsmarketplace.com/" "Mozilla/5.0 (X11; Linux x86_64) AppleWebKit/537.36 (KHTML, like Gecko) Chrome/145.0.0.0 Safari/537.36"
2401:4900:8fe0:96db:3758:2d6d:b559:a910 - - [23/Feb/2026:12:23:05 +0000] "GET /wp-content/themes/mentoring/assets/css/flaticon.css?ver=1.3.5 HTTP/1.1" 304 0 "https://mentoring-wp.dreamsmarketplace.com/" "Mozilla/5.0 (X11; Linux x86_64) AppleWebKit/537.36 (KHTML, like Gecko) Chrome/145.0.0.0 Safari/537.36"
2401:4900:8fe0:96db:3758:2d6d:b559:a910 - - [23/Feb/2026:12:23:05 +0000] "GET /wp-content/themes/mentoring/assets/css/magnific-popup.css?ver=1.1.0 HTTP/1.1" 304 0 "https://mentoring-wp.dreamsmarketplace.com/" "Mozilla/5.0 (X11; Linux x86_64) AppleWebKit/537.36 (KHTML, like Gecko) Chrome/145.0.0.0 Safari/537.36"
2401:4900:8fe0:96db:3758:2d6d:b559:a910 - - [23/Feb/2026:12:23:06 +0000] "GET /wp-content/themes/mentoring/assets/css/slick.css?ver=1.0.0 HTTP/1.1" 304 0 "https://mentoring-wp.dreamsmarketplace.com/" "Mozilla/5.0 (X11; Linux x86_64) AppleWebKit/537.36 (KHTML, like Gecko) Chrome/145.0.0.0 Safari/537.36"
2401:4900:8fe0:96db:3758:2d6d:b559:a910 - - [23/Feb/2026:12:23:06 +0000] "GET /wp-content/themes/mentoring/assets/css/all.min.css?ver=6.4.2 HTTP/1.1" 304 0 "https://mentoring-wp.dreamsmarketplace.com/" "Mozilla/5.0 (X11; Linux x86_64) AppleWebKit/537.36 (KHTML, like Gecko) Chrome/145.0.0.0 Safari/537.36"
2401:4900:8fe0:96db:3758:2d6d:b559:a910 - - [23/Feb/2026:12:23:06 +0000] "GET /wp-content/themes/mentoring/assets/css/v4-shims.min.css?ver=5.11.2 HTTP/1.1" 304 0 "https://mentoring-wp.dreamsmarketplace.com/" "Mozilla/5.0 (X11; Linux x86_64) AppleWebKit/537.36 (KHTML, like Gecko) Chrome/145.0.0.0 Safari/537.36"
2401:4900:8fe0:96db:3758:2d6d:b559:a910 - - [23/Feb/2026:12:23:07 +0000] "GET /wp-content/themes/mentoring/assets/css/animate.min.css?ver=4.1.1 HTTP/1.1" 304 0 "https://mentoring-wp.dreamsmarketplace.com/" "Mozilla/5.0 (X11; Linux x86_64) AppleWebKit/537.36 (KHTML, like Gecko) Chrome/145.0.0.0 Safari/537.36"
2401:4900:8fe0:96db:3758:2d6d:b559:a910 - - [23/Feb/2026:12:23:07 +0000] "GET /wp-content/themes/mentoring/assets/css/font-awesome.min.css?ver=6.4.2 HTTP/1.1" 304 0 "https://mentoring-wp.dreamsmarketplace.com/" "Mozilla/5.0 (X11; Linux x86_64) AppleWebKit/537.36 (KHTML, like Gecko) Chrome/145.0.0.0 Safari/537.36"
2401:4900:8fe0:96db:3758:2d6d:b559:a910 - - [23/Feb/2026:12:23:08 +0000] "GET /wp-content/plugins/woocommerce/assets/css/select2.css?ver=10.4.3 HTTP/1.1" 304 0 "https://mentoring-wp.dreamsmarketplace.com/" "Mozilla/5.0 (X11; Linux x86_64) AppleWebKit/537.36 (KHTML, like Gecko) Chrome/145.0.0.0 Safari/537.36"
2401:4900:8fe0:96db:3758:2d6d:b559:a910 - - [23/Feb/2026:12:23:08 +0000] "GET /wp-content/themes/mentoring/style.css?ver=6.9 HTTP/1.1" 304 0 "https://mentoring-wp.dreamsmarketplace.com/" "Mozilla/5.0 (X11; Linux x86_64) AppleWebKit/537.36 (KHTML, like Gecko) Chrome/145.0.0.0 Safari/537.36"
2401:4900:8fe0:96db:3758:2d6d:b559:a910 - - [23/Feb/2026:12:23:08 +0000] "GET /wp-content/themes/mentoring/assets/css/theme.css?ver=1.3.5 HTTP/1.1" 304 0 "https://mentoring-wp.dreamsmarketplace.com/" "Mozilla/5.0 (X11; Linux x86_64) AppleWebKit/537.36 (KHTML, like Gecko) Chrome/145.0.0.0 Safari/537.36"
2401:4900:8fe0:96db:3758:2d6d:b559:a910 - - [23/Feb/2026:12:23:09 +0000] "GET /wp-content/themes/mentoring/assets/css/responsive.css?ver=1.3.5 HTTP/1.1" 304 0 "https://mentoring-wp.dreamsmarketplace.com/" "Mozilla/5.0 (X11; Linux x86_64) AppleWebKit/537.36 (KHTML, like Gecko) Chrome/145.0.0.0 Safari/537.36"
2401:4900:8fe0:96db:3758:2d6d:b559:a910 - - [23/Feb/2026:12:23:09 +0000] "GET /wp-content/themes/mentoring/assets/css/theme-woocommerce.css?ver=1.0.0 HTTP/1.1" 304 0 "https://mentoring-wp.dreamsmarketplace.com/" "Mozilla/5.0 (X11; Linux x86_64) AppleWebKit/537.36 (KHTML, like Gecko) Chrome/145.0.0.0 Safari/537.36"
2401:4900:8fe0:96db:3758:2d6d:b559:a910 - - [23/Feb/2026:12:23:09 +0000] "GET /wp-content/themes/mentoring/assets/css/dashboard.css?ver=6.9 HTTP/1.1" 304 0 "https://mentoring-wp.dreamsmarketplace.com/" "Mozilla/5.0 (X11; Linux x86_64) AppleWebKit/537.36 (KHTML, like Gecko) Chrome/145.0.0.0 Safari/537.36"
2401:4900:8fe0:96db:3758:2d6d:b559:a910 - - [23/Feb/2026:12:23:10 +0000] "GET /wp-content/themes/mentoring/assets/css/dynamic.css?ver=6.9 HTTP/1.1" 304 0 "https://mentoring-wp.dreamsmarketplace.com/" "Mozilla/5.0 (X11; Linux x86_64) AppleWebKit/537.36 (KHTML, like Gecko) Chrome/145.0.0.0 Safari/537.36"
2401:4900:8fe0:96db:3758:2d6d:b559:a910 - - [23/Feb/2026:12:23:10 +0000] "GET /wp-content/plugins/woocommerce/assets/client/blocks/wc-blocks.css?ver=wc-10.4.3 HTTP/1.1" 304 0 "https://mentoring-wp.dreamsmarketplace.com/" "Mozilla/5.0 (X11; Linux x86_64) AppleWebKit/537.36 (KHTML, like Gecko) Chrome/145.0.0.0 Safari/537.36"
2401:4900:8fe0:96db:3758:2d6d:b559:a910 - - [23/Feb/2026:12:23:11 +0000] "GET /wp-includes/js/jquery/jquery-migrate.min.js?ver=3.4.1 HTTP/1.1" 304 0 "https://mentoring-wp.dreamsmarketplace.com/" "Mozilla/5.0 (X11; Linux x86_64) AppleWebKit/537.36 (KHTML, like Gecko) Chrome/145.0.0.0 Safari/537.36"
2401:4900:8fe0:96db:3758:2d6d:b559:a910 - - [23/Feb/2026:12:23:11 +0000] "GET /wp-content/uploads/2022/06/user8.jpg HTTP/1.1" 304 0 "https://mentoring-wp.dreamsmarketplace.com/" "Mozilla/5.0 (X11; Linux x86_64) AppleWebKit/537.36 (KHTML, like Gecko) Chrome/145.0.0.0 Safari/537.36"
2401:4900:8fe0:96db:3758:2d6d:b559:a910 - - [23/Feb/2026:12:23:11 +0000] "GET /wp-includes/js/jquery/jquery.min.js?ver=3.7.1 HTTP/1.1" 304 0 "https://mentoring-wp.dreamsmarketplace.com/" "Mozilla/5.0 (X11; Linux x86_64) AppleWebKit/537.36 (KHTML, like Gecko) Chrome/145.0.0.0 Safari/537.36"
2401:4900:8fe0:96db:3758:2d6d:b559:a910 - - [23/Feb/2026:12:23:11 +0000] "GET /wp-content/themes/mentoring/assets/images/logo.png HTTP/1.1" 304 0 "https://mentoring-wp.dreamsmarketplace.com/" "Mozilla/5.0 (X11; Linux x86_64) AppleWebKit/537.36 (KHTML, like Gecko) Chrome/145.0.0.0 Safari/537.36"
2401:4900:8fe0:96db:3758:2d6d:b559:a910 - - [23/Feb/2026:12:23:11 +0000] "GET /wp-content/uploads/2022/06/user2-1.jpg HTTP/1.1" 304 0 "https://mentoring-wp.dreamsmarketplace.com/" "Mozilla/5.0 (X11; Linux x86_64) AppleWebKit/537.36 (KHTML, like Gecko) Chrome/145.0.0.0 Safari/537.36"
