102.88.54.102 - - [23/Feb/2026:20:28:04 +0000] "GET /wp-content/themes/mentoring/assets/css/theme.css?ver=1.3.5 HTTP/1.1" 200 454148 "https://mentoring-wp.dreamsmarketplace.com/" "Mozilla/5.0 (Macintosh; Intel Mac OS X 10_15_7) AppleWebKit/537.36 (KHTML, like Gecko) Chrome/145.0.0.0 Safari/537.36"
102.88.54.102 - - [23/Feb/2026:20:28:04 +0000] "GET /wp-content/themes/mentoring/assets/css/animate.min.css?ver=4.1.1 HTTP/1.1" 200 71750 "https://mentoring-wp.dreamsmarketplace.com/" "Mozilla/5.0 (Macintosh; Intel Mac OS X 10_15_7) AppleWebKit/537.36 (KHTML, like Gecko) Chrome/145.0.0.0 Safari/537.36"
102.88.54.102 - - [23/Feb/2026:20:28:04 +0000] "GET /wp-content/themes/mentoring/assets/css/dashboard.css?ver=6.9 HTTP/1.1" 200 254659 "https://mentoring-wp.dreamsmarketplace.com/" "Mozilla/5.0 (Macintosh; Intel Mac OS X 10_15_7) AppleWebKit/537.36 (KHTML, like Gecko) Chrome/145.0.0.0 Safari/537.36"
102.88.54.102 - - [23/Feb/2026:20:28:04 +0000] "GET /wp-content/themes/mentoring/assets/images/logo.png HTTP/1.1" 200 9631 "https://mentoring-wp.dreamsmarketplace.com/" "Mozilla/5.0 (Macintosh; Intel Mac OS X 10_15_7) AppleWebKit/537.36 (KHTML, like Gecko) Chrome/145.0.0.0 Safari/537.36"
102.88.54.102 - - [23/Feb/2026:20:28:04 +0000] "GET /wp-content/uploads/2022/06/user8.jpg HTTP/1.1" 200 14436 "https://mentoring-wp.dreamsmarketplace.com/" "Mozilla/5.0 (Macintosh; Intel Mac OS X 10_15_7) AppleWebKit/537.36 (KHTML, like Gecko) Chrome/145.0.0.0 Safari/537.36"
102.88.54.102 - - [23/Feb/2026:20:28:05 +0000] "GET /wp-content/uploads/2022/06/user2-1.jpg HTTP/1.1" 200 13069 "https://mentoring-wp.dreamsmarketplace.com/" "Mozilla/5.0 (Macintosh; Intel Mac OS X 10_15_7) AppleWebKit/537.36 (KHTML, like Gecko) Chrome/145.0.0.0 Safari/537.36"
102.88.54.102 - - [23/Feb/2026:20:28:05 +0000] "GET /wp-content/plugins/contact-form-7/includes/js/index.js?ver=6.1.4 HTTP/1.1" 200 13452 "https://mentoring-wp.dreamsmarketplace.com/" "Mozilla/5.0 (Macintosh; Intel Mac OS X 10_15_7) AppleWebKit/537.36 (KHTML, like Gecko) Chrome/145.0.0.0 Safari/537.36"
102.88.54.102 - - [23/Feb/2026:20:28:05 +0000] "GET /wp-includes/js/dist/hooks.min.js?ver=dd5603f07f9220ed27f1 HTTP/1.1" 200 5661 "https://mentoring-wp.dreamsmarketplace.com/" "Mozilla/5.0 (Macintosh; Intel Mac OS X 10_15_7) AppleWebKit/537.36 (KHTML, like Gecko) Chrome/145.0.0.0 Safari/537.36"
102.88.54.102 - - [23/Feb/2026:20:28:05 +0000] "GET /wp-content/uploads/2022/06/user4-1.jpg HTTP/1.1" 200 21157 "https://mentoring-wp.dreamsmarketplace.com/" "Mozilla/5.0 (Macintosh; Intel Mac OS X 10_15_7) AppleWebKit/537.36 (KHTML, like Gecko) Chrome/145.0.0.0 Safari/537.36"
102.88.54.102 - - [23/Feb/2026:20:28:05 +0000] "GET /wp-content/plugins/contact-form-7/includes/swv/js/index.js?ver=6.1.4 HTTP/1.1" 200 12512 "https://mentoring-wp.dreamsmarketplace.com/" "Mozilla/5.0 (Macintosh; Intel Mac OS X 10_15_7) AppleWebKit/537.36 (KHTML, like Gecko) Chrome/145.0.0.0 Safari/537.36"
102.88.54.102 - - [23/Feb/2026:20:28:05 +0000] "GET /wp-includes/js/dist/i18n.min.js?ver=c26c3dc7bed366793375 HTTP/1.1" 200 5314 "https://mentoring-wp.dreamsmarketplace.com/" "Mozilla/5.0 (Macintosh; Intel Mac OS X 10_15_7) AppleWebKit/537.36 (KHTML, like Gecko) Chrome/145.0.0.0 Safari/537.36"
102.88.54.102 - - [23/Feb/2026:20:28:05 +0000] "GET /wp-content/uploads/2022/01/banner.jpg HTTP/1.1" 200 125049 "https://mentoring-wp.dreamsmarketplace.com/" "Mozilla/5.0 (Macintosh; Intel Mac OS X 10_15_7) AppleWebKit/537.36 (KHTML, like Gecko) Chrome/145.0.0.0 Safari/537.36"
102.88.54.102 - - [23/Feb/2026:20:28:05 +0000] "GET /wp-content/themes/mentoring/assets/fonts/fa-solid-900.woff2 HTTP/1.1" 200 150020 "https://mentoring-wp.dreamsmarketplace.com/wp-content/themes/mentoring/assets/css/all.min.css?ver=6.4.2" "Mozilla/5.0 (Macintosh; Intel Mac OS X 10_15_7) AppleWebKit/537.36 (KHTML, like Gecko) Chrome/145.0.0.0 Safari/537.36"
102.88.54.102 - - [23/Feb/2026:20:28:05 +0000] "GET /wp-content/plugins/frontend-reset-password/assets/js/password-lost.js?ver=1.0.0 HTTP/1.1" 200 860 "https://mentoring-wp.dreamsmarketplace.com/" "Mozilla/5.0 (Macintosh; Intel Mac OS X 10_15_7) AppleWebKit/537.36 (KHTML, like Gecko) Chrome/145.0.0.0 Safari/537.36"
102.88.54.102 - - [23/Feb/2026:20:28:05 +0000] "GET /wp-includes/js/imagesloaded.min.js?ver=5.0.0 HTTP/1.1" 200 5520 "https://mentoring-wp.dreamsmarketplace.com/" "Mozilla/5.0 (Macintosh; Intel Mac OS X 10_15_7) AppleWebKit/537.36 (KHTML, like Gecko) Chrome/145.0.0.0 Safari/537.36"
102.88.54.102 - - [23/Feb/2026:20:28:05 +0000] "GET /wp-includes/js/masonry.min.js?ver=4.2.2 HTTP/1.1" 200 24138 "https://mentoring-wp.dreamsmarketplace.com/" "Mozilla/5.0 (Macintosh; Intel Mac OS X 10_15_7) AppleWebKit/537.36 (KHTML, like Gecko) Chrome/145.0.0.0 Safari/537.36"
102.88.54.102 - - [23/Feb/2026:20:28:05 +0000] "GET /wp-content/themes/mentoring/assets/js/popper.min.js?ver=1.3.5 HTTP/1.1" 200 20508 "https://mentoring-wp.dreamsmarketplace.com/" "Mozilla/5.0 (Macintosh; Intel Mac OS X 10_15_7) AppleWebKit/537.36 (KHTML, like Gecko) Chrome/145.0.0.0 Safari/537.36"
102.88.54.102 - - [23/Feb/2026:20:28:05 +0000] "GET /wp-content/themes/mentoring/assets/js/bootstrap.bundle.min.js?ver=5.3.2 HTTP/1.1" 200 80663 "https://mentoring-wp.dreamsmarketplace.com/" "Mozilla/5.0 (Macintosh; Intel Mac OS X 10_15_7) AppleWebKit/537.36 (KHTML, like Gecko) Chrome/145.0.0.0 Safari/537.36"
102.88.54.102 - - [23/Feb/2026:20:28:05 +0000] "GET /wp-content/themes/mentoring/assets/js/isotope.min.js?ver=6.9 HTTP/1.1" 200 35428 "https://mentoring-wp.dreamsmarketplace.com/" "Mozilla/5.0 (Macintosh; Intel Mac OS X 10_15_7) AppleWebKit/537.36 (KHTML, like Gecko) Chrome/145.0.0.0 Safari/537.36"
102.88.54.102 - - [23/Feb/2026:20:28:05 +0000] "GET /wp-content/themes/mentoring/assets/js/magnific-popup.js?ver=1.1.0 HTTP/1.1" 200 45448 "https://mentoring-wp.dreamsmarketplace.com/" "Mozilla/5.0 (Macintosh; Intel Mac OS X 10_15_7) AppleWebKit/537.36 (KHTML, like Gecko) Chrome/145.0.0.0 Safari/537.36"
102.88.54.102 - - [23/Feb/2026:20:28:05 +0000] "GET /wp-content/themes/mentoring/assets/js/jquery.countTo.js?ver=1.3.5 HTTP/1.1" 200 2501 "https://mentoring-wp.dreamsmarketplace.com/" "Mozilla/5.0 (Macintosh; Intel Mac OS X 10_15_7) AppleWebKit/537.36 (KHTML, like Gecko) Chrome/145.0.0.0 Safari/537.36"
102.88.54.102 - - [23/Feb/2026:20:28:05 +0000] "GET /wp-content/themes/mentoring/assets/js/slick.min.js?ver=1.3.5 HTTP/1.1" 200 42865 "https://mentoring-wp.dreamsmarketplace.com/" "Mozilla/5.0 (Macintosh; Intel Mac OS X 10_15_7) AppleWebKit/537.36 (KHTML, like Gecko) Chrome/145.0.0.0 Safari/537.36"
102.88.54.102 - - [23/Feb/2026:20:28:05 +0000] "GET /wp-content/themes/mentoring/assets/js/jquery.inview.min.js?ver=1.3.5 HTTP/1.1" 200 1264 "https://mentoring-wp.dreamsmarketplace.com/" "Mozilla/5.0 (Macintosh; Intel Mac OS X 10_15_7) AppleWebKit/537.36 (KHTML, like Gecko) Chrome/145.0.0.0 Safari/537.36"
102.88.54.102 - - [23/Feb/2026:20:28:05 +0000] "GET /wp-content/themes/mentoring/assets/js/theme.js?ver=1.3.5 HTTP/1.1" 200 18158 "https://mentoring-wp.dreamsmarketplace.com/" "Mozilla/5.0 (Macintosh; Intel Mac OS X 10_15_7) AppleWebKit/537.36 (KHTML, like Gecko) Chrome/145.0.0.0 Safari/537.36"
102.88.54.102 - - [23/Feb/2026:20:28:05 +0000] "GET /wp-content/themes/mentoring/assets/js/theme-woocommerce.js?ver=1.0.0 HTTP/1.1" 200 3179 "https://mentoring-wp.dreamsmarketplace.com/" "Mozilla/5.0 (Macintosh; Intel Mac OS X 10_15_7) AppleWebKit/537.36 (KHTML, like Gecko) Chrome/145.0.0.0 Safari/537.36"
102.88.54.102 - - [23/Feb/2026:20:28:05 +0000] "GET /wp-content/plugins/woocommerce/assets/js/frontend/order-attribution.min.js?ver=10.4.3 HTTP/1.1" 200 2346 "https://mentoring-wp.dreamsmarketplace.com/" "Mozilla/5.0 (Macintosh; Intel Mac OS X 10_15_7) AppleWebKit/537.36 (KHTML, like Gecko) Chrome/145.0.0.0 Safari/537.36"
102.88.54.102 - - [23/Feb/2026:20:28:05 +0000] "GET /wp-content/plugins/woocommerce/assets/js/sourcebuster/sourcebuster.min.js?ver=10.4.3 HTTP/1.1" 200 15315 "https://mentoring-wp.dreamsmarketplace.com/" "Mozilla/5.0 (Macintosh; Intel Mac OS X 10_15_7) AppleWebKit/537.36 (KHTML, like Gecko) Chrome/145.0.0.0 Safari/537.36"
102.88.54.102 - - [23/Feb/2026:20:28:05 +0000] "GET /wp-content/themes/mentoring/assets/js/mentoring_callback.js?ver=1.3.5 HTTP/1.1" 200 53713 "https://mentoring-wp.dreamsmarketplace.com/" "Mozilla/5.0 (Macintosh; Intel Mac OS X 10_15_7) AppleWebKit/537.36 (KHTML, like Gecko) Chrome/145.0.0.0 Safari/537.36"
102.88.54.102 - - [23/Feb/2026:20:28:06 +0000] "GET /wp-content/plugins/woocommerce/assets/js/select2/select2.full.min.js?ver=4.0.3-wc.10.4.3 HTTP/1.1" 200 74620 "https://mentoring-wp.dreamsmarketplace.com/" "Mozilla/5.0 (Macintosh; Intel Mac OS X 10_15_7) AppleWebKit/537.36 (KHTML, like Gecko) Chrome/145.0.0.0 Safari/537.36"
102.88.54.102 - - [23/Feb/2026:20:28:06 +0000] "GET /wp-includes/js/underscore.min.js?ver=1.13.7 HTTP/1.1" 200 18905 "https://mentoring-wp.dreamsmarketplace.com/" "Mozilla/5.0 (Macintosh; Intel Mac OS X 10_15_7) AppleWebKit/537.36 (KHTML, like Gecko) Chrome/145.0.0.0 Safari/537.36"
102.88.54.102 - - [23/Feb/2026:20:28:06 +0000] "GET /wp-includes/js/wp-util.min.js?ver=6.9 HTTP/1.1" 200 1426 "https://mentoring-wp.dreamsmarketplace.com/" "Mozilla/5.0 (Macintosh; Intel Mac OS X 10_15_7) AppleWebKit/537.36 (KHTML, like Gecko) Chrome/145.0.0.0 Safari/537.36"
102.88.54.102 - - [23/Feb/2026:20:28:06 +0000] "GET /wp-content/uploads/2022/07/user3-1.jpg HTTP/1.1" 200 17710 "https://mentoring-wp.dreamsmarketplace.com/" "Mozilla/5.0 (Macintosh; Intel Mac OS X 10_15_7) AppleWebKit/537.36 (KHTML, like Gecko) Chrome/145.0.0.0 Safari/537.36"
102.88.54.102 - - [23/Feb/2026:20:28:06 +0000] "GET /wp-content/uploads/2021/09/path-img2.jpg HTTP/1.1" 200 47275 "https://mentoring-wp.dreamsmarketplace.com/" "Mozilla/5.0 (Macintosh; Intel Mac OS X 10_15_7) AppleWebKit/537.36 (KHTML, like Gecko) Chrome/145.0.0.0 Safari/537.36"
102.88.54.102 - - [23/Feb/2026:20:28:06 +0000] "GET /wp-content/uploads/2022/01/path-img2.jpg HTTP/1.1" 200 58574 "https://mentoring-wp.dreamsmarketplace.com/" "Mozilla/5.0 (Macintosh; Intel Mac OS X 10_15_7) AppleWebKit/537.36 (KHTML, like Gecko) Chrome/145.0.0.0 Safari/537.36"
102.88.54.102 - - [23/Feb/2026:20:28:06 +0000] "GET /wp-content/uploads/2022/01/path-img3.jpg HTTP/1.1" 200 66561 "https://mentoring-wp.dreamsmarketplace.com/" "Mozilla/5.0 (Macintosh; Intel Mac OS X 10_15_7) AppleWebKit/537.36 (KHTML, like Gecko) Chrome/145.0.0.0 Safari/537.36"
102.88.54.102 - - [23/Feb/2026:20:28:06 +0000] "GET /wp-content/uploads/2022/01/path-img4.jpg HTTP/1.1" 200 46497 "https://mentoring-wp.dreamsmarketplace.com/" "Mozilla/5.0 (Macintosh; Intel Mac OS X 10_15_7) AppleWebKit/537.36 (KHTML, like Gecko) Chrome/145.0.0.0 Safari/537.36"
172.187.168.139 - - [23/Feb/2026:20:28:06 +0000] "POST /wp-cron.php?doing_wp_cron=1771878486.2311689853668212890625 HTTP/1.1" 200 31 "-" "WordPress/6.9; https://mentoring-wp.dreamsmarketplace.com"
102.88.54.102 - - [23/Feb/2026:20:28:06 +0000] "GET /wp-content/uploads/2022/01/path-img5.jpg HTTP/1.1" 200 74200 "https://mentoring-wp.dreamsmarketplace.com/" "Mozilla/5.0 (Macintosh; Intel Mac OS X 10_15_7) AppleWebKit/537.36 (KHTML, like Gecko) Chrome/145.0.0.0 Safari/537.36"
102.88.54.102 - - [23/Feb/2026:20:28:06 +0000] "GET /wp-content/uploads/2022/01/path-img6.jpg HTTP/1.1" 200 88789 "https://mentoring-wp.dreamsmarketplace.com/" "Mozilla/5.0 (Macintosh; Intel Mac OS X 10_15_7) AppleWebKit/537.36 (KHTML, like Gecko) Chrome/145.0.0.0 Safari/537.36"
102.88.54.102 - - [23/Feb/2026:20:28:06 +0000] "GET /wp-content/uploads/2022/01/path-img7.jpg HTTP/1.1" 200 61032 "https://mentoring-wp.dreamsmarketplace.com/" "Mozilla/5.0 (Macintosh; Intel Mac OS X 10_15_7) AppleWebKit/537.36 (KHTML, like Gecko) Chrome/145.0.0.0 Safari/537.36"
209.50.170.230 - - [23/Feb/2026:20:28:06 +0000] "GET /wp-admin/update.php?action=upload-plugin HTTP/1.1" 403 1132 "https://mentoring-wp.dreamstechnologies.com/wp-admin/update.php?action=upload-plugin" "Mozilla/5.0 (Windows NT 10.0; Win64; x64) AppleWebKit/537.36 (KHTML, like Gecko) Chrome/124.0.6367.207 Safari/537.36"
102.88.54.102 - - [23/Feb/2026:20:28:06 +0000] "GET /wp-content/uploads/2022/01/path-img8.jpg HTTP/1.1" 200 70600 "https://mentoring-wp.dreamsmarketplace.com/" "Mozilla/5.0 (Macintosh; Intel Mac OS X 10_15_7) AppleWebKit/537.36 (KHTML, like Gecko) Chrome/145.0.0.0 Safari/537.36"
102.88.54.102 - - [23/Feb/2026:20:28:06 +0000] "GET /wp-content/uploads/2022/07/blog-05.jpg HTTP/1.1" 200 87357 "https://mentoring-wp.dreamsmarketplace.com/" "Mozilla/5.0 (Macintosh; Intel Mac OS X 10_15_7) AppleWebKit/537.36 (KHTML, like Gecko) Chrome/145.0.0.0 Safari/537.36"
102.88.54.102 - - [23/Feb/2026:20:28:06 +0000] "GET /wp-content/uploads/2022/07/blog-10.jpg HTTP/1.1" 200 118321 "https://mentoring-wp.dreamsmarketplace.com/" "Mozilla/5.0 (Macintosh; Intel Mac OS X 10_15_7) AppleWebKit/537.36 (KHTML, like Gecko) Chrome/145.0.0.0 Safari/537.36"
102.88.54.102 - - [23/Feb/2026:20:28:06 +0000] "GET /wp-content/uploads/2022/07/blog-04.jpg HTTP/1.1" 200 127619 "https://mentoring-wp.dreamsmarketplace.com/" "Mozilla/5.0 (Macintosh; Intel Mac OS X 10_15_7) AppleWebKit/537.36 (KHTML, like Gecko) Chrome/145.0.0.0 Safari/537.36"
102.88.54.102 - - [23/Feb/2026:20:28:06 +0000] "GET /wp-includes/js/wp-emoji-release.min.js?ver=6.9 HTTP/1.1" 200 22762 "https://mentoring-wp.dreamsmarketplace.com/" "Mozilla/5.0 (Macintosh; Intel Mac OS X 10_15_7) AppleWebKit/537.36 (KHTML, like Gecko) Chrome/145.0.0.0 Safari/537.36"
216.26.233.243 - - [23/Feb/2026:20:28:07 +0000] "GET /wp-login.php HTTP/1.1" 301 178 "-" "Mozilla/5.0 (Macintosh; Intel Mac OS X 13_5) AppleWebKit/605.1.15 (KHTML, like Gecko) Version/17.5 Safari/605.1.15"
172.187.168.139 - - [23/Feb/2026:20:28:10 +0000] "POST /wp-cron.php?doing_wp_cron=1771878490.2773480415344238281250 HTTP/1.1" 200 31 "-" "WordPress/6.9; https://mentoring-wp.dreamsmarketplace.com"
216.26.233.243 - - [23/Feb/2026:20:28:10 +0000] "GET /wp-login.php HTTP/1.1" 200 2470 "-" "Mozilla/5.0 (Macintosh; Intel Mac OS X 13_5) AppleWebKit/605.1.15 (KHTML, like Gecko) Version/17.5 Safari/605.1.15"
216.26.233.243 - - [23/Feb/2026:20:28:11 +0000] "GET /wp-login.php?wp_lang=en_US HTTP/1.1" 301 178 "-" "Mozilla/5.0 (Windows NT 10.0; Win64; x64) AppleWebKit/537.36 (KHTML, like Gecko) Chrome/124.0.6367.207 Safari/537.36"
172.187.168.139 - - [23/Feb/2026:20:28:13 +0000] "POST /wp-cron.php?doing_wp_cron=1771878493.4257431030273437500000 HTTP/1.1" 200 31 "-" "WordPress/6.9; https://mentoring-wp.dreamsmarketplace.com"
216.26.233.243 - - [23/Feb/2026:20:28:13 +0000] "GET /wp-login.php?wp_lang=en_US HTTP/1.1" 200 2470 "-" "Mozilla/5.0 (Windows NT 10.0; Win64; x64) AppleWebKit/537.36 (KHTML, like Gecko) Chrome/124.0.6367.207 Safari/537.36"
172.187.168.139 - - [23/Feb/2026:20:28:14 +0000] "POST /wp-cron.php?doing_wp_cron=1771878494.8908240795135498046875 HTTP/1.1" 200 31 "-" "WordPress/6.9; https://mentoring-wp.dreamsmarketplace.com"
216.26.233.243 - - [23/Feb/2026:20:28:14 +0000] "POST /wp-login.php?wp_lang=en_US HTTP/1.1" 302 5 "https://mentoring-wp.dreamsmarketplace.com/wp-login.php?wp_lang=en_US" "Mozilla/5.0 (Windows NT 10.0; Win64; x64) AppleWebKit/537.36 (KHTML, like Gecko) Chrome/124.0.6367.207 Safari/537.36"
172.187.168.139 - - [23/Feb/2026:20:28:18 +0000] "POST /wp-cron.php?doing_wp_cron=1771878497.9852509498596191406250 HTTP/1.1" 200 31 "-" "WordPress/6.9; https://mentoring-wp.dreamsmarketplace.com"
216.26.233.243 - - [23/Feb/2026:20:28:18 +0000] "GET /wp-admin/ HTTP/1.1" 200 18248 "https://mentoring-wp.dreamsmarketplace.com/wp-login.php?wp_lang=en_US" "Mozilla/5.0 (Windows NT 10.0; Win64; x64) AppleWebKit/537.36 (KHTML, like Gecko) Chrome/124.0.6367.207 Safari/537.36"
216.26.233.243 - - [23/Feb/2026:20:28:18 +0000] "GET /wp-admin/plugin-install.php HTTP/1.1" 301 178 "-" "Mozilla/5.0 (Windows NT 10.0; Win64; x64) AppleWebKit/537.36 (KHTML, like Gecko) Chrome/124.0.6367.207 Safari/537.36"
172.187.168.139 - - [23/Feb/2026:20:28:21 +0000] "POST /wp-cron.php?doing_wp_cron=1771878501.5339400768280029296875 HTTP/1.1" 200 31 "-" "WordPress/6.9; https://mentoring-wp.dreamsmarketplace.com"
216.26.233.243 - - [23/Feb/2026:20:28:21 +0000] "GET /wp-admin/plugin-install.php HTTP/1.1" 200 73988 "-" "Mozilla/5.0 (Windows NT 10.0; Win64; x64) AppleWebKit/537.36 (KHTML, like Gecko) Chrome/124.0.6367.207 Safari/537.36"
216.26.233.243 - - [23/Feb/2026:20:28:22 +0000] "POST /wp-admin/update.php?action=upload-plugin HTTP/1.1" 301 178 "https://mentoring-wp.dreamstechnologies.com/wp-admin/update.php?action=upload-plugin" "Mozilla/5.0 (Windows NT 10.0; Win64; x64) AppleWebKit/537.36 (KHTML, like Gecko) Chrome/124.0.6367.207 Safari/537.36"
172.187.168.139 - - [23/Feb/2026:20:28:24 +0000] "POST /wp-cron.php?doing_wp_cron=1771878504.4054028987884521484375 HTTP/1.1" 200 31 "-" "WordPress/6.9; https://mentoring-wp.dreamsmarketplace.com"
216.26.233.243 - - [23/Feb/2026:20:28:24 +0000] "GET /wp-admin/update.php?action=upload-plugin HTTP/1.1" 403 1132 "https://mentoring-wp.dreamstechnologies.com/wp-admin/update.php?action=upload-plugin" "Mozilla/5.0 (Windows NT 10.0; Win64; x64) AppleWebKit/537.36 (KHTML, like Gecko) Chrome/124.0.6367.207 Safari/537.36"
45.3.54.118 - - [23/Feb/2026:20:28:25 +0000] "GET /wp-login.php HTTP/1.1" 301 178 "-" "Mozilla/5.0 (Windows NT 10.0; Win64; x64) AppleWebKit/537.36 (KHTML, like Gecko) Chrome/124.0.6367.207 Safari/537.36"
172.187.168.139 - - [23/Feb/2026:20:28:26 +0000] "POST /wp-cron.php?doing_wp_cron=1771878506.4887089729309082031250 HTTP/1.1" 200 31 "-" "WordPress/6.9; https://mentoring-wp.dreamsmarketplace.com"
45.3.54.118 - - [23/Feb/2026:20:28:26 +0000] "GET /wp-login.php HTTP/1.1" 200 2470 "-" "Mozilla/5.0 (Windows NT 10.0; Win64; x64) AppleWebKit/537.36 (KHTML, like Gecko) Chrome/124.0.6367.207 Safari/537.36"
45.3.54.118 - - [23/Feb/2026:20:28:28 +0000] "GET /wp-login.php?wp_lang=en_US HTTP/1.1" 301 178 "-" "Mozilla/5.0 (Windows NT 10.0; Win64; x64) AppleWebKit/537.36 (KHTML, like Gecko) Chrome/124.0.6367.207 Safari/537.36"
172.187.168.139 - - [23/Feb/2026:20:28:31 +0000] "POST /wp-cron.php?doing_wp_cron=1771878511.0946218967437744140625 HTTP/1.1" 200 31 "-" "WordPress/6.9; https://mentoring-wp.dreamsmarketplace.com"
45.3.54.118 - - [23/Feb/2026:20:28:31 +0000] "GET /wp-login.php?wp_lang=en_US HTTP/1.1" 200 2470 "-" "Mozilla/5.0 (Windows NT 10.0; Win64; x64) AppleWebKit/537.36 (KHTML, like Gecko) Chrome/124.0.6367.207 Safari/537.36"
172.187.168.139 - - [23/Feb/2026:20:28:32 +0000] "POST /wp-cron.php?doing_wp_cron=1771878512.6055059432983398437500 HTTP/1.1" 200 31 "-" "WordPress/6.9; https://mentoring-wp.dreamsmarketplace.com"
45.3.54.118 - - [23/Feb/2026:20:28:32 +0000] "POST /wp-login.php?wp_lang=en_US HTTP/1.1" 302 5 "https://mentoring-wp.dreamsmarketplace.com/wp-login.php?wp_lang=en_US" "Mozilla/5.0 (Windows NT 10.0; Win64; x64) AppleWebKit/537.36 (KHTML, like Gecko) Chrome/124.0.6367.207 Safari/537.36"
172.187.168.139 - - [23/Feb/2026:20:28:35 +0000] "POST /wp-cron.php?doing_wp_cron=1771878515.5052499771118164062500 HTTP/1.1" 200 31 "-" "WordPress/6.9; https://mentoring-wp.dreamsmarketplace.com"
45.3.54.118 - - [23/Feb/2026:20:28:35 +0000] "GET /wp-admin/ HTTP/1.1" 200 18247 "https://mentoring-wp.dreamsmarketplace.com/wp-login.php?wp_lang=en_US" "Mozilla/5.0 (Windows NT 10.0; Win64; x64) AppleWebKit/537.36 (KHTML, like Gecko) Chrome/124.0.6367.207 Safari/537.36"
45.3.54.118 - - [23/Feb/2026:20:28:35 +0000] "GET /wp-admin/plugin-install.php HTTP/1.1" 301 178 "-" "Mozilla/5.0 (Windows NT 10.0; Win64; x64) AppleWebKit/537.36 (KHTML, like Gecko) Chrome/124.0.6367.207 Safari/537.36"
172.187.168.139 - - [23/Feb/2026:20:28:38 +0000] "POST /wp-cron.php?doing_wp_cron=1771878518.7246940135955810546875 HTTP/1.1" 200 31 "-" "WordPress/6.9; https://mentoring-wp.dreamsmarketplace.com"
45.3.54.118 - - [23/Feb/2026:20:28:38 +0000] "GET /wp-admin/plugin-install.php HTTP/1.1" 200 73993 "-" "Mozilla/5.0 (Windows NT 10.0; Win64; x64) AppleWebKit/537.36 (KHTML, like Gecko) Chrome/124.0.6367.207 Safari/537.36"
45.3.54.118 - - [23/Feb/2026:20:28:38 +0000] "POST /wp-admin/update.php?action=upload-plugin HTTP/1.1" 301 178 "https://mentoring-wp.dreamstechnologies.com/wp-admin/update.php?action=upload-plugin" "Mozilla/5.0 (Windows NT 10.0; Win64; x64) AppleWebKit/537.36 (KHTML, like Gecko) Chrome/124.0.6367.207 Safari/537.36"
172.187.168.139 - - [23/Feb/2026:20:28:40 +0000] "POST /wp-cron.php?doing_wp_cron=1771878520.8549170494079589843750 HTTP/1.1" 200 31 "-" "WordPress/6.9; https://mentoring-wp.dreamsmarketplace.com"
45.3.54.118 - - [23/Feb/2026:20:28:40 +0000] "GET /wp-admin/update.php?action=upload-plugin HTTP/1.1" 403 1132 "https://mentoring-wp.dreamstechnologies.com/wp-admin/update.php?action=upload-plugin" "Mozilla/5.0 (Windows NT 10.0; Win64; x64) AppleWebKit/537.36 (KHTML, like Gecko) Chrome/124.0.6367.207 Safari/537.36"
14.227.45.11 - - [23/Feb/2026:20:40:53 +0000] "GET /finest-casino-apps-you-to-definitely-pay-real-money-jul-50-free-spins-on-stinkin-rich-no-deposit-2024/ HTTP/1.1" 301 178 "-" "Mozilla/5.0 (Windows NT 10.0; Win64; x64) AppleWebKit/537.36 (KHTML, like Gecko) Chrome/83.0.4103.61 Safari/537.36"
172.187.168.139 - - [23/Feb/2026:20:40:55 +0000] "POST /wp-cron.php?doing_wp_cron=1771879255.7723009586334228515625 HTTP/1.1" 200 31 "-" "WordPress/6.9; https://mentoring-wp.dreamsmarketplace.com"
212.237.119.246 - - [23/Feb/2026:20:40:55 +0000] "GET /finest-casino-apps-you-to-definitely-pay-real-money-jul-50-free-spins-on-stinkin-rich-no-deposit-2024/ HTTP/1.1" 404 10985 "-" "Mozilla/5.0 (Windows NT 10.0; Win64; x64) AppleWebKit/537.36 (KHTML, like Gecko) Chrome/83.0.4103.61 Safari/537.36"
156.59.62.164 - - [23/Feb/2026:20:48:16 +0000] "POST /xmlrpc.php HTTP/1.1" 301 178 "-" "Mozilla/5.0 (Windows NT 10.0; Win64; x64) AppleWebKit/537.36 (KHTML, like Gecko) Chrome/114.0.0.0 Safari/537.36"
172.187.168.139 - - [23/Feb/2026:20:48:19 +0000] "POST /wp-cron.php?doing_wp_cron=1771879698.8820419311523437500000 HTTP/1.1" 200 31 "-" "WordPress/6.9; https://mentoring-wp.dreamsmarketplace.com"
156.59.62.164 - - [23/Feb/2026:20:48:19 +0000] "GET /xmlrpc.php HTTP/1.1" 405 53 "-" "Mozilla/5.0 (Windows NT 10.0; Win64; x64) AppleWebKit/537.36 (KHTML, like Gecko) Chrome/114.0.0.0 Safari/537.36"
156.59.62.164 - - [23/Feb/2026:20:48:19 +0000] "POST /xmlrpc.php HTTP/1.1" 301 178 "-" "Mozilla/5.0 (Windows NT 10.0; Win64; x64) AppleWebKit/537.36 (KHTML, like Gecko) Chrome/114.0.0.0 Safari/537.36"
172.187.168.139 - - [23/Feb/2026:20:48:21 +0000] "POST /wp-cron.php?doing_wp_cron=1771879701.6083400249481201171875 HTTP/1.1" 200 31 "-" "WordPress/6.9; https://mentoring-wp.dreamsmarketplace.com"
156.59.62.164 - - [23/Feb/2026:20:48:21 +0000] "GET /xmlrpc.php HTTP/1.1" 405 53 "-" "Mozilla/5.0 (Windows NT 10.0; Win64; x64) AppleWebKit/537.36 (KHTML, like Gecko) Chrome/114.0.0.0 Safari/537.36"
91.84.101.201 - - [23/Feb/2026:20:48:49 +0000] "GET /register/ HTTP/1.1" 301 178 "https://mentoring-wp.dreamstechnologies.com/register/" "Mozilla/5.0 (Windows NT 10.0; Win64; x64) AppleWebKit/537.36 (KHTML, like Gecko) Chrome/130.0.0.0 Safari/537.36 CCleaner/130.0.0.0"
172.187.168.139 - - [23/Feb/2026:20:48:50 +0000] "POST /wp-cron.php?doing_wp_cron=1771879730.4077939987182617187500 HTTP/1.1" 200 31 "-" "WordPress/6.9; https://mentoring-wp.dreamsmarketplace.com"
91.84.101.201 - - [23/Feb/2026:20:48:50 +0000] "GET /register/ HTTP/1.1" 200 12106 "https://mentoring-wp.dreamsmarketplace.com/register/" "Mozilla/5.0 (Windows NT 10.0; Win64; x64) AppleWebKit/537.36 (KHTML, like Gecko) Chrome/130.0.0.0 Safari/537.36 CCleaner/130.0.0.0"
172.187.168.139 - - [23/Feb/2026:20:48:51 +0000] "POST /wp-cron.php?doing_wp_cron=1771879731.7408869266510009765625 HTTP/1.1" 200 31 "-" "WordPress/6.9; https://mentoring-wp.dreamsmarketplace.com"
91.84.101.201 - - [23/Feb/2026:20:48:51 +0000] "GET /blog/ HTTP/1.1" 200 15399 "https://mentoring-wp.dreamsmarketplace.com/blog/" "Mozilla/5.0 (Windows NT 10.0; Win64; x64) AppleWebKit/537.36 (KHTML, like Gecko) Chrome/130.0.0.0 Safari/537.36 CCleaner/130.0.0.0"
172.187.168.139 - - [23/Feb/2026:20:48:53 +0000] "POST /wp-cron.php?doing_wp_cron=1771879733.0968110561370849609375 HTTP/1.1" 200 31 "-" "WordPress/6.9; https://mentoring-wp.dreamsmarketplace.com"
91.84.101.201 - - [23/Feb/2026:20:48:53 +0000] "GET /blog/page/2/ HTTP/1.1" 200 15278 "https://mentoring-wp.dreamsmarketplace.com/blog/page/2/" "Mozilla/5.0 (Windows NT 10.0; Win64; x64) AppleWebKit/537.36 (KHTML, like Gecko) Chrome/130.0.0.0 Safari/537.36 CCleaner/130.0.0.0"
172.187.168.139 - - [23/Feb/2026:20:48:54 +0000] "POST /wp-cron.php?doing_wp_cron=1771879734.6031670570373535156250 HTTP/1.1" 200 31 "-" "WordPress/6.9; https://mentoring-wp.dreamsmarketplace.com"
91.84.101.201 - - [23/Feb/2026:20:48:54 +0000] "GET /the-standard-chunk-of-lorem-ipsum-used/ HTTP/1.1" 200 18746 "https://mentoring-wp.dreamsmarketplace.com/the-standard-chunk-of-lorem-ipsum-used/" "Mozilla/5.0 (Windows NT 10.0; Win64; x64) AppleWebKit/537.36 (KHTML, like Gecko) Chrome/130.0.0.0 Safari/537.36 CCleaner/130.0.0.0"
172.187.168.139 - - [23/Feb/2026:20:48:55 +0000] "POST /wp-cron.php?doing_wp_cron=1771879735.8597109317779541015625 HTTP/1.1" 200 31 "-" "WordPress/6.9; https://mentoring-wp.dreamsmarketplace.com"
91.84.101.201 - - [23/Feb/2026:20:48:55 +0000] "POST /wp-comments-post.php HTTP/1.1" 500 2629 "https://mentoring-wp.dreamsmarketplace.com/the-standard-chunk-of-lorem-ipsum-used/" "Mozilla/5.0 (Windows NT 10.0; Win64; x64) AppleWebKit/537.36 (KHTML, like Gecko) Chrome/130.0.0.0 Safari/537.36 CCleaner/130.0.0.0"
172.187.168.139 - - [23/Feb/2026:20:52:31 +0000] "POST /wp-cron.php?doing_wp_cron=1771879951.1936910152435302734375 HTTP/1.1" 200 31 "-" "WordPress/6.9; https://mentoring-wp.dreamsmarketplace.com"
40.77.167.42 - - [23/Feb/2026:20:52:31 +0000] "GET /hent-bred-casino-arv-uten-bidrag-pa-denne-nettsiden-indre-sett-2026/ HTTP/1.1" 404 10949 "-" "Mozilla/5.0 AppleWebKit/537.36 (KHTML, like Gecko; compatible; bingbot/2.0; +http://www.bing.com/bingbot.htm) Chrome/116.0.1938.76 Safari/537.36"
152.233.20.25 - - [23/Feb/2026:20:54:16 +0000] "POST /xmlrpc.php HTTP/1.1" 301 178 "-" "Mozilla/5.0 (Windows NT 10.0; Win64; x64) AppleWebKit/537.36 (KHTML, like Gecko) Chrome/114.0.0.0 Safari/537.36"
172.187.168.139 - - [23/Feb/2026:20:54:17 +0000] "POST /wp-cron.php?doing_wp_cron=1771880057.5821449756622314453125 HTTP/1.1" 200 31 "-" "WordPress/6.9; https://mentoring-wp.dreamsmarketplace.com"
152.233.20.25 - - [23/Feb/2026:20:54:17 +0000] "GET /xmlrpc.php HTTP/1.1" 405 53 "-" "Mozilla/5.0 (Windows NT 10.0; Win64; x64) AppleWebKit/537.36 (KHTML, like Gecko) Chrome/114.0.0.0 Safari/537.36"
152.233.20.25 - - [23/Feb/2026:20:54:17 +0000] "POST /xmlrpc.php HTTP/1.1" 301 178 "-" "Mozilla/5.0 (Windows NT 10.0; Win64; x64) AppleWebKit/537.36 (KHTML, like Gecko) Chrome/114.0.0.0 Safari/537.36"
172.187.168.139 - - [23/Feb/2026:20:54:19 +0000] "POST /wp-cron.php?doing_wp_cron=1771880059.0513820648193359375000 HTTP/1.1" 200 31 "-" "WordPress/6.9; https://mentoring-wp.dreamsmarketplace.com"
152.233.20.25 - - [23/Feb/2026:20:54:19 +0000] "GET /xmlrpc.php HTTP/1.1" 405 53 "-" "Mozilla/5.0 (Windows NT 10.0; Win64; x64) AppleWebKit/537.36 (KHTML, like Gecko) Chrome/114.0.0.0 Safari/537.36"
14.180.91.23 - - [23/Feb/2026:20:55:38 +0000] "GET /turkiye-deki-online-kumar-siteleri-casinomhub-17/ HTTP/1.1" 301 178 "-" "Mozilla/5.0 (Macintosh; Intel Mac OS X 10_14_6) AppleWebKit/537.36 (KHTML, like Gecko) Chrome/85.0.4183.83 Safari/537.36"
172.187.168.139 - - [23/Feb/2026:20:55:40 +0000] "POST /wp-cron.php?doing_wp_cron=1771880140.9129710197448730468750 HTTP/1.1" 200 31 "-" "WordPress/6.9; https://mentoring-wp.dreamsmarketplace.com"
14.174.86.56 - - [23/Feb/2026:20:55:40 +0000] "GET /turkiye-deki-online-kumar-siteleri-casinomhub-17/ HTTP/1.1" 404 10945 "-" "Mozilla/5.0 (Macintosh; Intel Mac OS X 10_14_6) AppleWebKit/537.36 (KHTML, like Gecko) Chrome/85.0.4183.83 Safari/537.36"
45.229.97.245 - - [23/Feb/2026:21:03:32 +0000] "GET /what-is-the-best-on-line-casino-to-have-australians-during-the-2025/ HTTP/1.1" 301 178 "-" "Mozilla/5.0 (Macintosh; Intel Mac OS X 11_2_0) AppleWebKit/537.36 (KHTML, like Gecko) Chrome/88.0.4324.146 Safari/537.36"
172.187.168.139 - - [23/Feb/2026:21:03:36 +0000] "POST /wp-cron.php?doing_wp_cron=1771880616.3049590587615966796875 HTTP/1.1" 200 31 "-" "WordPress/6.9; https://mentoring-wp.dreamsmarketplace.com"
14.165.161.243 - - [23/Feb/2026:21:03:36 +0000] "GET /what-is-the-best-on-line-casino-to-have-australians-during-the-2025/ HTTP/1.1" 404 10962 "-" "Mozilla/5.0 (Macintosh; Intel Mac OS X 11_2_0) AppleWebKit/537.36 (KHTML, like Gecko) Chrome/88.0.4324.146 Safari/537.36"
63.125.89.37 - - [23/Feb/2026:21:06:38 +0000] "POST /xmlrpc.php HTTP/1.1" 301 178 "-" "Python-xmlrpc/3.11"
14.165.246.117 - - [23/Feb/2026:21:09:47 +0000] "GET /the-2nd-era-panty-vibrator-has-lots-of-similarities-with-the/ HTTP/1.1" 301 178 "-" "Mozilla/5.0 (Macintosh; Intel Mac OS X 10_15_7) AppleWebKit/537.36 (KHTML, like Gecko) Chrome/92.0.4515.107 Safari/537.36"
172.187.168.139 - - [23/Feb/2026:21:09:50 +0000] "POST /wp-cron.php?doing_wp_cron=1771880990.6540079116821289062500 HTTP/1.1" 200 31 "-" "WordPress/6.9; https://mentoring-wp.dreamsmarketplace.com"
222.255.39.10 - - [23/Feb/2026:21:09:50 +0000] "GET /the-2nd-era-panty-vibrator-has-lots-of-similarities-with-the/ HTTP/1.1" 404 10952 "-" "Mozilla/5.0 (Macintosh; Intel Mac OS X 10_15_7) AppleWebKit/537.36 (KHTML, like Gecko) Chrome/92.0.4515.107 Safari/537.36"
40.77.167.54 - - [23/Feb/2026:21:14:53 +0000] "GET /extra-tall-roller-boni-zu-handen-hohere-einzahlungen-gibt-es-aber-nebensachlich-reichlich/ HTTP/1.1" 301 178 "-" "Mozilla/5.0 AppleWebKit/537.36 (KHTML, like Gecko; compatible; bingbot/2.0; +http://www.bing.com/bingbot.htm) Chrome/116.0.1938.76 Safari/537.36"
128.1.179.114 - - [23/Feb/2026:21:20:50 +0000] "POST /xmlrpc.php HTTP/1.1" 301 178 "-" "Mozilla/5.0 (Windows NT 10.0; Win64; x64) AppleWebKit/537.36 (KHTML, like Gecko) Chrome/114.0.0.0 Safari/537.36"
172.187.168.139 - - [23/Feb/2026:21:20:53 +0000] "POST /wp-cron.php?doing_wp_cron=1771881653.1881868839263916015625 HTTP/1.1" 200 31 "-" "WordPress/6.9; https://mentoring-wp.dreamsmarketplace.com"
128.1.179.114 - - [23/Feb/2026:21:20:53 +0000] "GET /xmlrpc.php HTTP/1.1" 405 53 "-" "Mozilla/5.0 (Windows NT 10.0; Win64; x64) AppleWebKit/537.36 (KHTML, like Gecko) Chrome/114.0.0.0 Safari/537.36"
128.1.179.114 - - [23/Feb/2026:21:20:54 +0000] "POST /xmlrpc.php HTTP/1.1" 301 178 "-" "Mozilla/5.0 (Windows NT 10.0; Win64; x64) AppleWebKit/537.36 (KHTML, like Gecko) Chrome/114.0.0.0 Safari/537.36"
172.187.168.139 - - [23/Feb/2026:21:20:57 +0000] "POST /wp-cron.php?doing_wp_cron=1771881657.9263689517974853515625 HTTP/1.1" 200 31 "-" "WordPress/6.9; https://mentoring-wp.dreamsmarketplace.com"
128.1.179.114 - - [23/Feb/2026:21:20:58 +0000] "GET /xmlrpc.php HTTP/1.1" 405 53 "-" "Mozilla/5.0 (Windows NT 10.0; Win64; x64) AppleWebKit/537.36 (KHTML, like Gecko) Chrome/114.0.0.0 Safari/537.36"
152.233.20.25 - - [23/Feb/2026:21:34:20 +0000] "POST /xmlrpc.php HTTP/1.1" 301 178 "-" "Mozilla/5.0 (Windows NT 10.0; Win64; x64) AppleWebKit/537.36 (KHTML, like Gecko) Chrome/114.0.0.0 Safari/537.36"
172.187.168.139 - - [23/Feb/2026:21:34:21 +0000] "POST /wp-cron.php?doing_wp_cron=1771882461.6760699748992919921875 HTTP/1.1" 200 31 "-" "WordPress/6.9; https://mentoring-wp.dreamsmarketplace.com"
152.233.20.25 - - [23/Feb/2026:21:34:21 +0000] "GET /xmlrpc.php HTTP/1.1" 405 53 "-" "Mozilla/5.0 (Windows NT 10.0; Win64; x64) AppleWebKit/537.36 (KHTML, like Gecko) Chrome/114.0.0.0 Safari/537.36"
152.233.20.25 - - [23/Feb/2026:21:34:22 +0000] "POST /xmlrpc.php HTTP/1.1" 301 178 "-" "Mozilla/5.0 (Windows NT 10.0; Win64; x64) AppleWebKit/537.36 (KHTML, like Gecko) Chrome/114.0.0.0 Safari/537.36"
172.187.168.139 - - [23/Feb/2026:21:34:23 +0000] "POST /wp-cron.php?doing_wp_cron=1771882463.2475450038909912109375 HTTP/1.1" 200 31 "-" "WordPress/6.9; https://mentoring-wp.dreamsmarketplace.com"
152.233.20.25 - - [23/Feb/2026:21:34:23 +0000] "GET /xmlrpc.php HTTP/1.1" 405 53 "-" "Mozilla/5.0 (Windows NT 10.0; Win64; x64) AppleWebKit/537.36 (KHTML, like Gecko) Chrome/114.0.0.0 Safari/537.36"
172.187.168.139 - - [23/Feb/2026:21:35:31 +0000] "POST /wp-cron.php?doing_wp_cron=1771882531.3602609634399414062500 HTTP/1.1" 200 31 "-" "WordPress/6.9; https://mentoring-wp.dreamsmarketplace.com"
157.55.39.205 - - [23/Feb/2026:21:35:31 +0000] "GET /voordat-gokkasten-hulpsite-pro-onderzoekspapieren-performen-buitenshuis-inschrijving/ HTTP/1.1" 404 10970 "-" "Mozilla/5.0 AppleWebKit/537.36 (KHTML, like Gecko; compatible; bingbot/2.0; +http://www.bing.com/bingbot.htm) Chrome/116.0.1938.76 Safari/537.36"
172.187.168.139 - - [23/Feb/2026:21:43:30 +0000] "POST /wp-cron.php?doing_wp_cron=1771883010.8318200111389160156250 HTTP/1.1" 200 31 "-" "WordPress/6.9; https://mentoring-wp.dreamsmarketplace.com"
66.249.66.193 - - [23/Feb/2026:21:43:30 +0000] "GET /author/sofia-brient/ HTTP/1.1" 200 12719 "-" "Mozilla/5.0 (Linux; Android 6.0.1; Nexus 5X Build/MMB29P) AppleWebKit/537.36 (KHTML, like Gecko) Chrome/144.0.7559.132 Mobile Safari/537.36 (compatible; Googlebot/2.1; +http://www.google.com/bot.html)"
66.249.66.69 - - [23/Feb/2026:21:43:36 +0000] "GET /wp-content/themes/mentoring/assets/js/jquery.inview.min.js?ver=1.3.5 HTTP/1.1" 200 1264 "https://mentoring-wp.dreamsmarketplace.com/author/sofia-brient/" "Mozilla/5.0 (Linux; Android 6.0.1; Nexus 5X Build/MMB29P) AppleWebKit/537.36 (KHTML, like Gecko) Chrome/144.0.7559.132 Mobile Safari/537.36 (compatible; Googlebot/2.1; +http://www.google.com/bot.html)"
152.233.20.25 - - [23/Feb/2026:21:45:32 +0000] "POST /xmlrpc.php HTTP/1.1" 301 178 "-" "Mozilla/5.0 (Windows NT 10.0; Win64; x64) AppleWebKit/537.36 (KHTML, like Gecko) Chrome/114.0.0.0 Safari/537.36"
172.187.168.139 - - [23/Feb/2026:21:45:33 +0000] "POST /wp-cron.php?doing_wp_cron=1771883133.1875839233398437500000 HTTP/1.1" 200 31 "-" "WordPress/6.9; https://mentoring-wp.dreamsmarketplace.com"
152.233.20.25 - - [23/Feb/2026:21:45:33 +0000] "GET /xmlrpc.php HTTP/1.1" 405 53 "-" "Mozilla/5.0 (Windows NT 10.0; Win64; x64) AppleWebKit/537.36 (KHTML, like Gecko) Chrome/114.0.0.0 Safari/537.36"
152.233.20.25 - - [23/Feb/2026:21:45:33 +0000] "POST /xmlrpc.php HTTP/1.1" 301 178 "-" "Mozilla/5.0 (Windows NT 10.0; Win64; x64) AppleWebKit/537.36 (KHTML, like Gecko) Chrome/114.0.0.0 Safari/537.36"
172.187.168.139 - - [23/Feb/2026:21:45:34 +0000] "POST /wp-cron.php?doing_wp_cron=1771883134.5220339298248291015625 HTTP/1.1" 200 31 "-" "WordPress/6.9; https://mentoring-wp.dreamsmarketplace.com"
152.233.20.25 - - [23/Feb/2026:21:45:34 +0000] "GET /xmlrpc.php HTTP/1.1" 405 53 "-" "Mozilla/5.0 (Windows NT 10.0; Win64; x64) AppleWebKit/537.36 (KHTML, like Gecko) Chrome/114.0.0.0 Safari/537.36"
156.59.62.164 - - [23/Feb/2026:21:48:40 +0000] "POST /xmlrpc.php HTTP/1.1" 301 178 "-" "Mozilla/5.0 (Windows NT 10.0; Win64; x64) AppleWebKit/537.36 (KHTML, like Gecko) Chrome/114.0.0.0 Safari/537.36"
172.187.168.139 - - [23/Feb/2026:21:48:43 +0000] "POST /wp-cron.php?doing_wp_cron=1771883323.4269781112670898437500 HTTP/1.1" 200 31 "-" "WordPress/6.9; https://mentoring-wp.dreamsmarketplace.com"
156.59.62.164 - - [23/Feb/2026:21:48:43 +0000] "GET /xmlrpc.php HTTP/1.1" 405 53 "-" "Mozilla/5.0 (Windows NT 10.0; Win64; x64) AppleWebKit/537.36 (KHTML, like Gecko) Chrome/114.0.0.0 Safari/537.36"
156.59.62.164 - - [23/Feb/2026:21:48:44 +0000] "POST /xmlrpc.php HTTP/1.1" 301 178 "-" "Mozilla/5.0 (Windows NT 10.0; Win64; x64) AppleWebKit/537.36 (KHTML, like Gecko) Chrome/114.0.0.0 Safari/537.36"
172.187.168.139 - - [23/Feb/2026:21:48:46 +0000] "POST /wp-cron.php?doing_wp_cron=1771883326.5193209648132324218750 HTTP/1.1" 200 31 "-" "WordPress/6.9; https://mentoring-wp.dreamsmarketplace.com"
156.59.62.164 - - [23/Feb/2026:21:48:46 +0000] "GET /xmlrpc.php HTTP/1.1" 405 53 "-" "Mozilla/5.0 (Windows NT 10.0; Win64; x64) AppleWebKit/537.36 (KHTML, like Gecko) Chrome/114.0.0.0 Safari/537.36"
63.125.88.114 - - [23/Feb/2026:21:48:55 +0000] "POST /xmlrpc.php HTTP/1.1" 301 178 "-" "Python-xmlrpc/3.11"
52.167.144.166 - - [23/Feb/2026:21:49:29 +0000] "GET /erfahrene-liebhaber-klassischer-spielhallen-seien-via-einem-speziellen-feature-trefflich-traut-ihr-quecksilber-risikoleiter/ HTTP/1.1" 301 178 "-" "Mozilla/5.0 AppleWebKit/537.36 (KHTML, like Gecko; compatible; bingbot/2.0; +http://www.bing.com/bingbot.htm) Chrome/116.0.1938.76 Safari/537.36"
103.132.249.56 - - [23/Feb/2026:21:53:01 +0000] "GET /evidentemente-por-cuestiones-tecnicas-y-legales-esto-no-todo-el-tiempo-es-asi/ HTTP/1.1" 301 178 "-" "Mozilla/5.0 (Windows NT 6.1; Win64; x64) AppleWebKit/537.36 (KHTML, like Gecko) Chrome/94.0.4606.81 Safari/537.36"
172.187.168.139 - - [23/Feb/2026:21:53:06 +0000] "POST /wp-cron.php?doing_wp_cron=1771883586.9143860340118408203125 HTTP/1.1" 200 31 "-" "WordPress/6.9; https://mentoring-wp.dreamsmarketplace.com"
14.162.152.41 - - [23/Feb/2026:21:53:06 +0000] "GET /evidentemente-por-cuestiones-tecnicas-y-legales-esto-no-todo-el-tiempo-es-asi/ HTTP/1.1" 404 10956 "-" "Mozilla/5.0 (Windows NT 6.1; Win64; x64) AppleWebKit/537.36 (KHTML, like Gecko) Chrome/94.0.4606.81 Safari/537.36"
1.92.215.173 - - [23/Feb/2026:21:54:20 +0000] "GET /robots.txt HTTP/1.1" 301 178 "https://mentoring-wp.dreamstechnologies.com/robots.txt" "Mozilla/5.0 (Macintosh; Intel Mac OS X 10_15_7) AppleWebKit/537.36 (KHTML, like Gecko) Chrome/119.0.0.0 Safari/537.36"
172.187.168.139 - - [23/Feb/2026:21:54:23 +0000] "POST /wp-cron.php?doing_wp_cron=1771883663.5890500545501708984375 HTTP/1.1" 200 31 "-" "WordPress/6.9; https://mentoring-wp.dreamsmarketplace.com"
43.163.108.204 - - [23/Feb/2026:21:54:23 +0000] "GET /robots.txt HTTP/1.1" 200 349 "https://mentoring-wp.dreamsmarketplace.com/robots.txt" "Mozilla/5.0 (Macintosh; Intel Mac OS X 10_15_7) AppleWebKit/537.36 (KHTML, like Gecko) Chrome/119.0.0.0 Safari/537.36"
14.160.108.145 - - [23/Feb/2026:21:55:53 +0000] "GET /mentors/darren-elder/page/5/ HTTP/1.1" 301 178 "-" "Mozilla/5.0 (Windows NT 6.1; Win64; x64) AppleWebKit/537.36 (KHTML, like Gecko) Chrome/70.0.3538.102 Safari/537.36"
152.233.20.25 - - [23/Feb/2026:21:56:50 +0000] "POST /xmlrpc.php HTTP/1.1" 301 178 "-" "Mozilla/5.0 (Windows NT 10.0; Win64; x64) AppleWebKit/537.36 (KHTML, like Gecko) Chrome/114.0.0.0 Safari/537.36"
172.187.168.139 - - [23/Feb/2026:21:56:51 +0000] "POST /wp-cron.php?doing_wp_cron=1771883811.4558339118957519531250 HTTP/1.1" 200 31 "-" "WordPress/6.9; https://mentoring-wp.dreamsmarketplace.com"
152.233.20.25 - - [23/Feb/2026:21:56:51 +0000] "GET /xmlrpc.php HTTP/1.1" 405 53 "-" "Mozilla/5.0 (Windows NT 10.0; Win64; x64) AppleWebKit/537.36 (KHTML, like Gecko) Chrome/114.0.0.0 Safari/537.36"
152.233.20.25 - - [23/Feb/2026:21:56:51 +0000] "POST /xmlrpc.php HTTP/1.1" 301 178 "-" "Mozilla/5.0 (Windows NT 10.0; Win64; x64) AppleWebKit/537.36 (KHTML, like Gecko) Chrome/114.0.0.0 Safari/537.36"
172.187.168.139 - - [23/Feb/2026:21:56:52 +0000] "POST /wp-cron.php?doing_wp_cron=1771883812.7754309177398681640625 HTTP/1.1" 200 31 "-" "WordPress/6.9; https://mentoring-wp.dreamsmarketplace.com"
152.233.20.25 - - [23/Feb/2026:21:56:52 +0000] "GET /xmlrpc.php HTTP/1.1" 405 53 "-" "Mozilla/5.0 (Windows NT 10.0; Win64; x64) AppleWebKit/537.36 (KHTML, like Gecko) Chrome/114.0.0.0 Safari/537.36"
123.23.143.235 - - [23/Feb/2026:21:56:58 +0000] "GET /greatest-sweepstakes-gambling-luck-games-play-casino-slots-enterprises-in-america-2024-top-ten-web-sites/ HTTP/1.1" 301 178 "-" "Mozilla/5.0 (Windows NT 6.1; Win64; x64) AppleWebKit/537.36 (KHTML, like Gecko) Brave Chrome/88.0.4324.152 Safari/537.36"
41.184.102.102 - - [23/Feb/2026:21:57:11 +0000] "GET /greatest-sweepstakes-gambling-luck-games-play-casino-slots-enterprises-in-america-2024-top-ten-web-sites/ HTTP/1.1" 301 178 "-" "Mozilla/5.0 (Windows NT 10.0; Win64; x64) AppleWebKit/537.36 (KHTML, like Gecko) Brave Chrome/87.0.4280.141 Safari/537.36"
172.187.168.139 - - [23/Feb/2026:21:57:14 +0000] "POST /wp-cron.php?doing_wp_cron=1771883834.0564899444580078125000 HTTP/1.1" 200 31 "-" "WordPress/6.9; https://mentoring-wp.dreamsmarketplace.com"
123.18.39.241 - - [23/Feb/2026:21:57:14 +0000] "GET /greatest-sweepstakes-gambling-luck-games-play-casino-slots-enterprises-in-america-2024-top-ten-web-sites/ HTTP/1.1" 404 10984 "-" "Mozilla/5.0 (Windows NT 10.0; Win64; x64) AppleWebKit/537.36 (KHTML, like Gecko) Brave Chrome/87.0.4280.141 Safari/537.36"
98.98.33.86 - - [23/Feb/2026:21:59:08 +0000] "POST /xmlrpc.php HTTP/1.1" 301 178 "-" "Mozilla/5.0 (Windows NT 10.0; Win64; x64) AppleWebKit/537.36 (KHTML, like Gecko) Chrome/114.0.0.0 Safari/537.36"
172.187.168.139 - - [23/Feb/2026:21:59:10 +0000] "POST /wp-cron.php?doing_wp_cron=1771883950.2618200778961181640625 HTTP/1.1" 200 31 "-" "WordPress/6.9; https://mentoring-wp.dreamsmarketplace.com"
98.98.33.86 - - [23/Feb/2026:21:59:10 +0000] "GET /xmlrpc.php HTTP/1.1" 405 53 "-" "Mozilla/5.0 (Windows NT 10.0; Win64; x64) AppleWebKit/537.36 (KHTML, like Gecko) Chrome/114.0.0.0 Safari/537.36"
98.98.33.86 - - [23/Feb/2026:21:59:11 +0000] "POST /xmlrpc.php HTTP/1.1" 301 178 "-" "Mozilla/5.0 (Windows NT 10.0; Win64; x64) AppleWebKit/537.36 (KHTML, like Gecko) Chrome/114.0.0.0 Safari/537.36"
172.187.168.139 - - [23/Feb/2026:21:59:12 +0000] "POST /wp-cron.php?doing_wp_cron=1771883952.8004579544067382812500 HTTP/1.1" 200 31 "-" "WordPress/6.9; https://mentoring-wp.dreamsmarketplace.com"
98.98.33.86 - - [23/Feb/2026:21:59:12 +0000] "GET /xmlrpc.php HTTP/1.1" 405 53 "-" "Mozilla/5.0 (Windows NT 10.0; Win64; x64) AppleWebKit/537.36 (KHTML, like Gecko) Chrome/114.0.0.0 Safari/537.36"
185.143.147.177 - - [23/Feb/2026:22:02:20 +0000] "GET /wp-login.php HTTP/1.1" 499 0 "-" "Mozilla/5.0 (X11; Linux x86_64) AppleWebKit/537.36 (KHTML, like Gecko) Chrome/120.0.0.0 Safari/537.36"
52.47.116.139 - - [23/Feb/2026:22:05:15 +0000] "GET /wp-login.php HTTP/1.1" 301 178 "-" "Mozilla/5.0 (Windows NT 10.0; Win64; x64) AppleWebKit/537.36 (KHTML, like Gecko) Chrome/114.0.0.0 Safari/537.36"
172.187.168.139 - - [23/Feb/2026:22:05:17 +0000] "POST /wp-cron.php?doing_wp_cron=1771884317.3992149829864501953125 HTTP/1.1" 200 31 "-" "WordPress/6.9; https://mentoring-wp.dreamsmarketplace.com"
52.47.116.139 - - [23/Feb/2026:22:05:17 +0000] "GET /wp-login.php HTTP/1.1" 200 2470 "-" "Mozilla/5.0 (Windows NT 10.0; Win64; x64) AppleWebKit/537.36 (KHTML, like Gecko) Chrome/114.0.0.0 Safari/537.36"
172.187.168.139 - - [23/Feb/2026:22:05:19 +0000] "POST /wp-cron.php?doing_wp_cron=1771884319.0095210075378417968750 HTTP/1.1" 200 31 "-" "WordPress/6.9; https://mentoring-wp.dreamsmarketplace.com"
52.47.116.139 - - [23/Feb/2026:22:05:19 +0000] "POST /wp-login.php HTTP/1.1" 302 5 "-" "Mozilla/5.0 (Windows NT 10.0; Win64; x64) AppleWebKit/537.36 (KHTML, like Gecko) Chrome/114.0.0.0 Safari/537.36"
52.47.116.139 - - [23/Feb/2026:22:05:19 +0000] "GET / HTTP/1.1" 301 178 "-" "Mozilla/5.0 (Windows NT 10.0; Win64; x64) AppleWebKit/537.36 (KHTML, like Gecko) Chrome/114.0.0.0 Safari/537.36"
52.47.116.139 - - [23/Feb/2026:22:05:19 +0000] "GET /wp-admin/profile.php HTTP/1.1" 301 178 "https://mentoring-wp.dreamstechnologies.com/wp-admin/" "Mozilla/5.0 (Windows NT 10.0; Win64; x64) AppleWebKit/537.36 (KHTML, like Gecko) Chrome/114.0.0.0 Safari/537.36"
52.47.116.139 - - [23/Feb/2026:22:05:19 +0000] "GET /wp-admin/edit.php?post_type=page&paged=1 HTTP/1.1" 301 178 "https://mentoring-wp.dreamstechnologies.com/wp-admin/" "Mozilla/5.0 (Windows NT 10.0; Win64; x64) AppleWebKit/537.36 (KHTML, like Gecko) Chrome/114.0.0.0 Safari/537.36"
172.187.168.139 - - [23/Feb/2026:22:07:35 +0000] "POST /wp-cron.php?doing_wp_cron=1771884455.7593879699707031250000 HTTP/1.1" 200 31 "-" "WordPress/6.9; https://mentoring-wp.dreamsmarketplace.com"
185.143.147.177 - - [23/Feb/2026:22:07:35 +0000] "GET /wp-login.php HTTP/1.1" 200 2470 "-" "Mozilla/5.0 (Macintosh; Intel Mac OS X 10_15_7) AppleWebKit/537.36 (KHTML, like Gecko) Chrome/120.0.0.0 Safari/537.36"
172.187.168.139 - - [23/Feb/2026:22:07:37 +0000] "POST /wp-cron.php?doing_wp_cron=1771884457.2007570266723632812500 HTTP/1.1" 200 31 "-" "WordPress/6.9; https://mentoring-wp.dreamsmarketplace.com"
185.143.147.177 - - [23/Feb/2026:22:07:37 +0000] "POST /wp-login.php HTTP/1.1" 302 5 "https://mentoring-wp.dreamsmarketplace.com/wp-login.php" "Mozilla/5.0 (Macintosh; Intel Mac OS X 10_15_7) AppleWebKit/537.36 (KHTML, like Gecko) Chrome/120.0.0.0 Safari/537.36"
172.187.168.139 - - [23/Feb/2026:22:07:40 +0000] "POST /wp-cron.php?doing_wp_cron=1771884460.2108659744262695312500 HTTP/1.1" 200 31 "-" "WordPress/6.9; https://mentoring-wp.dreamsmarketplace.com"
185.143.147.177 - - [23/Feb/2026:22:07:40 +0000] "GET /wp-admin/ HTTP/1.1" 200 18240 "https://mentoring-wp.dreamsmarketplace.com/wp-login.php" "Mozilla/5.0 (Macintosh; Intel Mac OS X 10_15_7) AppleWebKit/537.36 (KHTML, like Gecko) Chrome/120.0.0.0 Safari/537.36"
172.187.168.139 - - [23/Feb/2026:22:07:43 +0000] "POST /wp-cron.php?doing_wp_cron=1771884463.2323050498962402343750 HTTP/1.1" 200 31 "-" "WordPress/6.9; https://mentoring-wp.dreamsmarketplace.com"
185.143.147.177 - - [23/Feb/2026:22:07:43 +0000] "GET /wp-admin/ HTTP/1.1" 200 18242 "-" "Mozilla/5.0 (Macintosh; Intel Mac OS X 10_15_7) AppleWebKit/537.36 (KHTML, like Gecko) Chrome/120.0.0.0 Safari/537.36"
172.187.168.139 - - [23/Feb/2026:22:07:46 +0000] "POST /wp-cron.php?doing_wp_cron=1771884466.0549700260162353515625 HTTP/1.1" 200 31 "-" "WordPress/6.9; https://mentoring-wp.dreamsmarketplace.com"
185.143.147.177 - - [23/Feb/2026:22:07:46 +0000] "GET /wp-admin/plugins.php HTTP/1.1" 200 77209 "-" "Mozilla/5.0 (Macintosh; Intel Mac OS X 10_15_7) AppleWebKit/537.36 (KHTML, like Gecko) Chrome/120.0.0.0 Safari/537.36"
172.187.168.139 - - [23/Feb/2026:22:07:49 +0000] "POST /wp-cron.php?doing_wp_cron=1771884469.1980121135711669921875 HTTP/1.1" 200 31 "-" "WordPress/6.9; https://mentoring-wp.dreamsmarketplace.com"
185.143.147.177 - - [23/Feb/2026:22:07:49 +0000] "GET /wp-admin/plugin-install.php HTTP/1.1" 200 73986 "-" "Mozilla/5.0 (Macintosh; Intel Mac OS X 10_15_7) AppleWebKit/537.36 (KHTML, like Gecko) Chrome/120.0.0.0 Safari/537.36"
172.187.168.139 - - [23/Feb/2026:22:07:51 +0000] "POST /wp-cron.php?doing_wp_cron=1771884471.6555309295654296875000 HTTP/1.1" 200 31 "-" "WordPress/6.9; https://mentoring-wp.dreamsmarketplace.com"
185.143.147.177 - - [23/Feb/2026:22:07:51 +0000] "POST /wp-admin/update.php?action=upload-plugin HTTP/1.1" 500 2583 "https://mentoring-wp.dreamsmarketplace.com/wp-admin/plugin-install.php?tab=upload" "Mozilla/5.0 (Macintosh; Intel Mac OS X 10_15_7) AppleWebKit/537.36 (KHTML, like Gecko) Chrome/120.0.0.0 Safari/537.36"
172.187.168.139 - - [23/Feb/2026:22:07:53 +0000] "POST /wp-cron.php?doing_wp_cron=1771884473.1439230442047119140625 HTTP/1.1" 200 31 "-" "WordPress/6.9; https://mentoring-wp.dreamsmarketplace.com"
185.143.147.177 - - [23/Feb/2026:22:07:53 +0000] "GET /wp-admin/options-general.php?page=classiceditortools-settings HTTP/1.1" 403 1148 "-" "Mozilla/5.0 (Macintosh; Intel Mac OS X 10_15_7) AppleWebKit/537.36 (KHTML, like Gecko) Chrome/120.0.0.0 Safari/537.36"
82.163.172.21 - - [23/Feb/2026:22:10:22 +0000] "POST /xmlrpc.php HTTP/1.1" 301 178 "-" "Python-xmlrpc/3.11"
152.233.20.25 - - [23/Feb/2026:22:11:00 +0000] "POST /xmlrpc.php HTTP/1.1" 301 178 "-" "Mozilla/5.0 (Windows NT 10.0; Win64; x64) AppleWebKit/537.36 (KHTML, like Gecko) Chrome/114.0.0.0 Safari/537.36"
172.187.168.139 - - [23/Feb/2026:22:11:05 +0000] "POST /wp-cron.php?doing_wp_cron=1771884665.4439120292663574218750 HTTP/1.1" 200 31 "-" "WordPress/6.9; https://mentoring-wp.dreamsmarketplace.com"
152.233.20.25 - - [23/Feb/2026:22:11:05 +0000] "GET /xmlrpc.php HTTP/1.1" 405 53 "-" "Mozilla/5.0 (Windows NT 10.0; Win64; x64) AppleWebKit/537.36 (KHTML, like Gecko) Chrome/114.0.0.0 Safari/537.36"
152.233.20.25 - - [23/Feb/2026:22:11:06 +0000] "POST /xmlrpc.php HTTP/1.1" 301 178 "-" "Mozilla/5.0 (Windows NT 10.0; Win64; x64) AppleWebKit/537.36 (KHTML, like Gecko) Chrome/114.0.0.0 Safari/537.36"
172.187.168.139 - - [23/Feb/2026:22:11:07 +0000] "POST /wp-cron.php?doing_wp_cron=1771884667.1420829296112060546875 HTTP/1.1" 200 31 "-" "WordPress/6.9; https://mentoring-wp.dreamsmarketplace.com"
152.233.20.25 - - [23/Feb/2026:22:11:07 +0000] "GET /xmlrpc.php HTTP/1.1" 405 53 "-" "Mozilla/5.0 (Windows NT 10.0; Win64; x64) AppleWebKit/537.36 (KHTML, like Gecko) Chrome/114.0.0.0 Safari/537.36"
172.187.168.139 - - [23/Feb/2026:22:12:21 +0000] "POST /wp-cron.php?doing_wp_cron=1771884741.2566859722137451171875 HTTP/1.1" 200 31 "-" "WordPress/6.9; https://mentoring-wp.dreamsmarketplace.com"
52.167.144.198 - - [23/Feb/2026:22:12:21 +0000] "GET /advantage-to-play-jurassic-playground-trilogy-by-the-igt/ HTTP/1.1" 404 10942 "-" "Mozilla/5.0 AppleWebKit/537.36 (KHTML, like Gecko; compatible; bingbot/2.0; +http://www.bing.com/bingbot.htm) Chrome/116.0.1938.76 Safari/537.36"
161.77.140.48 - - [23/Feb/2026:22:14:39 +0000] "POST /xmlrpc.php HTTP/1.1" 301 178 "-" "Python-xmlrpc/3.11"
146.103.112.41 - - [23/Feb/2026:22:17:38 +0000] "GET /wp-login.php HTTP/1.1" 301 178 "-" "Mozilla/5.0 (Windows NT 10.0; Win64; x64) AppleWebKit/537.36 (KHTML, like Gecko) Chrome/101.0.4951.64 Safari/537.36 Edg/101.0.1210.47"
146.103.112.41 - - [23/Feb/2026:22:19:52 +0000] "GET /wp-login.php HTTP/1.1" 301 178 "-" "Mozilla/5.0 (Windows NT 10.0; Win64; x64) AppleWebKit/537.36 (KHTML, like Gecko) Chrome/116.0.0.0 Safari/537.36"
128.1.179.114 - - [23/Feb/2026:22:20:14 +0000] "POST /xmlrpc.php HTTP/1.1" 301 178 "-" "Mozilla/5.0 (Windows NT 10.0; Win64; x64) AppleWebKit/537.36 (KHTML, like Gecko) Chrome/114.0.0.0 Safari/537.36"
172.187.168.139 - - [23/Feb/2026:22:20:17 +0000] "POST /wp-cron.php?doing_wp_cron=1771885217.0652201175689697265625 HTTP/1.1" 200 31 "-" "WordPress/6.9; https://mentoring-wp.dreamsmarketplace.com"
128.1.179.114 - - [23/Feb/2026:22:20:17 +0000] "GET /xmlrpc.php HTTP/1.1" 405 53 "-" "Mozilla/5.0 (Windows NT 10.0; Win64; x64) AppleWebKit/537.36 (KHTML, like Gecko) Chrome/114.0.0.0 Safari/537.36"
