172.187.168.139 - - [23/Feb/2026:09:32:50 +0000] "POST /wp-cron.php?doing_wp_cron=1771839170.4119288921356201171875 HTTP/1.1" 200 31 "-" "WordPress/6.9; https://mentoring-wp.dreamsmarketplace.com"
165.73.240.119 - - [23/Feb/2026:09:32:50 +0000] "GET /xmlrpc.php HTTP/1.1" 405 53 "-" "Mozilla/5.0 (Windows NT 10.0; Win64; x64) AppleWebKit/537.36 (KHTML, like Gecko) Chrome/114.0.0.0 Safari/537.36"
165.73.240.119 - - [23/Feb/2026:09:32:51 +0000] "POST /xmlrpc.php HTTP/1.1" 301 178 "-" "Mozilla/5.0 (Windows NT 10.0; Win64; x64) AppleWebKit/537.36 (KHTML, like Gecko) Chrome/114.0.0.0 Safari/537.36"
172.187.168.139 - - [23/Feb/2026:09:32:53 +0000] "POST /wp-cron.php?doing_wp_cron=1771839173.9148321151733398437500 HTTP/1.1" 200 31 "-" "WordPress/6.9; https://mentoring-wp.dreamsmarketplace.com"
165.73.240.119 - - [23/Feb/2026:09:32:53 +0000] "GET /xmlrpc.php HTTP/1.1" 405 53 "-" "Mozilla/5.0 (Windows NT 10.0; Win64; x64) AppleWebKit/537.36 (KHTML, like Gecko) Chrome/114.0.0.0 Safari/537.36"
2a03:2880:f800:a:: - - [23/Feb/2026:09:33:08 +0000] "GET /dumneata-cazinouri-online-playson-sloturi-s-jocuri-legale-rotiri-gratuite-wild-games-fara-depozit-spre-romania-2024/ HTTP/1.1" 301 178 "-" "meta-externalagent/1.1 (+https://developers.facebook.com/docs/sharing/webmasters/crawler)"
2a03:2880:f800:22:: - - [23/Feb/2026:09:34:08 +0000] "GET /casino-en-ligne-fiable-bonus-sans-depot-2025/ HTTP/1.1" 301 178 "-" "meta-externalagent/1.1 (+https://developers.facebook.com/docs/sharing/webmasters/crawler)"
223.181.16.62 - - [23/Feb/2026:09:34:28 +0000] "GET / HTTP/1.1" 301 178 "https://preview.themeforest.net/" "Mozilla/5.0 (Windows NT 10.0; Win64; x64) AppleWebKit/537.36 (KHTML, like Gecko) Chrome/145.0.0.0 Safari/537.36"
172.187.168.139 - - [23/Feb/2026:09:34:31 +0000] "POST /wp-cron.php?doing_wp_cron=1771839271.3368980884552001953125 HTTP/1.1" 200 31 "-" "WordPress/6.9; https://mentoring-wp.dreamsmarketplace.com"
223.181.16.62 - - [23/Feb/2026:09:34:31 +0000] "GET / HTTP/1.1" 200 14873 "https://preview.themeforest.net/" "Mozilla/5.0 (Windows NT 10.0; Win64; x64) AppleWebKit/537.36 (KHTML, like Gecko) Chrome/145.0.0.0 Safari/537.36"
223.181.16.62 - - [23/Feb/2026:09:34:32 +0000] "GET /wp-content/plugins/contact-form-7/includes/css/styles.css?ver=6.1.4 HTTP/1.1" 304 0 "https://mentoring-wp.dreamsmarketplace.com/" "Mozilla/5.0 (Windows NT 10.0; Win64; x64) AppleWebKit/537.36 (KHTML, like Gecko) Chrome/145.0.0.0 Safari/537.36"
223.181.16.62 - - [23/Feb/2026:09:34:32 +0000] "GET /wp-content/plugins/frontend-reset-password/assets/css/password-lost.css?ver=6.9 HTTP/1.1" 304 0 "https://mentoring-wp.dreamsmarketplace.com/" "Mozilla/5.0 (Windows NT 10.0; Win64; x64) AppleWebKit/537.36 (KHTML, like Gecko) Chrome/145.0.0.0 Safari/537.36"
223.181.16.62 - - [23/Feb/2026:09:34:33 +0000] "GET /wp-content/themes/mentoring/assets/css/bootstrap.min.css?ver=5.3.2 HTTP/1.1" 304 0 "https://mentoring-wp.dreamsmarketplace.com/" "Mozilla/5.0 (Windows NT 10.0; Win64; x64) AppleWebKit/537.36 (KHTML, like Gecko) Chrome/145.0.0.0 Safari/537.36"
223.181.16.62 - - [23/Feb/2026:09:34:33 +0000] "GET /wp-content/themes/mentoring/assets/css/flaticon.css?ver=1.3.5 HTTP/1.1" 304 0 "https://mentoring-wp.dreamsmarketplace.com/" "Mozilla/5.0 (Windows NT 10.0; Win64; x64) AppleWebKit/537.36 (KHTML, like Gecko) Chrome/145.0.0.0 Safari/537.36"
223.181.16.62 - - [23/Feb/2026:09:34:34 +0000] "GET /wp-content/themes/mentoring/assets/css/magnific-popup.css?ver=1.1.0 HTTP/1.1" 304 0 "https://mentoring-wp.dreamsmarketplace.com/" "Mozilla/5.0 (Windows NT 10.0; Win64; x64) AppleWebKit/537.36 (KHTML, like Gecko) Chrome/145.0.0.0 Safari/537.36"
223.181.16.62 - - [23/Feb/2026:09:34:34 +0000] "GET /wp-content/themes/mentoring/assets/css/v4-shims.min.css?ver=5.11.2 HTTP/1.1" 304 0 "https://mentoring-wp.dreamsmarketplace.com/" "Mozilla/5.0 (Windows NT 10.0; Win64; x64) AppleWebKit/537.36 (KHTML, like Gecko) Chrome/145.0.0.0 Safari/537.36"
223.181.16.62 - - [23/Feb/2026:09:34:34 +0000] "GET /wp-content/themes/mentoring/assets/css/slick.css?ver=1.0.0 HTTP/1.1" 304 0 "https://mentoring-wp.dreamsmarketplace.com/" "Mozilla/5.0 (Windows NT 10.0; Win64; x64) AppleWebKit/537.36 (KHTML, like Gecko) Chrome/145.0.0.0 Safari/537.36"
223.181.16.62 - - [23/Feb/2026:09:34:34 +0000] "GET /wp-content/themes/mentoring/assets/css/all.min.css?ver=6.4.2 HTTP/1.1" 304 0 "https://mentoring-wp.dreamsmarketplace.com/" "Mozilla/5.0 (Windows NT 10.0; Win64; x64) AppleWebKit/537.36 (KHTML, like Gecko) Chrome/145.0.0.0 Safari/537.36"
223.181.16.62 - - [23/Feb/2026:09:34:34 +0000] "GET /wp-content/themes/mentoring/assets/css/animate.min.css?ver=4.1.1 HTTP/1.1" 304 0 "https://mentoring-wp.dreamsmarketplace.com/" "Mozilla/5.0 (Windows NT 10.0; Win64; x64) AppleWebKit/537.36 (KHTML, like Gecko) Chrome/145.0.0.0 Safari/537.36"
223.181.16.62 - - [23/Feb/2026:09:34:34 +0000] "GET /wp-content/themes/mentoring/assets/css/responsive.css?ver=1.3.5 HTTP/1.1" 304 0 "https://mentoring-wp.dreamsmarketplace.com/" "Mozilla/5.0 (Windows NT 10.0; Win64; x64) AppleWebKit/537.36 (KHTML, like Gecko) Chrome/145.0.0.0 Safari/537.36"
223.181.16.62 - - [23/Feb/2026:09:34:34 +0000] "GET /wp-content/plugins/woocommerce/assets/css/select2.css?ver=10.4.3 HTTP/1.1" 304 0 "https://mentoring-wp.dreamsmarketplace.com/" "Mozilla/5.0 (Windows NT 10.0; Win64; x64) AppleWebKit/537.36 (KHTML, like Gecko) Chrome/145.0.0.0 Safari/537.36"
223.181.16.62 - - [23/Feb/2026:09:34:34 +0000] "GET /wp-content/themes/mentoring/style.css?ver=6.9 HTTP/1.1" 304 0 "https://mentoring-wp.dreamsmarketplace.com/" "Mozilla/5.0 (Windows NT 10.0; Win64; x64) AppleWebKit/537.36 (KHTML, like Gecko) Chrome/145.0.0.0 Safari/537.36"
223.181.16.62 - - [23/Feb/2026:09:34:34 +0000] "GET /wp-content/themes/mentoring/assets/css/font-awesome.min.css?ver=6.4.2 HTTP/1.1" 304 0 "https://mentoring-wp.dreamsmarketplace.com/" "Mozilla/5.0 (Windows NT 10.0; Win64; x64) AppleWebKit/537.36 (KHTML, like Gecko) Chrome/145.0.0.0 Safari/537.36"
223.181.16.62 - - [23/Feb/2026:09:34:34 +0000] "GET /wp-content/themes/mentoring/assets/css/dynamic.css?ver=6.9 HTTP/1.1" 304 0 "https://mentoring-wp.dreamsmarketplace.com/" "Mozilla/5.0 (Windows NT 10.0; Win64; x64) AppleWebKit/537.36 (KHTML, like Gecko) Chrome/145.0.0.0 Safari/537.36"
223.181.16.62 - - [23/Feb/2026:09:34:34 +0000] "GET /wp-content/themes/mentoring/assets/css/theme.css?ver=1.3.5 HTTP/1.1" 304 0 "https://mentoring-wp.dreamsmarketplace.com/" "Mozilla/5.0 (Windows NT 10.0; Win64; x64) AppleWebKit/537.36 (KHTML, like Gecko) Chrome/145.0.0.0 Safari/537.36"
223.181.16.62 - - [23/Feb/2026:09:34:34 +0000] "GET /wp-content/themes/mentoring/assets/css/theme-woocommerce.css?ver=1.0.0 HTTP/1.1" 304 0 "https://mentoring-wp.dreamsmarketplace.com/" "Mozilla/5.0 (Windows NT 10.0; Win64; x64) AppleWebKit/537.36 (KHTML, like Gecko) Chrome/145.0.0.0 Safari/537.36"
223.181.16.62 - - [23/Feb/2026:09:34:34 +0000] "GET /wp-content/plugins/woocommerce/assets/client/blocks/wc-blocks.css?ver=wc-10.4.3 HTTP/1.1" 304 0 "https://mentoring-wp.dreamsmarketplace.com/" "Mozilla/5.0 (Windows NT 10.0; Win64; x64) AppleWebKit/537.36 (KHTML, like Gecko) Chrome/145.0.0.0 Safari/537.36"
223.181.16.62 - - [23/Feb/2026:09:34:34 +0000] "GET /wp-includes/js/jquery/jquery.min.js?ver=3.7.1 HTTP/1.1" 304 0 "https://mentoring-wp.dreamsmarketplace.com/" "Mozilla/5.0 (Windows NT 10.0; Win64; x64) AppleWebKit/537.36 (KHTML, like Gecko) Chrome/145.0.0.0 Safari/537.36"
223.181.16.62 - - [23/Feb/2026:09:34:34 +0000] "GET /wp-includes/js/jquery/jquery-migrate.min.js?ver=3.4.1 HTTP/1.1" 304 0 "https://mentoring-wp.dreamsmarketplace.com/" "Mozilla/5.0 (Windows NT 10.0; Win64; x64) AppleWebKit/537.36 (KHTML, like Gecko) Chrome/145.0.0.0 Safari/537.36"
223.181.16.62 - - [23/Feb/2026:09:34:34 +0000] "GET /wp-content/uploads/2022/06/user8.jpg HTTP/1.1" 200 14436 "https://mentoring-wp.dreamsmarketplace.com/" "Mozilla/5.0 (Windows NT 10.0; Win64; x64) AppleWebKit/537.36 (KHTML, like Gecko) Chrome/145.0.0.0 Safari/537.36"
223.181.16.62 - - [23/Feb/2026:09:34:34 +0000] "GET /wp-content/themes/mentoring/assets/css/dashboard.css?ver=6.9 HTTP/1.1" 304 0 "https://mentoring-wp.dreamsmarketplace.com/" "Mozilla/5.0 (Windows NT 10.0; Win64; x64) AppleWebKit/537.36 (KHTML, like Gecko) Chrome/145.0.0.0 Safari/537.36"
223.181.16.62 - - [23/Feb/2026:09:34:34 +0000] "GET /wp-content/themes/mentoring/assets/images/logo.png HTTP/1.1" 304 0 "https://mentoring-wp.dreamsmarketplace.com/" "Mozilla/5.0 (Windows NT 10.0; Win64; x64) AppleWebKit/537.36 (KHTML, like Gecko) Chrome/145.0.0.0 Safari/537.36"
223.181.16.62 - - [23/Feb/2026:09:34:35 +0000] "GET /wp-content/uploads/2022/06/user4-1.jpg HTTP/1.1" 200 21157 "https://mentoring-wp.dreamsmarketplace.com/" "Mozilla/5.0 (Windows NT 10.0; Win64; x64) AppleWebKit/537.36 (KHTML, like Gecko) Chrome/145.0.0.0 Safari/537.36"
223.181.16.62 - - [23/Feb/2026:09:34:35 +0000] "GET /wp-content/uploads/2022/06/user2-1.jpg HTTP/1.1" 200 13069 "https://mentoring-wp.dreamsmarketplace.com/" "Mozilla/5.0 (Windows NT 10.0; Win64; x64) AppleWebKit/537.36 (KHTML, like Gecko) Chrome/145.0.0.0 Safari/537.36"
223.181.16.62 - - [23/Feb/2026:09:34:35 +0000] "GET /wp-content/plugins/contact-form-7/includes/js/index.js?ver=6.1.4 HTTP/1.1" 304 0 "https://mentoring-wp.dreamsmarketplace.com/" "Mozilla/5.0 (Windows NT 10.0; Win64; x64) AppleWebKit/537.36 (KHTML, like Gecko) Chrome/145.0.0.0 Safari/537.36"
223.181.16.62 - - [23/Feb/2026:09:34:35 +0000] "GET /wp-includes/js/masonry.min.js?ver=4.2.2 HTTP/1.1" 304 0 "https://mentoring-wp.dreamsmarketplace.com/" "Mozilla/5.0 (Windows NT 10.0; Win64; x64) AppleWebKit/537.36 (KHTML, like Gecko) Chrome/145.0.0.0 Safari/537.36"
223.181.16.62 - - [23/Feb/2026:09:34:35 +0000] "GET /wp-includes/js/dist/hooks.min.js?ver=dd5603f07f9220ed27f1 HTTP/1.1" 304 0 "https://mentoring-wp.dreamsmarketplace.com/" "Mozilla/5.0 (Windows NT 10.0; Win64; x64) AppleWebKit/537.36 (KHTML, like Gecko) Chrome/145.0.0.0 Safari/537.36"
223.181.16.62 - - [23/Feb/2026:09:34:35 +0000] "GET /wp-includes/js/dist/i18n.min.js?ver=c26c3dc7bed366793375 HTTP/1.1" 304 0 "https://mentoring-wp.dreamsmarketplace.com/" "Mozilla/5.0 (Windows NT 10.0; Win64; x64) AppleWebKit/537.36 (KHTML, like Gecko) Chrome/145.0.0.0 Safari/537.36"
223.181.16.62 - - [23/Feb/2026:09:34:35 +0000] "GET /wp-content/themes/mentoring/assets/js/jquery.countTo.js?ver=1.3.5 HTTP/1.1" 304 0 "https://mentoring-wp.dreamsmarketplace.com/" "Mozilla/5.0 (Windows NT 10.0; Win64; x64) AppleWebKit/537.36 (KHTML, like Gecko) Chrome/145.0.0.0 Safari/537.36"
223.181.16.62 - - [23/Feb/2026:09:34:35 +0000] "GET /wp-content/plugins/contact-form-7/includes/swv/js/index.js?ver=6.1.4 HTTP/1.1" 304 0 "https://mentoring-wp.dreamsmarketplace.com/" "Mozilla/5.0 (Windows NT 10.0; Win64; x64) AppleWebKit/537.36 (KHTML, like Gecko) Chrome/145.0.0.0 Safari/537.36"
223.181.16.62 - - [23/Feb/2026:09:34:35 +0000] "GET /wp-content/plugins/frontend-reset-password/assets/js/password-lost.js?ver=1.0.0 HTTP/1.1" 304 0 "https://mentoring-wp.dreamsmarketplace.com/" "Mozilla/5.0 (Windows NT 10.0; Win64; x64) AppleWebKit/537.36 (KHTML, like Gecko) Chrome/145.0.0.0 Safari/537.36"
223.181.16.62 - - [23/Feb/2026:09:34:35 +0000] "GET /wp-content/themes/mentoring/assets/js/magnific-popup.js?ver=1.1.0 HTTP/1.1" 304 0 "https://mentoring-wp.dreamsmarketplace.com/" "Mozilla/5.0 (Windows NT 10.0; Win64; x64) AppleWebKit/537.36 (KHTML, like Gecko) Chrome/145.0.0.0 Safari/537.36"
223.181.16.62 - - [23/Feb/2026:09:34:35 +0000] "GET /wp-includes/js/imagesloaded.min.js?ver=5.0.0 HTTP/1.1" 304 0 "https://mentoring-wp.dreamsmarketplace.com/" "Mozilla/5.0 (Windows NT 10.0; Win64; x64) AppleWebKit/537.36 (KHTML, like Gecko) Chrome/145.0.0.0 Safari/537.36"
223.181.16.62 - - [23/Feb/2026:09:34:35 +0000] "GET /wp-content/themes/mentoring/assets/js/bootstrap.bundle.min.js?ver=5.3.2 HTTP/1.1" 304 0 "https://mentoring-wp.dreamsmarketplace.com/" "Mozilla/5.0 (Windows NT 10.0; Win64; x64) AppleWebKit/537.36 (KHTML, like Gecko) Chrome/145.0.0.0 Safari/537.36"
223.181.16.62 - - [23/Feb/2026:09:34:35 +0000] "GET /wp-content/themes/mentoring/assets/js/jquery.inview.min.js?ver=1.3.5 HTTP/1.1" 304 0 "https://mentoring-wp.dreamsmarketplace.com/" "Mozilla/5.0 (Windows NT 10.0; Win64; x64) AppleWebKit/537.36 (KHTML, like Gecko) Chrome/145.0.0.0 Safari/537.36"
223.181.16.62 - - [23/Feb/2026:09:34:35 +0000] "GET /wp-content/themes/mentoring/assets/js/popper.min.js?ver=1.3.5 HTTP/1.1" 304 0 "https://mentoring-wp.dreamsmarketplace.com/" "Mozilla/5.0 (Windows NT 10.0; Win64; x64) AppleWebKit/537.36 (KHTML, like Gecko) Chrome/145.0.0.0 Safari/537.36"
223.181.16.62 - - [23/Feb/2026:09:34:35 +0000] "GET /wp-content/plugins/woocommerce/assets/js/frontend/order-attribution.min.js?ver=10.4.3 HTTP/1.1" 304 0 "https://mentoring-wp.dreamsmarketplace.com/" "Mozilla/5.0 (Windows NT 10.0; Win64; x64) AppleWebKit/537.36 (KHTML, like Gecko) Chrome/145.0.0.0 Safari/537.36"
223.181.16.62 - - [23/Feb/2026:09:34:35 +0000] "GET /wp-content/themes/mentoring/assets/js/theme.js?ver=1.3.5 HTTP/1.1" 304 0 "https://mentoring-wp.dreamsmarketplace.com/" "Mozilla/5.0 (Windows NT 10.0; Win64; x64) AppleWebKit/537.36 (KHTML, like Gecko) Chrome/145.0.0.0 Safari/537.36"
223.181.16.62 - - [23/Feb/2026:09:34:35 +0000] "GET /wp-content/themes/mentoring/assets/js/isotope.min.js?ver=6.9 HTTP/1.1" 304 0 "https://mentoring-wp.dreamsmarketplace.com/" "Mozilla/5.0 (Windows NT 10.0; Win64; x64) AppleWebKit/537.36 (KHTML, like Gecko) Chrome/145.0.0.0 Safari/537.36"
223.181.16.62 - - [23/Feb/2026:09:34:35 +0000] "GET /wp-content/plugins/woocommerce/assets/js/sourcebuster/sourcebuster.min.js?ver=10.4.3 HTTP/1.1" 304 0 "https://mentoring-wp.dreamsmarketplace.com/" "Mozilla/5.0 (Windows NT 10.0; Win64; x64) AppleWebKit/537.36 (KHTML, like Gecko) Chrome/145.0.0.0 Safari/537.36"
223.181.16.62 - - [23/Feb/2026:09:34:35 +0000] "GET /wp-includes/js/wp-util.min.js?ver=6.9 HTTP/1.1" 304 0 "https://mentoring-wp.dreamsmarketplace.com/" "Mozilla/5.0 (Windows NT 10.0; Win64; x64) AppleWebKit/537.36 (KHTML, like Gecko) Chrome/145.0.0.0 Safari/537.36"
223.181.16.62 - - [23/Feb/2026:09:34:35 +0000] "GET /wp-content/plugins/woocommerce/assets/js/select2/select2.full.min.js?ver=4.0.3-wc.10.4.3 HTTP/1.1" 304 0 "https://mentoring-wp.dreamsmarketplace.com/" "Mozilla/5.0 (Windows NT 10.0; Win64; x64) AppleWebKit/537.36 (KHTML, like Gecko) Chrome/145.0.0.0 Safari/537.36"
223.181.16.62 - - [23/Feb/2026:09:34:35 +0000] "GET /wp-content/themes/mentoring/assets/js/slick.min.js?ver=1.3.5 HTTP/1.1" 304 0 "https://mentoring-wp.dreamsmarketplace.com/" "Mozilla/5.0 (Windows NT 10.0; Win64; x64) AppleWebKit/537.36 (KHTML, like Gecko) Chrome/145.0.0.0 Safari/537.36"
223.181.16.62 - - [23/Feb/2026:09:34:35 +0000] "GET /wp-content/themes/mentoring/assets/js/theme-woocommerce.js?ver=1.0.0 HTTP/1.1" 304 0 "https://mentoring-wp.dreamsmarketplace.com/" "Mozilla/5.0 (Windows NT 10.0; Win64; x64) AppleWebKit/537.36 (KHTML, like Gecko) Chrome/145.0.0.0 Safari/537.36"
223.181.16.62 - - [23/Feb/2026:09:34:35 +0000] "GET /wp-content/themes/mentoring/assets/js/mentoring_callback.js?ver=1.3.5 HTTP/1.1" 304 0 "https://mentoring-wp.dreamsmarketplace.com/" "Mozilla/5.0 (Windows NT 10.0; Win64; x64) AppleWebKit/537.36 (KHTML, like Gecko) Chrome/145.0.0.0 Safari/537.36"
223.181.16.62 - - [23/Feb/2026:09:34:35 +0000] "GET /wp-content/uploads/2022/07/user3-1.jpg HTTP/1.1" 200 17710 "https://mentoring-wp.dreamsmarketplace.com/" "Mozilla/5.0 (Windows NT 10.0; Win64; x64) AppleWebKit/537.36 (KHTML, like Gecko) Chrome/145.0.0.0 Safari/537.36"
223.181.16.62 - - [23/Feb/2026:09:34:35 +0000] "GET /wp-includes/js/underscore.min.js?ver=1.13.7 HTTP/1.1" 304 0 "https://mentoring-wp.dreamsmarketplace.com/" "Mozilla/5.0 (Windows NT 10.0; Win64; x64) AppleWebKit/537.36 (KHTML, like Gecko) Chrome/145.0.0.0 Safari/537.36"
223.181.16.62 - - [23/Feb/2026:09:34:35 +0000] "GET /wp-content/uploads/2022/01/path-img5.jpg HTTP/1.1" 304 0 "https://mentoring-wp.dreamsmarketplace.com/" "Mozilla/5.0 (Windows NT 10.0; Win64; x64) AppleWebKit/537.36 (KHTML, like Gecko) Chrome/145.0.0.0 Safari/537.36"
223.181.16.62 - - [23/Feb/2026:09:34:35 +0000] "GET /wp-content/uploads/2022/01/path-img3.jpg HTTP/1.1" 304 0 "https://mentoring-wp.dreamsmarketplace.com/" "Mozilla/5.0 (Windows NT 10.0; Win64; x64) AppleWebKit/537.36 (KHTML, like Gecko) Chrome/145.0.0.0 Safari/537.36"
223.181.16.62 - - [23/Feb/2026:09:34:35 +0000] "GET /wp-content/uploads/2022/01/path-img2.jpg HTTP/1.1" 304 0 "https://mentoring-wp.dreamsmarketplace.com/" "Mozilla/5.0 (Windows NT 10.0; Win64; x64) AppleWebKit/537.36 (KHTML, like Gecko) Chrome/145.0.0.0 Safari/537.36"
223.181.16.62 - - [23/Feb/2026:09:34:35 +0000] "GET /wp-content/uploads/2021/09/path-img2.jpg HTTP/1.1" 304 0 "https://mentoring-wp.dreamsmarketplace.com/" "Mozilla/5.0 (Windows NT 10.0; Win64; x64) AppleWebKit/537.36 (KHTML, like Gecko) Chrome/145.0.0.0 Safari/537.36"
223.181.16.62 - - [23/Feb/2026:09:34:35 +0000] "GET /wp-content/uploads/2022/01/path-img4.jpg HTTP/1.1" 304 0 "https://mentoring-wp.dreamsmarketplace.com/" "Mozilla/5.0 (Windows NT 10.0; Win64; x64) AppleWebKit/537.36 (KHTML, like Gecko) Chrome/145.0.0.0 Safari/537.36"
223.181.16.62 - - [23/Feb/2026:09:34:35 +0000] "GET /wp-content/uploads/2022/07/blog-04.jpg HTTP/1.1" 200 127619 "https://mentoring-wp.dreamsmarketplace.com/" "Mozilla/5.0 (Windows NT 10.0; Win64; x64) AppleWebKit/537.36 (KHTML, like Gecko) Chrome/145.0.0.0 Safari/537.36"
223.181.16.62 - - [23/Feb/2026:09:34:35 +0000] "GET /wp-content/uploads/2022/07/blog-10.jpg HTTP/1.1" 200 118321 "https://mentoring-wp.dreamsmarketplace.com/" "Mozilla/5.0 (Windows NT 10.0; Win64; x64) AppleWebKit/537.36 (KHTML, like Gecko) Chrome/145.0.0.0 Safari/537.36"
223.181.16.62 - - [23/Feb/2026:09:34:35 +0000] "GET /wp-content/uploads/2022/01/path-img6.jpg HTTP/1.1" 304 0 "https://mentoring-wp.dreamsmarketplace.com/" "Mozilla/5.0 (Windows NT 10.0; Win64; x64) AppleWebKit/537.36 (KHTML, like Gecko) Chrome/145.0.0.0 Safari/537.36"
223.181.16.62 - - [23/Feb/2026:09:34:35 +0000] "GET /wp-content/uploads/2022/01/path-img7.jpg HTTP/1.1" 304 0 "https://mentoring-wp.dreamsmarketplace.com/" "Mozilla/5.0 (Windows NT 10.0; Win64; x64) AppleWebKit/537.36 (KHTML, like Gecko) Chrome/145.0.0.0 Safari/537.36"
223.181.16.62 - - [23/Feb/2026:09:34:35 +0000] "GET /wp-content/uploads/2022/01/banner.jpg HTTP/1.1" 304 0 "https://mentoring-wp.dreamsmarketplace.com/" "Mozilla/5.0 (Windows NT 10.0; Win64; x64) AppleWebKit/537.36 (KHTML, like Gecko) Chrome/145.0.0.0 Safari/537.36"
223.181.16.62 - - [23/Feb/2026:09:34:35 +0000] "GET /wp-content/uploads/2022/01/path-img8.jpg HTTP/1.1" 304 0 "https://mentoring-wp.dreamsmarketplace.com/" "Mozilla/5.0 (Windows NT 10.0; Win64; x64) AppleWebKit/537.36 (KHTML, like Gecko) Chrome/145.0.0.0 Safari/537.36"
223.181.16.62 - - [23/Feb/2026:09:34:35 +0000] "GET /wp-content/themes/mentoring/assets/fonts/fa-solid-900.woff2 HTTP/1.1" 200 150020 "https://mentoring-wp.dreamsmarketplace.com/wp-content/themes/mentoring/assets/css/all.min.css?ver=6.4.2" "Mozilla/5.0 (Windows NT 10.0; Win64; x64) AppleWebKit/537.36 (KHTML, like Gecko) Chrome/145.0.0.0 Safari/537.36"
223.181.16.62 - - [23/Feb/2026:09:34:36 +0000] "GET /wp-includes/js/wp-emoji-release.min.js?ver=6.9 HTTP/1.1" 304 0 "https://mentoring-wp.dreamsmarketplace.com/" "Mozilla/5.0 (Windows NT 10.0; Win64; x64) AppleWebKit/537.36 (KHTML, like Gecko) Chrome/145.0.0.0 Safari/537.36"
79.110.137.75 - - [23/Feb/2026:09:34:45 +0000] "POST /xmlrpc.php HTTP/1.1" 301 178 "-" "Python-xmlrpc/3.14"
79.110.137.75 - - [23/Feb/2026:09:34:45 +0000] "POST /xmlrpc.php HTTP/1.1" 301 178 "-" "Python-xmlrpc/3.14"
2a03:2880:f800:42:: - - [23/Feb/2026:09:35:33 +0000] "GET /aristocrats-brand-new-buffalo-slot-in-the-end-arriving-at-web-150-chances-desert-treasure-based-casinos/ HTTP/1.1" 301 178 "-" "meta-externalagent/1.1 (+https://developers.facebook.com/docs/sharing/webmasters/crawler)"
14.234.159.194 - - [23/Feb/2026:09:35:33 +0000] "GET /mentors/travis-trimble/page/7/ HTTP/1.1" 301 178 "-" "Mozilla/5.0 (Windows NT 6.1) AppleWebKit/537.36 (KHTML, like Gecko) Chrome/88.0.4324.104 Safari/537.36"
172.187.168.139 - - [23/Feb/2026:09:35:39 +0000] "POST /wp-cron.php?doing_wp_cron=1771839339.0803530216217041015625 HTTP/1.1" 200 31 "-" "WordPress/6.9; https://mentoring-wp.dreamsmarketplace.com"
113.174.228.9 - - [23/Feb/2026:09:35:39 +0000] "GET /mentors/travis-trimble/page/7/ HTTP/1.1" 404 10941 "-" "Mozilla/5.0 (Windows NT 6.1) AppleWebKit/537.36 (KHTML, like Gecko) Chrome/88.0.4324.104 Safari/537.36"
52.167.144.216 - - [23/Feb/2026:09:35:48 +0000] "GET /avgiftsfri-spinn-2025-sir-jackpot-kasino-iphone-ultimata-free-placering-sakura-fortune-spins-inte-med-insattning/ HTTP/1.1" 301 178 "-" "Mozilla/5.0 AppleWebKit/537.36 (KHTML, like Gecko; compatible; bingbot/2.0; +http://www.bing.com/bingbot.htm) Chrome/116.0.1938.76 Safari/537.36"
165.73.242.8 - - [23/Feb/2026:09:38:31 +0000] "POST /xmlrpc.php HTTP/1.1" 301 178 "-" "Mozilla/5.0 (Windows NT 10.0; Win64; x64) AppleWebKit/537.36 (KHTML, like Gecko) Chrome/114.0.0.0 Safari/537.36"
172.187.168.139 - - [23/Feb/2026:09:38:33 +0000] "POST /wp-cron.php?doing_wp_cron=1771839513.9300858974456787109375 HTTP/1.1" 200 31 "-" "WordPress/6.9; https://mentoring-wp.dreamsmarketplace.com"
165.73.242.8 - - [23/Feb/2026:09:38:34 +0000] "GET /xmlrpc.php HTTP/1.1" 405 53 "-" "Mozilla/5.0 (Windows NT 10.0; Win64; x64) AppleWebKit/537.36 (KHTML, like Gecko) Chrome/114.0.0.0 Safari/537.36"
165.73.242.8 - - [23/Feb/2026:09:38:34 +0000] "POST /xmlrpc.php HTTP/1.1" 301 178 "-" "Mozilla/5.0 (Windows NT 10.0; Win64; x64) AppleWebKit/537.36 (KHTML, like Gecko) Chrome/114.0.0.0 Safari/537.36"
172.187.168.139 - - [23/Feb/2026:09:38:36 +0000] "POST /wp-cron.php?doing_wp_cron=1771839516.8826990127563476562500 HTTP/1.1" 200 31 "-" "WordPress/6.9; https://mentoring-wp.dreamsmarketplace.com"
165.73.242.8 - - [23/Feb/2026:09:38:36 +0000] "GET /xmlrpc.php HTTP/1.1" 405 53 "-" "Mozilla/5.0 (Windows NT 10.0; Win64; x64) AppleWebKit/537.36 (KHTML, like Gecko) Chrome/114.0.0.0 Safari/537.36"
14.168.41.176 - - [23/Feb/2026:09:39:18 +0000] "GET /pin-up-onlayn-kazino-ndir-v-nasil-oynaya-bilrsiniz/ HTTP/1.1" 301 178 "-" "Mozilla/5.0 (Windows NT 6.1) AppleWebKit/537.36 (KHTML, like Gecko) Chrome/93.0.4577.82 Safari/537.36"
172.187.168.139 - - [23/Feb/2026:09:39:21 +0000] "POST /wp-cron.php?doing_wp_cron=1771839561.2727050781250000000000 HTTP/1.1" 200 31 "-" "WordPress/6.9; https://mentoring-wp.dreamsmarketplace.com"
113.175.62.237 - - [23/Feb/2026:09:39:21 +0000] "GET /pin-up-onlayn-kazino-ndir-v-nasil-oynaya-bilrsiniz/ HTTP/1.1" 404 10949 "-" "Mozilla/5.0 (Windows NT 6.1) AppleWebKit/537.36 (KHTML, like Gecko) Chrome/93.0.4577.82 Safari/537.36"
2a03:2880:f800:24:: - - [23/Feb/2026:09:41:31 +0000] "GET /beste-casino-freispiele-2026-free-spins-exklusive-casino-leovegas-bewertung-einzahlung/ HTTP/1.1" 301 178 "-" "meta-externalagent/1.1 (+https://developers.facebook.com/docs/sharing/webmasters/crawler)"
165.73.240.119 - - [23/Feb/2026:09:41:33 +0000] "POST /xmlrpc.php HTTP/1.1" 301 178 "-" "Mozilla/5.0 (Windows NT 10.0; Win64; x64) AppleWebKit/537.36 (KHTML, like Gecko) Chrome/114.0.0.0 Safari/537.36"
172.187.168.139 - - [23/Feb/2026:09:41:35 +0000] "POST /wp-cron.php?doing_wp_cron=1771839695.6387419700622558593750 HTTP/1.1" 200 31 "-" "WordPress/6.9; https://mentoring-wp.dreamsmarketplace.com"
165.73.240.119 - - [23/Feb/2026:09:41:35 +0000] "GET /xmlrpc.php HTTP/1.1" 405 53 "-" "Mozilla/5.0 (Windows NT 10.0; Win64; x64) AppleWebKit/537.36 (KHTML, like Gecko) Chrome/114.0.0.0 Safari/537.36"
172.187.168.139 - - [23/Feb/2026:09:41:36 +0000] "POST /wp-cron.php?doing_wp_cron=1771839696.1258850097656250000000 HTTP/1.1" 200 31 "-" "WordPress/6.9; https://mentoring-wp.dreamsmarketplace.com"
66.249.66.164 - - [23/Feb/2026:09:41:36 +0000] "GET /privacy-policy/ HTTP/1.1" 200 12088 "-" "Mozilla/5.0 (Linux; Android 6.0.1; Nexus 5X Build/MMB29P) AppleWebKit/537.36 (KHTML, like Gecko) Chrome/144.0.7559.132 Mobile Safari/537.36 (compatible; Googlebot/2.1; +http://www.google.com/bot.html)"
165.73.240.119 - - [23/Feb/2026:09:41:37 +0000] "POST /xmlrpc.php HTTP/1.1" 301 178 "-" "Mozilla/5.0 (Windows NT 10.0; Win64; x64) AppleWebKit/537.36 (KHTML, like Gecko) Chrome/114.0.0.0 Safari/537.36"
66.249.66.44 - - [23/Feb/2026:09:41:39 +0000] "GET /wp-content/themes/mentoring/assets/css/slick.css?ver=1.0.0 HTTP/1.1" 200 1794 "https://mentoring-wp.dreamsmarketplace.com/privacy-policy/" "Mozilla/5.0 (Linux; Android 6.0.1; Nexus 5X Build/MMB29P) AppleWebKit/537.36 (KHTML, like Gecko) Chrome/144.0.7559.132 Mobile Safari/537.36 (compatible; Googlebot/2.1; +http://www.google.com/bot.html)"
66.249.66.5 - - [23/Feb/2026:09:41:39 +0000] "GET /wp-content/themes/mentoring/assets/css/font-awesome.min.css?ver=6.4.2 HTTP/1.1" 200 80823 "https://mentoring-wp.dreamsmarketplace.com/privacy-policy/" "Mozilla/5.0 (Linux; Android 6.0.1; Nexus 5X Build/MMB29P) AppleWebKit/537.36 (KHTML, like Gecko) Chrome/144.0.7559.132 Mobile Safari/537.36 (compatible; Googlebot/2.1; +http://www.google.com/bot.html)"
66.249.66.6 - - [23/Feb/2026:09:41:39 +0000] "GET /wp-includes/js/jquery/jquery.min.js?ver=3.7.1 HTTP/1.1" 200 87553 "https://mentoring-wp.dreamsmarketplace.com/privacy-policy/" "Mozilla/5.0 (Linux; Android 6.0.1; Nexus 5X Build/MMB29P) AppleWebKit/537.36 (KHTML, like Gecko) Chrome/144.0.7559.132 Mobile Safari/537.36 (compatible; Googlebot/2.1; +http://www.google.com/bot.html)"
172.187.168.139 - - [23/Feb/2026:09:41:39 +0000] "POST /wp-cron.php?doing_wp_cron=1771839699.5429370403289794921875 HTTP/1.1" 200 31 "-" "WordPress/6.9; https://mentoring-wp.dreamsmarketplace.com"
165.73.240.119 - - [23/Feb/2026:09:41:39 +0000] "GET /xmlrpc.php HTTP/1.1" 405 53 "-" "Mozilla/5.0 (Windows NT 10.0; Win64; x64) AppleWebKit/537.36 (KHTML, like Gecko) Chrome/114.0.0.0 Safari/537.36"
66.249.66.164 - - [23/Feb/2026:09:41:39 +0000] "GET /wp-content/themes/mentoring/style.css?ver=6.9 HTTP/1.1" 200 134452 "https://mentoring-wp.dreamsmarketplace.com/privacy-policy/" "Mozilla/5.0 (Linux; Android 6.0.1; Nexus 5X Build/MMB29P) AppleWebKit/537.36 (KHTML, like Gecko) Chrome/144.0.7559.132 Mobile Safari/537.36 (compatible; Googlebot/2.1; +http://www.google.com/bot.html)"
66.249.66.6 - - [23/Feb/2026:09:41:40 +0000] "GET /wp-content/plugins/frontend-reset-password/assets/js/password-lost.js?ver=1.0.0 HTTP/1.1" 200 860 "https://mentoring-wp.dreamsmarketplace.com/privacy-policy/" "Mozilla/5.0 (Linux; Android 6.0.1; Nexus 5X Build/MMB29P) AppleWebKit/537.36 (KHTML, like Gecko) Chrome/144.0.7559.132 Mobile Safari/537.36 (compatible; Googlebot/2.1; +http://www.google.com/bot.html)"
66.249.66.5 - - [23/Feb/2026:09:41:40 +0000] "GET /wp-content/themes/mentoring/assets/css/v4-shims.min.css?ver=5.11.2 HTTP/1.1" 200 34405 "https://mentoring-wp.dreamsmarketplace.com/privacy-policy/" "Mozilla/5.0 (Linux; Android 6.0.1; Nexus 5X Build/MMB29P) AppleWebKit/537.36 (KHTML, like Gecko) Chrome/144.0.7559.132 Mobile Safari/537.36 (compatible; Googlebot/2.1; +http://www.google.com/bot.html)"
66.249.66.44 - - [23/Feb/2026:09:41:40 +0000] "GET /wp-content/plugins/contact-form-7/includes/js/index.js?ver=6.1.4 HTTP/1.1" 200 13452 "https://mentoring-wp.dreamsmarketplace.com/privacy-policy/" "Mozilla/5.0 (Linux; Android 6.0.1; Nexus 5X Build/MMB29P) AppleWebKit/537.36 (KHTML, like Gecko) Chrome/144.0.7559.132 Mobile Safari/537.36 (compatible; Googlebot/2.1; +http://www.google.com/bot.html)"
66.249.66.164 - - [23/Feb/2026:09:41:41 +0000] "GET /wp-content/plugins/woocommerce/assets/client/blocks/wc-blocks.css?ver=wc-10.4.3 HTTP/1.1" 200 14006 "https://mentoring-wp.dreamsmarketplace.com/privacy-policy/" "Mozilla/5.0 (Linux; Android 6.0.1; Nexus 5X Build/MMB29P) AppleWebKit/537.36 (KHTML, like Gecko) Chrome/144.0.7559.132 Mobile Safari/537.36 (compatible; Googlebot/2.1; +http://www.google.com/bot.html)"
66.249.66.44 - - [23/Feb/2026:09:41:41 +0000] "GET /wp-content/themes/mentoring/assets/css/flaticon.css?ver=1.3.5 HTTP/1.1" 200 3397 "https://mentoring-wp.dreamsmarketplace.com/privacy-policy/" "Mozilla/5.0 (Linux; Android 6.0.1; Nexus 5X Build/MMB29P) AppleWebKit/537.36 (KHTML, like Gecko) Chrome/144.0.7559.132 Mobile Safari/537.36 (compatible; Googlebot/2.1; +http://www.google.com/bot.html)"
66.249.66.68 - - [23/Feb/2026:09:41:41 +0000] "GET /wp-content/themes/mentoring/assets/css/theme-woocommerce.css?ver=1.0.0 HTTP/1.1" 200 123644 "https://mentoring-wp.dreamsmarketplace.com/privacy-policy/" "Mozilla/5.0 (Linux; Android 6.0.1; Nexus 5X Build/MMB29P) AppleWebKit/537.36 (KHTML, like Gecko) Chrome/144.0.7559.132 Mobile Safari/537.36 (compatible; Googlebot/2.1; +http://www.google.com/bot.html)"
66.249.66.6 - - [23/Feb/2026:09:41:42 +0000] "GET /wp-content/themes/mentoring/assets/css/all.min.css?ver=6.4.2 HTTP/1.1" 200 102157 "https://mentoring-wp.dreamsmarketplace.com/privacy-policy/" "Mozilla/5.0 (Linux; Android 6.0.1; Nexus 5X Build/MMB29P) AppleWebKit/537.36 (KHTML, like Gecko) Chrome/144.0.7559.132 Mobile Safari/537.36 (compatible; Googlebot/2.1; +http://www.google.com/bot.html)"
66.249.66.44 - - [23/Feb/2026:09:41:42 +0000] "GET /wp-content/themes/mentoring/assets/css/dynamic.css?ver=6.9 HTTP/1.1" 200 48 "https://mentoring-wp.dreamsmarketplace.com/privacy-policy/" "Mozilla/5.0 (Linux; Android 6.0.1; Nexus 5X Build/MMB29P) AppleWebKit/537.36 (KHTML, like Gecko) Chrome/144.0.7559.132 Mobile Safari/537.36 (compatible; Googlebot/2.1; +http://www.google.com/bot.html)"
66.249.66.194 - - [23/Feb/2026:09:41:43 +0000] "GET /wp-content/themes/mentoring/assets/css/magnific-popup.css?ver=1.1.0 HTTP/1.1" 200 7764 "https://mentoring-wp.dreamsmarketplace.com/privacy-policy/" "Mozilla/5.0 (Linux; Android 6.0.1; Nexus 5X Build/MMB29P) AppleWebKit/537.36 (KHTML, like Gecko) Chrome/144.0.7559.132 Mobile Safari/537.36 (compatible; Googlebot/2.1; +http://www.google.com/bot.html)"
66.249.66.68 - - [23/Feb/2026:09:41:43 +0000] "GET /wp-content/plugins/contact-form-7/includes/css/styles.css?ver=6.1.4 HTTP/1.1" 200 2947 "https://mentoring-wp.dreamsmarketplace.com/privacy-policy/" "Mozilla/5.0 (Linux; Android 6.0.1; Nexus 5X Build/MMB29P) AppleWebKit/537.36 (KHTML, like Gecko) Chrome/144.0.7559.132 Mobile Safari/537.36 (compatible; Googlebot/2.1; +http://www.google.com/bot.html)"
66.249.66.193 - - [23/Feb/2026:09:41:44 +0000] "GET /wp-content/themes/mentoring/assets/css/responsive.css?ver=1.3.5 HTTP/1.1" 200 37909 "https://mentoring-wp.dreamsmarketplace.com/privacy-policy/" "Mozilla/5.0 (Linux; Android 6.0.1; Nexus 5X Build/MMB29P) AppleWebKit/537.36 (KHTML, like Gecko) Chrome/144.0.7559.132 Mobile Safari/537.36 (compatible; Googlebot/2.1; +http://www.google.com/bot.html)"
66.249.66.68 - - [23/Feb/2026:09:41:44 +0000] "GET /wp-includes/js/imagesloaded.min.js?ver=5.0.0 HTTP/1.1" 200 5520 "https://mentoring-wp.dreamsmarketplace.com/privacy-policy/" "Mozilla/5.0 (Linux; Android 6.0.1; Nexus 5X Build/MMB29P) AppleWebKit/537.36 (KHTML, like Gecko) Chrome/144.0.7559.132 Mobile Safari/537.36 (compatible; Googlebot/2.1; +http://www.google.com/bot.html)"
66.249.66.68 - - [23/Feb/2026:09:41:44 +0000] "GET /wp-content/themes/mentoring/assets/js/bootstrap.bundle.min.js?ver=5.3.2 HTTP/1.1" 200 80663 "https://mentoring-wp.dreamsmarketplace.com/privacy-policy/" "Mozilla/5.0 (Linux; Android 6.0.1; Nexus 5X Build/MMB29P) AppleWebKit/537.36 (KHTML, like Gecko) Chrome/144.0.7559.132 Mobile Safari/537.36 (compatible; Googlebot/2.1; +http://www.google.com/bot.html)"
66.249.66.5 - - [23/Feb/2026:09:41:45 +0000] "GET /wp-content/themes/mentoring/assets/js/slick.min.js?ver=1.3.5 HTTP/1.1" 200 42865 "https://mentoring-wp.dreamsmarketplace.com/privacy-policy/" "Mozilla/5.0 (Linux; Android 6.0.1; Nexus 5X Build/MMB29P) AppleWebKit/537.36 (KHTML, like Gecko) Chrome/144.0.7559.132 Mobile Safari/537.36 (compatible; Googlebot/2.1; +http://www.google.com/bot.html)"
66.249.66.68 - - [23/Feb/2026:09:41:45 +0000] "GET /wp-content/plugins/woocommerce/assets/js/select2/select2.full.min.js?ver=4.0.3-wc.10.4.3 HTTP/1.1" 200 74620 "https://mentoring-wp.dreamsmarketplace.com/privacy-policy/" "Mozilla/5.0 (Linux; Android 6.0.1; Nexus 5X Build/MMB29P) AppleWebKit/537.36 (KHTML, like Gecko) Chrome/144.0.7559.132 Mobile Safari/537.36 (compatible; Googlebot/2.1; +http://www.google.com/bot.html)"
66.249.66.44 - - [23/Feb/2026:09:41:46 +0000] "GET /wp-includes/js/underscore.min.js?ver=1.13.7 HTTP/1.1" 200 18905 "https://mentoring-wp.dreamsmarketplace.com/privacy-policy/" "Mozilla/5.0 (Linux; Android 6.0.1; Nexus 5X Build/MMB29P) AppleWebKit/537.36 (KHTML, like Gecko) Chrome/144.0.7559.132 Mobile Safari/537.36 (compatible; Googlebot/2.1; +http://www.google.com/bot.html)"
66.249.66.193 - - [23/Feb/2026:09:41:46 +0000] "GET /wp-content/themes/mentoring/assets/js/theme-woocommerce.js?ver=1.0.0 HTTP/1.1" 200 3179 "https://mentoring-wp.dreamsmarketplace.com/privacy-policy/" "Mozilla/5.0 (Linux; Android 6.0.1; Nexus 5X Build/MMB29P) AppleWebKit/537.36 (KHTML, like Gecko) Chrome/144.0.7559.132 Mobile Safari/537.36 (compatible; Googlebot/2.1; +http://www.google.com/bot.html)"
66.249.66.193 - - [23/Feb/2026:09:41:47 +0000] "GET /wp-content/themes/mentoring/assets/js/isotope.min.js?ver=6.9 HTTP/1.1" 200 35428 "https://mentoring-wp.dreamsmarketplace.com/privacy-policy/" "Mozilla/5.0 (Linux; Android 6.0.1; Nexus 5X Build/MMB29P) AppleWebKit/537.36 (KHTML, like Gecko) Chrome/144.0.7559.132 Mobile Safari/537.36 (compatible; Googlebot/2.1; +http://www.google.com/bot.html)"
66.249.66.164 - - [23/Feb/2026:09:41:47 +0000] "GET /wp-content/themes/mentoring/assets/js/jquery.countTo.js?ver=1.3.5 HTTP/1.1" 200 2501 "https://mentoring-wp.dreamsmarketplace.com/privacy-policy/" "Mozilla/5.0 (Linux; Android 6.0.1; Nexus 5X Build/MMB29P) AppleWebKit/537.36 (KHTML, like Gecko) Chrome/144.0.7559.132 Mobile Safari/537.36 (compatible; Googlebot/2.1; +http://www.google.com/bot.html)"
66.249.66.68 - - [23/Feb/2026:09:41:47 +0000] "GET /wp-includes/js/wp-util.min.js?ver=6.9 HTTP/1.1" 200 1426 "https://mentoring-wp.dreamsmarketplace.com/privacy-policy/" "Mozilla/5.0 (Linux; Android 6.0.1; Nexus 5X Build/MMB29P) AppleWebKit/537.36 (KHTML, like Gecko) Chrome/144.0.7559.132 Mobile Safari/537.36 (compatible; Googlebot/2.1; +http://www.google.com/bot.html)"
2a03:2880:f800:3f:: - - [23/Feb/2026:09:42:04 +0000] "GET /jocuri-s-casino-spre-merkur24-joaca-jocuri-s-secret-of-the-stones-casino-casino-gratuite-online/ HTTP/1.1" 301 178 "-" "meta-externalagent/1.1 (+https://developers.facebook.com/docs/sharing/webmasters/crawler)"
172.187.168.139 - - [23/Feb/2026:09:42:37 +0000] "POST /wp-cron.php?doing_wp_cron=1771839757.5060000419616699218750 HTTP/1.1" 200 31 "-" "WordPress/6.9; https://mentoring-wp.dreamsmarketplace.com"
40.77.167.254 - - [23/Feb/2026:09:42:37 +0000] "GET /coca-cola-the-iconic-global-brand/ HTTP/1.1" 404 10928 "-" "Mozilla/5.0 AppleWebKit/537.36 (KHTML, like Gecko; compatible; bingbot/2.0; +http://www.bing.com/bingbot.htm) Chrome/116.0.1938.76 Safari/537.36"
172.187.168.139 - - [23/Feb/2026:09:44:15 +0000] "POST /wp-cron.php?doing_wp_cron=1771839855.4755280017852783203125 HTTP/1.1" 200 31 "-" "WordPress/6.9; https://mentoring-wp.dreamsmarketplace.com"
2400:adc1:1c8:5200:3124:636c:fa7d:6c1c - - [23/Feb/2026:09:44:15 +0000] "GET / HTTP/1.1" 200 14873 "https://preview.themeforest.net/" "Mozilla/5.0 (Linux; Android 10; K) AppleWebKit/537.36 (KHTML, like Gecko) Chrome/145.0.0.0 Mobile Safari/537.36"
2400:adc1:1c8:5200:3124:636c:fa7d:6c1c - - [23/Feb/2026:09:44:16 +0000] "GET /wp-content/plugins/frontend-reset-password/assets/css/password-lost.css?ver=6.9 HTTP/1.1" 200 1881 "https://mentoring-wp.dreamsmarketplace.com/" "Mozilla/5.0 (Linux; Android 10; K) AppleWebKit/537.36 (KHTML, like Gecko) Chrome/145.0.0.0 Mobile Safari/537.36"
2400:adc1:1c8:5200:3124:636c:fa7d:6c1c - - [23/Feb/2026:09:44:16 +0000] "GET /wp-content/plugins/contact-form-7/includes/css/styles.css?ver=6.1.4 HTTP/1.1" 200 2947 "https://mentoring-wp.dreamsmarketplace.com/" "Mozilla/5.0 (Linux; Android 10; K) AppleWebKit/537.36 (KHTML, like Gecko) Chrome/145.0.0.0 Mobile Safari/537.36"
2400:adc1:1c8:5200:3124:636c:fa7d:6c1c - - [23/Feb/2026:09:44:16 +0000] "GET /wp-content/themes/mentoring/assets/css/flaticon.css?ver=1.3.5 HTTP/1.1" 200 3397 "https://mentoring-wp.dreamsmarketplace.com/" "Mozilla/5.0 (Linux; Android 10; K) AppleWebKit/537.36 (KHTML, like Gecko) Chrome/145.0.0.0 Mobile Safari/537.36"
2400:adc1:1c8:5200:3124:636c:fa7d:6c1c - - [23/Feb/2026:09:44:16 +0000] "GET /wp-content/themes/mentoring/assets/css/magnific-popup.css?ver=1.1.0 HTTP/1.1" 200 7764 "https://mentoring-wp.dreamsmarketplace.com/" "Mozilla/5.0 (Linux; Android 10; K) AppleWebKit/537.36 (KHTML, like Gecko) Chrome/145.0.0.0 Mobile Safari/537.36"
2400:adc1:1c8:5200:3124:636c:fa7d:6c1c - - [23/Feb/2026:09:44:16 +0000] "GET /wp-content/themes/mentoring/assets/css/v4-shims.min.css?ver=5.11.2 HTTP/1.1" 200 34405 "https://mentoring-wp.dreamsmarketplace.com/" "Mozilla/5.0 (Linux; Android 10; K) AppleWebKit/537.36 (KHTML, like Gecko) Chrome/145.0.0.0 Mobile Safari/537.36"
2400:adc1:1c8:5200:3124:636c:fa7d:6c1c - - [23/Feb/2026:09:44:16 +0000] "GET /wp-content/themes/mentoring/assets/css/slick.css?ver=1.0.0 HTTP/1.1" 200 1794 "https://mentoring-wp.dreamsmarketplace.com/" "Mozilla/5.0 (Linux; Android 10; K) AppleWebKit/537.36 (KHTML, like Gecko) Chrome/145.0.0.0 Mobile Safari/537.36"
2400:adc1:1c8:5200:3124:636c:fa7d:6c1c - - [23/Feb/2026:09:44:16 +0000] "GET /wp-content/plugins/woocommerce/assets/css/select2.css?ver=10.4.3 HTTP/1.1" 200 14621 "https://mentoring-wp.dreamsmarketplace.com/" "Mozilla/5.0 (Linux; Android 10; K) AppleWebKit/537.36 (KHTML, like Gecko) Chrome/145.0.0.0 Mobile Safari/537.36"
2400:adc1:1c8:5200:3124:636c:fa7d:6c1c - - [23/Feb/2026:09:44:16 +0000] "GET /wp-content/themes/mentoring/style.css?ver=6.9 HTTP/1.1" 200 134452 "https://mentoring-wp.dreamsmarketplace.com/" "Mozilla/5.0 (Linux; Android 10; K) AppleWebKit/537.36 (KHTML, like Gecko) Chrome/145.0.0.0 Mobile Safari/537.36"
2400:adc1:1c8:5200:3124:636c:fa7d:6c1c - - [23/Feb/2026:09:44:16 +0000] "GET /wp-content/themes/mentoring/assets/css/font-awesome.min.css?ver=6.4.2 HTTP/1.1" 200 80823 "https://mentoring-wp.dreamsmarketplace.com/" "Mozilla/5.0 (Linux; Android 10; K) AppleWebKit/537.36 (KHTML, like Gecko) Chrome/145.0.0.0 Mobile Safari/537.36"
2400:adc1:1c8:5200:3124:636c:fa7d:6c1c - - [23/Feb/2026:09:44:16 +0000] "GET /wp-content/themes/mentoring/assets/css/all.min.css?ver=6.4.2 HTTP/1.1" 200 102157 "https://mentoring-wp.dreamsmarketplace.com/" "Mozilla/5.0 (Linux; Android 10; K) AppleWebKit/537.36 (KHTML, like Gecko) Chrome/145.0.0.0 Mobile Safari/537.36"
2400:adc1:1c8:5200:3124:636c:fa7d:6c1c - - [23/Feb/2026:09:44:16 +0000] "GET /wp-content/themes/mentoring/assets/css/responsive.css?ver=1.3.5 HTTP/1.1" 200 37909 "https://mentoring-wp.dreamsmarketplace.com/" "Mozilla/5.0 (Linux; Android 10; K) AppleWebKit/537.36 (KHTML, like Gecko) Chrome/145.0.0.0 Mobile Safari/537.36"
2400:adc1:1c8:5200:3124:636c:fa7d:6c1c - - [23/Feb/2026:09:44:16 +0000] "GET /wp-content/themes/mentoring/assets/css/theme-woocommerce.css?ver=1.0.0 HTTP/1.1" 200 123644 "https://mentoring-wp.dreamsmarketplace.com/" "Mozilla/5.0 (Linux; Android 10; K) AppleWebKit/537.36 (KHTML, like Gecko) Chrome/145.0.0.0 Mobile Safari/537.36"
2400:adc1:1c8:5200:3124:636c:fa7d:6c1c - - [23/Feb/2026:09:44:16 +0000] "GET /wp-content/themes/mentoring/assets/css/animate.min.css?ver=4.1.1 HTTP/1.1" 200 71750 "https://mentoring-wp.dreamsmarketplace.com/" "Mozilla/5.0 (Linux; Android 10; K) AppleWebKit/537.36 (KHTML, like Gecko) Chrome/145.0.0.0 Mobile Safari/537.36"
2400:adc1:1c8:5200:3124:636c:fa7d:6c1c - - [23/Feb/2026:09:44:16 +0000] "GET /wp-content/themes/mentoring/assets/css/dynamic.css?ver=6.9 HTTP/1.1" 200 48 "https://mentoring-wp.dreamsmarketplace.com/" "Mozilla/5.0 (Linux; Android 10; K) AppleWebKit/537.36 (KHTML, like Gecko) Chrome/145.0.0.0 Mobile Safari/537.36"
2400:adc1:1c8:5200:3124:636c:fa7d:6c1c - - [23/Feb/2026:09:44:16 +0000] "GET /wp-content/plugins/woocommerce/assets/client/blocks/wc-blocks.css?ver=wc-10.4.3 HTTP/1.1" 200 14006 "https://mentoring-wp.dreamsmarketplace.com/" "Mozilla/5.0 (Linux; Android 10; K) AppleWebKit/537.36 (KHTML, like Gecko) Chrome/145.0.0.0 Mobile Safari/537.36"
2400:adc1:1c8:5200:3124:636c:fa7d:6c1c - - [23/Feb/2026:09:44:16 +0000] "GET /wp-includes/js/jquery/jquery.min.js?ver=3.7.1 HTTP/1.1" 200 87553 "https://mentoring-wp.dreamsmarketplace.com/" "Mozilla/5.0 (Linux; Android 10; K) AppleWebKit/537.36 (KHTML, like Gecko) Chrome/145.0.0.0 Mobile Safari/537.36"
2400:adc1:1c8:5200:3124:636c:fa7d:6c1c - - [23/Feb/2026:09:44:16 +0000] "GET /wp-content/themes/mentoring/assets/css/bootstrap.min.css?ver=5.3.2 HTTP/1.1" 200 232948 "https://mentoring-wp.dreamsmarketplace.com/" "Mozilla/5.0 (Linux; Android 10; K) AppleWebKit/537.36 (KHTML, like Gecko) Chrome/145.0.0.0 Mobile Safari/537.36"
2400:adc1:1c8:5200:3124:636c:fa7d:6c1c - - [23/Feb/2026:09:44:16 +0000] "GET /wp-includes/js/jquery/jquery-migrate.min.js?ver=3.4.1 HTTP/1.1" 200 13577 "https://mentoring-wp.dreamsmarketplace.com/" "Mozilla/5.0 (Linux; Android 10; K) AppleWebKit/537.36 (KHTML, like Gecko) Chrome/145.0.0.0 Mobile Safari/537.36"
2400:adc1:1c8:5200:3124:636c:fa7d:6c1c - - [23/Feb/2026:09:44:16 +0000] "GET /wp-content/themes/mentoring/assets/images/logo.png HTTP/1.1" 200 9631 "https://mentoring-wp.dreamsmarketplace.com/" "Mozilla/5.0 (Linux; Android 10; K) AppleWebKit/537.36 (KHTML, like Gecko) Chrome/145.0.0.0 Mobile Safari/537.36"
2400:adc1:1c8:5200:3124:636c:fa7d:6c1c - - [23/Feb/2026:09:44:16 +0000] "GET /wp-content/uploads/2022/06/user8.jpg HTTP/1.1" 200 14436 "https://mentoring-wp.dreamsmarketplace.com/" "Mozilla/5.0 (Linux; Android 10; K) AppleWebKit/537.36 (KHTML, like Gecko) Chrome/145.0.0.0 Mobile Safari/537.36"
2400:adc1:1c8:5200:3124:636c:fa7d:6c1c - - [23/Feb/2026:09:44:16 +0000] "GET /wp-content/themes/mentoring/assets/css/dashboard.css?ver=6.9 HTTP/1.1" 200 254659 "https://mentoring-wp.dreamsmarketplace.com/" "Mozilla/5.0 (Linux; Android 10; K) AppleWebKit/537.36 (KHTML, like Gecko) Chrome/145.0.0.0 Mobile Safari/537.36"
2400:adc1:1c8:5200:3124:636c:fa7d:6c1c - - [23/Feb/2026:09:44:16 +0000] "GET /wp-content/themes/mentoring/assets/css/theme.css?ver=1.3.5 HTTP/1.1" 200 454148 "https://mentoring-wp.dreamsmarketplace.com/" "Mozilla/5.0 (Linux; Android 10; K) AppleWebKit/537.36 (KHTML, like Gecko) Chrome/145.0.0.0 Mobile Safari/537.36"
172.187.168.139 - - [23/Feb/2026:09:44:21 +0000] "POST /wp-cron.php?doing_wp_cron=1771839861.3103160858154296875000 HTTP/1.1" 200 31 "-" "WordPress/6.9; https://mentoring-wp.dreamsmarketplace.com"
2400:adc1:1c8:5200:3124:636c:fa7d:6c1c - - [23/Feb/2026:09:44:21 +0000] "GET / HTTP/1.1" 200 14873 "https://preview.themeforest.net/" "Mozilla/5.0 (Linux; Android 10; K) AppleWebKit/537.36 (KHTML, like Gecko) Chrome/145.0.0.0 Mobile Safari/537.36"
2400:adc1:1c8:5200:3124:636c:fa7d:6c1c - - [23/Feb/2026:09:44:22 +0000] "GET /wp-content/uploads/2022/06/user2-1.jpg HTTP/1.1" 200 13069 "https://mentoring-wp.dreamsmarketplace.com/" "Mozilla/5.0 (Linux; Android 10; K) AppleWebKit/537.36 (KHTML, like Gecko) Chrome/145.0.0.0 Mobile Safari/537.36"
2400:adc1:1c8:5200:3124:636c:fa7d:6c1c - - [23/Feb/2026:09:44:22 +0000] "GET /wp-content/uploads/2022/06/user4-1.jpg HTTP/1.1" 200 21157 "https://mentoring-wp.dreamsmarketplace.com/" "Mozilla/5.0 (Linux; Android 10; K) AppleWebKit/537.36 (KHTML, like Gecko) Chrome/145.0.0.0 Mobile Safari/537.36"
2400:adc1:1c8:5200:3124:636c:fa7d:6c1c - - [23/Feb/2026:09:44:22 +0000] "GET /wp-content/themes/mentoring/assets/js/theme.js?ver=1.3.5 HTTP/1.1" 200 18158 "https://mentoring-wp.dreamsmarketplace.com/" "Mozilla/5.0 (Linux; Android 10; K) AppleWebKit/537.36 (KHTML, like Gecko) Chrome/145.0.0.0 Mobile Safari/537.36"
2400:adc1:1c8:5200:3124:636c:fa7d:6c1c - - [23/Feb/2026:09:44:22 +0000] "GET /wp-includes/js/dist/i18n.min.js?ver=c26c3dc7bed366793375 HTTP/1.1" 200 5314 "https://mentoring-wp.dreamsmarketplace.com/" "Mozilla/5.0 (Linux; Android 10; K) AppleWebKit/537.36 (KHTML, like Gecko) Chrome/145.0.0.0 Mobile Safari/537.36"
2400:adc1:1c8:5200:3124:636c:fa7d:6c1c - - [23/Feb/2026:09:44:22 +0000] "GET /wp-content/plugins/contact-form-7/includes/swv/js/index.js?ver=6.1.4 HTTP/1.1" 200 12512 "https://mentoring-wp.dreamsmarketplace.com/" "Mozilla/5.0 (Linux; Android 10; K) AppleWebKit/537.36 (KHTML, like Gecko) Chrome/145.0.0.0 Mobile Safari/537.36"
2400:adc1:1c8:5200:3124:636c:fa7d:6c1c - - [23/Feb/2026:09:44:22 +0000] "GET /wp-content/plugins/frontend-reset-password/assets/js/password-lost.js?ver=1.0.0 HTTP/1.1" 200 860 "https://mentoring-wp.dreamsmarketplace.com/" "Mozilla/5.0 (Linux; Android 10; K) AppleWebKit/537.36 (KHTML, like Gecko) Chrome/145.0.0.0 Mobile Safari/537.36"
2400:adc1:1c8:5200:3124:636c:fa7d:6c1c - - [23/Feb/2026:09:44:22 +0000] "GET /wp-includes/js/dist/hooks.min.js?ver=dd5603f07f9220ed27f1 HTTP/1.1" 200 5661 "https://mentoring-wp.dreamsmarketplace.com/" "Mozilla/5.0 (Linux; Android 10; K) AppleWebKit/537.36 (KHTML, like Gecko) Chrome/145.0.0.0 Mobile Safari/537.36"
2400:adc1:1c8:5200:3124:636c:fa7d:6c1c - - [23/Feb/2026:09:44:22 +0000] "GET /wp-content/plugins/contact-form-7/includes/js/index.js?ver=6.1.4 HTTP/1.1" 200 13452 "https://mentoring-wp.dreamsmarketplace.com/" "Mozilla/5.0 (Linux; Android 10; K) AppleWebKit/537.36 (KHTML, like Gecko) Chrome/145.0.0.0 Mobile Safari/537.36"
2400:adc1:1c8:5200:3124:636c:fa7d:6c1c - - [23/Feb/2026:09:44:22 +0000] "GET /wp-content/themes/mentoring/assets/js/slick.min.js?ver=1.3.5 HTTP/1.1" 200 42865 "https://mentoring-wp.dreamsmarketplace.com/" "Mozilla/5.0 (Linux; Android 10; K) AppleWebKit/537.36 (KHTML, like Gecko) Chrome/145.0.0.0 Mobile Safari/537.36"
2400:adc1:1c8:5200:3124:636c:fa7d:6c1c - - [23/Feb/2026:09:44:22 +0000] "GET /wp-includes/js/imagesloaded.min.js?ver=5.0.0 HTTP/1.1" 200 5520 "https://mentoring-wp.dreamsmarketplace.com/" "Mozilla/5.0 (Linux; Android 10; K) AppleWebKit/537.36 (KHTML, like Gecko) Chrome/145.0.0.0 Mobile Safari/537.36"
2400:adc1:1c8:5200:3124:636c:fa7d:6c1c - - [23/Feb/2026:09:44:22 +0000] "GET /wp-content/themes/mentoring/assets/js/popper.min.js?ver=1.3.5 HTTP/1.1" 200 20508 "https://mentoring-wp.dreamsmarketplace.com/" "Mozilla/5.0 (Linux; Android 10; K) AppleWebKit/537.36 (KHTML, like Gecko) Chrome/145.0.0.0 Mobile Safari/537.36"
2400:adc1:1c8:5200:3124:636c:fa7d:6c1c - - [23/Feb/2026:09:44:22 +0000] "GET /wp-includes/js/masonry.min.js?ver=4.2.2 HTTP/1.1" 200 24138 "https://mentoring-wp.dreamsmarketplace.com/" "Mozilla/5.0 (Linux; Android 10; K) AppleWebKit/537.36 (KHTML, like Gecko) Chrome/145.0.0.0 Mobile Safari/537.36"
2400:adc1:1c8:5200:3124:636c:fa7d:6c1c - - [23/Feb/2026:09:44:22 +0000] "GET /wp-content/themes/mentoring/assets/js/jquery.countTo.js?ver=1.3.5 HTTP/1.1" 200 2501 "https://mentoring-wp.dreamsmarketplace.com/" "Mozilla/5.0 (Linux; Android 10; K) AppleWebKit/537.36 (KHTML, like Gecko) Chrome/145.0.0.0 Mobile Safari/537.36"
2400:adc1:1c8:5200:3124:636c:fa7d:6c1c - - [23/Feb/2026:09:44:22 +0000] "GET /wp-content/themes/mentoring/assets/js/bootstrap.bundle.min.js?ver=5.3.2 HTTP/1.1" 200 80663 "https://mentoring-wp.dreamsmarketplace.com/" "Mozilla/5.0 (Linux; Android 10; K) AppleWebKit/537.36 (KHTML, like Gecko) Chrome/145.0.0.0 Mobile Safari/537.36"
2400:adc1:1c8:5200:3124:636c:fa7d:6c1c - - [23/Feb/2026:09:44:22 +0000] "GET /wp-content/themes/mentoring/assets/js/isotope.min.js?ver=6.9 HTTP/1.1" 200 35428 "https://mentoring-wp.dreamsmarketplace.com/" "Mozilla/5.0 (Linux; Android 10; K) AppleWebKit/537.36 (KHTML, like Gecko) Chrome/145.0.0.0 Mobile Safari/537.36"
2400:adc1:1c8:5200:3124:636c:fa7d:6c1c - - [23/Feb/2026:09:44:22 +0000] "GET /wp-content/themes/mentoring/assets/js/jquery.inview.min.js?ver=1.3.5 HTTP/1.1" 200 1264 "https://mentoring-wp.dreamsmarketplace.com/" "Mozilla/5.0 (Linux; Android 10; K) AppleWebKit/537.36 (KHTML, like Gecko) Chrome/145.0.0.0 Mobile Safari/537.36"
2400:adc1:1c8:5200:3124:636c:fa7d:6c1c - - [23/Feb/2026:09:44:22 +0000] "GET /wp-content/themes/mentoring/assets/js/theme-woocommerce.js?ver=1.0.0 HTTP/1.1" 200 3179 "https://mentoring-wp.dreamsmarketplace.com/" "Mozilla/5.0 (Linux; Android 10; K) AppleWebKit/537.36 (KHTML, like Gecko) Chrome/145.0.0.0 Mobile Safari/537.36"
2400:adc1:1c8:5200:3124:636c:fa7d:6c1c - - [23/Feb/2026:09:44:22 +0000] "GET /wp-content/plugins/woocommerce/assets/js/frontend/order-attribution.min.js?ver=10.4.3 HTTP/1.1" 200 2346 "https://mentoring-wp.dreamsmarketplace.com/" "Mozilla/5.0 (Linux; Android 10; K) AppleWebKit/537.36 (KHTML, like Gecko) Chrome/145.0.0.0 Mobile Safari/537.36"
2400:adc1:1c8:5200:3124:636c:fa7d:6c1c - - [23/Feb/2026:09:44:22 +0000] "GET /wp-includes/js/wp-util.min.js?ver=6.9 HTTP/1.1" 200 1426 "https://mentoring-wp.dreamsmarketplace.com/" "Mozilla/5.0 (Linux; Android 10; K) AppleWebKit/537.36 (KHTML, like Gecko) Chrome/145.0.0.0 Mobile Safari/537.36"
2400:adc1:1c8:5200:3124:636c:fa7d:6c1c - - [23/Feb/2026:09:44:22 +0000] "GET /wp-content/themes/mentoring/assets/js/mentoring_callback.js?ver=1.3.5 HTTP/1.1" 200 53713 "https://mentoring-wp.dreamsmarketplace.com/" "Mozilla/5.0 (Linux; Android 10; K) AppleWebKit/537.36 (KHTML, like Gecko) Chrome/145.0.0.0 Mobile Safari/537.36"
2400:adc1:1c8:5200:3124:636c:fa7d:6c1c - - [23/Feb/2026:09:44:22 +0000] "GET /wp-content/plugins/woocommerce/assets/js/select2/select2.full.min.js?ver=4.0.3-wc.10.4.3 HTTP/1.1" 200 74620 "https://mentoring-wp.dreamsmarketplace.com/" "Mozilla/5.0 (Linux; Android 10; K) AppleWebKit/537.36 (KHTML, like Gecko) Chrome/145.0.0.0 Mobile Safari/537.36"
2400:adc1:1c8:5200:3124:636c:fa7d:6c1c - - [23/Feb/2026:09:44:22 +0000] "GET /wp-content/uploads/2022/07/user3-1.jpg HTTP/1.1" 200 17710 "https://mentoring-wp.dreamsmarketplace.com/" "Mozilla/5.0 (Linux; Android 10; K) AppleWebKit/537.36 (KHTML, like Gecko) Chrome/145.0.0.0 Mobile Safari/537.36"
