128.1.179.147 - - [23/Feb/2026:13:10:37 +0000] "GET /xmlrpc.php HTTP/1.1" 405 53 "-" "Mozilla/5.0 (Windows NT 10.0; Win64; x64) AppleWebKit/537.36 (KHTML, like Gecko) Chrome/114.0.0.0 Safari/537.36"
128.1.179.147 - - [23/Feb/2026:13:10:38 +0000] "POST /xmlrpc.php HTTP/1.1" 301 178 "-" "Mozilla/5.0 (Windows NT 10.0; Win64; x64) AppleWebKit/537.36 (KHTML, like Gecko) Chrome/114.0.0.0 Safari/537.36"
172.187.168.139 - - [23/Feb/2026:13:10:40 +0000] "POST /wp-cron.php?doing_wp_cron=1771852240.3288309574127197265625 HTTP/1.1" 200 31 "-" "WordPress/6.9; https://mentoring-wp.dreamsmarketplace.com"
128.1.179.147 - - [23/Feb/2026:13:10:40 +0000] "GET /xmlrpc.php HTTP/1.1" 405 53 "-" "Mozilla/5.0 (Windows NT 10.0; Win64; x64) AppleWebKit/537.36 (KHTML, like Gecko) Chrome/114.0.0.0 Safari/537.36"
2a03:2880:f800:8:: - - [23/Feb/2026:13:11:27 +0000] "GET /greatest-top-local-casino-internet-casino-uberlucky-slots-sites/ HTTP/1.1" 301 178 "-" "meta-externalagent/1.1 (+https://developers.facebook.com/docs/sharing/webmasters/crawler)"
31.40.215.236 - mentoring_admin [23/Feb/2026:13:11:34 +0000] "GET /wp-json/wp/v2/pages HTTP/1.1" 301 178 "-" "python-requests/2.32.3"
172.187.168.139 - - [23/Feb/2026:13:11:36 +0000] "POST /wp-cron.php?doing_wp_cron=1771852296.1609570980072021484375 HTTP/1.1" 200 31 "-" "WordPress/6.9; https://mentoring-wp.dreamsmarketplace.com"
31.40.215.236 - - [23/Feb/2026:13:11:36 +0000] "GET /wp-json/wp/v2/pages HTTP/1.1" 200 58710 "-" "python-requests/2.32.3"
31.40.215.236 - mentoring_admin [23/Feb/2026:13:11:36 +0000] "GET /wp-json/wp/v2/settings HTTP/1.1" 301 178 "-" "python-requests/2.32.3"
172.187.168.139 - - [23/Feb/2026:13:11:38 +0000] "POST /wp-cron.php?doing_wp_cron=1771852298.3062241077423095703125 HTTP/1.1" 200 31 "-" "WordPress/6.9; https://mentoring-wp.dreamsmarketplace.com"
31.40.215.236 - - [23/Feb/2026:13:11:38 +0000] "GET /wp-json/wp/v2/settings HTTP/1.1" 401 109 "-" "python-requests/2.32.3"
31.40.215.236 - mentoring_admin [23/Feb/2026:13:11:38 +0000] "GET /wp-json/wp/v2/pages HTTP/1.1" 301 178 "-" "python-requests/2.32.3"
172.187.168.139 - - [23/Feb/2026:13:11:40 +0000] "POST /wp-cron.php?doing_wp_cron=1771852300.2298901081085205078125 HTTP/1.1" 200 31 "-" "WordPress/6.9; https://mentoring-wp.dreamsmarketplace.com"
31.40.215.236 - - [23/Feb/2026:13:11:40 +0000] "GET /wp-json/wp/v2/pages HTTP/1.1" 200 58710 "-" "python-requests/2.32.3"
31.40.215.236 - mentoring_admin [23/Feb/2026:13:11:41 +0000] "POST /wp-json/wp/v2/pages/4560 HTTP/1.1" 301 178 "-" "python-requests/2.32.3"
172.187.168.139 - - [23/Feb/2026:13:11:42 +0000] "POST /wp-cron.php?doing_wp_cron=1771852302.8124020099639892578125 HTTP/1.1" 200 31 "-" "WordPress/6.9; https://mentoring-wp.dreamsmarketplace.com"
31.40.215.236 - - [23/Feb/2026:13:11:42 +0000] "GET /wp-json/wp/v2/pages/4560 HTTP/1.1" 200 19794 "-" "python-requests/2.32.3"
2a03:2880:f800:44:: - - [23/Feb/2026:13:13:55 +0000] "GET /100-percent-free-slots-zero-free-spins-golden-fish-tank-no-deposit-obtain-zero-registration-free-slots-instant-enjoy/ HTTP/1.1" 301 178 "-" "meta-externalagent/1.1 (+https://developers.facebook.com/docs/sharing/webmasters/crawler)"
2a03:2880:f800:29:: - - [23/Feb/2026:13:13:59 +0000] "GET /better-casinos-on-the-internet-canada-january-2026-real-cash-free-money-on-mr-bet-slots-casinos/ HTTP/1.1" 301 178 "-" "meta-externalagent/1.1 (+https://developers.facebook.com/docs/sharing/webmasters/crawler)"
185.153.196.107 - - [23/Feb/2026:13:20:39 +0000] "POST /xmlrpc.php HTTP/1.1" 301 178 "-" "Mozilla/5.0 (Windows NT 10.0; Win64; x64) AppleWebKit/537.36 (KHTML, like Gecko) Chrome/114.0.0.0 Safari/537.36"
172.187.168.139 - - [23/Feb/2026:13:20:40 +0000] "POST /wp-cron.php?doing_wp_cron=1771852840.8632209300994873046875 HTTP/1.1" 200 31 "-" "WordPress/6.9; https://mentoring-wp.dreamsmarketplace.com"
185.153.196.107 - - [23/Feb/2026:13:20:40 +0000] "GET /xmlrpc.php HTTP/1.1" 405 53 "-" "Mozilla/5.0 (Windows NT 10.0; Win64; x64) AppleWebKit/537.36 (KHTML, like Gecko) Chrome/114.0.0.0 Safari/537.36"
185.153.196.107 - - [23/Feb/2026:13:20:41 +0000] "POST /xmlrpc.php HTTP/1.1" 301 178 "-" "Mozilla/5.0 (Windows NT 10.0; Win64; x64) AppleWebKit/537.36 (KHTML, like Gecko) Chrome/114.0.0.0 Safari/537.36"
172.187.168.139 - - [23/Feb/2026:13:20:42 +0000] "POST /wp-cron.php?doing_wp_cron=1771852842.6813580989837646484375 HTTP/1.1" 200 31 "-" "WordPress/6.9; https://mentoring-wp.dreamsmarketplace.com"
185.153.196.107 - - [23/Feb/2026:13:20:42 +0000] "GET /xmlrpc.php HTTP/1.1" 405 53 "-" "Mozilla/5.0 (Windows NT 10.0; Win64; x64) AppleWebKit/537.36 (KHTML, like Gecko) Chrome/114.0.0.0 Safari/537.36"
102.221.34.103 - - [23/Feb/2026:13:23:27 +0000] "POST /xmlrpc.php HTTP/1.1" 301 178 "-" "Mozilla/5.0 (Windows NT 10.0; Win64; x64) AppleWebKit/537.36 (KHTML, like Gecko) Chrome/114.0.0.0 Safari/537.36"
2a03:2880:f800:2b:: - - [23/Feb/2026:13:23:29 +0000] "GET /totally-free-5-lb-no-deposit-gambling-establishment-added-bonus-also-bonus-casino-room-provides/ HTTP/1.1" 301 178 "-" "meta-externalagent/1.1 (+https://developers.facebook.com/docs/sharing/webmasters/crawler)"
172.187.168.139 - - [23/Feb/2026:13:23:30 +0000] "POST /wp-cron.php?doing_wp_cron=1771853010.0226728916168212890625 HTTP/1.1" 200 31 "-" "WordPress/6.9; https://mentoring-wp.dreamsmarketplace.com"
102.221.34.103 - - [23/Feb/2026:13:23:30 +0000] "GET /xmlrpc.php HTTP/1.1" 405 53 "-" "Mozilla/5.0 (Windows NT 10.0; Win64; x64) AppleWebKit/537.36 (KHTML, like Gecko) Chrome/114.0.0.0 Safari/537.36"
102.221.34.103 - - [23/Feb/2026:13:23:31 +0000] "POST /xmlrpc.php HTTP/1.1" 301 178 "-" "Mozilla/5.0 (Windows NT 10.0; Win64; x64) AppleWebKit/537.36 (KHTML, like Gecko) Chrome/114.0.0.0 Safari/537.36"
172.187.168.139 - - [23/Feb/2026:13:23:32 +0000] "POST /wp-cron.php?doing_wp_cron=1771853012.7687950134277343750000 HTTP/1.1" 200 31 "-" "WordPress/6.9; https://mentoring-wp.dreamsmarketplace.com"
102.221.34.103 - - [23/Feb/2026:13:23:32 +0000] "GET /xmlrpc.php HTTP/1.1" 405 53 "-" "Mozilla/5.0 (Windows NT 10.0; Win64; x64) AppleWebKit/537.36 (KHTML, like Gecko) Chrome/114.0.0.0 Safari/537.36"
2a03:2880:f800:3f:: - - [23/Feb/2026:13:23:53 +0000] "GET /slotmagie-50-freispiele-spielen-sie-tennis-stars-slots-exklusive-einzahlung-erster-monat-des-jahres-2026/ HTTP/1.1" 301 178 "-" "meta-externalagent/1.1 (+https://developers.facebook.com/docs/sharing/webmasters/crawler)"
2a03:2880:f800:a:: - - [23/Feb/2026:13:24:27 +0000] "GET /starburst-slots-af-sted-intet-depositum-casino-verde-casino-netent-skuespil-steam-tower-lystslot-rigtige-middel-vederlagsfri-pa-omgaende/ HTTP/1.1" 301 178 "-" "meta-externalagent/1.1 (+https://developers.facebook.com/docs/sharing/webmasters/crawler)"
2a03:2880:f800:42:: - - [23/Feb/2026:13:26:45 +0000] "GET /maklercourtage-ohne-einzahlung-dein-umfassender-arbeitsweise-je-kostenlose-kasino-boni-2026/ HTTP/1.1" 301 178 "-" "meta-externalagent/1.1 (+https://developers.facebook.com/docs/sharing/webmasters/crawler)"
2a03:2880:f800:39:: - - [23/Feb/2026:13:27:33 +0000] "GET /find-de-tjek-min-kilde-bedste-casinoer-oven-i-kobet-din-iphone-android-mobil-kasino/ HTTP/1.1" 301 178 "-" "meta-externalagent/1.1 (+https://developers.facebook.com/docs/sharing/webmasters/crawler)"
172.187.168.139 - - [23/Feb/2026:13:27:54 +0000] "POST /wp-cron.php?doing_wp_cron=1771853274.6499979496002197265625 HTTP/1.1" 200 31 "-" "WordPress/6.9; https://mentoring-wp.dreamsmarketplace.com"
193.31.74.78 - - [23/Feb/2026:13:27:54 +0000] "GET /register/ HTTP/1.1" 200 12106 "https://mentoring-wp.dreamsmarketplace.com/" "Mozilla/5.0 (Macintosh; Intel Mac OS X 12_5) AppleWebKit/537.36 (KHTML, like Gecko) Chrome/114.0.0.0 YaBrowser/22.7.0 Yowser/2.5 Safari/537.36"
172.187.168.139 - - [23/Feb/2026:13:27:56 +0000] "POST /wp-cron.php?doing_wp_cron=1771853276.9478969573974609375000 HTTP/1.1" 200 31 "-" "WordPress/6.9; https://mentoring-wp.dreamsmarketplace.com"
193.31.74.78 - - [23/Feb/2026:13:27:57 +0000] "GET /register/?first_name=Josh&last_name=Brinkman&username=rosaline9862&email=rosaline_irvin-6891%40pqpkkx.com&location=&password=x%21p39NVkIQFT&verify_password=x%21p39NVkIQFT&user_type=mentee&display_name=Brinkman&termsconditions=checked HTTP/1.1" 200 12227 "https://mentoring-wp.dreamsmarketplace.com/register/" "Mozilla/5.0 (Windows NT 6.3; Win64; x64) AppleWebKit/537.36 (KHTML, like Gecko) Chrome/103.0.0.0 Safari/537.36"
172.187.168.139 - - [23/Feb/2026:13:27:59 +0000] "POST /wp-cron.php?doing_wp_cron=1771853279.1261088848114013671875 HTTP/1.1" 200 31 "-" "WordPress/6.9; https://mentoring-wp.dreamsmarketplace.com"
193.31.74.78 - - [23/Feb/2026:13:27:59 +0000] "GET /register/ HTTP/1.1" 200 12106 "https://mentoring-wp.dreamsmarketplace.com/register/?first_name=Josh&last_name=Brinkman&username=rosaline9862&email=rosaline_irvin-6891%40pqpkkx.com&location=&password=x%21p39NVkIQFT&verify_password=x%21p39NVkIQFT&user_type=mentee&display_name=Brinkman&termsconditions=checked" "Mozilla/5.0 (Windows NT 6.3; Win64; x64) AppleWebKit/537.36 (KHTML, like Gecko) Chrome/103.0.0.0 Safari/537.36"
172.187.168.139 - - [23/Feb/2026:13:28:01 +0000] "POST /wp-cron.php?doing_wp_cron=1771853281.0935869216918945312500 HTTP/1.1" 200 31 "-" "WordPress/6.9; https://mentoring-wp.dreamsmarketplace.com"
193.31.74.78 - - [23/Feb/2026:13:28:01 +0000] "GET /xmlrpc.php HTTP/1.1" 405 53 "https://mentoring-wp.dreamsmarketplace.com/register/" "Mozilla/5.0 (Windows NT 6.3; Win64; x64) AppleWebKit/537.36 (KHTML, like Gecko) Chrome/103.0.0.0 Safari/537.36"
2a03:2880:f800:1:: - - [23/Feb/2026:13:28:02 +0000] "GET /spielbank-free-spins-2026-spielbank-freispiele-sizzling-hot-deluxe-keine-einzahlung-exklusive-einzahlung/ HTTP/1.1" 301 178 "-" "meta-externalagent/1.1 (+https://developers.facebook.com/docs/sharing/webmasters/crawler)"
172.187.168.139 - - [23/Feb/2026:13:28:02 +0000] "POST /wp-cron.php?doing_wp_cron=1771853282.7282669544219970703125 HTTP/1.1" 200 31 "-" "WordPress/6.9; https://mentoring-wp.dreamsmarketplace.com"
193.31.74.78 - - [23/Feb/2026:13:28:02 +0000] "POST /xmlrpc.php HTTP/1.1" 200 415 "https://mentoring-wp.dreamsmarketplace.com/xmlrpc.php" "Mozilla/5.0 (Windows NT 6.3; Win64; x64) AppleWebKit/537.36 (KHTML, like Gecko) Chrome/103.0.0.0 Safari/537.36"
123.31.3.188 - - [23/Feb/2026:13:28:02 +0000] "GET /list-of-gambling-enterprises-inside-bogota/ HTTP/1.1" 301 178 "-" "Mozilla/5.0 (Macintosh; Intel Mac OS X 10_15_7) AppleWebKit/537.36 (KHTML, like Gecko) Chrome/97.0.4692.99 Safari/537.36"
172.187.168.139 - - [23/Feb/2026:13:28:04 +0000] "POST /wp-cron.php?doing_wp_cron=1771853284.5698130130767822265625 HTTP/1.1" 200 31 "-" "WordPress/6.9; https://mentoring-wp.dreamsmarketplace.com"
193.31.74.78 - - [23/Feb/2026:13:28:04 +0000] "GET /register/ HTTP/1.1" 200 12106 "https://mentoring-wp.dreamsmarketplace.com/xmlrpc.php" "Mozilla/5.0 (Windows NT 6.3; Win64; x64) AppleWebKit/537.36 (KHTML, like Gecko) Chrome/103.0.0.0 Safari/537.36"
172.187.168.139 - - [23/Feb/2026:13:28:05 +0000] "POST /wp-cron.php?doing_wp_cron=1771853285.8552029132843017578125 HTTP/1.1" 200 31 "-" "WordPress/6.9; https://mentoring-wp.dreamsmarketplace.com"
113.179.105.117 - - [23/Feb/2026:13:28:05 +0000] "GET /list-of-gambling-enterprises-inside-bogota/ HTTP/1.1" 404 10936 "-" "Mozilla/5.0 (Macintosh; Intel Mac OS X 10_15_7) AppleWebKit/537.36 (KHTML, like Gecko) Chrome/97.0.4692.99 Safari/537.36"
193.31.74.78 - - [23/Feb/2026:13:28:07 +0000] "GET /wp-admin/post-new.php HTTP/1.1" 302 5 "https://mentoring-wp.dreamsmarketplace.com/register/" "Mozilla/5.0 (Windows NT 6.3; Win64; x64) AppleWebKit/537.36 (KHTML, like Gecko) Chrome/103.0.0.0 Safari/537.36"
172.187.168.139 - - [23/Feb/2026:13:28:09 +0000] "POST /wp-cron.php?doing_wp_cron=1771853289.3614819049835205078125 HTTP/1.1" 200 31 "-" "WordPress/6.9; https://mentoring-wp.dreamsmarketplace.com"
193.31.74.78 - - [23/Feb/2026:13:28:09 +0000] "GET /wp-login.php?redirect_to=https%3A%2F%2Fmentoring-wp.dreamsmarketplace.com%2Fwp-admin%2Fpost-new.php&reauth=1 HTTP/1.1" 200 2486 "https://mentoring-wp.dreamsmarketplace.com/wp-admin/post-new.php" "Mozilla/5.0 (Windows NT 6.3; Win64; x64) AppleWebKit/537.36 (KHTML, like Gecko) Chrome/103.0.0.0 Safari/537.36"
128.1.179.114 - - [23/Feb/2026:13:28:50 +0000] "POST /xmlrpc.php HTTP/1.1" 301 178 "-" "Mozilla/5.0 (Windows NT 10.0; Win64; x64) AppleWebKit/537.36 (KHTML, like Gecko) Chrome/114.0.0.0 Safari/537.36"
172.187.168.139 - - [23/Feb/2026:13:28:54 +0000] "POST /wp-cron.php?doing_wp_cron=1771853334.2952868938446044921875 HTTP/1.1" 200 31 "-" "WordPress/6.9; https://mentoring-wp.dreamsmarketplace.com"
128.1.179.114 - - [23/Feb/2026:13:28:54 +0000] "GET /xmlrpc.php HTTP/1.1" 405 53 "-" "Mozilla/5.0 (Windows NT 10.0; Win64; x64) AppleWebKit/537.36 (KHTML, like Gecko) Chrome/114.0.0.0 Safari/537.36"
128.1.179.114 - - [23/Feb/2026:13:28:56 +0000] "POST /xmlrpc.php HTTP/1.1" 301 178 "-" "Mozilla/5.0 (Windows NT 10.0; Win64; x64) AppleWebKit/537.36 (KHTML, like Gecko) Chrome/114.0.0.0 Safari/537.36"
172.187.168.139 - - [23/Feb/2026:13:28:59 +0000] "POST /wp-cron.php?doing_wp_cron=1771853339.2265429496765136718750 HTTP/1.1" 200 31 "-" "WordPress/6.9; https://mentoring-wp.dreamsmarketplace.com"
128.1.179.114 - - [23/Feb/2026:13:28:59 +0000] "GET /xmlrpc.php HTTP/1.1" 405 53 "-" "Mozilla/5.0 (Windows NT 10.0; Win64; x64) AppleWebKit/537.36 (KHTML, like Gecko) Chrome/114.0.0.0 Safari/537.36"
2a03:2880:f800:: - - [23/Feb/2026:13:32:22 +0000] "GET /greatest-casinos-on-the-internet-2025-finest-5-a-real-magic-love-video-pokie-income-web-sites-examined/ HTTP/1.1" 301 178 "-" "meta-externalagent/1.1 (+https://developers.facebook.com/docs/sharing/webmasters/crawler)"
2a03:2880:f800:1d:: - - [23/Feb/2026:13:32:28 +0000] "GET /betsafe-their-site-review-and-you-will-bonuses-2025-better-video-game-by-the-bonuscasino-org/ HTTP/1.1" 301 178 "-" "meta-externalagent/1.1 (+https://developers.facebook.com/docs/sharing/webmasters/crawler)"
172.187.168.139 - - [23/Feb/2026:13:33:27 +0000] "POST /wp-cron.php?doing_wp_cron=1771853607.3841159343719482421875 HTTP/1.1" 200 31 "-" "WordPress/6.9; https://mentoring-wp.dreamsmarketplace.com"
156.239.142.181 - - [23/Feb/2026:13:33:27 +0000] "GET /wp-login.php HTTP/1.1" 200 2470 "-" "Mozilla/5.0 (Windows NT 10.0; Win64; x64) AppleWebKit/537.36 (KHTML, like Gecko) Chrome/124.0.6367.207 Safari/537.36"
172.187.168.139 - - [23/Feb/2026:13:33:30 +0000] "POST /wp-cron.php?doing_wp_cron=1771853610.1261179447174072265625 HTTP/1.1" 200 31 "-" "WordPress/6.9; https://mentoring-wp.dreamsmarketplace.com"
156.239.142.181 - - [23/Feb/2026:13:33:30 +0000] "POST /xmlrpc.php HTTP/1.1" 200 1266 "-" "Mozilla/5.0 (Windows NT 10.0; Win64; x64) AppleWebKit/537.36 (KHTML, like Gecko) Chrome/124.0.6367.207 Safari/537.36"
14.191.98.67 - - [23/Feb/2026:13:33:40 +0000] "GET /tips-bet-on-algorithm-step-one-rushing/ HTTP/1.1" 301 178 "-" "Mozilla/5.0 (Windows NT 6.1) AppleWebKit/537.36 (KHTML, like Gecko) Chrome/80.0.3987.132 Safari/537.36"
172.187.168.139 - - [23/Feb/2026:13:33:43 +0000] "POST /wp-cron.php?doing_wp_cron=1771853623.5043280124664306640625 HTTP/1.1" 200 31 "-" "WordPress/6.9; https://mentoring-wp.dreamsmarketplace.com"
113.166.98.22 - - [23/Feb/2026:13:33:43 +0000] "GET /tips-bet-on-algorithm-step-one-rushing/ HTTP/1.1" 404 10933 "-" "Mozilla/5.0 (Windows NT 6.1) AppleWebKit/537.36 (KHTML, like Gecko) Chrome/80.0.3987.132 Safari/537.36"
2a03:2880:f800:2a:: - - [23/Feb/2026:13:34:48 +0000] "GET /bedste-casinoer-inden-online-casino-ingen-depositum-hitnspin-for-danmark-2025/ HTTP/1.1" 301 178 "-" "meta-externalagent/1.1 (+https://developers.facebook.com/docs/sharing/webmasters/crawler)"
2a03:2880:f800:35:: - - [23/Feb/2026:13:35:13 +0000] "GET /showboat-branson-belle-2026-agenda-free-spins-no-deposit-goldbet-tickets/ HTTP/1.1" 301 178 "-" "meta-externalagent/1.1 (+https://developers.facebook.com/docs/sharing/webmasters/crawler)"
172.187.168.139 - - [23/Feb/2026:13:36:49 +0000] "POST /wp-cron.php?doing_wp_cron=1771853809.8313460350036621093750 HTTP/1.1" 200 31 "-" "WordPress/6.9; https://mentoring-wp.dreamsmarketplace.com"
40.77.167.55 - - [23/Feb/2026:13:36:49 +0000] "GET /disfruta-de-oriente-desplazandolo-hacia-el-pelo-sobra-videos-acerca-de-el-acequia-sobre-reddit-asi%EF%BF%BD-como-suscribete-con-el-fin-de-mayormente-actualizaciones/ HTTP/1.1" 404 11027 "-" "Mozilla/5.0 AppleWebKit/537.36 (KHTML, like Gecko; compatible; bingbot/2.0; +http://www.bing.com/bingbot.htm) Chrome/116.0.1938.76 Safari/537.36"
2a03:2880:f800:10:: - - [23/Feb/2026:13:38:01 +0000] "GET /ganske-gysser-verde-casino-danmark-bonus-casino-idraet-online-pa-fede-rigtige-gysser-idraet/ HTTP/1.1" 301 178 "-" "meta-externalagent/1.1 (+https://developers.facebook.com/docs/sharing/webmasters/crawler)"
52.167.144.231 - - [23/Feb/2026:13:39:39 +0000] "GET /the-better-the-protection-index-the-much-more-likely-you%EF%BF%BDre-to-get-your-profits-instead-factors/ HTTP/1.1" 301 178 "-" "Mozilla/5.0 AppleWebKit/537.36 (KHTML, like Gecko; compatible; bingbot/2.0; +http://www.bing.com/bingbot.htm) Chrome/116.0.1938.76 Safari/537.36"
172.187.168.139 - - [23/Feb/2026:13:40:29 +0000] "POST /wp-cron.php?doing_wp_cron=1771854029.0430259704589843750000 HTTP/1.1" 200 31 "-" "WordPress/6.9; https://mentoring-wp.dreamsmarketplace.com"
40.77.167.28 - - [23/Feb/2026:13:40:29 +0000] "GET /portfolio/mentors/ HTTP/1.1" 301 5 "-" "Mozilla/5.0 AppleWebKit/537.36 (KHTML, like Gecko; compatible; bingbot/2.0; +http://www.bing.com/bingbot.htm) Chrome/116.0.1938.76 Safari/537.36"
172.187.168.139 - - [23/Feb/2026:13:40:31 +0000] "POST /wp-cron.php?doing_wp_cron=1771854031.1405889987945556640625 HTTP/1.1" 200 31 "-" "WordPress/6.9; https://mentoring-wp.dreamsmarketplace.com"
40.77.167.28 - - [23/Feb/2026:13:40:31 +0000] "GET / HTTP/1.1" 200 14872 "-" "Mozilla/5.0 AppleWebKit/537.36 (KHTML, like Gecko; compatible; bingbot/2.0; +http://www.bing.com/bingbot.htm) Chrome/116.0.1938.76 Safari/537.36"
172.187.168.139 - - [23/Feb/2026:13:41:10 +0000] "POST /wp-cron.php?doing_wp_cron=1771854070.5433120727539062500000 HTTP/1.1" 200 31 "-" "WordPress/6.9; https://mentoring-wp.dreamsmarketplace.com"
156.239.142.181 - - [23/Feb/2026:13:41:10 +0000] "GET /wp-login.php HTTP/1.1" 200 2470 "-" "Mozilla/5.0 (Windows NT 10.0; Win64; x64) AppleWebKit/537.36 (KHTML, like Gecko) Chrome/124.0.6367.207 Safari/537.36"
172.187.168.139 - - [23/Feb/2026:13:41:12 +0000] "POST /wp-cron.php?doing_wp_cron=1771854072.6583449840545654296875 HTTP/1.1" 200 31 "-" "WordPress/6.9; https://mentoring-wp.dreamsmarketplace.com"
156.239.142.181 - - [23/Feb/2026:13:41:12 +0000] "POST /wp-login.php HTTP/1.1" 302 5 "https://mentoring-wp.dreamsmarketplace.com/wp-login.php" "Mozilla/5.0 (Windows NT 10.0; Win64; x64) AppleWebKit/537.36 (KHTML, like Gecko) Chrome/124.0.6367.207 Safari/537.36"
172.187.168.139 - - [23/Feb/2026:13:41:16 +0000] "POST /wp-cron.php?doing_wp_cron=1771854076.1885828971862792968750 HTTP/1.1" 200 31 "-" "WordPress/6.9; https://mentoring-wp.dreamsmarketplace.com"
156.239.142.181 - - [23/Feb/2026:13:41:16 +0000] "GET /wp-admin/ HTTP/1.1" 200 18250 "https://mentoring-wp.dreamsmarketplace.com/wp-login.php" "Mozilla/5.0 (Windows NT 10.0; Win64; x64) AppleWebKit/537.36 (KHTML, like Gecko) Chrome/124.0.6367.207 Safari/537.36"
98.98.33.53 - - [23/Feb/2026:13:41:39 +0000] "POST /xmlrpc.php HTTP/1.1" 301 178 "-" "Mozilla/5.0 (Windows NT 10.0; Win64; x64) AppleWebKit/537.36 (KHTML, like Gecko) Chrome/114.0.0.0 Safari/537.36"
172.187.168.139 - - [23/Feb/2026:13:41:42 +0000] "POST /wp-cron.php?doing_wp_cron=1771854102.8147239685058593750000 HTTP/1.1" 200 31 "-" "WordPress/6.9; https://mentoring-wp.dreamsmarketplace.com"
98.98.33.53 - - [23/Feb/2026:13:41:42 +0000] "GET /xmlrpc.php HTTP/1.1" 405 53 "-" "Mozilla/5.0 (Windows NT 10.0; Win64; x64) AppleWebKit/537.36 (KHTML, like Gecko) Chrome/114.0.0.0 Safari/537.36"
98.98.33.53 - - [23/Feb/2026:13:41:45 +0000] "POST /xmlrpc.php HTTP/1.1" 301 178 "-" "Mozilla/5.0 (Windows NT 10.0; Win64; x64) AppleWebKit/537.36 (KHTML, like Gecko) Chrome/114.0.0.0 Safari/537.36"
172.187.168.139 - - [23/Feb/2026:13:41:47 +0000] "POST /wp-cron.php?doing_wp_cron=1771854107.8564660549163818359375 HTTP/1.1" 200 31 "-" "WordPress/6.9; https://mentoring-wp.dreamsmarketplace.com"
98.98.33.53 - - [23/Feb/2026:13:41:47 +0000] "GET /xmlrpc.php HTTP/1.1" 405 53 "-" "Mozilla/5.0 (Windows NT 10.0; Win64; x64) AppleWebKit/537.36 (KHTML, like Gecko) Chrome/114.0.0.0 Safari/537.36"
172.187.168.139 - - [23/Feb/2026:13:43:41 +0000] "POST /wp-cron.php?doing_wp_cron=1771854221.7389860153198242187500 HTTP/1.1" 200 31 "-" "WordPress/6.9; https://mentoring-wp.dreamsmarketplace.com"
193.31.74.78 - - [23/Feb/2026:13:43:41 +0000] "GET /register/ HTTP/1.1" 200 12106 "https://mentoring-wp.dreamsmarketplace.com/" "Mozilla/5.0 (Windows NT 10.0) AppleWebKit/537.36 (KHTML, like Gecko) Chrome/114.0.0.0 Safari/537.36"
172.187.168.139 - - [23/Feb/2026:13:43:43 +0000] "POST /wp-cron.php?doing_wp_cron=1771854223.7429409027099609375000 HTTP/1.1" 200 31 "-" "WordPress/6.9; https://mentoring-wp.dreamsmarketplace.com"
193.31.74.78 - - [23/Feb/2026:13:43:43 +0000] "GET /register/?first_name=Colleen&last_name=Forbes&username=kathaleen03p&email=kathaleenlamarr-5537%40demomsa.com&location=&password=%3AwWSWN9flw8Ou&verify_password=%3AwWSWN9flw8Ou&user_type=mentee&display_name=Forbes&termsconditions=checked HTTP/1.1" 200 12228 "https://mentoring-wp.dreamsmarketplace.com/register/" "Mozilla/5.0 (Windows NT 6.3; Win64; x64) AppleWebKit/537.36 (KHTML, like Gecko) Chrome/103.0.0.0 Safari/537.36"
172.187.168.139 - - [23/Feb/2026:13:43:46 +0000] "POST /wp-cron.php?doing_wp_cron=1771854226.0269100666046142578125 HTTP/1.1" 200 31 "-" "WordPress/6.9; https://mentoring-wp.dreamsmarketplace.com"
193.31.74.78 - - [23/Feb/2026:13:43:46 +0000] "GET /register/ HTTP/1.1" 200 12106 "https://mentoring-wp.dreamsmarketplace.com/register/?first_name=Colleen&last_name=Forbes&username=kathaleen03p&email=kathaleenlamarr-5537%40demomsa.com&location=&password=%3AwWSWN9flw8Ou&verify_password=%3AwWSWN9flw8Ou&user_type=mentee&display_name=Forbes&termsconditions=checked" "Mozilla/5.0 (Windows NT 6.3; Win64; x64) AppleWebKit/537.36 (KHTML, like Gecko) Chrome/103.0.0.0 Safari/537.36"
172.187.168.139 - - [23/Feb/2026:13:43:48 +0000] "POST /wp-cron.php?doing_wp_cron=1771854228.0781168937683105468750 HTTP/1.1" 200 31 "-" "WordPress/6.9; https://mentoring-wp.dreamsmarketplace.com"
193.31.74.78 - - [23/Feb/2026:13:43:48 +0000] "GET /xmlrpc.php HTTP/1.1" 405 53 "https://mentoring-wp.dreamsmarketplace.com/register/" "Mozilla/5.0 (Windows NT 6.3; Win64; x64) AppleWebKit/537.36 (KHTML, like Gecko) Chrome/103.0.0.0 Safari/537.36"
172.187.168.139 - - [23/Feb/2026:13:43:49 +0000] "POST /wp-cron.php?doing_wp_cron=1771854229.9053370952606201171875 HTTP/1.1" 200 31 "-" "WordPress/6.9; https://mentoring-wp.dreamsmarketplace.com"
193.31.74.78 - - [23/Feb/2026:13:43:49 +0000] "POST /xmlrpc.php HTTP/1.1" 200 415 "https://mentoring-wp.dreamsmarketplace.com/xmlrpc.php" "Mozilla/5.0 (Windows NT 6.3; Win64; x64) AppleWebKit/537.36 (KHTML, like Gecko) Chrome/103.0.0.0 Safari/537.36"
172.187.168.139 - - [23/Feb/2026:13:43:51 +0000] "POST /wp-cron.php?doing_wp_cron=1771854231.7433519363403320312500 HTTP/1.1" 200 31 "-" "WordPress/6.9; https://mentoring-wp.dreamsmarketplace.com"
193.31.74.78 - - [23/Feb/2026:13:43:51 +0000] "POST /xmlrpc.php HTTP/1.1" 200 415 "https://mentoring-wp.dreamsmarketplace.com/xmlrpc.php" "Mozilla/5.0 (Windows NT 6.3; Win64; x64) AppleWebKit/537.36 (KHTML, like Gecko) Chrome/103.0.0.0 Safari/537.36"
172.187.168.139 - - [23/Feb/2026:13:43:53 +0000] "POST /wp-cron.php?doing_wp_cron=1771854233.6142170429229736328125 HTTP/1.1" 200 31 "-" "WordPress/6.9; https://mentoring-wp.dreamsmarketplace.com"
193.31.74.78 - - [23/Feb/2026:13:43:53 +0000] "GET /register/ HTTP/1.1" 200 12106 "https://mentoring-wp.dreamsmarketplace.com/xmlrpc.php" "Mozilla/5.0 (Windows NT 6.3; Win64; x64) AppleWebKit/537.36 (KHTML, like Gecko) Chrome/103.0.0.0 Safari/537.36"
172.187.168.139 - - [23/Feb/2026:13:43:55 +0000] "POST /wp-cron.php?doing_wp_cron=1771854235.6247010231018066406250 HTTP/1.1" 200 31 "-" "WordPress/6.9; https://mentoring-wp.dreamsmarketplace.com"
193.31.74.78 - - [23/Feb/2026:13:43:55 +0000] "GET /wp-admin/post-new.php HTTP/1.1" 302 5 "https://mentoring-wp.dreamsmarketplace.com/register/" "Mozilla/5.0 (Windows NT 6.3; Win64; x64) AppleWebKit/537.36 (KHTML, like Gecko) Chrome/103.0.0.0 Safari/537.36"
172.187.168.139 - - [23/Feb/2026:13:43:57 +0000] "POST /wp-cron.php?doing_wp_cron=1771854237.7420880794525146484375 HTTP/1.1" 200 31 "-" "WordPress/6.9; https://mentoring-wp.dreamsmarketplace.com"
193.31.74.78 - - [23/Feb/2026:13:43:57 +0000] "GET /wp-login.php?redirect_to=https%3A%2F%2Fmentoring-wp.dreamsmarketplace.com%2Fwp-admin%2Fpost-new.php&reauth=1 HTTP/1.1" 200 2486 "https://mentoring-wp.dreamsmarketplace.com/wp-admin/post-new.php" "Mozilla/5.0 (Windows NT 6.3; Win64; x64) AppleWebKit/537.36 (KHTML, like Gecko) Chrome/103.0.0.0 Safari/537.36"
212.97.69.14 - mentoring_admin [23/Feb/2026:13:45:24 +0000] "GET /wp-json/wp/v2/pages HTTP/1.1" 301 178 "-" "python-requests/2.32.3"
172.187.168.139 - - [23/Feb/2026:13:45:27 +0000] "POST /wp-cron.php?doing_wp_cron=1771854327.5985100269317626953125 HTTP/1.1" 200 31 "-" "WordPress/6.9; https://mentoring-wp.dreamsmarketplace.com"
212.97.69.14 - - [23/Feb/2026:13:45:27 +0000] "GET /wp-json/wp/v2/pages HTTP/1.1" 200 58710 "-" "python-requests/2.32.3"
212.97.69.14 - mentoring_admin [23/Feb/2026:13:45:29 +0000] "GET /wp-json/wp/v2/settings HTTP/1.1" 301 178 "-" "python-requests/2.32.3"
172.187.168.139 - - [23/Feb/2026:13:45:30 +0000] "POST /wp-cron.php?doing_wp_cron=1771854330.7097148895263671875000 HTTP/1.1" 200 31 "-" "WordPress/6.9; https://mentoring-wp.dreamsmarketplace.com"
212.97.69.14 - - [23/Feb/2026:13:45:30 +0000] "GET /wp-json/wp/v2/settings HTTP/1.1" 401 109 "-" "python-requests/2.32.3"
212.97.69.14 - mentoring_admin [23/Feb/2026:13:45:31 +0000] "GET /wp-json/wp/v2/pages HTTP/1.1" 301 178 "-" "python-requests/2.32.3"
172.187.168.139 - - [23/Feb/2026:13:45:33 +0000] "POST /wp-cron.php?doing_wp_cron=1771854332.9472110271453857421875 HTTP/1.1" 200 31 "-" "WordPress/6.9; https://mentoring-wp.dreamsmarketplace.com"
212.97.69.14 - - [23/Feb/2026:13:45:33 +0000] "GET /wp-json/wp/v2/pages HTTP/1.1" 200 58710 "-" "python-requests/2.32.3"
212.97.69.14 - mentoring_admin [23/Feb/2026:13:45:34 +0000] "POST /wp-json/wp/v2/pages/4560 HTTP/1.1" 301 178 "-" "python-requests/2.32.3"
172.187.168.139 - - [23/Feb/2026:13:45:35 +0000] "POST /wp-cron.php?doing_wp_cron=1771854335.5622060298919677734375 HTTP/1.1" 200 31 "-" "WordPress/6.9; https://mentoring-wp.dreamsmarketplace.com"
212.97.69.14 - - [23/Feb/2026:13:45:35 +0000] "GET /wp-json/wp/v2/pages/4560 HTTP/1.1" 200 19794 "-" "python-requests/2.32.3"
2a03:2880:f800:37:: - - [23/Feb/2026:13:46:25 +0000] "GET /gocomics-the-place-to-find-an-50-free-spins-no-deposit-casino-2025-informed-comics-and-more-than-iconic-characters-updated-daily/ HTTP/1.1" 301 178 "-" "meta-externalagent/1.1 (+https://developers.facebook.com/docs/sharing/webmasters/crawler)"
2a03:2880:f800:14:: - - [23/Feb/2026:13:47:37 +0000] "GET /publication-from-inactive-on-slot-games-free-bonus-the-web-play-with-crypto/ HTTP/1.1" 301 178 "-" "meta-externalagent/1.1 (+https://developers.facebook.com/docs/sharing/webmasters/crawler)"
41.200.117.252 - - [23/Feb/2026:13:48:22 +0000] "GET / HTTP/1.1" 301 178 "-" "Mozilla/5.0 (Windows NT 10.0; Win64; x64) AppleWebKit/537.36 (KHTML, like Gecko) Chrome/120.0.0.0 Safari/537.36"
172.187.168.139 - - [23/Feb/2026:13:48:26 +0000] "POST /wp-cron.php?doing_wp_cron=1771854506.2095100879669189453125 HTTP/1.1" 200 31 "-" "WordPress/6.9; https://mentoring-wp.dreamsmarketplace.com"
117.244.202.175 - - [23/Feb/2026:13:48:26 +0000] "GET / HTTP/1.1" 200 14872 "-" "Mozilla/5.0 (Windows NT 10.0; Win64; x64) AppleWebKit/537.36 (KHTML, like Gecko) Chrome/120.0.0.0 Safari/537.36"
172.187.168.139 - - [23/Feb/2026:13:48:29 +0000] "POST /wp-cron.php?doing_wp_cron=1771854509.7053289413452148437500 HTTP/1.1" 200 31 "-" "WordPress/6.9; https://mentoring-wp.dreamsmarketplace.com"
185.187.78.9 - - [23/Feb/2026:13:48:29 +0000] "GET /wp-login.php HTTP/1.1" 200 2470 "-" "Mozilla/5.0 (Windows NT 10.0; Win64; x64) AppleWebKit/537.36 (KHTML, like Gecko) Chrome/120.0.0.0 Safari/537.36"
172.187.168.139 - - [23/Feb/2026:13:48:31 +0000] "POST /wp-cron.php?doing_wp_cron=1771854511.7062749862670898437500 HTTP/1.1" 200 31 "-" "WordPress/6.9; https://mentoring-wp.dreamsmarketplace.com"
185.187.78.9 - - [23/Feb/2026:13:48:31 +0000] "POST /wp-login.php HTTP/1.1" 302 5 "https://mentoring-wp.dreamsmarketplace.com/wp-login.php" "Mozilla/5.0 (Windows NT 10.0; Win64; x64) AppleWebKit/537.36 (KHTML, like Gecko) Chrome/120.0.0.0 Safari/537.36"
172.187.168.139 - - [23/Feb/2026:13:48:35 +0000] "POST /wp-cron.php?doing_wp_cron=1771854515.0789730548858642578125 HTTP/1.1" 200 31 "-" "WordPress/6.9; https://mentoring-wp.dreamsmarketplace.com"
185.187.78.9 - - [23/Feb/2026:13:48:35 +0000] "GET /wp-admin/ HTTP/1.1" 200 18259 "https://mentoring-wp.dreamsmarketplace.com/wp-login.php" "Mozilla/5.0 (Windows NT 10.0; Win64; x64) AppleWebKit/537.36 (KHTML, like Gecko) Chrome/120.0.0.0 Safari/537.36"
172.187.168.139 - - [23/Feb/2026:13:48:38 +0000] "POST /wp-cron.php?doing_wp_cron=1771854518.0137178897857666015625 HTTP/1.1" 200 31 "-" "WordPress/6.9; https://mentoring-wp.dreamsmarketplace.com"
176.120.100.43 - - [23/Feb/2026:13:48:38 +0000] "POST /xmlrpc.php HTTP/1.1" 200 699 "-" "WordPress/5.0; https://mentoring-wp.dreamsmarketplace.com"
172.187.168.139 - - [23/Feb/2026:13:48:39 +0000] "POST /wp-cron.php?doing_wp_cron=1771854519.6095271110534667968750 HTTP/1.1" 200 31 "-" "WordPress/6.9; https://mentoring-wp.dreamsmarketplace.com"
176.120.100.43 - - [23/Feb/2026:13:48:39 +0000] "GET /wp-admin/admin-ajax.php?action=rest-nonce HTTP/1.1" 200 41 "-" "Mozilla/5.0 (Windows NT 10.0; Win64; x64) AppleWebKit/537.36 (KHTML, like Gecko) Chrome/120.0.0.0 Safari/537.36"
172.187.168.139 - - [23/Feb/2026:13:48:41 +0000] "POST /wp-cron.php?doing_wp_cron=1771854521.2227640151977539062500 HTTP/1.1" 200 31 "-" "WordPress/6.9; https://mentoring-wp.dreamsmarketplace.com"
176.120.100.43 - - [23/Feb/2026:13:48:41 +0000] "GET /wp-json/wp/v2/plugins HTTP/1.1" 200 11575 "-" "Mozilla/5.0 (Windows NT 10.0; Win64; x64) AppleWebKit/537.36 (KHTML, like Gecko) Chrome/120.0.0.0 Safari/537.36"
103.122.44.139 - - [23/Feb/2026:13:48:44 +0000] "GET /wp-json/wp/v2/settings HTTP/1.1" 301 178 "-" "Mozilla/5.0 (Windows NT 10.0; Win64; x64) AppleWebKit/537.36 (KHTML, like Gecko) Chrome/120.0.0.0 Safari/537.36"
172.187.168.139 - - [23/Feb/2026:13:48:45 +0000] "POST /wp-cron.php?doing_wp_cron=1771854525.6956410408020019531250 HTTP/1.1" 200 31 "-" "WordPress/6.9; https://mentoring-wp.dreamsmarketplace.com"
176.120.100.43 - - [23/Feb/2026:13:48:45 +0000] "GET /wp-json/wp/v2/settings HTTP/1.1" 200 759 "-" "Mozilla/5.0 (Windows NT 10.0; Win64; x64) AppleWebKit/537.36 (KHTML, like Gecko) Chrome/120.0.0.0 Safari/537.36"
176.113.7.44 - - [23/Feb/2026:13:48:52 +0000] "POST /xmlrpc.php HTTP/1.1" 301 178 "-" "Mozilla/5.0 (Windows NT 10.0; Win64; x64) AppleWebKit/537.36 (KHTML, like Gecko) Chrome/120.0.0.0 Safari/537.36"
172.187.168.139 - - [23/Feb/2026:13:48:54 +0000] "POST /wp-cron.php?doing_wp_cron=1771854534.3261349201202392578125 HTTP/1.1" 200 31 "-" "WordPress/6.9; https://mentoring-wp.dreamsmarketplace.com"
176.120.100.43 - - [23/Feb/2026:13:48:54 +0000] "GET /xmlrpc.php HTTP/1.1" 405 53 "-" "Mozilla/5.0 (Windows NT 10.0; Win64; x64) AppleWebKit/537.36 (KHTML, like Gecko) Chrome/120.0.0.0 Safari/537.36"
176.113.7.44 - - [23/Feb/2026:13:48:54 +0000] "GET /wp-json/wp/v2/pages?per_page=100&page=1&orderby=menu_order&order=asc&_fields=id,link,content HTTP/1.1" 301 178 "-" "Mozilla/5.0 (Windows NT 10.0; Win64; x64) AppleWebKit/537.36 (KHTML, like Gecko) Chrome/120.0.0.0 Safari/537.36"
172.187.168.139 - - [23/Feb/2026:13:48:56 +0000] "POST /wp-cron.php?doing_wp_cron=1771854536.4862580299377441406250 HTTP/1.1" 200 31 "-" "WordPress/6.9; https://mentoring-wp.dreamsmarketplace.com"
176.120.100.43 - - [23/Feb/2026:13:48:56 +0000] "GET /wp-json/wp/v2/pages?per_page=100&page=1&orderby=menu_order&order=asc&_fields=id,link,content HTTP/1.1" 200 42056 "-" "Mozilla/5.0 (Windows NT 10.0; Win64; x64) AppleWebKit/537.36 (KHTML, like Gecko) Chrome/120.0.0.0 Safari/537.36"
172.187.168.139 - - [23/Feb/2026:13:48:58 +0000] "POST /wp-cron.php?doing_wp_cron=1771854538.5917251110076904296875 HTTP/1.1" 200 31 "-" "WordPress/6.9; https://mentoring-wp.dreamsmarketplace.com"
176.120.100.43 - - [23/Feb/2026:13:48:58 +0000] "POST /xmlrpc.php HTTP/1.1" 200 406 "-" "Mozilla/5.0 (Windows NT 10.0; Win64; x64) AppleWebKit/537.36 (KHTML, like Gecko) Chrome/120.0.0.0 Safari/537.36"
172.187.168.139 - - [23/Feb/2026:13:49:00 +0000] "POST /wp-cron.php?doing_wp_cron=1771854540.4871809482574462890625 HTTP/1.1" 200 31 "-" "WordPress/6.9; https://mentoring-wp.dreamsmarketplace.com"
176.120.100.43 - - [23/Feb/2026:13:49:00 +0000] "POST /wp-json/wp/v2/pages/4560 HTTP/1.1" 200 38384 "-" "Mozilla/5.0 (Windows NT 10.0; Win64; x64) AppleWebKit/537.36 (KHTML, like Gecko) Chrome/120.0.0.0 Safari/537.36"
172.187.168.139 - - [23/Feb/2026:13:49:13 +0000] "POST /wp-cron.php?doing_wp_cron=1771854553.6347949504852294921875 HTTP/1.1" 200 31 "-" "WordPress/6.9; https://mentoring-wp.dreamsmarketplace.com"
223.184.252.233 - - [23/Feb/2026:13:49:13 +0000] "GET /?page_id=4560 HTTP/1.1" 301 5 "-" "Mozilla/5.0 (Windows NT 10.0; Win64; x64) AppleWebKit/537.36 (KHTML, like Gecko) Chrome/120.0.0.0 Safari/537.36"
172.187.168.139 - - [23/Feb/2026:13:49:15 +0000] "POST /wp-cron.php?doing_wp_cron=1771854555.8478739261627197265625 HTTP/1.1" 200 31 "-" "WordPress/6.9; https://mentoring-wp.dreamsmarketplace.com"
223.184.252.233 - - [23/Feb/2026:13:49:15 +0000] "GET / HTTP/1.1" 200 14736 "-" "Mozilla/5.0 (Windows NT 10.0; Win64; x64) AppleWebKit/537.36 (KHTML, like Gecko) Chrome/120.0.0.0 Safari/537.36"
2a03:2880:f800:3d:: - - [23/Feb/2026:13:49:23 +0000] "GET /the-major-crappy-wolf-within-slotsheaven-casino-login-my-beast-tires-step-1-put-household-from-the-valerie-fontaine/ HTTP/1.1" 301 178 "-" "meta-externalagent/1.1 (+https://developers.facebook.com/docs/sharing/webmasters/crawler)"
2a03:2880:f800:46:: - - [23/Feb/2026:13:52:20 +0000] "GET /added-play-extra-wild-slot-machine-bonus-spins-offers-no-deposit-required-current-offers/ HTTP/1.1" 301 178 "-" "meta-externalagent/1.1 (+https://developers.facebook.com/docs/sharing/webmasters/crawler)"
2a03:2880:f800:39:: - - [23/Feb/2026:13:53:55 +0000] "GET /fifty-100-casino-21com-real-money-percent-free-spins-no-deposit-december-2025/ HTTP/1.1" 301 178 "-" "meta-externalagent/1.1 (+https://developers.facebook.com/docs/sharing/webmasters/crawler)"
2a03:2880:f800:42:: - - [23/Feb/2026:13:56:25 +0000] "GET /dollars-indication-mummy-casino-dysfunction-background-things/ HTTP/1.1" 301 178 "-" "meta-externalagent/1.1 (+https://developers.facebook.com/docs/sharing/webmasters/crawler)"
91.84.111.146 - - [23/Feb/2026:13:56:57 +0000] "GET /register/ HTTP/1.1" 301 178 "https://mentoring-wp.dreamstechnologies.com/register/" "Mozilla/5.0 (Windows NT 10.0; Win64; x64) AppleWebKit/537.36 (KHTML, like Gecko) Chrome/129.0.0.0 Safari/537.36"
172.187.168.139 - - [23/Feb/2026:13:56:59 +0000] "POST /wp-cron.php?doing_wp_cron=1771855019.1448619365692138671875 HTTP/1.1" 200 31 "-" "WordPress/6.9; https://mentoring-wp.dreamsmarketplace.com"
91.84.111.146 - - [23/Feb/2026:13:56:59 +0000] "GET /register/ HTTP/1.1" 200 12106 "https://mentoring-wp.dreamsmarketplace.com/register/" "Mozilla/5.0 (Windows NT 10.0; Win64; x64) AppleWebKit/537.36 (KHTML, like Gecko) Chrome/129.0.0.0 Safari/537.36"
172.187.168.139 - - [23/Feb/2026:13:57:00 +0000] "POST /wp-cron.php?doing_wp_cron=1771855020.6199450492858886718750 HTTP/1.1" 200 31 "-" "WordPress/6.9; https://mentoring-wp.dreamsmarketplace.com"
91.84.111.146 - - [23/Feb/2026:13:57:00 +0000] "GET /blog/ HTTP/1.1" 200 15399 "https://mentoring-wp.dreamsmarketplace.com/blog/" "Mozilla/5.0 (Windows NT 10.0; Win64; x64) AppleWebKit/537.36 (KHTML, like Gecko) Chrome/129.0.0.0 Safari/537.36"
172.187.168.139 - - [23/Feb/2026:13:57:02 +0000] "POST /wp-cron.php?doing_wp_cron=1771855022.0535190105438232421875 HTTP/1.1" 200 31 "-" "WordPress/6.9; https://mentoring-wp.dreamsmarketplace.com"
91.84.111.146 - - [23/Feb/2026:13:57:02 +0000] "GET /blog/page/2/ HTTP/1.1" 200 15278 "https://mentoring-wp.dreamsmarketplace.com/blog/page/2/" "Mozilla/5.0 (Windows NT 10.0; Win64; x64) AppleWebKit/537.36 (KHTML, like Gecko) Chrome/129.0.0.0 Safari/537.36"
172.187.168.139 - - [23/Feb/2026:13:57:03 +0000] "POST /wp-cron.php?doing_wp_cron=1771855023.6462140083312988281250 HTTP/1.1" 200 31 "-" "WordPress/6.9; https://mentoring-wp.dreamsmarketplace.com"
91.84.111.146 - - [23/Feb/2026:13:57:03 +0000] "GET /the-standard-chunk-of-lorem-ipsum-used/ HTTP/1.1" 200 18749 "https://mentoring-wp.dreamsmarketplace.com/the-standard-chunk-of-lorem-ipsum-used/" "Mozilla/5.0 (Windows NT 10.0; Win64; x64) AppleWebKit/537.36 (KHTML, like Gecko) Chrome/129.0.0.0 Safari/537.36"
172.187.168.139 - - [23/Feb/2026:13:57:05 +0000] "POST /wp-cron.php?doing_wp_cron=1771855025.1979169845581054687500 HTTP/1.1" 200 31 "-" "WordPress/6.9; https://mentoring-wp.dreamsmarketplace.com"
91.84.111.146 - - [23/Feb/2026:13:57:05 +0000] "POST /wp-comments-post.php HTTP/1.1" 500 2629 "https://mentoring-wp.dreamsmarketplace.com/the-standard-chunk-of-lorem-ipsum-used/" "Mozilla/5.0 (Windows NT 10.0; Win64; x64) AppleWebKit/537.36 (KHTML, like Gecko) Chrome/129.0.0.0 Safari/537.36"
2a03:2880:f800:40:: - - [23/Feb/2026:13:58:05 +0000] "GET /igt-slots-gamble-fafafa-slot-game-igt-slots-online-for-free/ HTTP/1.1" 301 178 "-" "meta-externalagent/1.1 (+https://developers.facebook.com/docs/sharing/webmasters/crawler)"
40.77.167.55 - - [23/Feb/2026:13:59:09 +0000] "GET /tips-victory-during-the-slots-on-line-tips-actions-casino-bitcoin-2025/ HTTP/1.1" 301 178 "-" "Mozilla/5.0 AppleWebKit/537.36 (KHTML, like Gecko; compatible; bingbot/2.0; +http://www.bing.com/bingbot.htm) Chrome/116.0.1938.76 Safari/537.36"
2a03:2880:f800:20:: - - [23/Feb/2026:13:59:10 +0000] "GET /mr-keno-online-casino-green-kasino-untersuchung-25-freispiele-ohne-einzahlung/ HTTP/1.1" 301 178 "-" "meta-externalagent/1.1 (+https://developers.facebook.com/docs/sharing/webmasters/crawler)"
2a03:2880:f800:2c:: - - [23/Feb/2026:13:59:58 +0000] "GET /betano-bonus-comment-rating-29-inside-incentives-once-you-wager-play-regal-free-bonus-ten/ HTTP/1.1" 301 178 "-" "meta-externalagent/1.1 (+https://developers.facebook.com/docs/sharing/webmasters/crawler)"
2a03:2880:f800:42:: - - [23/Feb/2026:14:00:19 +0000] "GET /wp-sitemap.xml HTTP/1.1" 301 178 "-" "meta-externalagent/1.1 (+https://developers.facebook.com/docs/sharing/webmasters/crawler)"
208.214.167.17 - - [23/Feb/2026:14:00:28 +0000] "POST /xmlrpc.php HTTP/1.1" 301 178 "-" "Python-xmlrpc/3.11"
172.187.168.139 - - [23/Feb/2026:14:01:07 +0000] "POST /wp-cron.php?doing_wp_cron=1771855267.7293260097503662109375 HTTP/1.1" 200 31 "-" "WordPress/6.9; https://mentoring-wp.dreamsmarketplace.com"
2a03:2880:f800:33:: - - [23/Feb/2026:14:01:07 +0000] "GET /wp-sitemap-taxonomies-post_tag-1.xml HTTP/1.1" 200 601 "-" "meta-externalagent/1.1 (+https://developers.facebook.com/docs/sharing/webmasters/crawler)"
172.187.168.139 - - [23/Feb/2026:14:02:00 +0000] "POST /wp-cron.php?doing_wp_cron=1771855320.1083660125732421875000 HTTP/1.1" 200 31 "-" "WordPress/6.9; https://mentoring-wp.dreamsmarketplace.com"
216.26.247.229 - - [23/Feb/2026:14:02:00 +0000] "HEAD / HTTP/1.1" 200 0 "-" "curl/8.6.0"
172.187.168.139 - - [23/Feb/2026:14:02:01 +0000] "POST /wp-cron.php?doing_wp_cron=1771855321.6518709659576416015625 HTTP/1.1" 200 31 "-" "WordPress/6.9; https://mentoring-wp.dreamsmarketplace.com"
40.77.167.136 - - [23/Feb/2026:14:02:01 +0000] "GET /wunderino-erfahrungen-test-2025-beschmu-mehr-infos-erhalten-und-serios/ HTTP/1.1" 404 10951 "-" "Mozilla/5.0 AppleWebKit/537.36 (KHTML, like Gecko; compatible; bingbot/2.0; +http://www.bing.com/bingbot.htm) Chrome/116.0.1938.76 Safari/537.36"
172.187.168.139 - - [23/Feb/2026:14:02:01 +0000] "POST /wp-cron.php?doing_wp_cron=1771855321.7478098869323730468750 HTTP/1.1" 200 31 "-" "WordPress/6.9; https://mentoring-wp.dreamsmarketplace.com"
216.26.245.124 - - [23/Feb/2026:14:02:01 +0000] "GET /wp-login.php HTTP/1.1" 200 2470 "-" "curl/7.88.1"
172.187.168.139 - - [23/Feb/2026:14:02:03 +0000] "POST /wp-cron.php?doing_wp_cron=1771855323.4184930324554443359375 HTTP/1.1" 200 31 "-" "WordPress/6.9; https://mentoring-wp.dreamsmarketplace.com"
216.26.245.124 - - [23/Feb/2026:14:02:03 +0000] "POST /wp-login.php HTTP/1.1" 302 5 "https://mentoring-wp.dreamsmarketplace.com/wp-login.php" "Wget/1.21.4"
172.187.168.139 - - [23/Feb/2026:14:02:06 +0000] "POST /wp-cron.php?doing_wp_cron=1771855326.5472528934478759765625 HTTP/1.1" 200 31 "-" "WordPress/6.9; https://mentoring-wp.dreamsmarketplace.com"
216.26.245.124 - - [23/Feb/2026:14:02:06 +0000] "GET /wp-admin/ HTTP/1.1" 200 18240 "https://mentoring-wp.dreamsmarketplace.com/wp-login.php" "Wget/1.21.4"
172.187.168.139 - - [23/Feb/2026:14:02:09 +0000] "POST /wp-cron.php?doing_wp_cron=1771855329.5056569576263427734375 HTTP/1.1" 200 31 "-" "WordPress/6.9; https://mentoring-wp.dreamsmarketplace.com"
216.26.245.124 - - [23/Feb/2026:14:02:09 +0000] "GET /wp-admin/plugins.php HTTP/1.1" 200 77108 "-" "curl/8.6.0"
2a03:2880:f800:45:: - - [23/Feb/2026:14:03:12 +0000] "GET /21com-mobile-deposit-casino-gambling-establishment-extra-rules/ HTTP/1.1" 301 178 "-" "meta-externalagent/1.1 (+https://developers.facebook.com/docs/sharing/webmasters/crawler)"
14.247.81.206 - - [23/Feb/2026:14:03:15 +0000] "GET /freispiele-exklusive-einzahlung-2025-gratis-book-of-dead-slot-online-casino-freispiele/ HTTP/1.1" 301 178 "-" "Mozilla/5.0 (Macintosh; Intel Mac OS X 10_15_7) AppleWebKit/537.36 (KHTML, like Gecko) Chrome/98.0.4758.109 Safari/537.36"
172.187.168.139 - - [23/Feb/2026:14:03:19 +0000] "POST /wp-cron.php?doing_wp_cron=1771855399.0939939022064208984375 HTTP/1.1" 200 31 "-" "WordPress/6.9; https://mentoring-wp.dreamsmarketplace.com"
14.191.199.158 - - [23/Feb/2026:14:03:19 +0000] "GET /freispiele-exklusive-einzahlung-2025-gratis-book-of-dead-slot-online-casino-freispiele/ HTTP/1.1" 404 10968 "-" "Mozilla/5.0 (Macintosh; Intel Mac OS X 10_15_7) AppleWebKit/537.36 (KHTML, like Gecko) Chrome/98.0.4758.109 Safari/537.36"
2a03:2880:f800:2a:: - - [23/Feb/2026:14:05:03 +0000] "GET /playamo-promo-password-2026-100-percent-free-revolves-big-hyperlink-no-deposit-bonus/ HTTP/1.1" 301 178 "-" "meta-externalagent/1.1 (+https://developers.facebook.com/docs/sharing/webmasters/crawler)"
128.1.227.244 - - [23/Feb/2026:14:06:20 +0000] "POST /xmlrpc.php HTTP/1.1" 301 178 "-" "Mozilla/5.0 (Windows NT 10.0; Win64; x64) AppleWebKit/537.36 (KHTML, like Gecko) Chrome/114.0.0.0 Safari/537.36"
172.187.168.139 - - [23/Feb/2026:14:06:23 +0000] "POST /wp-cron.php?doing_wp_cron=1771855583.6591470241546630859375 HTTP/1.1" 200 31 "-" "WordPress/6.9; https://mentoring-wp.dreamsmarketplace.com"
128.1.227.244 - - [23/Feb/2026:14:06:23 +0000] "GET /xmlrpc.php HTTP/1.1" 405 53 "-" "Mozilla/5.0 (Windows NT 10.0; Win64; x64) AppleWebKit/537.36 (KHTML, like Gecko) Chrome/114.0.0.0 Safari/537.36"
128.1.227.244 - - [23/Feb/2026:14:06:25 +0000] "POST /xmlrpc.php HTTP/1.1" 301 178 "-" "Mozilla/5.0 (Windows NT 10.0; Win64; x64) AppleWebKit/537.36 (KHTML, like Gecko) Chrome/114.0.0.0 Safari/537.36"
172.187.168.139 - - [23/Feb/2026:14:06:28 +0000] "POST /wp-cron.php?doing_wp_cron=1771855587.9530620574951171875000 HTTP/1.1" 200 31 "-" "WordPress/6.9; https://mentoring-wp.dreamsmarketplace.com"
128.1.227.244 - - [23/Feb/2026:14:06:28 +0000] "GET /xmlrpc.php HTTP/1.1" 405 53 "-" "Mozilla/5.0 (Windows NT 10.0; Win64; x64) AppleWebKit/537.36 (KHTML, like Gecko) Chrome/114.0.0.0 Safari/537.36"
2a03:2880:f800:45:: - - [23/Feb/2026:14:07:00 +0000] "GET /21-com-play-spinsy-no-deposit-code-higher/ HTTP/1.1" 301 178 "-" "meta-externalagent/1.1 (+https://developers.facebook.com/docs/sharing/webmasters/crawler)"
2a03:2880:f800:10:: - - [23/Feb/2026:14:07:48 +0000] "GET /no-deposit-added-bonus-rules-2025-real-currency-web-planet-7-casino-play-online-based-casinos/ HTTP/1.1" 301 178 "-" "meta-externalagent/1.1 (+https://developers.facebook.com/docs/sharing/webmasters/crawler)"
2a03:2880:f800:10:: - - [23/Feb/2026:14:08:41 +0000] "GET /big-four-video-slot-free-demonstration-game-rtp-and-you-will-finest-casino-sites-fruit-shop-casino-to-play/ HTTP/1.1" 301 178 "-" "meta-externalagent/1.1 (+https://developers.facebook.com/docs/sharing/webmasters/crawler)"
2a03:2880:f800:45:: - - [23/Feb/2026:14:08:49 +0000] "GET /greatest-united-states-no-deposit-lightning-link-casino-free-coins-link-incentives-get-private-bonus-requirements-2026/ HTTP/1.1" 301 178 "-" "meta-externalagent/1.1 (+https://developers.facebook.com/docs/sharing/webmasters/crawler)"
2a03:2880:f800:17:: - - [23/Feb/2026:14:08:56 +0000] "GET /10-better-free-pokie-games-for-mobile-phone-playing-apps-the-real-deal-cash-in-2026/ HTTP/1.1" 301 178 "-" "meta-externalagent/1.1 (+https://developers.facebook.com/docs/sharing/webmasters/crawler)"
2a03:2880:f800:12:: - - [23/Feb/2026:14:10:05 +0000] "GET /free-spins-inte-med-insattning-2025-fortecknin-nog-deposit-gate-777-sverige-inloggning-required/ HTTP/1.1" 301 178 "-" "meta-externalagent/1.1 (+https://developers.facebook.com/docs/sharing/webmasters/crawler)"
128.1.179.147 - - [23/Feb/2026:14:10:09 +0000] "POST /xmlrpc.php HTTP/1.1" 301 178 "-" "Mozilla/5.0 (Windows NT 10.0; Win64; x64) AppleWebKit/537.36 (KHTML, like Gecko) Chrome/114.0.0.0 Safari/537.36"
172.187.168.139 - - [23/Feb/2026:14:10:12 +0000] "POST /wp-cron.php?doing_wp_cron=1771855812.1737520694732666015625 HTTP/1.1" 200 31 "-" "WordPress/6.9; https://mentoring-wp.dreamsmarketplace.com"
128.1.179.147 - - [23/Feb/2026:14:10:12 +0000] "GET /xmlrpc.php HTTP/1.1" 405 53 "-" "Mozilla/5.0 (Windows NT 10.0; Win64; x64) AppleWebKit/537.36 (KHTML, like Gecko) Chrome/114.0.0.0 Safari/537.36"
128.1.179.147 - - [23/Feb/2026:14:10:13 +0000] "POST /xmlrpc.php HTTP/1.1" 301 178 "-" "Mozilla/5.0 (Windows NT 10.0; Win64; x64) AppleWebKit/537.36 (KHTML, like Gecko) Chrome/114.0.0.0 Safari/537.36"
172.187.168.139 - - [23/Feb/2026:14:10:15 +0000] "POST /wp-cron.php?doing_wp_cron=1771855815.9236979484558105468750 HTTP/1.1" 200 31 "-" "WordPress/6.9; https://mentoring-wp.dreamsmarketplace.com"
128.1.179.147 - - [23/Feb/2026:14:10:15 +0000] "GET /xmlrpc.php HTTP/1.1" 405 53 "-" "Mozilla/5.0 (Windows NT 10.0; Win64; x64) AppleWebKit/537.36 (KHTML, like Gecko) Chrome/114.0.0.0 Safari/537.36"
2a03:2880:f800:b:: - - [23/Feb/2026:14:11:33 +0000] "GET /spillesider-2026-48-bedste-danske-vulkan-vegas-danmark-revdkw-spillesider-nogle-velkomstbonus-her/ HTTP/1.1" 301 178 "-" "meta-externalagent/1.1 (+https://developers.facebook.com/docs/sharing/webmasters/crawler)"
177.38.193.57 - - [23/Feb/2026:14:12:18 +0000] "GET /kasino-provision-blos-einzahlung-in-teutonia-i24slot-casino-neu-2025/ HTTP/1.1" 301 178 "-" "Mozilla/5.0 (Macintosh; Intel Mac OS X 10_12_6) AppleWebKit/537.36 (KHTML, like Gecko) Chrome/94.0.4606.81 Safari/537.36"
172.187.168.139 - - [23/Feb/2026:14:12:22 +0000] "POST /wp-cron.php?doing_wp_cron=1771855942.3783318996429443359375 HTTP/1.1" 200 31 "-" "WordPress/6.9; https://mentoring-wp.dreamsmarketplace.com"
116.71.166.173 - - [23/Feb/2026:14:12:22 +0000] "GET /kasino-provision-blos-einzahlung-in-teutonia-i24slot-casino-neu-2025/ HTTP/1.1" 404 10961 "-" "Mozilla/5.0 (Macintosh; Intel Mac OS X 10_12_6) AppleWebKit/537.36 (KHTML, like Gecko) Chrome/94.0.4606.81 Safari/537.36"
2a03:2880:f800:1:: - - [23/Feb/2026:14:12:55 +0000] "GET /bloodsuckers-2-slot-review-joaca-octavian-gaming-sloturi-sa-jocuri-online-quick-hit-casino-and-bonus-arunca-100-free-spins/ HTTP/1.1" 301 178 "-" "meta-externalagent/1.1 (+https://developers.facebook.com/docs/sharing/webmasters/crawler)"
102.221.34.103 - - [23/Feb/2026:14:15:19 +0000] "POST /xmlrpc.php HTTP/1.1" 301 178 "-" "Mozilla/5.0 (Windows NT 10.0; Win64; x64) AppleWebKit/537.36 (KHTML, like Gecko) Chrome/114.0.0.0 Safari/537.36"
172.187.168.139 - - [23/Feb/2026:14:15:21 +0000] "POST /wp-cron.php?doing_wp_cron=1771856121.2627699375152587890625 HTTP/1.1" 200 31 "-" "WordPress/6.9; https://mentoring-wp.dreamsmarketplace.com"
102.221.34.103 - - [23/Feb/2026:14:15:21 +0000] "GET /xmlrpc.php HTTP/1.1" 405 53 "-" "Mozilla/5.0 (Windows NT 10.0; Win64; x64) AppleWebKit/537.36 (KHTML, like Gecko) Chrome/114.0.0.0 Safari/537.36"
102.221.34.103 - - [23/Feb/2026:14:15:22 +0000] "POST /xmlrpc.php HTTP/1.1" 301 178 "-" "Mozilla/5.0 (Windows NT 10.0; Win64; x64) AppleWebKit/537.36 (KHTML, like Gecko) Chrome/114.0.0.0 Safari/537.36"
172.187.168.139 - - [23/Feb/2026:14:15:23 +0000] "POST /wp-cron.php?doing_wp_cron=1771856123.7666740417480468750000 HTTP/1.1" 200 31 "-" "WordPress/6.9; https://mentoring-wp.dreamsmarketplace.com"
102.221.34.103 - - [23/Feb/2026:14:15:23 +0000] "GET /xmlrpc.php HTTP/1.1" 405 53 "-" "Mozilla/5.0 (Windows NT 10.0; Win64; x64) AppleWebKit/537.36 (KHTML, like Gecko) Chrome/114.0.0.0 Safari/537.36"
102.221.34.103 - - [23/Feb/2026:14:15:38 +0000] "POST /xmlrpc.php HTTP/1.1" 301 178 "-" "Mozilla/5.0 (Windows NT 10.0; Win64; x64) AppleWebKit/537.36 (KHTML, like Gecko) Chrome/114.0.0.0 Safari/537.36"
172.187.168.139 - - [23/Feb/2026:14:15:40 +0000] "POST /wp-cron.php?doing_wp_cron=1771856140.0254859924316406250000 HTTP/1.1" 200 31 "-" "WordPress/6.9; https://mentoring-wp.dreamsmarketplace.com"
102.221.34.103 - - [23/Feb/2026:14:15:40 +0000] "GET /xmlrpc.php HTTP/1.1" 405 53 "-" "Mozilla/5.0 (Windows NT 10.0; Win64; x64) AppleWebKit/537.36 (KHTML, like Gecko) Chrome/114.0.0.0 Safari/537.36"
102.221.34.103 - - [23/Feb/2026:14:15:40 +0000] "POST /xmlrpc.php HTTP/1.1" 301 178 "-" "Mozilla/5.0 (Windows NT 10.0; Win64; x64) AppleWebKit/537.36 (KHTML, like Gecko) Chrome/114.0.0.0 Safari/537.36"
