45.154.98.121 - - [23/Feb/2026:19:13:12 +0000] "GET /dhwnwotr.php?Fox=d3wL7 HTTP/1.1" 404 196 "www.google.com" "Mozilla/5.0 (Linux; Android 7.0; SM-G892A Bulid/NRD90M; wv) AppleWebKit/537.36 (KHTML, like Gecko) Version/4.0 Chrome/60.0.3112.107 Moblie Safari/537.36"
102.64.166.94 - - [23/Feb/2026:19:24:53 +0000] "GET /mentors/travis-trimble/page/4/ HTTP/1.1" 301 178 "-" "Mozilla/5.0 (Macintosh; Intel Mac OS X 10_12_6) AppleWebKit/537.36 (KHTML, like Gecko) Chrome/80.0.3987.132 Safari/537.36"
172.187.168.139 - - [23/Feb/2026:19:24:57 +0000] "POST /wp-cron.php?doing_wp_cron=1771874697.1321110725402832031250 HTTP/1.1" 200 31 "-" "WordPress/6.9; https://mentoring-wp.dreamsmarketplace.com"
186.209.213.116 - - [23/Feb/2026:19:24:57 +0000] "GET /mentors/travis-trimble/page/4/ HTTP/1.1" 404 10935 "-" "Mozilla/5.0 (Macintosh; Intel Mac OS X 10_12_6) AppleWebKit/537.36 (KHTML, like Gecko) Chrome/80.0.3987.132 Safari/537.36"
52.167.144.174 - - [23/Feb/2026:19:30:52 +0000] "GET /vayamos-por-partes-es-lotba-y-cual-es-su-tarea-en-los-juegos-de-casualidad/ HTTP/1.1" 301 178 "-" "Mozilla/5.0 AppleWebKit/537.36 (KHTML, like Gecko; compatible; bingbot/2.0; +http://www.bing.com/bingbot.htm) Chrome/116.0.1938.76 Safari/537.36"
143.208.14.62 - - [23/Feb/2026:19:31:15 +0000] "GET /your-guide-to-choosing-the-best-no-deposit-offers-within-pennsylvania-casinos-on-the-internet/ HTTP/1.1" 301 178 "-" "Mozilla/5.0 (Macintosh; Intel Mac OS X 10_15_0) AppleWebKit/537.36 (KHTML, like Gecko) Chrome/89.0.4389.114 Safari/537.36"
172.187.168.139 - - [23/Feb/2026:19:31:21 +0000] "POST /wp-cron.php?doing_wp_cron=1771875081.0333900451660156250000 HTTP/1.1" 200 31 "-" "WordPress/6.9; https://mentoring-wp.dreamsmarketplace.com"
14.167.131.95 - - [23/Feb/2026:19:31:21 +0000] "GET /your-guide-to-choosing-the-best-no-deposit-offers-within-pennsylvania-casinos-on-the-internet/ HTTP/1.1" 404 10983 "-" "Mozilla/5.0 (Macintosh; Intel Mac OS X 10_15_0) AppleWebKit/537.36 (KHTML, like Gecko) Chrome/89.0.4389.114 Safari/537.36"
202.65.238.216 - - [23/Feb/2026:19:32:04 +0000] "GET /kasino-freispiele-abzuglich-einzahlung-sofort-50-keine-einzahlung-spins-ice-age-erhaltlich-2025/ HTTP/1.1" 301 178 "-" "Mozilla/5.0 (Windows NT 6.3; Win64; x64) AppleWebKit/537.36 (KHTML, like Gecko) Chrome/75.0.3770.100 Safari/537.36"
172.187.168.139 - - [23/Feb/2026:19:32:07 +0000] "POST /wp-cron.php?doing_wp_cron=1771875127.2466409206390380859375 HTTP/1.1" 200 31 "-" "WordPress/6.9; https://mentoring-wp.dreamsmarketplace.com"
14.177.163.59 - - [23/Feb/2026:19:32:07 +0000] "GET /kasino-freispiele-abzuglich-einzahlung-sofort-50-keine-einzahlung-spins-ice-age-erhaltlich-2025/ HTTP/1.1" 404 10968 "-" "Mozilla/5.0 (Windows NT 6.3; Win64; x64) AppleWebKit/537.36 (KHTML, like Gecko) Chrome/75.0.3770.100 Safari/537.36"
128.1.179.114 - - [23/Feb/2026:19:32:24 +0000] "POST /xmlrpc.php HTTP/1.1" 301 178 "-" "Mozilla/5.0 (Windows NT 10.0; Win64; x64) AppleWebKit/537.36 (KHTML, like Gecko) Chrome/114.0.0.0 Safari/537.36"
172.187.168.139 - - [23/Feb/2026:19:32:27 +0000] "POST /wp-cron.php?doing_wp_cron=1771875147.8909039497375488281250 HTTP/1.1" 200 31 "-" "WordPress/6.9; https://mentoring-wp.dreamsmarketplace.com"
128.1.179.114 - - [23/Feb/2026:19:32:27 +0000] "GET /xmlrpc.php HTTP/1.1" 405 53 "-" "Mozilla/5.0 (Windows NT 10.0; Win64; x64) AppleWebKit/537.36 (KHTML, like Gecko) Chrome/114.0.0.0 Safari/537.36"
128.1.179.114 - - [23/Feb/2026:19:32:29 +0000] "POST /xmlrpc.php HTTP/1.1" 301 178 "-" "Mozilla/5.0 (Windows NT 10.0; Win64; x64) AppleWebKit/537.36 (KHTML, like Gecko) Chrome/114.0.0.0 Safari/537.36"
172.187.168.139 - - [23/Feb/2026:19:32:31 +0000] "POST /wp-cron.php?doing_wp_cron=1771875151.8475830554962158203125 HTTP/1.1" 200 31 "-" "WordPress/6.9; https://mentoring-wp.dreamsmarketplace.com"
128.1.179.114 - - [23/Feb/2026:19:32:31 +0000] "GET /xmlrpc.php HTTP/1.1" 405 53 "-" "Mozilla/5.0 (Windows NT 10.0; Win64; x64) AppleWebKit/537.36 (KHTML, like Gecko) Chrome/114.0.0.0 Safari/537.36"
52.167.144.202 - - [23/Feb/2026:19:35:25 +0000] "GET /ravelry-pearl-the-fresh-jack-and-the-beanstalk-offers-dolphin-development-from-the-sarah-sloyer/ HTTP/1.1" 301 178 "-" "Mozilla/5.0 AppleWebKit/537.36 (KHTML, like Gecko; compatible; bingbot/2.0; +http://www.bing.com/bingbot.htm) Chrome/116.0.1938.76 Safari/537.36"
172.187.168.139 - - [23/Feb/2026:19:37:02 +0000] "POST /wp-cron.php?doing_wp_cron=1771875421.9298040866851806640625 HTTP/1.1" 200 31 "-" "WordPress/6.9; https://mentoring-wp.dreamsmarketplace.com"
86.54.25.110 - - [23/Feb/2026:19:37:02 +0000] "GET / HTTP/1.1" 200 14896 "-" "Python/3.13 aiohttp/3.12.13"
47.128.58.58 - - [23/Feb/2026:19:42:43 +0000] "GET /mentors/katharine-berthold/ HTTP/1.1" 301 178 "-" "Mozilla/5.0 (compatible; Bytespider; [email protected]) AppleWebKit/537.36 (KHTML, like Gecko) Chrome/70.0.0.0 Safari/537.36"
172.187.168.139 - - [23/Feb/2026:19:43:06 +0000] "POST /wp-cron.php?doing_wp_cron=1771875786.6469130516052246093750 HTTP/1.1" 200 31 "-" "WordPress/6.9; https://mentoring-wp.dreamsmarketplace.com"
47.128.33.226 - - [23/Feb/2026:19:43:06 +0000] "GET /mentors/katharine-berthold/ HTTP/1.1" 404 10932 "-" "Mozilla/5.0 (Linux; Android 5.0) AppleWebKit/537.36 (KHTML, like Gecko) Mobile Safari/537.36 (compatible; Bytespider; [email protected])"
47.128.33.226 - - [23/Feb/2026:19:43:07 +0000] "GET /wp-content/plugins/contact-form-7/includes/css/styles.css?ver=6.1.4 HTTP/1.1" 304 0 "https://mentoring-wp.dreamsmarketplace.com/mentors/katharine-berthold/" "Mozilla/5.0 (Linux; Android 5.0) AppleWebKit/537.36 (KHTML, like Gecko) Mobile Safari/537.36 (compatible; Bytespider; [email protected])"
47.128.33.226 - - [23/Feb/2026:19:43:07 +0000] "GET /wp-content/plugins/frontend-reset-password/assets/css/password-lost.css?ver=6.9 HTTP/1.1" 304 0 "https://mentoring-wp.dreamsmarketplace.com/mentors/katharine-berthold/" "Mozilla/5.0 (Linux; Android 5.0) AppleWebKit/537.36 (KHTML, like Gecko) Mobile Safari/537.36 (compatible; Bytespider; [email protected])"
47.128.33.226 - - [23/Feb/2026:19:43:07 +0000] "GET /wp-content/themes/mentoring/assets/css/flaticon.css?ver=1.3.5 HTTP/1.1" 304 0 "https://mentoring-wp.dreamsmarketplace.com/mentors/katharine-berthold/" "Mozilla/5.0 (Linux; Android 5.0) AppleWebKit/537.36 (KHTML, like Gecko) Mobile Safari/537.36 (compatible; Bytespider; [email protected])"
47.128.33.226 - - [23/Feb/2026:19:43:07 +0000] "GET /wp-content/themes/mentoring/assets/css/bootstrap.min.css?ver=5.3.2 HTTP/1.1" 304 0 "https://mentoring-wp.dreamsmarketplace.com/mentors/katharine-berthold/" "Mozilla/5.0 (Linux; Android 5.0) AppleWebKit/537.36 (KHTML, like Gecko) Mobile Safari/537.36 (compatible; Bytespider; [email protected])"
47.128.33.226 - - [23/Feb/2026:19:43:07 +0000] "GET /wp-content/themes/mentoring/assets/css/magnific-popup.css?ver=1.1.0 HTTP/1.1" 200 7764 "https://mentoring-wp.dreamsmarketplace.com/mentors/katharine-berthold/" "Mozilla/5.0 (Linux; Android 5.0) AppleWebKit/537.36 (KHTML, like Gecko) Mobile Safari/537.36 (compatible; Bytespider; [email protected])"
47.128.33.226 - - [23/Feb/2026:19:43:07 +0000] "GET /wp-content/themes/mentoring/assets/css/slick.css?ver=1.0.0 HTTP/1.1" 304 0 "https://mentoring-wp.dreamsmarketplace.com/mentors/katharine-berthold/" "Mozilla/5.0 (Linux; Android 5.0) AppleWebKit/537.36 (KHTML, like Gecko) Mobile Safari/537.36 (compatible; Bytespider; [email protected])"
47.128.33.226 - - [23/Feb/2026:19:43:07 +0000] "GET /wp-content/themes/mentoring/assets/css/v4-shims.min.css?ver=5.11.2 HTTP/1.1" 304 0 "https://mentoring-wp.dreamsmarketplace.com/mentors/katharine-berthold/" "Mozilla/5.0 (Linux; Android 5.0) AppleWebKit/537.36 (KHTML, like Gecko) Mobile Safari/537.36 (compatible; Bytespider; [email protected])"
47.128.33.226 - - [23/Feb/2026:19:43:07 +0000] "GET /wp-content/themes/mentoring/assets/css/all.min.css?ver=6.4.2 HTTP/1.1" 304 0 "https://mentoring-wp.dreamsmarketplace.com/mentors/katharine-berthold/" "Mozilla/5.0 (Linux; Android 5.0) AppleWebKit/537.36 (KHTML, like Gecko) Mobile Safari/537.36 (compatible; Bytespider; [email protected])"
47.128.33.226 - - [23/Feb/2026:19:43:07 +0000] "GET /wp-content/themes/mentoring/assets/css/font-awesome.min.css?ver=6.4.2 HTTP/1.1" 304 0 "https://mentoring-wp.dreamsmarketplace.com/mentors/katharine-berthold/" "Mozilla/5.0 (Linux; Android 5.0) AppleWebKit/537.36 (KHTML, like Gecko) Mobile Safari/537.36 (compatible; Bytespider; [email protected])"
47.128.33.226 - - [23/Feb/2026:19:43:07 +0000] "GET /wp-content/themes/mentoring/assets/css/animate.min.css?ver=4.1.1 HTTP/1.1" 304 0 "https://mentoring-wp.dreamsmarketplace.com/mentors/katharine-berthold/" "Mozilla/5.0 (Linux; Android 5.0) AppleWebKit/537.36 (KHTML, like Gecko) Mobile Safari/537.36 (compatible; Bytespider; [email protected])"
47.128.33.226 - - [23/Feb/2026:19:43:07 +0000] "GET /wp-content/themes/mentoring/style.css?ver=6.9 HTTP/1.1" 304 0 "https://mentoring-wp.dreamsmarketplace.com/mentors/katharine-berthold/" "Mozilla/5.0 (Linux; Android 5.0) AppleWebKit/537.36 (KHTML, like Gecko) Mobile Safari/537.36 (compatible; Bytespider; [email protected])"
47.128.33.226 - - [23/Feb/2026:19:43:07 +0000] "GET /wp-content/plugins/woocommerce/assets/css/select2.css?ver=10.4.3 HTTP/1.1" 304 0 "https://mentoring-wp.dreamsmarketplace.com/mentors/katharine-berthold/" "Mozilla/5.0 (Linux; Android 5.0) AppleWebKit/537.36 (KHTML, like Gecko) Mobile Safari/537.36 (compatible; Bytespider; [email protected])"
47.128.33.226 - - [23/Feb/2026:19:43:07 +0000] "GET /wp-content/themes/mentoring/assets/css/theme.css?ver=1.3.5 HTTP/1.1" 304 0 "https://mentoring-wp.dreamsmarketplace.com/mentors/katharine-berthold/" "Mozilla/5.0 (Linux; Android 5.0) AppleWebKit/537.36 (KHTML, like Gecko) Mobile Safari/537.36 (compatible; Bytespider; [email protected])"
47.128.33.226 - - [23/Feb/2026:19:43:07 +0000] "GET /wp-content/themes/mentoring/assets/css/theme-woocommerce.css?ver=1.0.0 HTTP/1.1" 304 0 "https://mentoring-wp.dreamsmarketplace.com/mentors/katharine-berthold/" "Mozilla/5.0 (Linux; Android 5.0) AppleWebKit/537.36 (KHTML, like Gecko) Mobile Safari/537.36 (compatible; Bytespider; [email protected])"
47.128.33.226 - - [23/Feb/2026:19:43:07 +0000] "GET /wp-content/themes/mentoring/assets/css/dashboard.css?ver=6.9 HTTP/1.1" 304 0 "https://mentoring-wp.dreamsmarketplace.com/mentors/katharine-berthold/" "Mozilla/5.0 (Linux; Android 5.0) AppleWebKit/537.36 (KHTML, like Gecko) Mobile Safari/537.36 (compatible; Bytespider; [email protected])"
47.128.33.226 - - [23/Feb/2026:19:43:07 +0000] "GET /wp-content/themes/mentoring/assets/css/responsive.css?ver=1.3.5 HTTP/1.1" 304 0 "https://mentoring-wp.dreamsmarketplace.com/mentors/katharine-berthold/" "Mozilla/5.0 (Linux; Android 5.0) AppleWebKit/537.36 (KHTML, like Gecko) Mobile Safari/537.36 (compatible; Bytespider; [email protected])"
47.128.33.226 - - [23/Feb/2026:19:43:07 +0000] "GET /wp-content/themes/mentoring/assets/css/dynamic.css?ver=6.9 HTTP/1.1" 304 0 "https://mentoring-wp.dreamsmarketplace.com/mentors/katharine-berthold/" "Mozilla/5.0 (Linux; Android 5.0) AppleWebKit/537.36 (KHTML, like Gecko) Mobile Safari/537.36 (compatible; Bytespider; [email protected])"
47.128.33.226 - - [23/Feb/2026:19:43:07 +0000] "GET /wp-includes/js/jquery/jquery-migrate.min.js?ver=3.4.1 HTTP/1.1" 304 0 "https://mentoring-wp.dreamsmarketplace.com/mentors/katharine-berthold/" "Mozilla/5.0 (Linux; Android 5.0) AppleWebKit/537.36 (KHTML, like Gecko) Mobile Safari/537.36 (compatible; Bytespider; [email protected])"
47.128.33.226 - - [23/Feb/2026:19:43:07 +0000] "GET /wp-includes/js/jquery/jquery.min.js?ver=3.7.1 HTTP/1.1" 304 0 "https://mentoring-wp.dreamsmarketplace.com/mentors/katharine-berthold/" "Mozilla/5.0 (Linux; Android 5.0) AppleWebKit/537.36 (KHTML, like Gecko) Mobile Safari/537.36 (compatible; Bytespider; [email protected])"
47.128.33.226 - - [23/Feb/2026:19:43:07 +0000] "GET /wp-content/plugins/woocommerce/assets/client/blocks/wc-blocks.css?ver=wc-10.4.3 HTTP/1.1" 200 14006 "https://mentoring-wp.dreamsmarketplace.com/mentors/katharine-berthold/" "Mozilla/5.0 (Linux; Android 5.0) AppleWebKit/537.36 (KHTML, like Gecko) Mobile Safari/537.36 (compatible; Bytespider; [email protected])"
47.128.33.226 - - [23/Feb/2026:19:43:07 +0000] "GET /wp-content/themes/mentoring/assets/images/logo.png HTTP/1.1" 304 0 "https://mentoring-wp.dreamsmarketplace.com/mentors/katharine-berthold/" "Mozilla/5.0 (Linux; Android 5.0) AppleWebKit/537.36 (KHTML, like Gecko) Mobile Safari/537.36 (compatible; Bytespider; [email protected])"
47.128.33.226 - - [23/Feb/2026:19:43:07 +0000] "GET /wp-includes/js/dist/hooks.min.js?ver=dd5603f07f9220ed27f1 HTTP/1.1" 304 0 "https://mentoring-wp.dreamsmarketplace.com/mentors/katharine-berthold/" "Mozilla/5.0 (Linux; Android 5.0) AppleWebKit/537.36 (KHTML, like Gecko) Mobile Safari/537.36 (compatible; Bytespider; [email protected])"
47.128.33.226 - - [23/Feb/2026:19:43:08 +0000] "GET /wp-includes/js/dist/i18n.min.js?ver=c26c3dc7bed366793375 HTTP/1.1" 304 0 "https://mentoring-wp.dreamsmarketplace.com/mentors/katharine-berthold/" "Mozilla/5.0 (Linux; Android 5.0) AppleWebKit/537.36 (KHTML, like Gecko) Mobile Safari/537.36 (compatible; Bytespider; [email protected])"
47.128.33.226 - - [23/Feb/2026:19:43:08 +0000] "GET /wp-content/plugins/contact-form-7/includes/js/index.js?ver=6.1.4 HTTP/1.1" 304 0 "https://mentoring-wp.dreamsmarketplace.com/mentors/katharine-berthold/" "Mozilla/5.0 (Linux; Android 5.0) AppleWebKit/537.36 (KHTML, like Gecko) Mobile Safari/537.36 (compatible; Bytespider; [email protected])"
47.128.33.226 - - [23/Feb/2026:19:43:08 +0000] "GET /wp-content/plugins/frontend-reset-password/assets/js/password-lost.js?ver=1.0.0 HTTP/1.1" 304 0 "https://mentoring-wp.dreamsmarketplace.com/mentors/katharine-berthold/" "Mozilla/5.0 (Linux; Android 5.0) AppleWebKit/537.36 (KHTML, like Gecko) Mobile Safari/537.36 (compatible; Bytespider; [email protected])"
47.128.33.226 - - [23/Feb/2026:19:43:08 +0000] "GET /wp-content/plugins/contact-form-7/includes/swv/js/index.js?ver=6.1.4 HTTP/1.1" 304 0 "https://mentoring-wp.dreamsmarketplace.com/mentors/katharine-berthold/" "Mozilla/5.0 (Linux; Android 5.0) AppleWebKit/537.36 (KHTML, like Gecko) Mobile Safari/537.36 (compatible; Bytespider; [email protected])"
47.128.33.226 - - [23/Feb/2026:19:43:08 +0000] "GET /wp-includes/js/imagesloaded.min.js?ver=5.0.0 HTTP/1.1" 304 0 "https://mentoring-wp.dreamsmarketplace.com/mentors/katharine-berthold/" "Mozilla/5.0 (Linux; Android 5.0) AppleWebKit/537.36 (KHTML, like Gecko) Mobile Safari/537.36 (compatible; Bytespider; [email protected])"
47.128.33.226 - - [23/Feb/2026:19:43:08 +0000] "GET /wp-includes/js/masonry.min.js?ver=4.2.2 HTTP/1.1" 304 0 "https://mentoring-wp.dreamsmarketplace.com/mentors/katharine-berthold/" "Mozilla/5.0 (Linux; Android 5.0) AppleWebKit/537.36 (KHTML, like Gecko) Mobile Safari/537.36 (compatible; Bytespider; [email protected])"
47.128.33.226 - - [23/Feb/2026:19:43:08 +0000] "GET /wp-content/themes/mentoring/assets/js/popper.min.js?ver=1.3.5 HTTP/1.1" 304 0 "https://mentoring-wp.dreamsmarketplace.com/mentors/katharine-berthold/" "Mozilla/5.0 (Linux; Android 5.0) AppleWebKit/537.36 (KHTML, like Gecko) Mobile Safari/537.36 (compatible; Bytespider; [email protected])"
47.128.33.226 - - [23/Feb/2026:19:43:08 +0000] "GET /wp-content/themes/mentoring/assets/js/isotope.min.js?ver=6.9 HTTP/1.1" 304 0 "https://mentoring-wp.dreamsmarketplace.com/mentors/katharine-berthold/" "Mozilla/5.0 (Linux; Android 5.0) AppleWebKit/537.36 (KHTML, like Gecko) Mobile Safari/537.36 (compatible; Bytespider; [email protected])"
47.128.33.226 - - [23/Feb/2026:19:43:08 +0000] "GET /wp-content/themes/mentoring/assets/js/bootstrap.bundle.min.js?ver=5.3.2 HTTP/1.1" 304 0 "https://mentoring-wp.dreamsmarketplace.com/mentors/katharine-berthold/" "Mozilla/5.0 (Linux; Android 5.0) AppleWebKit/537.36 (KHTML, like Gecko) Mobile Safari/537.36 (compatible; Bytespider; [email protected])"
47.128.33.226 - - [23/Feb/2026:19:43:08 +0000] "GET /wp-content/themes/mentoring/assets/js/jquery.inview.min.js?ver=1.3.5 HTTP/1.1" 304 0 "https://mentoring-wp.dreamsmarketplace.com/mentors/katharine-berthold/" "Mozilla/5.0 (Linux; Android 5.0) AppleWebKit/537.36 (KHTML, like Gecko) Mobile Safari/537.36 (compatible; Bytespider; [email protected])"
47.128.33.226 - - [23/Feb/2026:19:43:08 +0000] "GET /wp-content/themes/mentoring/assets/js/slick.min.js?ver=1.3.5 HTTP/1.1" 304 0 "https://mentoring-wp.dreamsmarketplace.com/mentors/katharine-berthold/" "Mozilla/5.0 (Linux; Android 5.0) AppleWebKit/537.36 (KHTML, like Gecko) Mobile Safari/537.36 (compatible; Bytespider; [email protected])"
47.128.33.226 - - [23/Feb/2026:19:43:08 +0000] "GET /wp-content/themes/mentoring/assets/js/magnific-popup.js?ver=1.1.0 HTTP/1.1" 304 0 "https://mentoring-wp.dreamsmarketplace.com/mentors/katharine-berthold/" "Mozilla/5.0 (Linux; Android 5.0) AppleWebKit/537.36 (KHTML, like Gecko) Mobile Safari/537.36 (compatible; Bytespider; [email protected])"
47.128.33.226 - - [23/Feb/2026:19:43:08 +0000] "GET /wp-content/themes/mentoring/assets/js/jquery.countTo.js?ver=1.3.5 HTTP/1.1" 304 0 "https://mentoring-wp.dreamsmarketplace.com/mentors/katharine-berthold/" "Mozilla/5.0 (Linux; Android 5.0) AppleWebKit/537.36 (KHTML, like Gecko) Mobile Safari/537.36 (compatible; Bytespider; [email protected])"
47.128.33.226 - - [23/Feb/2026:19:43:08 +0000] "GET /wp-content/themes/mentoring/assets/js/theme-woocommerce.js?ver=1.0.0 HTTP/1.1" 304 0 "https://mentoring-wp.dreamsmarketplace.com/mentors/katharine-berthold/" "Mozilla/5.0 (Linux; Android 5.0) AppleWebKit/537.36 (KHTML, like Gecko) Mobile Safari/537.36 (compatible; Bytespider; [email protected])"
47.128.33.226 - - [23/Feb/2026:19:43:08 +0000] "GET /wp-content/themes/mentoring/assets/js/theme.js?ver=1.3.5 HTTP/1.1" 304 0 "https://mentoring-wp.dreamsmarketplace.com/mentors/katharine-berthold/" "Mozilla/5.0 (Linux; Android 5.0) AppleWebKit/537.36 (KHTML, like Gecko) Mobile Safari/537.36 (compatible; Bytespider; [email protected])"
47.128.33.226 - - [23/Feb/2026:19:43:08 +0000] "GET /wp-content/plugins/woocommerce/assets/js/sourcebuster/sourcebuster.min.js?ver=10.4.3 HTTP/1.1" 304 0 "https://mentoring-wp.dreamsmarketplace.com/mentors/katharine-berthold/" "Mozilla/5.0 (Linux; Android 5.0) AppleWebKit/537.36 (KHTML, like Gecko) Mobile Safari/537.36 (compatible; Bytespider; [email protected])"
47.128.33.226 - - [23/Feb/2026:19:43:08 +0000] "GET /wp-content/plugins/woocommerce/assets/js/frontend/order-attribution.min.js?ver=10.4.3 HTTP/1.1" 304 0 "https://mentoring-wp.dreamsmarketplace.com/mentors/katharine-berthold/" "Mozilla/5.0 (Linux; Android 5.0) AppleWebKit/537.36 (KHTML, like Gecko) Mobile Safari/537.36 (compatible; Bytespider; [email protected])"
47.128.33.226 - - [23/Feb/2026:19:43:08 +0000] "GET /wp-content/plugins/woocommerce/assets/js/select2/select2.full.min.js?ver=4.0.3-wc.10.4.3 HTTP/1.1" 304 0 "https://mentoring-wp.dreamsmarketplace.com/mentors/katharine-berthold/" "Mozilla/5.0 (Linux; Android 5.0) AppleWebKit/537.36 (KHTML, like Gecko) Mobile Safari/537.36 (compatible; Bytespider; [email protected])"
47.128.33.226 - - [23/Feb/2026:19:43:08 +0000] "GET /wp-includes/js/underscore.min.js?ver=1.13.7 HTTP/1.1" 304 0 "https://mentoring-wp.dreamsmarketplace.com/mentors/katharine-berthold/" "Mozilla/5.0 (Linux; Android 5.0) AppleWebKit/537.36 (KHTML, like Gecko) Mobile Safari/537.36 (compatible; Bytespider; [email protected])"
47.128.33.226 - - [23/Feb/2026:19:43:08 +0000] "GET /wp-includes/js/wp-util.min.js?ver=6.9 HTTP/1.1" 304 0 "https://mentoring-wp.dreamsmarketplace.com/mentors/katharine-berthold/" "Mozilla/5.0 (Linux; Android 5.0) AppleWebKit/537.36 (KHTML, like Gecko) Mobile Safari/537.36 (compatible; Bytespider; [email protected])"
47.128.33.226 - - [23/Feb/2026:19:43:08 +0000] "GET /wp-content/themes/mentoring/assets/js/mentoring_callback.js?ver=1.3.5 HTTP/1.1" 304 0 "https://mentoring-wp.dreamsmarketplace.com/mentors/katharine-berthold/" "Mozilla/5.0 (Linux; Android 5.0) AppleWebKit/537.36 (KHTML, like Gecko) Mobile Safari/537.36 (compatible; Bytespider; [email protected])"
47.128.33.226 - - [23/Feb/2026:19:43:09 +0000] "GET /wp-includes/js/wp-emoji-release.min.js?ver=6.9 HTTP/1.1" 304 0 "https://mentoring-wp.dreamsmarketplace.com/mentors/katharine-berthold/" "Mozilla/5.0 (Linux; Android 5.0) AppleWebKit/537.36 (KHTML, like Gecko) Mobile Safari/537.36 (compatible; Bytespider; [email protected])"
156.59.62.164 - - [23/Feb/2026:19:46:59 +0000] "POST /xmlrpc.php HTTP/1.1" 301 178 "-" "Mozilla/5.0 (Windows NT 10.0; Win64; x64) AppleWebKit/537.36 (KHTML, like Gecko) Chrome/114.0.0.0 Safari/537.36"
172.187.168.139 - - [23/Feb/2026:19:47:01 +0000] "POST /wp-cron.php?doing_wp_cron=1771876021.5504839420318603515625 HTTP/1.1" 200 31 "-" "WordPress/6.9; https://mentoring-wp.dreamsmarketplace.com"
156.59.62.164 - - [23/Feb/2026:19:47:01 +0000] "GET /xmlrpc.php HTTP/1.1" 405 53 "-" "Mozilla/5.0 (Windows NT 10.0; Win64; x64) AppleWebKit/537.36 (KHTML, like Gecko) Chrome/114.0.0.0 Safari/537.36"
156.59.62.164 - - [23/Feb/2026:19:47:02 +0000] "POST /xmlrpc.php HTTP/1.1" 301 178 "-" "Mozilla/5.0 (Windows NT 10.0; Win64; x64) AppleWebKit/537.36 (KHTML, like Gecko) Chrome/114.0.0.0 Safari/537.36"
172.187.168.139 - - [23/Feb/2026:19:47:04 +0000] "POST /wp-cron.php?doing_wp_cron=1771876024.2925529479980468750000 HTTP/1.1" 200 31 "-" "WordPress/6.9; https://mentoring-wp.dreamsmarketplace.com"
156.59.62.164 - - [23/Feb/2026:19:47:04 +0000] "GET /xmlrpc.php HTTP/1.1" 405 53 "-" "Mozilla/5.0 (Windows NT 10.0; Win64; x64) AppleWebKit/537.36 (KHTML, like Gecko) Chrome/114.0.0.0 Safari/537.36"
47.128.96.121 - - [23/Feb/2026:19:48:03 +0000] "GET /wp-content/uploads/2021/09/path-img2.jpg HTTP/1.1" 301 178 "https://mentor-staging.xeventechnologies.com/" "Mozilla/5.0 (Linux; Android 5.0) AppleWebKit/537.36 (KHTML, like Gecko) Mobile Safari/537.36 (compatible; TikTokSpider; [email protected])"
47.128.96.121 - - [23/Feb/2026:19:48:03 +0000] "GET /wp-content/uploads/2022/01/path-img2.jpg HTTP/1.1" 301 178 "https://mentor-staging.xeventechnologies.com/" "Mozilla/5.0 (Linux; Android 5.0) AppleWebKit/537.36 (KHTML, like Gecko) Mobile Safari/537.36 (compatible; TikTokSpider; [email protected])"
47.128.96.121 - - [23/Feb/2026:19:48:03 +0000] "GET /wp-content/uploads/2022/01/path-img3.jpg HTTP/1.1" 301 178 "https://mentor-staging.xeventechnologies.com/" "Mozilla/5.0 (Linux; Android 5.0) AppleWebKit/537.36 (KHTML, like Gecko) Mobile Safari/537.36 (compatible; TikTokSpider; [email protected])"
47.128.96.121 - - [23/Feb/2026:19:48:03 +0000] "GET /wp-content/uploads/2022/01/path-img4.jpg HTTP/1.1" 301 178 "https://mentor-staging.xeventechnologies.com/" "Mozilla/5.0 (Linux; Android 5.0) AppleWebKit/537.36 (KHTML, like Gecko) Mobile Safari/537.36 (compatible; TikTokSpider; [email protected])"
47.128.96.121 - - [23/Feb/2026:19:48:04 +0000] "GET /wp-content/uploads/2022/01/path-img5.jpg HTTP/1.1" 301 178 "https://mentor-staging.xeventechnologies.com/" "Mozilla/5.0 (Linux; Android 5.0) AppleWebKit/537.36 (KHTML, like Gecko) Mobile Safari/537.36 (compatible; TikTokSpider; [email protected])"
47.128.96.121 - - [23/Feb/2026:19:48:04 +0000] "GET /wp-content/uploads/2022/01/path-img6.jpg HTTP/1.1" 301 178 "https://mentor-staging.xeventechnologies.com/" "Mozilla/5.0 (Linux; Android 5.0) AppleWebKit/537.36 (KHTML, like Gecko) Mobile Safari/537.36 (compatible; TikTokSpider; [email protected])"
47.128.96.121 - - [23/Feb/2026:19:48:04 +0000] "GET /wp-content/uploads/2022/01/path-img8.jpg HTTP/1.1" 301 178 "https://mentor-staging.xeventechnologies.com/" "Mozilla/5.0 (Linux; Android 5.0) AppleWebKit/537.36 (KHTML, like Gecko) Mobile Safari/537.36 (compatible; TikTokSpider; [email protected])"
47.128.96.121 - - [23/Feb/2026:19:48:04 +0000] "GET /wp-content/uploads/2022/01/path-img7.jpg HTTP/1.1" 301 178 "https://mentor-staging.xeventechnologies.com/" "Mozilla/5.0 (Linux; Android 5.0) AppleWebKit/537.36 (KHTML, like Gecko) Mobile Safari/537.36 (compatible; TikTokSpider; [email protected])"
47.128.96.121 - - [23/Feb/2026:19:48:04 +0000] "GET /wp-content/uploads/2021/09/path-img2.jpg HTTP/1.1" 304 0 "https://mentor-staging.xeventechnologies.com/" "Mozilla/5.0 (Linux; Android 5.0) AppleWebKit/537.36 (KHTML, like Gecko) Mobile Safari/537.36 (compatible; TikTokSpider; [email protected])"
47.128.96.121 - - [23/Feb/2026:19:48:04 +0000] "GET /wp-content/uploads/2022/01/banner.jpg HTTP/1.1" 301 178 "https://mentor-staging.xeventechnologies.com/" "Mozilla/5.0 (Linux; Android 5.0) AppleWebKit/537.36 (KHTML, like Gecko) Mobile Safari/537.36 (compatible; TikTokSpider; [email protected])"
47.128.96.121 - - [23/Feb/2026:19:48:04 +0000] "GET /wp-content/uploads/2022/01/path-img2.jpg HTTP/1.1" 304 0 "https://mentor-staging.xeventechnologies.com/" "Mozilla/5.0 (Linux; Android 5.0) AppleWebKit/537.36 (KHTML, like Gecko) Mobile Safari/537.36 (compatible; TikTokSpider; [email protected])"
47.128.96.121 - - [23/Feb/2026:19:48:04 +0000] "GET /wp-content/uploads/2022/01/path-img3.jpg HTTP/1.1" 304 0 "https://mentor-staging.xeventechnologies.com/" "Mozilla/5.0 (Linux; Android 5.0) AppleWebKit/537.36 (KHTML, like Gecko) Mobile Safari/537.36 (compatible; TikTokSpider; [email protected])"
47.128.96.121 - - [23/Feb/2026:19:48:05 +0000] "GET /wp-content/uploads/2022/01/path-img4.jpg HTTP/1.1" 304 0 "https://mentor-staging.xeventechnologies.com/" "Mozilla/5.0 (Linux; Android 5.0) AppleWebKit/537.36 (KHTML, like Gecko) Mobile Safari/537.36 (compatible; TikTokSpider; [email protected])"
47.128.96.121 - - [23/Feb/2026:19:48:06 +0000] "GET /wp-content/uploads/2022/01/path-img5.jpg HTTP/1.1" 304 0 "https://mentor-staging.xeventechnologies.com/" "Mozilla/5.0 (Linux; Android 5.0) AppleWebKit/537.36 (KHTML, like Gecko) Mobile Safari/537.36 (compatible; TikTokSpider; [email protected])"
47.128.96.121 - - [23/Feb/2026:19:48:06 +0000] "GET /wp-content/uploads/2022/01/path-img6.jpg HTTP/1.1" 304 0 "https://mentor-staging.xeventechnologies.com/" "Mozilla/5.0 (Linux; Android 5.0) AppleWebKit/537.36 (KHTML, like Gecko) Mobile Safari/537.36 (compatible; TikTokSpider; [email protected])"
47.128.96.121 - - [23/Feb/2026:19:48:06 +0000] "GET /wp-content/uploads/2022/01/path-img7.jpg HTTP/1.1" 304 0 "https://mentor-staging.xeventechnologies.com/" "Mozilla/5.0 (Linux; Android 5.0) AppleWebKit/537.36 (KHTML, like Gecko) Mobile Safari/537.36 (compatible; TikTokSpider; [email protected])"
47.128.96.121 - - [23/Feb/2026:19:48:06 +0000] "GET /wp-content/uploads/2022/01/path-img8.jpg HTTP/1.1" 304 0 "https://mentor-staging.xeventechnologies.com/" "Mozilla/5.0 (Linux; Android 5.0) AppleWebKit/537.36 (KHTML, like Gecko) Mobile Safari/537.36 (compatible; TikTokSpider; [email protected])"
47.128.96.121 - - [23/Feb/2026:19:48:06 +0000] "GET /wp-content/uploads/2022/01/banner.jpg HTTP/1.1" 304 0 "https://mentor-staging.xeventechnologies.com/" "Mozilla/5.0 (Linux; Android 5.0) AppleWebKit/537.36 (KHTML, like Gecko) Mobile Safari/537.36 (compatible; TikTokSpider; [email protected])"
172.187.168.139 - - [23/Feb/2026:19:48:20 +0000] "POST /wp-cron.php?doing_wp_cron=1771876100.9025061130523681640625 HTTP/1.1" 200 31 "-" "WordPress/6.9; https://mentoring-wp.dreamsmarketplace.com"
47.128.117.226 - - [23/Feb/2026:19:48:20 +0000] "GET /robots.txt HTTP/1.1" 200 349 "-" "Go-http-client/2.0"
172.187.168.139 - - [23/Feb/2026:19:48:28 +0000] "POST /wp-cron.php?doing_wp_cron=1771876108.5113940238952636718750 HTTP/1.1" 200 31 "-" "WordPress/6.9; https://mentoring-wp.dreamsmarketplace.com"
125.163.112.97 - - [23/Feb/2026:19:48:28 +0000] "GET /wp-login.php HTTP/1.1" 200 2470 "-" "Mozilla/5.0 (Windows NT 10.0; Win64; x64) AppleWebKit/537.36 (KHTML, like Gecko) Chrome/120 Safari/537.36"
172.187.168.139 - - [23/Feb/2026:19:48:30 +0000] "POST /wp-cron.php?doing_wp_cron=1771876110.8733129501342773437500 HTTP/1.1" 200 31 "-" "WordPress/6.9; https://mentoring-wp.dreamsmarketplace.com"
125.163.112.97 - - [23/Feb/2026:19:48:30 +0000] "GET /wp-login.php HTTP/1.1" 200 2470 "-" "Mozilla/5.0 (Windows NT 10.0; Win64; x64) AppleWebKit/537.36 (KHTML, like Gecko) Chrome/144.0.0.0 Safari/537.36"
125.163.112.97 - - [23/Feb/2026:19:48:31 +0000] "GET /wp-includes/js/clipboard.min.js?ver=2.0.11 HTTP/1.1" 200 9009 "https://mentoring-wp.dreamsmarketplace.com/wp-login.php" "Mozilla/5.0 (Windows NT 10.0; Win64; x64) AppleWebKit/537.36 (KHTML, like Gecko) Chrome/144.0.0.0 Safari/537.36"
125.163.112.97 - - [23/Feb/2026:19:48:31 +0000] "GET /wp-admin/css/forms.min.css?ver=6.9 HTTP/1.1" 200 28101 "https://mentoring-wp.dreamsmarketplace.com/wp-login.php" "Mozilla/5.0 (Windows NT 10.0; Win64; x64) AppleWebKit/537.36 (KHTML, like Gecko) Chrome/144.0.0.0 Safari/537.36"
125.163.112.97 - - [23/Feb/2026:19:48:31 +0000] "GET /wp-includes/js/dist/dom-ready.min.js?ver=f77871ff7694fffea381 HTTP/1.1" 200 457 "https://mentoring-wp.dreamsmarketplace.com/wp-login.php" "Mozilla/5.0 (Windows NT 10.0; Win64; x64) AppleWebKit/537.36 (KHTML, like Gecko) Chrome/144.0.0.0 Safari/537.36"
125.163.112.97 - - [23/Feb/2026:19:48:31 +0000] "GET /wp-admin/js/user-profile.min.js?ver=6.9 HTTP/1.1" 200 7997 "https://mentoring-wp.dreamsmarketplace.com/wp-login.php" "Mozilla/5.0 (Windows NT 10.0; Win64; x64) AppleWebKit/537.36 (KHTML, like Gecko) Chrome/144.0.0.0 Safari/537.36"
125.163.112.97 - - [23/Feb/2026:19:48:31 +0000] "GET /wp-includes/css/buttons.min.css?ver=6.9 HTTP/1.1" 200 6061 "https://mentoring-wp.dreamsmarketplace.com/wp-login.php" "Mozilla/5.0 (Windows NT 10.0; Win64; x64) AppleWebKit/537.36 (KHTML, like Gecko) Chrome/144.0.0.0 Safari/537.36"
125.163.112.97 - - [23/Feb/2026:19:48:31 +0000] "GET /wp-includes/js/dist/a11y.min.js?ver=cb460b4676c94bd228ed HTTP/1.1" 200 2212 "https://mentoring-wp.dreamsmarketplace.com/wp-login.php" "Mozilla/5.0 (Windows NT 10.0; Win64; x64) AppleWebKit/537.36 (KHTML, like Gecko) Chrome/144.0.0.0 Safari/537.36"
125.163.112.97 - - [23/Feb/2026:19:48:31 +0000] "GET /wp-includes/js/jquery/jquery.min.js?ver=3.7.1 HTTP/1.1" 200 87553 "https://mentoring-wp.dreamsmarketplace.com/wp-login.php" "Mozilla/5.0 (Windows NT 10.0; Win64; x64) AppleWebKit/537.36 (KHTML, like Gecko) Chrome/144.0.0.0 Safari/537.36"
125.163.112.97 - - [23/Feb/2026:19:48:31 +0000] "GET /wp-admin/css/login.min.css?ver=6.9 HTTP/1.1" 200 6381 "https://mentoring-wp.dreamsmarketplace.com/wp-login.php" "Mozilla/5.0 (Windows NT 10.0; Win64; x64) AppleWebKit/537.36 (KHTML, like Gecko) Chrome/144.0.0.0 Safari/537.36"
125.163.112.97 - - [23/Feb/2026:19:48:31 +0000] "GET /wp-includes/js/dist/i18n.min.js?ver=c26c3dc7bed366793375 HTTP/1.1" 200 5314 "https://mentoring-wp.dreamsmarketplace.com/wp-login.php" "Mozilla/5.0 (Windows NT 10.0; Win64; x64) AppleWebKit/537.36 (KHTML, like Gecko) Chrome/144.0.0.0 Safari/537.36"
125.163.112.97 - - [23/Feb/2026:19:48:31 +0000] "GET /wp-includes/js/dist/hooks.min.js?ver=dd5603f07f9220ed27f1 HTTP/1.1" 200 5661 "https://mentoring-wp.dreamsmarketplace.com/wp-login.php" "Mozilla/5.0 (Windows NT 10.0; Win64; x64) AppleWebKit/537.36 (KHTML, like Gecko) Chrome/144.0.0.0 Safari/537.36"
125.163.112.97 - - [23/Feb/2026:19:48:31 +0000] "GET /wp-includes/css/dashicons.min.css?ver=6.9 HTTP/1.1" 200 59004 "https://mentoring-wp.dreamsmarketplace.com/wp-login.php" "Mozilla/5.0 (Windows NT 10.0; Win64; x64) AppleWebKit/537.36 (KHTML, like Gecko) Chrome/144.0.0.0 Safari/537.36"
125.163.112.97 - - [23/Feb/2026:19:48:31 +0000] "GET /wp-includes/js/underscore.min.js?ver=1.13.7 HTTP/1.1" 200 18905 "https://mentoring-wp.dreamsmarketplace.com/wp-login.php" "Mozilla/5.0 (Windows NT 10.0; Win64; x64) AppleWebKit/537.36 (KHTML, like Gecko) Chrome/144.0.0.0 Safari/537.36"
125.163.112.97 - - [23/Feb/2026:19:48:31 +0000] "GET /wp-admin/css/l10n.min.css?ver=6.9 HTTP/1.1" 200 3200 "https://mentoring-wp.dreamsmarketplace.com/wp-login.php" "Mozilla/5.0 (Windows NT 10.0; Win64; x64) AppleWebKit/537.36 (KHTML, like Gecko) Chrome/144.0.0.0 Safari/537.36"
125.163.112.97 - - [23/Feb/2026:19:48:31 +0000] "GET /wp-includes/js/zxcvbn-async.min.js?ver=1.0 HTTP/1.1" 200 351 "https://mentoring-wp.dreamsmarketplace.com/wp-login.php" "Mozilla/5.0 (Windows NT 10.0; Win64; x64) AppleWebKit/537.36 (KHTML, like Gecko) Chrome/144.0.0.0 Safari/537.36"
125.163.112.97 - - [23/Feb/2026:19:48:31 +0000] "GET /wp-admin/js/password-strength-meter.min.js?ver=6.9 HTTP/1.1" 200 1123 "https://mentoring-wp.dreamsmarketplace.com/wp-login.php" "Mozilla/5.0 (Windows NT 10.0; Win64; x64) AppleWebKit/537.36 (KHTML, like Gecko) Chrome/144.0.0.0 Safari/537.36"
125.163.112.97 - - [23/Feb/2026:19:48:31 +0000] "GET /wp-includes/js/wp-util.min.js?ver=6.9 HTTP/1.1" 200 1426 "https://mentoring-wp.dreamsmarketplace.com/wp-login.php" "Mozilla/5.0 (Windows NT 10.0; Win64; x64) AppleWebKit/537.36 (KHTML, like Gecko) Chrome/144.0.0.0 Safari/537.36"
125.163.112.97 - - [23/Feb/2026:19:48:31 +0000] "GET /wp-includes/js/jquery/jquery-migrate.min.js?ver=3.4.1 HTTP/1.1" 200 13577 "https://mentoring-wp.dreamsmarketplace.com/wp-login.php" "Mozilla/5.0 (Windows NT 10.0; Win64; x64) AppleWebKit/537.36 (KHTML, like Gecko) Chrome/144.0.0.0 Safari/537.36"
125.163.112.97 - - [23/Feb/2026:19:48:33 +0000] "GET /wp-admin/images/wordpress-logo.svg?ver=20131107 HTTP/1.1" 200 1521 "https://mentoring-wp.dreamsmarketplace.com/wp-admin/css/login.min.css?ver=6.9" "Mozilla/5.0 (Windows NT 10.0; Win64; x64) AppleWebKit/537.36 (KHTML, like Gecko) Chrome/144.0.0.0 Safari/537.36"
125.163.112.97 - - [23/Feb/2026:19:48:34 +0000] "GET /wp-content/uploads/2022/02/favicon.png HTTP/1.1" 304 0 "https://mentoring-wp.dreamsmarketplace.com/wp-login.php" "Mozilla/5.0 (Windows NT 10.0; Win64; x64) AppleWebKit/537.36 (KHTML, like Gecko) Chrome/144.0.0.0 Safari/537.36"
125.163.112.97 - - [23/Feb/2026:19:48:34 +0000] "GET /wp-includes/js/zxcvbn.min.js HTTP/1.1" 200 822237 "https://mentoring-wp.dreamsmarketplace.com/wp-login.php" "Mozilla/5.0 (Windows NT 10.0; Win64; x64) AppleWebKit/537.36 (KHTML, like Gecko) Chrome/144.0.0.0 Safari/537.36"
172.187.168.139 - - [23/Feb/2026:19:48:36 +0000] "POST /wp-cron.php?doing_wp_cron=1771876116.8402481079101562500000 HTTP/1.1" 200 31 "-" "WordPress/6.9; https://mentoring-wp.dreamsmarketplace.com"
125.163.112.97 - - [23/Feb/2026:19:48:36 +0000] "POST /wp-login.php HTTP/1.1" 302 5 "https://mentoring-wp.dreamsmarketplace.com/wp-login.php" "Mozilla/5.0 (Windows NT 10.0; Win64; x64) AppleWebKit/537.36 (KHTML, like Gecko) Chrome/144.0.0.0 Safari/537.36"
172.187.168.139 - - [23/Feb/2026:19:48:40 +0000] "POST /wp-cron.php?doing_wp_cron=1771876120.0825190544128417968750 HTTP/1.1" 200 31 "-" "WordPress/6.9; https://mentoring-wp.dreamsmarketplace.com"
125.163.112.97 - - [23/Feb/2026:19:48:40 +0000] "GET /wp-admin/ HTTP/1.1" 200 18258 "https://mentoring-wp.dreamsmarketplace.com/wp-login.php" "Mozilla/5.0 (Windows NT 10.0; Win64; x64) AppleWebKit/537.36 (KHTML, like Gecko) Chrome/144.0.0.0 Safari/537.36"
14.237.237.23 - - [23/Feb/2026:19:48:41 +0000] "GET /online-spielsaal-freispiele-exklusive-einzahlung-spybet-schweiz-boni-free-spins-2025/ HTTP/1.1" 301 178 "-" "Mozilla/5.0 (Windows NT 6.1; WOW64) AppleWebKit/537.36 (KHTML, like Gecko) Chrome/98.0.4758.102 Safari/537.36"
125.163.112.97 - - [23/Feb/2026:19:48:41 +0000] "GET /wp-includes/js/thickbox/thickbox.css?ver=6.9 HTTP/1.1" 200 2649 "https://mentoring-wp.dreamsmarketplace.com/wp-admin/" "Mozilla/5.0 (Windows NT 10.0; Win64; x64) AppleWebKit/537.36 (KHTML, like Gecko) Chrome/144.0.0.0 Safari/537.36"
125.163.112.97 - - [23/Feb/2026:19:48:41 +0000] "GET /wp-content/themes/mentoring/assets/css/jquery-confirm.min.css?ver=1.3.5 HTTP/1.1" 200 22538 "https://mentoring-wp.dreamsmarketplace.com/wp-admin/" "Mozilla/5.0 (Windows NT 10.0; Win64; x64) AppleWebKit/537.36 (KHTML, like Gecko) Chrome/144.0.0.0 Safari/537.36"
125.163.112.97 - - [23/Feb/2026:19:48:41 +0000] "GET /wp-includes/js/mediaelement/mediaelementplayer-legacy.min.css?ver=4.2.17 HTTP/1.1" 200 11256 "https://mentoring-wp.dreamsmarketplace.com/wp-admin/" "Mozilla/5.0 (Windows NT 10.0; Win64; x64) AppleWebKit/537.36 (KHTML, like Gecko) Chrome/144.0.0.0 Safari/537.36"
125.163.112.97 - - [23/Feb/2026:19:48:41 +0000] "GET /wp-content/themes/mentoring/assets/css/datetimepicker.css?ver=1.3.5 HTTP/1.1" 200 16573 "https://mentoring-wp.dreamsmarketplace.com/wp-admin/" "Mozilla/5.0 (Windows NT 10.0; Win64; x64) AppleWebKit/537.36 (KHTML, like Gecko) Chrome/144.0.0.0 Safari/537.36"
125.163.112.97 - - [23/Feb/2026:19:48:41 +0000] "GET /wp-content/themes/mentoring/assets/css/font-awesome.min.css?ver=1.3.5 HTTP/1.1" 200 80823 "https://mentoring-wp.dreamsmarketplace.com/wp-admin/" "Mozilla/5.0 (Windows NT 10.0; Win64; x64) AppleWebKit/537.36 (KHTML, like Gecko) Chrome/144.0.0.0 Safari/537.36"
125.163.112.97 - - [23/Feb/2026:19:48:41 +0000] "GET /wp-content/themes/mentoring/assets/css/v4-shims.min.css?ver=5.11.2 HTTP/1.1" 200 34405 "https://mentoring-wp.dreamsmarketplace.com/wp-admin/" "Mozilla/5.0 (Windows NT 10.0; Win64; x64) AppleWebKit/537.36 (KHTML, like Gecko) Chrome/144.0.0.0 Safari/537.36"
125.163.112.97 - - [23/Feb/2026:19:48:41 +0000] "GET /wp-content/plugins/woocommerce/assets/css/brands-admin.css?ver=10.4.3 HTTP/1.1" 200 61 "https://mentoring-wp.dreamsmarketplace.com/wp-admin/" "Mozilla/5.0 (Windows NT 10.0; Win64; x64) AppleWebKit/537.36 (KHTML, like Gecko) Chrome/144.0.0.0 Safari/537.36"
125.163.112.97 - - [23/Feb/2026:19:48:41 +0000] "GET /wp-content/themes/mentoring/admin/css/admin-style.css?ver=1.3.5 HTTP/1.1" 200 101751 "https://mentoring-wp.dreamsmarketplace.com/wp-admin/" "Mozilla/5.0 (Windows NT 10.0; Win64; x64) AppleWebKit/537.36 (KHTML, like Gecko) Chrome/144.0.0.0 Safari/537.36"
125.163.112.97 - - [23/Feb/2026:19:48:41 +0000] "GET /wp-content/plugins/woocommerce/assets/css/dashboard.css?ver=10.4.3 HTTP/1.1" 200 5090 "https://mentoring-wp.dreamsmarketplace.com/wp-admin/" "Mozilla/5.0 (Windows NT 10.0; Win64; x64) AppleWebKit/537.36 (KHTML, like Gecko) Chrome/144.0.0.0 Safari/537.36"
125.163.112.97 - - [23/Feb/2026:19:48:41 +0000] "GET /wp-includes/js/mediaelement/wp-mediaelement.min.css?ver=6.9 HTTP/1.1" 200 4186 "https://mentoring-wp.dreamsmarketplace.com/wp-admin/" "Mozilla/5.0 (Windows NT 10.0; Win64; x64) AppleWebKit/537.36 (KHTML, like Gecko) Chrome/144.0.0.0 Safari/537.36"
125.163.112.97 - - [23/Feb/2026:19:48:41 +0000] "GET /wp-includes/js/imgareaselect/imgareaselect.css?ver=0.9.8 HTTP/1.1" 200 790 "https://mentoring-wp.dreamsmarketplace.com/wp-admin/" "Mozilla/5.0 (Windows NT 10.0; Win64; x64) AppleWebKit/537.36 (KHTML, like Gecko) Chrome/144.0.0.0 Safari/537.36"
125.163.112.97 - - [23/Feb/2026:19:48:41 +0000] "GET /wp-includes/js/jquery/ui/mouse.min.js?ver=1.13.3 HTTP/1.1" 200 3428 "https://mentoring-wp.dreamsmarketplace.com/wp-admin/" "Mozilla/5.0 (Windows NT 10.0; Win64; x64) AppleWebKit/537.36 (KHTML, like Gecko) Chrome/144.0.0.0 Safari/537.36"
125.163.112.97 - - [23/Feb/2026:19:48:41 +0000] "GET /wp-content/themes/mentoring/assets/css/font-awesome.min.css?ver=5.11.2 HTTP/1.1" 200 80823 "https://mentoring-wp.dreamsmarketplace.com/wp-admin/" "Mozilla/5.0 (Windows NT 10.0; Win64; x64) AppleWebKit/537.36 (KHTML, like Gecko) Chrome/144.0.0.0 Safari/537.36"
125.163.112.97 - - [23/Feb/2026:19:48:41 +0000] "GET /wp-includes/js/jquery/ui/core.min.js?ver=1.13.3 HTTP/1.1" 200 21464 "https://mentoring-wp.dreamsmarketplace.com/wp-admin/" "Mozilla/5.0 (Windows NT 10.0; Win64; x64) AppleWebKit/537.36 (KHTML, like Gecko) Chrome/144.0.0.0 Safari/537.36"
125.163.112.97 - - [23/Feb/2026:19:48:41 +0000] "GET /wp-includes/js/jquery/ui/slider.min.js?ver=1.13.3 HTTP/1.1" 200 10759 "https://mentoring-wp.dreamsmarketplace.com/wp-admin/" "Mozilla/5.0 (Windows NT 10.0; Win64; x64) AppleWebKit/537.36 (KHTML, like Gecko) Chrome/144.0.0.0 Safari/537.36"
125.163.112.97 - - [23/Feb/2026:19:48:41 +0000] "GET /wp-content/themes/mentoring/assets/js/datetimepicker.js?ver=1.3.5 HTTP/1.1" 200 73107 "https://mentoring-wp.dreamsmarketplace.com/wp-admin/" "Mozilla/5.0 (Windows NT 10.0; Win64; x64) AppleWebKit/537.36 (KHTML, like Gecko) Chrome/144.0.0.0 Safari/537.36"
125.163.112.97 - - [23/Feb/2026:19:48:41 +0000] "GET /wp-includes/js/jquery/jquery.ui.touch-punch.js?ver=0.2.2 HTTP/1.1" 200 1179 "https://mentoring-wp.dreamsmarketplace.com/wp-admin/" "Mozilla/5.0 (Windows NT 10.0; Win64; x64) AppleWebKit/537.36 (KHTML, like Gecko) Chrome/144.0.0.0 Safari/537.36"
125.163.112.97 - - [23/Feb/2026:19:48:41 +0000] "GET /wp-content/themes/mentoring/admin/js/admin_functions.js?ver=1.3.5 HTTP/1.1" 200 5456 "https://mentoring-wp.dreamsmarketplace.com/wp-admin/" "Mozilla/5.0 (Windows NT 10.0; Win64; x64) AppleWebKit/537.36 (KHTML, like Gecko) Chrome/144.0.0.0 Safari/537.36"
125.163.112.97 - - [23/Feb/2026:19:48:41 +0000] "GET /wp-content/themes/mentoring/assets/css/flaticon.css?ver=1.3.5 HTTP/1.1" 200 3397 "https://mentoring-wp.dreamsmarketplace.com/wp-admin/" "Mozilla/5.0 (Windows NT 10.0; Win64; x64) AppleWebKit/537.36 (KHTML, like Gecko) Chrome/144.0.0.0 Safari/537.36"
125.163.112.97 - - [23/Feb/2026:19:48:41 +0000] "GET /wp-content/plugins/woocommerce/assets/css/menu.css?ver=10.4.3 HTTP/1.1" 200 4918 "https://mentoring-wp.dreamsmarketplace.com/wp-admin/" "Mozilla/5.0 (Windows NT 10.0; Win64; x64) AppleWebKit/537.36 (KHTML, like Gecko) Chrome/144.0.0.0 Safari/537.36"
125.163.112.97 - - [23/Feb/2026:19:48:41 +0000] "GET /wp-admin/js/iris.min.js?ver=1.1.1 HTTP/1.1" 200 23643 "https://mentoring-wp.dreamsmarketplace.com/wp-admin/" "Mozilla/5.0 (Windows NT 10.0; Win64; x64) AppleWebKit/537.36 (KHTML, like Gecko) Chrome/144.0.0.0 Safari/537.36"
125.163.112.97 - - [23/Feb/2026:19:48:41 +0000] "GET /wp-admin/js/color-picker.min.js?ver=6.9 HTTP/1.1" 200 3486 "https://mentoring-wp.dreamsmarketplace.com/wp-admin/" "Mozilla/5.0 (Windows NT 10.0; Win64; x64) AppleWebKit/537.36 (KHTML, like Gecko) Chrome/144.0.0.0 Safari/537.36"
125.163.112.97 - - [23/Feb/2026:19:48:41 +0000] "GET /wp-includes/js/plupload/moxie.min.js?ver=1.3.5.1 HTTP/1.1" 200 87394 "https://mentoring-wp.dreamsmarketplace.com/wp-admin/" "Mozilla/5.0 (Windows NT 10.0; Win64; x64) AppleWebKit/537.36 (KHTML, like Gecko) Chrome/144.0.0.0 Safari/537.36"
125.163.112.97 - - [23/Feb/2026:19:48:41 +0000] "GET /wp-admin/load-scripts.php?c=0&load%5Bchunk_0%5D=jquery-core,jquery-migrate,utils,wp-hooks&ver=6.9 HTTP/1.1" 200 108688 "https://mentoring-wp.dreamsmarketplace.com/wp-admin/" "Mozilla/5.0 (Windows NT 10.0; Win64; x64) AppleWebKit/537.36 (KHTML, like Gecko) Chrome/144.0.0.0 Safari/537.36"
125.163.112.97 - - [23/Feb/2026:19:48:41 +0000] "GET /wp-content/themes/mentoring/assets/js/jquery-confirm.min.js?ver=1.3.5 HTTP/1.1" 200 28222 "https://mentoring-wp.dreamsmarketplace.com/wp-admin/" "Mozilla/5.0 (Windows NT 10.0; Win64; x64) AppleWebKit/537.36 (KHTML, like Gecko) Chrome/144.0.0.0 Safari/537.36"
125.163.112.97 - - [23/Feb/2026:19:48:41 +0000] "GET /wp-includes/js/jquery/ui/draggable.min.js?ver=1.13.3 HTTP/1.1" 200 18420 "https://mentoring-wp.dreamsmarketplace.com/wp-admin/" "Mozilla/5.0 (Windows NT 10.0; Win64; x64) AppleWebKit/537.36 (KHTML, like Gecko) Chrome/144.0.0.0 Safari/537.36"
125.163.112.97 - - [23/Feb/2026:19:48:41 +0000] "GET /wp-content/plugins/woocommerce/assets/css/activation.css?ver=10.4.3 HTTP/1.1" 200 980 "https://mentoring-wp.dreamsmarketplace.com/wp-admin/" "Mozilla/5.0 (Windows NT 10.0; Win64; x64) AppleWebKit/537.36 (KHTML, like Gecko) Chrome/144.0.0.0 Safari/537.36"
125.163.112.97 - - [23/Feb/2026:19:48:41 +0000] "GET /wp-includes/css/editor.min.css?ver=6.9 HTTP/1.1" 200 26911 "https://mentoring-wp.dreamsmarketplace.com/wp-admin/" "Mozilla/5.0 (Windows NT 10.0; Win64; x64) AppleWebKit/537.36 (KHTML, like Gecko) Chrome/144.0.0.0 Safari/537.36"
125.163.112.97 - - [23/Feb/2026:19:48:41 +0000] "GET /wp-includes/js/plupload/plupload.min.js?ver=2.1.9 HTTP/1.1" 200 15605 "https://mentoring-wp.dreamsmarketplace.com/wp-admin/" "Mozilla/5.0 (Windows NT 10.0; Win64; x64) AppleWebKit/537.36 (KHTML, like Gecko) Chrome/144.0.0.0 Safari/537.36"
125.163.112.97 - - [23/Feb/2026:19:48:41 +0000] "GET /wp-admin/load-styles.php?c=0&dir=ltr&load%5Bchunk_0%5D=dashicons,admin-bar,site-health,common,forms,admin-menu,dashboard,list-tables,edit,revisions,media,themes,about,nav-menus,wp-poi&load%5Bchunk_1%5D=nter,widgets,site-icon,l10n,buttons,wp-auth-check,wp-components,wp-commands,wp-color-picker,media-views&ver=6.9 HTTP/1.1" 200 578752 "https://mentoring-wp.dreamsmarketplace.com/wp-admin/" "Mozilla/5.0 (Windows NT 10.0; Win64; x64) AppleWebKit/537.36 (KHTML, like Gecko) Chrome/144.0.0.0 Safari/537.36"
125.163.112.97 - - [23/Feb/2026:19:48:42 +0000] "GET /wp-content/uploads/2022/07/user13-65x65.jpg HTTP/1.1" 200 34361 "https://mentoring-wp.dreamsmarketplace.com/wp-admin/" "Mozilla/5.0 (Windows NT 10.0; Win64; x64) AppleWebKit/537.36 (KHTML, like Gecko) Chrome/144.0.0.0 Safari/537.36"
125.163.112.97 - - [23/Feb/2026:19:48:42 +0000] "GET /wp-content/uploads/2022/07/user10-65x65.jpg HTTP/1.1" 200 23238 "https://mentoring-wp.dreamsmarketplace.com/wp-admin/" "Mozilla/5.0 (Windows NT 10.0; Win64; x64) AppleWebKit/537.36 (KHTML, like Gecko) Chrome/144.0.0.0 Safari/537.36"
125.163.112.97 - - [23/Feb/2026:19:48:43 +0000] "GET /wp-admin/images/spinner.gif HTTP/1.1" 200 3656 "https://mentoring-wp.dreamsmarketplace.com/wp-admin/load-styles.php?c=0&dir=ltr&load%5Bchunk_0%5D=dashicons,admin-bar,site-health,common,forms,admin-menu,dashboard,list-tables,edit,revisions,media,themes,about,nav-menus,wp-poi&load%5Bchunk_1%5D=nter,widgets,site-icon,l10n,buttons,wp-auth-check,wp-components,wp-commands,wp-color-picker,media-views&ver=6.9" "Mozilla/5.0 (Windows NT 10.0; Win64; x64) AppleWebKit/537.36 (KHTML, like Gecko) Chrome/144.0.0.0 Safari/537.36"
172.187.168.139 - - [23/Feb/2026:19:48:43 +0000] "POST /wp-cron.php?doing_wp_cron=1771876123.9534559249877929687500 HTTP/1.1" 200 31 "-" "WordPress/6.9; https://mentoring-wp.dreamsmarketplace.com"
14.236.175.40 - - [23/Feb/2026:19:48:44 +0000] "GET /online-spielsaal-freispiele-exklusive-einzahlung-spybet-schweiz-boni-free-spins-2025/ HTTP/1.1" 404 10961 "-" "Mozilla/5.0 (Windows NT 6.1; WOW64) AppleWebKit/537.36 (KHTML, like Gecko) Chrome/98.0.4758.102 Safari/537.36"
98.98.33.53 - - [23/Feb/2026:19:52:55 +0000] "POST /xmlrpc.php HTTP/1.1" 301 178 "-" "Mozilla/5.0 (Windows NT 10.0; Win64; x64) AppleWebKit/537.36 (KHTML, like Gecko) Chrome/114.0.0.0 Safari/537.36"
172.187.168.139 - - [23/Feb/2026:19:52:59 +0000] "POST /wp-cron.php?doing_wp_cron=1771876379.7292520999908447265625 HTTP/1.1" 200 31 "-" "WordPress/6.9; https://mentoring-wp.dreamsmarketplace.com"
98.98.33.53 - - [23/Feb/2026:19:52:59 +0000] "GET /xmlrpc.php HTTP/1.1" 405 53 "-" "Mozilla/5.0 (Windows NT 10.0; Win64; x64) AppleWebKit/537.36 (KHTML, like Gecko) Chrome/114.0.0.0 Safari/537.36"
98.98.33.53 - - [23/Feb/2026:19:53:00 +0000] "POST /xmlrpc.php HTTP/1.1" 301 178 "-" "Mozilla/5.0 (Windows NT 10.0; Win64; x64) AppleWebKit/537.36 (KHTML, like Gecko) Chrome/114.0.0.0 Safari/537.36"
172.187.168.139 - - [23/Feb/2026:19:53:02 +0000] "POST /wp-cron.php?doing_wp_cron=1771876382.5529570579528808593750 HTTP/1.1" 200 31 "-" "WordPress/6.9; https://mentoring-wp.dreamsmarketplace.com"
98.98.33.53 - - [23/Feb/2026:19:53:02 +0000] "GET /xmlrpc.php HTTP/1.1" 405 53 "-" "Mozilla/5.0 (Windows NT 10.0; Win64; x64) AppleWebKit/537.36 (KHTML, like Gecko) Chrome/114.0.0.0 Safari/537.36"
128.1.179.114 - - [23/Feb/2026:19:55:11 +0000] "POST /xmlrpc.php HTTP/1.1" 301 178 "-" "Mozilla/5.0 (Windows NT 10.0; Win64; x64) AppleWebKit/537.36 (KHTML, like Gecko) Chrome/114.0.0.0 Safari/537.36"
172.187.168.139 - - [23/Feb/2026:19:55:14 +0000] "POST /wp-cron.php?doing_wp_cron=1771876514.0378699302673339843750 HTTP/1.1" 200 31 "-" "WordPress/6.9; https://mentoring-wp.dreamsmarketplace.com"
128.1.179.114 - - [23/Feb/2026:19:55:14 +0000] "GET /xmlrpc.php HTTP/1.1" 405 53 "-" "Mozilla/5.0 (Windows NT 10.0; Win64; x64) AppleWebKit/537.36 (KHTML, like Gecko) Chrome/114.0.0.0 Safari/537.36"
128.1.179.114 - - [23/Feb/2026:19:55:15 +0000] "POST /xmlrpc.php HTTP/1.1" 301 178 "-" "Mozilla/5.0 (Windows NT 10.0; Win64; x64) AppleWebKit/537.36 (KHTML, like Gecko) Chrome/114.0.0.0 Safari/537.36"
172.187.168.139 - - [23/Feb/2026:19:55:17 +0000] "POST /wp-cron.php?doing_wp_cron=1771876517.3045730590820312500000 HTTP/1.1" 200 31 "-" "WordPress/6.9; https://mentoring-wp.dreamsmarketplace.com"
128.1.179.114 - - [23/Feb/2026:19:55:17 +0000] "GET /xmlrpc.php HTTP/1.1" 405 53 "-" "Mozilla/5.0 (Windows NT 10.0; Win64; x64) AppleWebKit/537.36 (KHTML, like Gecko) Chrome/114.0.0.0 Safari/537.36"
14.232.116.103 - - [23/Feb/2026:20:01:19 +0000] "GET /perhaps-most-importantly-the-ethical-implications-cant-be/ HTTP/1.1" 301 178 "-" "Mozilla/5.0 (Windows NT 6.1) AppleWebKit/537.36 (KHTML, like Gecko) Chrome/80.0.3987.132 Safari/537.36"
172.187.168.139 - - [23/Feb/2026:20:01:22 +0000] "POST /wp-cron.php?doing_wp_cron=1771876882.8711860179901123046875 HTTP/1.1" 200 31 "-" "WordPress/6.9; https://mentoring-wp.dreamsmarketplace.com"
113.163.109.236 - - [23/Feb/2026:20:01:22 +0000] "GET /perhaps-most-importantly-the-ethical-implications-cant-be/ HTTP/1.1" 404 10937 "-" "Mozilla/5.0 (Windows NT 6.1) AppleWebKit/537.36 (KHTML, like Gecko) Chrome/80.0.3987.132 Safari/537.36"
172.187.168.139 - - [23/Feb/2026:20:02:18 +0000] "POST /wp-cron.php?doing_wp_cron=1771876938.9180231094360351562500 HTTP/1.1" 200 31 "-" "WordPress/6.9; https://mentoring-wp.dreamsmarketplace.com"
36.83.137.224 - - [23/Feb/2026:20:02:18 +0000] "GET /wp-admin/plugins.php HTTP/1.1" 200 77219 "https://mentoring-wp.dreamsmarketplace.com/wp-admin/" "Mozilla/5.0 (Windows NT 10.0; Win64; x64) AppleWebKit/537.36 (KHTML, like Gecko) Chrome/144.0.0.0 Safari/537.36"
36.83.137.224 - - [23/Feb/2026:20:02:19 +0000] "GET /wp-admin/load-scripts.php?c=0&load%5Bchunk_0%5D=hoverIntent,wp-dom-ready&ver=6.9 HTTP/1.1" 200 1970 "https://mentoring-wp.dreamsmarketplace.com/wp-admin/plugins.php" "Mozilla/5.0 (Windows NT 10.0; Win64; x64) AppleWebKit/537.36 (KHTML, like Gecko) Chrome/144.0.0.0 Safari/537.36"
