36.83.137.224 - - [23/Feb/2026:20:02:20 +0000] "GET /wp-admin/js/common.min.js?ver=6.9 HTTP/1.1" 200 23676 "https://mentoring-wp.dreamsmarketplace.com/wp-admin/plugins.php" "Mozilla/5.0 (Windows NT 10.0; Win64; x64) AppleWebKit/537.36 (KHTML, like Gecko) Chrome/144.0.0.0 Safari/537.36"
36.83.137.224 - - [23/Feb/2026:20:02:20 +0000] "GET /wp-includes/js/hoverintent-js.min.js?ver=2.2.1 HTTP/1.1" 200 1718 "https://mentoring-wp.dreamsmarketplace.com/wp-admin/plugins.php" "Mozilla/5.0 (Windows NT 10.0; Win64; x64) AppleWebKit/537.36 (KHTML, like Gecko) Chrome/144.0.0.0 Safari/537.36"
36.83.137.224 - - [23/Feb/2026:20:02:20 +0000] "GET /wp-admin/load-styles.php?c=0&dir=ltr&load%5Bchunk_0%5D=dashicons,admin-bar,common,forms,admin-menu,dashboard,list-tables,edit,revisions,media,themes,about,nav-menus,wp-pointer,widgets&load%5Bchunk_1%5D=,site-icon,l10n,buttons,wp-auth-check,wp-components,wp-commands,wp-color-picker,media-views&ver=6.9 HTTP/1.1" 200 573473 "https://mentoring-wp.dreamsmarketplace.com/wp-admin/plugins.php" "Mozilla/5.0 (Windows NT 10.0; Win64; x64) AppleWebKit/537.36 (KHTML, like Gecko) Chrome/144.0.0.0 Safari/537.36"
36.83.137.224 - - [23/Feb/2026:20:02:21 +0000] "GET /wp-includes/js/admin-bar.min.js?ver=6.9 HTTP/1.1" 200 3487 "https://mentoring-wp.dreamsmarketplace.com/wp-admin/plugins.php" "Mozilla/5.0 (Windows NT 10.0; Win64; x64) AppleWebKit/537.36 (KHTML, like Gecko) Chrome/144.0.0.0 Safari/537.36"
36.83.137.224 - - [23/Feb/2026:20:02:21 +0000] "GET /wp-includes/js/wp-sanitize.min.js?ver=6.9 HTTP/1.1" 200 444 "https://mentoring-wp.dreamsmarketplace.com/wp-admin/plugins.php" "Mozilla/5.0 (Windows NT 10.0; Win64; x64) AppleWebKit/537.36 (KHTML, like Gecko) Chrome/144.0.0.0 Safari/537.36"
36.83.137.224 - - [23/Feb/2026:20:02:21 +0000] "GET /wp-includes/js/thickbox/thickbox.js?ver=3.1-20121105 HTTP/1.1" 200 13332 "https://mentoring-wp.dreamsmarketplace.com/wp-admin/plugins.php" "Mozilla/5.0 (Windows NT 10.0; Win64; x64) AppleWebKit/537.36 (KHTML, like Gecko) Chrome/144.0.0.0 Safari/537.36"
36.83.137.224 - - [23/Feb/2026:20:02:21 +0000] "GET /wp-admin/js/updates.min.js?ver=6.9 HTTP/1.1" 200 48443 "https://mentoring-wp.dreamsmarketplace.com/wp-admin/plugins.php" "Mozilla/5.0 (Windows NT 10.0; Win64; x64) AppleWebKit/537.36 (KHTML, like Gecko) Chrome/144.0.0.0 Safari/537.36"
36.83.137.224 - - [23/Feb/2026:20:02:22 +0000] "GET /wp-admin/js/plugin-install.min.js?ver=6.9 HTTP/1.1" 200 2403 "https://mentoring-wp.dreamsmarketplace.com/wp-admin/plugins.php" "Mozilla/5.0 (Windows NT 10.0; Win64; x64) AppleWebKit/537.36 (KHTML, like Gecko) Chrome/144.0.0.0 Safari/537.36"
36.83.137.224 - - [23/Feb/2026:20:02:22 +0000] "GET /wp-includes/js/heartbeat.min.js?ver=6.9 HTTP/1.1" 200 5947 "https://mentoring-wp.dreamsmarketplace.com/wp-admin/plugins.php" "Mozilla/5.0 (Windows NT 10.0; Win64; x64) AppleWebKit/537.36 (KHTML, like Gecko) Chrome/144.0.0.0 Safari/537.36"
36.83.137.224 - - [23/Feb/2026:20:02:22 +0000] "GET /wp-admin/js/svg-painter.js?ver=6.9 HTTP/1.1" 200 3280 "https://mentoring-wp.dreamsmarketplace.com/wp-admin/plugins.php" "Mozilla/5.0 (Windows NT 10.0; Win64; x64) AppleWebKit/537.36 (KHTML, like Gecko) Chrome/144.0.0.0 Safari/537.36"
36.83.137.224 - - [23/Feb/2026:20:02:23 +0000] "GET /wp-includes/js/wp-auth-check.min.js?ver=6.9 HTTP/1.1" 200 1658 "https://mentoring-wp.dreamsmarketplace.com/wp-admin/plugins.php" "Mozilla/5.0 (Windows NT 10.0; Win64; x64) AppleWebKit/537.36 (KHTML, like Gecko) Chrome/144.0.0.0 Safari/537.36"
36.83.137.224 - - [23/Feb/2026:20:02:23 +0000] "GET /wp-includes/js/dist/vendor/react.min.js?ver=18.3.1.1 HTTP/1.1" 200 10628 "https://mentoring-wp.dreamsmarketplace.com/wp-admin/plugins.php" "Mozilla/5.0 (Windows NT 10.0; Win64; x64) AppleWebKit/537.36 (KHTML, like Gecko) Chrome/144.0.0.0 Safari/537.36"
36.83.137.224 - - [23/Feb/2026:20:02:23 +0000] "GET /wp-includes/js/dist/vendor/react-dom.min.js?ver=18.3.1.1 HTTP/1.1" 200 128946 "https://mentoring-wp.dreamsmarketplace.com/wp-admin/plugins.php" "Mozilla/5.0 (Windows NT 10.0; Win64; x64) AppleWebKit/537.36 (KHTML, like Gecko) Chrome/144.0.0.0 Safari/537.36"
36.83.137.224 - - [23/Feb/2026:20:02:23 +0000] "GET /wp-includes/js/dist/vendor/react-jsx-runtime.min.js?ver=18.3.1 HTTP/1.1" 200 900 "https://mentoring-wp.dreamsmarketplace.com/wp-admin/plugins.php" "Mozilla/5.0 (Windows NT 10.0; Win64; x64) AppleWebKit/537.36 (KHTML, like Gecko) Chrome/144.0.0.0 Safari/537.36"
36.83.137.224 - - [23/Feb/2026:20:02:24 +0000] "GET /wp-includes/js/dist/deprecated.min.js?ver=e1f84915c5e8ae38964c HTTP/1.1" 200 684 "https://mentoring-wp.dreamsmarketplace.com/wp-admin/plugins.php" "Mozilla/5.0 (Windows NT 10.0; Win64; x64) AppleWebKit/537.36 (KHTML, like Gecko) Chrome/144.0.0.0 Safari/537.36"
36.83.137.224 - - [23/Feb/2026:20:02:24 +0000] "GET /wp-includes/js/dist/element.min.js?ver=6a582b0c827fa25df3dd HTTP/1.1" 200 12112 "https://mentoring-wp.dreamsmarketplace.com/wp-admin/plugins.php" "Mozilla/5.0 (Windows NT 10.0; Win64; x64) AppleWebKit/537.36 (KHTML, like Gecko) Chrome/144.0.0.0 Safari/537.36"
36.83.137.224 - - [23/Feb/2026:20:02:24 +0000] "GET /wp-includes/js/dist/dom.min.js?ver=26edef3be6483da3de2e HTTP/1.1" 200 12598 "https://mentoring-wp.dreamsmarketplace.com/wp-admin/plugins.php" "Mozilla/5.0 (Windows NT 10.0; Win64; x64) AppleWebKit/537.36 (KHTML, like Gecko) Chrome/144.0.0.0 Safari/537.36"
36.83.137.224 - - [23/Feb/2026:20:02:25 +0000] "GET /wp-includes/js/dist/escape-html.min.js?ver=6561a406d2d232a6fbd2 HTTP/1.1" 200 1000 "https://mentoring-wp.dreamsmarketplace.com/wp-admin/plugins.php" "Mozilla/5.0 (Windows NT 10.0; Win64; x64) AppleWebKit/537.36 (KHTML, like Gecko) Chrome/144.0.0.0 Safari/537.36"
36.83.137.224 - - [23/Feb/2026:20:02:25 +0000] "GET /wp-includes/js/dist/is-shallow-equal.min.js?ver=e0f9f1d78d83f5196979 HTTP/1.1" 200 1018 "https://mentoring-wp.dreamsmarketplace.com/wp-admin/plugins.php" "Mozilla/5.0 (Windows NT 10.0; Win64; x64) AppleWebKit/537.36 (KHTML, like Gecko) Chrome/144.0.0.0 Safari/537.36"
36.83.137.224 - - [23/Feb/2026:20:02:25 +0000] "GET /wp-includes/js/dist/priority-queue.min.js?ver=2d59d091223ee9a33838 HTTP/1.1" 200 3382 "https://mentoring-wp.dreamsmarketplace.com/wp-admin/plugins.php" "Mozilla/5.0 (Windows NT 10.0; Win64; x64) AppleWebKit/537.36 (KHTML, like Gecko) Chrome/144.0.0.0 Safari/537.36"
36.83.137.224 - - [23/Feb/2026:20:02:25 +0000] "GET /wp-includes/js/dist/keycodes.min.js?ver=34c8fb5e7a594a1c8037 HTTP/1.1" 200 2568 "https://mentoring-wp.dreamsmarketplace.com/wp-admin/plugins.php" "Mozilla/5.0 (Windows NT 10.0; Win64; x64) AppleWebKit/537.36 (KHTML, like Gecko) Chrome/144.0.0.0 Safari/537.36"
36.83.137.224 - - [23/Feb/2026:20:02:25 +0000] "GET /wp-includes/js/dist/compose.min.js?ver=7a9b375d8c19cf9d3d9b HTTP/1.1" 200 36634 "https://mentoring-wp.dreamsmarketplace.com/wp-admin/plugins.php" "Mozilla/5.0 (Windows NT 10.0; Win64; x64) AppleWebKit/537.36 (KHTML, like Gecko) Chrome/144.0.0.0 Safari/537.36"
36.83.137.224 - - [23/Feb/2026:20:02:26 +0000] "GET /wp-includes/js/dist/html-entities.min.js?ver=e8b78b18a162491d5e5f HTTP/1.1" 200 792 "https://mentoring-wp.dreamsmarketplace.com/wp-admin/plugins.php" "Mozilla/5.0 (Windows NT 10.0; Win64; x64) AppleWebKit/537.36 (KHTML, like Gecko) Chrome/144.0.0.0 Safari/537.36"
36.83.137.224 - - [23/Feb/2026:20:02:26 +0000] "GET /wp-includes/js/dist/vendor/moment.min.js?ver=2.30.1 HTTP/1.1" 200 58812 "https://mentoring-wp.dreamsmarketplace.com/wp-admin/plugins.php" "Mozilla/5.0 (Windows NT 10.0; Win64; x64) AppleWebKit/537.36 (KHTML, like Gecko) Chrome/144.0.0.0 Safari/537.36"
36.83.137.224 - - [23/Feb/2026:20:02:27 +0000] "GET /wp-includes/js/dist/primitives.min.js?ver=0b5dcc337aa7cbf75570 HTTP/1.1" 200 1661 "https://mentoring-wp.dreamsmarketplace.com/wp-admin/plugins.php" "Mozilla/5.0 (Windows NT 10.0; Win64; x64) AppleWebKit/537.36 (KHTML, like Gecko) Chrome/144.0.0.0 Safari/537.36"
36.83.137.224 - - [23/Feb/2026:20:02:27 +0000] "GET /wp-includes/js/dist/date.min.js?ver=795a56839718d3ff7eae HTTP/1.1" 200 783699 "https://mentoring-wp.dreamsmarketplace.com/wp-admin/plugins.php" "Mozilla/5.0 (Windows NT 10.0; Win64; x64) AppleWebKit/537.36 (KHTML, like Gecko) Chrome/144.0.0.0 Safari/537.36"
36.83.137.224 - - [23/Feb/2026:20:02:27 +0000] "GET /wp-includes/js/dist/private-apis.min.js?ver=4f465748bda624774139 HTTP/1.1" 200 2833 "https://mentoring-wp.dreamsmarketplace.com/wp-admin/plugins.php" "Mozilla/5.0 (Windows NT 10.0; Win64; x64) AppleWebKit/537.36 (KHTML, like Gecko) Chrome/144.0.0.0 Safari/537.36"
36.83.137.224 - - [23/Feb/2026:20:02:27 +0000] "GET /wp-includes/js/dist/data.min.js?ver=f940198280891b0b6318 HTTP/1.1" 200 25446 "https://mentoring-wp.dreamsmarketplace.com/wp-admin/plugins.php" "Mozilla/5.0 (Windows NT 10.0; Win64; x64) AppleWebKit/537.36 (KHTML, like Gecko) Chrome/144.0.0.0 Safari/537.36"
36.83.137.224 - - [23/Feb/2026:20:02:27 +0000] "GET /wp-includes/js/dist/redux-routine.min.js?ver=8bb92d45458b29590f53 HTTP/1.1" 200 8889 "https://mentoring-wp.dreamsmarketplace.com/wp-admin/plugins.php" "Mozilla/5.0 (Windows NT 10.0; Win64; x64) AppleWebKit/537.36 (KHTML, like Gecko) Chrome/144.0.0.0 Safari/537.36"
36.83.137.224 - - [23/Feb/2026:20:02:28 +0000] "GET /wp-includes/js/dist/rich-text.min.js?ver=5bdbb44f3039529e3645 HTTP/1.1" 200 37297 "https://mentoring-wp.dreamsmarketplace.com/wp-admin/plugins.php" "Mozilla/5.0 (Windows NT 10.0; Win64; x64) AppleWebKit/537.36 (KHTML, like Gecko) Chrome/144.0.0.0 Safari/537.36"
36.83.137.224 - - [23/Feb/2026:20:02:28 +0000] "GET /wp-includes/js/dist/warning.min.js?ver=d69bc18c456d01c11d5a HTTP/1.1" 200 303 "https://mentoring-wp.dreamsmarketplace.com/wp-admin/plugins.php" "Mozilla/5.0 (Windows NT 10.0; Win64; x64) AppleWebKit/537.36 (KHTML, like Gecko) Chrome/144.0.0.0 Safari/537.36"
36.83.137.224 - - [23/Feb/2026:20:02:29 +0000] "GET /wp-includes/js/dist/commands.min.js?ver=cac8f4817ab7cea0ac49 HTTP/1.1" 200 49929 "https://mentoring-wp.dreamsmarketplace.com/wp-admin/plugins.php" "Mozilla/5.0 (Windows NT 10.0; Win64; x64) AppleWebKit/537.36 (KHTML, like Gecko) Chrome/144.0.0.0 Safari/537.36"
36.83.137.224 - - [23/Feb/2026:20:02:29 +0000] "GET /wp-includes/js/dist/keyboard-shortcuts.min.js?ver=fbc45a34ce65c5723afa HTTP/1.1" 200 3056 "https://mentoring-wp.dreamsmarketplace.com/wp-admin/plugins.php" "Mozilla/5.0 (Windows NT 10.0; Win64; x64) AppleWebKit/537.36 (KHTML, like Gecko) Chrome/144.0.0.0 Safari/537.36"
36.83.137.224 - - [23/Feb/2026:20:02:29 +0000] "GET /wp-includes/js/dist/components.min.js?ver=ad5cb4227f07a3d422ad HTTP/1.1" 200 805252 "https://mentoring-wp.dreamsmarketplace.com/wp-admin/plugins.php" "Mozilla/5.0 (Windows NT 10.0; Win64; x64) AppleWebKit/537.36 (KHTML, like Gecko) Chrome/144.0.0.0 Safari/537.36"
36.83.137.224 - - [23/Feb/2026:20:02:30 +0000] "GET /wp-includes/js/dist/url.min.js?ver=9e178c9516d1222dc834 HTTP/1.1" 200 8531 "https://mentoring-wp.dreamsmarketplace.com/wp-admin/plugins.php" "Mozilla/5.0 (Windows NT 10.0; Win64; x64) AppleWebKit/537.36 (KHTML, like Gecko) Chrome/144.0.0.0 Safari/537.36"
36.83.137.224 - - [23/Feb/2026:20:02:30 +0000] "GET /wp-includes/js/dist/api-fetch.min.js?ver=3a4d9af2b423048b0dee HTTP/1.1" 200 5799 "https://mentoring-wp.dreamsmarketplace.com/wp-admin/plugins.php" "Mozilla/5.0 (Windows NT 10.0; Win64; x64) AppleWebKit/537.36 (KHTML, like Gecko) Chrome/144.0.0.0 Safari/537.36"
36.83.137.224 - - [23/Feb/2026:20:02:30 +0000] "GET /wp-includes/js/dist/blob.min.js?ver=9113eed771d446f4a556 HTTP/1.1" 200 1108 "https://mentoring-wp.dreamsmarketplace.com/wp-admin/plugins.php" "Mozilla/5.0 (Windows NT 10.0; Win64; x64) AppleWebKit/537.36 (KHTML, like Gecko) Chrome/144.0.0.0 Safari/537.36"
36.83.137.224 - - [23/Feb/2026:20:02:31 +0000] "GET /wp-includes/js/dist/block-serialization-default-parser.min.js?ver=14d44daebf663d05d330 HTTP/1.1" 200 2400 "https://mentoring-wp.dreamsmarketplace.com/wp-admin/plugins.php" "Mozilla/5.0 (Windows NT 10.0; Win64; x64) AppleWebKit/537.36 (KHTML, like Gecko) Chrome/144.0.0.0 Safari/537.36"
36.83.137.224 - - [23/Feb/2026:20:02:31 +0000] "GET /wp-includes/js/dist/autop.min.js?ver=9fb50649848277dd318d HTTP/1.1" 200 5614 "https://mentoring-wp.dreamsmarketplace.com/wp-admin/plugins.php" "Mozilla/5.0 (Windows NT 10.0; Win64; x64) AppleWebKit/537.36 (KHTML, like Gecko) Chrome/144.0.0.0 Safari/537.36"
36.83.137.224 - - [23/Feb/2026:20:02:31 +0000] "GET /wp-includes/js/dist/shortcode.min.js?ver=0b3174183b858f2df320 HTTP/1.1" 200 2898 "https://mentoring-wp.dreamsmarketplace.com/wp-admin/plugins.php" "Mozilla/5.0 (Windows NT 10.0; Win64; x64) AppleWebKit/537.36 (KHTML, like Gecko) Chrome/144.0.0.0 Safari/537.36"
36.83.137.224 - - [23/Feb/2026:20:02:32 +0000] "GET /wp-includes/js/dist/notices.min.js?ver=f62fbf15dcc23301922f HTTP/1.1" 200 2078 "https://mentoring-wp.dreamsmarketplace.com/wp-admin/plugins.php" "Mozilla/5.0 (Windows NT 10.0; Win64; x64) AppleWebKit/537.36 (KHTML, like Gecko) Chrome/144.0.0.0 Safari/537.36"
36.83.137.224 - - [23/Feb/2026:20:02:32 +0000] "GET /wp-includes/js/dist/blocks.min.js?ver=de131db49fa830bc97da HTTP/1.1" 200 176732 "https://mentoring-wp.dreamsmarketplace.com/wp-admin/plugins.php" "Mozilla/5.0 (Windows NT 10.0; Win64; x64) AppleWebKit/537.36 (KHTML, like Gecko) Chrome/144.0.0.0 Safari/537.36"
36.83.137.224 - - [23/Feb/2026:20:02:32 +0000] "GET /wp-includes/js/dist/preferences-persistence.min.js?ver=e954d3a4426d311f7d1a HTTP/1.1" 200 5457 "https://mentoring-wp.dreamsmarketplace.com/wp-admin/plugins.php" "Mozilla/5.0 (Windows NT 10.0; Win64; x64) AppleWebKit/537.36 (KHTML, like Gecko) Chrome/144.0.0.0 Safari/537.36"
36.83.137.224 - - [23/Feb/2026:20:02:33 +0000] "GET /wp-includes/js/dist/style-engine.min.js?ver=7c6fcedc37dadafb8a81 HTTP/1.1" 200 6059 "https://mentoring-wp.dreamsmarketplace.com/wp-admin/plugins.php" "Mozilla/5.0 (Windows NT 10.0; Win64; x64) AppleWebKit/537.36 (KHTML, like Gecko) Chrome/144.0.0.0 Safari/537.36"
36.83.137.224 - - [23/Feb/2026:20:02:33 +0000] "GET /wp-includes/js/dist/preferences.min.js?ver=2ca086aed510c242a1ed HTTP/1.1" 200 7014 "https://mentoring-wp.dreamsmarketplace.com/wp-admin/plugins.php" "Mozilla/5.0 (Windows NT 10.0; Win64; x64) AppleWebKit/537.36 (KHTML, like Gecko) Chrome/144.0.0.0 Safari/537.36"
36.83.137.224 - - [23/Feb/2026:20:02:33 +0000] "GET /wp-includes/js/dist/token-list.min.js?ver=cfdf635a436c3953a965 HTTP/1.1" 200 1299 "https://mentoring-wp.dreamsmarketplace.com/wp-admin/plugins.php" "Mozilla/5.0 (Windows NT 10.0; Win64; x64) AppleWebKit/537.36 (KHTML, like Gecko) Chrome/144.0.0.0 Safari/537.36"
36.83.137.224 - - [23/Feb/2026:20:02:33 +0000] "GET /wp-includes/js/dist/core-data.min.js?ver=15baadfe6e1374188072 HTTP/1.1" 200 70383 "https://mentoring-wp.dreamsmarketplace.com/wp-admin/plugins.php" "Mozilla/5.0 (Windows NT 10.0; Win64; x64) AppleWebKit/537.36 (KHTML, like Gecko) Chrome/144.0.0.0 Safari/537.36"
36.83.137.224 - - [23/Feb/2026:20:02:34 +0000] "GET /wp-includes/js/dist/router.min.js?ver=2dfc4b954318a03e6a76 HTTP/1.1" 200 13763 "https://mentoring-wp.dreamsmarketplace.com/wp-admin/plugins.php" "Mozilla/5.0 (Windows NT 10.0; Win64; x64) AppleWebKit/537.36 (KHTML, like Gecko) Chrome/144.0.0.0 Safari/537.36"
36.83.137.224 - - [23/Feb/2026:20:02:34 +0000] "GET /wp-includes/js/dist/block-editor.min.js?ver=6ab992f915da9674d250 HTTP/1.1" 200 891629 "https://mentoring-wp.dreamsmarketplace.com/wp-admin/plugins.php" "Mozilla/5.0 (Windows NT 10.0; Win64; x64) AppleWebKit/537.36 (KHTML, like Gecko) Chrome/144.0.0.0 Safari/537.36"
36.83.137.224 - - [23/Feb/2026:20:02:35 +0000] "GET /wp-includes/js/dist/core-commands.min.js?ver=effe2d88d7f0c50a8ce9 HTTP/1.1" 200 10639 "https://mentoring-wp.dreamsmarketplace.com/wp-admin/plugins.php" "Mozilla/5.0 (Windows NT 10.0; Win64; x64) AppleWebKit/537.36 (KHTML, like Gecko) Chrome/144.0.0.0 Safari/537.36"
36.83.137.224 - - [23/Feb/2026:20:02:35 +0000] "GET /wp-content/plugins/frontend-reset-password/assets/js/password-lost-admin.js?ver=1.0.0 HTTP/1.1" 200 441 "https://mentoring-wp.dreamsmarketplace.com/wp-admin/plugins.php" "Mozilla/5.0 (Windows NT 10.0; Win64; x64) AppleWebKit/537.36 (KHTML, like Gecko) Chrome/144.0.0.0 Safari/537.36"
36.83.137.224 - - [23/Feb/2026:20:02:35 +0000] "GET /wp-includes/js/dist/vendor/lodash.min.js?ver=4.17.21 HTTP/1.1" 200 70707 "https://mentoring-wp.dreamsmarketplace.com/wp-admin/plugins.php" "Mozilla/5.0 (Windows NT 10.0; Win64; x64) AppleWebKit/537.36 (KHTML, like Gecko) Chrome/144.0.0.0 Safari/537.36"
36.83.137.224 - - [23/Feb/2026:20:02:35 +0000] "GET /wp-includes/js/dist/vendor/wp-polyfill.min.js?ver=3.15.0 HTTP/1.1" 200 33548 "https://mentoring-wp.dreamsmarketplace.com/wp-admin/plugins.php" "Mozilla/5.0 (Windows NT 10.0; Win64; x64) AppleWebKit/537.36 (KHTML, like Gecko) Chrome/144.0.0.0 Safari/537.36"
36.83.137.224 - - [23/Feb/2026:20:02:36 +0000] "GET /wp-content/plugins/woocommerce/vendor/wordpress/abilities-api/packages/client/build/index.js?ver=14311f98344bed5a32dd HTTP/1.1" 200 139737 "https://mentoring-wp.dreamsmarketplace.com/wp-admin/plugins.php" "Mozilla/5.0 (Windows NT 10.0; Win64; x64) AppleWebKit/537.36 (KHTML, like Gecko) Chrome/144.0.0.0 Safari/537.36"
36.83.137.224 - - [23/Feb/2026:20:02:36 +0000] "GET /wp-content/plugins/woocommerce/assets/client/blocks/wc-types.js?ver=de925be9bc9f555c810c HTTP/1.1" 200 4221 "https://mentoring-wp.dreamsmarketplace.com/wp-admin/plugins.php" "Mozilla/5.0 (Windows NT 10.0; Win64; x64) AppleWebKit/537.36 (KHTML, like Gecko) Chrome/144.0.0.0 Safari/537.36"
36.83.137.224 - - [23/Feb/2026:20:02:37 +0000] "GET /wp-content/plugins/woocommerce/assets/client/blocks/wc-settings.js?ver=508473c3c2ece9af8f8f HTTP/1.1" 200 6469 "https://mentoring-wp.dreamsmarketplace.com/wp-admin/plugins.php" "Mozilla/5.0 (Windows NT 10.0; Win64; x64) AppleWebKit/537.36 (KHTML, like Gecko) Chrome/144.0.0.0 Safari/537.36"
36.83.137.224 - - [23/Feb/2026:20:02:37 +0000] "GET /wp-content/plugins/woocommerce/assets/client/admin/number/index.js?ver=d3897f08e2d5f8459306 HTTP/1.1" 200 2148 "https://mentoring-wp.dreamsmarketplace.com/wp-admin/plugins.php" "Mozilla/5.0 (Windows NT 10.0; Win64; x64) AppleWebKit/537.36 (KHTML, like Gecko) Chrome/144.0.0.0 Safari/537.36"
36.83.137.224 - - [23/Feb/2026:20:02:37 +0000] "GET /wp-content/plugins/woocommerce/assets/client/admin/currency/index.js?ver=992e6acba98302d099bc HTTP/1.1" 200 5766 "https://mentoring-wp.dreamsmarketplace.com/wp-admin/plugins.php" "Mozilla/5.0 (Windows NT 10.0; Win64; x64) AppleWebKit/537.36 (KHTML, like Gecko) Chrome/144.0.0.0 Safari/537.36"
36.83.137.224 - - [23/Feb/2026:20:02:37 +0000] "GET /wp-content/plugins/woocommerce/assets/client/admin/date/index.js?ver=43b5c0ca1706f1dcaa7e HTTP/1.1" 200 44340 "https://mentoring-wp.dreamsmarketplace.com/wp-admin/plugins.php" "Mozilla/5.0 (Windows NT 10.0; Win64; x64) AppleWebKit/537.36 (KHTML, like Gecko) Chrome/144.0.0.0 Safari/537.36"
36.83.137.224 - - [23/Feb/2026:20:02:38 +0000] "GET /wp-content/plugins/woocommerce/assets/client/admin/navigation/index.js?ver=cc18d1034647e047b447 HTTP/1.1" 200 43929 "https://mentoring-wp.dreamsmarketplace.com/wp-admin/plugins.php" "Mozilla/5.0 (Windows NT 10.0; Win64; x64) AppleWebKit/537.36 (KHTML, like Gecko) Chrome/144.0.0.0 Safari/537.36"
36.83.137.224 - - [23/Feb/2026:20:02:38 +0000] "GET /wp-content/plugins/woocommerce/assets/client/admin/sanitize/index.js?ver=c7a741f8dc5bec166999 HTTP/1.1" 200 23361 "https://mentoring-wp.dreamsmarketplace.com/wp-admin/plugins.php" "Mozilla/5.0 (Windows NT 10.0; Win64; x64) AppleWebKit/537.36 (KHTML, like Gecko) Chrome/144.0.0.0 Safari/537.36"
36.83.137.224 - - [23/Feb/2026:20:02:38 +0000] "GET /wp-content/plugins/woocommerce/assets/client/admin/tracks/index.js?ver=58bfe34a9c6c0d8c5093 HTTP/1.1" 200 8572 "https://mentoring-wp.dreamsmarketplace.com/wp-admin/plugins.php" "Mozilla/5.0 (Windows NT 10.0; Win64; x64) AppleWebKit/537.36 (KHTML, like Gecko) Chrome/144.0.0.0 Safari/537.36"
36.83.137.224 - - [23/Feb/2026:20:02:39 +0000] "GET /wp-includes/js/dist/data-controls.min.js?ver=49f5587e8b90f9e7cc7e HTTP/1.1" 200 1472 "https://mentoring-wp.dreamsmarketplace.com/wp-admin/plugins.php" "Mozilla/5.0 (Windows NT 10.0; Win64; x64) AppleWebKit/537.36 (KHTML, like Gecko) Chrome/144.0.0.0 Safari/537.36"
36.83.137.224 - - [23/Feb/2026:20:02:39 +0000] "GET /wp-includes/js/dist/media-utils.min.js?ver=c66754bed5498afe7050 HTTP/1.1" 200 9952 "https://mentoring-wp.dreamsmarketplace.com/wp-admin/plugins.php" "Mozilla/5.0 (Windows NT 10.0; Win64; x64) AppleWebKit/537.36 (KHTML, like Gecko) Chrome/144.0.0.0 Safari/537.36"
36.83.137.224 - - [23/Feb/2026:20:02:39 +0000] "GET /wp-content/plugins/woocommerce/assets/client/admin/data/index.js?ver=16f5ad62bf91f83eb490 HTTP/1.1" 200 167893 "https://mentoring-wp.dreamsmarketplace.com/wp-admin/plugins.php" "Mozilla/5.0 (Windows NT 10.0; Win64; x64) AppleWebKit/537.36 (KHTML, like Gecko) Chrome/144.0.0.0 Safari/537.36"
36.83.137.224 - - [23/Feb/2026:20:02:40 +0000] "GET /wp-includes/js/dist/viewport.min.js?ver=f07b4909c08cfe9de4e2 HTTP/1.1" 200 1878 "https://mentoring-wp.dreamsmarketplace.com/wp-admin/plugins.php" "Mozilla/5.0 (Windows NT 10.0; Win64; x64) AppleWebKit/537.36 (KHTML, like Gecko) Chrome/144.0.0.0 Safari/537.36"
36.83.137.224 - - [23/Feb/2026:20:02:40 +0000] "GET /wp-content/plugins/woocommerce/assets/client/admin/csv-export/index.js?ver=566af0e2bd0969360ba3 HTTP/1.1" 200 4844 "https://mentoring-wp.dreamsmarketplace.com/wp-admin/plugins.php" "Mozilla/5.0 (Windows NT 10.0; Win64; x64) AppleWebKit/537.36 (KHTML, like Gecko) Chrome/144.0.0.0 Safari/537.36"
36.83.137.224 - - [23/Feb/2026:20:02:40 +0000] "GET /wp-content/plugins/woocommerce/assets/client/admin/admin-layout/index.js?ver=092d36684bd43b3c307d HTTP/1.1" 200 2524 "https://mentoring-wp.dreamsmarketplace.com/wp-admin/plugins.php" "Mozilla/5.0 (Windows NT 10.0; Win64; x64) AppleWebKit/537.36 (KHTML, like Gecko) Chrome/144.0.0.0 Safari/537.36"
36.83.137.224 - - [23/Feb/2026:20:02:41 +0000] "GET /wp-content/plugins/woocommerce/assets/client/admin/experimental/index.js?ver=c71a90b972056f1df64a HTTP/1.1" 200 28899 "https://mentoring-wp.dreamsmarketplace.com/wp-admin/plugins.php" "Mozilla/5.0 (Windows NT 10.0; Win64; x64) AppleWebKit/537.36 (KHTML, like Gecko) Chrome/144.0.0.0 Safari/537.36"
36.83.137.224 - - [23/Feb/2026:20:02:41 +0000] "GET /wp-content/plugins/woocommerce/assets/client/admin/components/index.js?ver=8f144601624de627c4f7 HTTP/1.1" 200 807332 "https://mentoring-wp.dreamsmarketplace.com/wp-admin/plugins.php" "Mozilla/5.0 (Windows NT 10.0; Win64; x64) AppleWebKit/537.36 (KHTML, like Gecko) Chrome/144.0.0.0 Safari/537.36"
36.83.137.224 - - [23/Feb/2026:20:02:41 +0000] "GET /wp-content/plugins/woocommerce/assets/client/admin/customer-effort-score/index.js?ver=ebdc0b2d7487174621e6 HTTP/1.1" 200 20232 "https://mentoring-wp.dreamsmarketplace.com/wp-admin/plugins.php" "Mozilla/5.0 (Windows NT 10.0; Win64; x64) AppleWebKit/537.36 (KHTML, like Gecko) Chrome/144.0.0.0 Safari/537.36"
36.83.137.224 - - [23/Feb/2026:20:02:41 +0000] "GET /wp-content/plugins/woocommerce/assets/client/admin/notices/index.js?ver=89484f9388cf6ea2d413 HTTP/1.1" 200 1664 "https://mentoring-wp.dreamsmarketplace.com/wp-admin/plugins.php" "Mozilla/5.0 (Windows NT 10.0; Win64; x64) AppleWebKit/537.36 (KHTML, like Gecko) Chrome/144.0.0.0 Safari/537.36"
36.83.137.224 - - [23/Feb/2026:20:02:42 +0000] "GET /wp-content/plugins/woocommerce/assets/client/admin/remote-logging/index.js?ver=ce414084e6b119013259 HTTP/1.1" 200 21266 "https://mentoring-wp.dreamsmarketplace.com/wp-admin/plugins.php" "Mozilla/5.0 (Windows NT 10.0; Win64; x64) AppleWebKit/537.36 (KHTML, like Gecko) Chrome/144.0.0.0 Safari/537.36"
36.83.137.224 - - [23/Feb/2026:20:02:42 +0000] "GET /wp-content/plugins/woocommerce/assets/client/admin/explat/index.js?ver=d65bd85b5bebd517b6ab HTTP/1.1" 200 46275 "https://mentoring-wp.dreamsmarketplace.com/wp-admin/plugins.php" "Mozilla/5.0 (Windows NT 10.0; Win64; x64) AppleWebKit/537.36 (KHTML, like Gecko) Chrome/144.0.0.0 Safari/537.36"
36.83.137.224 - - [23/Feb/2026:20:02:43 +0000] "GET /wp-includes/js/dist/latex-to-mathml.min.js?ver=960cef31b586960935b4 HTTP/1.1" 200 196627 "https://mentoring-wp.dreamsmarketplace.com/wp-admin/plugins.php" "Mozilla/5.0 (Windows NT 10.0; Win64; x64) AppleWebKit/537.36 (KHTML, like Gecko) Chrome/144.0.0.0 Safari/537.36"
36.83.137.224 - - [23/Feb/2026:20:02:43 +0000] "GET /wp-includes/js/dist/patterns.min.js?ver=4131f04a041db58120d8 HTTP/1.1" 200 21989 "https://mentoring-wp.dreamsmarketplace.com/wp-admin/plugins.php" "Mozilla/5.0 (Windows NT 10.0; Win64; x64) AppleWebKit/537.36 (KHTML, like Gecko) Chrome/144.0.0.0 Safari/537.36"
36.83.137.224 - - [23/Feb/2026:20:02:43 +0000] "GET /wp-includes/js/dist/server-side-render.min.js?ver=7db2472793a2abb97aa5 HTTP/1.1" 200 3151 "https://mentoring-wp.dreamsmarketplace.com/wp-admin/plugins.php" "Mozilla/5.0 (Windows NT 10.0; Win64; x64) AppleWebKit/537.36 (KHTML, like Gecko) Chrome/144.0.0.0 Safari/537.36"
36.83.137.224 - - [23/Feb/2026:20:02:44 +0000] "GET /wp-includes/js/dist/wordcount.min.js?ver=c5b97f11206928ea9130 HTTP/1.1" 200 3316 "https://mentoring-wp.dreamsmarketplace.com/wp-admin/plugins.php" "Mozilla/5.0 (Windows NT 10.0; Win64; x64) AppleWebKit/537.36 (KHTML, like Gecko) Chrome/144.0.0.0 Safari/537.36"
36.83.137.224 - - [23/Feb/2026:20:02:44 +0000] "GET /wp-admin/js/editor.min.js?ver=6.9 HTTP/1.1" 200 13085 "https://mentoring-wp.dreamsmarketplace.com/wp-admin/plugins.php" "Mozilla/5.0 (Windows NT 10.0; Win64; x64) AppleWebKit/537.36 (KHTML, like Gecko) Chrome/144.0.0.0 Safari/537.36"
36.83.137.224 - - [23/Feb/2026:20:02:44 +0000] "GET /wp-includes/js/dist/plugins.min.js?ver=039ed87b5b9f7036ceee HTTP/1.1" 200 4334 "https://mentoring-wp.dreamsmarketplace.com/wp-admin/plugins.php" "Mozilla/5.0 (Windows NT 10.0; Win64; x64) AppleWebKit/537.36 (KHTML, like Gecko) Chrome/144.0.0.0 Safari/537.36"
36.83.137.224 - - [23/Feb/2026:20:02:45 +0000] "GET /wp-includes/js/dist/block-library.min.js?ver=226f2f0a9402f47ba8bc HTTP/1.1" 200 981231 "https://mentoring-wp.dreamsmarketplace.com/wp-admin/plugins.php" "Mozilla/5.0 (Windows NT 10.0; Win64; x64) AppleWebKit/537.36 (KHTML, like Gecko) Chrome/144.0.0.0 Safari/537.36"
36.83.137.224 - - [23/Feb/2026:20:02:45 +0000] "GET /wp-content/plugins/woocommerce/assets/client/admin/wp-admin-scripts/woo-plugin-update-connect-notice.js?ver=b543742f543c862eb81e HTTP/1.1" 200 647 "https://mentoring-wp.dreamsmarketplace.com/wp-admin/plugins.php" "Mozilla/5.0 (Windows NT 10.0; Win64; x64) AppleWebKit/537.36 (KHTML, like Gecko) Chrome/144.0.0.0 Safari/537.36"
36.83.137.224 - - [23/Feb/2026:20:02:45 +0000] "GET /wp-content/plugins/woocommerce/assets/client/admin/app/index.js?ver=311846ae4291f8628515 HTTP/1.1" 200 232338 "https://mentoring-wp.dreamsmarketplace.com/wp-admin/plugins.php" "Mozilla/5.0 (Windows NT 10.0; Win64; x64) AppleWebKit/537.36 (KHTML, like Gecko) Chrome/144.0.0.0 Safari/537.36"
36.83.137.224 - - [23/Feb/2026:20:02:46 +0000] "GET /wp-content/plugins/woocommerce/assets/client/admin/wp-admin-scripts/woo-enable-autorenew.js?ver=9464d8a999bb0fc57953 HTTP/1.1" 200 639 "https://mentoring-wp.dreamsmarketplace.com/wp-admin/plugins.php" "Mozilla/5.0 (Windows NT 10.0; Win64; x64) AppleWebKit/537.36 (KHTML, like Gecko) Chrome/144.0.0.0 Safari/537.36"
36.83.137.224 - - [23/Feb/2026:20:02:46 +0000] "GET /wp-content/plugins/woocommerce/assets/client/admin/wp-admin-scripts/woo-renew-subscription.js?ver=cfef7e65d3a3ba53ffe0 HTTP/1.1" 200 647 "https://mentoring-wp.dreamsmarketplace.com/wp-admin/plugins.php" "Mozilla/5.0 (Windows NT 10.0; Win64; x64) AppleWebKit/537.36 (KHTML, like Gecko) Chrome/144.0.0.0 Safari/537.36"
36.83.137.224 - - [23/Feb/2026:20:02:46 +0000] "GET /wp-includes/js/wp-backbone.min.js?ver=6.9 HTTP/1.1" 200 3039 "https://mentoring-wp.dreamsmarketplace.com/wp-admin/plugins.php" "Mozilla/5.0 (Windows NT 10.0; Win64; x64) AppleWebKit/537.36 (KHTML, like Gecko) Chrome/144.0.0.0 Safari/537.36"
36.83.137.224 - - [23/Feb/2026:20:02:46 +0000] "GET /wp-includes/js/shortcode.min.js?ver=6.9 HTTP/1.1" 200 2643 "https://mentoring-wp.dreamsmarketplace.com/wp-admin/plugins.php" "Mozilla/5.0 (Windows NT 10.0; Win64; x64) AppleWebKit/537.36 (KHTML, like Gecko) Chrome/144.0.0.0 Safari/537.36"
36.83.137.224 - - [23/Feb/2026:20:02:46 +0000] "GET /wp-includes/js/backbone.min.js?ver=1.6.0 HTTP/1.1" 200 24301 "https://mentoring-wp.dreamsmarketplace.com/wp-admin/plugins.php" "Mozilla/5.0 (Windows NT 10.0; Win64; x64) AppleWebKit/537.36 (KHTML, like Gecko) Chrome/144.0.0.0 Safari/537.36"
36.83.137.224 - - [23/Feb/2026:20:02:47 +0000] "GET /wp-includes/js/media-models.min.js?ver=6.9 HTTP/1.1" 200 13284 "https://mentoring-wp.dreamsmarketplace.com/wp-admin/plugins.php" "Mozilla/5.0 (Windows NT 10.0; Win64; x64) AppleWebKit/537.36 (KHTML, like Gecko) Chrome/144.0.0.0 Safari/537.36"
36.83.137.224 - - [23/Feb/2026:20:02:47 +0000] "GET /wp-includes/js/plupload/wp-plupload.min.js?ver=6.9 HTTP/1.1" 200 6036 "https://mentoring-wp.dreamsmarketplace.com/wp-admin/plugins.php" "Mozilla/5.0 (Windows NT 10.0; Win64; x64) AppleWebKit/537.36 (KHTML, like Gecko) Chrome/144.0.0.0 Safari/537.36"
36.83.137.224 - - [23/Feb/2026:20:02:47 +0000] "GET /wp-includes/js/jquery/ui/sortable.min.js?ver=1.13.3 HTTP/1.1" 200 25504 "https://mentoring-wp.dreamsmarketplace.com/wp-admin/plugins.php" "Mozilla/5.0 (Windows NT 10.0; Win64; x64) AppleWebKit/537.36 (KHTML, like Gecko) Chrome/144.0.0.0 Safari/537.36"
36.83.137.224 - - [23/Feb/2026:20:02:48 +0000] "GET /wp-includes/js/mediaelement/mediaelement-migrate.min.js?ver=6.9 HTTP/1.1" 200 1191 "https://mentoring-wp.dreamsmarketplace.com/wp-admin/plugins.php" "Mozilla/5.0 (Windows NT 10.0; Win64; x64) AppleWebKit/537.36 (KHTML, like Gecko) Chrome/144.0.0.0 Safari/537.36"
36.83.137.224 - - [23/Feb/2026:20:02:48 +0000] "GET /wp-includes/js/mediaelement/mediaelement-and-player.min.js?ver=4.2.17 HTTP/1.1" 200 158005 "https://mentoring-wp.dreamsmarketplace.com/wp-admin/plugins.php" "Mozilla/5.0 (Windows NT 10.0; Win64; x64) AppleWebKit/537.36 (KHTML, like Gecko) Chrome/144.0.0.0 Safari/537.36"
36.83.137.224 - - [23/Feb/2026:20:02:48 +0000] "GET /wp-includes/js/api-request.min.js?ver=6.9 HTTP/1.1" 200 1023 "https://mentoring-wp.dreamsmarketplace.com/wp-admin/plugins.php" "Mozilla/5.0 (Windows NT 10.0; Win64; x64) AppleWebKit/537.36 (KHTML, like Gecko) Chrome/144.0.0.0 Safari/537.36"
36.83.137.224 - - [23/Feb/2026:20:02:48 +0000] "GET /wp-includes/js/mediaelement/wp-mediaelement.min.js?ver=6.9 HTTP/1.1" 200 1107 "https://mentoring-wp.dreamsmarketplace.com/wp-admin/plugins.php" "Mozilla/5.0 (Windows NT 10.0; Win64; x64) AppleWebKit/537.36 (KHTML, like Gecko) Chrome/144.0.0.0 Safari/537.36"
36.83.137.224 - - [23/Feb/2026:20:02:49 +0000] "GET /wp-includes/js/media-views.min.js?ver=6.9 HTTP/1.1" 200 110772 "https://mentoring-wp.dreamsmarketplace.com/wp-admin/plugins.php" "Mozilla/5.0 (Windows NT 10.0; Win64; x64) AppleWebKit/537.36 (KHTML, like Gecko) Chrome/144.0.0.0 Safari/537.36"
36.83.137.224 - - [23/Feb/2026:20:02:49 +0000] "GET /wp-includes/js/media-audiovideo.min.js?ver=6.9 HTTP/1.1" 200 12052 "https://mentoring-wp.dreamsmarketplace.com/wp-admin/plugins.php" "Mozilla/5.0 (Windows NT 10.0; Win64; x64) AppleWebKit/537.36 (KHTML, like Gecko) Chrome/144.0.0.0 Safari/537.36"
36.83.137.224 - - [23/Feb/2026:20:02:49 +0000] "GET /wp-includes/js/media-editor.min.js?ver=6.9 HTTP/1.1" 200 10885 "https://mentoring-wp.dreamsmarketplace.com/wp-admin/plugins.php" "Mozilla/5.0 (Windows NT 10.0; Win64; x64) AppleWebKit/537.36 (KHTML, like Gecko) Chrome/144.0.0.0 Safari/537.36"
36.83.137.224 - - [23/Feb/2026:20:02:50 +0000] "GET /wp-includes/js/mce-view.min.js?ver=6.9 HTTP/1.1" 200 9770 "https://mentoring-wp.dreamsmarketplace.com/wp-admin/plugins.php" "Mozilla/5.0 (Windows NT 10.0; Win64; x64) AppleWebKit/537.36 (KHTML, like Gecko) Chrome/144.0.0.0 Safari/537.36"
36.83.137.224 - - [23/Feb/2026:20:02:50 +0000] "GET /wp-includes/js/imgareaselect/jquery.imgareaselect.min.js?ver=6.9 HTTP/1.1" 200 9770 "https://mentoring-wp.dreamsmarketplace.com/wp-admin/plugins.php" "Mozilla/5.0 (Windows NT 10.0; Win64; x64) AppleWebKit/537.36 (KHTML, like Gecko) Chrome/144.0.0.0 Safari/537.36"
36.83.137.224 - - [23/Feb/2026:20:02:50 +0000] "GET /wp-admin/js/image-edit.min.js?ver=6.9 HTTP/1.1" 200 15515 "https://mentoring-wp.dreamsmarketplace.com/wp-admin/plugins.php" "Mozilla/5.0 (Windows NT 10.0; Win64; x64) AppleWebKit/537.36 (KHTML, like Gecko) Chrome/144.0.0.0 Safari/537.36"
36.83.137.224 - - [23/Feb/2026:20:02:50 +0000] "GET /wp-content/plugins/woocommerce/assets/client/blocks/wc-entities.js?ver=cdb01de69fb7dbbbb30f HTTP/1.1" 200 1353 "https://mentoring-wp.dreamsmarketplace.com/wp-admin/plugins.php" "Mozilla/5.0 (Windows NT 10.0; Win64; x64) AppleWebKit/537.36 (KHTML, like Gecko) Chrome/144.0.0.0 Safari/537.36"
36.83.137.224 - - [23/Feb/2026:20:02:51 +0000] "GET /wp-content/plugins/woocommerce/vendor/automattic/jetpack-assets/build/jetpack-script-data.js?minify=false&ver=d93b770c3a1796c5e279 HTTP/1.1" 200 1957 "https://mentoring-wp.dreamsmarketplace.com/wp-admin/plugins.php" "Mozilla/5.0 (Windows NT 10.0; Win64; x64) AppleWebKit/537.36 (KHTML, like Gecko) Chrome/144.0.0.0 Safari/537.36"
172.187.168.139 - - [23/Feb/2026:20:02:52 +0000] "POST /wp-cron.php?doing_wp_cron=1771876972.8946430683135986328125 HTTP/1.1" 200 31 "-" "WordPress/6.9; https://mentoring-wp.dreamsmarketplace.com"
36.83.137.224 - - [23/Feb/2026:20:02:52 +0000] "GET /wp-admin/admin-ajax.php?action=wp-compression-test&test=1&_ajax_nonce=8e5e8ae576&1771876971345 HTTP/1.1" 200 1126 "https://mentoring-wp.dreamsmarketplace.com/wp-admin/plugins.php" "Mozilla/5.0 (Windows NT 10.0; Win64; x64) AppleWebKit/537.36 (KHTML, like Gecko) Chrome/144.0.0.0 Safari/537.36"
36.83.137.224 - - [23/Feb/2026:20:03:08 +0000] "GET /wp-includes/js/thickbox/loadingAnimation.gif HTTP/1.1" 200 15238 "https://mentoring-wp.dreamsmarketplace.com/wp-admin/plugins.php" "Mozilla/5.0 (Windows NT 10.0; Win64; x64) AppleWebKit/537.36 (KHTML, like Gecko) Chrome/144.0.0.0 Safari/537.36"
172.187.168.139 - - [23/Feb/2026:20:03:09 +0000] "POST /wp-cron.php?doing_wp_cron=1771876989.6312260627746582031250 HTTP/1.1" 200 31 "-" "WordPress/6.9; https://mentoring-wp.dreamsmarketplace.com"
36.83.137.224 - - [23/Feb/2026:20:03:09 +0000] "GET /wp-admin/admin-ajax.php?action=wp-compression-test&test=2&_ajax_nonce=8e5e8ae576&1771876988095 HTTP/1.1" 200 602 "https://mentoring-wp.dreamsmarketplace.com/wp-admin/plugins.php" "Mozilla/5.0 (Windows NT 10.0; Win64; x64) AppleWebKit/537.36 (KHTML, like Gecko) Chrome/144.0.0.0 Safari/537.36"
172.187.168.139 - - [23/Feb/2026:20:03:22 +0000] "POST /wp-cron.php?doing_wp_cron=1771877002.3704819679260253906250 HTTP/1.1" 200 31 "-" "WordPress/6.9; https://mentoring-wp.dreamsmarketplace.com"
36.83.137.224 - - [23/Feb/2026:20:03:22 +0000] "GET /wp-admin/admin-ajax.php?action=wp-compression-test&test=yes&_ajax_nonce=8e5e8ae576&1771876994918 HTTP/1.1" 200 11 "https://mentoring-wp.dreamsmarketplace.com/wp-admin/plugins.php" "Mozilla/5.0 (Windows NT 10.0; Win64; x64) AppleWebKit/537.36 (KHTML, like Gecko) Chrome/144.0.0.0 Safari/537.36"
172.187.168.139 - - [23/Feb/2026:20:03:37 +0000] "POST /wp-cron.php?doing_wp_cron=1771877017.2193069458007812500000 HTTP/1.1" 200 31 "-" "WordPress/6.9; https://mentoring-wp.dreamsmarketplace.com"
36.83.137.224 - - [23/Feb/2026:20:03:37 +0000] "GET /wp-admin/plugin-install.php HTTP/1.1" 200 74004 "https://mentoring-wp.dreamsmarketplace.com/wp-admin/plugins.php" "Mozilla/5.0 (Windows NT 10.0; Win64; x64) AppleWebKit/537.36 (KHTML, like Gecko) Chrome/144.0.0.0 Safari/537.36"
172.187.168.139 - - [23/Feb/2026:20:03:41 +0000] "POST /wp-cron.php?doing_wp_cron=1771877021.4041640758514404296875 HTTP/1.1" 200 31 "-" "WordPress/6.9; https://mentoring-wp.dreamsmarketplace.com"
36.83.137.224 - - [23/Feb/2026:20:03:41 +0000] "GET /wp-admin/admin-ajax.php?action=wp-compression-test&test=1&_ajax_nonce=8e5e8ae576&1771877018010 HTTP/1.1" 200 1126 "https://mentoring-wp.dreamsmarketplace.com/wp-admin/plugin-install.php" "Mozilla/5.0 (Windows NT 10.0; Win64; x64) AppleWebKit/537.36 (KHTML, like Gecko) Chrome/144.0.0.0 Safari/537.36"
172.187.168.139 - - [23/Feb/2026:20:03:59 +0000] "POST /wp-cron.php?doing_wp_cron=1771877039.1598370075225830078125 HTTP/1.1" 200 31 "-" "WordPress/6.9; https://mentoring-wp.dreamsmarketplace.com"
36.83.137.224 - - [23/Feb/2026:20:03:59 +0000] "GET /wp-admin/admin-ajax.php?action=wp-compression-test&test=2&_ajax_nonce=8e5e8ae576&1771877032063 HTTP/1.1" 200 602 "https://mentoring-wp.dreamsmarketplace.com/wp-admin/plugin-install.php" "Mozilla/5.0 (Windows NT 10.0; Win64; x64) AppleWebKit/537.36 (KHTML, like Gecko) Chrome/144.0.0.0 Safari/537.36"
102.221.34.103 - - [23/Feb/2026:20:04:02 +0000] "POST /xmlrpc.php HTTP/1.1" 301 178 "-" "Mozilla/5.0 (Windows NT 10.0; Win64; x64) AppleWebKit/537.36 (KHTML, like Gecko) Chrome/114.0.0.0 Safari/537.36"
172.187.168.139 - - [23/Feb/2026:20:04:02 +0000] "POST /wp-cron.php?doing_wp_cron=1771877042.1069989204406738281250 HTTP/1.1" 200 31 "-" "WordPress/6.9; https://mentoring-wp.dreamsmarketplace.com"
36.83.137.224 - - [23/Feb/2026:20:04:02 +0000] "GET /wp-admin/admin-ajax.php?action=wp-compression-test&test=yes&_ajax_nonce=8e5e8ae576&1771877040402 HTTP/1.1" 200 11 "https://mentoring-wp.dreamsmarketplace.com/wp-admin/plugin-install.php" "Mozilla/5.0 (Windows NT 10.0; Win64; x64) AppleWebKit/537.36 (KHTML, like Gecko) Chrome/144.0.0.0 Safari/537.36"
172.187.168.139 - - [23/Feb/2026:20:04:04 +0000] "POST /wp-cron.php?doing_wp_cron=1771877044.4643690586090087890625 HTTP/1.1" 200 31 "-" "WordPress/6.9; https://mentoring-wp.dreamsmarketplace.com"
102.221.34.103 - - [23/Feb/2026:20:04:04 +0000] "GET /xmlrpc.php HTTP/1.1" 405 53 "-" "Mozilla/5.0 (Windows NT 10.0; Win64; x64) AppleWebKit/537.36 (KHTML, like Gecko) Chrome/114.0.0.0 Safari/537.36"
102.221.34.103 - - [23/Feb/2026:20:04:05 +0000] "POST /xmlrpc.php HTTP/1.1" 301 178 "-" "Mozilla/5.0 (Windows NT 10.0; Win64; x64) AppleWebKit/537.36 (KHTML, like Gecko) Chrome/114.0.0.0 Safari/537.36"
172.187.168.139 - - [23/Feb/2026:20:04:07 +0000] "POST /wp-cron.php?doing_wp_cron=1771877047.4335560798645019531250 HTTP/1.1" 200 31 "-" "WordPress/6.9; https://mentoring-wp.dreamsmarketplace.com"
102.221.34.103 - - [23/Feb/2026:20:04:07 +0000] "GET /xmlrpc.php HTTP/1.1" 405 53 "-" "Mozilla/5.0 (Windows NT 10.0; Win64; x64) AppleWebKit/537.36 (KHTML, like Gecko) Chrome/114.0.0.0 Safari/537.36"
40.77.167.28 - - [23/Feb/2026:20:05:35 +0000] "GET /plus-grands-book-of-ra-deluxe-fentes-libres-de-creneaux-salle-de-jeu-en-compagnie-de-periodes-sans-frais/ HTTP/1.1" 301 178 "-" "Mozilla/5.0 AppleWebKit/537.36 (KHTML, like Gecko; compatible; bingbot/2.0; +http://www.bing.com/bingbot.htm) Chrome/116.0.1938.76 Safari/537.36"
172.187.168.139 - - [23/Feb/2026:20:06:06 +0000] "POST /wp-cron.php?doing_wp_cron=1771877166.6610429286956787109375 HTTP/1.1" 200 31 "-" "WordPress/6.9; https://mentoring-wp.dreamsmarketplace.com"
36.83.137.224 - - [23/Feb/2026:20:06:06 +0000] "POST /wp-admin/admin-ajax.php HTTP/1.1" 200 58 "https://mentoring-wp.dreamsmarketplace.com/wp-admin/plugin-install.php" "Mozilla/5.0 (Windows NT 10.0; Win64; x64) AppleWebKit/537.36 (KHTML, like Gecko) Chrome/144.0.0.0 Safari/537.36"
172.187.168.139 - - [23/Feb/2026:20:06:16 +0000] "POST /wp-cron.php?doing_wp_cron=1771877176.5320670604705810546875 HTTP/1.1" 200 31 "-" "WordPress/6.9; https://mentoring-wp.dreamsmarketplace.com"
36.83.137.224 - - [23/Feb/2026:20:06:16 +0000] "POST /wp-admin/update.php?action=upload-plugin HTTP/1.1" 500 2583 "https://mentoring-wp.dreamsmarketplace.com/wp-admin/plugin-install.php" "Mozilla/5.0 (Windows NT 10.0; Win64; x64) AppleWebKit/537.36 (KHTML, like Gecko) Chrome/144.0.0.0 Safari/537.36"
172.187.168.139 - - [23/Feb/2026:20:06:21 +0000] "POST /wp-cron.php?doing_wp_cron=1771877181.7238810062408447265625 HTTP/1.1" 200 31 "-" "WordPress/6.9; https://mentoring-wp.dreamsmarketplace.com"
36.83.137.224 - - [23/Feb/2026:20:06:21 +0000] "GET /favicon.ico HTTP/1.1" 302 5 "https://mentoring-wp.dreamsmarketplace.com/wp-admin/update.php?action=upload-plugin" "Mozilla/5.0 (Windows NT 10.0; Win64; x64) AppleWebKit/537.36 (KHTML, like Gecko) Chrome/144.0.0.0 Safari/537.36"
172.187.168.139 - - [23/Feb/2026:20:07:04 +0000] "POST /wp-cron.php?doing_wp_cron=1771877224.2644650936126708984375 HTTP/1.1" 200 31 "-" "WordPress/6.9; https://mentoring-wp.dreamsmarketplace.com"
36.83.137.224 - - [23/Feb/2026:20:07:04 +0000] "GET /wp-admin/plugin-install.php HTTP/1.1" 200 74003 "https://mentoring-wp.dreamsmarketplace.com/wp-admin/plugins.php" "Mozilla/5.0 (Windows NT 10.0; Win64; x64) AppleWebKit/537.36 (KHTML, like Gecko) Chrome/144.0.0.0 Safari/537.36"
172.187.168.139 - - [23/Feb/2026:20:07:06 +0000] "POST /wp-cron.php?doing_wp_cron=1771877225.9791159629821777343750 HTTP/1.1" 200 31 "-" "WordPress/6.9; https://mentoring-wp.dreamsmarketplace.com"
36.83.137.224 - - [23/Feb/2026:20:07:06 +0000] "POST /wp-admin/admin-ajax.php HTTP/1.1" 200 58 "https://mentoring-wp.dreamsmarketplace.com/wp-admin/plugin-install.php" "Mozilla/5.0 (Windows NT 10.0; Win64; x64) AppleWebKit/537.36 (KHTML, like Gecko) Chrome/144.0.0.0 Safari/537.36"
172.187.168.139 - - [23/Feb/2026:20:07:06 +0000] "POST /wp-cron.php?doing_wp_cron=1771877226.6664910316467285156250 HTTP/1.1" 200 31 "-" "WordPress/6.9; https://mentoring-wp.dreamsmarketplace.com"
36.83.137.224 - - [23/Feb/2026:20:07:06 +0000] "GET /wp-admin/admin-ajax.php?action=wp-compression-test&test=1&_ajax_nonce=8e5e8ae576&1771877224682 HTTP/1.1" 200 1126 "https://mentoring-wp.dreamsmarketplace.com/wp-admin/plugin-install.php" "Mozilla/5.0 (Windows NT 10.0; Win64; x64) AppleWebKit/537.36 (KHTML, like Gecko) Chrome/144.0.0.0 Safari/537.36"
172.187.168.139 - - [23/Feb/2026:20:07:08 +0000] "POST /wp-cron.php?doing_wp_cron=1771877228.1580839157104492187500 HTTP/1.1" 200 31 "-" "WordPress/6.9; https://mentoring-wp.dreamsmarketplace.com"
36.83.137.224 - - [23/Feb/2026:20:07:08 +0000] "GET /wp-admin/admin-ajax.php?action=wp-compression-test&test=2&_ajax_nonce=8e5e8ae576&1771877226584 HTTP/1.1" 200 602 "https://mentoring-wp.dreamsmarketplace.com/wp-admin/plugin-install.php" "Mozilla/5.0 (Windows NT 10.0; Win64; x64) AppleWebKit/537.36 (KHTML, like Gecko) Chrome/144.0.0.0 Safari/537.36"
172.187.168.139 - - [23/Feb/2026:20:07:09 +0000] "POST /wp-cron.php?doing_wp_cron=1771877229.5515780448913574218750 HTTP/1.1" 200 31 "-" "WordPress/6.9; https://mentoring-wp.dreamsmarketplace.com"
172.187.168.139 - - [23/Feb/2026:20:07:09 +0000] "POST /wp-cron.php?doing_wp_cron=1771877229.6003201007843017578125 HTTP/1.1" 200 31 "-" "WordPress/6.9; https://mentoring-wp.dreamsmarketplace.com"
36.83.137.224 - - [23/Feb/2026:20:07:09 +0000] "GET /wp-admin/plugins.php HTTP/1.1" 200 75694 "https://mentoring-wp.dreamsmarketplace.com/wp-admin/plugin-install.php" "Mozilla/5.0 (Windows NT 10.0; Win64; x64) AppleWebKit/537.36 (KHTML, like Gecko) Chrome/144.0.0.0 Safari/537.36"
36.83.137.224 - - [23/Feb/2026:20:07:09 +0000] "GET /wp-admin/admin-ajax.php?action=wp-compression-test&test=yes&_ajax_nonce=8e5e8ae576&1771877228058 HTTP/1.1" 200 11 "https://mentoring-wp.dreamsmarketplace.com/wp-admin/plugin-install.php" "Mozilla/5.0 (Windows NT 10.0; Win64; x64) AppleWebKit/537.36 (KHTML, like Gecko) Chrome/144.0.0.0 Safari/537.36"
172.187.168.139 - - [23/Feb/2026:20:07:12 +0000] "POST /wp-cron.php?doing_wp_cron=1771877232.1707870960235595703125 HTTP/1.1" 200 31 "-" "WordPress/6.9; https://mentoring-wp.dreamsmarketplace.com"
36.83.137.224 - - [23/Feb/2026:20:07:12 +0000] "GET /wp-admin/admin-ajax.php?action=wp-compression-test&test=1&_ajax_nonce=8e5e8ae576&1771877230650 HTTP/1.1" 200 1126 "https://mentoring-wp.dreamsmarketplace.com/wp-admin/plugins.php" "Mozilla/5.0 (Windows NT 10.0; Win64; x64) AppleWebKit/537.36 (KHTML, like Gecko) Chrome/144.0.0.0 Safari/537.36"
172.187.168.139 - - [23/Feb/2026:20:07:21 +0000] "POST /wp-cron.php?doing_wp_cron=1771877241.0549929141998291015625 HTTP/1.1" 200 31 "-" "WordPress/6.9; https://mentoring-wp.dreamsmarketplace.com"
36.83.137.224 - - [23/Feb/2026:20:07:21 +0000] "GET /wp-admin/admin-ajax.php?action=wp-compression-test&test=2&_ajax_nonce=8e5e8ae576&1771877239572 HTTP/1.1" 200 602 "https://mentoring-wp.dreamsmarketplace.com/wp-admin/plugins.php" "Mozilla/5.0 (Windows NT 10.0; Win64; x64) AppleWebKit/537.36 (KHTML, like Gecko) Chrome/144.0.0.0 Safari/537.36"
172.187.168.139 - - [23/Feb/2026:20:07:32 +0000] "POST /wp-cron.php?doing_wp_cron=1771877252.9276950359344482421875 HTTP/1.1" 200 31 "-" "WordPress/6.9; https://mentoring-wp.dreamsmarketplace.com"
36.83.137.224 - - [23/Feb/2026:20:07:33 +0000] "GET /wp-admin/admin-ajax.php?action=wp-compression-test&test=yes&_ajax_nonce=8e5e8ae576&1771877251417 HTTP/1.1" 200 11 "https://mentoring-wp.dreamsmarketplace.com/wp-admin/plugins.php" "Mozilla/5.0 (Windows NT 10.0; Win64; x64) AppleWebKit/537.36 (KHTML, like Gecko) Chrome/144.0.0.0 Safari/537.36"
152.233.20.25 - - [23/Feb/2026:20:07:47 +0000] "POST /xmlrpc.php HTTP/1.1" 301 178 "-" "Mozilla/5.0 (Windows NT 10.0; Win64; x64) AppleWebKit/537.36 (KHTML, like Gecko) Chrome/114.0.0.0 Safari/537.36"
172.187.168.139 - - [23/Feb/2026:20:07:48 +0000] "POST /wp-cron.php?doing_wp_cron=1771877268.5400059223175048828125 HTTP/1.1" 200 31 "-" "WordPress/6.9; https://mentoring-wp.dreamsmarketplace.com"
152.233.20.25 - - [23/Feb/2026:20:07:48 +0000] "GET /xmlrpc.php HTTP/1.1" 405 53 "-" "Mozilla/5.0 (Windows NT 10.0; Win64; x64) AppleWebKit/537.36 (KHTML, like Gecko) Chrome/114.0.0.0 Safari/537.36"
152.233.20.25 - - [23/Feb/2026:20:07:48 +0000] "POST /xmlrpc.php HTTP/1.1" 301 178 "-" "Mozilla/5.0 (Windows NT 10.0; Win64; x64) AppleWebKit/537.36 (KHTML, like Gecko) Chrome/114.0.0.0 Safari/537.36"
172.187.168.139 - - [23/Feb/2026:20:07:50 +0000] "POST /wp-cron.php?doing_wp_cron=1771877270.0200860500335693359375 HTTP/1.1" 200 31 "-" "WordPress/6.9; https://mentoring-wp.dreamsmarketplace.com"
152.233.20.25 - - [23/Feb/2026:20:07:50 +0000] "GET /xmlrpc.php HTTP/1.1" 405 53 "-" "Mozilla/5.0 (Windows NT 10.0; Win64; x64) AppleWebKit/537.36 (KHTML, like Gecko) Chrome/114.0.0.0 Safari/537.36"
172.187.168.139 - - [23/Feb/2026:20:09:15 +0000] "POST /wp-cron.php?doing_wp_cron=1771877355.9137299060821533203125 HTTP/1.1" 200 31 "-" "WordPress/6.9; https://mentoring-wp.dreamsmarketplace.com"
36.83.137.224 - - [23/Feb/2026:20:09:15 +0000] "POST /wp-admin/admin-ajax.php HTTP/1.1" 200 58 "https://mentoring-wp.dreamsmarketplace.com/wp-admin/plugins.php" "Mozilla/5.0 (Windows NT 10.0; Win64; x64) AppleWebKit/537.36 (KHTML, like Gecko) Chrome/144.0.0.0 Safari/537.36"
172.187.168.139 - - [23/Feb/2026:20:09:47 +0000] "POST /wp-cron.php?doing_wp_cron=1771877387.8115580081939697265625 HTTP/1.1" 200 31 "-" "WordPress/6.9; https://mentoring-wp.dreamsmarketplace.com"
36.83.137.224 - - [23/Feb/2026:20:09:47 +0000] "GET /wp-admin/admin.php?page=mentoring-options HTTP/1.1" 200 120391 "https://mentoring-wp.dreamsmarketplace.com/wp-admin/plugins.php" "Mozilla/5.0 (Windows NT 10.0; Win64; x64) AppleWebKit/537.36 (KHTML, like Gecko) Chrome/144.0.0.0 Safari/537.36"
36.83.137.224 - - [23/Feb/2026:20:09:48 +0000] "GET /wp-admin/load-styles.php?c=0&dir=ltr&load%5Bchunk_0%5D=dashicons,admin-bar,common,forms,admin-menu,dashboard,list-tables,edit,revisions,media,themes,about,nav-menus,wp-pointer,widgets&load%5Bchunk_1%5D=,site-icon,l10n,buttons,wp-color-picker,media-views,wp-auth-check,wp-components,wp-commands&ver=6.9 HTTP/1.1" 200 573457 "https://mentoring-wp.dreamsmarketplace.com/wp-admin/admin.php?page=mentoring-options" "Mozilla/5.0 (Windows NT 10.0; Win64; x64) AppleWebKit/537.36 (KHTML, like Gecko) Chrome/144.0.0.0 Safari/537.36"
36.83.137.224 - - [23/Feb/2026:20:09:48 +0000] "GET /wp-content/plugins/redux-framework/redux-core/assets/css/colors/fresh/colors.min.css?ver=4.5.10 HTTP/1.1" 200 9067 "https://mentoring-wp.dreamsmarketplace.com/wp-admin/admin.php?page=mentoring-options" "Mozilla/5.0 (Windows NT 10.0; Win64; x64) AppleWebKit/537.36 (KHTML, like Gecko) Chrome/144.0.0.0 Safari/537.36"
36.83.137.224 - - [23/Feb/2026:20:09:48 +0000] "GET /wp-content/plugins/redux-framework/redux-core/assets/css/redux-admin.min.css?ver=4.5.10 HTTP/1.1" 200 36361 "https://mentoring-wp.dreamsmarketplace.com/wp-admin/admin.php?page=mentoring-options" "Mozilla/5.0 (Windows NT 10.0; Win64; x64) AppleWebKit/537.36 (KHTML, like Gecko) Chrome/144.0.0.0 Safari/537.36"
36.83.137.224 - - [23/Feb/2026:20:09:48 +0000] "GET /wp-content/plugins/redux-framework/redux-core/assets/css/vendor/elusive-icons.min.css?ver=2.0.0 HTTP/1.1" 200 22320 "https://mentoring-wp.dreamsmarketplace.com/wp-admin/admin.php?page=mentoring-options" "Mozilla/5.0 (Windows NT 10.0; Win64; x64) AppleWebKit/537.36 (KHTML, like Gecko) Chrome/144.0.0.0 Safari/537.36"
36.83.137.224 - - [23/Feb/2026:20:09:48 +0000] "GET /wp-content/plugins/redux-framework/redux-core/assets/css/vendor/qtip.min.css?ver=3.0.3 HTTP/1.1" 200 8280 "https://mentoring-wp.dreamsmarketplace.com/wp-admin/admin.php?page=mentoring-options" "Mozilla/5.0 (Windows NT 10.0; Win64; x64) AppleWebKit/537.36 (KHTML, like Gecko) Chrome/144.0.0.0 Safari/537.36"
36.83.137.224 - - [23/Feb/2026:20:09:48 +0000] "GET /wp-content/plugins/redux-framework/redux-core/assets/css/vendor/select2.min.css?ver=4.1.0 HTTP/1.1" 200 16692 "https://mentoring-wp.dreamsmarketplace.com/wp-admin/admin.php?page=mentoring-options" "Mozilla/5.0 (Windows NT 10.0; Win64; x64) AppleWebKit/537.36 (KHTML, like Gecko) Chrome/144.0.0.0 Safari/537.36"
36.83.137.224 - - [23/Feb/2026:20:09:48 +0000] "GET /wp-content/plugins/redux-framework/redux-core/assets/css/redux-fields.min.css?ver=4.5.10 HTTP/1.1" 200 85912 "https://mentoring-wp.dreamsmarketplace.com/wp-admin/admin.php?page=mentoring-options" "Mozilla/5.0 (Windows NT 10.0; Win64; x64) AppleWebKit/537.36 (KHTML, like Gecko) Chrome/144.0.0.0 Safari/537.36"
