115.244.222.166 - - [23/Feb/2026:12:21:25 +0000] "GET /wp-includes/js/media-editor.min.js?ver=6.9.1 HTTP/1.1" 200 10885 "https://demo-truelysell-wp.dreamstechnologies.com/" "Mozilla/5.0 (Windows NT 10.0; Win64; x64) AppleWebKit/537.36 (KHTML, like Gecko) Chrome/145.0.0.0 Safari/537.36 Edg/145.0.0.0"
122.186.150.42 - - [23/Feb/2026:12:21:25 +0000] "GET /wp-content/themes/truelysell//assets/js/bootstrap.bundle.min.js?ver=6.9.1 HTTP/1.1" 200 80721 "https://demo-truelysell-wp.dreamstechnologies.com/" "Mozilla/5.0 (Windows NT 10.0; Win64; x64) AppleWebKit/537.36 (KHTML, like Gecko) Chrome/145.0.0.0 Safari/537.36 Edg/145.0.0.0"
115.244.222.166 - - [23/Feb/2026:12:21:26 +0000] "GET /wp-content/themes/truelysell//assets/js/jquery.slimscroll.min.js?ver=6.9.1 HTTP/1.1" 200 4724 "https://demo-truelysell-wp.dreamstechnologies.com/" "Mozilla/5.0 (Windows NT 10.0; Win64; x64) AppleWebKit/537.36 (KHTML, like Gecko) Chrome/145.0.0.0 Safari/537.36 Edg/145.0.0.0"
122.186.150.42 - - [23/Feb/2026:12:21:26 +0000] "GET /wp-content/themes/truelysell//assets/js/bootstrap-tagsinput.js?ver=6.9.1 HTTP/1.1" 200 22342 "https://demo-truelysell-wp.dreamstechnologies.com/" "Mozilla/5.0 (Windows NT 10.0; Win64; x64) AppleWebKit/537.36 (KHTML, like Gecko) Chrome/145.0.0.0 Safari/537.36 Edg/145.0.0.0"
122.186.150.42 - - [23/Feb/2026:12:21:26 +0000] "GET /wp-content/themes/truelysell//assets/js/backToTop.js?ver=6.9.1 HTTP/1.1" 200 1003 "https://demo-truelysell-wp.dreamstechnologies.com/" "Mozilla/5.0 (Windows NT 10.0; Win64; x64) AppleWebKit/537.36 (KHTML, like Gecko) Chrome/145.0.0.0 Safari/537.36 Edg/145.0.0.0"
122.186.150.42 - - [23/Feb/2026:12:21:26 +0000] "GET /wp-content/themes/truelysell//assets/js/owl.carousel.min.js?ver=6.9.1 HTTP/1.1" 200 44342 "https://demo-truelysell-wp.dreamstechnologies.com/" "Mozilla/5.0 (Windows NT 10.0; Win64; x64) AppleWebKit/537.36 (KHTML, like Gecko) Chrome/145.0.0.0 Safari/537.36 Edg/145.0.0.0"
122.186.150.42 - - [23/Feb/2026:12:21:26 +0000] "GET /wp-content/themes/truelysell/assets/js/wow.min.js?ver=6.9.1 HTTP/1.1" 200 8426 "https://demo-truelysell-wp.dreamstechnologies.com/" "Mozilla/5.0 (Windows NT 10.0; Win64; x64) AppleWebKit/537.36 (KHTML, like Gecko) Chrome/145.0.0.0 Safari/537.36 Edg/145.0.0.0"
115.244.222.166 - - [23/Feb/2026:12:21:26 +0000] "GET /wp-content/themes/truelysell//assets/plugins/aos/aos.js?ver=6.9.1 HTTP/1.1" 200 14243 "https://demo-truelysell-wp.dreamstechnologies.com/" "Mozilla/5.0 (Windows NT 10.0; Win64; x64) AppleWebKit/537.36 (KHTML, like Gecko) Chrome/145.0.0.0 Safari/537.36 Edg/145.0.0.0"
115.244.222.166 - - [23/Feb/2026:12:21:26 +0000] "GET /wp-content/themes/truelysell//assets/js/jquery.meanmenu.min.js?ver=6.9.1 HTTP/1.1" 200 5908 "https://demo-truelysell-wp.dreamstechnologies.com/" "Mozilla/5.0 (Windows NT 10.0; Win64; x64) AppleWebKit/537.36 (KHTML, like Gecko) Chrome/145.0.0.0 Safari/537.36 Edg/145.0.0.0"
115.244.222.166 - - [23/Feb/2026:12:21:26 +0000] "GET /wp-content/themes/truelysell//assets/plugins/fullcalendar/main.min.js?ver=6.9.1 HTTP/1.1" 200 269560 "https://demo-truelysell-wp.dreamstechnologies.com/" "Mozilla/5.0 (Windows NT 10.0; Win64; x64) AppleWebKit/537.36 (KHTML, like Gecko) Chrome/145.0.0.0 Safari/537.36 Edg/145.0.0.0"
122.186.150.42 - - [23/Feb/2026:12:21:27 +0000] "GET /wp-content/themes/truelysell//assets/js/bootstrap-datetimepicker.min.js?ver=6.9.1 HTTP/1.1" 200 38510 "https://demo-truelysell-wp.dreamstechnologies.com/" "Mozilla/5.0 (Windows NT 10.0; Win64; x64) AppleWebKit/537.36 (KHTML, like Gecko) Chrome/145.0.0.0 Safari/537.36 Edg/145.0.0.0"
122.186.150.42 - - [23/Feb/2026:12:21:27 +0000] "GET /wp-content/themes/truelysell//assets/plugins/fancybox/jquery.fancybox.min.js?ver=6.9.1 HTTP/1.1" 200 68253 "https://demo-truelysell-wp.dreamstechnologies.com/" "Mozilla/5.0 (Windows NT 10.0; Win64; x64) AppleWebKit/537.36 (KHTML, like Gecko) Chrome/145.0.0.0 Safari/537.36 Edg/145.0.0.0"
122.186.150.42 - - [23/Feb/2026:12:21:27 +0000] "GET /wp-content/themes/truelysell//assets/plugins/theia-sticky-sidebar/ResizeSensor.js?ver=6.9.1 HTTP/1.1" 200 5955 "https://demo-truelysell-wp.dreamstechnologies.com/" "Mozilla/5.0 (Windows NT 10.0; Win64; x64) AppleWebKit/537.36 (KHTML, like Gecko) Chrome/145.0.0.0 Safari/537.36 Edg/145.0.0.0"
115.244.222.166 - - [23/Feb/2026:12:21:27 +0000] "GET /wp-content/themes/truelysell//assets/plugins/theia-sticky-sidebar/theia-sticky-sidebar.js?ver=6.9.1 HTTP/1.1" 200 16379 "https://demo-truelysell-wp.dreamstechnologies.com/" "Mozilla/5.0 (Windows NT 10.0; Win64; x64) AppleWebKit/537.36 (KHTML, like Gecko) Chrome/145.0.0.0 Safari/537.36 Edg/145.0.0.0"
115.244.222.166 - - [23/Feb/2026:12:21:27 +0000] "GET /wp-content/themes/truelysell//assets/plugins/datatables/jquery.dataTables.min.js?ver=6.9.1 HTTP/1.1" 200 81906 "https://demo-truelysell-wp.dreamstechnologies.com/" "Mozilla/5.0 (Windows NT 10.0; Win64; x64) AppleWebKit/537.36 (KHTML, like Gecko) Chrome/145.0.0.0 Safari/537.36 Edg/145.0.0.0"
115.244.222.166 - - [23/Feb/2026:12:21:28 +0000] "GET /wp-content/themes/truelysell//assets/plugins/datatables/datatables.min.js?ver=6.9.1 HTTP/1.1" 200 84818 "https://demo-truelysell-wp.dreamstechnologies.com/" "Mozilla/5.0 (Windows NT 10.0; Win64; x64) AppleWebKit/537.36 (KHTML, like Gecko) Chrome/145.0.0.0 Safari/537.36 Edg/145.0.0.0"
122.186.150.42 - - [23/Feb/2026:12:21:28 +0000] "GET /wp-content/themes/truelysell//assets/js/script.js?ver=6.9.1 HTTP/1.1" 200 63953 "https://demo-truelysell-wp.dreamstechnologies.com/" "Mozilla/5.0 (Windows NT 10.0; Win64; x64) AppleWebKit/537.36 (KHTML, like Gecko) Chrome/145.0.0.0 Safari/537.36 Edg/145.0.0.0"
122.186.150.42 - - [23/Feb/2026:12:21:28 +0000] "GET /wp-content/plugins/elementor/assets/lib/flatpickr/flatpickr.min.js?ver=4.6.13 HTTP/1.1" 200 50680 "https://demo-truelysell-wp.dreamstechnologies.com/" "Mozilla/5.0 (Windows NT 10.0; Win64; x64) AppleWebKit/537.36 (KHTML, like Gecko) Chrome/145.0.0.0 Safari/537.36 Edg/145.0.0.0"
122.186.150.42 - - [23/Feb/2026:12:21:28 +0000] "GET /wp-content/themes/truelysell/assets/js/custom.js?ver=20170821 HTTP/1.1" 200 43315 "https://demo-truelysell-wp.dreamstechnologies.com/" "Mozilla/5.0 (Windows NT 10.0; Win64; x64) AppleWebKit/537.36 (KHTML, like Gecko) Chrome/145.0.0.0 Safari/537.36 Edg/145.0.0.0"
115.244.222.166 - - [23/Feb/2026:12:21:28 +0000] "GET /wp-content/themes/truelysell/assets/js/staff-remove.js HTTP/1.1" 200 1051 "https://demo-truelysell-wp.dreamstechnologies.com/" "Mozilla/5.0 (Windows NT 10.0; Win64; x64) AppleWebKit/537.36 (KHTML, like Gecko) Chrome/145.0.0.0 Safari/537.36 Edg/145.0.0.0"
115.244.222.166 - - [23/Feb/2026:12:21:28 +0000] "GET /wp-content/themes/truelysell/assets/js/autocomplete.js HTTP/1.1" 200 1231 "https://demo-truelysell-wp.dreamstechnologies.com/" "Mozilla/5.0 (Windows NT 10.0; Win64; x64) AppleWebKit/537.36 (KHTML, like Gecko) Chrome/145.0.0.0 Safari/537.36 Edg/145.0.0.0"
115.244.222.166 - - [23/Feb/2026:12:21:28 +0000] "GET /wp-content/plugins/woocommerce/assets/js/sourcebuster/sourcebuster.min.js?ver=10.4.3 HTTP/1.1" 200 15315 "https://demo-truelysell-wp.dreamstechnologies.com/" "Mozilla/5.0 (Windows NT 10.0; Win64; x64) AppleWebKit/537.36 (KHTML, like Gecko) Chrome/145.0.0.0 Safari/537.36 Edg/145.0.0.0"
122.186.150.42 - - [23/Feb/2026:12:21:28 +0000] "GET /wp-content/plugins/elementor/assets/js/webpack.runtime.min.js?ver=3.35.0 HTTP/1.1" 200 5677 "https://demo-truelysell-wp.dreamstechnologies.com/" "Mozilla/5.0 (Windows NT 10.0; Win64; x64) AppleWebKit/537.36 (KHTML, like Gecko) Chrome/145.0.0.0 Safari/537.36 Edg/145.0.0.0"
115.244.222.166 - - [23/Feb/2026:12:21:28 +0000] "GET /wp-content/plugins/woocommerce/assets/js/frontend/order-attribution.min.js?ver=10.4.3 HTTP/1.1" 200 2346 "https://demo-truelysell-wp.dreamstechnologies.com/" "Mozilla/5.0 (Windows NT 10.0; Win64; x64) AppleWebKit/537.36 (KHTML, like Gecko) Chrome/145.0.0.0 Safari/537.36 Edg/145.0.0.0"
122.186.150.42 - - [23/Feb/2026:12:21:28 +0000] "GET /wp-content/plugins/elementor/assets/js/frontend-modules.min.js?ver=3.35.0 HTTP/1.1" 200 50503 "https://demo-truelysell-wp.dreamstechnologies.com/" "Mozilla/5.0 (Windows NT 10.0; Win64; x64) AppleWebKit/537.36 (KHTML, like Gecko) Chrome/145.0.0.0 Safari/537.36 Edg/145.0.0.0"
115.244.222.166 - - [23/Feb/2026:12:21:28 +0000] "GET /wp-content/plugins/elementor/assets/js/frontend.min.js?ver=3.35.0 HTTP/1.1" 200 31880 "https://demo-truelysell-wp.dreamstechnologies.com/" "Mozilla/5.0 (Windows NT 10.0; Win64; x64) AppleWebKit/537.36 (KHTML, like Gecko) Chrome/145.0.0.0 Safari/537.36 Edg/145.0.0.0"
122.186.150.42 - - [23/Feb/2026:12:21:28 +0000] "GET /wp-content/plugins/woocommerce/assets/js/jquery-blockui/jquery.blockUI.min.js?ver=2.7.0-wc.10.4.3 HTTP/1.1" 200 9636 "https://demo-truelysell-wp.dreamstechnologies.com/" "Mozilla/5.0 (Windows NT 10.0; Win64; x64) AppleWebKit/537.36 (KHTML, like Gecko) Chrome/145.0.0.0 Safari/537.36 Edg/145.0.0.0"
122.186.150.42 - - [23/Feb/2026:12:21:29 +0000] "GET /wp-content/plugins/woocommerce/assets/js/frontend/add-to-cart.min.js?ver=10.4.3 HTTP/1.1" 200 4350 "https://demo-truelysell-wp.dreamstechnologies.com/" "Mozilla/5.0 (Windows NT 10.0; Win64; x64) AppleWebKit/537.36 (KHTML, like Gecko) Chrome/145.0.0.0 Safari/537.36 Edg/145.0.0.0"
122.186.150.42 - - [23/Feb/2026:12:21:29 +0000] "GET /wp-content/plugins/woocommerce/assets/js/js-cookie/js.cookie.min.js?ver=2.1.4-wc.10.4.3 HTTP/1.1" 200 1720 "https://demo-truelysell-wp.dreamstechnologies.com/" "Mozilla/5.0 (Windows NT 10.0; Win64; x64) AppleWebKit/537.36 (KHTML, like Gecko) Chrome/145.0.0.0 Safari/537.36 Edg/145.0.0.0"
122.186.150.42 - - [23/Feb/2026:12:21:29 +0000] "GET /wp-content/plugins/woocommerce/assets/js/frontend/woocommerce.min.js?ver=10.4.3 HTTP/1.1" 200 4131 "https://demo-truelysell-wp.dreamstechnologies.com/" "Mozilla/5.0 (Windows NT 10.0; Win64; x64) AppleWebKit/537.36 (KHTML, like Gecko) Chrome/145.0.0.0 Safari/537.36 Edg/145.0.0.0"
115.244.222.166 - - [23/Feb/2026:12:21:29 +0000] "GET /wp-content/plugins/woocommerce/assets/js/select2/select2.full.min.js?ver=4.0.3-wc.10.4.3 HTTP/1.1" 200 74620 "https://demo-truelysell-wp.dreamstechnologies.com/" "Mozilla/5.0 (Windows NT 10.0; Win64; x64) AppleWebKit/537.36 (KHTML, like Gecko) Chrome/145.0.0.0 Safari/537.36 Edg/145.0.0.0"
122.186.150.42 - - [23/Feb/2026:12:21:30 +0000] "POST /wp-admin/admin-ajax.php HTTP/1.1" 500 910 "https://demo-truelysell-wp.dreamstechnologies.com/" "Mozilla/5.0 (Windows NT 10.0; Win64; x64) AppleWebKit/537.36 (KHTML, like Gecko) Chrome/145.0.0.0 Safari/537.36 Edg/145.0.0.0"
122.186.150.42 - - [23/Feb/2026:12:21:30 +0000] "GET /wp-content/plugins/truelysell-core/assets/images/truelysell_placeholder.png HTTP/1.1" 200 14816 "https://demo-truelysell-wp.dreamstechnologies.com/" "Mozilla/5.0 (Windows NT 10.0; Win64; x64) AppleWebKit/537.36 (KHTML, like Gecko) Chrome/145.0.0.0 Safari/537.36 Edg/145.0.0.0"
115.244.222.166 - - [23/Feb/2026:12:21:30 +0000] "GET /wp-content/themes/truelysell/assets/images/icon/fb.svg HTTP/1.1" 200 793 "https://demo-truelysell-wp.dreamstechnologies.com/" "Mozilla/5.0 (Windows NT 10.0; Win64; x64) AppleWebKit/537.36 (KHTML, like Gecko) Chrome/145.0.0.0 Safari/537.36 Edg/145.0.0.0"
122.186.150.42 - - [23/Feb/2026:12:21:31 +0000] "GET /wp-content/themes/truelysell/assets/images/icon/instagram.svg HTTP/1.1" 200 1836 "https://demo-truelysell-wp.dreamstechnologies.com/" "Mozilla/5.0 (Windows NT 10.0; Win64; x64) AppleWebKit/537.36 (KHTML, like Gecko) Chrome/145.0.0.0 Safari/537.36 Edg/145.0.0.0"
115.244.222.166 - - [23/Feb/2026:12:21:31 +0000] "GET /wp-content/themes/truelysell/assets/images/icon/twitter.svg HTTP/1.1" 200 663 "https://demo-truelysell-wp.dreamstechnologies.com/" "Mozilla/5.0 (Windows NT 10.0; Win64; x64) AppleWebKit/537.36 (KHTML, like Gecko) Chrome/145.0.0.0 Safari/537.36 Edg/145.0.0.0"
122.186.150.42 - - [23/Feb/2026:12:21:31 +0000] "GET /wp-admin/admin-ajax.php?action=get_includes_title HTTP/1.1" 200 787 "https://demo-truelysell-wp.dreamstechnologies.com/" "Mozilla/5.0 (Windows NT 10.0; Win64; x64) AppleWebKit/537.36 (KHTML, like Gecko) Chrome/145.0.0.0 Safari/537.36 Edg/145.0.0.0"
172.187.168.139 - - [23/Feb/2026:12:21:31 +0000] "POST /wp-cron.php?doing_wp_cron=1771849291.1005909442901611328125 HTTP/1.1" 200 31 "-" "WordPress/6.9.1; https://demo-truelysell-wp.dreamstechnologies.com"
115.244.222.166 - - [23/Feb/2026:12:21:31 +0000] "GET /wp-json/contact-form-7/v1/contact-forms/7515/feedback/schema HTTP/1.1" 401 793 "https://demo-truelysell-wp.dreamstechnologies.com/" "Mozilla/5.0 (Windows NT 10.0; Win64; x64) AppleWebKit/537.36 (KHTML, like Gecko) Chrome/145.0.0.0 Safari/537.36 Edg/145.0.0.0"
122.186.150.42 - - [23/Feb/2026:12:21:31 +0000] "GET /wp-admin/admin-ajax.php?action=get_additional_services HTTP/1.1" 200 800 "https://demo-truelysell-wp.dreamstechnologies.com/" "Mozilla/5.0 (Windows NT 10.0; Win64; x64) AppleWebKit/537.36 (KHTML, like Gecko) Chrome/145.0.0.0 Safari/537.36 Edg/145.0.0.0"
122.186.150.42 - - [23/Feb/2026:12:21:31 +0000] "GET /wp-content/themes/truelysell/assets/images/icon/youtube.svg HTTP/1.1" 200 1114 "https://demo-truelysell-wp.dreamstechnologies.com/" "Mozilla/5.0 (Windows NT 10.0; Win64; x64) AppleWebKit/537.36 (KHTML, like Gecko) Chrome/145.0.0.0 Safari/537.36 Edg/145.0.0.0"
122.186.150.42 - - [23/Feb/2026:12:21:31 +0000] "GET /wp-content/themes/truelysell/assets/images/icon/whatsapp.svg HTTP/1.1" 200 2298 "https://demo-truelysell-wp.dreamstechnologies.com/" "Mozilla/5.0 (Windows NT 10.0; Win64; x64) AppleWebKit/537.36 (KHTML, like Gecko) Chrome/145.0.0.0 Safari/537.36 Edg/145.0.0.0"
115.244.222.166 - - [23/Feb/2026:12:21:31 +0000] "GET /wp-content/themes/truelysell/assets/images/icon/linkedin.svg HTTP/1.1" 200 1260 "https://demo-truelysell-wp.dreamstechnologies.com/" "Mozilla/5.0 (Windows NT 10.0; Win64; x64) AppleWebKit/537.36 (KHTML, like Gecko) Chrome/145.0.0.0 Safari/537.36 Edg/145.0.0.0"
115.244.222.166 - - [23/Feb/2026:12:21:32 +0000] "GET /wp-admin/admin-ajax.php?action=get_faq_section HTTP/1.1" 200 800 "https://demo-truelysell-wp.dreamstechnologies.com/" "Mozilla/5.0 (Windows NT 10.0; Win64; x64) AppleWebKit/537.36 (KHTML, like Gecko) Chrome/145.0.0.0 Safari/537.36 Edg/145.0.0.0"
122.186.150.42 - - [23/Feb/2026:12:21:32 +0000] "GET /wp-content/plugins/elementor/assets/js/shared-frontend-handlers.03caa53373b56d3bab67.bundle.min.js HTTP/1.1" 200 8481 "https://demo-truelysell-wp.dreamstechnologies.com/" "Mozilla/5.0 (Windows NT 10.0; Win64; x64) AppleWebKit/537.36 (KHTML, like Gecko) Chrome/145.0.0.0 Safari/537.36 Edg/145.0.0.0"
115.244.222.166 - - [23/Feb/2026:12:21:32 +0000] "GET /wp-content/plugins/elementor/assets/js/section-frontend-handlers.d85ab872da118940910d.bundle.min.js HTTP/1.1" 200 449 "https://demo-truelysell-wp.dreamstechnologies.com/" "Mozilla/5.0 (Windows NT 10.0; Win64; x64) AppleWebKit/537.36 (KHTML, like Gecko) Chrome/145.0.0.0 Safari/537.36 Edg/145.0.0.0"
122.186.150.42 - - [23/Feb/2026:12:21:32 +0000] "GET /wp-includes/js/wp-emoji-release.min.js?ver=6.9.1 HTTP/1.1" 200 22762 "https://demo-truelysell-wp.dreamstechnologies.com/" "Mozilla/5.0 (Windows NT 10.0; Win64; x64) AppleWebKit/537.36 (KHTML, like Gecko) Chrome/145.0.0.0 Safari/537.36 Edg/145.0.0.0"
115.244.222.166 - - [23/Feb/2026:12:21:32 +0000] "GET /wp-content/plugins/woocommerce/assets/css/woocommerce-smallscreen.css?ver=10.4.3 HTTP/1.1" 200 7527 "https://demo-truelysell-wp.dreamstechnologies.com/" "Mozilla/5.0 (Windows NT 10.0; Win64; x64) AppleWebKit/537.36 (KHTML, like Gecko) Chrome/145.0.0.0 Safari/537.36 Edg/145.0.0.0"
122.186.150.42 - - [23/Feb/2026:12:21:34 +0000] "GET /favicon.ico HTTP/1.1" 302 719 "https://demo-truelysell-wp.dreamstechnologies.com/" "Mozilla/5.0 (Windows NT 10.0; Win64; x64) AppleWebKit/537.36 (KHTML, like Gecko) Chrome/145.0.0.0 Safari/537.36 Edg/145.0.0.0"
122.186.150.42 - - [23/Feb/2026:12:21:34 +0000] "GET /wp-content/uploads/2024/01/favicon.png HTTP/1.1" 200 2932 "https://demo-truelysell-wp.dreamstechnologies.com/" "Mozilla/5.0 (Windows NT 10.0; Win64; x64) AppleWebKit/537.36 (KHTML, like Gecko) Chrome/145.0.0.0 Safari/537.36 Edg/145.0.0.0"
115.244.222.166 - - [23/Feb/2026:12:21:51 +0000] "GET /wp-includes/js/dist/i18n.min.js?ver=c26c3dc7bed366793375 HTTP/1.1" 200 5314 "-" "Mozilla/5.0 (Windows NT 10.0; Win64; x64) AppleWebKit/537.36 (KHTML, like Gecko) Chrome/145.0.0.0 Safari/537.36 Edg/145.0.0.0"
122.186.150.42 - - [23/Feb/2026:12:21:51 +0000] "GET /wp-content/plugins/contact-form-7/includes/js/index.js?ver=6.1.4 HTTP/1.1" 200 13452 "-" "Mozilla/5.0 (Windows NT 10.0; Win64; x64) AppleWebKit/537.36 (KHTML, like Gecko) Chrome/145.0.0.0 Safari/537.36 Edg/145.0.0.0"
122.186.150.42 - - [23/Feb/2026:12:21:51 +0000] "GET /wp-content/plugins/contact-form-7/includes/swv/js/index.js?ver=6.1.4 HTTP/1.1" 200 12512 "-" "Mozilla/5.0 (Windows NT 10.0; Win64; x64) AppleWebKit/537.36 (KHTML, like Gecko) Chrome/145.0.0.0 Safari/537.36 Edg/145.0.0.0"
172.187.168.139 - - [23/Feb/2026:16:08:09 +0000] "POST /wp-cron.php?doing_wp_cron=1771862889.1244099140167236328125 HTTP/1.1" 200 31 "-" "WordPress/6.9.1; https://demo-truelysell-wp.dreamstechnologies.com"
66.249.70.168 - - [23/Feb/2026:16:08:09 +0000] "GET /robots.txt HTTP/1.1" 200 1141 "-" "Mozilla/5.0 (compatible; Googlebot/2.1; +http://www.google.com/bot.html)"
66.249.70.169 - - [23/Feb/2026:16:08:11 +0000] "GET /listing/wooden-carpentry-work/ HTTP/1.1" 200 38743 "-" "Mozilla/5.0 (Linux; Android 6.0.1; Nexus 5X Build/MMB29P) AppleWebKit/537.36 (KHTML, like Gecko) Chrome/144.0.7559.132 Mobile Safari/537.36 (compatible; Googlebot/2.1; +http://www.google.com/bot.html)"
66.249.70.168 - - [23/Feb/2026:16:08:18 +0000] "GET /wp-includes/js/mediaelement/wp-mediaelement.min.css?ver=6.9.1 HTTP/1.1" 200 4186 "https://demo-truelysell-wp.dreamstechnologies.com/listing/wooden-carpentry-work/" "Mozilla/5.0 (Linux; Android 6.0.1; Nexus 5X Build/MMB29P) AppleWebKit/537.36 (KHTML, like Gecko) Chrome/144.0.7559.132 Mobile Safari/537.36 (compatible; Googlebot/2.1; +http://www.google.com/bot.html)"
66.249.70.168 - - [23/Feb/2026:16:08:18 +0000] "GET /wp-content/plugins/truelysell-core/assets/css/frontend.css?ver=1.7.20 HTTP/1.1" 200 5679 "https://demo-truelysell-wp.dreamstechnologies.com/listing/wooden-carpentry-work/" "Mozilla/5.0 (Linux; Android 6.0.1; Nexus 5X Build/MMB29P) AppleWebKit/537.36 (KHTML, like Gecko) Chrome/144.0.7559.132 Mobile Safari/537.36 (compatible; Googlebot/2.1; +http://www.google.com/bot.html)"
66.249.70.169 - - [23/Feb/2026:16:08:19 +0000] "GET /wp-includes/css/buttons.min.css?ver=6.9.1 HTTP/1.1" 200 6061 "https://demo-truelysell-wp.dreamstechnologies.com/listing/wooden-carpentry-work/" "Mozilla/5.0 (Linux; Android 6.0.1; Nexus 5X Build/MMB29P) AppleWebKit/537.36 (KHTML, like Gecko) Chrome/144.0.7559.132 Mobile Safari/537.36 (compatible; Googlebot/2.1; +http://www.google.com/bot.html)"
66.249.70.168 - - [23/Feb/2026:16:08:19 +0000] "GET /wp-includes/css/dashicons.min.css?ver=6.9.1 HTTP/1.1" 200 59004 "https://demo-truelysell-wp.dreamstechnologies.com/listing/wooden-carpentry-work/" "Mozilla/5.0 (Linux; Android 6.0.1; Nexus 5X Build/MMB29P) AppleWebKit/537.36 (KHTML, like Gecko) Chrome/144.0.7559.132 Mobile Safari/537.36 (compatible; Googlebot/2.1; +http://www.google.com/bot.html)"
66.249.70.169 - - [23/Feb/2026:16:08:20 +0000] "GET /wp-includes/css/dist/block-library/style.min.css?ver=6.9.1 HTTP/1.1" 200 119358 "https://demo-truelysell-wp.dreamstechnologies.com/listing/wooden-carpentry-work/" "Mozilla/5.0 (Linux; Android 6.0.1; Nexus 5X Build/MMB29P) AppleWebKit/537.36 (KHTML, like Gecko) Chrome/144.0.7559.132 Mobile Safari/537.36 (compatible; Googlebot/2.1; +http://www.google.com/bot.html)"
66.249.70.168 - - [23/Feb/2026:16:08:20 +0000] "GET /wp-includes/css/media-views.min.css?ver=6.9.1 HTTP/1.1" 200 46706 "https://demo-truelysell-wp.dreamstechnologies.com/listing/wooden-carpentry-work/" "Mozilla/5.0 (Linux; Android 6.0.1; Nexus 5X Build/MMB29P) AppleWebKit/537.36 (KHTML, like Gecko) Chrome/144.0.7559.132 Mobile Safari/537.36 (compatible; Googlebot/2.1; +http://www.google.com/bot.html)"
66.249.70.169 - - [23/Feb/2026:16:08:21 +0000] "GET /wp-includes/js/imgareaselect/imgareaselect.css?ver=0.9.8 HTTP/1.1" 200 790 "https://demo-truelysell-wp.dreamstechnologies.com/listing/wooden-carpentry-work/" "Mozilla/5.0 (Linux; Android 6.0.1; Nexus 5X Build/MMB29P) AppleWebKit/537.36 (KHTML, like Gecko) Chrome/144.0.7559.132 Mobile Safari/537.36 (compatible; Googlebot/2.1; +http://www.google.com/bot.html)"
66.249.70.168 - - [23/Feb/2026:16:08:21 +0000] "GET /wp-content/plugins/woocommerce/assets/css/woocommerce-smallscreen.css?ver=10.4.3 HTTP/1.1" 200 7527 "https://demo-truelysell-wp.dreamstechnologies.com/listing/wooden-carpentry-work/" "Mozilla/5.0 (Linux; Android 6.0.1; Nexus 5X Build/MMB29P) AppleWebKit/537.36 (KHTML, like Gecko) Chrome/144.0.7559.132 Mobile Safari/537.36 (compatible; Googlebot/2.1; +http://www.google.com/bot.html)"
66.249.70.168 - - [23/Feb/2026:16:08:22 +0000] "GET /wp-content/plugins/woocommerce/assets/css/woocommerce.css?ver=10.4.3 HTTP/1.1" 200 86378 "https://demo-truelysell-wp.dreamstechnologies.com/listing/wooden-carpentry-work/" "Mozilla/5.0 (Linux; Android 6.0.1; Nexus 5X Build/MMB29P) AppleWebKit/537.36 (KHTML, like Gecko) Chrome/144.0.7559.132 Mobile Safari/537.36 (compatible; Googlebot/2.1; +http://www.google.com/bot.html)"
66.249.70.168 - - [23/Feb/2026:16:08:22 +0000] "GET /wp-content/plugins/elementor/assets/lib/font-awesome/css/font-awesome.min.css?ver=4.7.0 HTTP/1.1" 200 30999 "https://demo-truelysell-wp.dreamstechnologies.com/listing/wooden-carpentry-work/" "Mozilla/5.0 (Linux; Android 6.0.1; Nexus 5X Build/MMB29P) AppleWebKit/537.36 (KHTML, like Gecko) Chrome/144.0.7559.132 Mobile Safari/537.36 (compatible; Googlebot/2.1; +http://www.google.com/bot.html)"
66.249.70.168 - - [23/Feb/2026:16:08:23 +0000] "GET /wp-content/themes/truelysell//assets/css/owl.carousel.min.css?ver=2.1 HTTP/1.1" 200 3351 "https://demo-truelysell-wp.dreamstechnologies.com/listing/wooden-carpentry-work/" "Mozilla/5.0 (Linux; Android 6.0.1; Nexus 5X Build/MMB29P) AppleWebKit/537.36 (KHTML, like Gecko) Chrome/144.0.7559.132 Mobile Safari/537.36 (compatible; Googlebot/2.1; +http://www.google.com/bot.html)"
66.249.70.168 - - [23/Feb/2026:16:08:23 +0000] "GET /wp-content/themes/truelysell/assets/plugins/fontawesome/css/all.min.css?ver=2.1 HTTP/1.1" 200 102641 "https://demo-truelysell-wp.dreamstechnologies.com/listing/wooden-carpentry-work/" "Mozilla/5.0 (Linux; Android 6.0.1; Nexus 5X Build/MMB29P) AppleWebKit/537.36 (KHTML, like Gecko) Chrome/144.0.7559.132 Mobile Safari/537.36 (compatible; Googlebot/2.1; +http://www.google.com/bot.html)"
66.249.70.168 - - [23/Feb/2026:16:08:24 +0000] "GET /wp-content/themes/truelysell/assets/css/bootstrap-datetimepicker.min.css?ver=2.1 HTTP/1.1" 200 7785 "https://demo-truelysell-wp.dreamstechnologies.com/listing/wooden-carpentry-work/" "Mozilla/5.0 (Linux; Android 6.0.1; Nexus 5X Build/MMB29P) AppleWebKit/537.36 (KHTML, like Gecko) Chrome/144.0.7559.132 Mobile Safari/537.36 (compatible; Googlebot/2.1; +http://www.google.com/bot.html)"
66.249.70.168 - - [23/Feb/2026:16:08:24 +0000] "GET /wp-content/themes/truelysell/assets/css/animate.css?ver=2.1 HTTP/1.1" 200 23848 "https://demo-truelysell-wp.dreamstechnologies.com/listing/wooden-carpentry-work/" "Mozilla/5.0 (Linux; Android 6.0.1; Nexus 5X Build/MMB29P) AppleWebKit/537.36 (KHTML, like Gecko) Chrome/144.0.7559.132 Mobile Safari/537.36 (compatible; Googlebot/2.1; +http://www.google.com/bot.html)"
66.249.70.168 - - [23/Feb/2026:16:08:25 +0000] "GET /wp-content/plugins/truelysell-core/assets/js/ajax.search.min.js?ver=1.7.20 HTTP/1.1" 200 6655 "https://demo-truelysell-wp.dreamstechnologies.com/listing/wooden-carpentry-work/" "Mozilla/5.0 (Linux; Android 6.0.1; Nexus 5X Build/MMB29P) AppleWebKit/537.36 (KHTML, like Gecko) Chrome/144.0.7559.132 Mobile Safari/537.36 (compatible; Googlebot/2.1; +http://www.google.com/bot.html)"
66.249.70.168 - - [23/Feb/2026:16:08:25 +0000] "GET /wp-includes/js/media-models.min.js?ver=6.9.1 HTTP/1.1" 200 13284 "https://demo-truelysell-wp.dreamstechnologies.com/listing/wooden-carpentry-work/" "Mozilla/5.0 (Linux; Android 6.0.1; Nexus 5X Build/MMB29P) AppleWebKit/537.36 (KHTML, like Gecko) Chrome/144.0.7559.132 Mobile Safari/537.36 (compatible; Googlebot/2.1; +http://www.google.com/bot.html)"
66.249.70.168 - - [23/Feb/2026:16:08:26 +0000] "GET /wp-includes/js/jquery/ui/sortable.min.js?ver=1.13.3 HTTP/1.1" 200 25504 "https://demo-truelysell-wp.dreamstechnologies.com/listing/wooden-carpentry-work/" "Mozilla/5.0 (Linux; Android 6.0.1; Nexus 5X Build/MMB29P) AppleWebKit/537.36 (KHTML, like Gecko) Chrome/144.0.7559.132 Mobile Safari/537.36 (compatible; Googlebot/2.1; +http://www.google.com/bot.html)"
66.249.70.168 - - [23/Feb/2026:16:08:26 +0000] "GET /wp-includes/js/dist/i18n.min.js?ver=c26c3dc7bed366793375 HTTP/1.1" 200 5314 "https://demo-truelysell-wp.dreamstechnologies.com/listing/wooden-carpentry-work/" "Mozilla/5.0 (Linux; Android 6.0.1; Nexus 5X Build/MMB29P) AppleWebKit/537.36 (KHTML, like Gecko) Chrome/144.0.7559.132 Mobile Safari/537.36 (compatible; Googlebot/2.1; +http://www.google.com/bot.html)"
66.249.70.168 - - [23/Feb/2026:16:08:27 +0000] "GET /wp-content/themes/truelysell/assets/js/timedropper.js?ver=2.1 HTTP/1.1" 200 7014 "https://demo-truelysell-wp.dreamstechnologies.com/listing/wooden-carpentry-work/" "Mozilla/5.0 (Linux; Android 6.0.1; Nexus 5X Build/MMB29P) AppleWebKit/537.36 (KHTML, like Gecko) Chrome/144.0.7559.132 Mobile Safari/537.36 (compatible; Googlebot/2.1; +http://www.google.com/bot.html)"
66.249.70.168 - - [23/Feb/2026:16:08:27 +0000] "GET /wp-includes/js/comment-reply.min.js?ver=6.9.1 HTTP/1.1" 200 3026 "https://demo-truelysell-wp.dreamstechnologies.com/listing/wooden-carpentry-work/" "Mozilla/5.0 (Linux; Android 6.0.1; Nexus 5X Build/MMB29P) AppleWebKit/537.36 (KHTML, like Gecko) Chrome/144.0.7559.132 Mobile Safari/537.36 (compatible; Googlebot/2.1; +http://www.google.com/bot.html)"
66.249.70.168 - - [23/Feb/2026:16:08:28 +0000] "GET /wp-content/themes/truelysell/assets/images/icon/youtube.svg HTTP/1.1" 200 1114 "https://demo-truelysell-wp.dreamstechnologies.com/listing/wooden-carpentry-work/" "Mozilla/5.0 (Linux; Android 6.0.1; Nexus 5X Build/MMB29P) AppleWebKit/537.36 (KHTML, like Gecko) Chrome/144.0.7559.132 Mobile Safari/537.36 (compatible; Googlebot/2.1; +http://www.google.com/bot.html)"
66.249.70.168 - - [23/Feb/2026:16:08:28 +0000] "GET /wp-includes/js/jquery/ui/menu.min.js?ver=1.13.3 HTTP/1.1" 200 10199 "https://demo-truelysell-wp.dreamstechnologies.com/listing/wooden-carpentry-work/" "Mozilla/5.0 (Linux; Android 6.0.1; Nexus 5X Build/MMB29P) AppleWebKit/537.36 (KHTML, like Gecko) Chrome/144.0.7559.132 Mobile Safari/537.36 (compatible; Googlebot/2.1; +http://www.google.com/bot.html)"
66.249.70.168 - - [23/Feb/2026:16:08:29 +0000] "GET /wp-content/plugins/woocommerce/assets/js/js-cookie/js.cookie.min.js?ver=2.1.4-wc.10.4.3 HTTP/1.1" 200 1720 "https://demo-truelysell-wp.dreamstechnologies.com/listing/wooden-carpentry-work/" "Mozilla/5.0 (Linux; Android 6.0.1; Nexus 5X Build/MMB29P) AppleWebKit/537.36 (KHTML, like Gecko) Chrome/144.0.7559.132 Mobile Safari/537.36 (compatible; Googlebot/2.1; +http://www.google.com/bot.html)"
66.249.70.168 - - [23/Feb/2026:16:08:29 +0000] "GET /wp-includes/js/mediaelement/wp-mediaelement.min.js?ver=6.9.1 HTTP/1.1" 200 1107 "https://demo-truelysell-wp.dreamstechnologies.com/listing/wooden-carpentry-work/" "Mozilla/5.0 (Linux; Android 6.0.1; Nexus 5X Build/MMB29P) AppleWebKit/537.36 (KHTML, like Gecko) Chrome/144.0.7559.132 Mobile Safari/537.36 (compatible; Googlebot/2.1; +http://www.google.com/bot.html)"
66.249.70.168 - - [23/Feb/2026:16:08:30 +0000] "GET /wp-includes/js/plupload/moxie.min.js?ver=1.3.5.1 HTTP/1.1" 200 87394 "https://demo-truelysell-wp.dreamstechnologies.com/listing/wooden-carpentry-work/" "Mozilla/5.0 (Linux; Android 6.0.1; Nexus 5X Build/MMB29P) AppleWebKit/537.36 (KHTML, like Gecko) Chrome/144.0.7559.132 Mobile Safari/537.36 (compatible; Googlebot/2.1; +http://www.google.com/bot.html)"
172.187.168.139 - - [23/Feb/2026:19:03:10 +0000] "POST /wp-cron.php?doing_wp_cron=1771873389.9621109962463378906250 HTTP/1.1" 200 31 "-" "WordPress/6.9.1; https://demo-truelysell-wp.dreamstechnologies.com"
203.18.218.75 - - [23/Feb/2026:19:03:10 +0000] "GET /wp-login.php HTTP/1.1" 200 2777 "-" "Mozilla/5.0 (X11; Linux x86_64) AppleWebKit/537.36 (KHTML, like Gecko) Chrome/134.0.0.0 Safari/537.36"
203.18.218.75 - - [23/Feb/2026:19:03:10 +0000] "POST /wp-login.php HTTP/1.1" 500 3546 "-" "Mozilla/5.0 (X11; Linux x86_64) AppleWebKit/537.36 (KHTML, like Gecko) Chrome/134.0.0.0 Safari/537.36"
45.154.98.121 - - [23/Feb/2026:19:07:28 +0000] "POST /ALFA_DATA/alfacgiapi/perl.alfa HTTP/1.1" 500 3370 "www.google.com" "Mozlila/5.0 (Linux; Android 7.0; SM-G892A Bulid/NRD90M; wv) AppleWebKit/537.36 (KHTML, like Gecko) Version/4.0 Chrome/60.0.3112.107 Moblie Safari/537.36"
45.154.98.121 - - [23/Feb/2026:19:07:29 +0000] "POST /alfacgiapi/perl.alfa HTTP/1.1" 500 3370 "www.google.com" "Mozlila/5.0 (Linux; Android 7.0; SM-G892A Bulid/NRD90M; wv) AppleWebKit/537.36 (KHTML, like Gecko) Version/4.0 Chrome/60.0.3112.107 Moblie Safari/537.36"
45.154.98.121 - - [23/Feb/2026:19:07:30 +0000] "GET /wp-content/themes/seotheme/db.php?u HTTP/1.1" 404 564 "www.google.com" "Mozlila/5.0 (Linux; Android 7.0; SM-G892A Bulid/NRD90M; wv) AppleWebKit/537.36 (KHTML, like Gecko) Version/4.0 Chrome/60.0.3112.107 Moblie Safari/537.36"
172.187.168.139 - - [23/Feb/2026:22:57:09 +0000] "POST /wp-cron.php?doing_wp_cron=1771887429.2052199840545654296875 HTTP/1.1" 200 31 "-" "WordPress/6.9.1; https://demo-truelysell-wp.dreamstechnologies.com"
74.7.228.8 - - [23/Feb/2026:22:57:09 +0000] "GET /robots.txt HTTP/1.1" 200 1141 "-" "Mozilla/5.0 (Macintosh; Intel Mac OS X 10_15_7) AppleWebKit/537.36 (KHTML, like Gecko) Chrome/131.0.0.0 Safari/537.36; compatible; OAI-SearchBot/1.3; robots.txt; +https://openai.com/searchbot"
74.7.242.27 - - [23/Feb/2026:22:57:09 +0000] "GET /wp-sitemap.xml HTTP/1.1" 200 2193 "-" "Mozilla/5.0 AppleWebKit/537.36 (KHTML, like Gecko; compatible; GPTBot/1.3; +https://openai.com/gptbot)"
172.187.168.139 - - [23/Feb/2026:22:57:13 +0000] "POST /wp-admin/admin-ajax.php?action=wp_1_wc_privacy_cleanup&nonce=7938b743a4 HTTP/1.1" 500 910 "-" "WordPress/6.9.1; https://demo-truelysell-wp.dreamstechnologies.com"