45.118.156.57 - - [23/Feb/2026:07:33:51 +0000] "POST /wp-admin/admin-ajax.php HTTP/1.1" 200 58 "https://truelysell-wp.dreamsmarketplace.com/login/?not_verified=1" "Mozilla/5.0 (Windows NT 10.0; Win64; x64) AppleWebKit/537.36 (KHTML, like Gecko) Chrome/145.0.0.0 Safari/537.36"
45.118.156.57 - - [23/Feb/2026:07:33:51 +0000] "GET /wp-admin/admin-ajax.php?action=get_additional_services HTTP/1.1" 200 83 "https://truelysell-wp.dreamsmarketplace.com/login/?not_verified=1" "Mozilla/5.0 (Windows NT 10.0; Win64; x64) AppleWebKit/537.36 (KHTML, like Gecko) Chrome/145.0.0.0 Safari/537.36"
45.118.156.57 - - [23/Feb/2026:07:33:51 +0000] "GET /wp-admin/admin-ajax.php?action=get_faq_section HTTP/1.1" 200 83 "https://truelysell-wp.dreamsmarketplace.com/login/?not_verified=1" "Mozilla/5.0 (Windows NT 10.0; Win64; x64) AppleWebKit/537.36 (KHTML, like Gecko) Chrome/145.0.0.0 Safari/537.36"
45.118.156.57 - - [23/Feb/2026:07:34:03 +0000] "POST /wp-login.php?redirect_to=https%3A%2F%2Ftruelysell-wp.dreamsmarketplace.com HTTP/1.1" 302 5 "https://truelysell-wp.dreamsmarketplace.com/login/?not_verified=1" "Mozilla/5.0 (Windows NT 10.0; Win64; x64) AppleWebKit/537.36 (KHTML, like Gecko) Chrome/145.0.0.0 Safari/537.36"
45.118.156.57 - - [23/Feb/2026:07:34:05 +0000] "GET / HTTP/1.1" 200 43819 "https://truelysell-wp.dreamsmarketplace.com/login/?not_verified=1" "Mozilla/5.0 (Windows NT 10.0; Win64; x64) AppleWebKit/537.36 (KHTML, like Gecko) Chrome/145.0.0.0 Safari/537.36"
45.118.156.57 - - [23/Feb/2026:07:34:05 +0000] "POST /wp-login.php?redirect_to=https%3A%2F%2Ftruelysell-wp.dreamsmarketplace.com HTTP/1.1" 302 5 "https://truelysell-wp.dreamsmarketplace.com/login/?not_verified=1" "Mozilla/5.0 (Windows NT 10.0; Win64; x64) AppleWebKit/537.36 (KHTML, like Gecko) Chrome/145.0.0.0 Safari/537.36"
45.118.156.57 - - [23/Feb/2026:07:34:07 +0000] "GET / HTTP/1.1" 200 43819 "https://truelysell-wp.dreamsmarketplace.com/login/?not_verified=1" "Mozilla/5.0 (Windows NT 10.0; Win64; x64) AppleWebKit/537.36 (KHTML, like Gecko) Chrome/145.0.0.0 Safari/537.36"
45.118.156.57 - - [23/Feb/2026:07:34:09 +0000] "GET /wp-content/themes/truelysell/assets/css/block-styles.css?ver=1.0 HTTP/1.1" 404 29362 "https://truelysell-wp.dreamsmarketplace.com/" "Mozilla/5.0 (Windows NT 10.0; Win64; x64) AppleWebKit/537.36 (KHTML, like Gecko) Chrome/145.0.0.0 Safari/537.36"
45.118.156.57 - - [23/Feb/2026:07:34:11 +0000] "GET /wp-admin/admin-ajax.php?action=get_faq_section HTTP/1.1" 200 83 "https://truelysell-wp.dreamsmarketplace.com/" "Mozilla/5.0 (Windows NT 10.0; Win64; x64) AppleWebKit/537.36 (KHTML, like Gecko) Chrome/145.0.0.0 Safari/537.36"
45.118.156.57 - - [23/Feb/2026:07:34:11 +0000] "GET /wp-admin/admin-ajax.php?action=get_additional_services HTTP/1.1" 200 83 "https://truelysell-wp.dreamsmarketplace.com/" "Mozilla/5.0 (Windows NT 10.0; Win64; x64) AppleWebKit/537.36 (KHTML, like Gecko) Chrome/145.0.0.0 Safari/537.36"
45.118.156.57 - - [23/Feb/2026:07:34:11 +0000] "GET /wp-admin/admin-ajax.php?action=get_includes_title HTTP/1.1" 200 70 "https://truelysell-wp.dreamsmarketplace.com/" "Mozilla/5.0 (Windows NT 10.0; Win64; x64) AppleWebKit/537.36 (KHTML, like Gecko) Chrome/145.0.0.0 Safari/537.36"
45.118.156.57 - - [23/Feb/2026:07:34:11 +0000] "GET /wp-json/contact-form-7/v1/contact-forms/363/feedback/schema HTTP/1.1" 200 345 "https://truelysell-wp.dreamsmarketplace.com/" "Mozilla/5.0 (Windows NT 10.0; Win64; x64) AppleWebKit/537.36 (KHTML, like Gecko) Chrome/145.0.0.0 Safari/537.36"
45.118.156.57 - - [23/Feb/2026:07:34:12 +0000] "POST /wp-admin/admin-ajax.php HTTP/1.1" 200 58 "https://truelysell-wp.dreamsmarketplace.com/" "Mozilla/5.0 (Windows NT 10.0; Win64; x64) AppleWebKit/537.36 (KHTML, like Gecko) Chrome/145.0.0.0 Safari/537.36"
172.187.168.139 - - [23/Feb/2026:07:34:35 +0000] "POST /wp-cron.php?doing_wp_cron=1771832075.4552431106567382812500 HTTP/1.1" 200 31 "-" "WordPress/6.9; https://truelysell-wp.dreamsmarketplace.com"
2a03:2880:f800:d:: - - [23/Feb/2026:07:34:35 +0000] "GET /?p=5744 HTTP/1.1" 301 5 "-" "meta-externalagent/1.1 (+https://developers.facebook.com/docs/sharing/webmasters/crawler)"
45.118.156.57 - - [23/Feb/2026:07:34:41 +0000] "GET /grid-with-sidebar/ HTTP/1.1" 200 37834 "https://truelysell-wp.dreamsmarketplace.com/" "Mozilla/5.0 (Windows NT 10.0; Win64; x64) AppleWebKit/537.36 (KHTML, like Gecko) Chrome/145.0.0.0 Safari/537.36"
45.118.156.57 - - [23/Feb/2026:07:34:43 +0000] "GET /wp-content/themes/truelysell/assets/css/block-styles.css?ver=1.0 HTTP/1.1" 404 29362 "https://truelysell-wp.dreamsmarketplace.com/grid-with-sidebar/" "Mozilla/5.0 (Windows NT 10.0; Win64; x64) AppleWebKit/537.36 (KHTML, like Gecko) Chrome/145.0.0.0 Safari/537.36"
45.118.156.57 - - [23/Feb/2026:07:34:46 +0000] "POST /wp-admin/admin-ajax.php HTTP/1.1" 200 46 "https://truelysell-wp.dreamsmarketplace.com/grid-with-sidebar/" "Mozilla/5.0 (Windows NT 10.0; Win64; x64) AppleWebKit/537.36 (KHTML, like Gecko) Chrome/145.0.0.0 Safari/537.36"
45.118.156.57 - - [23/Feb/2026:07:34:46 +0000] "GET /wp-admin/admin-ajax.php?action=get_faq_section HTTP/1.1" 200 83 "https://truelysell-wp.dreamsmarketplace.com/grid-with-sidebar/" "Mozilla/5.0 (Windows NT 10.0; Win64; x64) AppleWebKit/537.36 (KHTML, like Gecko) Chrome/145.0.0.0 Safari/537.36"
45.118.156.57 - - [23/Feb/2026:07:34:46 +0000] "GET /wp-admin/admin-ajax.php?action=get_additional_services HTTP/1.1" 200 83 "https://truelysell-wp.dreamsmarketplace.com/grid-with-sidebar/" "Mozilla/5.0 (Windows NT 10.0; Win64; x64) AppleWebKit/537.36 (KHTML, like Gecko) Chrome/145.0.0.0 Safari/537.36"
45.118.156.57 - - [23/Feb/2026:07:34:46 +0000] "GET /wp-admin/admin-ajax.php?action=get_includes_title HTTP/1.1" 200 70 "https://truelysell-wp.dreamsmarketplace.com/grid-with-sidebar/" "Mozilla/5.0 (Windows NT 10.0; Win64; x64) AppleWebKit/537.36 (KHTML, like Gecko) Chrome/145.0.0.0 Safari/537.36"
45.118.156.57 - - [23/Feb/2026:07:34:46 +0000] "GET /wp-json/contact-form-7/v1/contact-forms/363/feedback/schema HTTP/1.1" 200 345 "https://truelysell-wp.dreamsmarketplace.com/grid-with-sidebar/" "Mozilla/5.0 (Windows NT 10.0; Win64; x64) AppleWebKit/537.36 (KHTML, like Gecko) Chrome/145.0.0.0 Safari/537.36"
45.118.156.57 - - [23/Feb/2026:07:34:46 +0000] "POST /wp-admin/admin-ajax.php HTTP/1.1" 200 58 "https://truelysell-wp.dreamsmarketplace.com/grid-with-sidebar/" "Mozilla/5.0 (Windows NT 10.0; Win64; x64) AppleWebKit/537.36 (KHTML, like Gecko) Chrome/145.0.0.0 Safari/537.36"
45.118.156.57 - - [23/Feb/2026:07:34:48 +0000] "GET /listing/electric-panel-repairing-service/ HTTP/1.1" 200 40103 "https://truelysell-wp.dreamsmarketplace.com/grid-with-sidebar/" "Mozilla/5.0 (Windows NT 10.0; Win64; x64) AppleWebKit/537.36 (KHTML, like Gecko) Chrome/145.0.0.0 Safari/537.36"
45.118.156.57 - - [23/Feb/2026:07:34:49 +0000] "GET /wp-content/themes/truelysell/assets/css/block-styles.css?ver=1.0 HTTP/1.1" 404 29362 "https://truelysell-wp.dreamsmarketplace.com/listing/electric-panel-repairing-service/" "Mozilla/5.0 (Windows NT 10.0; Win64; x64) AppleWebKit/537.36 (KHTML, like Gecko) Chrome/145.0.0.0 Safari/537.36"
45.118.156.57 - - [23/Feb/2026:07:34:51 +0000] "GET /wp-admin/admin-ajax.php?action=get_includes_title HTTP/1.1" 200 70 "https://truelysell-wp.dreamsmarketplace.com/listing/electric-panel-repairing-service/" "Mozilla/5.0 (Windows NT 10.0; Win64; x64) AppleWebKit/537.36 (KHTML, like Gecko) Chrome/145.0.0.0 Safari/537.36"
45.118.156.57 - - [23/Feb/2026:07:34:52 +0000] "GET /wp-admin/admin-ajax.php?action=get_additional_services HTTP/1.1" 200 83 "https://truelysell-wp.dreamsmarketplace.com/listing/electric-panel-repairing-service/" "Mozilla/5.0 (Windows NT 10.0; Win64; x64) AppleWebKit/537.36 (KHTML, like Gecko) Chrome/145.0.0.0 Safari/537.36"
45.118.156.57 - - [23/Feb/2026:07:34:52 +0000] "GET /wp-admin/admin-ajax.php?action=get_faq_section HTTP/1.1" 200 83 "https://truelysell-wp.dreamsmarketplace.com/listing/electric-panel-repairing-service/" "Mozilla/5.0 (Windows NT 10.0; Win64; x64) AppleWebKit/537.36 (KHTML, like Gecko) Chrome/145.0.0.0 Safari/537.36"
45.118.156.57 - - [23/Feb/2026:07:34:52 +0000] "POST /wp-admin/admin-ajax.php HTTP/1.1" 200 58 "https://truelysell-wp.dreamsmarketplace.com/listing/electric-panel-repairing-service/" "Mozilla/5.0 (Windows NT 10.0; Win64; x64) AppleWebKit/537.36 (KHTML, like Gecko) Chrome/145.0.0.0 Safari/537.36"
45.118.156.57 - - [23/Feb/2026:07:34:52 +0000] "GET /wp-json/contact-form-7/v1/contact-forms/363/feedback/schema HTTP/1.1" 200 345 "https://truelysell-wp.dreamsmarketplace.com/listing/electric-panel-repairing-service/" "Mozilla/5.0 (Windows NT 10.0; Win64; x64) AppleWebKit/537.36 (KHTML, like Gecko) Chrome/145.0.0.0 Safari/537.36"
45.118.156.57 - - [23/Feb/2026:07:34:56 +0000] "GET /login/?redirect_to=https%3A%2F%2Ftruelysell-wp.dreamsmarketplace.com%2Flisting%2Felectric-panel-repairing-service%2F HTTP/1.1" 200 34344 "https://truelysell-wp.dreamsmarketplace.com/listing/electric-panel-repairing-service/" "Mozilla/5.0 (Windows NT 10.0; Win64; x64) AppleWebKit/537.36 (KHTML, like Gecko) Chrome/145.0.0.0 Safari/537.36"
45.118.156.57 - - [23/Feb/2026:07:34:58 +0000] "GET /wp-content/themes/truelysell/assets/css/block-styles.css?ver=1.0 HTTP/1.1" 404 29363 "https://truelysell-wp.dreamsmarketplace.com/login/?redirect_to=https%3A%2F%2Ftruelysell-wp.dreamsmarketplace.com%2Flisting%2Felectric-panel-repairing-service%2F" "Mozilla/5.0 (Windows NT 10.0; Win64; x64) AppleWebKit/537.36 (KHTML, like Gecko) Chrome/145.0.0.0 Safari/537.36"
45.118.156.57 - - [23/Feb/2026:07:35:00 +0000] "GET /wp-admin/admin-ajax.php?action=get_faq_section HTTP/1.1" 200 83 "https://truelysell-wp.dreamsmarketplace.com/login/?redirect_to=https%3A%2F%2Ftruelysell-wp.dreamsmarketplace.com%2Flisting%2Felectric-panel-repairing-service%2F" "Mozilla/5.0 (Windows NT 10.0; Win64; x64) AppleWebKit/537.36 (KHTML, like Gecko) Chrome/145.0.0.0 Safari/537.36"
45.118.156.57 - - [23/Feb/2026:07:35:00 +0000] "GET /wp-admin/admin-ajax.php?action=get_includes_title HTTP/1.1" 200 70 "https://truelysell-wp.dreamsmarketplace.com/login/?redirect_to=https%3A%2F%2Ftruelysell-wp.dreamsmarketplace.com%2Flisting%2Felectric-panel-repairing-service%2F" "Mozilla/5.0 (Windows NT 10.0; Win64; x64) AppleWebKit/537.36 (KHTML, like Gecko) Chrome/145.0.0.0 Safari/537.36"
45.118.156.57 - - [23/Feb/2026:07:35:00 +0000] "GET /wp-json/contact-form-7/v1/contact-forms/363/feedback/schema HTTP/1.1" 200 345 "https://truelysell-wp.dreamsmarketplace.com/login/?redirect_to=https%3A%2F%2Ftruelysell-wp.dreamsmarketplace.com%2Flisting%2Felectric-panel-repairing-service%2F" "Mozilla/5.0 (Windows NT 10.0; Win64; x64) AppleWebKit/537.36 (KHTML, like Gecko) Chrome/145.0.0.0 Safari/537.36"
45.118.156.57 - - [23/Feb/2026:07:35:00 +0000] "POST /wp-admin/admin-ajax.php HTTP/1.1" 200 58 "https://truelysell-wp.dreamsmarketplace.com/login/?redirect_to=https%3A%2F%2Ftruelysell-wp.dreamsmarketplace.com%2Flisting%2Felectric-panel-repairing-service%2F" "Mozilla/5.0 (Windows NT 10.0; Win64; x64) AppleWebKit/537.36 (KHTML, like Gecko) Chrome/145.0.0.0 Safari/537.36"
45.118.156.57 - - [23/Feb/2026:07:35:00 +0000] "GET /wp-admin/admin-ajax.php?action=get_additional_services HTTP/1.1" 200 83 "https://truelysell-wp.dreamsmarketplace.com/login/?redirect_to=https%3A%2F%2Ftruelysell-wp.dreamsmarketplace.com%2Flisting%2Felectric-panel-repairing-service%2F" "Mozilla/5.0 (Windows NT 10.0; Win64; x64) AppleWebKit/537.36 (KHTML, like Gecko) Chrome/145.0.0.0 Safari/537.36"
45.118.156.57 - - [23/Feb/2026:07:35:15 +0000] "POST /wp-login.php?redirect_to=https%3A%2F%2Ftruelysell-wp.dreamsmarketplace.com%2Flisting%2Felectric-panel-repairing-service%2F HTTP/1.1" 302 5 "https://truelysell-wp.dreamsmarketplace.com/login/?redirect_to=https%3A%2F%2Ftruelysell-wp.dreamsmarketplace.com%2Flisting%2Felectric-panel-repairing-service%2F" "Mozilla/5.0 (Windows NT 10.0; Win64; x64) AppleWebKit/537.36 (KHTML, like Gecko) Chrome/145.0.0.0 Safari/537.36"
45.118.156.57 - - [23/Feb/2026:07:35:17 +0000] "GET /listing/electric-panel-repairing-service/ HTTP/1.1" 200 40104 "https://truelysell-wp.dreamsmarketplace.com/login/?redirect_to=https%3A%2F%2Ftruelysell-wp.dreamsmarketplace.com%2Flisting%2Felectric-panel-repairing-service%2F" "Mozilla/5.0 (Windows NT 10.0; Win64; x64) AppleWebKit/537.36 (KHTML, like Gecko) Chrome/145.0.0.0 Safari/537.36"
45.118.156.57 - - [23/Feb/2026:07:35:18 +0000] "POST /wp-login.php?redirect_to=https%3A%2F%2Ftruelysell-wp.dreamsmarketplace.com%2Flisting%2Felectric-panel-repairing-service%2F HTTP/1.1" 302 5 "https://truelysell-wp.dreamsmarketplace.com/login/?redirect_to=https%3A%2F%2Ftruelysell-wp.dreamsmarketplace.com%2Flisting%2Felectric-panel-repairing-service%2F" "Mozilla/5.0 (Windows NT 10.0; Win64; x64) AppleWebKit/537.36 (KHTML, like Gecko) Chrome/145.0.0.0 Safari/537.36"
45.118.156.57 - - [23/Feb/2026:07:35:19 +0000] "POST /wp-login.php?redirect_to=https%3A%2F%2Ftruelysell-wp.dreamsmarketplace.com%2Flisting%2Felectric-panel-repairing-service%2F HTTP/1.1" 302 5 "https://truelysell-wp.dreamsmarketplace.com/login/?redirect_to=https%3A%2F%2Ftruelysell-wp.dreamsmarketplace.com%2Flisting%2Felectric-panel-repairing-service%2F" "Mozilla/5.0 (Windows NT 10.0; Win64; x64) AppleWebKit/537.36 (KHTML, like Gecko) Chrome/145.0.0.0 Safari/537.36"
172.187.168.139 - - [23/Feb/2026:07:35:20 +0000] "POST /wp-cron.php?doing_wp_cron=1771832120.1512029170989990234375 HTTP/1.1" 200 31 "-" "WordPress/6.9; https://truelysell-wp.dreamsmarketplace.com"
45.118.156.57 - - [23/Feb/2026:07:35:20 +0000] "POST /wp-login.php?redirect_to=https%3A%2F%2Ftruelysell-wp.dreamsmarketplace.com%2Flisting%2Felectric-panel-repairing-service%2F HTTP/1.1" 302 5 "https://truelysell-wp.dreamsmarketplace.com/login/?redirect_to=https%3A%2F%2Ftruelysell-wp.dreamsmarketplace.com%2Flisting%2Felectric-panel-repairing-service%2F" "Mozilla/5.0 (Windows NT 10.0; Win64; x64) AppleWebKit/537.36 (KHTML, like Gecko) Chrome/145.0.0.0 Safari/537.36"
45.118.156.57 - - [23/Feb/2026:07:35:20 +0000] "POST /wp-login.php?redirect_to=https%3A%2F%2Ftruelysell-wp.dreamsmarketplace.com%2Flisting%2Felectric-panel-repairing-service%2F HTTP/1.1" 302 5 "https://truelysell-wp.dreamsmarketplace.com/login/?redirect_to=https%3A%2F%2Ftruelysell-wp.dreamsmarketplace.com%2Flisting%2Felectric-panel-repairing-service%2F" "Mozilla/5.0 (Windows NT 10.0; Win64; x64) AppleWebKit/537.36 (KHTML, like Gecko) Chrome/145.0.0.0 Safari/537.36"
45.118.156.57 - - [23/Feb/2026:07:35:20 +0000] "POST /wp-login.php?redirect_to=https%3A%2F%2Ftruelysell-wp.dreamsmarketplace.com%2Flisting%2Felectric-panel-repairing-service%2F HTTP/1.1" 302 5 "https://truelysell-wp.dreamsmarketplace.com/login/?redirect_to=https%3A%2F%2Ftruelysell-wp.dreamsmarketplace.com%2Flisting%2Felectric-panel-repairing-service%2F" "Mozilla/5.0 (Windows NT 10.0; Win64; x64) AppleWebKit/537.36 (KHTML, like Gecko) Chrome/145.0.0.0 Safari/537.36"
45.118.156.57 - - [23/Feb/2026:07:35:20 +0000] "POST /wp-login.php?redirect_to=https%3A%2F%2Ftruelysell-wp.dreamsmarketplace.com%2Flisting%2Felectric-panel-repairing-service%2F HTTP/1.1" 302 5 "https://truelysell-wp.dreamsmarketplace.com/login/?redirect_to=https%3A%2F%2Ftruelysell-wp.dreamsmarketplace.com%2Flisting%2Felectric-panel-repairing-service%2F" "Mozilla/5.0 (Windows NT 10.0; Win64; x64) AppleWebKit/537.36 (KHTML, like Gecko) Chrome/145.0.0.0 Safari/537.36"
45.118.156.57 - - [23/Feb/2026:07:35:22 +0000] "GET /listing/electric-panel-repairing-service/ HTTP/1.1" 200 40103 "https://truelysell-wp.dreamsmarketplace.com/login/?redirect_to=https%3A%2F%2Ftruelysell-wp.dreamsmarketplace.com%2Flisting%2Felectric-panel-repairing-service%2F" "Mozilla/5.0 (Windows NT 10.0; Win64; x64) AppleWebKit/537.36 (KHTML, like Gecko) Chrome/145.0.0.0 Safari/537.36"
45.118.156.57 - - [23/Feb/2026:07:35:24 +0000] "POST /wp-login.php?redirect_to=https%3A%2F%2Ftruelysell-wp.dreamsmarketplace.com%2Flisting%2Felectric-panel-repairing-service%2F HTTP/1.1" 302 5 "https://truelysell-wp.dreamsmarketplace.com/login/?redirect_to=https%3A%2F%2Ftruelysell-wp.dreamsmarketplace.com%2Flisting%2Felectric-panel-repairing-service%2F" "Mozilla/5.0 (Windows NT 10.0; Win64; x64) AppleWebKit/537.36 (KHTML, like Gecko) Chrome/145.0.0.0 Safari/537.36"
45.118.156.57 - - [23/Feb/2026:07:35:24 +0000] "POST /wp-login.php?redirect_to=https%3A%2F%2Ftruelysell-wp.dreamsmarketplace.com%2Flisting%2Felectric-panel-repairing-service%2F HTTP/1.1" 302 5 "https://truelysell-wp.dreamsmarketplace.com/login/?redirect_to=https%3A%2F%2Ftruelysell-wp.dreamsmarketplace.com%2Flisting%2Felectric-panel-repairing-service%2F" "Mozilla/5.0 (Windows NT 10.0; Win64; x64) AppleWebKit/537.36 (KHTML, like Gecko) Chrome/145.0.0.0 Safari/537.36"
45.118.156.57 - - [23/Feb/2026:07:35:25 +0000] "POST /wp-login.php?redirect_to=https%3A%2F%2Ftruelysell-wp.dreamsmarketplace.com%2Flisting%2Felectric-panel-repairing-service%2F HTTP/1.1" 302 5 "https://truelysell-wp.dreamsmarketplace.com/login/?redirect_to=https%3A%2F%2Ftruelysell-wp.dreamsmarketplace.com%2Flisting%2Felectric-panel-repairing-service%2F" "Mozilla/5.0 (Windows NT 10.0; Win64; x64) AppleWebKit/537.36 (KHTML, like Gecko) Chrome/145.0.0.0 Safari/537.36"
45.118.156.57 - - [23/Feb/2026:07:35:25 +0000] "GET /login/ HTTP/1.1" 200 34311 "https://truelysell-wp.dreamsmarketplace.com/login/?redirect_to=https%3A%2F%2Ftruelysell-wp.dreamsmarketplace.com%2Flisting%2Felectric-panel-repairing-service%2F" "Mozilla/5.0 (Windows NT 10.0; Win64; x64) AppleWebKit/537.36 (KHTML, like Gecko) Chrome/145.0.0.0 Safari/537.36"
45.118.156.57 - - [23/Feb/2026:07:35:27 +0000] "GET /wp-content/themes/truelysell/assets/css/block-styles.css?ver=1.0 HTTP/1.1" 404 29363 "https://truelysell-wp.dreamsmarketplace.com/login/" "Mozilla/5.0 (Windows NT 10.0; Win64; x64) AppleWebKit/537.36 (KHTML, like Gecko) Chrome/145.0.0.0 Safari/537.36"
45.118.156.57 - - [23/Feb/2026:07:35:29 +0000] "POST /wp-admin/admin-ajax.php HTTP/1.1" 200 58 "https://truelysell-wp.dreamsmarketplace.com/login/" "Mozilla/5.0 (Windows NT 10.0; Win64; x64) AppleWebKit/537.36 (KHTML, like Gecko) Chrome/145.0.0.0 Safari/537.36"
45.118.156.57 - - [23/Feb/2026:07:35:29 +0000] "GET /wp-admin/admin-ajax.php?action=get_faq_section HTTP/1.1" 200 83 "https://truelysell-wp.dreamsmarketplace.com/login/" "Mozilla/5.0 (Windows NT 10.0; Win64; x64) AppleWebKit/537.36 (KHTML, like Gecko) Chrome/145.0.0.0 Safari/537.36"
45.118.156.57 - - [23/Feb/2026:07:35:29 +0000] "GET /wp-admin/admin-ajax.php?action=get_includes_title HTTP/1.1" 200 70 "https://truelysell-wp.dreamsmarketplace.com/login/" "Mozilla/5.0 (Windows NT 10.0; Win64; x64) AppleWebKit/537.36 (KHTML, like Gecko) Chrome/145.0.0.0 Safari/537.36"
45.118.156.57 - - [23/Feb/2026:07:35:30 +0000] "GET /wp-admin/admin-ajax.php?action=get_additional_services HTTP/1.1" 200 83 "https://truelysell-wp.dreamsmarketplace.com/login/" "Mozilla/5.0 (Windows NT 10.0; Win64; x64) AppleWebKit/537.36 (KHTML, like Gecko) Chrome/145.0.0.0 Safari/537.36"
45.118.156.57 - - [23/Feb/2026:07:35:30 +0000] "GET /wp-json/contact-form-7/v1/contact-forms/363/feedback/schema HTTP/1.1" 200 345 "https://truelysell-wp.dreamsmarketplace.com/login/" "Mozilla/5.0 (Windows NT 10.0; Win64; x64) AppleWebKit/537.36 (KHTML, like Gecko) Chrome/145.0.0.0 Safari/537.36"
45.118.156.57 - - [23/Feb/2026:07:35:32 +0000] "GET /register/ HTTP/1.1" 200 33930 "https://truelysell-wp.dreamsmarketplace.com/login/" "Mozilla/5.0 (Windows NT 10.0; Win64; x64) AppleWebKit/537.36 (KHTML, like Gecko) Chrome/145.0.0.0 Safari/537.36"
45.118.156.57 - - [23/Feb/2026:07:35:34 +0000] "GET /wp-content/themes/truelysell/assets/css/block-styles.css?ver=1.0 HTTP/1.1" 404 29362 "https://truelysell-wp.dreamsmarketplace.com/register/" "Mozilla/5.0 (Windows NT 10.0; Win64; x64) AppleWebKit/537.36 (KHTML, like Gecko) Chrome/145.0.0.0 Safari/537.36"
45.118.156.57 - - [23/Feb/2026:07:35:36 +0000] "GET /wp-admin/admin-ajax.php?action=get_additional_services HTTP/1.1" 200 83 "https://truelysell-wp.dreamsmarketplace.com/register/" "Mozilla/5.0 (Windows NT 10.0; Win64; x64) AppleWebKit/537.36 (KHTML, like Gecko) Chrome/145.0.0.0 Safari/537.36"
45.118.156.57 - - [23/Feb/2026:07:35:36 +0000] "GET /wp-admin/admin-ajax.php?action=get_faq_section HTTP/1.1" 200 83 "https://truelysell-wp.dreamsmarketplace.com/register/" "Mozilla/5.0 (Windows NT 10.0; Win64; x64) AppleWebKit/537.36 (KHTML, like Gecko) Chrome/145.0.0.0 Safari/537.36"
45.118.156.57 - - [23/Feb/2026:07:35:36 +0000] "POST /wp-admin/admin-ajax.php HTTP/1.1" 200 58 "https://truelysell-wp.dreamsmarketplace.com/register/" "Mozilla/5.0 (Windows NT 10.0; Win64; x64) AppleWebKit/537.36 (KHTML, like Gecko) Chrome/145.0.0.0 Safari/537.36"
45.118.156.57 - - [23/Feb/2026:07:35:36 +0000] "GET /wp-admin/admin-ajax.php?action=get_includes_title HTTP/1.1" 200 70 "https://truelysell-wp.dreamsmarketplace.com/register/" "Mozilla/5.0 (Windows NT 10.0; Win64; x64) AppleWebKit/537.36 (KHTML, like Gecko) Chrome/145.0.0.0 Safari/537.36"
45.118.156.57 - - [23/Feb/2026:07:35:36 +0000] "GET /wp-json/contact-form-7/v1/contact-forms/363/feedback/schema HTTP/1.1" 200 345 "https://truelysell-wp.dreamsmarketplace.com/register/" "Mozilla/5.0 (Windows NT 10.0; Win64; x64) AppleWebKit/537.36 (KHTML, like Gecko) Chrome/145.0.0.0 Safari/537.36"
172.187.168.139 - - [23/Feb/2026:07:35:41 +0000] "POST /wp-cron.php?doing_wp_cron=1771832141.9004929065704345703125 HTTP/1.1" 200 31 "-" "WordPress/6.9; https://truelysell-wp.dreamsmarketplace.com"
45.118.156.57 - - [23/Feb/2026:07:35:41 +0000] "GET /register/ HTTP/1.1" 200 33928 "https://truelysell-wp.dreamsmarketplace.com/register/" "Mozilla/5.0 (Windows NT 10.0; Win64; x64) AppleWebKit/537.36 (KHTML, like Gecko) Chrome/145.0.0.0 Safari/537.36"
45.118.156.57 - - [23/Feb/2026:07:35:43 +0000] "GET /wp-content/themes/truelysell/assets/css/block-styles.css?ver=1.0 HTTP/1.1" 404 29362 "https://truelysell-wp.dreamsmarketplace.com/register/" "Mozilla/5.0 (Windows NT 10.0; Win64; x64) AppleWebKit/537.36 (KHTML, like Gecko) Chrome/145.0.0.0 Safari/537.36"
45.118.156.57 - - [23/Feb/2026:07:35:45 +0000] "GET /wp-admin/admin-ajax.php?action=get_additional_services HTTP/1.1" 200 83 "https://truelysell-wp.dreamsmarketplace.com/register/" "Mozilla/5.0 (Windows NT 10.0; Win64; x64) AppleWebKit/537.36 (KHTML, like Gecko) Chrome/145.0.0.0 Safari/537.36"
45.118.156.57 - - [23/Feb/2026:07:35:45 +0000] "POST /wp-admin/admin-ajax.php HTTP/1.1" 200 58 "https://truelysell-wp.dreamsmarketplace.com/register/" "Mozilla/5.0 (Windows NT 10.0; Win64; x64) AppleWebKit/537.36 (KHTML, like Gecko) Chrome/145.0.0.0 Safari/537.36"
45.118.156.57 - - [23/Feb/2026:07:35:45 +0000] "GET /wp-admin/admin-ajax.php?action=get_faq_section HTTP/1.1" 200 83 "https://truelysell-wp.dreamsmarketplace.com/register/" "Mozilla/5.0 (Windows NT 10.0; Win64; x64) AppleWebKit/537.36 (KHTML, like Gecko) Chrome/145.0.0.0 Safari/537.36"
45.118.156.57 - - [23/Feb/2026:07:35:45 +0000] "GET /wp-json/contact-form-7/v1/contact-forms/363/feedback/schema HTTP/1.1" 200 345 "https://truelysell-wp.dreamsmarketplace.com/register/" "Mozilla/5.0 (Windows NT 10.0; Win64; x64) AppleWebKit/537.36 (KHTML, like Gecko) Chrome/145.0.0.0 Safari/537.36"
45.118.156.57 - - [23/Feb/2026:07:35:45 +0000] "GET /wp-admin/admin-ajax.php?action=get_includes_title HTTP/1.1" 200 70 "https://truelysell-wp.dreamsmarketplace.com/register/" "Mozilla/5.0 (Windows NT 10.0; Win64; x64) AppleWebKit/537.36 (KHTML, like Gecko) Chrome/145.0.0.0 Safari/537.36"
50.17.185.102 - - [23/Feb/2026:07:36:25 +0000] "GET / HTTP/1.1" 301 178 "-" "FreshpingBot/1.0 (+https://freshping.io/)"
172.187.168.139 - - [23/Feb/2026:07:36:28 +0000] "POST /wp-cron.php?doing_wp_cron=1771832188.0234758853912353515625 HTTP/1.1" 200 31 "-" "WordPress/6.9; https://truelysell-wp.dreamsmarketplace.com"
50.17.185.102 - - [23/Feb/2026:07:36:28 +0000] "GET / HTTP/1.1" 200 43840 "-" "FreshpingBot/1.0 (+https://freshping.io/)"
45.118.156.57 - - [23/Feb/2026:07:37:07 +0000] "POST /wp-login.php?action=register HTTP/1.1" 302 5 "https://truelysell-wp.dreamsmarketplace.com/register/" "Mozilla/5.0 (Windows NT 10.0; Win64; x64) AppleWebKit/537.36 (KHTML, like Gecko) Chrome/145.0.0.0 Safari/537.36"
113.164.53.250 - - [23/Feb/2026:07:37:08 +0000] "GET /sk-nazval-podozrevaemykh-v-izgotovlenii-vozbranennogo-bukmekera-1xbet-rbk/ HTTP/1.1" 301 178 "-" "Mozilla/5.0 (Windows NT 10.0; Win64; x64) AppleWebKit/537.36 (KHTML, like Gecko) Chrome/80.0.3987.122 Safari/537.36"
45.118.156.57 - - [23/Feb/2026:07:37:09 +0000] "GET /[email protected] HTTP/1.1" 301 5 "https://truelysell-wp.dreamsmarketplace.com/register/" "Mozilla/5.0 (Windows NT 10.0; Win64; x64) AppleWebKit/537.36 (KHTML, like Gecko) Chrome/145.0.0.0 Safari/537.36"
45.118.156.57 - - [23/Feb/2026:07:37:10 +0000] "GET /?registered_verify=jatinsaini3639%40gmail.com HTTP/1.1" 200 43852 "https://truelysell-wp.dreamsmarketplace.com/register/" "Mozilla/5.0 (Windows NT 10.0; Win64; x64) AppleWebKit/537.36 (KHTML, like Gecko) Chrome/145.0.0.0 Safari/537.36"
210.87.69.97 - - [23/Feb/2026:07:37:10 +0000] "GET /sk-nazval-podozrevaemykh-v-izgotovlenii-vozbranennogo-bukmekera-1xbet-rbk/ HTTP/1.1" 404 29362 "-" "Mozilla/5.0 (Windows NT 10.0; Win64; x64) AppleWebKit/537.36 (KHTML, like Gecko) Chrome/80.0.3987.122 Safari/537.36"
45.118.156.57 - - [23/Feb/2026:07:37:12 +0000] "GET /wp-content/themes/truelysell/assets/css/block-styles.css?ver=1.0 HTTP/1.1" 404 29368 "https://truelysell-wp.dreamsmarketplace.com/?registered_verify=jatinsaini3639%40gmail.com" "Mozilla/5.0 (Windows NT 10.0; Win64; x64) AppleWebKit/537.36 (KHTML, like Gecko) Chrome/145.0.0.0 Safari/537.36"
45.118.156.57 - - [23/Feb/2026:07:37:15 +0000] "GET /wp-json/contact-form-7/v1/contact-forms/363/feedback/schema HTTP/1.1" 200 345 "https://truelysell-wp.dreamsmarketplace.com/?registered_verify=jatinsaini3639%40gmail.com" "Mozilla/5.0 (Windows NT 10.0; Win64; x64) AppleWebKit/537.36 (KHTML, like Gecko) Chrome/145.0.0.0 Safari/537.36"
45.118.156.57 - - [23/Feb/2026:07:37:15 +0000] "GET /wp-admin/admin-ajax.php?action=get_faq_section HTTP/1.1" 200 83 "https://truelysell-wp.dreamsmarketplace.com/?registered_verify=jatinsaini3639%40gmail.com" "Mozilla/5.0 (Windows NT 10.0; Win64; x64) AppleWebKit/537.36 (KHTML, like Gecko) Chrome/145.0.0.0 Safari/537.36"
45.118.156.57 - - [23/Feb/2026:07:37:15 +0000] "GET /wp-admin/admin-ajax.php?action=get_additional_services HTTP/1.1" 200 83 "https://truelysell-wp.dreamsmarketplace.com/?registered_verify=jatinsaini3639%40gmail.com" "Mozilla/5.0 (Windows NT 10.0; Win64; x64) AppleWebKit/537.36 (KHTML, like Gecko) Chrome/145.0.0.0 Safari/537.36"
45.118.156.57 - - [23/Feb/2026:07:37:15 +0000] "GET /wp-admin/admin-ajax.php?action=get_includes_title HTTP/1.1" 200 70 "https://truelysell-wp.dreamsmarketplace.com/?registered_verify=jatinsaini3639%40gmail.com" "Mozilla/5.0 (Windows NT 10.0; Win64; x64) AppleWebKit/537.36 (KHTML, like Gecko) Chrome/145.0.0.0 Safari/537.36"
45.118.156.57 - - [23/Feb/2026:07:37:15 +0000] "POST /wp-admin/admin-ajax.php HTTP/1.1" 200 58 "https://truelysell-wp.dreamsmarketplace.com/?registered_verify=jatinsaini3639%40gmail.com" "Mozilla/5.0 (Windows NT 10.0; Win64; x64) AppleWebKit/537.36 (KHTML, like Gecko) Chrome/145.0.0.0 Safari/537.36"
207.46.13.128 - - [23/Feb/2026:07:37:18 +0000] "GET /mercedes-benz-where-luxury-meets-engineering/ HTTP/1.1" 404 29362 "-" "Mozilla/5.0 AppleWebKit/537.36 (KHTML, like Gecko; compatible; bingbot/2.0; +http://www.bing.com/bingbot.htm) Chrome/116.0.1938.76 Safari/537.36"
40.77.167.187 - - [23/Feb/2026:07:37:19 +0000] "GET /robots.txt HTTP/1.1" 200 428 "-" "Mozilla/5.0 AppleWebKit/537.36 (KHTML, like Gecko; compatible; bingbot/2.0; +http://www.bing.com/bingbot.htm) Chrome/116.0.1938.76 Safari/537.36"
172.187.168.139 - - [23/Feb/2026:07:37:20 +0000] "POST /wp-cron.php?doing_wp_cron=1771832240.8736340999603271484375 HTTP/1.1" 200 31 "-" "WordPress/6.9; https://truelysell-wp.dreamsmarketplace.com"
45.118.156.57 - - [23/Feb/2026:07:37:20 +0000] "GET /grid-with-sidebar/ HTTP/1.1" 200 37835 "https://truelysell-wp.dreamsmarketplace.com/?registered_verify=jatinsaini3639%40gmail.com" "Mozilla/5.0 (Windows NT 10.0; Win64; x64) AppleWebKit/537.36 (KHTML, like Gecko) Chrome/145.0.0.0 Safari/537.36"
45.118.156.57 - - [23/Feb/2026:07:37:22 +0000] "GET /wp-content/themes/truelysell/assets/css/block-styles.css?ver=1.0 HTTP/1.1" 404 29362 "https://truelysell-wp.dreamsmarketplace.com/grid-with-sidebar/" "Mozilla/5.0 (Windows NT 10.0; Win64; x64) AppleWebKit/537.36 (KHTML, like Gecko) Chrome/145.0.0.0 Safari/537.36"
45.118.156.57 - - [23/Feb/2026:07:37:25 +0000] "GET /wp-admin/admin-ajax.php?action=get_faq_section HTTP/1.1" 200 83 "https://truelysell-wp.dreamsmarketplace.com/grid-with-sidebar/" "Mozilla/5.0 (Windows NT 10.0; Win64; x64) AppleWebKit/537.36 (KHTML, like Gecko) Chrome/145.0.0.0 Safari/537.36"
45.118.156.57 - - [23/Feb/2026:07:37:25 +0000] "GET /wp-admin/admin-ajax.php?action=get_includes_title HTTP/1.1" 200 70 "https://truelysell-wp.dreamsmarketplace.com/grid-with-sidebar/" "Mozilla/5.0 (Windows NT 10.0; Win64; x64) AppleWebKit/537.36 (KHTML, like Gecko) Chrome/145.0.0.0 Safari/537.36"
45.118.156.57 - - [23/Feb/2026:07:37:25 +0000] "GET /wp-admin/admin-ajax.php?action=get_additional_services HTTP/1.1" 200 83 "https://truelysell-wp.dreamsmarketplace.com/grid-with-sidebar/" "Mozilla/5.0 (Windows NT 10.0; Win64; x64) AppleWebKit/537.36 (KHTML, like Gecko) Chrome/145.0.0.0 Safari/537.36"
45.118.156.57 - - [23/Feb/2026:07:37:25 +0000] "GET /wp-json/contact-form-7/v1/contact-forms/363/feedback/schema HTTP/1.1" 200 345 "https://truelysell-wp.dreamsmarketplace.com/grid-with-sidebar/" "Mozilla/5.0 (Windows NT 10.0; Win64; x64) AppleWebKit/537.36 (KHTML, like Gecko) Chrome/145.0.0.0 Safari/537.36"
45.118.156.57 - - [23/Feb/2026:07:37:25 +0000] "POST /wp-admin/admin-ajax.php HTTP/1.1" 200 46 "https://truelysell-wp.dreamsmarketplace.com/grid-with-sidebar/" "Mozilla/5.0 (Windows NT 10.0; Win64; x64) AppleWebKit/537.36 (KHTML, like Gecko) Chrome/145.0.0.0 Safari/537.36"
45.118.156.57 - - [23/Feb/2026:07:37:25 +0000] "POST /wp-admin/admin-ajax.php HTTP/1.1" 200 58 "https://truelysell-wp.dreamsmarketplace.com/grid-with-sidebar/" "Mozilla/5.0 (Windows NT 10.0; Win64; x64) AppleWebKit/537.36 (KHTML, like Gecko) Chrome/145.0.0.0 Safari/537.36"
172.187.168.139 - - [23/Feb/2026:07:37:27 +0000] "GET /wp-content/uploads/2024/11/service-thumb-06.jpg HTTP/1.1" 304 0 "-" "-"
45.118.156.57 - - [23/Feb/2026:07:37:28 +0000] "GET /listing/computer-server-amc-service/ HTTP/1.1" 200 39906 "https://truelysell-wp.dreamsmarketplace.com/grid-with-sidebar/" "Mozilla/5.0 (Windows NT 10.0; Win64; x64) AppleWebKit/537.36 (KHTML, like Gecko) Chrome/145.0.0.0 Safari/537.36"
45.118.156.57 - - [23/Feb/2026:07:37:28 +0000] "GET /wp-content/uploads/2024/11/service-thumb-06.jpg HTTP/1.1" 200 46429 "https://truelysell-wp.dreamsmarketplace.com/listing/computer-server-amc-service/" "Mozilla/5.0 (Windows NT 10.0; Win64; x64) AppleWebKit/537.36 (KHTML, like Gecko) Chrome/145.0.0.0 Safari/537.36"
45.118.156.57 - - [23/Feb/2026:07:37:28 +0000] "GET /wp-content/uploads/2024/01/services-12.jpg HTTP/1.1" 200 56496 "https://truelysell-wp.dreamsmarketplace.com/listing/computer-server-amc-service/" "Mozilla/5.0 (Windows NT 10.0; Win64; x64) AppleWebKit/537.36 (KHTML, like Gecko) Chrome/145.0.0.0 Safari/537.36"
45.118.156.57 - - [23/Feb/2026:07:37:29 +0000] "GET /wp-content/themes/truelysell/assets/css/block-styles.css?ver=1.0 HTTP/1.1" 404 29362 "https://truelysell-wp.dreamsmarketplace.com/listing/computer-server-amc-service/" "Mozilla/5.0 (Windows NT 10.0; Win64; x64) AppleWebKit/537.36 (KHTML, like Gecko) Chrome/145.0.0.0 Safari/537.36"
45.118.156.57 - - [23/Feb/2026:07:37:32 +0000] "POST /wp-admin/admin-ajax.php HTTP/1.1" 200 58 "https://truelysell-wp.dreamsmarketplace.com/listing/computer-server-amc-service/" "Mozilla/5.0 (Windows NT 10.0; Win64; x64) AppleWebKit/537.36 (KHTML, like Gecko) Chrome/145.0.0.0 Safari/537.36"
45.118.156.57 - - [23/Feb/2026:07:37:32 +0000] "GET /wp-json/contact-form-7/v1/contact-forms/363/feedback/schema HTTP/1.1" 200 345 "https://truelysell-wp.dreamsmarketplace.com/listing/computer-server-amc-service/" "Mozilla/5.0 (Windows NT 10.0; Win64; x64) AppleWebKit/537.36 (KHTML, like Gecko) Chrome/145.0.0.0 Safari/537.36"
45.118.156.57 - - [23/Feb/2026:07:37:32 +0000] "GET /wp-admin/admin-ajax.php?action=get_additional_services HTTP/1.1" 200 83 "https://truelysell-wp.dreamsmarketplace.com/listing/computer-server-amc-service/" "Mozilla/5.0 (Windows NT 10.0; Win64; x64) AppleWebKit/537.36 (KHTML, like Gecko) Chrome/145.0.0.0 Safari/537.36"
45.118.156.57 - - [23/Feb/2026:07:37:32 +0000] "GET /wp-admin/admin-ajax.php?action=get_faq_section HTTP/1.1" 200 83 "https://truelysell-wp.dreamsmarketplace.com/listing/computer-server-amc-service/" "Mozilla/5.0 (Windows NT 10.0; Win64; x64) AppleWebKit/537.36 (KHTML, like Gecko) Chrome/145.0.0.0 Safari/537.36"
45.118.156.57 - - [23/Feb/2026:07:37:32 +0000] "GET /wp-admin/admin-ajax.php?action=get_includes_title HTTP/1.1" 200 70 "https://truelysell-wp.dreamsmarketplace.com/listing/computer-server-amc-service/" "Mozilla/5.0 (Windows NT 10.0; Win64; x64) AppleWebKit/537.36 (KHTML, like Gecko) Chrome/145.0.0.0 Safari/537.36"
2a03:2880:f800:1:: - - [23/Feb/2026:07:37:41 +0000] "GET /wp-json/wp/v2/product/5540 HTTP/1.1" 200 2909 "-" "meta-externalagent/1.1 (+https://developers.facebook.com/docs/sharing/webmasters/crawler)"
45.118.156.57 - - [23/Feb/2026:07:37:43 +0000] "GET /login/?redirect_to=https%3A%2F%2Ftruelysell-wp.dreamsmarketplace.com%2Flisting%2Fcomputer-server-amc-service%2F HTTP/1.1" 200 34339 "https://truelysell-wp.dreamsmarketplace.com/listing/computer-server-amc-service/" "Mozilla/5.0 (Windows NT 10.0; Win64; x64) AppleWebKit/537.36 (KHTML, like Gecko) Chrome/145.0.0.0 Safari/537.36"
45.118.156.57 - - [23/Feb/2026:07:37:45 +0000] "GET /wp-content/themes/truelysell/assets/css/block-styles.css?ver=1.0 HTTP/1.1" 404 29362 "https://truelysell-wp.dreamsmarketplace.com/login/?redirect_to=https%3A%2F%2Ftruelysell-wp.dreamsmarketplace.com%2Flisting%2Fcomputer-server-amc-service%2F" "Mozilla/5.0 (Windows NT 10.0; Win64; x64) AppleWebKit/537.36 (KHTML, like Gecko) Chrome/145.0.0.0 Safari/537.36"
45.118.156.57 - - [23/Feb/2026:07:37:47 +0000] "GET /wp-admin/admin-ajax.php?action=get_includes_title HTTP/1.1" 200 70 "https://truelysell-wp.dreamsmarketplace.com/login/?redirect_to=https%3A%2F%2Ftruelysell-wp.dreamsmarketplace.com%2Flisting%2Fcomputer-server-amc-service%2F" "Mozilla/5.0 (Windows NT 10.0; Win64; x64) AppleWebKit/537.36 (KHTML, like Gecko) Chrome/145.0.0.0 Safari/537.36"
45.118.156.57 - - [23/Feb/2026:07:37:47 +0000] "GET /wp-admin/admin-ajax.php?action=get_additional_services HTTP/1.1" 200 83 "https://truelysell-wp.dreamsmarketplace.com/login/?redirect_to=https%3A%2F%2Ftruelysell-wp.dreamsmarketplace.com%2Flisting%2Fcomputer-server-amc-service%2F" "Mozilla/5.0 (Windows NT 10.0; Win64; x64) AppleWebKit/537.36 (KHTML, like Gecko) Chrome/145.0.0.0 Safari/537.36"
45.118.156.57 - - [23/Feb/2026:07:37:47 +0000] "GET /wp-json/contact-form-7/v1/contact-forms/363/feedback/schema HTTP/1.1" 200 345 "https://truelysell-wp.dreamsmarketplace.com/login/?redirect_to=https%3A%2F%2Ftruelysell-wp.dreamsmarketplace.com%2Flisting%2Fcomputer-server-amc-service%2F" "Mozilla/5.0 (Windows NT 10.0; Win64; x64) AppleWebKit/537.36 (KHTML, like Gecko) Chrome/145.0.0.0 Safari/537.36"
45.118.156.57 - - [23/Feb/2026:07:37:47 +0000] "POST /wp-admin/admin-ajax.php HTTP/1.1" 200 58 "https://truelysell-wp.dreamsmarketplace.com/login/?redirect_to=https%3A%2F%2Ftruelysell-wp.dreamsmarketplace.com%2Flisting%2Fcomputer-server-amc-service%2F" "Mozilla/5.0 (Windows NT 10.0; Win64; x64) AppleWebKit/537.36 (KHTML, like Gecko) Chrome/145.0.0.0 Safari/537.36"
45.118.156.57 - - [23/Feb/2026:07:37:47 +0000] "GET /wp-admin/admin-ajax.php?action=get_faq_section HTTP/1.1" 200 83 "https://truelysell-wp.dreamsmarketplace.com/login/?redirect_to=https%3A%2F%2Ftruelysell-wp.dreamsmarketplace.com%2Flisting%2Fcomputer-server-amc-service%2F" "Mozilla/5.0 (Windows NT 10.0; Win64; x64) AppleWebKit/537.36 (KHTML, like Gecko) Chrome/145.0.0.0 Safari/537.36"
2a06:98c0:3600::103 - - [23/Feb/2026:07:38:16 +0000] "GET /mechanic/wp-content/uploads/2024/01/choose-icon-3.svg HTTP/1.1" 200 5817 "-" "Mozilla/5.0 (Windows NT 10.0; Win64; x64; rv:109.0) Gecko/20100101 Firefox/115.0"
2a06:98c0:3600::103 - - [23/Feb/2026:07:38:26 +0000] "GET /mechanic/wp-content/uploads/2024/01/choose-icon-3.svg HTTP/1.1" 200 5817 "-" "Mozilla/5.0 (Windows NT 10.0; Win64; x64; rv:109.0) Gecko/20100101 Firefox/115.0"
172.187.168.139 - - [23/Feb/2026:07:38:26 +0000] "POST /wp-cron.php?doing_wp_cron=1771832306.5735991001129150390625 HTTP/1.1" 200 31 "-" "WordPress/6.9; https://truelysell-wp.dreamsmarketplace.com"
45.118.156.57 - - [23/Feb/2026:07:38:26 +0000] "POST /wp-login.php?redirect_to=https%3A%2F%2Ftruelysell-wp.dreamsmarketplace.com%2Flisting%2Fcomputer-server-amc-service%2F HTTP/1.1" 302 5 "https://truelysell-wp.dreamsmarketplace.com/login/?redirect_to=https%3A%2F%2Ftruelysell-wp.dreamsmarketplace.com%2Flisting%2Fcomputer-server-amc-service%2F" "Mozilla/5.0 (Windows NT 10.0; Win64; x64) AppleWebKit/537.36 (KHTML, like Gecko) Chrome/145.0.0.0 Safari/537.36"
45.118.156.57 - - [23/Feb/2026:07:38:28 +0000] "GET /listing/computer-server-amc-service/ HTTP/1.1" 200 39906 "https://truelysell-wp.dreamsmarketplace.com/login/?redirect_to=https%3A%2F%2Ftruelysell-wp.dreamsmarketplace.com%2Flisting%2Fcomputer-server-amc-service%2F" "Mozilla/5.0 (Windows NT 10.0; Win64; x64) AppleWebKit/537.36 (KHTML, like Gecko) Chrome/145.0.0.0 Safari/537.36"
45.118.156.57 - - [23/Feb/2026:07:38:29 +0000] "GET /wp-content/themes/truelysell/assets/css/block-styles.css?ver=1.0 HTTP/1.1" 404 29362 "https://truelysell-wp.dreamsmarketplace.com/listing/computer-server-amc-service/" "Mozilla/5.0 (Windows NT 10.0; Win64; x64) AppleWebKit/537.36 (KHTML, like Gecko) Chrome/145.0.0.0 Safari/537.36"
45.118.156.57 - - [23/Feb/2026:07:38:32 +0000] "GET /wp-admin/admin-ajax.php?action=get_faq_section HTTP/1.1" 200 83 "https://truelysell-wp.dreamsmarketplace.com/listing/computer-server-amc-service/" "Mozilla/5.0 (Windows NT 10.0; Win64; x64) AppleWebKit/537.36 (KHTML, like Gecko) Chrome/145.0.0.0 Safari/537.36"
45.118.156.57 - - [23/Feb/2026:07:38:32 +0000] "POST /wp-admin/admin-ajax.php HTTP/1.1" 200 58 "https://truelysell-wp.dreamsmarketplace.com/listing/computer-server-amc-service/" "Mozilla/5.0 (Windows NT 10.0; Win64; x64) AppleWebKit/537.36 (KHTML, like Gecko) Chrome/145.0.0.0 Safari/537.36"
45.118.156.57 - - [23/Feb/2026:07:38:32 +0000] "GET /wp-admin/admin-ajax.php?action=get_additional_services HTTP/1.1" 200 83 "https://truelysell-wp.dreamsmarketplace.com/listing/computer-server-amc-service/" "Mozilla/5.0 (Windows NT 10.0; Win64; x64) AppleWebKit/537.36 (KHTML, like Gecko) Chrome/145.0.0.0 Safari/537.36"
45.118.156.57 - - [23/Feb/2026:07:38:32 +0000] "GET /wp-json/contact-form-7/v1/contact-forms/363/feedback/schema HTTP/1.1" 200 345 "https://truelysell-wp.dreamsmarketplace.com/listing/computer-server-amc-service/" "Mozilla/5.0 (Windows NT 10.0; Win64; x64) AppleWebKit/537.36 (KHTML, like Gecko) Chrome/145.0.0.0 Safari/537.36"
45.118.156.57 - - [23/Feb/2026:07:38:32 +0000] "GET /wp-admin/admin-ajax.php?action=get_includes_title HTTP/1.1" 200 70 "https://truelysell-wp.dreamsmarketplace.com/listing/computer-server-amc-service/" "Mozilla/5.0 (Windows NT 10.0; Win64; x64) AppleWebKit/537.36 (KHTML, like Gecko) Chrome/145.0.0.0 Safari/537.36"
2a03:2880:f800:29:: - - [23/Feb/2026:07:38:41 +0000] "GET /?p=1245 HTTP/1.1" 301 5 "-" "meta-externalagent/1.1 (+https://developers.facebook.com/docs/sharing/webmasters/crawler)"
45.118.156.57 - - [23/Feb/2026:07:38:56 +0000] "GET /login/?redirect_to=https%3A%2F%2Ftruelysell-wp.dreamsmarketplace.com%2Flisting%2Fcomputer-server-amc-service%2F HTTP/1.1" 200 34342 "https://truelysell-wp.dreamsmarketplace.com/listing/computer-server-amc-service/" "Mozilla/5.0 (Windows NT 10.0; Win64; x64) AppleWebKit/537.36 (KHTML, like Gecko) Chrome/145.0.0.0 Safari/537.36"
45.118.156.57 - - [23/Feb/2026:07:38:58 +0000] "GET /wp-content/themes/truelysell/assets/css/block-styles.css?ver=1.0 HTTP/1.1" 404 29362 "https://truelysell-wp.dreamsmarketplace.com/login/?redirect_to=https%3A%2F%2Ftruelysell-wp.dreamsmarketplace.com%2Flisting%2Fcomputer-server-amc-service%2F" "Mozilla/5.0 (Windows NT 10.0; Win64; x64) AppleWebKit/537.36 (KHTML, like Gecko) Chrome/145.0.0.0 Safari/537.36"
45.118.156.57 - - [23/Feb/2026:07:39:00 +0000] "GET /wp-admin/admin-ajax.php?action=get_additional_services HTTP/1.1" 200 83 "https://truelysell-wp.dreamsmarketplace.com/login/?redirect_to=https%3A%2F%2Ftruelysell-wp.dreamsmarketplace.com%2Flisting%2Fcomputer-server-amc-service%2F" "Mozilla/5.0 (Windows NT 10.0; Win64; x64) AppleWebKit/537.36 (KHTML, like Gecko) Chrome/145.0.0.0 Safari/537.36"
45.118.156.57 - - [23/Feb/2026:07:39:00 +0000] "GET /wp-admin/admin-ajax.php?action=get_includes_title HTTP/1.1" 200 70 "https://truelysell-wp.dreamsmarketplace.com/login/?redirect_to=https%3A%2F%2Ftruelysell-wp.dreamsmarketplace.com%2Flisting%2Fcomputer-server-amc-service%2F" "Mozilla/5.0 (Windows NT 10.0; Win64; x64) AppleWebKit/537.36 (KHTML, like Gecko) Chrome/145.0.0.0 Safari/537.36"
45.118.156.57 - - [23/Feb/2026:07:39:00 +0000] "POST /wp-admin/admin-ajax.php HTTP/1.1" 200 58 "https://truelysell-wp.dreamsmarketplace.com/login/?redirect_to=https%3A%2F%2Ftruelysell-wp.dreamsmarketplace.com%2Flisting%2Fcomputer-server-amc-service%2F" "Mozilla/5.0 (Windows NT 10.0; Win64; x64) AppleWebKit/537.36 (KHTML, like Gecko) Chrome/145.0.0.0 Safari/537.36"
45.118.156.57 - - [23/Feb/2026:07:39:00 +0000] "GET /wp-admin/admin-ajax.php?action=get_faq_section HTTP/1.1" 200 83 "https://truelysell-wp.dreamsmarketplace.com/login/?redirect_to=https%3A%2F%2Ftruelysell-wp.dreamsmarketplace.com%2Flisting%2Fcomputer-server-amc-service%2F" "Mozilla/5.0 (Windows NT 10.0; Win64; x64) AppleWebKit/537.36 (KHTML, like Gecko) Chrome/145.0.0.0 Safari/537.36"
45.118.156.57 - - [23/Feb/2026:07:39:00 +0000] "GET /wp-json/contact-form-7/v1/contact-forms/363/feedback/schema HTTP/1.1" 200 345 "https://truelysell-wp.dreamsmarketplace.com/login/?redirect_to=https%3A%2F%2Ftruelysell-wp.dreamsmarketplace.com%2Flisting%2Fcomputer-server-amc-service%2F" "Mozilla/5.0 (Windows NT 10.0; Win64; x64) AppleWebKit/537.36 (KHTML, like Gecko) Chrome/145.0.0.0 Safari/537.36"
45.118.156.57 - - [23/Feb/2026:07:39:07 +0000] "POST /wp-login.php?redirect_to=https%3A%2F%2Ftruelysell-wp.dreamsmarketplace.com%2Flisting%2Fcomputer-server-amc-service%2F HTTP/1.1" 302 5 "https://truelysell-wp.dreamsmarketplace.com/login/?redirect_to=https%3A%2F%2Ftruelysell-wp.dreamsmarketplace.com%2Flisting%2Fcomputer-server-amc-service%2F" "Mozilla/5.0 (Windows NT 10.0; Win64; x64) AppleWebKit/537.36 (KHTML, like Gecko) Chrome/145.0.0.0 Safari/537.36"
45.118.156.57 - - [23/Feb/2026:07:39:09 +0000] "GET /listing/computer-server-amc-service/ HTTP/1.1" 200 39906 "https://truelysell-wp.dreamsmarketplace.com/login/?redirect_to=https%3A%2F%2Ftruelysell-wp.dreamsmarketplace.com%2Flisting%2Fcomputer-server-amc-service%2F" "Mozilla/5.0 (Windows NT 10.0; Win64; x64) AppleWebKit/537.36 (KHTML, like Gecko) Chrome/145.0.0.0 Safari/537.36"
45.118.156.57 - - [23/Feb/2026:07:39:10 +0000] "GET /wp-content/themes/truelysell/assets/css/block-styles.css?ver=1.0 HTTP/1.1" 404 29362 "https://truelysell-wp.dreamsmarketplace.com/listing/computer-server-amc-service/" "Mozilla/5.0 (Windows NT 10.0; Win64; x64) AppleWebKit/537.36 (KHTML, like Gecko) Chrome/145.0.0.0 Safari/537.36"
45.118.156.57 - - [23/Feb/2026:07:39:13 +0000] "GET /wp-admin/admin-ajax.php?action=get_faq_section HTTP/1.1" 200 83 "https://truelysell-wp.dreamsmarketplace.com/listing/computer-server-amc-service/" "Mozilla/5.0 (Windows NT 10.0; Win64; x64) AppleWebKit/537.36 (KHTML, like Gecko) Chrome/145.0.0.0 Safari/537.36"
45.118.156.57 - - [23/Feb/2026:07:39:13 +0000] "GET /wp-admin/admin-ajax.php?action=get_includes_title HTTP/1.1" 200 70 "https://truelysell-wp.dreamsmarketplace.com/listing/computer-server-amc-service/" "Mozilla/5.0 (Windows NT 10.0; Win64; x64) AppleWebKit/537.36 (KHTML, like Gecko) Chrome/145.0.0.0 Safari/537.36"
45.118.156.57 - - [23/Feb/2026:07:39:13 +0000] "GET /wp-admin/admin-ajax.php?action=get_additional_services HTTP/1.1" 200 83 "https://truelysell-wp.dreamsmarketplace.com/listing/computer-server-amc-service/" "Mozilla/5.0 (Windows NT 10.0; Win64; x64) AppleWebKit/537.36 (KHTML, like Gecko) Chrome/145.0.0.0 Safari/537.36"
45.118.156.57 - - [23/Feb/2026:07:39:13 +0000] "POST /wp-admin/admin-ajax.php HTTP/1.1" 200 58 "https://truelysell-wp.dreamsmarketplace.com/listing/computer-server-amc-service/" "Mozilla/5.0 (Windows NT 10.0; Win64; x64) AppleWebKit/537.36 (KHTML, like Gecko) Chrome/145.0.0.0 Safari/537.36"
45.118.156.57 - - [23/Feb/2026:07:39:13 +0000] "GET /wp-json/contact-form-7/v1/contact-forms/363/feedback/schema HTTP/1.1" 200 345 "https://truelysell-wp.dreamsmarketplace.com/listing/computer-server-amc-service/" "Mozilla/5.0 (Windows NT 10.0; Win64; x64) AppleWebKit/537.36 (KHTML, like Gecko) Chrome/145.0.0.0 Safari/537.36"
45.118.156.57 - - [23/Feb/2026:07:39:14 +0000] "GET /login/ HTTP/1.1" 200 34311 "https://truelysell-wp.dreamsmarketplace.com/listing/computer-server-amc-service/" "Mozilla/5.0 (Windows NT 10.0; Win64; x64) AppleWebKit/537.36 (KHTML, like Gecko) Chrome/145.0.0.0 Safari/537.36"
45.118.156.57 - - [23/Feb/2026:07:39:16 +0000] "GET /wp-content/themes/truelysell/assets/css/block-styles.css?ver=1.0 HTTP/1.1" 404 29362 "https://truelysell-wp.dreamsmarketplace.com/login/" "Mozilla/5.0 (Windows NT 10.0; Win64; x64) AppleWebKit/537.36 (KHTML, like Gecko) Chrome/145.0.0.0 Safari/537.36"
45.118.156.57 - - [23/Feb/2026:07:39:18 +0000] "POST /wp-admin/admin-ajax.php HTTP/1.1" 200 58 "https://truelysell-wp.dreamsmarketplace.com/login/" "Mozilla/5.0 (Windows NT 10.0; Win64; x64) AppleWebKit/537.36 (KHTML, like Gecko) Chrome/145.0.0.0 Safari/537.36"
45.118.156.57 - - [23/Feb/2026:07:39:18 +0000] "GET /wp-admin/admin-ajax.php?action=get_includes_title HTTP/1.1" 200 70 "https://truelysell-wp.dreamsmarketplace.com/login/" "Mozilla/5.0 (Windows NT 10.0; Win64; x64) AppleWebKit/537.36 (KHTML, like Gecko) Chrome/145.0.0.0 Safari/537.36"
45.118.156.57 - - [23/Feb/2026:07:39:18 +0000] "GET /wp-admin/admin-ajax.php?action=get_additional_services HTTP/1.1" 200 83 "https://truelysell-wp.dreamsmarketplace.com/login/" "Mozilla/5.0 (Windows NT 10.0; Win64; x64) AppleWebKit/537.36 (KHTML, like Gecko) Chrome/145.0.0.0 Safari/537.36"
45.118.156.57 - - [23/Feb/2026:07:39:18 +0000] "GET /wp-admin/admin-ajax.php?action=get_faq_section HTTP/1.1" 200 83 "https://truelysell-wp.dreamsmarketplace.com/login/" "Mozilla/5.0 (Windows NT 10.0; Win64; x64) AppleWebKit/537.36 (KHTML, like Gecko) Chrome/145.0.0.0 Safari/537.36"
45.118.156.57 - - [23/Feb/2026:07:39:19 +0000] "GET /wp-json/contact-form-7/v1/contact-forms/363/feedback/schema HTTP/1.1" 200 345 "https://truelysell-wp.dreamsmarketplace.com/login/" "Mozilla/5.0 (Windows NT 10.0; Win64; x64) AppleWebKit/537.36 (KHTML, like Gecko) Chrome/145.0.0.0 Safari/537.36"
45.118.156.57 - - [23/Feb/2026:07:39:19 +0000] "GET /login/ HTTP/1.1" 200 34311 "https://truelysell-wp.dreamsmarketplace.com/login/" "Mozilla/5.0 (Windows NT 10.0; Win64; x64) AppleWebKit/537.36 (KHTML, like Gecko) Chrome/145.0.0.0 Safari/537.36"
172.187.168.139 - - [23/Feb/2026:07:39:20 +0000] "POST /wp-cron.php?doing_wp_cron=1771832360.8056430816650390625000 HTTP/1.1" 200 31 "-" "WordPress/6.9; https://truelysell-wp.dreamsmarketplace.com"
45.118.156.57 - - [23/Feb/2026:07:39:20 +0000] "GET /wp-content/themes/truelysell/assets/css/block-styles.css?ver=1.0 HTTP/1.1" 404 29362 "https://truelysell-wp.dreamsmarketplace.com/login/" "Mozilla/5.0 (Windows NT 10.0; Win64; x64) AppleWebKit/537.36 (KHTML, like Gecko) Chrome/145.0.0.0 Safari/537.36"
45.118.156.57 - - [23/Feb/2026:07:39:24 +0000] "GET /wp-admin/admin-ajax.php?action=get_additional_services HTTP/1.1" 200 83 "https://truelysell-wp.dreamsmarketplace.com/login/" "Mozilla/5.0 (Windows NT 10.0; Win64; x64) AppleWebKit/537.36 (KHTML, like Gecko) Chrome/145.0.0.0 Safari/537.36"
45.118.156.57 - - [23/Feb/2026:07:39:24 +0000] "GET /wp-json/contact-form-7/v1/contact-forms/363/feedback/schema HTTP/1.1" 200 345 "https://truelysell-wp.dreamsmarketplace.com/login/" "Mozilla/5.0 (Windows NT 10.0; Win64; x64) AppleWebKit/537.36 (KHTML, like Gecko) Chrome/145.0.0.0 Safari/537.36"
45.118.156.57 - - [23/Feb/2026:07:39:24 +0000] "POST /wp-admin/admin-ajax.php HTTP/1.1" 200 58 "https://truelysell-wp.dreamsmarketplace.com/login/" "Mozilla/5.0 (Windows NT 10.0; Win64; x64) AppleWebKit/537.36 (KHTML, like Gecko) Chrome/145.0.0.0 Safari/537.36"
45.118.156.57 - - [23/Feb/2026:07:39:24 +0000] "GET /wp-admin/admin-ajax.php?action=get_faq_section HTTP/1.1" 200 83 "https://truelysell-wp.dreamsmarketplace.com/login/" "Mozilla/5.0 (Windows NT 10.0; Win64; x64) AppleWebKit/537.36 (KHTML, like Gecko) Chrome/145.0.0.0 Safari/537.36"
45.118.156.57 - - [23/Feb/2026:07:39:24 +0000] "GET /wp-admin/admin-ajax.php?action=get_includes_title HTTP/1.1" 200 70 "https://truelysell-wp.dreamsmarketplace.com/login/" "Mozilla/5.0 (Windows NT 10.0; Win64; x64) AppleWebKit/537.36 (KHTML, like Gecko) Chrome/145.0.0.0 Safari/537.36"
45.118.156.57 - - [23/Feb/2026:07:39:26 +0000] "POST /wp-login.php?redirect_to=https%3A%2F%2Ftruelysell-wp.dreamsmarketplace.com HTTP/1.1" 302 5 "https://truelysell-wp.dreamsmarketplace.com/login/" "Mozilla/5.0 (Windows NT 10.0; Win64; x64) AppleWebKit/537.36 (KHTML, like Gecko) Chrome/145.0.0.0 Safari/537.36"
172.187.168.139 - - [23/Feb/2026:07:39:28 +0000] "POST /wp-cron.php?doing_wp_cron=1771832368.0859239101409912109375 HTTP/1.1" 200 31 "-" "WordPress/6.9; https://truelysell-wp.dreamsmarketplace.com"
