14.164.195.219 - - [23/Feb/2026:02:50:12 +0000] "GET /suuri-voittosaari-big-boost-casinolla/ HTTP/1.1" 404 29363 "-" "Mozilla/5.0 (Windows NT 6.1; WOW64) AppleWebKit/537.36 (KHTML, like Gecko) Chrome/87.0.4280.88 Safari/537.36"
172.187.168.139 - - [23/Feb/2026:02:50:42 +0000] "POST /wp-cron.php?doing_wp_cron=1771815042.1006870269775390625000 HTTP/1.1" 200 31 "-" "WordPress/6.9; https://truelysell-wp.dreamsmarketplace.com"
198.244.226.205 - - [23/Feb/2026:02:50:42 +0000] "GET /to-generate-lorem-ipsum-which-looks-reasonable-3/feed/ HTTP/1.1" 200 2752 "-" "Mozilla/5.0 (compatible; AhrefsBot/7.0; +http://ahrefs.com/robot/)"
47.128.51.142 - - [23/Feb/2026:02:51:12 +0000] "GET /velit-esse-quam-nihil-molestiae-consequatur-2/ HTTP/1.1" 301 178 "-" "Mozilla/5.0 (compatible; Bytespider; [email protected]) AppleWebKit/537.36 (KHTML, like Gecko) Chrome/70.0.0.0 Safari/537.36"
2a03:2880:f800:e:: - - [23/Feb/2026:02:51:21 +0000] "GET /1xbet-beglyy-verbovoe-podvizhnaya-versiya-igraysya-vdol-i-poperek/ HTTP/1.1" 301 178 "-" "meta-externalagent/1.1 (+https://developers.facebook.com/docs/sharing/webmasters/crawler)"
172.187.168.139 - - [23/Feb/2026:02:51:26 +0000] "POST /wp-cron.php?doing_wp_cron=1771815086.7814450263977050781250 HTTP/1.1" 200 31 "-" "WordPress/6.9; https://truelysell-wp.dreamsmarketplace.com"
47.128.54.4 - - [23/Feb/2026:02:51:26 +0000] "GET /velit-esse-quam-nihil-molestiae-consequatur-2/ HTTP/1.1" 200 37625 "-" "Mozilla/5.0 (Linux; Android 5.0) AppleWebKit/537.36 (KHTML, like Gecko) Mobile Safari/537.36 (compatible; Bytespider; [email protected])"
69.197.174.54 - - [23/Feb/2026:02:51:26 +0000] "GET /lucky31-casino-une-experience-exceptionnelle/ HTTP/1.1" 200 42583 "http://truelysell-wp.dreamsmarketplace.com/lucky31-casino-une-experience-exceptionnelle/" "Mozilla/5.0 (Macintosh; Intel Mac OS X 12_5) AppleWebKit/537.36 (KHTML, like Gecko) Chrome/114.0.0.0 Safari/537.36 OPR/89.0.4447.51"
47.128.54.4 - - [23/Feb/2026:02:51:28 +0000] "GET /wp-content/themes/truelysell/assets/css/block-styles.css?ver=1.0 HTTP/1.1" 404 29364 "https://truelysell-wp.dreamsmarketplace.com/velit-esse-quam-nihil-molestiae-consequatur-2/" "Mozilla/5.0 (Linux; Android 5.0) AppleWebKit/537.36 (KHTML, like Gecko) Mobile Safari/537.36 (compatible; Bytespider; [email protected])"
47.128.54.4 - - [23/Feb/2026:02:51:29 +0000] "GET /wp-content/uploads/2024/01/blog-4.jpg HTTP/1.1" 200 728798 "https://truelysell-wp.dreamsmarketplace.com/velit-esse-quam-nihil-molestiae-consequatur-2/" "Mozilla/5.0 (Linux; Android 5.0) AppleWebKit/537.36 (KHTML, like Gecko) Mobile Safari/537.36 (compatible; Bytespider; [email protected])"
47.128.54.4 - - [23/Feb/2026:02:51:30 +0000] "GET /wp-content/uploads/2021/09/service-06.jpg HTTP/1.1" 404 29364 "https://truelysell-wp.dreamsmarketplace.com/velit-esse-quam-nihil-molestiae-consequatur-2/" "Mozilla/5.0 (Linux; Android 5.0) AppleWebKit/537.36 (KHTML, like Gecko) Mobile Safari/537.36 (compatible; Bytespider; [email protected])"
209.251.19.63 - - [23/Feb/2026:02:51:31 +0000] "GET /register/ HTTP/1.1" 200 33929 "https://truelysell-wp.dreamsmarketplace.com/lucky31-casino-une-experience-exceptionnelle/" "Mozilla/5.0 (Windows NT 6.3; Win64; x64) AppleWebKit/537.36 (KHTML, like Gecko) Chrome/103.0.0.0 Safari/537.36"
47.128.54.4 - - [23/Feb/2026:02:51:32 +0000] "GET /wp-json/contact-form-7/v1/contact-forms/363/feedback/schema HTTP/1.1" 200 345 "https://truelysell-wp.dreamsmarketplace.com/velit-esse-quam-nihil-molestiae-consequatur-2/" "Mozilla/5.0 (Linux; Android 5.0) AppleWebKit/537.36 (KHTML, like Gecko) Mobile Safari/537.36 (compatible; Bytespider; [email protected])"
47.128.54.4 - - [23/Feb/2026:02:51:32 +0000] "POST /wp-admin/admin-ajax.php HTTP/1.1" 200 58 "https://truelysell-wp.dreamsmarketplace.com/velit-esse-quam-nihil-molestiae-consequatur-2/" "Mozilla/5.0 (Linux; Android 5.0) AppleWebKit/537.36 (KHTML, like Gecko) Mobile Safari/537.36 (compatible; Bytespider; [email protected])"
47.128.54.4 - - [23/Feb/2026:02:51:32 +0000] "GET /wp-admin/admin-ajax.php?action=get_includes_title HTTP/1.1" 200 70 "https://truelysell-wp.dreamsmarketplace.com/velit-esse-quam-nihil-molestiae-consequatur-2/" "Mozilla/5.0 (Linux; Android 5.0) AppleWebKit/537.36 (KHTML, like Gecko) Mobile Safari/537.36 (compatible; Bytespider; [email protected])"
47.128.54.4 - - [23/Feb/2026:02:51:32 +0000] "GET /wp-admin/admin-ajax.php?action=get_faq_section HTTP/1.1" 200 83 "https://truelysell-wp.dreamsmarketplace.com/velit-esse-quam-nihil-molestiae-consequatur-2/" "Mozilla/5.0 (Linux; Android 5.0) AppleWebKit/537.36 (KHTML, like Gecko) Mobile Safari/537.36 (compatible; Bytespider; [email protected])"
47.128.54.4 - - [23/Feb/2026:02:51:32 +0000] "GET /wp-admin/admin-ajax.php?action=get_additional_services HTTP/1.1" 200 83 "https://truelysell-wp.dreamsmarketplace.com/velit-esse-quam-nihil-molestiae-consequatur-2/" "Mozilla/5.0 (Linux; Android 5.0) AppleWebKit/537.36 (KHTML, like Gecko) Mobile Safari/537.36 (compatible; Bytespider; [email protected])"
209.251.19.63 - - [23/Feb/2026:02:51:33 +0000] "GET /wp-login.php?action=register HTTP/1.1" 200 1793 "https://truelysell-wp.dreamsmarketplace.com/register/" "Mozilla/5.0 (Windows NT 6.3; Win64; x64) AppleWebKit/537.36 (KHTML, like Gecko) Chrome/103.0.0.0 Safari/537.36"
52.42.49.200 - - [23/Feb/2026:02:51:42 +0000] "GET / HTTP/1.1" 301 178 "-" "FreshpingBot/1.0 (+https://freshping.io/)"
52.42.49.200 - - [23/Feb/2026:02:51:44 +0000] "GET / HTTP/1.1" 200 43819 "-" "FreshpingBot/1.0 (+https://freshping.io/)"
209.251.19.63 - - [23/Feb/2026:02:51:44 +0000] "POST /wp-login.php?action=register HTTP/1.1" 302 5 "https://truelysell-wp.dreamsmarketplace.com/wp-login.php?action=register" "Mozilla/5.0 (Windows NT 6.3; Win64; x64) AppleWebKit/537.36 (KHTML, like Gecko) Chrome/103.0.0.0 Safari/537.36"
209.251.19.63 - - [23/Feb/2026:02:51:46 +0000] "GET /wp-login.php?checkemail=registered HTTP/1.1" 200 1301 "https://truelysell-wp.dreamsmarketplace.com/wp-login.php?action=register" "Mozilla/5.0 (Windows NT 6.3; Win64; x64) AppleWebKit/537.36 (KHTML, like Gecko) Chrome/103.0.0.0 Safari/537.36"
216.244.66.202 - - [23/Feb/2026:02:51:52 +0000] "GET /robots.txt HTTP/1.1" 301 178 "-" "Mozilla/5.0 (compatible; DotBot/1.2; +https://opensiteexplorer.org/dotbot; [email protected])"
66.249.66.200 - - [23/Feb/2026:02:51:53 +0000] "GET /whether-youre-in-the-mood-for-internal-penetration-or/ HTTP/1.1" 404 29363 "-" "Mozilla/5.0 (Linux; Android 6.0.1; Nexus 5X Build/MMB29P) AppleWebKit/537.36 (KHTML, like Gecko) Chrome/144.0.7559.132 Mobile Safari/537.36 (compatible; Googlebot/2.1; +http://www.google.com/bot.html)"
172.187.168.139 - - [23/Feb/2026:02:52:32 +0000] "POST /wp-cron.php?doing_wp_cron=1771815152.0046210289001464843750 HTTP/1.1" 200 31 "-" "WordPress/6.9; https://truelysell-wp.dreamsmarketplace.com"
207.46.13.130 - - [23/Feb/2026:02:52:32 +0000] "GET /product/toughened-glass-fitting-services-3/ HTTP/1.1" 200 65028 "-" "Mozilla/5.0 AppleWebKit/537.36 (KHTML, like Gecko; compatible; bingbot/2.0; +http://www.bing.com/bingbot.htm) Chrome/116.0.1938.76 Safari/537.36"
2a02:4780:b:970:0:249a:2b7e:1 - - [23/Feb/2026:02:53:41 +0000] "GET /wp-content/uploads/2024/01/services-08.jpg HTTP/1.1" 304 0 "-" "-"
2a02:4780:b:970:0:249a:2b7e:1 - - [23/Feb/2026:02:53:42 +0000] "GET /wp-content/uploads/2024/01/services-10.jpg HTTP/1.1" 304 0 "-" "-"
2a02:4780:b:970:0:249a:2b7e:1 - - [23/Feb/2026:02:53:43 +0000] "GET /wp-content/uploads/2024/01/service-11.jpg HTTP/1.1" 304 0 "-" "-"
2a02:4780:b:970:0:249a:2b7e:1 - - [23/Feb/2026:02:53:43 +0000] "GET /wp-content/uploads/2024/01/service-02-1.jpg HTTP/1.1" 301 178 "-" "-"
2a02:4780:b:970:0:249a:2b7e:1 - - [23/Feb/2026:02:53:44 +0000] "GET /wp-content/uploads/2024/01/service-02-1.jpg HTTP/1.1" 304 0 "-" "-"
2a03:2880:f800:3f:: - - [23/Feb/2026:02:54:27 +0000] "GET /category/princess-casino/ HTTP/1.1" 301 178 "-" "meta-externalagent/1.1 (+https://developers.facebook.com/docs/sharing/webmasters/crawler)"
2a03:2880:f800:3b:: - - [23/Feb/2026:02:54:58 +0000] "GET /category/bez-rubriki/ HTTP/1.1" 301 178 "-" "meta-externalagent/1.1 (+https://developers.facebook.com/docs/sharing/webmasters/crawler)"
103.27.73.30 - - [23/Feb/2026:02:55:10 +0000] "GET /wp-content/uploads/2024/01/services-08.jpg HTTP/1.1" 304 0 "-" "-"
103.27.73.30 - - [23/Feb/2026:02:55:11 +0000] "GET /wp-content/uploads/2024/01/services-10.jpg HTTP/1.1" 304 0 "-" "-"
172.187.168.139 - - [23/Feb/2026:02:55:17 +0000] "POST /wp-cron.php?doing_wp_cron=1771815317.7534859180450439453125 HTTP/1.1" 200 31 "-" "WordPress/6.9; https://truelysell-wp.dreamsmarketplace.com"
2a03:2880:f800:45:: - - [23/Feb/2026:02:55:17 +0000] "GET /category/inbet-mx-com/ HTTP/1.1" 200 35825 "-" "meta-externalagent/1.1 (+https://developers.facebook.com/docs/sharing/webmasters/crawler)"
65.111.2.54 - - [23/Feb/2026:02:55:50 +0000] "GET /mystake-casino-une-aventure-de-jeu-etonnante/ HTTP/1.1" 301 178 "https://truelysell-wp.dreamstechnologies.com/" "Mozilla/5.0 (Windows NT 10.0; Win64; x64) AppleWebKit/537.36 (KHTML, like Gecko) Chrome/114.0.0.0 Safari/537.36"
172.187.168.139 - - [23/Feb/2026:02:55:52 +0000] "POST /wp-cron.php?doing_wp_cron=1771815352.3320751190185546875000 HTTP/1.1" 200 31 "-" "WordPress/6.9; https://truelysell-wp.dreamsmarketplace.com"
65.111.2.54 - - [23/Feb/2026:02:55:52 +0000] "GET /mystake-casino-une-aventure-de-jeu-etonnante/ HTTP/1.1" 404 29362 "https://truelysell-wp.dreamstechnologies.com/" "Mozilla/5.0 (Windows NT 10.0; Win64; x64) AppleWebKit/537.36 (KHTML, like Gecko) Chrome/114.0.0.0 Safari/537.36"
65.111.2.54 - - [23/Feb/2026:02:55:54 +0000] "GET / HTTP/1.1" 200 43819 "-" "Mozilla/5.0 (Windows NT 10.0; Win64; x64) AppleWebKit/537.36 (KHTML, like Gecko) Chrome/114.0.0.0 Safari/537.36"
65.111.11.196 - - [23/Feb/2026:02:55:56 +0000] "GET /wp-content/themes/truelysell/assets/css/block-styles.css?ver=1.0 HTTP/1.1" 404 29362 "https://truelysell-wp.dreamsmarketplace.com" "Mozilla/5.0 (Windows NT 10.0; Win64; x64) AppleWebKit/537.36 (KHTML, like Gecko) Chrome/143.0.0.0 Safari/537.36"
216.26.234.42 - - [23/Feb/2026:02:55:57 +0000] "GET /wp-content/plugins/contact-form-7/includes/css/styles.css?ver=6.1.4 HTTP/1.1" 200 2947 "https://truelysell-wp.dreamsmarketplace.com" "Mozilla/5.0 (Windows NT 10.0; Win64; x64) AppleWebKit/537.36 (KHTML, like Gecko) Chrome/143.0.0.0 Safari/537.36"
216.26.234.42 - - [23/Feb/2026:02:55:58 +0000] "GET /wp-content/plugins/truelysell-booking-core/css/booking-style.css HTTP/1.1" 200 10324 "https://truelysell-wp.dreamsmarketplace.com" "Mozilla/5.0 (Windows NT 10.0; Win64; x64) AppleWebKit/537.36 (KHTML, like Gecko) Chrome/143.0.0.0 Safari/537.36"
216.26.234.42 - - [23/Feb/2026:02:55:59 +0000] "GET /wp-content/plugins/truelysell-core/assets/css/frontend.css?ver=1.7.20 HTTP/1.1" 200 5679 "https://truelysell-wp.dreamsmarketplace.com" "Mozilla/5.0 (Windows NT 10.0; Win64; x64) AppleWebKit/537.36 (KHTML, like Gecko) Chrome/143.0.0.0 Safari/537.36"
216.26.234.42 - - [23/Feb/2026:02:56:00 +0000] "GET /wp-includes/css/buttons.min.css?ver=6.9 HTTP/1.1" 200 6061 "https://truelysell-wp.dreamsmarketplace.com" "Mozilla/5.0 (Windows NT 10.0; Win64; x64) AppleWebKit/537.36 (KHTML, like Gecko) Chrome/143.0.0.0 Safari/537.36"
216.26.234.42 - - [23/Feb/2026:02:56:00 +0000] "GET /wp-includes/css/dashicons.min.css?ver=6.9 HTTP/1.1" 200 59004 "https://truelysell-wp.dreamsmarketplace.com" "Mozilla/5.0 (Windows NT 10.0; Win64; x64) AppleWebKit/537.36 (KHTML, like Gecko) Chrome/143.0.0.0 Safari/537.36"
216.26.234.42 - - [23/Feb/2026:02:56:01 +0000] "GET /wp-includes/js/mediaelement/mediaelementplayer-legacy.min.css?ver=4.2.17 HTTP/1.1" 200 11256 "https://truelysell-wp.dreamsmarketplace.com" "Mozilla/5.0 (Windows NT 10.0; Win64; x64) AppleWebKit/537.36 (KHTML, like Gecko) Chrome/143.0.0.0 Safari/537.36"
216.26.234.42 - - [23/Feb/2026:02:56:02 +0000] "GET /wp-includes/js/mediaelement/wp-mediaelement.min.css?ver=6.9 HTTP/1.1" 200 4186 "https://truelysell-wp.dreamsmarketplace.com" "Mozilla/5.0 (Windows NT 10.0; Win64; x64) AppleWebKit/537.36 (KHTML, like Gecko) Chrome/143.0.0.0 Safari/537.36"
216.26.234.42 - - [23/Feb/2026:02:56:03 +0000] "GET /wp-includes/css/media-views.min.css?ver=6.9 HTTP/1.1" 200 46626 "https://truelysell-wp.dreamsmarketplace.com" "Mozilla/5.0 (Windows NT 10.0; Win64; x64) AppleWebKit/537.36 (KHTML, like Gecko) Chrome/143.0.0.0 Safari/537.36"
216.26.234.42 - - [23/Feb/2026:02:56:04 +0000] "GET /wp-includes/js/imgareaselect/imgareaselect.css?ver=0.9.8 HTTP/1.1" 200 790 "https://truelysell-wp.dreamsmarketplace.com" "Mozilla/5.0 (Windows NT 10.0; Win64; x64) AppleWebKit/537.36 (KHTML, like Gecko) Chrome/143.0.0.0 Safari/537.36"
216.26.234.42 - - [23/Feb/2026:02:56:04 +0000] "GET /wp-content/plugins/woocommerce/assets/css/woocommerce-layout.css?ver=10.4.2 HTTP/1.1" 200 19727 "https://truelysell-wp.dreamsmarketplace.com" "Mozilla/5.0 (Windows NT 10.0; Win64; x64) AppleWebKit/537.36 (KHTML, like Gecko) Chrome/143.0.0.0 Safari/537.36"
216.26.234.42 - - [23/Feb/2026:02:56:05 +0000] "GET /wp-content/plugins/woocommerce/assets/css/woocommerce-smallscreen.css?ver=10.4.2 HTTP/1.1" 200 7527 "https://truelysell-wp.dreamsmarketplace.com" "Mozilla/5.0 (Windows NT 10.0; Win64; x64) AppleWebKit/537.36 (KHTML, like Gecko) Chrome/143.0.0.0 Safari/537.36"
35.173.69.86 - - [23/Feb/2026:02:56:06 +0000] "GET / HTTP/1.1" 301 178 "-" "FreshpingBot/1.0 (+https://freshping.io/)"
216.26.234.42 - - [23/Feb/2026:02:56:06 +0000] "GET /wp-content/plugins/woocommerce/assets/css/woocommerce.css?ver=10.4.2 HTTP/1.1" 200 86378 "https://truelysell-wp.dreamsmarketplace.com" "Mozilla/5.0 (Windows NT 10.0; Win64; x64) AppleWebKit/537.36 (KHTML, like Gecko) Chrome/143.0.0.0 Safari/537.36"
216.26.234.42 - - [23/Feb/2026:02:56:07 +0000] "GET /wp-content/themes/truelysell/assets/css/bootstrap.min.css?ver=5.3.3 HTTP/1.1" 200 232803 "https://truelysell-wp.dreamsmarketplace.com" "Mozilla/5.0 (Windows NT 10.0; Win64; x64) AppleWebKit/537.36 (KHTML, like Gecko) Chrome/143.0.0.0 Safari/537.36"
216.26.234.42 - - [23/Feb/2026:02:56:08 +0000] "GET /wp-content/themes/truelysell/assets/css/bootstrap-tagsinput.css?ver=2.1 HTTP/1.1" 200 1359 "https://truelysell-wp.dreamsmarketplace.com" "Mozilla/5.0 (Windows NT 10.0; Win64; x64) AppleWebKit/537.36 (KHTML, like Gecko) Chrome/143.0.0.0 Safari/537.36"
35.173.69.86 - - [23/Feb/2026:02:56:08 +0000] "GET / HTTP/1.1" 200 43819 "-" "FreshpingBot/1.0 (+https://freshping.io/)"
216.26.234.42 - - [23/Feb/2026:02:56:09 +0000] "GET /wp-content/themes/truelysell/assets/css/meanmenu.css?ver=2.1 HTTP/1.1" 200 2769 "https://truelysell-wp.dreamsmarketplace.com" "Mozilla/5.0 (Windows NT 10.0; Win64; x64) AppleWebKit/537.36 (KHTML, like Gecko) Chrome/143.0.0.0 Safari/537.36"
216.26.234.42 - - [23/Feb/2026:02:56:09 +0000] "GET /wp-content/themes/truelysell/assets/css/animate.css?ver=2.1 HTTP/1.1" 200 23848 "https://truelysell-wp.dreamsmarketplace.com" "Mozilla/5.0 (Windows NT 10.0; Win64; x64) AppleWebKit/537.36 (KHTML, like Gecko) Chrome/143.0.0.0 Safari/537.36"
216.26.234.42 - - [23/Feb/2026:02:56:10 +0000] "GET /wp-content/plugins/elementor/assets/lib/font-awesome/css/font-awesome.min.css?ver=4.7.0 HTTP/1.1" 200 30999 "https://truelysell-wp.dreamsmarketplace.com" "Mozilla/5.0 (Windows NT 10.0; Win64; x64) AppleWebKit/537.36 (KHTML, like Gecko) Chrome/143.0.0.0 Safari/537.36"
216.26.234.42 - - [23/Feb/2026:02:56:11 +0000] "GET /wp-content/themes/truelysell/assets/plugins/fontawesome/css/all.min.css?ver=2.1 HTTP/1.1" 200 102641 "https://truelysell-wp.dreamsmarketplace.com" "Mozilla/5.0 (Windows NT 10.0; Win64; x64) AppleWebKit/537.36 (KHTML, like Gecko) Chrome/143.0.0.0 Safari/537.36"
216.26.234.42 - - [23/Feb/2026:02:56:12 +0000] "GET /wp-content/themes/truelysell/assets/css/feather.css?ver=2.1 HTTP/1.1" 200 13391 "https://truelysell-wp.dreamsmarketplace.com" "Mozilla/5.0 (Windows NT 10.0; Win64; x64) AppleWebKit/537.36 (KHTML, like Gecko) Chrome/143.0.0.0 Safari/537.36"
216.26.234.42 - - [23/Feb/2026:02:56:13 +0000] "GET /wp-content/themes/truelysell/assets/plugins/tabler-icons/tabler-icons.css?ver=2.1 HTTP/1.1" 200 246507 "https://truelysell-wp.dreamsmarketplace.com" "Mozilla/5.0 (Windows NT 10.0; Win64; x64) AppleWebKit/537.36 (KHTML, like Gecko) Chrome/143.0.0.0 Safari/537.36"
216.26.234.42 - - [23/Feb/2026:02:56:14 +0000] "GET /wp-content/plugins/woocommerce/assets/css/select2.css?ver=10.4.2 HTTP/1.1" 200 14621 "https://truelysell-wp.dreamsmarketplace.com" "Mozilla/5.0 (Windows NT 10.0; Win64; x64) AppleWebKit/537.36 (KHTML, like Gecko) Chrome/143.0.0.0 Safari/537.36"
216.26.234.42 - - [23/Feb/2026:02:56:15 +0000] "GET /wp-content/themes/truelysell//assets/css/owl.carousel.min.css?ver=2.1 HTTP/1.1" 200 3351 "https://truelysell-wp.dreamsmarketplace.com" "Mozilla/5.0 (Windows NT 10.0; Win64; x64) AppleWebKit/537.36 (KHTML, like Gecko) Chrome/143.0.0.0 Safari/537.36"
216.26.234.42 - - [23/Feb/2026:02:56:15 +0000] "GET /wp-content/themes/truelysell/assets/plugins/aos/aos.css?ver=2.1 HTTP/1.1" 200 26053 "https://truelysell-wp.dreamsmarketplace.com" "Mozilla/5.0 (Windows NT 10.0; Win64; x64) AppleWebKit/537.36 (KHTML, like Gecko) Chrome/143.0.0.0 Safari/537.36"
216.26.234.42 - - [23/Feb/2026:02:56:16 +0000] "GET /wp-content/themes/truelysell/assets/css/bootstrap-datetimepicker.min.css?ver=2.1 HTTP/1.1" 200 7785 "https://truelysell-wp.dreamsmarketplace.com" "Mozilla/5.0 (Windows NT 10.0; Win64; x64) AppleWebKit/537.36 (KHTML, like Gecko) Chrome/143.0.0.0 Safari/537.36"
216.26.234.42 - - [23/Feb/2026:02:56:17 +0000] "GET /wp-content/themes/truelysell//assets/plugins/fancybox/jquery.fancybox.min.css?ver=2.1 HTTP/1.1" 200 12795 "https://truelysell-wp.dreamsmarketplace.com" "Mozilla/5.0 (Windows NT 10.0; Win64; x64) AppleWebKit/537.36 (KHTML, like Gecko) Chrome/143.0.0.0 Safari/537.36"
216.26.234.42 - - [23/Feb/2026:02:56:18 +0000] "GET /wp-content/themes/truelysell/assets/plugins/datatables/datatables.min.css?ver=2.1 HTTP/1.1" 200 5548 "https://truelysell-wp.dreamsmarketplace.com" "Mozilla/5.0 (Windows NT 10.0; Win64; x64) AppleWebKit/537.36 (KHTML, like Gecko) Chrome/143.0.0.0 Safari/537.36"
216.26.234.42 - - [23/Feb/2026:02:56:18 +0000] "GET /wp-content/themes/truelysell/assets/plugins/fullcalendar/main.min.css?ver=2.1 HTTP/1.1" 200 25839 "https://truelysell-wp.dreamsmarketplace.com" "Mozilla/5.0 (Windows NT 10.0; Win64; x64) AppleWebKit/537.36 (KHTML, like Gecko) Chrome/143.0.0.0 Safari/537.36"
216.26.234.42 - - [23/Feb/2026:02:56:19 +0000] "GET /wp-content/themes/truelysell/assets/plugins/fullcalendar/bootstrap-icons.css?ver=2.1 HTTP/1.1" 200 80510 "https://truelysell-wp.dreamsmarketplace.com" "Mozilla/5.0 (Windows NT 10.0; Win64; x64) AppleWebKit/537.36 (KHTML, like Gecko) Chrome/143.0.0.0 Safari/537.36"
216.26.234.42 - - [23/Feb/2026:02:56:20 +0000] "GET /wp-content/themes/truelysell/assets/css/default-css.css?ver=2.1 HTTP/1.1" 200 134277 "https://truelysell-wp.dreamsmarketplace.com" "Mozilla/5.0 (Windows NT 10.0; Win64; x64) AppleWebKit/537.36 (KHTML, like Gecko) Chrome/143.0.0.0 Safari/537.36"
216.26.234.42 - - [23/Feb/2026:02:56:21 +0000] "GET /wp-content/themes/truelysell/assets/css/theme-woocommerce.css?ver=2.1 HTTP/1.1" 200 126306 "https://truelysell-wp.dreamsmarketplace.com" "Mozilla/5.0 (Windows NT 10.0; Win64; x64) AppleWebKit/537.36 (KHTML, like Gecko) Chrome/143.0.0.0 Safari/537.36"
216.26.234.42 - - [23/Feb/2026:02:56:22 +0000] "GET /wp-content/themes/truelysell/assets/css/style.css?ver=2.1 HTTP/1.1" 200 425396 "https://truelysell-wp.dreamsmarketplace.com" "Mozilla/5.0 (Windows NT 10.0; Win64; x64) AppleWebKit/537.36 (KHTML, like Gecko) Chrome/143.0.0.0 Safari/537.36"
216.26.234.42 - - [23/Feb/2026:02:56:23 +0000] "GET /wp-content/themes/truelysell/assets/css/style-new.css?ver=2.1 HTTP/1.1" 200 153802 "https://truelysell-wp.dreamsmarketplace.com" "Mozilla/5.0 (Windows NT 10.0; Win64; x64) AppleWebKit/537.36 (KHTML, like Gecko) Chrome/143.0.0.0 Safari/537.36"
216.26.234.42 - - [23/Feb/2026:02:56:24 +0000] "GET /wp-content/themes/truelysell/assets/css/responsive.css?ver=2.1 HTTP/1.1" 200 91602 "https://truelysell-wp.dreamsmarketplace.com" "Mozilla/5.0 (Windows NT 10.0; Win64; x64) AppleWebKit/537.36 (KHTML, like Gecko) Chrome/143.0.0.0 Safari/537.36"
216.26.234.42 - - [23/Feb/2026:02:56:25 +0000] "GET /wp-content/themes/truelysell/style.css?ver=6.9 HTTP/1.1" 304 0 "https://truelysell-wp.dreamsmarketplace.com" "Mozilla/5.0 (Windows NT 10.0; Win64; x64) AppleWebKit/537.36 (KHTML, like Gecko) Chrome/143.0.0.0 Safari/537.36"
216.26.234.42 - - [23/Feb/2026:02:56:25 +0000] "GET /wp-content/plugins/elementor/assets/lib/eicons/css/elementor-icons.min.css?ver=5.44.0 HTTP/1.1" 200 21256 "https://truelysell-wp.dreamsmarketplace.com" "Mozilla/5.0 (Windows NT 10.0; Win64; x64) AppleWebKit/537.36 (KHTML, like Gecko) Chrome/143.0.0.0 Safari/537.36"
216.26.234.42 - - [23/Feb/2026:02:56:26 +0000] "GET /wp-content/plugins/elementor/assets/css/frontend.min.css?ver=3.33.4 HTTP/1.1" 200 53644 "https://truelysell-wp.dreamsmarketplace.com" "Mozilla/5.0 (Windows NT 10.0; Win64; x64) AppleWebKit/537.36 (KHTML, like Gecko) Chrome/143.0.0.0 Safari/537.36"
216.26.234.42 - - [23/Feb/2026:02:56:27 +0000] "GET /wp-content/plugins/woocommerce-gateway-stripe/build/upe-blocks.css?ver=7bd858abef745f506c75 HTTP/1.1" 200 3408 "https://truelysell-wp.dreamsmarketplace.com" "Mozilla/5.0 (Windows NT 10.0; Win64; x64) AppleWebKit/537.36 (KHTML, like Gecko) Chrome/143.0.0.0 Safari/537.36"
216.26.234.42 - - [23/Feb/2026:02:56:28 +0000] "GET /wp-content/plugins/woocommerce/assets/client/blocks/wc-blocks.css?ver=wc-10.4.2 HTTP/1.1" 200 14006 "https://truelysell-wp.dreamsmarketplace.com" "Mozilla/5.0 (Windows NT 10.0; Win64; x64) AppleWebKit/537.36 (KHTML, like Gecko) Chrome/143.0.0.0 Safari/537.36"
172.187.168.139 - - [23/Feb/2026:02:56:30 +0000] "POST /wp-cron.php?doing_wp_cron=1771815390.3748049736022949218750 HTTP/1.1" 200 31 "-" "WordPress/6.9; https://truelysell-wp.dreamsmarketplace.com"
65.111.2.54 - - [23/Feb/2026:02:56:30 +0000] "GET /page-131/ HTTP/1.1" 200 372185 "https://truelysell-wp.dreamsmarketplace.com/page-131/" "Mozilla/5.0 (Windows NT 10.0; Win64; x64) AppleWebKit/537.36 (KHTML, like Gecko) Chrome/114.0.0.0 Safari/537.36"
216.26.234.42 - - [23/Feb/2026:02:56:31 +0000] "GET /wp-includes/css/dist/block-library/style.min.css?ver=6.9 HTTP/1.1" 200 119695 "https://truelysell-wp.dreamsmarketplace.com/page-131/" "Mozilla/5.0 (Windows NT 10.0; Win64; x64) AppleWebKit/537.36 (KHTML, like Gecko) Chrome/143.0.0.0 Safari/537.36"
216.26.234.42 - - [23/Feb/2026:02:56:33 +0000] "GET /wp-content/themes/truelysell/assets/css/block-styles.css?ver=1.0 HTTP/1.1" 404 29362 "https://truelysell-wp.dreamsmarketplace.com/page-131/" "Mozilla/5.0 (Windows NT 10.0; Win64; x64) AppleWebKit/537.36 (KHTML, like Gecko) Chrome/143.0.0.0 Safari/537.36"
172.187.168.139 - - [23/Feb/2026:02:56:37 +0000] "POST /saloon/wp-cron.php?doing_wp_cron=1771815397.6937270164489746093750 HTTP/1.1" 200 31 "-" "WordPress/6.9; https://truelysell-wp.dreamsmarketplace.com/saloon"
66.249.66.12 - - [23/Feb/2026:02:56:37 +0000] "GET /saloon/ HTTP/1.1" 200 41115 "-" "Mozilla/5.0 (Linux; Android 6.0.1; Nexus 5X Build/MMB29P) AppleWebKit/537.36 (KHTML, like Gecko) Chrome/144.0.7559.132 Mobile Safari/537.36 (compatible; Googlebot/2.1; +http://www.google.com/bot.html)"
66.249.66.164 - - [23/Feb/2026:02:56:46 +0000] "GET /saloon/wp-includes/js/mediaelement/wp-mediaelement.min.css?ver=6.9 HTTP/1.1" 200 4186 "https://truelysell-wp.dreamsmarketplace.com/saloon/" "Mozilla/5.0 (Linux; Android 6.0.1; Nexus 5X Build/MMB29P) AppleWebKit/537.36 (KHTML, like Gecko) Chrome/144.0.7559.132 Mobile Safari/537.36 (compatible; Googlebot/2.1; +http://www.google.com/bot.html)"
66.249.66.11 - - [23/Feb/2026:02:56:46 +0000] "GET /saloon/wp-content/themes/truelysell/assets/js/jquery.scrollto.js?ver=2.1 HTTP/1.1" 304 0 "https://truelysell-wp.dreamsmarketplace.com/saloon/" "Mozilla/5.0 (Linux; Android 6.0.1; Nexus 5X Build/MMB29P) AppleWebKit/537.36 (KHTML, like Gecko) Chrome/144.0.7559.132 Mobile Safari/537.36 (compatible; Googlebot/2.1; +http://www.google.com/bot.html)"
66.249.66.201 - - [23/Feb/2026:02:56:46 +0000] "GET /saloon/wp-content/themes/truelysell/assets/plugins/fontawesome/css/all.min.css?ver=2.1 HTTP/1.1" 200 102641 "https://truelysell-wp.dreamsmarketplace.com/saloon/" "Mozilla/5.0 (Linux; Android 6.0.1; Nexus 5X Build/MMB29P) AppleWebKit/537.36 (KHTML, like Gecko) Chrome/144.0.7559.132 Mobile Safari/537.36 (compatible; Googlebot/2.1; +http://www.google.com/bot.html)"
66.249.66.11 - - [23/Feb/2026:02:56:47 +0000] "GET /saloon/wp-content/themes/truelysell/assets/css/bootstrap-datetimepicker.min.css?ver=2.1 HTTP/1.1" 200 7785 "https://truelysell-wp.dreamsmarketplace.com/saloon/" "Mozilla/5.0 (Linux; Android 6.0.1; Nexus 5X Build/MMB29P) AppleWebKit/537.36 (KHTML, like Gecko) Chrome/144.0.7559.132 Mobile Safari/537.36 (compatible; Googlebot/2.1; +http://www.google.com/bot.html)"
66.249.66.45 - - [23/Feb/2026:02:56:47 +0000] "GET /saloon/wp-content/themes/truelysell/assets/js/counterup.min.js?ver=2.1 HTTP/1.1" 304 0 "https://truelysell-wp.dreamsmarketplace.com/saloon/" "Mozilla/5.0 (Linux; Android 6.0.1; Nexus 5X Build/MMB29P) AppleWebKit/537.36 (KHTML, like Gecko) Chrome/144.0.7559.132 Mobile Safari/537.36 (compatible; Googlebot/2.1; +http://www.google.com/bot.html)"
66.249.66.200 - - [23/Feb/2026:02:56:47 +0000] "GET /saloon/wp-content/themes/truelysell/assets/css/responsive.css?ver=2.1 HTTP/1.1" 304 0 "https://truelysell-wp.dreamsmarketplace.com/saloon/" "Mozilla/5.0 (Linux; Android 6.0.1; Nexus 5X Build/MMB29P) AppleWebKit/537.36 (KHTML, like Gecko) Chrome/144.0.7559.132 Mobile Safari/537.36 (compatible; Googlebot/2.1; +http://www.google.com/bot.html)"
66.249.66.45 - - [23/Feb/2026:02:56:48 +0000] "GET /saloon/wp-content/themes/truelysell/assets/plugins/fullcalendar/main.min.css?ver=2.1 HTTP/1.1" 200 25839 "https://truelysell-wp.dreamsmarketplace.com/saloon/" "Mozilla/5.0 (Linux; Android 6.0.1; Nexus 5X Build/MMB29P) AppleWebKit/537.36 (KHTML, like Gecko) Chrome/144.0.7559.132 Mobile Safari/537.36 (compatible; Googlebot/2.1; +http://www.google.com/bot.html)"
66.249.66.200 - - [23/Feb/2026:02:56:49 +0000] "GET /saloon/wp-content/themes/truelysell/assets/css/default-css.css?ver=2.1 HTTP/1.1" 200 134277 "https://truelysell-wp.dreamsmarketplace.com/saloon/" "Mozilla/5.0 (Linux; Android 6.0.1; Nexus 5X Build/MMB29P) AppleWebKit/537.36 (KHTML, like Gecko) Chrome/144.0.7559.132 Mobile Safari/537.36 (compatible; Googlebot/2.1; +http://www.google.com/bot.html)"
66.249.66.11 - - [23/Feb/2026:02:56:49 +0000] "GET /saloon/wp-content/themes/truelysell/assets/js/waypoints.min.js?ver=2.1 HTTP/1.1" 200 16882 "https://truelysell-wp.dreamsmarketplace.com/saloon/" "Mozilla/5.0 (Linux; Android 6.0.1; Nexus 5X Build/MMB29P) AppleWebKit/537.36 (KHTML, like Gecko) Chrome/144.0.7559.132 Mobile Safari/537.36 (compatible; Googlebot/2.1; +http://www.google.com/bot.html)"
66.249.66.44 - - [23/Feb/2026:02:56:50 +0000] "GET /saloon/wp-includes/js/plupload/plupload.min.js?ver=2.1.9 HTTP/1.1" 304 0 "https://truelysell-wp.dreamsmarketplace.com/saloon/" "Mozilla/5.0 (Linux; Android 6.0.1; Nexus 5X Build/MMB29P) AppleWebKit/537.36 (KHTML, like Gecko) Chrome/144.0.7559.132 Mobile Safari/537.36 (compatible; Googlebot/2.1; +http://www.google.com/bot.html)"
66.249.66.10 - - [23/Feb/2026:02:56:50 +0000] "GET /saloon/wp-content/plugins/truelysell-core/assets/js/frontend.js?ver=1.7.20 HTTP/1.1" 304 0 "https://truelysell-wp.dreamsmarketplace.com/saloon/" "Mozilla/5.0 (Linux; Android 6.0.1; Nexus 5X Build/MMB29P) AppleWebKit/537.36 (KHTML, like Gecko) Chrome/144.0.7559.132 Mobile Safari/537.36 (compatible; Googlebot/2.1; +http://www.google.com/bot.html)"
66.249.66.10 - - [23/Feb/2026:02:56:51 +0000] "GET /saloon/wp-content/plugins/woocommerce/assets/css/woocommerce.css?ver=10.4.2 HTTP/1.1" 304 0 "https://truelysell-wp.dreamsmarketplace.com/saloon/" "Mozilla/5.0 (Linux; Android 6.0.1; Nexus 5X Build/MMB29P) AppleWebKit/537.36 (KHTML, like Gecko) Chrome/144.0.7559.132 Mobile Safari/537.36 (compatible; Googlebot/2.1; +http://www.google.com/bot.html)"
66.249.66.44 - - [23/Feb/2026:02:56:51 +0000] "GET /saloon/wp-content/themes/truelysell/assets/images/logo.svg HTTP/1.1" 200 12617 "https://truelysell-wp.dreamsmarketplace.com/saloon/" "Mozilla/5.0 (Linux; Android 6.0.1; Nexus 5X Build/MMB29P) AppleWebKit/537.36 (KHTML, like Gecko) Chrome/144.0.7559.132 Mobile Safari/537.36 (compatible; Googlebot/2.1; +http://www.google.com/bot.html)"
66.249.66.164 - - [23/Feb/2026:02:56:52 +0000] "GET /saloon/wp-content/plugins/truelysell-booking-core/css/booking-style.css HTTP/1.1" 304 0 "https://truelysell-wp.dreamsmarketplace.com/saloon/" "Mozilla/5.0 (Linux; Android 6.0.1; Nexus 5X Build/MMB29P) AppleWebKit/537.36 (KHTML, like Gecko) Chrome/144.0.7559.132 Mobile Safari/537.36 (compatible; Googlebot/2.1; +http://www.google.com/bot.html)"
66.249.66.164 - - [23/Feb/2026:02:56:53 +0000] "GET /saloon/wp-content/uploads/2024/01/saloon-service-2.svg HTTP/1.1" 200 8309 "https://truelysell-wp.dreamsmarketplace.com/saloon/" "Mozilla/5.0 (Linux; Android 6.0.1; Nexus 5X Build/MMB29P) AppleWebKit/537.36 (KHTML, like Gecko) Chrome/144.0.7559.132 Mobile Safari/537.36 (compatible; Googlebot/2.1; +http://www.google.com/bot.html)"
66.249.66.73 - - [23/Feb/2026:02:56:53 +0000] "GET /saloon/wp-content/plugins/woocommerce/assets/css/woocommerce-smallscreen.css?ver=10.4.2 HTTP/1.1" 304 0 "https://truelysell-wp.dreamsmarketplace.com/saloon/" "Mozilla/5.0 (Linux; Android 6.0.1; Nexus 5X Build/MMB29P) AppleWebKit/537.36 (KHTML, like Gecko) Chrome/144.0.7559.132 Mobile Safari/537.36 (compatible; Googlebot/2.1; +http://www.google.com/bot.html)"
66.249.66.164 - - [23/Feb/2026:02:56:54 +0000] "GET /saloon/wp-content/themes/truelysell/assets/plugins/datatables/datatables.min.css?ver=2.1 HTTP/1.1" 304 0 "https://truelysell-wp.dreamsmarketplace.com/saloon/" "Mozilla/5.0 (Linux; Android 6.0.1; Nexus 5X Build/MMB29P) AppleWebKit/537.36 (KHTML, like Gecko) Chrome/144.0.7559.132 Mobile Safari/537.36 (compatible; Googlebot/2.1; +http://www.google.com/bot.html)"
66.249.66.44 - - [23/Feb/2026:02:56:54 +0000] "GET /saloon/wp-content/themes/truelysell/assets/css/bootstrap.min.css?ver=5.3.3 HTTP/1.1" 304 0 "https://truelysell-wp.dreamsmarketplace.com/saloon/" "Mozilla/5.0 (Linux; Android 6.0.1; Nexus 5X Build/MMB29P) AppleWebKit/537.36 (KHTML, like Gecko) Chrome/144.0.7559.132 Mobile Safari/537.36 (compatible; Googlebot/2.1; +http://www.google.com/bot.html)"
66.249.66.44 - - [23/Feb/2026:02:56:55 +0000] "GET /saloon/wp-content/themes/truelysell/assets/js/slick.min.js?ver=2.1 HTTP/1.1" 304 0 "https://truelysell-wp.dreamsmarketplace.com/saloon/" "Mozilla/5.0 (Linux; Android 6.0.1; Nexus 5X Build/MMB29P) AppleWebKit/537.36 (KHTML, like Gecko) Chrome/144.0.7559.132 Mobile Safari/537.36 (compatible; Googlebot/2.1; +http://www.google.com/bot.html)"
66.249.66.10 - - [23/Feb/2026:02:56:55 +0000] "GET /saloon/wp-content/plugins/woocommerce/assets/css/select2.css?ver=10.4.2 HTTP/1.1" 200 14621 "https://truelysell-wp.dreamsmarketplace.com/saloon/" "Mozilla/5.0 (Linux; Android 6.0.1; Nexus 5X Build/MMB29P) AppleWebKit/537.36 (KHTML, like Gecko) Chrome/144.0.7559.132 Mobile Safari/537.36 (compatible; Googlebot/2.1; +http://www.google.com/bot.html)"
66.249.66.44 - - [23/Feb/2026:02:56:56 +0000] "GET /saloon/wp-content/themes/truelysell/assets/css/bootstrap-tagsinput.css?ver=2.1 HTTP/1.1" 200 1359 "https://truelysell-wp.dreamsmarketplace.com/saloon/" "Mozilla/5.0 (Linux; Android 6.0.1; Nexus 5X Build/MMB29P) AppleWebKit/537.36 (KHTML, like Gecko) Chrome/144.0.7559.132 Mobile Safari/537.36 (compatible; Googlebot/2.1; +http://www.google.com/bot.html)"
66.249.66.10 - - [23/Feb/2026:02:56:56 +0000] "GET /saloon/wp-content/themes/truelysell/assets/js/timedropper.js?ver=2.1 HTTP/1.1" 304 0 "https://truelysell-wp.dreamsmarketplace.com/saloon/" "Mozilla/5.0 (Linux; Android 6.0.1; Nexus 5X Build/MMB29P) AppleWebKit/537.36 (KHTML, like Gecko) Chrome/144.0.7559.132 Mobile Safari/537.36 (compatible; Googlebot/2.1; +http://www.google.com/bot.html)"
66.249.66.73 - - [23/Feb/2026:02:56:57 +0000] "GET /saloon/wp-content/themes/truelysell/assets/plugins/tabler-icons/tabler-icons.css?ver=2.1 HTTP/1.1" 200 246507 "https://truelysell-wp.dreamsmarketplace.com/saloon/" "Mozilla/5.0 (Linux; Android 6.0.1; Nexus 5X Build/MMB29P) AppleWebKit/537.36 (KHTML, like Gecko) Chrome/144.0.7559.132 Mobile Safari/537.36 (compatible; Googlebot/2.1; +http://www.google.com/bot.html)"
66.249.66.10 - - [23/Feb/2026:02:56:57 +0000] "GET /saloon/wp-content/plugins/woocommerce/assets/client/blocks/wc-blocks.css?ver=wc-10.4.2 HTTP/1.1" 304 0 "https://truelysell-wp.dreamsmarketplace.com/saloon/" "Mozilla/5.0 (Linux; Android 6.0.1; Nexus 5X Build/MMB29P) AppleWebKit/537.36 (KHTML, like Gecko) Chrome/144.0.7559.132 Mobile Safari/537.36 (compatible; Googlebot/2.1; +http://www.google.com/bot.html)"
2404:8000:1024:1371:a88a:2675:6dee:8e55 - - [23/Feb/2026:02:56:58 +0000] "GET /wp-content/uploads/2024/10/category-06.svg HTTP/1.1" 301 178 "https://www.teknisihub.com/" "Mozilla/5.0 (Macintosh; Intel Mac OS X 10_15_7) AppleWebKit/537.36 (KHTML, like Gecko) Chrome/145.0.0.0 Safari/537.36"
66.249.66.164 - - [23/Feb/2026:02:56:58 +0000] "GET /saloon/wp-includes/js/dist/hooks.min.js?ver=dd5603f07f9220ed27f1 HTTP/1.1" 304 0 "https://truelysell-wp.dreamsmarketplace.com/saloon/" "Mozilla/5.0 (Linux; Android 6.0.1; Nexus 5X Build/MMB29P) AppleWebKit/537.36 (KHTML, like Gecko) Chrome/144.0.7559.132 Mobile Safari/537.36 (compatible; Googlebot/2.1; +http://www.google.com/bot.html)"
66.249.66.164 - - [23/Feb/2026:02:56:58 +0000] "GET /saloon/wp-content/plugins/contact-form-7/includes/swv/js/index.js?ver=6.1.4 HTTP/1.1" 304 0 "https://truelysell-wp.dreamsmarketplace.com/saloon/" "Mozilla/5.0 (Linux; Android 6.0.1; Nexus 5X Build/MMB29P) AppleWebKit/537.36 (KHTML, like Gecko) Chrome/144.0.7559.132 Mobile Safari/537.36 (compatible; Googlebot/2.1; +http://www.google.com/bot.html)"
66.249.66.10 - - [23/Feb/2026:02:56:59 +0000] "GET /saloon/wp-includes/js/jquery/ui/core.min.js?ver=1.13.3 HTTP/1.1" 304 0 "https://truelysell-wp.dreamsmarketplace.com/saloon/" "Mozilla/5.0 (Linux; Android 6.0.1; Nexus 5X Build/MMB29P) AppleWebKit/537.36 (KHTML, like Gecko) Chrome/144.0.7559.132 Mobile Safari/537.36 (compatible; Googlebot/2.1; +http://www.google.com/bot.html)"
66.249.66.200 - - [23/Feb/2026:02:56:59 +0000] "GET /saloon/wp-includes/js/jquery/ui/menu.min.js?ver=1.13.3 HTTP/1.1" 200 10199 "https://truelysell-wp.dreamsmarketplace.com/saloon/" "Mozilla/5.0 (Linux; Android 6.0.1; Nexus 5X Build/MMB29P) AppleWebKit/537.36 (KHTML, like Gecko) Chrome/144.0.7559.132 Mobile Safari/537.36 (compatible; Googlebot/2.1; +http://www.google.com/bot.html)"
66.249.66.164 - - [23/Feb/2026:02:57:00 +0000] "GET /saloon/wp-content/plugins/truelysell-core/assets/js/uploads.min.js?ver=1.7.20 HTTP/1.1" 200 15316 "https://truelysell-wp.dreamsmarketplace.com/saloon/" "Mozilla/5.0 (Linux; Android 6.0.1; Nexus 5X Build/MMB29P) AppleWebKit/537.36 (KHTML, like Gecko) Chrome/144.0.7559.132 Mobile Safari/537.36 (compatible; Googlebot/2.1; +http://www.google.com/bot.html)"
66.249.66.164 - - [23/Feb/2026:02:57:01 +0000] "GET /saloon/wp-includes/js/dist/i18n.min.js?ver=c26c3dc7bed366793375 HTTP/1.1" 304 0 "https://truelysell-wp.dreamsmarketplace.com/saloon/" "Mozilla/5.0 (Linux; Android 6.0.1; Nexus 5X Build/MMB29P) AppleWebKit/537.36 (KHTML, like Gecko) Chrome/144.0.7559.132 Mobile Safari/537.36 (compatible; Googlebot/2.1; +http://www.google.com/bot.html)"
66.249.66.73 - - [23/Feb/2026:02:57:01 +0000] "GET /saloon/wp-content/plugins/truelysell-core/assets/js/slots-new.js HTTP/1.1" 200 16294 "https://truelysell-wp.dreamsmarketplace.com/saloon/" "Mozilla/5.0 (Linux; Android 6.0.1; Nexus 5X Build/MMB29P) AppleWebKit/537.36 (KHTML, like Gecko) Chrome/144.0.7559.132 Mobile Safari/537.36 (compatible; Googlebot/2.1; +http://www.google.com/bot.html)"
66.249.66.164 - - [23/Feb/2026:02:57:02 +0000] "GET /saloon/wp-content/plugins/truelysell-core/assets/js/custom-price.js HTTP/1.1" 304 0 "https://truelysell-wp.dreamsmarketplace.com/saloon/" "Mozilla/5.0 (Linux; Android 6.0.1; Nexus 5X Build/MMB29P) AppleWebKit/537.36 (KHTML, like Gecko) Chrome/144.0.7559.132 Mobile Safari/537.36 (compatible; Googlebot/2.1; +http://www.google.com/bot.html)"
66.249.66.164 - - [23/Feb/2026:02:57:02 +0000] "GET /saloon/wp-includes/js/underscore.min.js?ver=1.13.7 HTTP/1.1" 304 0 "https://truelysell-wp.dreamsmarketplace.com/saloon/" "Mozilla/5.0 (Linux; Android 6.0.1; Nexus 5X Build/MMB29P) AppleWebKit/537.36 (KHTML, like Gecko) Chrome/144.0.7559.132 Mobile Safari/537.36 (compatible; Googlebot/2.1; +http://www.google.com/bot.html)"
66.249.66.73 - - [23/Feb/2026:02:57:03 +0000] "GET /saloon/wp-content/plugins/truelysell-core/assets/js/contact-provider.js HTTP/1.1" 200 1101 "https://truelysell-wp.dreamsmarketplace.com/saloon/" "Mozilla/5.0 (Linux; Android 6.0.1; Nexus 5X Build/MMB29P) AppleWebKit/537.36 (KHTML, like Gecko) Chrome/144.0.7559.132 Mobile Safari/537.36 (compatible; Googlebot/2.1; +http://www.google.com/bot.html)"
66.249.66.10 - - [23/Feb/2026:02:57:03 +0000] "GET /saloon/wp-includes/js/media-models.min.js?ver=6.9 HTTP/1.1" 304 0 "https://truelysell-wp.dreamsmarketplace.com/saloon/" "Mozilla/5.0 (Linux; Android 6.0.1; Nexus 5X Build/MMB29P) AppleWebKit/537.36 (KHTML, like Gecko) Chrome/144.0.7559.132 Mobile Safari/537.36 (compatible; Googlebot/2.1; +http://www.google.com/bot.html)"
66.249.66.44 - - [23/Feb/2026:02:57:04 +0000] "GET /saloon/wp-includes/js/backbone.min.js?ver=1.6.0 HTTP/1.1" 304 0 "https://truelysell-wp.dreamsmarketplace.com/saloon/" "Mozilla/5.0 (Linux; Android 6.0.1; Nexus 5X Build/MMB29P) AppleWebKit/537.36 (KHTML, like Gecko) Chrome/144.0.7559.132 Mobile Safari/537.36 (compatible; Googlebot/2.1; +http://www.google.com/bot.html)"
66.249.66.44 - - [23/Feb/2026:02:57:06 +0000] "GET /saloon/wp-content/themes/truelysell//assets/js/bootstrap.bundle.min.js?ver=6.9 HTTP/1.1" 304 0 "https://truelysell-wp.dreamsmarketplace.com/saloon/" "Mozilla/5.0 (Linux; Android 6.0.1; Nexus 5X Build/MMB29P) AppleWebKit/537.36 (KHTML, like Gecko) Chrome/144.0.7559.132 Mobile Safari/537.36 (compatible; Googlebot/2.1; +http://www.google.com/bot.html)"
66.249.66.73 - - [23/Feb/2026:02:57:08 +0000] "GET /saloon/wp-content/themes/truelysell/assets/js/wow.min.js?ver=6.9 HTTP/1.1" 304 0 "https://truelysell-wp.dreamsmarketplace.com/saloon/" "Mozilla/5.0 (Linux; Android 6.0.1; Nexus 5X Build/MMB29P) AppleWebKit/537.36 (KHTML, like Gecko) Chrome/144.0.7559.132 Mobile Safari/537.36 (compatible; Googlebot/2.1; +http://www.google.com/bot.html)"
66.249.66.200 - - [23/Feb/2026:02:57:10 +0000] "GET /saloon/wp-content/themes/truelysell//assets/js/owl.carousel.min.js?ver=6.9 HTTP/1.1" 200 44342 "https://truelysell-wp.dreamsmarketplace.com/saloon/" "Mozilla/5.0 (Linux; Android 6.0.1; Nexus 5X Build/MMB29P) AppleWebKit/537.36 (KHTML, like Gecko) Chrome/144.0.7559.132 Mobile Safari/537.36 (compatible; Googlebot/2.1; +http://www.google.com/bot.html)"
66.249.66.10 - - [23/Feb/2026:02:57:17 +0000] "GET /saloon/wp-content/uploads/2024/01/favicon.png HTTP/1.1" 200 2932 "-" "Googlebot-Image/1.0"
114.10.16.236 - - [23/Feb/2026:02:57:29 +0000] "GET /wp-login.php HTTP/1.1" 301 178 "-" "Mozilla/5.0 (Windows NT 10.0) AppleWebKit/537.36 (KHTML, like Gecko) Chrome/107.0.5304.63 Safari/537.36"
157.55.39.13 - - [23/Feb/2026:02:58:50 +0000] "GET /wp-content/uploads/2024/10/category-07.svg HTTP/1.1" 200 11373 "-" "Mozilla/5.0 AppleWebKit/537.36 (KHTML, like Gecko; compatible; bingbot/2.0; +http://www.bing.com/bingbot.htm) Chrome/116.0.1938.76 Safari/537.36"
103.243.173.74 - - [23/Feb/2026:02:59:20 +0000] "GET /wp-content/uploads/2024/10/category-07.svg HTTP/1.1" 301 178 "-" "-"
103.243.173.74 - - [23/Feb/2026:02:59:31 +0000] "GET /wp-content/uploads/2024/10/avatar-13-1.jpg HTTP/1.1" 301 178 "-" "-"
2a03:2880:f800:1f:: - - [23/Feb/2026:02:59:32 +0000] "GET /wowbet-uzbekistan-stavki-sloty-i-bonusy-onlajn-6/ HTTP/1.1" 301 178 "-" "meta-externalagent/1.1 (+https://developers.facebook.com/docs/sharing/webmasters/crawler)"
123.19.129.118 - - [23/Feb/2026:02:59:41 +0000] "GET /vivi-l-avventura-del-gioco-scopri-lottomatica/ HTTP/1.1" 301 178 "-" "Mozilla/5.0 (Windows NT 10.0; WOW64; x64) AppleWebKit/537.36 (KHTML, like Gecko) Chrome/105.0.5118.205 Safari/537.36"
172.187.168.139 - - [23/Feb/2026:02:59:46 +0000] "POST /wp-cron.php?doing_wp_cron=1771815586.9491410255432128906250 HTTP/1.1" 200 31 "-" "WordPress/6.9; https://truelysell-wp.dreamsmarketplace.com"
113.190.231.109 - - [23/Feb/2026:02:59:47 +0000] "GET /vivi-l-avventura-del-gioco-scopri-lottomatica/ HTTP/1.1" 404 29362 "-" "Mozilla/5.0 (Windows NT 10.0; WOW64; x64) AppleWebKit/537.36 (KHTML, like Gecko) Chrome/105.0.5118.205 Safari/537.36"
170.106.107.87 - - [23/Feb/2026:02:59:59 +0000] "GET / HTTP/1.1" 200 43822 "http://truelysell-wp.dreamsmarketplace.com" "Mozilla/5.0 (iPhone; CPU iPhone OS 13_2_3 like Mac OS X) AppleWebKit/605.1.15 (KHTML, like Gecko) Version/13.0.3 Mobile/15E148 Safari/604.1"
172.187.168.139 - - [23/Feb/2026:03:01:06 +0000] "POST /wp-cron.php?doing_wp_cron=1771815666.8742420673370361328125 HTTP/1.1" 200 31 "-" "WordPress/6.9; https://truelysell-wp.dreamsmarketplace.com"
198.244.226.255 - - [23/Feb/2026:03:01:06 +0000] "GET /uitgelezene-ideal-casinos-2025-traceren-gij-lieve-online-bank-over-ideal/feed/ HTTP/1.1" 200 971 "-" "Mozilla/5.0 (compatible; AhrefsBot/7.0; +http://ahrefs.com/robot/)"
52.42.49.200 - - [23/Feb/2026:03:01:42 +0000] "GET / HTTP/1.1" 301 178 "-" "FreshpingBot/1.0 (+https://freshping.io/)"
172.187.168.139 - - [23/Feb/2026:03:01:44 +0000] "POST /wp-cron.php?doing_wp_cron=1771815704.2507500648498535156250 HTTP/1.1" 200 31 "-" "WordPress/6.9; https://truelysell-wp.dreamsmarketplace.com"
52.42.49.200 - - [23/Feb/2026:03:01:44 +0000] "GET / HTTP/1.1" 200 43819 "-" "FreshpingBot/1.0 (+https://freshping.io/)"
216.73.216.143 - - [23/Feb/2026:03:01:48 +0000] "GET /robots.txt HTTP/1.1" 301 178 "-" "Mozilla/5.0 AppleWebKit/537.36 (KHTML, like Gecko; compatible; ClaudeBot/1.0; [email protected])"
203.18.218.75 - - [23/Feb/2026:03:01:48 +0000] "GET /wp-login.php HTTP/1.1" 301 178 "-" "Mozilla/5.0 (X11; Linux x86_64) AppleWebKit/537.36 (KHTML, like Gecko) Chrome/134.0.0.0 Safari/537.36"
203.18.218.75 - - [23/Feb/2026:03:01:50 +0000] "GET /wp-login.php HTTP/1.1" 200 2529 "-" "Mozilla/5.0 (X11; Linux x86_64) AppleWebKit/537.36 (KHTML, like Gecko) Chrome/134.0.0.0 Safari/537.36"
203.18.218.75 - - [23/Feb/2026:03:01:50 +0000] "POST /wp-login.php HTTP/1.1" 301 178 "-" "Mozilla/5.0 (X11; Linux x86_64) AppleWebKit/537.36 (KHTML, like Gecko) Chrome/134.0.0.0 Safari/537.36"
203.18.218.75 - - [23/Feb/2026:03:01:52 +0000] "GET /wp-login.php HTTP/1.1" 200 2529 "-" "Mozilla/5.0 (X11; Linux x86_64) AppleWebKit/537.36 (KHTML, like Gecko) Chrome/134.0.0.0 Safari/537.36"
203.18.218.75 - - [23/Feb/2026:03:01:52 +0000] "GET /wp-admin/ HTTP/1.1" 301 178 "-" "Mozilla/5.0 (X11; Linux x86_64) AppleWebKit/537.36 (KHTML, like Gecko) Chrome/134.0.0.0 Safari/537.36"
203.18.218.75 - - [23/Feb/2026:03:01:53 +0000] "GET /wp-admin/ HTTP/1.1" 302 5 "-" "Mozilla/5.0 (X11; Linux x86_64) AppleWebKit/537.36 (KHTML, like Gecko) Chrome/134.0.0.0 Safari/537.36"
203.18.218.75 - - [23/Feb/2026:03:01:55 +0000] "GET /wp-login.php?redirect_to=https%3A%2F%2Ftruelysell-wp.dreamsmarketplace.com%2Fwp-admin%2F&reauth=1 HTTP/1.1" 200 2545 "-" "Mozilla/5.0 (X11; Linux x86_64) AppleWebKit/537.36 (KHTML, like Gecko) Chrome/134.0.0.0 Safari/537.36"
66.249.70.105 - - [23/Feb/2026:03:03:12 +0000] "GET /zazijte-thrill-rabbit-road-slotu-v-online-kasinu-hrajte-ted/ HTTP/1.1" 301 178 "-" "Mozilla/5.0 (Linux; Android 6.0.1; Nexus 5X Build/MMB29P) AppleWebKit/537.36 (KHTML, like Gecko) Chrome/144.0.7559.132 Mobile Safari/537.36 (compatible; Googlebot/2.1; +http://www.google.com/bot.html)"
157.55.39.13 - - [23/Feb/2026:03:03:40 +0000] "GET /wp-content/uploads/2024/10/category-06.svg HTTP/1.1" 200 12907 "-" "Mozilla/5.0 AppleWebKit/537.36 (KHTML, like Gecko; compatible; bingbot/2.0; +http://www.bing.com/bingbot.htm) Chrome/116.0.1938.76 Safari/537.36"
172.187.168.139 - - [23/Feb/2026:03:03:51 +0000] "POST /wp-cron.php?doing_wp_cron=1771815831.1330780982971191406250 HTTP/1.1" 200 31 "-" "WordPress/6.9; https://truelysell-wp.dreamsmarketplace.com"
157.55.39.13 - - [23/Feb/2026:03:03:51 +0000] "GET /blog/page/4/ HTTP/1.1" 200 41081 "-" "Mozilla/5.0 AppleWebKit/537.36 (KHTML, like Gecko; compatible; bingbot/2.0; +http://www.bing.com/bingbot.htm) Chrome/116.0.1938.76 Safari/537.36"
66.249.70.103 - - [23/Feb/2026:03:04:04 +0000] "GET /listing/house-cleaning-services/ HTTP/1.1" 301 178 "-" "Mozilla/5.0 (Linux; Android 6.0.1; Nexus 5X Build/MMB29P) AppleWebKit/537.36 (KHTML, like Gecko) Chrome/144.0.7559.132 Mobile Safari/537.36 (compatible; Googlebot/2.1; +http://www.google.com/bot.html)"
205.210.31.9 - - [23/Feb/2026:03:04:17 +0000] "GET / HTTP/1.1" 301 178 "-" "Hello from Palo Alto Networks, find out more about our scans in https://docs-cortex.paloaltonetworks.com/r/1/Cortex-Xpanse/Scanning-activity"
205.210.31.9 - - [23/Feb/2026:03:04:19 +0000] "GET / HTTP/1.1" 200 43819 "-" "Hello from Palo Alto Networks, find out more about our scans in https://docs-cortex.paloaltonetworks.com/r/1/Cortex-Xpanse/Scanning-activity"
2a03:2880:f800:26:: - - [23/Feb/2026:03:04:35 +0000] "GET /intro-in-order-to-metaverse-gambling-enterprise-the-continuing-future-of-gaming-feel/ HTTP/1.1" 301 178 "-" "meta-externalagent/1.1 (+https://developers.facebook.com/docs/sharing/webmasters/crawler)"
172.187.168.139 - - [23/Feb/2026:03:04:43 +0000] "POST /wp-cron.php?doing_wp_cron=1771815883.5759229660034179687500 HTTP/1.1" 200 31 "-" "WordPress/6.9; https://truelysell-wp.dreamsmarketplace.com"
2a03:2880:f800:40:: - - [23/Feb/2026:03:04:43 +0000] "GET /8118-2/ HTTP/1.1" 200 40354 "-" "meta-externalagent/1.1 (+https://developers.facebook.com/docs/sharing/webmasters/crawler)"
2a03:2880:f800:1e:: - - [23/Feb/2026:03:04:52 +0000] "GET /decouvrez-reveryplay-app-jouez-au-casino-en-ligne-en-toute-simplicite/ HTTP/1.1" 301 178 "-" "meta-externalagent/1.1 (+https://developers.facebook.com/docs/sharing/webmasters/crawler)"
2a03:2880:f800:44:: - - [23/Feb/2026:03:05:33 +0000] "GET /plattform-facharbeit-schreiben-lassen-com-guide-3-2/ HTTP/1.1" 301 178 "-" "meta-externalagent/1.1 (+https://developers.facebook.com/docs/sharing/webmasters/crawler)"
2a03:2880:f800:3d:: - - [23/Feb/2026:03:05:39 +0000] "GET /category/theonebet/ HTTP/1.1" 301 178 "-" "meta-externalagent/1.1 (+https://developers.facebook.com/docs/sharing/webmasters/crawler)"
50.17.185.102 - - [23/Feb/2026:03:06:31 +0000] "GET / HTTP/1.1" 301 178 "-" "FreshpingBot/1.0 (+https://freshping.io/)"
172.187.168.139 - - [23/Feb/2026:03:06:33 +0000] "POST /wp-cron.php?doing_wp_cron=1771815993.2295849323272705078125 HTTP/1.1" 200 31 "-" "WordPress/6.9; https://truelysell-wp.dreamsmarketplace.com"
50.17.185.102 - - [23/Feb/2026:03:06:33 +0000] "GET / HTTP/1.1" 200 43819 "-" "FreshpingBot/1.0 (+https://freshping.io/)"
172.187.168.139 - - [23/Feb/2026:03:07:23 +0000] "POST /wp-cron.php?doing_wp_cron=1771816043.4537100791931152343750 HTTP/1.1" 200 31 "-" "WordPress/6.9; https://truelysell-wp.dreamsmarketplace.com"
2a03:2880:f800:24:: - - [23/Feb/2026:03:07:23 +0000] "GET /ontdek-de-beste-online-casino-s-voor-echt-geld-in-115/ HTTP/1.1" 200 255983 "-" "meta-externalagent/1.1 (+https://developers.facebook.com/docs/sharing/webmasters/crawler)"
185.220.101.105 - - [23/Feb/2026:03:09:57 +0000] "POST /xmlrpc.php HTTP/1.1" 301 178 "https://www.google.com/" "Mozilla/5.0 (Macintosh; Intel Mac OS X 10_9_3) AppleWebKit/537.75.14 (KHTML, like Gecko) Version/7.0.3 Safari/E7FBAF"
212.38.189.186 - - [23/Feb/2026:03:09:58 +0000] "POST /xmlrpc.php HTTP/1.1" 301 178 "https://www.google.com/" "Mozilla/5.0 (Windows NT 10.0; Win64; x64) AppleWebKit/537.36 (KHTML, like Gecko) Chrome/79.0.3945.130 Safari/537.36"
172.187.168.139 - - [23/Feb/2026:03:10:27 +0000] "POST /wp-cron.php?doing_wp_cron=1771816227.3786420822143554687500 HTTP/1.1" 200 31 "-" "WordPress/6.9; https://truelysell-wp.dreamsmarketplace.com"
54.38.147.69 - - [23/Feb/2026:03:10:27 +0000] "GET /author/admin/ HTTP/1.1" 200 35422 "-" "Mozilla/5.0 (compatible; AhrefsBot/7.0; +http://ahrefs.com/robot/)"
35.173.69.86 - - [23/Feb/2026:03:11:11 +0000] "GET / HTTP/1.1" 301 178 "-" "FreshpingBot/1.0 (+https://freshping.io/)"
172.187.168.139 - - [23/Feb/2026:03:11:13 +0000] "POST /wp-cron.php?doing_wp_cron=1771816273.5084969997406005859375 HTTP/1.1" 200 31 "-" "WordPress/6.9; https://truelysell-wp.dreamsmarketplace.com"
35.173.69.86 - - [23/Feb/2026:03:11:13 +0000] "GET / HTTP/1.1" 200 43819 "-" "FreshpingBot/1.0 (+https://freshping.io/)"
2a03:2880:f800:6:: - - [23/Feb/2026:03:11:39 +0000] "GET /nauti-reaalispin-pelist-kasinoissa-verkossa-suomessa/ HTTP/1.1" 301 178 "-" "meta-externalagent/1.1 (+https://developers.facebook.com/docs/sharing/webmasters/crawler)"
172.187.168.139 - - [23/Feb/2026:03:13:01 +0000] "POST /wp-cron.php?doing_wp_cron=1771816381.2859630584716796875000 HTTP/1.1" 200 31 "-" "WordPress/6.9; https://truelysell-wp.dreamsmarketplace.com"
157.55.39.205 - - [23/Feb/2026:03:13:01 +0000] "GET /catering/grid-with-sidebar/ HTTP/1.1" 301 5 "-" "Mozilla/5.0 AppleWebKit/537.36 (KHTML, like Gecko; compatible; bingbot/2.0; +http://www.bing.com/bingbot.htm) Chrome/116.0.1938.76 Safari/537.36"
157.55.39.205 - - [23/Feb/2026:03:13:04 +0000] "GET /grid-with-sidebar/ HTTP/1.1" 200 37835 "-" "Mozilla/5.0 AppleWebKit/537.36 (KHTML, like Gecko; compatible; bingbot/2.0; +http://www.bing.com/bingbot.htm) Chrome/116.0.1938.76 Safari/537.36"
2a03:2880:f800:2b:: - - [23/Feb/2026:03:13:16 +0000] "GET /poluchite-i-raspishites-kakovom-igornyy-dom-razvlekaet-mellstroy-vyvody-mail/ HTTP/1.1" 301 178 "-" "meta-externalagent/1.1 (+https://developers.facebook.com/docs/sharing/webmasters/crawler)"
