2a03:2880:f800:2a:: - - [23/Feb/2026:02:03:59 +0000] "GET /forgot-password/ HTTP/1.1" 200 33463 "-" "meta-externalagent/1.1 (+https://developers.facebook.com/docs/sharing/webmasters/crawler)"
2a03:2880:f800:22:: - - [23/Feb/2026:02:05:04 +0000] "GET /exploring-the-world-s-top-casino-destinations-a/ HTTP/1.1" 301 178 "-" "meta-externalagent/1.1 (+https://developers.facebook.com/docs/sharing/webmasters/crawler)"
172.187.168.139 - - [23/Feb/2026:02:05:48 +0000] "POST /wp-cron.php?doing_wp_cron=1771812348.4869720935821533203125 HTTP/1.1" 200 31 "-" "WordPress/6.9; https://truelysell-wp.dreamsmarketplace.com"
2a03:2880:f800:14:: - - [23/Feb/2026:02:05:48 +0000] "GET /listing-category/appliance/ HTTP/1.1" 200 34559 "-" "meta-externalagent/1.1 (+https://developers.facebook.com/docs/sharing/webmasters/crawler)"
172.187.168.139 - - [23/Feb/2026:02:06:08 +0000] "POST /wp-cron.php?doing_wp_cron=1771812368.6677401065826416015625 HTTP/1.1" 200 31 "-" "WordPress/6.9; https://truelysell-wp.dreamsmarketplace.com"
198.244.168.69 - - [23/Feb/2026:02:06:08 +0000] "GET /nachfolgende-besten-angeschlossen-casinos-within-brd-2025-tagesordnungspunkt-auswahlen/feed/ HTTP/1.1" 200 1006 "-" "Mozilla/5.0 (compatible; AhrefsBot/7.0; +http://ahrefs.com/robot/)"
50.17.185.102 - - [23/Feb/2026:02:06:20 +0000] "GET / HTTP/1.1" 301 178 "-" "FreshpingBot/1.0 (+https://freshping.io/)"
172.187.168.139 - - [23/Feb/2026:02:06:23 +0000] "POST /wp-cron.php?doing_wp_cron=1771812383.0338349342346191406250 HTTP/1.1" 200 31 "-" "WordPress/6.9; https://truelysell-wp.dreamsmarketplace.com"
50.17.185.102 - - [23/Feb/2026:02:06:23 +0000] "GET / HTTP/1.1" 200 43822 "-" "FreshpingBot/1.0 (+https://freshping.io/)"
40.77.167.42 - - [23/Feb/2026:02:06:24 +0000] "GET /wp-content/uploads/2024/10/category-12.svg HTTP/1.1" 304 0 "-" "Mozilla/5.0 AppleWebKit/537.36 (KHTML, like Gecko; compatible; bingbot/2.0; +http://www.bing.com/bingbot.htm) Chrome/116.0.1938.76 Safari/537.36"
2a03:2880:f800:3a:: - - [23/Feb/2026:02:06:40 +0000] "GET /voznagrazhdenie-schastlivaya-den-1xbet-addendum-izvlecheniya-a-takzhe-otygrysha/ HTTP/1.1" 301 178 "-" "meta-externalagent/1.1 (+https://developers.facebook.com/docs/sharing/webmasters/crawler)"
2a02:4780:a:592:0:a68:adbc:1 - - [23/Feb/2026:02:06:57 +0000] "GET /wp-content/uploads/2024/01/services-08.jpg HTTP/1.1" 301 178 "-" "-"
2a02:4780:a:592:0:a68:adbc:1 - - [23/Feb/2026:02:06:57 +0000] "GET /wp-content/uploads/2024/01/services-08.jpg HTTP/1.1" 304 0 "-" "-"
2a02:4780:a:592:0:a68:adbc:1 - - [23/Feb/2026:02:06:57 +0000] "GET /wp-content/uploads/2024/01/services-10.jpg HTTP/1.1" 301 178 "-" "-"
2a02:4780:a:592:0:a68:adbc:1 - - [23/Feb/2026:02:06:57 +0000] "GET /wp-content/uploads/2024/01/services-10.jpg HTTP/1.1" 304 0 "-" "-"
2a02:4780:a:592:0:a68:adbc:1 - - [23/Feb/2026:02:06:57 +0000] "GET /wp-content/uploads/2024/01/service-11.jpg HTTP/1.1" 301 178 "-" "-"
2a02:4780:a:592:0:a68:adbc:1 - - [23/Feb/2026:02:06:58 +0000] "GET /wp-content/uploads/2024/01/service-11.jpg HTTP/1.1" 304 0 "-" "-"
2a02:4780:a:592:0:a68:adbc:1 - - [23/Feb/2026:02:06:58 +0000] "GET /wp-content/uploads/2024/01/service-02-1.jpg HTTP/1.1" 301 178 "-" "-"
2a02:4780:a:592:0:a68:adbc:1 - - [23/Feb/2026:02:06:58 +0000] "GET /wp-content/uploads/2024/01/service-02-1.jpg HTTP/1.1" 304 0 "-" "-"
74.125.151.105 - - [23/Feb/2026:02:07:22 +0000] "GET /wp-content/uploads/2024/01/banner1-1.png HTTP/1.1" 301 178 "https://bookmyservices.co.nz/" "Mozilla/5.0 (X11; Linux x86_64) AppleWebKit/537.36 (KHTML, like Gecko) Chrome/144.0.7559.132 Safari/537.36"
66.249.92.164 - - [23/Feb/2026:02:07:22 +0000] "GET /wp-content/uploads/2024/01/banner1-1.png HTTP/1.1" 304 0 "https://bookmyservices.co.nz/" "Mozilla/5.0 (X11; Linux x86_64) AppleWebKit/537.36 (KHTML, like Gecko) Chrome/144.0.7559.132 Safari/537.36"
74.125.151.104 - - [23/Feb/2026:02:07:23 +0000] "GET /wp-content/uploads/2024/01/banner2.png HTTP/1.1" 301 178 "https://bookmyservices.co.nz/" "Mozilla/5.0 (X11; Linux x86_64) AppleWebKit/537.36 (KHTML, like Gecko) Chrome/144.0.7559.132 Safari/537.36"
66.249.92.199 - - [23/Feb/2026:02:07:23 +0000] "GET /wp-content/uploads/2024/01/banner2.png HTTP/1.1" 304 0 "https://bookmyservices.co.nz/" "Mozilla/5.0 (X11; Linux x86_64) AppleWebKit/537.36 (KHTML, like Gecko) Chrome/144.0.7559.132 Safari/537.36"
74.125.151.103 - - [23/Feb/2026:02:07:48 +0000] "GET /wp-content/uploads/2024/01/banner3-1.png HTTP/1.1" 301 178 "https://bookmyservices.co.nz/" "Mozilla/5.0 (X11; Linux x86_64) AppleWebKit/537.36 (KHTML, like Gecko) Chrome/144.0.7559.132 Safari/537.36"
74.125.151.104 - - [23/Feb/2026:02:07:49 +0000] "GET /wp-content/uploads/2024/01/banner4-1-1.png HTTP/1.1" 301 178 "https://bookmyservices.co.nz/" "Mozilla/5.0 (X11; Linux x86_64) AppleWebKit/537.36 (KHTML, like Gecko) Chrome/144.0.7559.132 Safari/537.36"
66.249.92.163 - - [23/Feb/2026:02:07:49 +0000] "GET /wp-content/uploads/2024/01/banner3-1.png HTTP/1.1" 304 0 "https://bookmyservices.co.nz/" "Mozilla/5.0 (X11; Linux x86_64) AppleWebKit/537.36 (KHTML, like Gecko) Chrome/144.0.7559.132 Safari/537.36"
66.249.92.44 - - [23/Feb/2026:02:07:49 +0000] "GET /wp-content/uploads/2024/01/banner4-1-1.png HTTP/1.1" 304 0 "https://bookmyservices.co.nz/" "Mozilla/5.0 (X11; Linux x86_64) AppleWebKit/537.36 (KHTML, like Gecko) Chrome/144.0.7559.132 Safari/537.36"
2a03:2880:f800:f:: - - [23/Feb/2026:02:09:00 +0000] "GET /compared-with-the-satisfyer-purple-pleasure/ HTTP/1.1" 301 178 "-" "meta-externalagent/1.1 (+https://developers.facebook.com/docs/sharing/webmasters/crawler)"
35.173.69.86 - - [23/Feb/2026:02:11:15 +0000] "GET / HTTP/1.1" 301 178 "-" "FreshpingBot/1.0 (+https://freshping.io/)"
172.187.168.139 - - [23/Feb/2026:02:11:18 +0000] "POST /wp-cron.php?doing_wp_cron=1771812678.1945879459381103515625 HTTP/1.1" 200 31 "-" "WordPress/6.9; https://truelysell-wp.dreamsmarketplace.com"
35.173.69.86 - - [23/Feb/2026:02:11:18 +0000] "GET / HTTP/1.1" 200 43819 "-" "FreshpingBot/1.0 (+https://freshping.io/)"
2a03:2880:f800:2d:: - - [23/Feb/2026:02:11:22 +0000] "GET /kosmobet-sobstvennik-socialnaja-otvetstvennost-i/ HTTP/1.1" 301 178 "-" "meta-externalagent/1.1 (+https://developers.facebook.com/docs/sharing/webmasters/crawler)"
2a03:2880:f800:11:: - - [23/Feb/2026:02:12:42 +0000] "GET /experience-the-thrill-brango-casino-login-for-english-language-gamers-in-new-zealand/ HTTP/1.1" 301 178 "-" "meta-externalagent/1.1 (+https://developers.facebook.com/docs/sharing/webmasters/crawler)"
172.187.168.139 - - [23/Feb/2026:02:13:28 +0000] "POST /wp-cron.php?doing_wp_cron=1771812808.3236510753631591796875 HTTP/1.1" 200 31 "-" "WordPress/6.9; https://truelysell-wp.dreamsmarketplace.com"
157.55.39.193 - - [23/Feb/2026:02:13:28 +0000] "GET /list-with-sidebar/ HTTP/1.1" 200 37981 "-" "Mozilla/5.0 AppleWebKit/537.36 (KHTML, like Gecko; compatible; bingbot/2.0; +http://www.bing.com/bingbot.htm) Chrome/116.0.1938.76 Safari/537.36"
34.116.22.97 - - [23/Feb/2026:02:14:24 +0000] "GET /vedonlyonti-bonukset-parhaissa-verkossa-olevissa-kasinoissa/ HTTP/1.1" 301 178 "-" "Mozilla/5.0 (compatible; Google-Apps-Script; beanserver; +https://script.google.com; id: UAEmdDd-CGrIdn-9e9oHRhQ73mfdY6j8W2g)"
172.187.168.139 - - [23/Feb/2026:02:14:54 +0000] "POST /wp-cron.php?doing_wp_cron=1771812894.9012420177459716796875 HTTP/1.1" 200 31 "-" "WordPress/6.9; https://truelysell-wp.dreamsmarketplace.com"
2a03:2880:f800:9:: - - [23/Feb/2026:02:14:54 +0000] "GET /mafia-casino-mystere-et-attraction-au-jeu/ HTTP/1.1" 200 43025 "-" "meta-externalagent/1.1 (+https://developers.facebook.com/docs/sharing/webmasters/crawler)"
35.173.69.86 - - [23/Feb/2026:02:16:21 +0000] "GET / HTTP/1.1" 301 178 "-" "FreshpingBot/1.0 (+https://freshping.io/)"
172.187.168.139 - - [23/Feb/2026:02:16:23 +0000] "POST /wp-cron.php?doing_wp_cron=1771812983.3775799274444580078125 HTTP/1.1" 200 31 "-" "WordPress/6.9; https://truelysell-wp.dreamsmarketplace.com"
35.173.69.86 - - [23/Feb/2026:02:16:23 +0000] "GET / HTTP/1.1" 200 15763 "-" "FreshpingBot/1.0 (+https://freshping.io/)"
2a03:2880:f800:3e:: - - [23/Feb/2026:02:16:33 +0000] "GET /best-made-from-iridescent-glass-thats-non-breakable-and/ HTTP/1.1" 301 178 "-" "meta-externalagent/1.1 (+https://developers.facebook.com/docs/sharing/webmasters/crawler)"
172.187.168.139 - - [23/Feb/2026:02:17:22 +0000] "POST /wp-cron.php?doing_wp_cron=1771813042.2645618915557861328125 HTTP/1.1" 200 31 "-" "WordPress/6.9; https://truelysell-wp.dreamsmarketplace.com"
51.195.244.254 - - [23/Feb/2026:02:17:22 +0000] "GET /elevate-your-betting-game-with-the-unstoppable/feed/ HTTP/1.1" 200 899 "-" "Mozilla/5.0 (compatible; AhrefsBot/7.0; +http://ahrefs.com/robot/)"
172.187.168.139 - - [23/Feb/2026:02:19:10 +0000] "POST /wp-cron.php?doing_wp_cron=1771813150.1510510444641113281250 HTTP/1.1" 200 31 "-" "WordPress/6.9; https://truelysell-wp.dreamsmarketplace.com"
66.249.66.45 - - [23/Feb/2026:02:19:10 +0000] "GET /lorem-ipsum-is-simply-dummy-text-of-the-printing-2/ HTTP/1.1" 200 37746 "-" "Mozilla/5.0 (Linux; Android 6.0.1; Nexus 5X Build/MMB29P) AppleWebKit/537.36 (KHTML, like Gecko) Chrome/144.0.7559.132 Mobile Safari/537.36 (compatible; Googlebot/2.1; +http://www.google.com/bot.html)"
50.17.185.102 - - [23/Feb/2026:02:21:11 +0000] "GET / HTTP/1.1" 301 178 "-" "FreshpingBot/1.0 (+https://freshping.io/)"
172.187.168.139 - - [23/Feb/2026:02:21:13 +0000] "POST /wp-cron.php?doing_wp_cron=1771813273.5489780902862548828125 HTTP/1.1" 200 31 "-" "WordPress/6.9; https://truelysell-wp.dreamsmarketplace.com"
50.17.185.102 - - [23/Feb/2026:02:21:13 +0000] "GET / HTTP/1.1" 200 43819 "-" "FreshpingBot/1.0 (+https://freshping.io/)"
172.187.168.139 - - [23/Feb/2026:02:22:48 +0000] "POST /wp-cron.php?doing_wp_cron=1771813368.5583279132843017578125 HTTP/1.1" 200 31 "-" "WordPress/6.9; https://truelysell-wp.dreamsmarketplace.com"
216.244.66.236 - - [23/Feb/2026:02:22:48 +0000] "GET /robots.txt HTTP/1.1" 200 428 "-" "Mozilla/5.0 (compatible; DotBot/1.2; +https://opensiteexplorer.org/dotbot; [email protected])"
74.125.151.103 - - [23/Feb/2026:02:23:09 +0000] "GET /pet-grooming/wp-content/uploads/2023/05/dog.svg HTTP/1.1" 301 178 "https://petfunda.com/" "Mozilla/5.0 (Linux; Android 4.0.4; Galaxy Nexus Build/IMM76B) AppleWebKit/537.36 (KHTML, like Gecko; Mediapartners-Google) Chrome/144.0.7559.132 Mobile Safari/537.36"
66.249.92.45 - - [23/Feb/2026:02:23:10 +0000] "GET /pet-grooming/wp-content/uploads/2023/05/dog.svg HTTP/1.1" 404 29364 "https://petfunda.com/" "Mozilla/5.0 (Linux; Android 4.0.4; Galaxy Nexus Build/IMM76B) AppleWebKit/537.36 (KHTML, like Gecko; Mediapartners-Google) Chrome/144.0.7559.132 Mobile Safari/537.36"
66.249.92.138 - - [23/Feb/2026:02:23:12 +0000] "GET /pet-grooming/wp-content/uploads/2023/05/dog.svg HTTP/1.1" 404 29363 "https://petfunda.com/" "Mozilla/5.0 (Linux; Android 4.0.4; Galaxy Nexus Build/IMM76B) AppleWebKit/537.36 (KHTML, like Gecko; Mediapartners-Google) Chrome/144.0.7559.132 Mobile Safari/537.36"
66.249.92.11 - - [23/Feb/2026:02:23:12 +0000] "GET /pet-grooming/wp-content/uploads/2023/05/dog.svg HTTP/1.1" 404 29362 "https://petfunda.com/" "Mozilla/5.0 (Macintosh; Intel Mac OS X 10_7_3) AppleWebKit/537.36 (KHTML, like Gecko, Mediapartners-Google) Chrome/144.0.7559.132 Safari/537.36"
66.249.92.200 - - [23/Feb/2026:02:23:13 +0000] "GET /pet-grooming/wp-content/uploads/2023/05/dog.svg HTTP/1.1" 404 29362 "https://petfunda.com/" "Mozilla/5.0 (Macintosh; Intel Mac OS X 10_7_3) AppleWebKit/537.36 (KHTML, like Gecko, Mediapartners-Google) Chrome/144.0.7559.132 Safari/537.36"
172.187.168.139 - - [23/Feb/2026:02:23:38 +0000] "POST /wp-cron.php?doing_wp_cron=1771813418.8299219608306884765625 HTTP/1.1" 200 31 "-" "WordPress/6.9; https://truelysell-wp.dreamsmarketplace.com"
2a03:2880:f800:c:: - - [23/Feb/2026:02:23:38 +0000] "GET /tag/casino-pin-up-online-game/ HTTP/1.1" 200 35851 "-" "meta-externalagent/1.1 (+https://developers.facebook.com/docs/sharing/webmasters/crawler)"
2a03:2880:f800:2f:: - - [23/Feb/2026:02:23:48 +0000] "GET /decouvrez-nine-casino-et-ses-avantages/ HTTP/1.1" 200 40200 "-" "meta-externalagent/1.1 (+https://developers.facebook.com/docs/sharing/webmasters/crawler)"
2a03:2880:f800:3:: - - [23/Feb/2026:02:24:04 +0000] "GET /andrii-dobrovolskyi-cosmobet-jak-evoljucija/ HTTP/1.1" 301 178 "-" "meta-externalagent/1.1 (+https://developers.facebook.com/docs/sharing/webmasters/crawler)"
66.249.70.103 - - [23/Feb/2026:02:24:09 +0000] "GET /whether-youre-in-the-mood-for-internal-penetration-or/ HTTP/1.1" 301 178 "-" "Mozilla/5.0 (Linux; Android 6.0.1; Nexus 5X Build/MMB29P) AppleWebKit/537.36 (KHTML, like Gecko) Chrome/144.0.7559.132 Mobile Safari/537.36 (compatible; Googlebot/2.1; +http://www.google.com/bot.html)"
172.187.168.139 - - [23/Feb/2026:02:25:06 +0000] "POST /wp-cron.php?doing_wp_cron=1771813506.3411490917205810546875 HTTP/1.1" 200 31 "-" "WordPress/6.9; https://truelysell-wp.dreamsmarketplace.com"
2a03:2880:f800:7:: - - [23/Feb/2026:02:25:06 +0000] "GET /category/betpandanederland-com/ HTTP/1.1" 200 35845 "-" "meta-externalagent/1.1 (+https://developers.facebook.com/docs/sharing/webmasters/crawler)"
202.46.62.108 - - [23/Feb/2026:02:25:30 +0000] "GET /wp-content/themes/truelysell/assets/plugins/fancybox/ HTTP/1.1" 301 178 "-" "Mozilla/5.0 (Windows NT 10.0; Win64; x64) AppleWebKit/537.36 (KHTML, like Gecko) Chrome/133.0.6943.141 Safari/537.36"
202.46.62.39 - - [23/Feb/2026:02:25:31 +0000] "GET /wp-content/themes/truelysell/assets/plugins/fancybox/ HTTP/1.1" 403 195 "-" "Mozilla/5.0 (Windows NT 10.0; Win64; x64) AppleWebKit/537.36 (KHTML, like Gecko) Chrome/133.0.6943.141 Safari/537.36"
202.46.62.27 - - [23/Feb/2026:02:25:39 +0000] "GET /wp-content/themes/truelysell/assets/plugins/fancybox/ HTTP/1.1" 301 178 "-" "Mozilla/5.0 (Windows NT 10.0; Win64; x64) AppleWebKit/537.36 (KHTML, like Gecko) Chrome/133.0.6943.141 Safari/537.36"
202.46.62.45 - - [23/Feb/2026:02:25:40 +0000] "GET /wp-content/themes/truelysell/assets/plugins/fancybox/ HTTP/1.1" 403 195 "-" "Mozilla/5.0 (Windows NT 10.0; Win64; x64) AppleWebKit/537.36 (KHTML, like Gecko) Chrome/133.0.6943.141 Safari/537.36"
172.187.168.139 - - [23/Feb/2026:02:26:00 +0000] "POST /wp-cron.php?doing_wp_cron=1771813559.9901859760284423828125 HTTP/1.1" 200 31 "-" "WordPress/6.9; https://truelysell-wp.dreamsmarketplace.com"
2a03:2880:f800:13:: - - [23/Feb/2026:02:26:00 +0000] "GET /booking-page/ HTTP/1.1" 302 44360 "-" "meta-externalagent/1.1 (+https://developers.facebook.com/docs/sharing/webmasters/crawler)"
35.173.69.86 - - [23/Feb/2026:02:26:11 +0000] "GET / HTTP/1.1" 301 178 "-" "FreshpingBot/1.0 (+https://freshping.io/)"
35.173.69.86 - - [23/Feb/2026:02:26:13 +0000] "GET / HTTP/1.1" 200 43819 "-" "FreshpingBot/1.0 (+https://freshping.io/)"
2a03:2880:f800:1d:: - - [23/Feb/2026:02:27:36 +0000] "GET /gioca-al-casino-chicken-royal-online-in-italia-scopri-di-piu/ HTTP/1.1" 301 178 "-" "meta-externalagent/1.1 (+https://developers.facebook.com/docs/sharing/webmasters/crawler)"
68.221.129.30 - - [23/Feb/2026:02:27:55 +0000] "GET /wp-content/plugins/hellopress/wp_filemanager.php HTTP/1.1" 301 178 "-" "-"
172.187.168.139 - - [23/Feb/2026:02:28:37 +0000] "POST /wp-cron.php?doing_wp_cron=1771813717.6063120365142822265625 HTTP/1.1" 200 31 "-" "WordPress/6.9; https://truelysell-wp.dreamsmarketplace.com"
216.244.66.236 - - [23/Feb/2026:02:28:37 +0000] "GET /listing-category/appliance/ HTTP/1.1" 200 34562 "-" "Mozilla/5.0 (compatible; DotBot/1.2; +https://opensiteexplorer.org/dotbot; [email protected])"
51.89.129.48 - - [23/Feb/2026:02:28:59 +0000] "GET /paribahis-sitesini-benzer-online-casino-15/feed/ HTTP/1.1" 200 949 "-" "Mozilla/5.0 (compatible; AhrefsBot/7.0; +http://ahrefs.com/robot/)"
54.203.109.179 - - [23/Feb/2026:02:29:35 +0000] "GET /wp-content/uploads/2024/10/success-02.svg HTTP/1.1" 301 178 "https://gigparties.com/" "Mozilla/5.0 (Windows NT 10.0; Win64; x64; rv:109.0) Gecko/20100101 Firefox/110.0"
54.203.109.179 - - [23/Feb/2026:02:29:35 +0000] "GET /wp-content/uploads/2024/10/success-01.svg HTTP/1.1" 301 178 "https://gigparties.com/" "Mozilla/5.0 (Windows NT 10.0; Win64; x64; rv:109.0) Gecko/20100101 Firefox/110.0"
54.203.109.179 - - [23/Feb/2026:02:29:36 +0000] "GET /wp-content/uploads/2024/10/success-02.svg HTTP/1.1" 304 0 "https://gigparties.com/" "Mozilla/5.0 (Windows NT 10.0; Win64; x64; rv:109.0) Gecko/20100101 Firefox/110.0"
54.203.109.179 - - [23/Feb/2026:02:29:36 +0000] "GET /wp-content/uploads/2024/10/success-01.svg HTTP/1.1" 304 0 "https://gigparties.com/" "Mozilla/5.0 (Windows NT 10.0; Win64; x64; rv:109.0) Gecko/20100101 Firefox/110.0"
54.203.109.179 - - [23/Feb/2026:02:29:37 +0000] "GET /wp-content/uploads/2024/10/success-03.svg HTTP/1.1" 301 178 "https://gigparties.com/" "Mozilla/5.0 (Windows NT 10.0; Win64; x64; rv:109.0) Gecko/20100101 Firefox/110.0"
54.203.109.179 - - [23/Feb/2026:02:29:37 +0000] "GET /wp-content/uploads/2024/10/category-08.svg HTTP/1.1" 301 178 "https://gigparties.com/" "Mozilla/5.0 (Windows NT 10.0; Win64; x64; rv:109.0) Gecko/20100101 Firefox/110.0"
54.203.109.179 - - [23/Feb/2026:02:29:37 +0000] "GET /wp-content/uploads/2024/10/category-07.svg HTTP/1.1" 301 178 "https://gigparties.com/" "Mozilla/5.0 (Windows NT 10.0; Win64; x64; rv:109.0) Gecko/20100101 Firefox/110.0"
54.203.109.179 - - [23/Feb/2026:02:29:38 +0000] "GET /wp-content/uploads/2024/10/success-03.svg HTTP/1.1" 304 0 "https://gigparties.com/" "Mozilla/5.0 (Windows NT 10.0; Win64; x64; rv:109.0) Gecko/20100101 Firefox/110.0"
54.203.109.179 - - [23/Feb/2026:02:29:38 +0000] "GET /wp-content/uploads/2024/10/category-08.svg HTTP/1.1" 304 0 "https://gigparties.com/" "Mozilla/5.0 (Windows NT 10.0; Win64; x64; rv:109.0) Gecko/20100101 Firefox/110.0"
54.203.109.179 - - [23/Feb/2026:02:29:38 +0000] "GET /wp-content/uploads/2024/10/category-07.svg HTTP/1.1" 304 0 "https://gigparties.com/" "Mozilla/5.0 (Windows NT 10.0; Win64; x64; rv:109.0) Gecko/20100101 Firefox/110.0"
54.203.109.179 - - [23/Feb/2026:02:29:38 +0000] "GET /wp-content/uploads/2024/10/category-09.svg HTTP/1.1" 301 178 "https://gigparties.com/" "Mozilla/5.0 (Windows NT 10.0; Win64; x64; rv:109.0) Gecko/20100101 Firefox/110.0"
54.203.109.179 - - [23/Feb/2026:02:29:38 +0000] "GET /wp-content/uploads/2024/10/category-10.svg HTTP/1.1" 301 178 "https://gigparties.com/" "Mozilla/5.0 (Windows NT 10.0; Win64; x64; rv:109.0) Gecko/20100101 Firefox/110.0"
54.203.109.179 - - [23/Feb/2026:02:29:38 +0000] "GET /wp-content/uploads/2024/10/category-11.svg HTTP/1.1" 301 178 "https://gigparties.com/" "Mozilla/5.0 (Windows NT 10.0; Win64; x64; rv:109.0) Gecko/20100101 Firefox/110.0"
54.203.109.179 - - [23/Feb/2026:02:29:39 +0000] "GET /wp-content/uploads/2024/10/category-09.svg HTTP/1.1" 304 0 "https://gigparties.com/" "Mozilla/5.0 (Windows NT 10.0; Win64; x64; rv:109.0) Gecko/20100101 Firefox/110.0"
54.203.109.179 - - [23/Feb/2026:02:29:39 +0000] "GET /wp-content/uploads/2024/10/category-10.svg HTTP/1.1" 304 0 "https://gigparties.com/" "Mozilla/5.0 (Windows NT 10.0; Win64; x64; rv:109.0) Gecko/20100101 Firefox/110.0"
54.203.109.179 - - [23/Feb/2026:02:29:39 +0000] "GET /wp-content/uploads/2024/10/category-11.svg HTTP/1.1" 304 0 "https://gigparties.com/" "Mozilla/5.0 (Windows NT 10.0; Win64; x64; rv:109.0) Gecko/20100101 Firefox/110.0"
54.203.109.179 - - [23/Feb/2026:02:29:39 +0000] "GET /wp-content/uploads/2024/10/category-12.svg HTTP/1.1" 301 178 "https://gigparties.com/" "Mozilla/5.0 (Windows NT 10.0; Win64; x64; rv:109.0) Gecko/20100101 Firefox/110.0"
54.203.109.179 - - [23/Feb/2026:02:29:40 +0000] "GET /wp-content/uploads/2024/10/category-12.svg HTTP/1.1" 304 0 "https://gigparties.com/" "Mozilla/5.0 (Windows NT 10.0; Win64; x64; rv:109.0) Gecko/20100101 Firefox/110.0"
54.203.109.179 - - [23/Feb/2026:02:29:40 +0000] "GET /wp-content/uploads/2024/10/work-01.svg HTTP/1.1" 301 178 "https://gigparties.com/" "Mozilla/5.0 (Windows NT 10.0; Win64; x64; rv:109.0) Gecko/20100101 Firefox/110.0"
54.203.109.179 - - [23/Feb/2026:02:29:40 +0000] "GET /wp-content/uploads/2024/10/work-02.svg HTTP/1.1" 301 178 "https://gigparties.com/" "Mozilla/5.0 (Windows NT 10.0; Win64; x64; rv:109.0) Gecko/20100101 Firefox/110.0"
54.203.109.179 - - [23/Feb/2026:02:29:40 +0000] "GET /wp-content/uploads/2024/10/work-03.svg HTTP/1.1" 301 178 "https://gigparties.com/" "Mozilla/5.0 (Windows NT 10.0; Win64; x64; rv:109.0) Gecko/20100101 Firefox/110.0"
54.203.109.179 - - [23/Feb/2026:02:29:41 +0000] "GET /wp-content/uploads/2024/10/work-01.svg HTTP/1.1" 304 0 "https://gigparties.com/" "Mozilla/5.0 (Windows NT 10.0; Win64; x64; rv:109.0) Gecko/20100101 Firefox/110.0"
54.203.109.179 - - [23/Feb/2026:02:29:41 +0000] "GET /wp-content/uploads/2024/10/work-02.svg HTTP/1.1" 304 0 "https://gigparties.com/" "Mozilla/5.0 (Windows NT 10.0; Win64; x64; rv:109.0) Gecko/20100101 Firefox/110.0"
54.203.109.179 - - [23/Feb/2026:02:29:41 +0000] "GET /wp-content/uploads/2024/10/work-03.svg HTTP/1.1" 304 0 "https://gigparties.com/" "Mozilla/5.0 (Windows NT 10.0; Win64; x64; rv:109.0) Gecko/20100101 Firefox/110.0"
54.203.109.179 - - [23/Feb/2026:02:29:41 +0000] "GET /wp-content/uploads/2024/10/avatar-12-1.jpg HTTP/1.1" 301 178 "https://gigparties.com/" "Mozilla/5.0 (Windows NT 10.0; Win64; x64; rv:109.0) Gecko/20100101 Firefox/110.0"
54.203.109.179 - - [23/Feb/2026:02:29:41 +0000] "GET /wp-content/uploads/2024/10/avatar-14-2.jpg HTTP/1.1" 301 178 "https://gigparties.com/" "Mozilla/5.0 (Windows NT 10.0; Win64; x64; rv:109.0) Gecko/20100101 Firefox/110.0"
54.203.109.179 - - [23/Feb/2026:02:29:41 +0000] "GET /wp-content/uploads/2024/10/avatar-13-1.jpg HTTP/1.1" 301 178 "https://gigparties.com/" "Mozilla/5.0 (Windows NT 10.0; Win64; x64; rv:109.0) Gecko/20100101 Firefox/110.0"
54.203.109.179 - - [23/Feb/2026:02:29:41 +0000] "GET /wp-content/uploads/2024/10/avatar-12-1.jpg HTTP/1.1" 304 0 "https://gigparties.com/" "Mozilla/5.0 (Windows NT 10.0; Win64; x64; rv:109.0) Gecko/20100101 Firefox/110.0"
54.203.109.179 - - [23/Feb/2026:02:29:42 +0000] "GET /wp-content/uploads/2024/10/avatar-14-2.jpg HTTP/1.1" 304 0 "https://gigparties.com/" "Mozilla/5.0 (Windows NT 10.0; Win64; x64; rv:109.0) Gecko/20100101 Firefox/110.0"
54.203.109.179 - - [23/Feb/2026:02:29:42 +0000] "GET /wp-content/uploads/2024/10/avatar-13-1.jpg HTTP/1.1" 304 0 "https://gigparties.com/" "Mozilla/5.0 (Windows NT 10.0; Win64; x64; rv:109.0) Gecko/20100101 Firefox/110.0"
54.203.109.179 - - [23/Feb/2026:02:29:42 +0000] "GET /wp-content/uploads/2024/10/avatar-15.jpg HTTP/1.1" 301 178 "https://gigparties.com/" "Mozilla/5.0 (Windows NT 10.0; Win64; x64; rv:109.0) Gecko/20100101 Firefox/110.0"
54.203.109.179 - - [23/Feb/2026:02:29:42 +0000] "GET /wp-content/uploads/2024/09/app-store.svg HTTP/1.1" 301 178 "https://gigparties.com/" "Mozilla/5.0 (Windows NT 10.0; Win64; x64; rv:109.0) Gecko/20100101 Firefox/110.0"
54.203.109.179 - - [23/Feb/2026:02:29:42 +0000] "GET /wp-content/uploads/2024/09/goolge-play.svg HTTP/1.1" 301 178 "https://gigparties.com/" "Mozilla/5.0 (Windows NT 10.0; Win64; x64; rv:109.0) Gecko/20100101 Firefox/110.0"
54.203.109.179 - - [23/Feb/2026:02:29:42 +0000] "GET /wp-content/uploads/2024/10/avatar-15.jpg HTTP/1.1" 304 0 "https://gigparties.com/" "Mozilla/5.0 (Windows NT 10.0; Win64; x64; rv:109.0) Gecko/20100101 Firefox/110.0"
54.203.109.179 - - [23/Feb/2026:02:29:42 +0000] "GET /wp-content/uploads/2024/09/app-store.svg HTTP/1.1" 304 0 "https://gigparties.com/" "Mozilla/5.0 (Windows NT 10.0; Win64; x64; rv:109.0) Gecko/20100101 Firefox/110.0"
54.203.109.179 - - [23/Feb/2026:02:29:43 +0000] "GET /wp-content/uploads/2024/09/goolge-play.svg HTTP/1.1" 304 0 "https://gigparties.com/" "Mozilla/5.0 (Windows NT 10.0; Win64; x64; rv:109.0) Gecko/20100101 Firefox/110.0"
14.184.18.143 - - [23/Feb/2026:02:30:02 +0000] "GET /gallery/ HTTP/1.1" 301 178 "-" "Mozilla/5.0 (Windows NT 6.1; Win64; x64) AppleWebKit/537.36 (KHTML, like Gecko) Chrome/95.0.4638.69 Safari/537.36"
172.187.168.139 - - [23/Feb/2026:02:30:06 +0000] "POST /wp-cron.php?doing_wp_cron=1771813806.2438280582427978515625 HTTP/1.1" 200 31 "-" "WordPress/6.9; https://truelysell-wp.dreamsmarketplace.com"
190.8.164.118 - - [23/Feb/2026:02:30:06 +0000] "GET /gallery/ HTTP/1.1" 200 35398 "-" "Mozilla/5.0 (Windows NT 6.1; Win64; x64) AppleWebKit/537.36 (KHTML, like Gecko) Chrome/95.0.4638.69 Safari/537.36"
66.249.82.161 - - [23/Feb/2026:02:30:11 +0000] "GET /wp-content/uploads/2024/10/success-01.svg HTTP/1.1" 301 178 "https://www.teknisihub.com/" "Mozilla/5.0 (Macintosh; Intel Mac OS X 10_15_7) AppleWebKit/537.36 (KHTML, like Gecko) Chrome/136.0.0.0 Safari/537.36 Chrome-Lighthouse"
66.249.82.169 - - [23/Feb/2026:02:30:11 +0000] "GET /wp-content/uploads/2024/10/avatar-14-2.jpg HTTP/1.1" 301 178 "https://www.teknisihub.com/" "Mozilla/5.0 (Linux; Android 11; moto g power (2022)) AppleWebKit/537.36 (KHTML, like Gecko) Chrome/136.0.0.0 Mobile Safari/537.36 Chrome-Lighthouse"
66.249.82.162 - - [23/Feb/2026:02:30:11 +0000] "GET /wp-content/uploads/2024/10/category-12.svg HTTP/1.1" 301 178 "https://www.teknisihub.com/" "Mozilla/5.0 (Macintosh; Intel Mac OS X 10_15_7) AppleWebKit/537.36 (KHTML, like Gecko) Chrome/136.0.0.0 Safari/537.36 Chrome-Lighthouse"
66.249.82.162 - - [23/Feb/2026:02:30:11 +0000] "GET /wp-content/uploads/2024/10/category-04.svg HTTP/1.1" 301 178 "https://www.teknisihub.com/" "Mozilla/5.0 (Macintosh; Intel Mac OS X 10_15_7) AppleWebKit/537.36 (KHTML, like Gecko) Chrome/136.0.0.0 Safari/537.36 Chrome-Lighthouse"
66.249.82.160 - - [23/Feb/2026:02:30:11 +0000] "GET /wp-content/uploads/2024/10/category-06.svg HTTP/1.1" 301 178 "https://www.teknisihub.com/" "Mozilla/5.0 (Macintosh; Intel Mac OS X 10_15_7) AppleWebKit/537.36 (KHTML, like Gecko) Chrome/136.0.0.0 Safari/537.36 Chrome-Lighthouse"
66.249.82.160 - - [23/Feb/2026:02:30:11 +0000] "GET /wp-content/uploads/2024/10/work-03.svg HTTP/1.1" 301 178 "https://www.teknisihub.com/" "Mozilla/5.0 (Linux; Android 11; moto g power (2022)) AppleWebKit/537.36 (KHTML, like Gecko) Chrome/136.0.0.0 Mobile Safari/537.36 Chrome-Lighthouse"
66.249.82.161 - - [23/Feb/2026:02:30:11 +0000] "GET /wp-content/uploads/2024/10/category-10.svg HTTP/1.1" 301 178 "https://www.teknisihub.com/" "Mozilla/5.0 (Linux; Android 11; moto g power (2022)) AppleWebKit/537.36 (KHTML, like Gecko) Chrome/136.0.0.0 Mobile Safari/537.36 Chrome-Lighthouse"
66.249.82.161 - - [23/Feb/2026:02:30:11 +0000] "GET /wp-content/uploads/2024/10/category-05.svg HTTP/1.1" 301 178 "https://www.teknisihub.com/" "Mozilla/5.0 (Linux; Android 11; moto g power (2022)) AppleWebKit/537.36 (KHTML, like Gecko) Chrome/136.0.0.0 Mobile Safari/537.36 Chrome-Lighthouse"
66.249.82.162 - - [23/Feb/2026:02:30:11 +0000] "GET /wp-content/uploads/2024/10/category-08.svg HTTP/1.1" 301 178 "https://www.teknisihub.com/" "Mozilla/5.0 (Linux; Android 11; moto g power (2022)) AppleWebKit/537.36 (KHTML, like Gecko) Chrome/136.0.0.0 Mobile Safari/537.36 Chrome-Lighthouse"
66.249.82.161 - - [23/Feb/2026:02:30:11 +0000] "GET /wp-content/uploads/2024/10/category-13.svg HTTP/1.1" 301 178 "https://www.teknisihub.com/" "Mozilla/5.0 (Linux; Android 11; moto g power (2022)) AppleWebKit/537.36 (KHTML, like Gecko) Chrome/136.0.0.0 Mobile Safari/537.36 Chrome-Lighthouse"
66.249.82.162 - - [23/Feb/2026:02:30:11 +0000] "GET /wp-content/uploads/2024/10/category-01.svg HTTP/1.1" 301 178 "https://www.teknisihub.com/" "Mozilla/5.0 (Linux; Android 11; moto g power (2022)) AppleWebKit/537.36 (KHTML, like Gecko) Chrome/136.0.0.0 Mobile Safari/537.36 Chrome-Lighthouse"
66.249.82.163 - - [23/Feb/2026:02:30:11 +0000] "GET /wp-content/uploads/2024/10/avatar-15.jpg HTTP/1.1" 301 178 "https://www.teknisihub.com/" "Mozilla/5.0 (Macintosh; Intel Mac OS X 10_15_7) AppleWebKit/537.36 (KHTML, like Gecko) Chrome/136.0.0.0 Safari/537.36 Chrome-Lighthouse"
66.249.82.161 - - [23/Feb/2026:02:30:11 +0000] "GET /wp-content/uploads/2024/10/category-07.svg HTTP/1.1" 301 178 "https://www.teknisihub.com/" "Mozilla/5.0 (Linux; Android 11; moto g power (2022)) AppleWebKit/537.36 (KHTML, like Gecko) Chrome/136.0.0.0 Mobile Safari/537.36 Chrome-Lighthouse"
66.249.82.160 - - [23/Feb/2026:02:30:11 +0000] "GET /wp-content/uploads/2024/10/avatar-13-1.jpg HTTP/1.1" 301 178 "https://www.teknisihub.com/" "Mozilla/5.0 (Macintosh; Intel Mac OS X 10_15_7) AppleWebKit/537.36 (KHTML, like Gecko) Chrome/136.0.0.0 Safari/537.36 Chrome-Lighthouse"
66.249.82.162 - - [23/Feb/2026:02:30:11 +0000] "GET /wp-content/uploads/2024/10/avatar-12-1.jpg HTTP/1.1" 301 178 "https://www.teknisihub.com/" "Mozilla/5.0 (Linux; Android 11; moto g power (2022)) AppleWebKit/537.36 (KHTML, like Gecko) Chrome/136.0.0.0 Mobile Safari/537.36 Chrome-Lighthouse"
66.249.82.163 - - [23/Feb/2026:02:30:11 +0000] "GET /wp-content/uploads/2024/10/success-02.svg HTTP/1.1" 301 178 "https://www.teknisihub.com/" "Mozilla/5.0 (Linux; Android 11; moto g power (2022)) AppleWebKit/537.36 (KHTML, like Gecko) Chrome/136.0.0.0 Mobile Safari/537.36 Chrome-Lighthouse"
66.249.82.169 - - [23/Feb/2026:02:30:11 +0000] "GET /wp-content/uploads/2024/10/category-09.svg HTTP/1.1" 301 178 "https://www.teknisihub.com/" "Mozilla/5.0 (Linux; Android 11; moto g power (2022)) AppleWebKit/537.36 (KHTML, like Gecko) Chrome/136.0.0.0 Mobile Safari/537.36 Chrome-Lighthouse"
66.249.82.160 - - [23/Feb/2026:02:30:11 +0000] "GET /wp-content/uploads/2024/10/category-02.svg HTTP/1.1" 301 178 "https://www.teknisihub.com/" "Mozilla/5.0 (Linux; Android 11; moto g power (2022)) AppleWebKit/537.36 (KHTML, like Gecko) Chrome/136.0.0.0 Mobile Safari/537.36 Chrome-Lighthouse"
66.249.82.162 - - [23/Feb/2026:02:30:11 +0000] "GET /wp-content/uploads/2024/10/category-11.svg HTTP/1.1" 301 178 "https://www.teknisihub.com/" "Mozilla/5.0 (Macintosh; Intel Mac OS X 10_15_7) AppleWebKit/537.36 (KHTML, like Gecko) Chrome/136.0.0.0 Safari/537.36 Chrome-Lighthouse"
66.249.82.160 - - [23/Feb/2026:02:30:11 +0000] "GET /wp-content/uploads/2024/10/success-03.svg HTTP/1.1" 301 178 "https://www.teknisihub.com/" "Mozilla/5.0 (Linux; Android 11; moto g power (2022)) AppleWebKit/537.36 (KHTML, like Gecko) Chrome/136.0.0.0 Mobile Safari/537.36 Chrome-Lighthouse"
66.249.82.162 - - [23/Feb/2026:02:30:11 +0000] "GET /wp-content/uploads/2024/10/work-02.svg HTTP/1.1" 301 178 "https://www.teknisihub.com/" "Mozilla/5.0 (Linux; Android 11; moto g power (2022)) AppleWebKit/537.36 (KHTML, like Gecko) Chrome/136.0.0.0 Mobile Safari/537.36 Chrome-Lighthouse"
66.249.82.162 - - [23/Feb/2026:02:30:11 +0000] "GET /wp-content/uploads/2024/10/work-01.svg HTTP/1.1" 301 178 "https://www.teknisihub.com/" "Mozilla/5.0 (Linux; Android 11; moto g power (2022)) AppleWebKit/537.36 (KHTML, like Gecko) Chrome/136.0.0.0 Mobile Safari/537.36 Chrome-Lighthouse"
66.249.82.131 - - [23/Feb/2026:02:30:12 +0000] "GET /wp-content/uploads/2024/10/success-01.svg HTTP/1.1" 200 1207 "https://www.teknisihub.com/" "Mozilla/5.0 (Linux; Android 11; moto g power (2022)) AppleWebKit/537.36 (KHTML, like Gecko) Chrome/136.0.0.0 Mobile Safari/537.36 Chrome-Lighthouse"
66.249.82.131 - - [23/Feb/2026:02:30:12 +0000] "GET /wp-content/uploads/2024/10/category-06.svg HTTP/1.1" 200 12907 "https://www.teknisihub.com/" "Mozilla/5.0 (Linux; Android 11; moto g power (2022)) AppleWebKit/537.36 (KHTML, like Gecko) Chrome/136.0.0.0 Mobile Safari/537.36 Chrome-Lighthouse"
66.249.82.130 - - [23/Feb/2026:02:30:12 +0000] "GET /wp-content/uploads/2024/10/work-01.svg HTTP/1.1" 200 6739 "https://www.teknisihub.com/" "Mozilla/5.0 (Linux; Android 11; moto g power (2022)) AppleWebKit/537.36 (KHTML, like Gecko) Chrome/136.0.0.0 Mobile Safari/537.36 Chrome-Lighthouse"
66.249.82.131 - - [23/Feb/2026:02:30:12 +0000] "GET /wp-content/uploads/2024/10/success-02.svg HTTP/1.1" 200 966 "https://www.teknisihub.com/" "Mozilla/5.0 (Linux; Android 11; moto g power (2022)) AppleWebKit/537.36 (KHTML, like Gecko) Chrome/136.0.0.0 Mobile Safari/537.36 Chrome-Lighthouse"
66.249.82.131 - - [23/Feb/2026:02:30:12 +0000] "GET /wp-content/uploads/2024/10/category-10.svg HTTP/1.1" 200 9997 "https://www.teknisihub.com/" "Mozilla/5.0 (Linux; Android 11; moto g power (2022)) AppleWebKit/537.36 (KHTML, like Gecko) Chrome/136.0.0.0 Mobile Safari/537.36 Chrome-Lighthouse"
66.249.82.132 - - [23/Feb/2026:02:30:12 +0000] "GET /wp-content/uploads/2024/10/work-03.svg HTTP/1.1" 200 12346 "https://www.teknisihub.com/" "Mozilla/5.0 (Linux; Android 11; moto g power (2022)) AppleWebKit/537.36 (KHTML, like Gecko) Chrome/136.0.0.0 Mobile Safari/537.36 Chrome-Lighthouse"
66.249.82.132 - - [23/Feb/2026:02:30:12 +0000] "GET /wp-content/uploads/2024/10/category-02.svg HTTP/1.1" 200 15569 "https://www.teknisihub.com/" "Mozilla/5.0 (Linux; Android 11; moto g power (2022)) AppleWebKit/537.36 (KHTML, like Gecko) Chrome/136.0.0.0 Mobile Safari/537.36 Chrome-Lighthouse"
66.249.82.132 - - [23/Feb/2026:02:30:12 +0000] "GET /wp-content/uploads/2024/10/avatar-15.jpg HTTP/1.1" 200 80038 "https://www.teknisihub.com/" "Mozilla/5.0 (Linux; Android 11; moto g power (2022)) AppleWebKit/537.36 (KHTML, like Gecko) Chrome/136.0.0.0 Mobile Safari/537.36 Chrome-Lighthouse"
66.249.82.130 - - [23/Feb/2026:02:30:12 +0000] "GET /wp-content/uploads/2024/10/avatar-14-2.jpg HTTP/1.1" 200 50922 "https://www.teknisihub.com/" "Mozilla/5.0 (Linux; Android 11; moto g power (2022)) AppleWebKit/537.36 (KHTML, like Gecko) Chrome/136.0.0.0 Mobile Safari/537.36 Chrome-Lighthouse"
66.249.82.133 - - [23/Feb/2026:02:30:12 +0000] "GET /wp-content/uploads/2024/10/work-02.svg HTTP/1.1" 200 6739 "https://www.teknisihub.com/" "Mozilla/5.0 (Linux; Android 11; moto g power (2022)) AppleWebKit/537.36 (KHTML, like Gecko) Chrome/136.0.0.0 Mobile Safari/537.36 Chrome-Lighthouse"
66.249.82.132 - - [23/Feb/2026:02:30:12 +0000] "GET /wp-content/uploads/2024/10/category-07.svg HTTP/1.1" 200 11373 "https://www.teknisihub.com/" "Mozilla/5.0 (Linux; Android 11; moto g power (2022)) AppleWebKit/537.36 (KHTML, like Gecko) Chrome/136.0.0.0 Mobile Safari/537.36 Chrome-Lighthouse"
66.249.82.132 - - [23/Feb/2026:02:30:12 +0000] "GET /wp-content/uploads/2024/10/category-05.svg HTTP/1.1" 200 11836 "https://www.teknisihub.com/" "Mozilla/5.0 (Linux; Android 11; moto g power (2022)) AppleWebKit/537.36 (KHTML, like Gecko) Chrome/136.0.0.0 Mobile Safari/537.36 Chrome-Lighthouse"
66.249.82.131 - - [23/Feb/2026:02:30:12 +0000] "GET /wp-content/uploads/2024/10/category-09.svg HTTP/1.1" 200 10164 "https://www.teknisihub.com/" "Mozilla/5.0 (Linux; Android 11; moto g power (2022)) AppleWebKit/537.36 (KHTML, like Gecko) Chrome/136.0.0.0 Mobile Safari/537.36 Chrome-Lighthouse"
66.249.82.133 - - [23/Feb/2026:02:30:12 +0000] "GET /wp-content/uploads/2024/10/category-11.svg HTTP/1.1" 200 6467 "https://www.teknisihub.com/" "Mozilla/5.0 (Macintosh; Intel Mac OS X 10_15_7) AppleWebKit/537.36 (KHTML, like Gecko) Chrome/136.0.0.0 Safari/537.36 Chrome-Lighthouse"
66.249.82.131 - - [23/Feb/2026:02:30:12 +0000] "GET /wp-content/uploads/2024/10/success-03.svg HTTP/1.1" 200 1146 "https://www.teknisihub.com/" "Mozilla/5.0 (Linux; Android 11; moto g power (2022)) AppleWebKit/537.36 (KHTML, like Gecko) Chrome/136.0.0.0 Mobile Safari/537.36 Chrome-Lighthouse"
66.249.82.130 - - [23/Feb/2026:02:30:12 +0000] "GET /wp-content/uploads/2024/10/avatar-13-1.jpg HTTP/1.1" 200 64766 "https://www.teknisihub.com/" "Mozilla/5.0 (Linux; Android 11; moto g power (2022)) AppleWebKit/537.36 (KHTML, like Gecko) Chrome/136.0.0.0 Mobile Safari/537.36 Chrome-Lighthouse"
66.249.82.132 - - [23/Feb/2026:02:30:12 +0000] "GET /wp-content/uploads/2024/10/category-01.svg HTTP/1.1" 200 9249 "https://www.teknisihub.com/" "Mozilla/5.0 (Linux; Android 11; moto g power (2022)) AppleWebKit/537.36 (KHTML, like Gecko) Chrome/136.0.0.0 Mobile Safari/537.36 Chrome-Lighthouse"
66.249.82.132 - - [23/Feb/2026:02:30:12 +0000] "GET /wp-content/uploads/2024/10/category-12.svg HTTP/1.1" 200 9176 "https://www.teknisihub.com/" "Mozilla/5.0 (Macintosh; Intel Mac OS X 10_15_7) AppleWebKit/537.36 (KHTML, like Gecko) Chrome/136.0.0.0 Safari/537.36 Chrome-Lighthouse"
66.249.82.131 - - [23/Feb/2026:02:30:12 +0000] "GET /wp-content/uploads/2024/10/category-13.svg HTTP/1.1" 200 12110 "https://www.teknisihub.com/" "Mozilla/5.0 (Macintosh; Intel Mac OS X 10_15_7) AppleWebKit/537.36 (KHTML, like Gecko) Chrome/136.0.0.0 Safari/537.36 Chrome-Lighthouse"
66.249.82.132 - - [23/Feb/2026:02:30:12 +0000] "GET /wp-content/uploads/2024/10/category-08.svg HTTP/1.1" 200 13085 "https://www.teknisihub.com/" "Mozilla/5.0 (Macintosh; Intel Mac OS X 10_15_7) AppleWebKit/537.36 (KHTML, like Gecko) Chrome/136.0.0.0 Safari/537.36 Chrome-Lighthouse"
66.249.82.132 - - [23/Feb/2026:02:30:12 +0000] "GET /wp-content/uploads/2024/10/avatar-12-1.jpg HTTP/1.1" 200 62069 "https://www.teknisihub.com/" "Mozilla/5.0 (Linux; Android 11; moto g power (2022)) AppleWebKit/537.36 (KHTML, like Gecko) Chrome/136.0.0.0 Mobile Safari/537.36 Chrome-Lighthouse"
66.249.82.131 - - [23/Feb/2026:02:30:12 +0000] "GET /wp-content/uploads/2024/10/category-04.svg HTTP/1.1" 200 9208 "https://www.teknisihub.com/" "Mozilla/5.0 (Macintosh; Intel Mac OS X 10_15_7) AppleWebKit/537.36 (KHTML, like Gecko) Chrome/136.0.0.0 Safari/537.36 Chrome-Lighthouse"
14.242.175.184 - - [23/Feb/2026:02:30:59 +0000] "GET /some-of-these-wheel-of-fortune-games-additionally/ HTTP/1.1" 301 178 "-" "Mozilla/5.0 (Macintosh; Intel Mac OS X 11_0_1) AppleWebKit/537.36 (KHTML, like Gecko) Chrome/87.0.4280.88 Safari/537.36"
172.187.168.139 - - [23/Feb/2026:02:31:02 +0000] "POST /wp-cron.php?doing_wp_cron=1771813862.3867330551147460937500 HTTP/1.1" 200 31 "-" "WordPress/6.9; https://truelysell-wp.dreamsmarketplace.com"
14.172.174.243 - - [23/Feb/2026:02:31:02 +0000] "GET /some-of-these-wheel-of-fortune-games-additionally/ HTTP/1.1" 404 29362 "-" "Mozilla/5.0 (Macintosh; Intel Mac OS X 11_0_1) AppleWebKit/537.36 (KHTML, like Gecko) Chrome/87.0.4280.88 Safari/537.36"
107.178.192.2 - - [23/Feb/2026:02:31:27 +0000] "GET /vedonlyonti-bonukset-parhaissa-verkossa-olevissa-kasinoissa/ HTTP/1.1" 301 178 "-" "Mozilla/5.0 (compatible; Google-Apps-Script; beanserver; +https://script.google.com; id: UAEmdDd-CGrIdn-9e9oHRhQ73mfdY6j8W2g)"
50.17.185.102 - - [23/Feb/2026:02:31:28 +0000] "GET / HTTP/1.1" 301 178 "-" "FreshpingBot/1.0 (+https://freshping.io/)"
172.187.168.139 - - [23/Feb/2026:02:31:30 +0000] "POST /wp-cron.php?doing_wp_cron=1771813890.7705700397491455078125 HTTP/1.1" 200 31 "-" "WordPress/6.9; https://truelysell-wp.dreamsmarketplace.com"
50.17.185.102 - - [23/Feb/2026:02:31:30 +0000] "GET / HTTP/1.1" 200 43818 "-" "FreshpingBot/1.0 (+https://freshping.io/)"
2a03:2880:f800:4:: - - [23/Feb/2026:02:31:48 +0000] "GET /listing/toughened-glass-fitting-services/ HTTP/1.1" 200 38962 "-" "meta-externalagent/1.1 (+https://developers.facebook.com/docs/sharing/webmasters/crawler)"
172.187.168.139 - - [23/Feb/2026:02:35:26 +0000] "POST /wp-cron.php?doing_wp_cron=1771814126.3514349460601806640625 HTTP/1.1" 200 31 "-" "WordPress/6.9; https://truelysell-wp.dreamsmarketplace.com"
2a03:2880:f800:3b:: - - [23/Feb/2026:02:35:26 +0000] "GET /gana-dinero-real-jugando-en-los-mejores-casinos-12/ HTTP/1.1" 200 216273 "-" "meta-externalagent/1.1 (+https://developers.facebook.com/docs/sharing/webmasters/crawler)"
50.17.185.102 - - [23/Feb/2026:02:36:26 +0000] "GET / HTTP/1.1" 301 178 "-" "FreshpingBot/1.0 (+https://freshping.io/)"
172.187.168.139 - - [23/Feb/2026:02:36:28 +0000] "POST /wp-cron.php?doing_wp_cron=1771814188.5740931034088134765625 HTTP/1.1" 200 31 "-" "WordPress/6.9; https://truelysell-wp.dreamsmarketplace.com"
50.17.185.102 - - [23/Feb/2026:02:36:28 +0000] "GET / HTTP/1.1" 200 43840 "-" "FreshpingBot/1.0 (+https://freshping.io/)"
2a03:2880:f800:2e:: - - [23/Feb/2026:02:37:31 +0000] "GET /wp-content/uploads/2024/09/app-store.svg HTTP/1.1" 301 178 "-" "meta-externalagent/1.1 (+https://developers.facebook.com/docs/sharing/webmasters/crawler)"
148.72.108.181 - - [23/Feb/2026:02:38:07 +0000] "GET /wp-content/uploads/2024/11/services-01.jpg HTTP/1.1" 301 178 "-" "-"
148.72.108.181 - - [23/Feb/2026:02:38:08 +0000] "GET /wp-content/uploads/2024/11/services-01.jpg HTTP/1.1" 304 0 "-" "-"
148.72.108.181 - - [23/Feb/2026:02:38:08 +0000] "GET /wp-content/uploads/2024/01/services-12.jpg HTTP/1.1" 301 178 "-" "-"
148.72.108.181 - - [23/Feb/2026:02:38:09 +0000] "GET /wp-content/uploads/2024/01/services-12.jpg HTTP/1.1" 304 0 "-" "-"
148.72.108.181 - - [23/Feb/2026:02:38:10 +0000] "GET /wp-content/uploads/2024/01/services-13.jpg HTTP/1.1" 301 178 "-" "-"
148.72.108.181 - - [23/Feb/2026:02:38:10 +0000] "GET /wp-content/uploads/2024/01/services-13.jpg HTTP/1.1" 304 0 "-" "-"
148.72.108.181 - - [23/Feb/2026:02:38:10 +0000] "GET /wp-content/uploads/2024/01/services-08.jpg HTTP/1.1" 301 178 "-" "-"
148.72.108.181 - - [23/Feb/2026:02:38:11 +0000] "GET /wp-content/uploads/2024/01/services-08.jpg HTTP/1.1" 304 0 "-" "-"
148.72.108.181 - - [23/Feb/2026:02:38:12 +0000] "GET /wp-content/uploads/2024/01/services-07.jpg HTTP/1.1" 301 178 "-" "-"
148.72.108.181 - - [23/Feb/2026:02:38:12 +0000] "GET /wp-content/uploads/2024/01/services-07.jpg HTTP/1.1" 304 0 "-" "-"
148.72.108.181 - - [23/Feb/2026:02:38:13 +0000] "GET /wp-content/uploads/2024/01/services-10.jpg HTTP/1.1" 301 178 "-" "-"
148.72.108.181 - - [23/Feb/2026:02:38:14 +0000] "GET /wp-content/uploads/2024/01/services-10.jpg HTTP/1.1" 304 0 "-" "-"
148.72.108.181 - - [23/Feb/2026:02:38:14 +0000] "GET /wp-content/uploads/2024/01/service-11.jpg HTTP/1.1" 301 178 "-" "-"
148.72.108.181 - - [23/Feb/2026:02:38:15 +0000] "GET /wp-content/uploads/2024/01/service-11.jpg HTTP/1.1" 304 0 "-" "-"
148.72.108.181 - - [23/Feb/2026:02:38:16 +0000] "GET /wp-content/uploads/2024/01/service-03-4.jpg HTTP/1.1" 301 178 "-" "-"
148.72.108.181 - - [23/Feb/2026:02:38:16 +0000] "GET /wp-content/uploads/2024/01/service-03-4.jpg HTTP/1.1" 304 0 "-" "-"
2a03:2880:f800:3e:: - - [23/Feb/2026:02:38:36 +0000] "GET /category/admiralbet/ HTTP/1.1" 301 178 "-" "meta-externalagent/1.1 (+https://developers.facebook.com/docs/sharing/webmasters/crawler)"
14.230.121.143 - - [23/Feb/2026:02:39:43 +0000] "GET /spielen-sie-dragonslots-das-beste-onlinecasino-in-osterreich/ HTTP/1.1" 301 178 "-" "Mozilla/5.0 (Macintosh; Intel Mac OS X 10_12_6) AppleWebKit/537.36 (KHTML, like Gecko) Chrome/88.0.4324.192 Safari/537.36"
172.187.168.139 - - [23/Feb/2026:02:39:45 +0000] "POST /wp-cron.php?doing_wp_cron=1771814385.0937399864196777343750 HTTP/1.1" 200 31 "-" "WordPress/6.9; https://truelysell-wp.dreamsmarketplace.com"
198.244.168.193 - - [23/Feb/2026:02:39:45 +0000] "GET /the-standard-lorem-ipsum-used-which-looks-reasonable/feed/ HTTP/1.1" 200 904 "-" "Mozilla/5.0 (compatible; AhrefsBot/7.0; +http://ahrefs.com/robot/)"
222.253.137.78 - - [23/Feb/2026:02:39:46 +0000] "GET /spielen-sie-dragonslots-das-beste-onlinecasino-in-osterreich/ HTTP/1.1" 404 29362 "-" "Mozilla/5.0 (Macintosh; Intel Mac OS X 10_12_6) AppleWebKit/537.36 (KHTML, like Gecko) Chrome/88.0.4324.192 Safari/537.36"
2a03:2880:f800:9:: - - [23/Feb/2026:02:39:58 +0000] "GET /moonwin-kasino-osterreich-infos-spiele-und-boni-detailliert/ HTTP/1.1" 301 178 "-" "meta-externalagent/1.1 (+https://developers.facebook.com/docs/sharing/webmasters/crawler)"
172.187.168.139 - - [23/Feb/2026:02:40:48 +0000] "POST /wp-cron.php?doing_wp_cron=1771814448.5617098808288574218750 HTTP/1.1" 200 31 "-" "WordPress/6.9; https://truelysell-wp.dreamsmarketplace.com"
2a03:2880:f800:f:: - - [23/Feb/2026:02:40:48 +0000] "GET /listing-category/computer/ HTTP/1.1" 200 34206 "-" "meta-externalagent/1.1 (+https://developers.facebook.com/docs/sharing/webmasters/crawler)"
113.174.133.213 - - [23/Feb/2026:02:41:04 +0000] "GET /pet-grooming/gallery/ HTTP/1.1" 301 178 "-" "Mozilla/5.0 (Windows NT 10.0; Win64; x64) AppleWebKit/537.36 (KHTML, like Gecko) Chrome/77.0.3865.120 Safari/537.36"
35.173.69.86 - - [23/Feb/2026:02:41:06 +0000] "GET / HTTP/1.1" 301 178 "-" "FreshpingBot/1.0 (+https://freshping.io/)"
14.224.62.192 - - [23/Feb/2026:02:41:07 +0000] "GET /pet-grooming/gallery/ HTTP/1.1" 301 5 "-" "Mozilla/5.0 (Windows NT 10.0; Win64; x64) AppleWebKit/537.36 (KHTML, like Gecko) Chrome/77.0.3865.120 Safari/537.36"
35.173.69.86 - - [23/Feb/2026:02:41:08 +0000] "GET / HTTP/1.1" 200 43819 "-" "FreshpingBot/1.0 (+https://freshping.io/)"
14.224.62.192 - - [23/Feb/2026:02:41:09 +0000] "GET /gallery/ HTTP/1.1" 200 35399 "-" "Mozilla/5.0 (Windows NT 10.0; Win64; x64) AppleWebKit/537.36 (KHTML, like Gecko) Chrome/77.0.3865.120 Safari/537.36"
2a03:2880:f800:31:: - - [23/Feb/2026:02:41:12 +0000] "GET /1xbet-skachat-nate-android-a-takzhe-ios-ustanovit-addendum-1khbet-apk-iz-dolzhnostnogo-sayta/ HTTP/1.1" 301 178 "-" "meta-externalagent/1.1 (+https://developers.facebook.com/docs/sharing/webmasters/crawler)"
113.191.64.165 - - [23/Feb/2026:02:42:39 +0000] "GET /pet-grooming/listing-category/pet-adoption/ HTTP/1.1" 301 178 "-" "Mozilla/5.0 (Macintosh; Intel Mac OS X 10_14_6) AppleWebKit/537.36 (KHTML, like Gecko) Brave Chrome/87.0.4280.88 Safari/537.36"
172.187.168.139 - - [23/Feb/2026:02:42:42 +0000] "POST /wp-cron.php?doing_wp_cron=1771814562.7059559822082519531250 HTTP/1.1" 200 31 "-" "WordPress/6.9; https://truelysell-wp.dreamsmarketplace.com"
189.113.43.69 - - [23/Feb/2026:02:42:42 +0000] "GET /pet-grooming/listing-category/pet-adoption/ HTTP/1.1" 404 29362 "-" "Mozilla/5.0 (Macintosh; Intel Mac OS X 10_14_6) AppleWebKit/537.36 (KHTML, like Gecko) Brave Chrome/87.0.4280.88 Safari/537.36"
2a03:2880:f800:21:: - - [23/Feb/2026:02:42:46 +0000] "GET /wp-sitemap-users-1.xml/page/3/ HTTP/1.1" 404 29362 "-" "meta-externalagent/1.1 (+https://developers.facebook.com/docs/sharing/webmasters/crawler)"
34.116.21.1 - - [23/Feb/2026:02:45:31 +0000] "GET /vedonlyonti-bonukset-parhaissa-verkossa-olevissa-kasinoissa/ HTTP/1.1" 301 178 "-" "Mozilla/5.0 (compatible; Google-Apps-Script; beanserver; +https://script.google.com; id: UAEmdDd-CGrIdn-9e9oHRhQ73mfdY6j8W2g)"
35.173.69.86 - - [23/Feb/2026:02:46:25 +0000] "GET / HTTP/1.1" 301 178 "-" "FreshpingBot/1.0 (+https://freshping.io/)"
172.187.168.139 - - [23/Feb/2026:02:46:27 +0000] "POST /wp-cron.php?doing_wp_cron=1771814787.7685699462890625000000 HTTP/1.1" 200 31 "-" "WordPress/6.9; https://truelysell-wp.dreamsmarketplace.com"
35.173.69.86 - - [23/Feb/2026:02:46:27 +0000] "GET / HTTP/1.1" 200 43840 "-" "FreshpingBot/1.0 (+https://freshping.io/)"
103.243.173.74 - - [23/Feb/2026:02:47:23 +0000] "GET /wp-content/uploads/2024/10/success-01.svg HTTP/1.1" 301 178 "-" "-"
103.243.173.74 - - [23/Feb/2026:02:47:24 +0000] "GET /wp-content/uploads/2024/10/success-01.svg HTTP/1.1" 200 1207 "-" "-"
103.243.173.74 - - [23/Feb/2026:02:47:26 +0000] "GET /wp-content/uploads/2024/10/success-02.svg HTTP/1.1" 304 0 "-" "-"
103.243.173.74 - - [23/Feb/2026:02:47:27 +0000] "GET /wp-content/uploads/2024/10/success-03.svg HTTP/1.1" 200 1146 "-" "-"
103.243.173.74 - - [23/Feb/2026:02:47:28 +0000] "GET /wp-content/uploads/2024/10/category-01.svg HTTP/1.1" 304 0 "-" "-"
103.243.173.74 - - [23/Feb/2026:02:47:30 +0000] "GET /wp-content/uploads/2024/10/category-02.svg HTTP/1.1" 304 0 "-" "-"
103.243.173.74 - - [23/Feb/2026:02:47:31 +0000] "GET /wp-content/uploads/2024/10/category-13.svg HTTP/1.1" 304 0 "-" "-"
103.243.173.74 - - [23/Feb/2026:02:47:32 +0000] "GET /wp-content/uploads/2024/10/category-04.svg HTTP/1.1" 200 9208 "-" "-"
103.243.173.74 - - [23/Feb/2026:02:47:34 +0000] "GET /wp-content/uploads/2024/10/category-05.svg HTTP/1.1" 304 0 "-" "-"
103.243.173.74 - - [23/Feb/2026:02:47:35 +0000] "GET /wp-content/uploads/2024/10/category-06.svg HTTP/1.1" 304 0 "-" "-"
103.243.173.74 - - [23/Feb/2026:02:47:36 +0000] "GET /wp-content/uploads/2024/10/category-07.svg HTTP/1.1" 304 0 "-" "-"
103.243.173.74 - - [23/Feb/2026:02:47:38 +0000] "GET /wp-content/uploads/2024/10/category-08.svg HTTP/1.1" 304 0 "-" "-"
103.243.173.74 - - [23/Feb/2026:02:47:39 +0000] "GET /wp-content/uploads/2024/10/category-09.svg HTTP/1.1" 304 0 "-" "-"
103.243.173.74 - - [23/Feb/2026:02:47:40 +0000] "GET /wp-content/uploads/2024/10/category-10.svg HTTP/1.1" 304 0 "-" "-"
103.243.173.74 - - [23/Feb/2026:02:47:41 +0000] "GET /wp-content/uploads/2024/10/category-11.svg HTTP/1.1" 304 0 "-" "-"
103.243.173.74 - - [23/Feb/2026:02:47:43 +0000] "GET /wp-content/uploads/2024/10/category-12.svg HTTP/1.1" 304 0 "-" "-"
103.243.173.74 - - [23/Feb/2026:02:47:44 +0000] "GET /wp-content/uploads/2024/10/work-01.svg HTTP/1.1" 304 0 "-" "-"
103.243.173.74 - - [23/Feb/2026:02:47:45 +0000] "GET /wp-content/uploads/2024/10/work-02.svg HTTP/1.1" 304 0 "-" "-"
103.243.173.74 - - [23/Feb/2026:02:47:46 +0000] "GET /wp-content/uploads/2024/10/work-03.svg HTTP/1.1" 200 12346 "-" "-"
103.243.173.74 - - [23/Feb/2026:02:47:48 +0000] "GET /wp-content/uploads/2024/10/avatar-14-2.jpg HTTP/1.1" 304 0 "-" "-"
103.243.173.74 - - [23/Feb/2026:02:47:49 +0000] "GET /wp-content/uploads/2024/10/avatar-12-1.jpg HTTP/1.1" 304 0 "-" "-"
103.243.173.74 - - [23/Feb/2026:02:47:51 +0000] "GET /wp-content/uploads/2024/10/avatar-13-1.jpg HTTP/1.1" 304 0 "-" "-"
103.243.173.74 - - [23/Feb/2026:02:47:52 +0000] "GET /wp-content/uploads/2024/10/avatar-15.jpg HTTP/1.1" 200 80038 "-" "-"
2a03:2880:f800:33:: - - [23/Feb/2026:02:48:38 +0000] "GET /better-bonuses-support-program/ HTTP/1.1" 301 178 "-" "meta-externalagent/1.1 (+https://developers.facebook.com/docs/sharing/webmasters/crawler)"
2a03:2880:f800:a:: - - [23/Feb/2026:02:48:41 +0000] "GET /nternet-oyun-dunyasndaki-yeni-yonelimler-bettilt-3/ HTTP/1.1" 301 178 "-" "meta-externalagent/1.1 (+https://developers.facebook.com/docs/sharing/webmasters/crawler)"
14.234.26.129 - - [23/Feb/2026:02:50:09 +0000] "GET /suuri-voittosaari-big-boost-casinolla/ HTTP/1.1" 301 178 "-" "Mozilla/5.0 (Windows NT 6.1; WOW64) AppleWebKit/537.36 (KHTML, like Gecko) Chrome/87.0.4280.88 Safari/537.36"
172.187.168.139 - - [23/Feb/2026:02:50:12 +0000] "POST /wp-cron.php?doing_wp_cron=1771815012.8531610965728759765625 HTTP/1.1" 200 31 "-" "WordPress/6.9; https://truelysell-wp.dreamsmarketplace.com"
