182.181.244.124 - - [23/Feb/2026:07:08:06 +0000] "POST /wp-login.php?redirect_to=https%3A%2F%2Ftruelysell-wp.dreamsmarketplace.com%2Fwp-admin%2F&reauth=1 HTTP/1.1" 302 5 "-" "Mozilla/5.0 (Windows NT 10.0; Win64; x64) AppleWebKit/537.36 (KHTML, like Gecko) Chrome/131.0.0.0 Safari/537.36"
182.181.244.124 - - [23/Feb/2026:07:08:09 +0000] "GET /dashboard/?login=incorrect_password HTTP/1.1" 200 33273 "https://truelysell-wp.dreamsmarketplace.com/wp-login.php?redirect_to=https%3A%2F%2Ftruelysell-wp.dreamsmarketplace.com%2Fwp-admin%2F&reauth=1" "Mozilla/5.0 (Windows NT 10.0; Win64; x64) AppleWebKit/537.36 (KHTML, like Gecko) Chrome/131.0.0.0 Safari/537.36"
182.181.244.124 - - [23/Feb/2026:07:08:13 +0000] "GET /wp-login.php HTTP/1.1" 301 178 "http://truelysell-wp.dreamstechnologies.com/wp-login.php" "Mozilla/5.0 (Windows NT 10.0; Win64; x64; rv:133.0) Gecko/20100101 Firefox/133.0"
182.181.244.124 - - [23/Feb/2026:07:08:17 +0000] "GET /wp-login.php HTTP/1.1" 200 2529 "https://truelysell-wp.dreamstechnologies.com/wp-login.php" "Mozilla/5.0 (Windows NT 10.0; Win64; x64; rv:133.0) Gecko/20100101 Firefox/133.0"
172.187.168.139 - - [23/Feb/2026:07:08:21 +0000] "POST /wp-cron.php?doing_wp_cron=1771830501.7548370361328125000000 HTTP/1.1" 200 31 "-" "WordPress/6.9; https://truelysell-wp.dreamsmarketplace.com"
182.181.244.124 - - [23/Feb/2026:07:08:21 +0000] "POST /wp-login.php HTTP/1.1" 302 5 "-" "Mozilla/5.0 (Windows NT 10.0; Win64; x64) AppleWebKit/537.36 (KHTML, like Gecko) Chrome/131.0.0.0 Safari/537.36"
182.181.244.124 - - [23/Feb/2026:07:08:25 +0000] "GET /dashboard/?login=incorrect_password HTTP/1.1" 200 33273 "https://truelysell-wp.dreamsmarketplace.com/wp-login.php" "Mozilla/5.0 (Windows NT 10.0; Win64; x64) AppleWebKit/537.36 (KHTML, like Gecko) Chrome/131.0.0.0 Safari/537.36"
106.210.215.157 - - [23/Feb/2026:07:08:33 +0000] "GET /wp-login.php HTTP/1.1" 301 178 "http://truelysell-wp.dreamstechnologies.com/wp-login.php" "Mozilla/5.0 (Windows NT 10.0; Win64; x64) AppleWebKit/537.36 (KHTML, like Gecko) Chrome/131.0.0.0 Safari/537.36"
198.244.168.162 - - [23/Feb/2026:07:08:33 +0000] "GET /saloon/blog-grid/ HTTP/1.1" 301 178 "-" "Mozilla/5.0 (compatible; AhrefsBot/7.0; +http://ahrefs.com/robot/)"
2405:201:4085:6808:41c0:b4ec:8001:ddb3 - - [23/Feb/2026:07:08:35 +0000] "GET / HTTP/1.1" 200 43820 "https://preview.themeforest.net/" "Mozilla/5.0 (Windows NT 10.0; Win64; x64) AppleWebKit/537.36 (KHTML, like Gecko) Chrome/145.0.0.0 Safari/537.36"
2405:201:4085:6808:41c0:b4ec:8001:ddb3 - - [23/Feb/2026:07:08:36 +0000] "GET /wp-content/plugins/elementor/assets/lib/eicons/css/elementor-icons.min.css?ver=5.44.0 HTTP/1.1" 304 0 "https://truelysell-wp.dreamsmarketplace.com/" "Mozilla/5.0 (Windows NT 10.0; Win64; x64) AppleWebKit/537.36 (KHTML, like Gecko) Chrome/145.0.0.0 Safari/537.36"
2405:201:4085:6808:41c0:b4ec:8001:ddb3 - - [23/Feb/2026:07:08:36 +0000] "GET /wp-content/themes/truelysell/assets/images/bgs/bg-06.svg HTTP/1.1" 304 0 "https://truelysell-wp.dreamsmarketplace.com/" "Mozilla/5.0 (Windows NT 10.0; Win64; x64) AppleWebKit/537.36 (KHTML, like Gecko) Chrome/145.0.0.0 Safari/537.36"
2405:201:4085:6808:41c0:b4ec:8001:ddb3 - - [23/Feb/2026:07:08:36 +0000] "GET /wp-content/plugins/elementor/assets/css/frontend.min.css?ver=3.33.4 HTTP/1.1" 304 0 "https://truelysell-wp.dreamsmarketplace.com/" "Mozilla/5.0 (Windows NT 10.0; Win64; x64) AppleWebKit/537.36 (KHTML, like Gecko) Chrome/145.0.0.0 Safari/537.36"
2405:201:4085:6808:41c0:b4ec:8001:ddb3 - - [23/Feb/2026:07:08:36 +0000] "GET /wp-content/uploads/2024/10/success-01.svg HTTP/1.1" 304 0 "https://truelysell-wp.dreamsmarketplace.com/" "Mozilla/5.0 (Windows NT 10.0; Win64; x64) AppleWebKit/537.36 (KHTML, like Gecko) Chrome/145.0.0.0 Safari/537.36"
2405:201:4085:6808:41c0:b4ec:8001:ddb3 - - [23/Feb/2026:07:08:37 +0000] "GET /wp-content/uploads/2024/10/success-02.svg HTTP/1.1" 304 0 "https://truelysell-wp.dreamsmarketplace.com/" "Mozilla/5.0 (Windows NT 10.0; Win64; x64) AppleWebKit/537.36 (KHTML, like Gecko) Chrome/145.0.0.0 Safari/537.36"
2405:201:4085:6808:41c0:b4ec:8001:ddb3 - - [23/Feb/2026:07:08:37 +0000] "GET /wp-content/uploads/2024/10/success-03.svg HTTP/1.1" 304 0 "https://truelysell-wp.dreamsmarketplace.com/" "Mozilla/5.0 (Windows NT 10.0; Win64; x64) AppleWebKit/537.36 (KHTML, like Gecko) Chrome/145.0.0.0 Safari/537.36"
2405:201:4085:6808:41c0:b4ec:8001:ddb3 - - [23/Feb/2026:07:08:37 +0000] "GET /wp-content/themes/truelysell/assets/css/block-styles.css?ver=1.0 HTTP/1.1" 404 29363 "https://truelysell-wp.dreamsmarketplace.com/" "Mozilla/5.0 (Windows NT 10.0; Win64; x64) AppleWebKit/537.36 (KHTML, like Gecko) Chrome/145.0.0.0 Safari/537.36"
2405:201:4085:6808:41c0:b4ec:8001:ddb3 - - [23/Feb/2026:07:08:38 +0000] "GET /wp-content/uploads/2024/10/banner.png HTTP/1.1" 304 0 "https://truelysell-wp.dreamsmarketplace.com/" "Mozilla/5.0 (Windows NT 10.0; Win64; x64) AppleWebKit/537.36 (KHTML, like Gecko) Chrome/145.0.0.0 Safari/537.36"
106.210.215.157 - - [23/Feb/2026:07:08:38 +0000] "GET /wp-login.php HTTP/1.1" 200 2529 "https://truelysell-wp.dreamstechnologies.com/wp-login.php" "Mozilla/5.0 (Windows NT 10.0; Win64; x64) AppleWebKit/537.36 (KHTML, like Gecko) Chrome/131.0.0.0 Safari/537.36"
2405:201:4085:6808:41c0:b4ec:8001:ddb3 - - [23/Feb/2026:07:08:38 +0000] "GET /wp-content/uploads/2024/10/category-13.svg HTTP/1.1" 304 0 "https://truelysell-wp.dreamsmarketplace.com/" "Mozilla/5.0 (Windows NT 10.0; Win64; x64) AppleWebKit/537.36 (KHTML, like Gecko) Chrome/145.0.0.0 Safari/537.36"
2405:201:4085:6808:41c0:b4ec:8001:ddb3 - - [23/Feb/2026:07:08:38 +0000] "GET /wp-content/plugins/elementor/assets/js/frontend.min.js?ver=3.33.4 HTTP/1.1" 304 0 "https://truelysell-wp.dreamsmarketplace.com/" "Mozilla/5.0 (Windows NT 10.0; Win64; x64) AppleWebKit/537.36 (KHTML, like Gecko) Chrome/145.0.0.0 Safari/537.36"
2405:201:4085:6808:41c0:b4ec:8001:ddb3 - - [23/Feb/2026:07:08:38 +0000] "GET /wp-content/uploads/2024/10/avatar-14-2.jpg HTTP/1.1" 304 0 "https://truelysell-wp.dreamsmarketplace.com/" "Mozilla/5.0 (Windows NT 10.0; Win64; x64) AppleWebKit/537.36 (KHTML, like Gecko) Chrome/145.0.0.0 Safari/537.36"
2405:201:4085:6808:41c0:b4ec:8001:ddb3 - - [23/Feb/2026:07:08:38 +0000] "GET /wp-content/themes/truelysell/assets/images/bgs/work-bg-02.svg HTTP/1.1" 304 0 "https://truelysell-wp.dreamsmarketplace.com/" "Mozilla/5.0 (Windows NT 10.0; Win64; x64) AppleWebKit/537.36 (KHTML, like Gecko) Chrome/145.0.0.0 Safari/537.36"
2405:201:4085:6808:41c0:b4ec:8001:ddb3 - - [23/Feb/2026:07:08:38 +0000] "GET /wp-content/themes/truelysell/assets/images/tick-banner.svg HTTP/1.1" 304 0 "https://truelysell-wp.dreamsmarketplace.com/" "Mozilla/5.0 (Windows NT 10.0; Win64; x64) AppleWebKit/537.36 (KHTML, like Gecko) Chrome/145.0.0.0 Safari/537.36"
2405:201:4085:6808:41c0:b4ec:8001:ddb3 - - [23/Feb/2026:07:08:38 +0000] "GET /wp-content/uploads/2024/10/category-02.svg HTTP/1.1" 304 0 "https://truelysell-wp.dreamsmarketplace.com/" "Mozilla/5.0 (Windows NT 10.0; Win64; x64) AppleWebKit/537.36 (KHTML, like Gecko) Chrome/145.0.0.0 Safari/537.36"
2405:201:4085:6808:41c0:b4ec:8001:ddb3 - - [23/Feb/2026:07:08:38 +0000] "GET /wp-content/uploads/2024/10/category-08.svg HTTP/1.1" 304 0 "https://truelysell-wp.dreamsmarketplace.com/" "Mozilla/5.0 (Windows NT 10.0; Win64; x64) AppleWebKit/537.36 (KHTML, like Gecko) Chrome/145.0.0.0 Safari/537.36"
2405:201:4085:6808:41c0:b4ec:8001:ddb3 - - [23/Feb/2026:07:08:38 +0000] "GET /wp-content/themes/truelysell/assets/images/bgs/bg-05.svg HTTP/1.1" 304 0 "https://truelysell-wp.dreamsmarketplace.com/" "Mozilla/5.0 (Windows NT 10.0; Win64; x64) AppleWebKit/537.36 (KHTML, like Gecko) Chrome/145.0.0.0 Safari/537.36"
2405:201:4085:6808:41c0:b4ec:8001:ddb3 - - [23/Feb/2026:07:08:38 +0000] "GET /wp-content/uploads/2024/10/category-12.svg HTTP/1.1" 304 0 "https://truelysell-wp.dreamsmarketplace.com/" "Mozilla/5.0 (Windows NT 10.0; Win64; x64) AppleWebKit/537.36 (KHTML, like Gecko) Chrome/145.0.0.0 Safari/537.36"
2405:201:4085:6808:41c0:b4ec:8001:ddb3 - - [23/Feb/2026:07:08:38 +0000] "GET /wp-content/themes/truelysell/assets/images/bgs/bg-03.svg HTTP/1.1" 304 0 "https://truelysell-wp.dreamsmarketplace.com/" "Mozilla/5.0 (Windows NT 10.0; Win64; x64) AppleWebKit/537.36 (KHTML, like Gecko) Chrome/145.0.0.0 Safari/537.36"
2405:201:4085:6808:41c0:b4ec:8001:ddb3 - - [23/Feb/2026:07:08:38 +0000] "GET /wp-content/uploads/2024/10/category-05.svg HTTP/1.1" 304 0 "https://truelysell-wp.dreamsmarketplace.com/" "Mozilla/5.0 (Windows NT 10.0; Win64; x64) AppleWebKit/537.36 (KHTML, like Gecko) Chrome/145.0.0.0 Safari/537.36"
2405:201:4085:6808:41c0:b4ec:8001:ddb3 - - [23/Feb/2026:07:08:38 +0000] "GET /wp-content/uploads/2024/10/category-11.svg HTTP/1.1" 304 0 "https://truelysell-wp.dreamsmarketplace.com/" "Mozilla/5.0 (Windows NT 10.0; Win64; x64) AppleWebKit/537.36 (KHTML, like Gecko) Chrome/145.0.0.0 Safari/537.36"
2405:201:4085:6808:41c0:b4ec:8001:ddb3 - - [23/Feb/2026:07:08:38 +0000] "GET /wp-content/uploads/2024/10/work-01.svg HTTP/1.1" 304 0 "https://truelysell-wp.dreamsmarketplace.com/" "Mozilla/5.0 (Windows NT 10.0; Win64; x64) AppleWebKit/537.36 (KHTML, like Gecko) Chrome/145.0.0.0 Safari/537.36"
2405:201:4085:6808:41c0:b4ec:8001:ddb3 - - [23/Feb/2026:07:08:38 +0000] "GET /wp-content/themes/truelysell/assets/images/bgs/bg-04.svg HTTP/1.1" 304 0 "https://truelysell-wp.dreamsmarketplace.com/" "Mozilla/5.0 (Windows NT 10.0; Win64; x64) AppleWebKit/537.36 (KHTML, like Gecko) Chrome/145.0.0.0 Safari/537.36"
2405:201:4085:6808:41c0:b4ec:8001:ddb3 - - [23/Feb/2026:07:08:38 +0000] "GET /wp-content/plugins/elementor/assets/js/webpack.runtime.min.js?ver=3.33.4 HTTP/1.1" 304 0 "https://truelysell-wp.dreamsmarketplace.com/" "Mozilla/5.0 (Windows NT 10.0; Win64; x64) AppleWebKit/537.36 (KHTML, like Gecko) Chrome/145.0.0.0 Safari/537.36"
2405:201:4085:6808:41c0:b4ec:8001:ddb3 - - [23/Feb/2026:07:08:38 +0000] "GET /wp-content/uploads/2024/10/category-01.svg HTTP/1.1" 304 0 "https://truelysell-wp.dreamsmarketplace.com/" "Mozilla/5.0 (Windows NT 10.0; Win64; x64) AppleWebKit/537.36 (KHTML, like Gecko) Chrome/145.0.0.0 Safari/537.36"
2405:201:4085:6808:41c0:b4ec:8001:ddb3 - - [23/Feb/2026:07:08:38 +0000] "GET /wp-content/uploads/2024/10/work-03.svg HTTP/1.1" 304 0 "https://truelysell-wp.dreamsmarketplace.com/" "Mozilla/5.0 (Windows NT 10.0; Win64; x64) AppleWebKit/537.36 (KHTML, like Gecko) Chrome/145.0.0.0 Safari/537.36"
2405:201:4085:6808:41c0:b4ec:8001:ddb3 - - [23/Feb/2026:07:08:38 +0000] "GET /wp-content/uploads/2024/10/category-04.svg HTTP/1.1" 304 0 "https://truelysell-wp.dreamsmarketplace.com/" "Mozilla/5.0 (Windows NT 10.0; Win64; x64) AppleWebKit/537.36 (KHTML, like Gecko) Chrome/145.0.0.0 Safari/537.36"
2405:201:4085:6808:41c0:b4ec:8001:ddb3 - - [23/Feb/2026:07:08:38 +0000] "GET /wp-content/uploads/2024/10/category-09.svg HTTP/1.1" 304 0 "https://truelysell-wp.dreamsmarketplace.com/" "Mozilla/5.0 (Windows NT 10.0; Win64; x64) AppleWebKit/537.36 (KHTML, like Gecko) Chrome/145.0.0.0 Safari/537.36"
2405:201:4085:6808:41c0:b4ec:8001:ddb3 - - [23/Feb/2026:07:08:38 +0000] "GET /wp-content/uploads/2024/10/category-07.svg HTTP/1.1" 304 0 "https://truelysell-wp.dreamsmarketplace.com/" "Mozilla/5.0 (Windows NT 10.0; Win64; x64) AppleWebKit/537.36 (KHTML, like Gecko) Chrome/145.0.0.0 Safari/537.36"
2405:201:4085:6808:41c0:b4ec:8001:ddb3 - - [23/Feb/2026:07:08:38 +0000] "GET /wp-content/uploads/2024/10/work-02.svg HTTP/1.1" 304 0 "https://truelysell-wp.dreamsmarketplace.com/" "Mozilla/5.0 (Windows NT 10.0; Win64; x64) AppleWebKit/537.36 (KHTML, like Gecko) Chrome/145.0.0.0 Safari/537.36"
2405:201:4085:6808:41c0:b4ec:8001:ddb3 - - [23/Feb/2026:07:08:38 +0000] "GET /wp-content/uploads/2024/10/avatar-13-1.jpg HTTP/1.1" 304 0 "https://truelysell-wp.dreamsmarketplace.com/" "Mozilla/5.0 (Windows NT 10.0; Win64; x64) AppleWebKit/537.36 (KHTML, like Gecko) Chrome/145.0.0.0 Safari/537.36"
2405:201:4085:6808:41c0:b4ec:8001:ddb3 - - [23/Feb/2026:07:08:38 +0000] "GET /wp-content/themes/truelysell/assets/images/bgs/work-bg-01.svg HTTP/1.1" 304 0 "https://truelysell-wp.dreamsmarketplace.com/" "Mozilla/5.0 (Windows NT 10.0; Win64; x64) AppleWebKit/537.36 (KHTML, like Gecko) Chrome/145.0.0.0 Safari/537.36"
2405:201:4085:6808:41c0:b4ec:8001:ddb3 - - [23/Feb/2026:07:08:38 +0000] "GET /wp-content/uploads/2024/10/category-10.svg HTTP/1.1" 304 0 "https://truelysell-wp.dreamsmarketplace.com/" "Mozilla/5.0 (Windows NT 10.0; Win64; x64) AppleWebKit/537.36 (KHTML, like Gecko) Chrome/145.0.0.0 Safari/537.36"
2405:201:4085:6808:41c0:b4ec:8001:ddb3 - - [23/Feb/2026:07:08:38 +0000] "GET /wp-content/themes/truelysell/assets/images/icon/star-01.svg HTTP/1.1" 304 0 "https://truelysell-wp.dreamsmarketplace.com/" "Mozilla/5.0 (Windows NT 10.0; Win64; x64) AppleWebKit/537.36 (KHTML, like Gecko) Chrome/145.0.0.0 Safari/537.36"
2405:201:4085:6808:41c0:b4ec:8001:ddb3 - - [23/Feb/2026:07:08:38 +0000] "GET /wp-content/uploads/2024/10/avatar-15.jpg HTTP/1.1" 304 0 "https://truelysell-wp.dreamsmarketplace.com/" "Mozilla/5.0 (Windows NT 10.0; Win64; x64) AppleWebKit/537.36 (KHTML, like Gecko) Chrome/145.0.0.0 Safari/537.36"
2405:201:4085:6808:41c0:b4ec:8001:ddb3 - - [23/Feb/2026:07:08:38 +0000] "GET /wp-content/plugins/elementor/assets/js/frontend-modules.min.js?ver=3.33.4 HTTP/1.1" 304 0 "https://truelysell-wp.dreamsmarketplace.com/" "Mozilla/5.0 (Windows NT 10.0; Win64; x64) AppleWebKit/537.36 (KHTML, like Gecko) Chrome/145.0.0.0 Safari/537.36"
2405:201:4085:6808:41c0:b4ec:8001:ddb3 - - [23/Feb/2026:07:08:38 +0000] "GET /wp-content/uploads/2024/10/category-06.svg HTTP/1.1" 304 0 "https://truelysell-wp.dreamsmarketplace.com/" "Mozilla/5.0 (Windows NT 10.0; Win64; x64) AppleWebKit/537.36 (KHTML, like Gecko) Chrome/145.0.0.0 Safari/537.36"
2405:201:4085:6808:41c0:b4ec:8001:ddb3 - - [23/Feb/2026:07:08:38 +0000] "GET /wp-content/uploads/2024/10/avatar-12-1.jpg HTTP/1.1" 304 0 "https://truelysell-wp.dreamsmarketplace.com/" "Mozilla/5.0 (Windows NT 10.0; Win64; x64) AppleWebKit/537.36 (KHTML, like Gecko) Chrome/145.0.0.0 Safari/537.36"
2405:201:4085:6808:41c0:b4ec:8001:ddb3 - - [23/Feb/2026:07:08:38 +0000] "GET /wp-content/themes/truelysell/assets/images/bgs/provide-bg-01.svg HTTP/1.1" 304 0 "https://truelysell-wp.dreamsmarketplace.com/" "Mozilla/5.0 (Windows NT 10.0; Win64; x64) AppleWebKit/537.36 (KHTML, like Gecko) Chrome/145.0.0.0 Safari/537.36"
2405:201:4085:6808:41c0:b4ec:8001:ddb3 - - [23/Feb/2026:07:08:39 +0000] "GET /wp-content/themes/truelysell/assets/images/bgs/provide-bg-02.svg HTTP/1.1" 304 0 "https://truelysell-wp.dreamsmarketplace.com/" "Mozilla/5.0 (Windows NT 10.0; Win64; x64) AppleWebKit/537.36 (KHTML, like Gecko) Chrome/145.0.0.0 Safari/537.36"
2405:201:4085:6808:41c0:b4ec:8001:ddb3 - - [23/Feb/2026:07:08:39 +0000] "GET /wp-content/themes/truelysell/assets/plugins/tabler-icons/fonts/tabler-icons.woff2?v2.45.0 HTTP/1.1" 304 0 "https://truelysell-wp.dreamsmarketplace.com/wp-content/themes/truelysell/assets/plugins/tabler-icons/tabler-icons.css?ver=2.1" "Mozilla/5.0 (Windows NT 10.0; Win64; x64) AppleWebKit/537.36 (KHTML, like Gecko) Chrome/145.0.0.0 Safari/537.36"
2405:201:4085:6808:41c0:b4ec:8001:ddb3 - - [23/Feb/2026:07:08:39 +0000] "GET /wp-content/themes/truelysell/assets/images/icon/work-icon.svg HTTP/1.1" 304 0 "https://truelysell-wp.dreamsmarketplace.com/wp-content/themes/truelysell/assets/css/style-new.css?ver=2.1" "Mozilla/5.0 (Windows NT 10.0; Win64; x64) AppleWebKit/537.36 (KHTML, like Gecko) Chrome/145.0.0.0 Safari/537.36"
2405:201:4085:6808:41c0:b4ec:8001:ddb3 - - [23/Feb/2026:07:08:39 +0000] "GET /wp-content/themes/truelysell/assets/images/bgs/banner-bg.png HTTP/1.1" 304 0 "https://truelysell-wp.dreamsmarketplace.com/wp-content/themes/truelysell/assets/css/style-new.css?ver=2.1" "Mozilla/5.0 (Windows NT 10.0; Win64; x64) AppleWebKit/537.36 (KHTML, like Gecko) Chrome/145.0.0.0 Safari/537.36"
2405:201:4085:6808:41c0:b4ec:8001:ddb3 - - [23/Feb/2026:07:08:39 +0000] "GET /wp-content/themes/truelysell/assets/fonts/Feather.ttf?sdxovp HTTP/1.1" 304 0 "https://truelysell-wp.dreamsmarketplace.com/wp-content/themes/truelysell/assets/css/feather.css?ver=2.1" "Mozilla/5.0 (Windows NT 10.0; Win64; x64) AppleWebKit/537.36 (KHTML, like Gecko) Chrome/145.0.0.0 Safari/537.36"
2405:201:4085:6808:41c0:b4ec:8001:ddb3 - - [23/Feb/2026:07:08:39 +0000] "GET /wp-content/themes/truelysell/assets/images/business-bg.png HTTP/1.1" 304 0 "https://truelysell-wp.dreamsmarketplace.com/wp-content/themes/truelysell/assets/css/style-new.css?ver=2.1" "Mozilla/5.0 (Windows NT 10.0; Win64; x64) AppleWebKit/537.36 (KHTML, like Gecko) Chrome/145.0.0.0 Safari/537.36"
2405:201:4085:6808:41c0:b4ec:8001:ddb3 - - [23/Feb/2026:07:08:39 +0000] "GET /wp-content/themes/truelysell/assets/plugins/fontawesome/webfonts/fa-solid-900.woff2 HTTP/1.1" 304 0 "https://truelysell-wp.dreamsmarketplace.com/wp-content/themes/truelysell/assets/plugins/fontawesome/css/all.min.css?ver=2.1" "Mozilla/5.0 (Windows NT 10.0; Win64; x64) AppleWebKit/537.36 (KHTML, like Gecko) Chrome/145.0.0.0 Safari/537.36"
2405:201:4085:6808:41c0:b4ec:8001:ddb3 - - [23/Feb/2026:07:08:39 +0000] "GET /wp-content/themes/truelysell/assets/plugins/fontawesome/webfonts/fa-brands-400.woff2 HTTP/1.1" 304 0 "https://truelysell-wp.dreamsmarketplace.com/wp-content/themes/truelysell/assets/plugins/fontawesome/css/all.min.css?ver=2.1" "Mozilla/5.0 (Windows NT 10.0; Win64; x64) AppleWebKit/537.36 (KHTML, like Gecko) Chrome/145.0.0.0 Safari/537.36"
2405:201:4085:6808:41c0:b4ec:8001:ddb3 - - [23/Feb/2026:07:08:39 +0000] "GET /wp-content/plugins/elementor/assets/js/section-frontend-handlers.d85ab872da118940910d.bundle.min.js HTTP/1.1" 304 0 "https://truelysell-wp.dreamsmarketplace.com/" "Mozilla/5.0 (Windows NT 10.0; Win64; x64) AppleWebKit/537.36 (KHTML, like Gecko) Chrome/145.0.0.0 Safari/537.36"
2405:201:4085:6808:41c0:b4ec:8001:ddb3 - - [23/Feb/2026:07:08:39 +0000] "GET /wp-content/plugins/elementor/assets/js/shared-frontend-handlers.03caa53373b56d3bab67.bundle.min.js HTTP/1.1" 304 0 "https://truelysell-wp.dreamsmarketplace.com/" "Mozilla/5.0 (Windows NT 10.0; Win64; x64) AppleWebKit/537.36 (KHTML, like Gecko) Chrome/145.0.0.0 Safari/537.36"
2405:201:4085:6808:41c0:b4ec:8001:ddb3 - - [23/Feb/2026:07:08:39 +0000] "GET /wp-includes/js/wp-emoji-release.min.js?ver=6.9 HTTP/1.1" 304 0 "https://truelysell-wp.dreamsmarketplace.com/" "Mozilla/5.0 (Windows NT 10.0; Win64; x64) AppleWebKit/537.36 (KHTML, like Gecko) Chrome/145.0.0.0 Safari/537.36"
2405:201:4085:6808:41c0:b4ec:8001:ddb3 - - [23/Feb/2026:07:08:41 +0000] "GET /wp-json/contact-form-7/v1/contact-forms/363/feedback/schema HTTP/1.1" 200 345 "https://truelysell-wp.dreamsmarketplace.com/" "Mozilla/5.0 (Windows NT 10.0; Win64; x64) AppleWebKit/537.36 (KHTML, like Gecko) Chrome/145.0.0.0 Safari/537.36"
2405:201:4085:6808:41c0:b4ec:8001:ddb3 - - [23/Feb/2026:07:08:41 +0000] "GET /wp-admin/admin-ajax.php?action=get_additional_services HTTP/1.1" 200 83 "https://truelysell-wp.dreamsmarketplace.com/" "Mozilla/5.0 (Windows NT 10.0; Win64; x64) AppleWebKit/537.36 (KHTML, like Gecko) Chrome/145.0.0.0 Safari/537.36"
2405:201:4085:6808:41c0:b4ec:8001:ddb3 - - [23/Feb/2026:07:08:41 +0000] "POST /wp-admin/admin-ajax.php HTTP/1.1" 200 58 "https://truelysell-wp.dreamsmarketplace.com/" "Mozilla/5.0 (Windows NT 10.0; Win64; x64) AppleWebKit/537.36 (KHTML, like Gecko) Chrome/145.0.0.0 Safari/537.36"
2405:201:4085:6808:41c0:b4ec:8001:ddb3 - - [23/Feb/2026:07:08:41 +0000] "GET /wp-admin/admin-ajax.php?action=get_faq_section HTTP/1.1" 200 83 "https://truelysell-wp.dreamsmarketplace.com/" "Mozilla/5.0 (Windows NT 10.0; Win64; x64) AppleWebKit/537.36 (KHTML, like Gecko) Chrome/145.0.0.0 Safari/537.36"
2405:201:4085:6808:41c0:b4ec:8001:ddb3 - - [23/Feb/2026:07:08:41 +0000] "GET /wp-admin/admin-ajax.php?action=get_includes_title HTTP/1.1" 200 70 "https://truelysell-wp.dreamsmarketplace.com/" "Mozilla/5.0 (Windows NT 10.0; Win64; x64) AppleWebKit/537.36 (KHTML, like Gecko) Chrome/145.0.0.0 Safari/537.36"
106.210.215.157 - - [23/Feb/2026:07:08:43 +0000] "POST /wp-login.php HTTP/1.1" 302 5 "-" "Mozilla/5.0 (Windows NT 10.0; Win64; x64; rv:133.0) Gecko/20100101 Firefox/133.0"
2405:201:4085:6808:41c0:b4ec:8001:ddb3 - - [23/Feb/2026:07:08:46 +0000] "GET /wp-content/themes/truelysell/assets/images/category-bg.svg HTTP/1.1" 304 0 "https://truelysell-wp.dreamsmarketplace.com/wp-content/themes/truelysell/assets/css/style-new.css?ver=2.1" "Mozilla/5.0 (Windows NT 10.0; Win64; x64) AppleWebKit/537.36 (KHTML, like Gecko) Chrome/145.0.0.0 Safari/537.36"
106.210.215.157 - - [23/Feb/2026:07:08:48 +0000] "GET /dashboard/?login=incorrect_password HTTP/1.1" 200 33272 "https://truelysell-wp.dreamsmarketplace.com/wp-login.php" "Mozilla/5.0 (Windows NT 10.0; Win64; x64; rv:133.0) Gecko/20100101 Firefox/133.0"
2405:201:4085:6808:41c0:b4ec:8001:ddb3 - - [23/Feb/2026:07:08:51 +0000] "GET /listing-category/appliance/ HTTP/1.1" 200 34562 "https://truelysell-wp.dreamsmarketplace.com/" "Mozilla/5.0 (Windows NT 10.0; Win64; x64) AppleWebKit/537.36 (KHTML, like Gecko) Chrome/145.0.0.0 Safari/537.36"
2405:201:4085:6808:41c0:b4ec:8001:ddb3 - - [23/Feb/2026:07:08:52 +0000] "GET /wp-content/themes/truelysell/assets/css/block-styles.css?ver=1.0 HTTP/1.1" 404 29368 "https://truelysell-wp.dreamsmarketplace.com/listing-category/appliance/" "Mozilla/5.0 (Windows NT 10.0; Win64; x64) AppleWebKit/537.36 (KHTML, like Gecko) Chrome/145.0.0.0 Safari/537.36"
106.210.215.157 - - [23/Feb/2026:07:08:55 +0000] "GET /wp-login.php HTTP/1.1" 301 178 "http://truelysell-wp.dreamstechnologies.com/wp-login.php" "Mozilla/5.0 (Windows NT 10.0; Win64; x64) AppleWebKit/537.36 (KHTML, like Gecko) Chrome/131.0.0.0 Safari/537.36"
2405:201:4085:6808:41c0:b4ec:8001:ddb3 - - [23/Feb/2026:07:08:55 +0000] "GET /wp-admin/admin-ajax.php?action=get_includes_title HTTP/1.1" 200 70 "https://truelysell-wp.dreamsmarketplace.com/listing-category/appliance/" "Mozilla/5.0 (Windows NT 10.0; Win64; x64) AppleWebKit/537.36 (KHTML, like Gecko) Chrome/145.0.0.0 Safari/537.36"
2405:201:4085:6808:41c0:b4ec:8001:ddb3 - - [23/Feb/2026:07:08:55 +0000] "POST /wp-admin/admin-ajax.php HTTP/1.1" 200 58 "https://truelysell-wp.dreamsmarketplace.com/listing-category/appliance/" "Mozilla/5.0 (Windows NT 10.0; Win64; x64) AppleWebKit/537.36 (KHTML, like Gecko) Chrome/145.0.0.0 Safari/537.36"
2405:201:4085:6808:41c0:b4ec:8001:ddb3 - - [23/Feb/2026:07:08:55 +0000] "GET /wp-admin/admin-ajax.php?action=get_faq_section HTTP/1.1" 200 83 "https://truelysell-wp.dreamsmarketplace.com/listing-category/appliance/" "Mozilla/5.0 (Windows NT 10.0; Win64; x64) AppleWebKit/537.36 (KHTML, like Gecko) Chrome/145.0.0.0 Safari/537.36"
2405:201:4085:6808:41c0:b4ec:8001:ddb3 - - [23/Feb/2026:07:08:55 +0000] "GET /wp-admin/admin-ajax.php?action=get_additional_services HTTP/1.1" 200 83 "https://truelysell-wp.dreamsmarketplace.com/listing-category/appliance/" "Mozilla/5.0 (Windows NT 10.0; Win64; x64) AppleWebKit/537.36 (KHTML, like Gecko) Chrome/145.0.0.0 Safari/537.36"
2405:201:4085:6808:41c0:b4ec:8001:ddb3 - - [23/Feb/2026:07:08:55 +0000] "GET /wp-json/contact-form-7/v1/contact-forms/363/feedback/schema HTTP/1.1" 200 345 "https://truelysell-wp.dreamsmarketplace.com/listing-category/appliance/" "Mozilla/5.0 (Windows NT 10.0; Win64; x64) AppleWebKit/537.36 (KHTML, like Gecko) Chrome/145.0.0.0 Safari/537.36"
106.210.215.157 - - [23/Feb/2026:07:09:00 +0000] "GET /wp-login.php HTTP/1.1" 200 2529 "https://truelysell-wp.dreamstechnologies.com/wp-login.php" "Mozilla/5.0 (Windows NT 10.0; Win64; x64) AppleWebKit/537.36 (KHTML, like Gecko) Chrome/131.0.0.0 Safari/537.36"
106.210.215.157 - - [23/Feb/2026:07:09:05 +0000] "POST /wp-login.php HTTP/1.1" 302 5 "-" "Mozilla/5.0 (Windows NT 10.0; Win64; x64) AppleWebKit/537.36 (KHTML, like Gecko) Chrome/131.0.0.0 Safari/537.36"
106.210.215.157 - - [23/Feb/2026:07:09:11 +0000] "GET /dashboard/?login=incorrect_password HTTP/1.1" 200 33273 "https://truelysell-wp.dreamsmarketplace.com/wp-login.php" "Mozilla/5.0 (Windows NT 10.0; Win64; x64) AppleWebKit/537.36 (KHTML, like Gecko) Chrome/131.0.0.0 Safari/537.36"
2a03:2880:f800:3e:: - - [23/Feb/2026:07:09:29 +0000] "GET /win-real-money-with-free-online-casino-games-no-deposit-required-play-in-english-usa/ HTTP/1.1" 301 178 "-" "meta-externalagent/1.1 (+https://developers.facebook.com/docs/sharing/webmasters/crawler)"
172.187.168.139 - - [23/Feb/2026:07:09:39 +0000] "POST /wp-cron.php?doing_wp_cron=1771830579.6277079582214355468750 HTTP/1.1" 200 31 "-" "WordPress/6.9; https://truelysell-wp.dreamsmarketplace.com"
2a03:2880:f800:23:: - - [23/Feb/2026:07:09:39 +0000] "GET /product/ac-repair-services-3/feed/ HTTP/1.1" 200 821 "-" "meta-externalagent/1.1 (+https://developers.facebook.com/docs/sharing/webmasters/crawler)"
2a03:2880:f800:2f:: - - [23/Feb/2026:07:09:55 +0000] "GET /les-mysteres-du-bonus-de-la-princesse-casino/ HTTP/1.1" 301 178 "-" "meta-externalagent/1.1 (+https://developers.facebook.com/docs/sharing/webmasters/crawler)"
107.178.224.224 - - [23/Feb/2026:07:10:16 +0000] "GET /pelaa-suoraan-nettikasinoa-ilman-kirjautumista-onko-se-mahdollista/ HTTP/1.1" 301 178 "-" "Mozilla/5.0 (compatible; Google-Apps-Script; beanserver; +https://script.google.com; id: UAEmdDd-CGrIdn-9e9oHRhQ73mfdY6j8W2g)"
14.96.138.98 - - [23/Feb/2026:07:10:35 +0000] "GET /mechanic/wp-content/uploads/2024/01/choose-icon-1.svg HTTP/1.1" 301 178 "https://geekondemand.in/" "Mozilla/5.0 (Windows NT 10.0; Win64; x64) AppleWebKit/537.36 (KHTML, like Gecko) Chrome/144.0.0.0 Safari/537.36"
14.96.138.98 - - [23/Feb/2026:07:10:35 +0000] "GET /mechanic/wp-content/uploads/2024/01/choose-icon-3.svg HTTP/1.1" 301 178 "https://geekondemand.in/" "Mozilla/5.0 (Windows NT 10.0; Win64; x64) AppleWebKit/537.36 (KHTML, like Gecko) Chrome/144.0.0.0 Safari/537.36"
14.96.138.98 - - [23/Feb/2026:07:10:35 +0000] "GET /mechanic/wp-content/uploads/2024/01/choose-icon-4.svg HTTP/1.1" 301 178 "https://geekondemand.in/" "Mozilla/5.0 (Windows NT 10.0; Win64; x64) AppleWebKit/537.36 (KHTML, like Gecko) Chrome/144.0.0.0 Safari/537.36"
14.96.138.98 - - [23/Feb/2026:07:10:35 +0000] "GET /mechanic/wp-content/uploads/2024/01/choose-icon-2.svg HTTP/1.1" 301 178 "https://geekondemand.in/" "Mozilla/5.0 (Windows NT 10.0; Win64; x64) AppleWebKit/537.36 (KHTML, like Gecko) Chrome/144.0.0.0 Safari/537.36"
14.96.138.98 - - [23/Feb/2026:07:10:36 +0000] "GET /mechanic/wp-content/uploads/2024/01/customer-review-before.png HTTP/1.1" 301 178 "https://geekondemand.in/" "Mozilla/5.0 (Windows NT 10.0; Win64; x64) AppleWebKit/537.36 (KHTML, like Gecko) Chrome/144.0.0.0 Safari/537.36"
14.96.138.98 - - [23/Feb/2026:07:10:36 +0000] "GET /mechanic/wp-content/uploads/2024/01/customer-review-after.png HTTP/1.1" 301 178 "https://geekondemand.in/" "Mozilla/5.0 (Windows NT 10.0; Win64; x64) AppleWebKit/537.36 (KHTML, like Gecko) Chrome/144.0.0.0 Safari/537.36"
14.96.138.98 - - [23/Feb/2026:07:10:36 +0000] "GET /mechanic/wp-content/uploads/2024/01/choose-icon-3.svg HTTP/1.1" 200 5817 "https://geekondemand.in/" "Mozilla/5.0 (Windows NT 10.0; Win64; x64) AppleWebKit/537.36 (KHTML, like Gecko) Chrome/144.0.0.0 Safari/537.36"
14.96.138.98 - - [23/Feb/2026:07:10:36 +0000] "GET /mechanic/wp-content/uploads/2024/01/customer-review-after.png HTTP/1.1" 200 10866 "https://geekondemand.in/" "Mozilla/5.0 (Windows NT 10.0; Win64; x64) AppleWebKit/537.36 (KHTML, like Gecko) Chrome/144.0.0.0 Safari/537.36"
14.96.138.98 - - [23/Feb/2026:07:10:36 +0000] "GET /mechanic/wp-content/uploads/2024/01/choose-icon-2.svg HTTP/1.1" 200 1423 "https://geekondemand.in/" "Mozilla/5.0 (Windows NT 10.0; Win64; x64) AppleWebKit/537.36 (KHTML, like Gecko) Chrome/144.0.0.0 Safari/537.36"
14.96.138.98 - - [23/Feb/2026:07:10:36 +0000] "GET /mechanic/wp-content/uploads/2024/01/customer-review-before.png HTTP/1.1" 200 12446 "https://geekondemand.in/" "Mozilla/5.0 (Windows NT 10.0; Win64; x64) AppleWebKit/537.36 (KHTML, like Gecko) Chrome/144.0.0.0 Safari/537.36"
14.96.138.98 - - [23/Feb/2026:07:10:36 +0000] "GET /mechanic/wp-content/uploads/2024/01/choose-icon-4.svg HTTP/1.1" 200 3204 "https://geekondemand.in/" "Mozilla/5.0 (Windows NT 10.0; Win64; x64) AppleWebKit/537.36 (KHTML, like Gecko) Chrome/144.0.0.0 Safari/537.36"
14.96.138.98 - - [23/Feb/2026:07:10:36 +0000] "GET /mechanic/wp-content/uploads/2024/01/choose-icon-1.svg HTTP/1.1" 200 3100 "https://geekondemand.in/" "Mozilla/5.0 (Windows NT 10.0; Win64; x64) AppleWebKit/537.36 (KHTML, like Gecko) Chrome/144.0.0.0 Safari/537.36"
95.91.110.210 - - [23/Feb/2026:07:10:41 +0000] "GET /robots.txt HTTP/1.1" 301 178 "-" "Mozilla/5.0 (compatible; MJ12bot/v1.4.8; http://mj12bot.com/)"
172.187.168.139 - - [23/Feb/2026:07:10:43 +0000] "POST /wp-cron.php?doing_wp_cron=1771830643.0784969329833984375000 HTTP/1.1" 200 31 "-" "WordPress/6.9; https://truelysell-wp.dreamsmarketplace.com"
95.91.110.210 - - [23/Feb/2026:07:10:43 +0000] "GET /robots.txt HTTP/1.1" 200 428 "-" "Mozilla/5.0 (compatible; MJ12bot/v1.4.8; http://mj12bot.com/)"
95.91.110.210 - - [23/Feb/2026:07:10:44 +0000] "GET /%D0%B1%D0%B5%D1%81%D0%BF%D0%BB%D0%B0%D1%82%D0%BD%D1%8B%D0%B5-%D1%81%D0%BB%D0%BE%D1%82%D1%8B-spell-binding-%D0%BA%D0%B0%D0%BA-%D0%BE%D0%BD%D0%B8-%D0%BC%D0%B5%D0%BD%D1%8F%D1%8E%D1%82-%D0%B0%D0%B7%D0%B0/ HTTP/1.1" 301 178 "-" "Mozilla/5.0 (compatible; MJ12bot/v1.4.8; http://mj12bot.com/)"
95.91.110.210 - - [23/Feb/2026:07:10:47 +0000] "GET /%D0%B1%D0%B5%D1%81%D0%BF%D0%BB%D0%B0%D1%82%D0%BD%D1%8B%D0%B5-%D1%81%D0%BB%D0%BE%D1%82%D1%8B-spell-binding-%D0%BA%D0%B0%D0%BA-%D0%BE%D0%BD%D0%B8-%D0%BC%D0%B5%D0%BD%D1%8F%D1%8E%D1%82-%D0%B0%D0%B7%D0%B0/ HTTP/1.1" 404 29363 "-" "Mozilla/5.0 (compatible; MJ12bot/v1.4.8; http://mj12bot.com/)"
95.91.110.210 - - [23/Feb/2026:07:10:49 +0000] "GET /%D0%BE%D0%BB%D0%B8%D0%BC%D0%BF-%D0%BA%D0%B0%D0%B7%D0%B8%D0%BD%D0%BE-%D0%BE%D1%84%D0%B8%D1%86%D0%B8%D0%B0%D0%BB%D1%8C%D0%BD%D1%8B%D0%B9-%D1%81%D0%B0%D0%B9%D1%82-%D1%87%D1%82%D0%BE-%D0%BD%D1%83%D0%B6/ HTTP/1.1" 301 178 "-" "Mozilla/5.0 (compatible; MJ12bot/v1.4.8; http://mj12bot.com/)"
95.91.110.210 - - [23/Feb/2026:07:10:51 +0000] "GET /%D0%BE%D0%BB%D0%B8%D0%BC%D0%BF-%D0%BA%D0%B0%D0%B7%D0%B8%D0%BD%D0%BE-%D0%BE%D1%84%D0%B8%D1%86%D0%B8%D0%B0%D0%BB%D1%8C%D0%BD%D1%8B%D0%B9-%D1%81%D0%B0%D0%B9%D1%82-%D1%87%D1%82%D0%BE-%D0%BD%D1%83%D0%B6/ HTTP/1.1" 404 29362 "-" "Mozilla/5.0 (compatible; MJ12bot/v1.4.8; http://mj12bot.com/)"
95.91.110.210 - - [23/Feb/2026:07:10:53 +0000] "GET /%D1%80%D1%83%D0%BB%D0%B5%D1%82%D0%BA%D0%B0-%D0%BA%D0%B0%D0%B7%D0%B8%D0%BD%D0%BE-%D0%BE%D0%BD%D0%BB%D0%B0%D0%B9%D0%BD-%D0%BA%D0%B0%D0%BA-%D0%BA%D1%80%D1%83%D1%82%D0%B8%D1%82%D1%8C-%D0%BA%D1%80%D1%83/ HTTP/1.1" 301 178 "-" "Mozilla/5.0 (compatible; MJ12bot/v1.4.8; http://mj12bot.com/)"
95.91.110.210 - - [23/Feb/2026:07:10:55 +0000] "GET /%D1%80%D1%83%D0%BB%D0%B5%D1%82%D0%BA%D0%B0-%D0%BA%D0%B0%D0%B7%D0%B8%D0%BD%D0%BE-%D0%BE%D0%BD%D0%BB%D0%B0%D0%B9%D0%BD-%D0%BA%D0%B0%D0%BA-%D0%BA%D1%80%D1%83%D1%82%D0%B8%D1%82%D1%8C-%D0%BA%D1%80%D1%83/ HTTP/1.1" 404 29362 "-" "Mozilla/5.0 (compatible; MJ12bot/v1.4.8; http://mj12bot.com/)"
95.91.110.210 - - [23/Feb/2026:07:10:57 +0000] "GET /%E1%80%A1%E1%80%80%E1%80%B1%E1%80%AC%E1%80%84%E1%80%BA%E1%80%B8%E1%80%86%E1%80%AF%E1%80%B6%E1%80%B8%E1%80%9C%E1%80%B1%E1%80%AC%E1%80%84%E1%80%BA%E1%80%B8%E1%80%80%E1%80%85%E1%80%AC%E1%80%B8%E1%80%86/ HTTP/1.1" 301 178 "-" "Mozilla/5.0 (compatible; MJ12bot/v1.4.8; http://mj12bot.com/)"
95.91.110.210 - - [23/Feb/2026:07:11:00 +0000] "GET /%E1%80%A1%E1%80%80%E1%80%B1%E1%80%AC%E1%80%84%E1%80%BA%E1%80%B8%E1%80%86%E1%80%AF%E1%80%B6%E1%80%B8%E1%80%9C%E1%80%B1%E1%80%AC%E1%80%84%E1%80%BA%E1%80%B8%E1%80%80%E1%80%85%E1%80%AC%E1%80%B8%E1%80%86/ HTTP/1.1" 404 29362 "-" "Mozilla/5.0 (compatible; MJ12bot/v1.4.8; http://mj12bot.com/)"
2a03:2880:f800:31:: - - [23/Feb/2026:07:11:00 +0000] "GET /2021/09/ HTTP/1.1" 301 178 "-" "meta-externalagent/1.1 (+https://developers.facebook.com/docs/sharing/webmasters/crawler)"
95.91.110.210 - - [23/Feb/2026:07:11:01 +0000] "GET /1xbet-apk-1-xbet-nigeria-com-saytinda-nigeriya-2025-d%C9%99-%C9%99n-yeni-versiyani-%C9%99ld%C9%99-edin/ HTTP/1.1" 301 178 "-" "Mozilla/5.0 (compatible; MJ12bot/v1.4.8; http://mj12bot.com/)"
95.91.110.210 - - [23/Feb/2026:07:11:04 +0000] "GET /1xbet-apk-1-xbet-nigeria-com-saytinda-nigeriya-2025-d%C9%99-%C9%99n-yeni-versiyani-%C9%99ld%C9%99-edin/ HTTP/1.1" 404 29362 "-" "Mozilla/5.0 (compatible; MJ12bot/v1.4.8; http://mj12bot.com/)"
35.173.69.86 - - [23/Feb/2026:07:11:05 +0000] "GET / HTTP/1.1" 301 178 "-" "FreshpingBot/1.0 (+https://freshping.io/)"
95.91.110.210 - - [23/Feb/2026:07:11:06 +0000] "GET /1xbet-bukmekerl%D1%96k-kompaniyasyny%D2%A3-hr-stend%D1%96-torgoviycity-ru-saytynda%D2%93y-sholular/ HTTP/1.1" 301 178 "-" "Mozilla/5.0 (compatible; MJ12bot/v1.4.8; http://mj12bot.com/)"
35.173.69.86 - - [23/Feb/2026:07:11:08 +0000] "GET / HTTP/1.1" 200 43819 "-" "FreshpingBot/1.0 (+https://freshping.io/)"
95.91.110.210 - - [23/Feb/2026:07:11:09 +0000] "GET /1xbet-bukmekerl%D1%96k-kompaniyasyny%D2%A3-hr-stend%D1%96-torgoviycity-ru-saytynda%D2%93y-sholular/ HTTP/1.1" 404 29362 "-" "Mozilla/5.0 (compatible; MJ12bot/v1.4.8; http://mj12bot.com/)"
95.91.110.210 - - [23/Feb/2026:07:11:11 +0000] "GET /1xbet-onlayn-kazino-r%C9%99smi-heliostat-jurnali-qeydiyyat-v%C9%99-h%C9%99tta-t%C9%99til-1xbet-i-yukl%C9%99yin/ HTTP/1.1" 301 178 "-" "Mozilla/5.0 (compatible; MJ12bot/v1.4.8; http://mj12bot.com/)"
95.91.110.210 - - [23/Feb/2026:07:11:13 +0000] "GET /1xbet-onlayn-kazino-r%C9%99smi-heliostat-jurnali-qeydiyyat-v%C9%99-h%C9%99tta-t%C9%99til-1xbet-i-yukl%C9%99yin/ HTTP/1.1" 404 29362 "-" "Mozilla/5.0 (compatible; MJ12bot/v1.4.8; http://mj12bot.com/)"
95.91.110.210 - - [23/Feb/2026:07:11:15 +0000] "GET /1xbet-zh%D2%AFktep-aly%D2%A3yz-android-zh%D2%AFyes%D1%96n-teg%D1%96n-aly%D2%A3yz-zh%D3%99ne-resmi-veb-sayttan-1xbet-%D2%9Bosymshasyn-aly%D2%A3yz/ HTTP/1.1" 301 178 "-" "Mozilla/5.0 (compatible; MJ12bot/v1.4.8; http://mj12bot.com/)"
95.91.110.210 - - [23/Feb/2026:07:11:17 +0000] "GET /1xbet-zh%D2%AFktep-aly%D2%A3yz-android-zh%D2%AFyes%D1%96n-teg%D1%96n-aly%D2%A3yz-zh%D3%99ne-resmi-veb-sayttan-1xbet-%D2%9Bosymshasyn-aly%D2%A3yz/ HTTP/1.1" 404 29363 "-" "Mozilla/5.0 (compatible; MJ12bot/v1.4.8; http://mj12bot.com/)"
95.91.110.210 - - [23/Feb/2026:07:11:19 +0000] "GET /poultry-road-2%EB%8A%94-%EC%9D%B8%EB%8F%84-%EC%B5%9C%EA%B3%A0%EC%9D%98-%EC%95%84%EC%BC%80%EC%9D%B4%EB%93%9C-%EC%8A%A4%EB%A6%B4-%EA%B2%8C%EC%9E%84%EC%9E%85%EB%8B%88%EB%8B%A4/ HTTP/1.1" 301 178 "-" "Mozilla/5.0 (compatible; MJ12bot/v1.4.8; http://mj12bot.com/)"
172.187.168.139 - - [23/Feb/2026:07:11:22 +0000] "POST /wp-cron.php?doing_wp_cron=1771830682.1243290901184082031250 HTTP/1.1" 200 31 "-" "WordPress/6.9; https://truelysell-wp.dreamsmarketplace.com"
95.91.110.210 - - [23/Feb/2026:07:11:22 +0000] "GET /poultry-road-2%EB%8A%94-%EC%9D%B8%EB%8F%84-%EC%B5%9C%EA%B3%A0%EC%9D%98-%EC%95%84%EC%BC%80%EC%9D%B4%EB%93%9C-%EC%8A%A4%EB%A6%B4-%EA%B2%8C%EC%9E%84%EC%9E%85%EB%8B%88%EB%8B%A4/ HTTP/1.1" 404 29362 "-" "Mozilla/5.0 (compatible; MJ12bot/v1.4.8; http://mj12bot.com/)"
172.187.168.139 - - [23/Feb/2026:07:12:41 +0000] "POST /wp-cron.php?doing_wp_cron=1771830760.9908599853515625000000 HTTP/1.1" 200 31 "-" "WordPress/6.9; https://truelysell-wp.dreamsmarketplace.com"
2a03:2880:f800:8:: - - [23/Feb/2026:07:12:41 +0000] "GET /wp-json/oembed/1.0/embed?url=https%3A%2F%2Ftruelysell-wp.dreamsmarketplace.com%2Fproduct%2Fpainting-services-4%2F HTTP/1.1" 200 2318 "-" "meta-externalagent/1.1 (+https://developers.facebook.com/docs/sharing/webmasters/crawler)"
107.178.203.134 - - [23/Feb/2026:07:12:50 +0000] "GET /uusia-pikakasinoita-online-peli-suoraan-verkkosalta/ HTTP/1.1" 301 178 "-" "Mozilla/5.0 (compatible; Google-Apps-Script; beanserver; +https://script.google.com; id: UAEmdDd-CGrIdn-9e9oHRhQ73mfdY6j8W2g)"
35.187.132.66 - - [23/Feb/2026:07:14:04 +0000] "GET /nettikasino-laskulla-miten-optimoida-pelia-verkossa/ HTTP/1.1" 301 178 "-" "Mozilla/5.0 (compatible; Google-Apps-Script; beanserver; +https://script.google.com; id: UAEmdDd-CGrIdn-9e9oHRhQ73mfdY6j8W2g)"
2a02:4780:a:592:0:a68:adbc:1 - - [23/Feb/2026:07:14:34 +0000] "GET /wp-content/uploads/2024/01/services-08.jpg HTTP/1.1" 301 178 "-" "-"
2a02:4780:a:592:0:a68:adbc:1 - - [23/Feb/2026:07:14:34 +0000] "GET /wp-content/uploads/2024/01/services-08.jpg HTTP/1.1" 304 0 "-" "-"
2a02:4780:a:592:0:a68:adbc:1 - - [23/Feb/2026:07:14:34 +0000] "GET /wp-content/uploads/2024/01/services-10.jpg HTTP/1.1" 301 178 "-" "-"
2a02:4780:a:592:0:a68:adbc:1 - - [23/Feb/2026:07:14:35 +0000] "GET /wp-content/uploads/2024/01/services-10.jpg HTTP/1.1" 304 0 "-" "-"
2a03:2880:f800:8:: - - [23/Feb/2026:07:15:02 +0000] "GET /category/jawara88-daftar/ HTTP/1.1" 301 178 "-" "meta-externalagent/1.1 (+https://developers.facebook.com/docs/sharing/webmasters/crawler)"
172.187.168.139 - - [23/Feb/2026:07:15:17 +0000] "POST /wp-cron.php?doing_wp_cron=1771830917.3237628936767578125000 HTTP/1.1" 200 31 "-" "WordPress/6.9; https://truelysell-wp.dreamsmarketplace.com"
2405:201:4085:6808:41c0:b4ec:8001:ddb3 - - [23/Feb/2026:07:15:17 +0000] "GET / HTTP/1.1" 200 43819 "https://truelysell-wp.dreamsmarketplace.com/listing-category/appliance/" "Mozilla/5.0 (Windows NT 10.0; Win64; x64) AppleWebKit/537.36 (KHTML, like Gecko) Chrome/145.0.0.0 Safari/537.36"
2405:201:4085:6808:41c0:b4ec:8001:ddb3 - - [23/Feb/2026:07:15:19 +0000] "GET /wp-content/themes/truelysell/assets/css/block-styles.css?ver=1.0 HTTP/1.1" 404 29362 "https://truelysell-wp.dreamsmarketplace.com/" "Mozilla/5.0 (Windows NT 10.0; Win64; x64) AppleWebKit/537.36 (KHTML, like Gecko) Chrome/145.0.0.0 Safari/537.36"
172.187.168.139 - - [23/Feb/2026:07:15:22 +0000] "POST /wp-cron.php?doing_wp_cron=1771830922.2847340106964111328125 HTTP/1.1" 200 31 "-" "WordPress/6.9; https://truelysell-wp.dreamsmarketplace.com"
2405:201:4085:6808:41c0:b4ec:8001:ddb3 - - [23/Feb/2026:07:15:22 +0000] "GET /wp-json/contact-form-7/v1/contact-forms/363/feedback/schema HTTP/1.1" 200 345 "https://truelysell-wp.dreamsmarketplace.com/" "Mozilla/5.0 (Windows NT 10.0; Win64; x64) AppleWebKit/537.36 (KHTML, like Gecko) Chrome/145.0.0.0 Safari/537.36"
2405:201:4085:6808:41c0:b4ec:8001:ddb3 - - [23/Feb/2026:07:15:22 +0000] "GET /wp-admin/admin-ajax.php?action=get_includes_title HTTP/1.1" 200 70 "https://truelysell-wp.dreamsmarketplace.com/" "Mozilla/5.0 (Windows NT 10.0; Win64; x64) AppleWebKit/537.36 (KHTML, like Gecko) Chrome/145.0.0.0 Safari/537.36"
2405:201:4085:6808:41c0:b4ec:8001:ddb3 - - [23/Feb/2026:07:15:22 +0000] "POST /wp-admin/admin-ajax.php HTTP/1.1" 200 58 "https://truelysell-wp.dreamsmarketplace.com/" "Mozilla/5.0 (Windows NT 10.0; Win64; x64) AppleWebKit/537.36 (KHTML, like Gecko) Chrome/145.0.0.0 Safari/537.36"
2405:201:4085:6808:41c0:b4ec:8001:ddb3 - - [23/Feb/2026:07:15:22 +0000] "GET /wp-admin/admin-ajax.php?action=get_additional_services HTTP/1.1" 200 83 "https://truelysell-wp.dreamsmarketplace.com/" "Mozilla/5.0 (Windows NT 10.0; Win64; x64) AppleWebKit/537.36 (KHTML, like Gecko) Chrome/145.0.0.0 Safari/537.36"
2405:201:4085:6808:41c0:b4ec:8001:ddb3 - - [23/Feb/2026:07:15:22 +0000] "GET /wp-admin/admin-ajax.php?action=get_faq_section HTTP/1.1" 200 83 "https://truelysell-wp.dreamsmarketplace.com/" "Mozilla/5.0 (Windows NT 10.0; Win64; x64) AppleWebKit/537.36 (KHTML, like Gecko) Chrome/145.0.0.0 Safari/537.36"
136.109.200.8 - - [23/Feb/2026:07:16:00 +0000] "GET /wp-content/uploads/2024/10/category-02.svg HTTP/1.1" 301 178 "-" "Mozilla/5.0 (Linux; Android 12; Pixel 6) AppleWebKit/537.36 (KHTML, like Gecko) Chrome/114.0.0.0 Mobile Safari/537.36"
136.109.200.8 - - [23/Feb/2026:07:16:01 +0000] "GET /wp-content/uploads/2024/10/category-13.svg HTTP/1.1" 301 178 "-" "Mozilla/5.0 (Linux; Android 12; Pixel 6) AppleWebKit/537.36 (KHTML, like Gecko) Chrome/114.0.0.0 Mobile Safari/537.36"
136.109.200.8 - - [23/Feb/2026:07:16:01 +0000] "GET /wp-content/uploads/2024/10/category-01.svg HTTP/1.1" 301 178 "-" "Mozilla/5.0 (Linux; Android 12; Pixel 6) AppleWebKit/537.36 (KHTML, like Gecko) Chrome/114.0.0.0 Mobile Safari/537.36"
136.109.200.8 - - [23/Feb/2026:07:16:01 +0000] "GET /wp-content/uploads/2024/10/category-09.svg HTTP/1.1" 301 178 "-" "Mozilla/5.0 (Linux; Android 12; Pixel 6) AppleWebKit/537.36 (KHTML, like Gecko) Chrome/114.0.0.0 Mobile Safari/537.36"
136.109.200.8 - - [23/Feb/2026:07:16:01 +0000] "GET /wp-content/uploads/2024/10/success-01.svg HTTP/1.1" 301 178 "-" "Mozilla/5.0 (Linux; Android 12; Pixel 6) AppleWebKit/537.36 (KHTML, like Gecko) Chrome/114.0.0.0 Mobile Safari/537.36"
136.109.200.8 - - [23/Feb/2026:07:16:01 +0000] "GET /wp-content/uploads/2024/10/avatar-14-2.jpg HTTP/1.1" 301 178 "-" "Mozilla/5.0 (Linux; Android 12; Pixel 6) AppleWebKit/537.36 (KHTML, like Gecko) Chrome/114.0.0.0 Mobile Safari/537.36"
136.109.200.8 - - [23/Feb/2026:07:16:01 +0000] "GET /wp-content/uploads/2024/10/work-03.svg HTTP/1.1" 301 178 "-" "Mozilla/5.0 (Linux; Android 12; Pixel 6) AppleWebKit/537.36 (KHTML, like Gecko) Chrome/114.0.0.0 Mobile Safari/537.36"
136.109.200.8 - - [23/Feb/2026:07:16:01 +0000] "GET /wp-content/uploads/2024/10/work-02.svg HTTP/1.1" 301 178 "-" "Mozilla/5.0 (Linux; Android 12; Pixel 6) AppleWebKit/537.36 (KHTML, like Gecko) Chrome/114.0.0.0 Mobile Safari/537.36"
136.109.200.8 - - [23/Feb/2026:07:16:01 +0000] "GET /wp-content/uploads/2024/09/goolge-play.svg HTTP/1.1" 301 178 "-" "Mozilla/5.0 (Linux; Android 12; Pixel 6) AppleWebKit/537.36 (KHTML, like Gecko) Chrome/114.0.0.0 Mobile Safari/537.36"
136.109.200.8 - - [23/Feb/2026:07:16:01 +0000] "GET /wp-content/uploads/2024/10/category-04.svg HTTP/1.1" 301 178 "-" "Mozilla/5.0 (Linux; Android 12; Pixel 6) AppleWebKit/537.36 (KHTML, like Gecko) Chrome/114.0.0.0 Mobile Safari/537.36"
136.109.200.8 - - [23/Feb/2026:07:16:01 +0000] "GET /wp-content/uploads/2024/09/app-store.svg HTTP/1.1" 301 178 "-" "Mozilla/5.0 (Linux; Android 12; Pixel 6) AppleWebKit/537.36 (KHTML, like Gecko) Chrome/114.0.0.0 Mobile Safari/537.36"
136.109.200.8 - - [23/Feb/2026:07:16:01 +0000] "GET /wp-content/uploads/2024/09/logo.svg HTTP/1.1" 301 178 "-" "Mozilla/5.0 (Linux; Android 12; Pixel 6) AppleWebKit/537.36 (KHTML, like Gecko) Chrome/114.0.0.0 Mobile Safari/537.36"
136.109.200.8 - - [23/Feb/2026:07:16:01 +0000] "GET /wp-content/uploads/2024/10/category-06.svg HTTP/1.1" 301 178 "-" "Mozilla/5.0 (Linux; Android 12; Pixel 6) AppleWebKit/537.36 (KHTML, like Gecko) Chrome/114.0.0.0 Mobile Safari/537.36"
136.109.200.8 - - [23/Feb/2026:07:16:01 +0000] "GET /wp-content/uploads/2024/10/category-02.svg HTTP/1.1" 200 15569 "-" "Mozilla/5.0 (Linux; Android 12; Pixel 6) AppleWebKit/537.36 (KHTML, like Gecko) Chrome/114.0.0.0 Mobile Safari/537.36"
136.109.200.8 - - [23/Feb/2026:07:16:01 +0000] "GET /wp-content/uploads/2024/10/category-09.svg HTTP/1.1" 200 10164 "-" "Mozilla/5.0 (Linux; Android 12; Pixel 6) AppleWebKit/537.36 (KHTML, like Gecko) Chrome/114.0.0.0 Mobile Safari/537.36"
136.109.200.8 - - [23/Feb/2026:07:16:01 +0000] "GET /wp-content/uploads/2024/10/category-01.svg HTTP/1.1" 200 9249 "-" "Mozilla/5.0 (Linux; Android 12; Pixel 6) AppleWebKit/537.36 (KHTML, like Gecko) Chrome/114.0.0.0 Mobile Safari/537.36"
136.109.200.8 - - [23/Feb/2026:07:16:01 +0000] "GET /wp-content/uploads/2024/10/category-08.svg HTTP/1.1" 301 178 "-" "Mozilla/5.0 (Linux; Android 12; Pixel 6) AppleWebKit/537.36 (KHTML, like Gecko) Chrome/114.0.0.0 Mobile Safari/537.36"
136.109.200.8 - - [23/Feb/2026:07:16:01 +0000] "GET /wp-content/uploads/2024/10/work-03.svg HTTP/1.1" 200 12346 "-" "Mozilla/5.0 (Linux; Android 12; Pixel 6) AppleWebKit/537.36 (KHTML, like Gecko) Chrome/114.0.0.0 Mobile Safari/537.36"
136.109.200.8 - - [23/Feb/2026:07:16:01 +0000] "GET /wp-content/uploads/2024/10/category-13.svg HTTP/1.1" 200 12110 "-" "Mozilla/5.0 (Linux; Android 12; Pixel 6) AppleWebKit/537.36 (KHTML, like Gecko) Chrome/114.0.0.0 Mobile Safari/537.36"
136.109.200.8 - - [23/Feb/2026:07:16:01 +0000] "GET /wp-content/uploads/2024/09/app-store.svg HTTP/1.1" 200 15188 "-" "Mozilla/5.0 (Linux; Android 12; Pixel 6) AppleWebKit/537.36 (KHTML, like Gecko) Chrome/114.0.0.0 Mobile Safari/537.36"
136.109.200.8 - - [23/Feb/2026:07:16:01 +0000] "GET /wp-content/uploads/2024/10/category-04.svg HTTP/1.1" 304 0 "-" "Mozilla/5.0 (Linux; Android 12; Pixel 6) AppleWebKit/537.36 (KHTML, like Gecko) Chrome/114.0.0.0 Mobile Safari/537.36"
136.109.200.8 - - [23/Feb/2026:07:16:01 +0000] "GET /wp-content/uploads/2024/10/success-01.svg HTTP/1.1" 200 1207 "-" "Mozilla/5.0 (Linux; Android 12; Pixel 6) AppleWebKit/537.36 (KHTML, like Gecko) Chrome/114.0.0.0 Mobile Safari/537.36"
136.109.200.8 - - [23/Feb/2026:07:16:01 +0000] "GET /wp-content/uploads/2024/10/work-02.svg HTTP/1.1" 200 6739 "-" "Mozilla/5.0 (Linux; Android 12; Pixel 6) AppleWebKit/537.36 (KHTML, like Gecko) Chrome/114.0.0.0 Mobile Safari/537.36"
136.109.200.8 - - [23/Feb/2026:07:16:01 +0000] "GET /wp-content/uploads/2024/10/avatar-14-2.jpg HTTP/1.1" 200 50922 "-" "Mozilla/5.0 (Linux; Android 12; Pixel 6) AppleWebKit/537.36 (KHTML, like Gecko) Chrome/114.0.0.0 Mobile Safari/537.36"
136.109.200.8 - - [23/Feb/2026:07:16:01 +0000] "GET /wp-content/uploads/2024/09/goolge-play.svg HTTP/1.1" 200 9195 "-" "Mozilla/5.0 (Linux; Android 12; Pixel 6) AppleWebKit/537.36 (KHTML, like Gecko) Chrome/114.0.0.0 Mobile Safari/537.36"
136.109.200.8 - - [23/Feb/2026:07:16:01 +0000] "GET /wp-content/uploads/2024/10/avatar-13-1.jpg HTTP/1.1" 301 178 "-" "Mozilla/5.0 (Linux; Android 12; Pixel 6) AppleWebKit/537.36 (KHTML, like Gecko) Chrome/114.0.0.0 Mobile Safari/537.36"
136.109.200.8 - - [23/Feb/2026:07:16:01 +0000] "GET /wp-content/uploads/2024/10/category-05.svg HTTP/1.1" 301 178 "-" "Mozilla/5.0 (Linux; Android 12; Pixel 6) AppleWebKit/537.36 (KHTML, like Gecko) Chrome/114.0.0.0 Mobile Safari/537.36"
136.109.200.8 - - [23/Feb/2026:07:16:01 +0000] "GET /wp-content/uploads/2024/10/category-06.svg HTTP/1.1" 200 12907 "-" "Mozilla/5.0 (Linux; Android 12; Pixel 6) AppleWebKit/537.36 (KHTML, like Gecko) Chrome/114.0.0.0 Mobile Safari/537.36"
136.109.200.8 - - [23/Feb/2026:07:16:01 +0000] "GET /wp-content/uploads/2024/10/category-11.svg HTTP/1.1" 301 178 "-" "Mozilla/5.0 (Linux; Android 12; Pixel 6) AppleWebKit/537.36 (KHTML, like Gecko) Chrome/114.0.0.0 Mobile Safari/537.36"
136.109.200.8 - - [23/Feb/2026:07:16:01 +0000] "GET /wp-content/uploads/2024/09/logo.svg HTTP/1.1" 200 55188 "-" "Mozilla/5.0 (Linux; Android 12; Pixel 6) AppleWebKit/537.36 (KHTML, like Gecko) Chrome/114.0.0.0 Mobile Safari/537.36"
136.109.200.8 - - [23/Feb/2026:07:16:01 +0000] "GET /wp-content/uploads/2024/09/logo.svg HTTP/1.1" 200 55188 "-" "Mozilla/5.0 (Linux; Android 12; Pixel 6) AppleWebKit/537.36 (KHTML, like Gecko) Chrome/114.0.0.0 Mobile Safari/537.36"
136.109.200.8 - - [23/Feb/2026:07:16:01 +0000] "GET /wp-content/uploads/2024/10/category-10.svg HTTP/1.1" 301 178 "-" "Mozilla/5.0 (Linux; Android 12; Pixel 6) AppleWebKit/537.36 (KHTML, like Gecko) Chrome/114.0.0.0 Mobile Safari/537.36"
136.109.200.8 - - [23/Feb/2026:07:16:01 +0000] "GET /wp-content/uploads/2024/10/business.jpg HTTP/1.1" 200 862023 "-" "Mozilla/5.0 (Linux; Android 12; Pixel 6) AppleWebKit/537.36 (KHTML, like Gecko) Chrome/114.0.0.0 Mobile Safari/537.36"
136.109.200.8 - - [23/Feb/2026:07:16:01 +0000] "GET /wp-content/uploads/2024/10/success-02.svg HTTP/1.1" 301 178 "-" "Mozilla/5.0 (Linux; Android 12; Pixel 6) AppleWebKit/537.36 (KHTML, like Gecko) Chrome/114.0.0.0 Mobile Safari/537.36"
136.109.200.8 - - [23/Feb/2026:07:16:01 +0000] "GET /wp-content/uploads/2024/10/banner.png HTTP/1.1" 301 178 "-" "Mozilla/5.0 (Linux; Android 12; Pixel 6) AppleWebKit/537.36 (KHTML, like Gecko) Chrome/114.0.0.0 Mobile Safari/537.36"
136.109.200.8 - - [23/Feb/2026:07:16:01 +0000] "GET /wp-content/uploads/2024/10/category-12.svg HTTP/1.1" 301 178 "-" "Mozilla/5.0 (Linux; Android 12; Pixel 6) AppleWebKit/537.36 (KHTML, like Gecko) Chrome/114.0.0.0 Mobile Safari/537.36"
136.109.200.8 - - [23/Feb/2026:07:16:01 +0000] "GET /wp-content/uploads/2024/10/avatar-15.jpg HTTP/1.1" 301 178 "-" "Mozilla/5.0 (Linux; Android 12; Pixel 6) AppleWebKit/537.36 (KHTML, like Gecko) Chrome/114.0.0.0 Mobile Safari/537.36"
136.109.200.8 - - [23/Feb/2026:07:16:01 +0000] "GET /wp-content/uploads/2024/10/success-03.svg HTTP/1.1" 301 178 "-" "Mozilla/5.0 (Linux; Android 12; Pixel 6) AppleWebKit/537.36 (KHTML, like Gecko) Chrome/114.0.0.0 Mobile Safari/537.36"
136.109.200.8 - - [23/Feb/2026:07:16:01 +0000] "GET /wp-content/uploads/2024/10/avatar-12-1.jpg HTTP/1.1" 301 178 "-" "Mozilla/5.0 (Linux; Android 12; Pixel 6) AppleWebKit/537.36 (KHTML, like Gecko) Chrome/114.0.0.0 Mobile Safari/537.36"
136.109.200.8 - - [23/Feb/2026:07:16:01 +0000] "GET /wp-content/uploads/2024/10/work-01.svg HTTP/1.1" 301 178 "-" "Mozilla/5.0 (Linux; Android 12; Pixel 6) AppleWebKit/537.36 (KHTML, like Gecko) Chrome/114.0.0.0 Mobile Safari/537.36"
136.109.200.8 - - [23/Feb/2026:07:16:01 +0000] "GET /wp-content/uploads/2024/10/category-07.svg HTTP/1.1" 301 178 "-" "Mozilla/5.0 (Linux; Android 12; Pixel 6) AppleWebKit/537.36 (KHTML, like Gecko) Chrome/114.0.0.0 Mobile Safari/537.36"
136.109.200.8 - - [23/Feb/2026:07:16:01 +0000] "GET /wp-content/uploads/2024/10/category-08.svg HTTP/1.1" 200 13085 "-" "Mozilla/5.0 (Linux; Android 12; Pixel 6) AppleWebKit/537.36 (KHTML, like Gecko) Chrome/114.0.0.0 Mobile Safari/537.36"
136.109.200.8 - - [23/Feb/2026:07:16:02 +0000] "GET /wp-content/uploads/2024/10/avatar-13-1.jpg HTTP/1.1" 200 64766 "-" "Mozilla/5.0 (Linux; Android 12; Pixel 6) AppleWebKit/537.36 (KHTML, like Gecko) Chrome/114.0.0.0 Mobile Safari/537.36"
136.109.200.8 - - [23/Feb/2026:07:16:02 +0000] "GET /wp-content/uploads/2024/10/category-11.svg HTTP/1.1" 200 6467 "-" "Mozilla/5.0 (Linux; Android 12; Pixel 6) AppleWebKit/537.36 (KHTML, like Gecko) Chrome/114.0.0.0 Mobile Safari/537.36"
136.109.200.8 - - [23/Feb/2026:07:16:02 +0000] "GET /wp-content/uploads/2024/10/category-05.svg HTTP/1.1" 200 11836 "-" "Mozilla/5.0 (Linux; Android 12; Pixel 6) AppleWebKit/537.36 (KHTML, like Gecko) Chrome/114.0.0.0 Mobile Safari/537.36"
