2405:9800:b651:7738:f15c:d7fc:f74c:2007 - - [23/Feb/2026:09:17:46 +0000] "GET /carwash/wp-content/themes/truelysell/assets/plugins/fullcalendar/bootstrap-icons.css?ver=2.1 HTTP/1.1" 200 80510 "https://truelysell-wp.dreamsmarketplace.com/carwash/" "Mozilla/5.0 (Macintosh; Intel Mac OS X 10_15_7) AppleWebKit/537.36 (KHTML, like Gecko) Chrome/145.0.0.0 Safari/537.36"
2405:9800:b651:7738:f15c:d7fc:f74c:2007 - - [23/Feb/2026:09:17:46 +0000] "GET /carwash/wp-content/themes/truelysell/assets/css/default-css.css?ver=2.1 HTTP/1.1" 200 134277 "https://truelysell-wp.dreamsmarketplace.com/carwash/" "Mozilla/5.0 (Macintosh; Intel Mac OS X 10_15_7) AppleWebKit/537.36 (KHTML, like Gecko) Chrome/145.0.0.0 Safari/537.36"
2405:9800:b651:7738:f15c:d7fc:f74c:2007 - - [23/Feb/2026:09:17:46 +0000] "GET /cleaning/wp-content/plugins/elementor/assets/css/frontend.min.css?ver=3.33.4 HTTP/1.1" 304 0 "https://truelysell-wp.dreamsmarketplace.com/cleaning/" "Mozilla/5.0 (Macintosh; Intel Mac OS X 10_15_7) AppleWebKit/537.36 (KHTML, like Gecko) Chrome/145.0.0.0 Safari/537.36"
2405:9800:b651:7738:f15c:d7fc:f74c:2007 - - [23/Feb/2026:09:17:46 +0000] "GET /pet-grooming/wp-content/themes/truelysell//assets/css/owl.carousel.min.css?ver=2.1 HTTP/1.1" 200 3351 "https://truelysell-wp.dreamsmarketplace.com/pet-grooming/" "Mozilla/5.0 (Macintosh; Intel Mac OS X 10_15_7) AppleWebKit/537.36 (KHTML, like Gecko) Chrome/145.0.0.0 Safari/537.36"
223.27.237.4 - - [23/Feb/2026:09:17:46 +0000] "GET /catering/wp-content/themes/truelysell/assets/plugins/fontawesome/webfonts/fa-solid-900.woff2 HTTP/1.1" 200 156496 "https://truelysell-wp.dreamsmarketplace.com/catering/wp-content/themes/truelysell/assets/plugins/fontawesome/css/all.min.css?ver=2.1" "Mozilla/5.0 (Macintosh; Intel Mac OS X 10_15_7) AppleWebKit/537.36 (KHTML, like Gecko) Chrome/140.0.0.0 Safari/537.36"
2405:9800:b651:7738:f15c:d7fc:f74c:2007 - - [23/Feb/2026:09:17:46 +0000] "GET /pet-grooming/wp-content/plugins/woocommerce/assets/css/select2.css?ver=10.4.2 HTTP/1.1" 200 14621 "https://truelysell-wp.dreamsmarketplace.com/pet-grooming/" "Mozilla/5.0 (Macintosh; Intel Mac OS X 10_15_7) AppleWebKit/537.36 (KHTML, like Gecko) Chrome/145.0.0.0 Safari/537.36"
2405:9800:b651:7738:f15c:d7fc:f74c:2007 - - [23/Feb/2026:09:17:46 +0000] "GET /cleaning/wp-includes/js/jquery/jquery-migrate.min.js?ver=3.4.1 HTTP/1.1" 304 0 "https://truelysell-wp.dreamsmarketplace.com/cleaning/" "Mozilla/5.0 (Macintosh; Intel Mac OS X 10_15_7) AppleWebKit/537.36 (KHTML, like Gecko) Chrome/145.0.0.0 Safari/537.36"
2405:9800:b651:7738:f15c:d7fc:f74c:2007 - - [23/Feb/2026:09:17:47 +0000] "GET /pet-grooming/wp-content/themes/truelysell/assets/plugins/tabler-icons/tabler-icons.css?ver=2.1 HTTP/1.1" 200 246507 "https://truelysell-wp.dreamsmarketplace.com/pet-grooming/" "Mozilla/5.0 (Macintosh; Intel Mac OS X 10_15_7) AppleWebKit/537.36 (KHTML, like Gecko) Chrome/145.0.0.0 Safari/537.36"
2405:9800:b651:7738:f15c:d7fc:f74c:2007 - - [23/Feb/2026:09:17:47 +0000] "GET /house-problem/wp-content/themes/truelysell/assets/css/bootstrap-datetimepicker.min.css?ver=2.1 HTTP/1.1" 200 7785 "https://truelysell-wp.dreamsmarketplace.com/house-problem/" "Mozilla/5.0 (Macintosh; Intel Mac OS X 10_15_7) AppleWebKit/537.36 (KHTML, like Gecko) Chrome/145.0.0.0 Safari/537.36"
2405:9800:b651:7738:f15c:d7fc:f74c:2007 - - [23/Feb/2026:09:17:47 +0000] "GET /pet-grooming/wp-content/themes/truelysell/assets/plugins/aos/aos.css?ver=2.1 HTTP/1.1" 200 26053 "https://truelysell-wp.dreamsmarketplace.com/pet-grooming/" "Mozilla/5.0 (Macintosh; Intel Mac OS X 10_15_7) AppleWebKit/537.36 (KHTML, like Gecko) Chrome/145.0.0.0 Safari/537.36"
2405:9800:b651:7738:f15c:d7fc:f74c:2007 - - [23/Feb/2026:09:17:47 +0000] "GET /house-problem/wp-content/themes/truelysell//assets/css/owl.carousel.min.css?ver=2.1 HTTP/1.1" 200 3351 "https://truelysell-wp.dreamsmarketplace.com/house-problem/" "Mozilla/5.0 (Macintosh; Intel Mac OS X 10_15_7) AppleWebKit/537.36 (KHTML, like Gecko) Chrome/145.0.0.0 Safari/537.36"
2405:9800:b651:7738:f15c:d7fc:f74c:2007 - - [23/Feb/2026:09:17:47 +0000] "GET /house-problem/wp-content/themes/truelysell/assets/plugins/aos/aos.css?ver=2.1 HTTP/1.1" 200 26053 "https://truelysell-wp.dreamsmarketplace.com/house-problem/" "Mozilla/5.0 (Macintosh; Intel Mac OS X 10_15_7) AppleWebKit/537.36 (KHTML, like Gecko) Chrome/145.0.0.0 Safari/537.36"
2405:9800:b651:7738:f15c:d7fc:f74c:2007 - - [23/Feb/2026:09:17:47 +0000] "GET /mechanic/wp-content/themes/truelysell/assets/plugins/fontawesome/css/all.min.css?ver=2.1 HTTP/1.1" 200 102641 "https://truelysell-wp.dreamsmarketplace.com/mechanic/" "Mozilla/5.0 (Macintosh; Intel Mac OS X 10_15_7) AppleWebKit/537.36 (KHTML, like Gecko) Chrome/145.0.0.0 Safari/537.36"
2405:9800:b651:7738:f15c:d7fc:f74c:2007 - - [23/Feb/2026:09:17:47 +0000] "GET /cleaning/wp-includes/js/jquery/jquery.min.js?ver=3.7.1 HTTP/1.1" 200 87553 "https://truelysell-wp.dreamsmarketplace.com/cleaning/" "Mozilla/5.0 (Macintosh; Intel Mac OS X 10_15_7) AppleWebKit/537.36 (KHTML, like Gecko) Chrome/145.0.0.0 Safari/537.36"
2405:9800:b651:7738:f15c:d7fc:f74c:2007 - - [23/Feb/2026:09:17:47 +0000] "GET /saloon/wp-includes/js/jquery/jquery-migrate.min.js?ver=3.4.1 HTTP/1.1" 200 13577 "https://truelysell-wp.dreamsmarketplace.com/saloon/" "Mozilla/5.0 (Macintosh; Intel Mac OS X 10_15_7) AppleWebKit/537.36 (KHTML, like Gecko) Chrome/145.0.0.0 Safari/537.36"
2405:9800:b651:7738:f15c:d7fc:f74c:2007 - - [23/Feb/2026:09:17:47 +0000] "GET /cleaning/wp-content/plugins/truelysell-core/assets/js/frontend.js?ver=1.7.20 HTTP/1.1" 304 0 "https://truelysell-wp.dreamsmarketplace.com/cleaning/" "Mozilla/5.0 (Macintosh; Intel Mac OS X 10_15_7) AppleWebKit/537.36 (KHTML, like Gecko) Chrome/145.0.0.0 Safari/537.36"
2405:9800:b651:7738:f15c:d7fc:f74c:2007 - - [23/Feb/2026:09:17:47 +0000] "GET /cleaning/wp-content/plugins/truelysell-core/assets/js/pwstrength-bootstrap.min.js?ver=1.7.20 HTTP/1.1" 304 0 "https://truelysell-wp.dreamsmarketplace.com/cleaning/" "Mozilla/5.0 (Macintosh; Intel Mac OS X 10_15_7) AppleWebKit/537.36 (KHTML, like Gecko) Chrome/145.0.0.0 Safari/537.36"
2405:9800:b651:7738:f15c:d7fc:f74c:2007 - - [23/Feb/2026:09:17:47 +0000] "GET /mechanic/wp-content/themes/truelysell/assets/plugins/tabler-icons/tabler-icons.css?ver=2.1 HTTP/1.1" 200 246507 "https://truelysell-wp.dreamsmarketplace.com/mechanic/" "Mozilla/5.0 (Macintosh; Intel Mac OS X 10_15_7) AppleWebKit/537.36 (KHTML, like Gecko) Chrome/145.0.0.0 Safari/537.36"
2405:9800:b651:7738:f15c:d7fc:f74c:2007 - - [23/Feb/2026:09:17:47 +0000] "GET /mechanic/wp-content/themes/truelysell/assets/css/feather.css?ver=2.1 HTTP/1.1" 200 13391 "https://truelysell-wp.dreamsmarketplace.com/mechanic/" "Mozilla/5.0 (Macintosh; Intel Mac OS X 10_15_7) AppleWebKit/537.36 (KHTML, like Gecko) Chrome/145.0.0.0 Safari/537.36"
2405:9800:b651:7738:f15c:d7fc:f74c:2007 - - [23/Feb/2026:09:17:47 +0000] "GET /carwash/wp-content/themes/truelysell/assets/css/theme-woocommerce.css?ver=2.1 HTTP/1.1" 200 126306 "https://truelysell-wp.dreamsmarketplace.com/carwash/" "Mozilla/5.0 (Macintosh; Intel Mac OS X 10_15_7) AppleWebKit/537.36 (KHTML, like Gecko) Chrome/145.0.0.0 Safari/537.36"
223.27.237.4 - - [23/Feb/2026:09:17:47 +0000] "GET /catering/wp-includes/js/jquery/ui/mouse.min.js?ver=1.13.3 HTTP/1.1" 200 3428 "https://truelysell-wp.dreamsmarketplace.com/catering/" "Mozilla/5.0 (Macintosh; Intel Mac OS X 10_15_7) AppleWebKit/537.36 (KHTML, like Gecko) Chrome/140.0.0.0 Safari/537.36"
2405:9800:b651:7738:f15c:d7fc:f74c:2007 - - [23/Feb/2026:09:17:47 +0000] "GET /saloon/wp-content/plugins/truelysell-core/assets/js/pwstrength-bootstrap.min.js?ver=1.7.20 HTTP/1.1" 200 14508 "https://truelysell-wp.dreamsmarketplace.com/saloon/" "Mozilla/5.0 (Macintosh; Intel Mac OS X 10_15_7) AppleWebKit/537.36 (KHTML, like Gecko) Chrome/145.0.0.0 Safari/537.36"
2405:9800:b651:7738:f15c:d7fc:f74c:2007 - - [23/Feb/2026:09:17:47 +0000] "GET /saloon/wp-content/plugins/truelysell-core/assets/js/frontend.js?ver=1.7.20 HTTP/1.1" 200 70248 "https://truelysell-wp.dreamsmarketplace.com/saloon/" "Mozilla/5.0 (Macintosh; Intel Mac OS X 10_15_7) AppleWebKit/537.36 (KHTML, like Gecko) Chrome/145.0.0.0 Safari/537.36"
2405:9800:b651:7738:f15c:d7fc:f74c:2007 - - [23/Feb/2026:09:17:47 +0000] "GET /house-problem/wp-content/themes/truelysell/assets/plugins/datatables/datatables.min.css?ver=2.1 HTTP/1.1" 200 5548 "https://truelysell-wp.dreamsmarketplace.com/house-problem/" "Mozilla/5.0 (Macintosh; Intel Mac OS X 10_15_7) AppleWebKit/537.36 (KHTML, like Gecko) Chrome/145.0.0.0 Safari/537.36"
2405:9800:b651:7738:f15c:d7fc:f74c:2007 - - [23/Feb/2026:09:17:47 +0000] "GET /house-problem/wp-content/themes/truelysell//assets/plugins/fancybox/jquery.fancybox.min.css?ver=2.1 HTTP/1.1" 200 12795 "https://truelysell-wp.dreamsmarketplace.com/house-problem/" "Mozilla/5.0 (Macintosh; Intel Mac OS X 10_15_7) AppleWebKit/537.36 (KHTML, like Gecko) Chrome/145.0.0.0 Safari/537.36"
2405:9800:b651:7738:f15c:d7fc:f74c:2007 - - [23/Feb/2026:09:17:47 +0000] "GET /catering/wp-includes/js/jquery/ui/menu.min.js?ver=1.13.3 HTTP/1.1" 200 10199 "https://truelysell-wp.dreamsmarketplace.com/catering/" "Mozilla/5.0 (Macintosh; Intel Mac OS X 10_15_7) AppleWebKit/537.36 (KHTML, like Gecko) Chrome/145.0.0.0 Safari/537.36"
2405:9800:b651:7738:f15c:d7fc:f74c:2007 - - [23/Feb/2026:09:17:47 +0000] "GET /pet-grooming/wp-content/themes/truelysell/assets/css/bootstrap-datetimepicker.min.css?ver=2.1 HTTP/1.1" 200 7785 "https://truelysell-wp.dreamsmarketplace.com/pet-grooming/" "Mozilla/5.0 (Macintosh; Intel Mac OS X 10_15_7) AppleWebKit/537.36 (KHTML, like Gecko) Chrome/145.0.0.0 Safari/537.36"
2405:9800:b651:7738:f15c:d7fc:f74c:2007 - - [23/Feb/2026:09:17:47 +0000] "GET /catering/wp-includes/js/dist/dom-ready.min.js?ver=f77871ff7694fffea381 HTTP/1.1" 200 457 "https://truelysell-wp.dreamsmarketplace.com/catering/" "Mozilla/5.0 (Macintosh; Intel Mac OS X 10_15_7) AppleWebKit/537.36 (KHTML, like Gecko) Chrome/145.0.0.0 Safari/537.36"
223.27.237.4 - - [23/Feb/2026:09:17:47 +0000] "GET /catering/wp-includes/js/jquery/ui/autocomplete.min.js?ver=1.13.3 HTTP/1.1" 200 8536 "https://truelysell-wp.dreamsmarketplace.com/catering/" "Mozilla/5.0 (Macintosh; Intel Mac OS X 10_15_7) AppleWebKit/537.36 (KHTML, like Gecko) Chrome/140.0.0.0 Safari/537.36"
223.27.237.4 - - [23/Feb/2026:09:17:47 +0000] "GET /catering/wp-includes/js/dist/a11y.min.js?ver=cb460b4676c94bd228ed HTTP/1.1" 200 2212 "https://truelysell-wp.dreamsmarketplace.com/catering/" "Mozilla/5.0 (Macintosh; Intel Mac OS X 10_15_7) AppleWebKit/537.36 (KHTML, like Gecko) Chrome/140.0.0.0 Safari/537.36"
223.27.237.4 - - [23/Feb/2026:09:17:47 +0000] "GET /catering/wp-includes/js/jquery/ui/sortable.min.js?ver=1.13.3 HTTP/1.1" 200 25504 "https://truelysell-wp.dreamsmarketplace.com/catering/" "Mozilla/5.0 (Macintosh; Intel Mac OS X 10_15_7) AppleWebKit/537.36 (KHTML, like Gecko) Chrome/140.0.0.0 Safari/537.36"
2405:9800:b651:7738:f15c:d7fc:f74c:2007 - - [23/Feb/2026:09:17:47 +0000] "GET /cleaning/wp-content/plugins/truelysell-core/assets/js/bookings-single.js?ver=1.7.20 HTTP/1.1" 304 0 "https://truelysell-wp.dreamsmarketplace.com/cleaning/" "Mozilla/5.0 (Macintosh; Intel Mac OS X 10_15_7) AppleWebKit/537.36 (KHTML, like Gecko) Chrome/145.0.0.0 Safari/537.36"
2405:9800:b651:7738:f15c:d7fc:f74c:2007 - - [23/Feb/2026:09:17:47 +0000] "GET /pet-grooming/wp-content/themes/truelysell//assets/plugins/fancybox/jquery.fancybox.min.css?ver=2.1 HTTP/1.1" 200 12795 "https://truelysell-wp.dreamsmarketplace.com/pet-grooming/" "Mozilla/5.0 (Macintosh; Intel Mac OS X 10_15_7) AppleWebKit/537.36 (KHTML, like Gecko) Chrome/145.0.0.0 Safari/537.36"
2405:9800:b651:7738:f15c:d7fc:f74c:2007 - - [23/Feb/2026:09:17:47 +0000] "GET /carwash/wp-content/themes/truelysell/assets/css/style-new.css?ver=2.1 HTTP/1.1" 200 153802 "https://truelysell-wp.dreamsmarketplace.com/carwash/" "Mozilla/5.0 (Macintosh; Intel Mac OS X 10_15_7) AppleWebKit/537.36 (KHTML, like Gecko) Chrome/145.0.0.0 Safari/537.36"
2405:9800:b651:7738:f15c:d7fc:f74c:2007 - - [23/Feb/2026:09:17:47 +0000] "GET /mechanic/wp-content/themes/truelysell//assets/css/owl.carousel.min.css?ver=2.1 HTTP/1.1" 200 3351 "https://truelysell-wp.dreamsmarketplace.com/mechanic/" "Mozilla/5.0 (Macintosh; Intel Mac OS X 10_15_7) AppleWebKit/537.36 (KHTML, like Gecko) Chrome/145.0.0.0 Safari/537.36"
2405:9800:b651:7738:f15c:d7fc:f74c:2007 - - [23/Feb/2026:09:17:47 +0000] "GET /house-problem/wp-content/themes/truelysell/assets/plugins/fullcalendar/main.min.css?ver=2.1 HTTP/1.1" 200 25839 "https://truelysell-wp.dreamsmarketplace.com/house-problem/" "Mozilla/5.0 (Macintosh; Intel Mac OS X 10_15_7) AppleWebKit/537.36 (KHTML, like Gecko) Chrome/145.0.0.0 Safari/537.36"
2405:9800:b651:7738:f15c:d7fc:f74c:2007 - - [23/Feb/2026:09:17:47 +0000] "GET /catering/wp-content/uploads/2023/01/catering-1-600x400.png HTTP/1.1" 200 352407 "https://truelysell-wp.dreamsmarketplace.com/catering/" "Mozilla/5.0 (Macintosh; Intel Mac OS X 10_15_7) AppleWebKit/537.36 (KHTML, like Gecko) Chrome/145.0.0.0 Safari/537.36"
2405:9800:b651:7738:f15c:d7fc:f74c:2007 - - [23/Feb/2026:09:17:48 +0000] "GET /mechanic/wp-content/themes/truelysell/assets/plugins/aos/aos.css?ver=2.1 HTTP/1.1" 200 26053 "https://truelysell-wp.dreamsmarketplace.com/mechanic/" "Mozilla/5.0 (Macintosh; Intel Mac OS X 10_15_7) AppleWebKit/537.36 (KHTML, like Gecko) Chrome/145.0.0.0 Safari/537.36"
2405:9800:b651:7738:f15c:d7fc:f74c:2007 - - [23/Feb/2026:09:17:48 +0000] "GET /saloon/wp-content/plugins/truelysell-core/assets/js/bookings-single.js?ver=1.7.20 HTTP/1.1" 200 42485 "https://truelysell-wp.dreamsmarketplace.com/saloon/" "Mozilla/5.0 (Macintosh; Intel Mac OS X 10_15_7) AppleWebKit/537.36 (KHTML, like Gecko) Chrome/145.0.0.0 Safari/537.36"
2405:9800:b651:7738:f15c:d7fc:f74c:2007 - - [23/Feb/2026:09:17:48 +0000] "GET /cleaning/wp-includes/js/utils.min.js?ver=6.9 HTTP/1.1" 304 0 "https://truelysell-wp.dreamsmarketplace.com/cleaning/" "Mozilla/5.0 (Macintosh; Intel Mac OS X 10_15_7) AppleWebKit/537.36 (KHTML, like Gecko) Chrome/145.0.0.0 Safari/537.36"
2405:9800:b651:7738:f15c:d7fc:f74c:2007 - - [23/Feb/2026:09:17:48 +0000] "GET /multipurpose/wp-content/plugins/woocommerce/assets/js/frontend/add-to-cart.min.js?ver=10.4.2 HTTP/1.1" 200 4350 "https://truelysell-wp.dreamsmarketplace.com/multipurpose/" "Mozilla/5.0 (Macintosh; Intel Mac OS X 10_15_7) AppleWebKit/537.36 (KHTML, like Gecko) Chrome/145.0.0.0 Safari/537.36"
2405:9800:b651:7738:f15c:d7fc:f74c:2007 - - [23/Feb/2026:09:17:48 +0000] "GET /pet-grooming/wp-content/themes/truelysell/assets/plugins/datatables/datatables.min.css?ver=2.1 HTTP/1.1" 200 5548 "https://truelysell-wp.dreamsmarketplace.com/pet-grooming/" "Mozilla/5.0 (Macintosh; Intel Mac OS X 10_15_7) AppleWebKit/537.36 (KHTML, like Gecko) Chrome/145.0.0.0 Safari/537.36"
2405:9800:b651:7738:f15c:d7fc:f74c:2007 - - [23/Feb/2026:09:17:48 +0000] "GET /mechanic/wp-content/plugins/woocommerce/assets/css/select2.css?ver=10.4.2 HTTP/1.1" 200 14621 "https://truelysell-wp.dreamsmarketplace.com/mechanic/" "Mozilla/5.0 (Macintosh; Intel Mac OS X 10_15_7) AppleWebKit/537.36 (KHTML, like Gecko) Chrome/145.0.0.0 Safari/537.36"
2405:9800:b651:7738:f15c:d7fc:f74c:2007 - - [23/Feb/2026:09:17:48 +0000] "GET /carwash/wp-content/themes/truelysell/assets/css/style.css?ver=2.1 HTTP/1.1" 200 425396 "https://truelysell-wp.dreamsmarketplace.com/carwash/" "Mozilla/5.0 (Macintosh; Intel Mac OS X 10_15_7) AppleWebKit/537.36 (KHTML, like Gecko) Chrome/145.0.0.0 Safari/537.36"
2405:9800:b651:7738:f15c:d7fc:f74c:2007 - - [23/Feb/2026:09:17:48 +0000] "GET /house-problem/wp-content/themes/truelysell/assets/plugins/fullcalendar/bootstrap-icons.css?ver=2.1 HTTP/1.1" 200 80510 "https://truelysell-wp.dreamsmarketplace.com/house-problem/" "Mozilla/5.0 (Macintosh; Intel Mac OS X 10_15_7) AppleWebKit/537.36 (KHTML, like Gecko) Chrome/145.0.0.0 Safari/537.36"
2405:9800:b651:7738:f15c:d7fc:f74c:2007 - - [23/Feb/2026:09:17:48 +0000] "GET /carwash/wp-content/themes/truelysell/assets/css/responsive.css?ver=2.1 HTTP/1.1" 200 91602 "https://truelysell-wp.dreamsmarketplace.com/carwash/" "Mozilla/5.0 (Macintosh; Intel Mac OS X 10_15_7) AppleWebKit/537.36 (KHTML, like Gecko) Chrome/145.0.0.0 Safari/537.36"
2405:9800:b651:7738:f15c:d7fc:f74c:2007 - - [23/Feb/2026:09:17:48 +0000] "GET /saloon/wp-includes/js/plupload/moxie.min.js?ver=1.3.5.1 HTTP/1.1" 200 87394 "https://truelysell-wp.dreamsmarketplace.com/saloon/" "Mozilla/5.0 (Macintosh; Intel Mac OS X 10_15_7) AppleWebKit/537.36 (KHTML, like Gecko) Chrome/145.0.0.0 Safari/537.36"
223.27.237.4 - - [23/Feb/2026:09:17:48 +0000] "GET /catering/wp-content/plugins/truelysell-core/assets/js/uploads.min.js?ver=1.7.20 HTTP/1.1" 200 15316 "https://truelysell-wp.dreamsmarketplace.com/catering/" "Mozilla/5.0 (Macintosh; Intel Mac OS X 10_15_7) AppleWebKit/537.36 (KHTML, like Gecko) Chrome/140.0.0.0 Safari/537.36"
2405:9800:b651:7738:f15c:d7fc:f74c:2007 - - [23/Feb/2026:09:17:48 +0000] "GET /pet-grooming/wp-content/themes/truelysell/assets/plugins/fullcalendar/main.min.css?ver=2.1 HTTP/1.1" 200 25839 "https://truelysell-wp.dreamsmarketplace.com/pet-grooming/" "Mozilla/5.0 (Macintosh; Intel Mac OS X 10_15_7) AppleWebKit/537.36 (KHTML, like Gecko) Chrome/145.0.0.0 Safari/537.36"
2405:9800:b651:7738:f15c:d7fc:f74c:2007 - - [23/Feb/2026:09:17:48 +0000] "GET /saloon/wp-includes/js/utils.min.js?ver=6.9 HTTP/1.1" 200 1864 "https://truelysell-wp.dreamsmarketplace.com/saloon/" "Mozilla/5.0 (Macintosh; Intel Mac OS X 10_15_7) AppleWebKit/537.36 (KHTML, like Gecko) Chrome/145.0.0.0 Safari/537.36"
2405:9800:b651:7738:f15c:d7fc:f74c:2007 - - [23/Feb/2026:09:17:48 +0000] "GET /multipurpose/wp-content/plugins/elementor/assets/js/section-frontend-handlers.d85ab872da118940910d.bundle.min.js HTTP/1.1" 200 449 "https://truelysell-wp.dreamsmarketplace.com/multipurpose/" "Mozilla/5.0 (Macintosh; Intel Mac OS X 10_15_7) AppleWebKit/537.36 (KHTML, like Gecko) Chrome/145.0.0.0 Safari/537.36"
2405:9800:b651:7738:f15c:d7fc:f74c:2007 - - [23/Feb/2026:09:17:48 +0000] "GET /mechanic/wp-content/themes/truelysell//assets/plugins/fancybox/jquery.fancybox.min.css?ver=2.1 HTTP/1.1" 200 12795 "https://truelysell-wp.dreamsmarketplace.com/mechanic/" "Mozilla/5.0 (Macintosh; Intel Mac OS X 10_15_7) AppleWebKit/537.36 (KHTML, like Gecko) Chrome/145.0.0.0 Safari/537.36"
2405:9800:b651:7738:f15c:d7fc:f74c:2007 - - [23/Feb/2026:09:17:48 +0000] "GET /house-problem/wp-content/themes/truelysell/assets/css/default-css.css?ver=2.1 HTTP/1.1" 200 134277 "https://truelysell-wp.dreamsmarketplace.com/house-problem/" "Mozilla/5.0 (Macintosh; Intel Mac OS X 10_15_7) AppleWebKit/537.36 (KHTML, like Gecko) Chrome/145.0.0.0 Safari/537.36"
223.27.237.4 - - [23/Feb/2026:09:17:48 +0000] "GET /catering/wp-content/plugins/truelysell-core/assets/js/ajax.search.min.js?ver=1.7.20 HTTP/1.1" 200 6655 "https://truelysell-wp.dreamsmarketplace.com/catering/" "Mozilla/5.0 (Macintosh; Intel Mac OS X 10_15_7) AppleWebKit/537.36 (KHTML, like Gecko) Chrome/140.0.0.0 Safari/537.36"
2405:9800:b651:7738:f15c:d7fc:f74c:2007 - - [23/Feb/2026:09:17:48 +0000] "GET /carwash/wp-content/plugins/elementor/assets/css/frontend.min.css?ver=3.33.4 HTTP/1.1" 200 53644 "https://truelysell-wp.dreamsmarketplace.com/carwash/" "Mozilla/5.0 (Macintosh; Intel Mac OS X 10_15_7) AppleWebKit/537.36 (KHTML, like Gecko) Chrome/145.0.0.0 Safari/537.36"
2405:9800:b651:7738:f15c:d7fc:f74c:2007 - - [23/Feb/2026:09:17:48 +0000] "GET /mechanic/wp-content/themes/truelysell/assets/css/bootstrap-datetimepicker.min.css?ver=2.1 HTTP/1.1" 200 7785 "https://truelysell-wp.dreamsmarketplace.com/mechanic/" "Mozilla/5.0 (Macintosh; Intel Mac OS X 10_15_7) AppleWebKit/537.36 (KHTML, like Gecko) Chrome/145.0.0.0 Safari/537.36"
2405:9800:b651:7738:f15c:d7fc:f74c:2007 - - [23/Feb/2026:09:17:48 +0000] "GET /cleaning/wp-includes/js/plupload/plupload.min.js?ver=2.1.9 HTTP/1.1" 200 15605 "https://truelysell-wp.dreamsmarketplace.com/cleaning/" "Mozilla/5.0 (Macintosh; Intel Mac OS X 10_15_7) AppleWebKit/537.36 (KHTML, like Gecko) Chrome/145.0.0.0 Safari/537.36"
223.27.237.4 - - [23/Feb/2026:09:17:48 +0000] "GET /catering/wp-content/plugins/truelysell-core/assets/js/custom-includes-title.js HTTP/1.1" 200 2900 "https://truelysell-wp.dreamsmarketplace.com/catering/" "Mozilla/5.0 (Macintosh; Intel Mac OS X 10_15_7) AppleWebKit/537.36 (KHTML, like Gecko) Chrome/140.0.0.0 Safari/537.36"
223.27.237.4 - - [23/Feb/2026:09:17:48 +0000] "GET /catering/wp-content/plugins/truelysell-core/assets/js/addon-services.js HTTP/1.1" 200 8297 "https://truelysell-wp.dreamsmarketplace.com/catering/" "Mozilla/5.0 (Macintosh; Intel Mac OS X 10_15_7) AppleWebKit/537.36 (KHTML, like Gecko) Chrome/140.0.0.0 Safari/537.36"
223.27.237.4 - - [23/Feb/2026:09:17:48 +0000] "GET /catering/wp-content/plugins/truelysell-core/assets/js/slots-new.js HTTP/1.1" 200 16294 "https://truelysell-wp.dreamsmarketplace.com/catering/" "Mozilla/5.0 (Macintosh; Intel Mac OS X 10_15_7) AppleWebKit/537.36 (KHTML, like Gecko) Chrome/140.0.0.0 Safari/537.36"
223.27.237.4 - - [23/Feb/2026:09:17:48 +0000] "GET /catering/wp-content/plugins/truelysell-core/assets/js/custom-faq-section.js HTTP/1.1" 200 3855 "https://truelysell-wp.dreamsmarketplace.com/catering/" "Mozilla/5.0 (Macintosh; Intel Mac OS X 10_15_7) AppleWebKit/537.36 (KHTML, like Gecko) Chrome/140.0.0.0 Safari/537.36"
223.27.237.4 - - [23/Feb/2026:09:17:48 +0000] "GET /catering/wp-content/plugins/truelysell-core/assets/js/custom-price.js HTTP/1.1" 200 6922 "https://truelysell-wp.dreamsmarketplace.com/catering/" "Mozilla/5.0 (Macintosh; Intel Mac OS X 10_15_7) AppleWebKit/537.36 (KHTML, like Gecko) Chrome/140.0.0.0 Safari/537.36"
2405:9800:b651:7738:f15c:d7fc:f74c:2007 - - [23/Feb/2026:09:17:48 +0000] "GET /pet-grooming/wp-content/themes/truelysell/assets/plugins/fullcalendar/bootstrap-icons.css?ver=2.1 HTTP/1.1" 200 80510 "https://truelysell-wp.dreamsmarketplace.com/pet-grooming/" "Mozilla/5.0 (Macintosh; Intel Mac OS X 10_15_7) AppleWebKit/537.36 (KHTML, like Gecko) Chrome/145.0.0.0 Safari/537.36"
2405:9800:b651:7738:f15c:d7fc:f74c:2007 - - [23/Feb/2026:09:17:48 +0000] "GET /cleaning/wp-content/themes/truelysell/assets/js/counterup.min.js?ver=2.1 HTTP/1.1" 304 0 "https://truelysell-wp.dreamsmarketplace.com/cleaning/" "Mozilla/5.0 (Macintosh; Intel Mac OS X 10_15_7) AppleWebKit/537.36 (KHTML, like Gecko) Chrome/145.0.0.0 Safari/537.36"
2405:9800:b651:7738:f15c:d7fc:f74c:2007 - - [23/Feb/2026:09:17:48 +0000] "GET /pet-grooming/wp-content/themes/truelysell/assets/css/default-css.css?ver=2.1 HTTP/1.1" 304 0 "https://truelysell-wp.dreamsmarketplace.com/pet-grooming/" "Mozilla/5.0 (Macintosh; Intel Mac OS X 10_15_7) AppleWebKit/537.36 (KHTML, like Gecko) Chrome/145.0.0.0 Safari/537.36"
2405:9800:b651:7738:f15c:d7fc:f74c:2007 - - [23/Feb/2026:09:17:48 +0000] "GET /carwash/wp-content/themes/truelysell/style.css?ver=6.9 HTTP/1.1" 200 16724 "https://truelysell-wp.dreamsmarketplace.com/carwash/" "Mozilla/5.0 (Macintosh; Intel Mac OS X 10_15_7) AppleWebKit/537.36 (KHTML, like Gecko) Chrome/145.0.0.0 Safari/537.36"
2405:9800:b651:7738:f15c:d7fc:f74c:2007 - - [23/Feb/2026:09:17:48 +0000] "GET /house-problem/wp-content/themes/truelysell/assets/css/theme-woocommerce.css?ver=2.1 HTTP/1.1" 200 126306 "https://truelysell-wp.dreamsmarketplace.com/house-problem/" "Mozilla/5.0 (Macintosh; Intel Mac OS X 10_15_7) AppleWebKit/537.36 (KHTML, like Gecko) Chrome/145.0.0.0 Safari/537.36"
2405:9800:b651:7738:f15c:d7fc:f74c:2007 - - [23/Feb/2026:09:17:48 +0000] "GET /multipurpose/wp-content/plugins/elementor/assets/js/shared-frontend-handlers.03caa53373b56d3bab67.bundle.min.js HTTP/1.1" 200 8481 "https://truelysell-wp.dreamsmarketplace.com/multipurpose/" "Mozilla/5.0 (Macintosh; Intel Mac OS X 10_15_7) AppleWebKit/537.36 (KHTML, like Gecko) Chrome/145.0.0.0 Safari/537.36"
2405:9800:b651:7738:f15c:d7fc:f74c:2007 - - [23/Feb/2026:09:17:48 +0000] "GET /mechanic/wp-content/themes/truelysell/assets/plugins/fullcalendar/bootstrap-icons.css?ver=2.1 HTTP/1.1" 200 80510 "https://truelysell-wp.dreamsmarketplace.com/mechanic/" "Mozilla/5.0 (Macintosh; Intel Mac OS X 10_15_7) AppleWebKit/537.36 (KHTML, like Gecko) Chrome/145.0.0.0 Safari/537.36"
2405:9800:b651:7738:f15c:d7fc:f74c:2007 - - [23/Feb/2026:09:17:48 +0000] "GET /multipurpose/wp-includes/js/wp-emoji-release.min.js?ver=6.9 HTTP/1.1" 200 22762 "https://truelysell-wp.dreamsmarketplace.com/multipurpose/" "Mozilla/5.0 (Macintosh; Intel Mac OS X 10_15_7) AppleWebKit/537.36 (KHTML, like Gecko) Chrome/145.0.0.0 Safari/537.36"
2405:9800:b651:7738:f15c:d7fc:f74c:2007 - - [23/Feb/2026:09:17:48 +0000] "GET /mechanic/wp-content/themes/truelysell/assets/plugins/datatables/datatables.min.css?ver=2.1 HTTP/1.1" 200 5548 "https://truelysell-wp.dreamsmarketplace.com/mechanic/" "Mozilla/5.0 (Macintosh; Intel Mac OS X 10_15_7) AppleWebKit/537.36 (KHTML, like Gecko) Chrome/145.0.0.0 Safari/537.36"
223.27.237.4 - - [23/Feb/2026:09:17:49 +0000] "GET /catering/wp-content/plugins/truelysell-core/assets/js/contact-provider.js HTTP/1.1" 200 1101 "https://truelysell-wp.dreamsmarketplace.com/catering/" "Mozilla/5.0 (Macintosh; Intel Mac OS X 10_15_7) AppleWebKit/537.36 (KHTML, like Gecko) Chrome/140.0.0.0 Safari/537.36"
223.27.237.4 - - [23/Feb/2026:09:17:49 +0000] "GET /catering/wp-includes/js/underscore.min.js?ver=1.13.7 HTTP/1.1" 200 18905 "https://truelysell-wp.dreamsmarketplace.com/catering/" "Mozilla/5.0 (Macintosh; Intel Mac OS X 10_15_7) AppleWebKit/537.36 (KHTML, like Gecko) Chrome/140.0.0.0 Safari/537.36"
2405:9800:b651:7738:f15c:d7fc:f74c:2007 - - [23/Feb/2026:09:17:49 +0000] "GET /saloon/wp-includes/js/plupload/plupload.min.js?ver=2.1.9 HTTP/1.1" 200 15605 "https://truelysell-wp.dreamsmarketplace.com/saloon/" "Mozilla/5.0 (Macintosh; Intel Mac OS X 10_15_7) AppleWebKit/537.36 (KHTML, like Gecko) Chrome/145.0.0.0 Safari/537.36"
2405:9800:b651:7738:f15c:d7fc:f74c:2007 - - [23/Feb/2026:09:17:49 +0000] "GET /mechanic/wp-content/themes/truelysell/assets/plugins/fullcalendar/main.min.css?ver=2.1 HTTP/1.1" 200 25839 "https://truelysell-wp.dreamsmarketplace.com/mechanic/" "Mozilla/5.0 (Macintosh; Intel Mac OS X 10_15_7) AppleWebKit/537.36 (KHTML, like Gecko) Chrome/145.0.0.0 Safari/537.36"
2405:9800:b651:7738:f15c:d7fc:f74c:2007 - - [23/Feb/2026:09:17:49 +0000] "GET /saloon/wp-content/themes/truelysell/assets/js/counterup.min.js?ver=2.1 HTTP/1.1" 200 15731 "https://truelysell-wp.dreamsmarketplace.com/saloon/" "Mozilla/5.0 (Macintosh; Intel Mac OS X 10_15_7) AppleWebKit/537.36 (KHTML, like Gecko) Chrome/145.0.0.0 Safari/537.36"
2405:9800:b651:7738:f15c:d7fc:f74c:2007 - - [23/Feb/2026:09:17:49 +0000] "GET /pet-grooming/wp-content/themes/truelysell/assets/css/theme-woocommerce.css?ver=2.1 HTTP/1.1" 200 126306 "https://truelysell-wp.dreamsmarketplace.com/pet-grooming/" "Mozilla/5.0 (Macintosh; Intel Mac OS X 10_15_7) AppleWebKit/537.36 (KHTML, like Gecko) Chrome/145.0.0.0 Safari/537.36"
2405:9800:b651:7738:f15c:d7fc:f74c:2007 - - [23/Feb/2026:09:17:49 +0000] "GET /saloon/wp-content/themes/truelysell/assets/js/jquery.counterup.min.js?ver=2.1 HTTP/1.1" 200 1915 "https://truelysell-wp.dreamsmarketplace.com/saloon/" "Mozilla/5.0 (Macintosh; Intel Mac OS X 10_15_7) AppleWebKit/537.36 (KHTML, like Gecko) Chrome/145.0.0.0 Safari/537.36"
2405:9800:b651:7738:f15c:d7fc:f74c:2007 - - [23/Feb/2026:09:17:49 +0000] "GET /carwash/wp-includes/js/jquery/jquery.min.js?ver=3.7.1 HTTP/1.1" 200 87553 "https://truelysell-wp.dreamsmarketplace.com/carwash/" "Mozilla/5.0 (Macintosh; Intel Mac OS X 10_15_7) AppleWebKit/537.36 (KHTML, like Gecko) Chrome/145.0.0.0 Safari/537.36"
2405:9800:b651:7738:f15c:d7fc:f74c:2007 - - [23/Feb/2026:09:17:49 +0000] "GET /mechanic/wp-content/themes/truelysell/assets/css/default-css.css?ver=2.1 HTTP/1.1" 200 134277 "https://truelysell-wp.dreamsmarketplace.com/mechanic/" "Mozilla/5.0 (Macintosh; Intel Mac OS X 10_15_7) AppleWebKit/537.36 (KHTML, like Gecko) Chrome/145.0.0.0 Safari/537.36"
223.27.237.4 - - [23/Feb/2026:09:17:49 +0000] "GET /catering/wp-content/plugins/truelysell-core/assets/js/gallery.js HTTP/1.1" 200 3486 "https://truelysell-wp.dreamsmarketplace.com/catering/" "Mozilla/5.0 (Macintosh; Intel Mac OS X 10_15_7) AppleWebKit/537.36 (KHTML, like Gecko) Chrome/140.0.0.0 Safari/537.36"
2405:9800:b651:7738:f15c:d7fc:f74c:2007 - - [23/Feb/2026:09:17:49 +0000] "GET /multipurpose/wp-content/uploads/2024/01/favicon.png HTTP/1.1" 200 2932 "https://truelysell-wp.dreamsmarketplace.com/multipurpose/" "Mozilla/5.0 (Macintosh; Intel Mac OS X 10_15_7) AppleWebKit/537.36 (KHTML, like Gecko) Chrome/145.0.0.0 Safari/537.36"
2405:9800:b651:7738:f15c:d7fc:f74c:2007 - - [23/Feb/2026:09:17:49 +0000] "GET /cleaning/wp-content/themes/truelysell/assets/js/jquery.counterup.min.js?ver=2.1 HTTP/1.1" 304 0 "https://truelysell-wp.dreamsmarketplace.com/cleaning/" "Mozilla/5.0 (Macintosh; Intel Mac OS X 10_15_7) AppleWebKit/537.36 (KHTML, like Gecko) Chrome/145.0.0.0 Safari/537.36"
2405:9800:b651:7738:f15c:d7fc:f74c:2007 - - [23/Feb/2026:09:17:49 +0000] "GET /cleaning/wp-content/themes/truelysell/assets/js/datedropper.js?ver=2.1 HTTP/1.1" 304 0 "https://truelysell-wp.dreamsmarketplace.com/cleaning/" "Mozilla/5.0 (Macintosh; Intel Mac OS X 10_15_7) AppleWebKit/537.36 (KHTML, like Gecko) Chrome/145.0.0.0 Safari/537.36"
223.27.237.4 - - [23/Feb/2026:09:17:49 +0000] "GET /catering/wp-includes/js/plupload/wp-plupload.min.js?ver=6.9 HTTP/1.1" 200 6036 "https://truelysell-wp.dreamsmarketplace.com/catering/" "Mozilla/5.0 (Macintosh; Intel Mac OS X 10_15_7) AppleWebKit/537.36 (KHTML, like Gecko) Chrome/140.0.0.0 Safari/537.36"
223.27.237.4 - - [23/Feb/2026:09:17:49 +0000] "GET /catering/wp-includes/js/shortcode.min.js?ver=6.9 HTTP/1.1" 200 2643 "https://truelysell-wp.dreamsmarketplace.com/catering/" "Mozilla/5.0 (Macintosh; Intel Mac OS X 10_15_7) AppleWebKit/537.36 (KHTML, like Gecko) Chrome/140.0.0.0 Safari/537.36"
223.27.237.4 - - [23/Feb/2026:09:17:49 +0000] "GET /catering/wp-includes/js/backbone.min.js?ver=1.6.0 HTTP/1.1" 200 24301 "https://truelysell-wp.dreamsmarketplace.com/catering/" "Mozilla/5.0 (Macintosh; Intel Mac OS X 10_15_7) AppleWebKit/537.36 (KHTML, like Gecko) Chrome/140.0.0.0 Safari/537.36"
2405:9800:b651:7738:f15c:d7fc:f74c:2007 - - [23/Feb/2026:09:17:49 +0000] "GET /saloon/wp-content/themes/truelysell/assets/js/mmenu.min.js?ver=2.1 HTTP/1.1" 200 70048 "https://truelysell-wp.dreamsmarketplace.com/saloon/" "Mozilla/5.0 (Macintosh; Intel Mac OS X 10_15_7) AppleWebKit/537.36 (KHTML, like Gecko) Chrome/145.0.0.0 Safari/537.36"
2405:9800:b651:7738:f15c:d7fc:f74c:2007 - - [23/Feb/2026:09:17:49 +0000] "GET /pet-grooming/wp-content/themes/truelysell/assets/css/style.css?ver=2.1 HTTP/1.1" 200 425396 "https://truelysell-wp.dreamsmarketplace.com/pet-grooming/" "Mozilla/5.0 (Macintosh; Intel Mac OS X 10_15_7) AppleWebKit/537.36 (KHTML, like Gecko) Chrome/145.0.0.0 Safari/537.36"
2405:9800:b651:7738:f15c:d7fc:f74c:2007 - - [23/Feb/2026:09:17:49 +0000] "GET /carwash/wp-content/plugins/truelysell-core/assets/js/pwstrength-bootstrap.min.js?ver=1.7.20 HTTP/1.1" 200 14508 "https://truelysell-wp.dreamsmarketplace.com/carwash/" "Mozilla/5.0 (Macintosh; Intel Mac OS X 10_15_7) AppleWebKit/537.36 (KHTML, like Gecko) Chrome/145.0.0.0 Safari/537.36"
2405:9800:b651:7738:f15c:d7fc:f74c:2007 - - [23/Feb/2026:09:17:49 +0000] "GET /carwash/wp-includes/js/jquery/jquery-migrate.min.js?ver=3.4.1 HTTP/1.1" 200 13577 "https://truelysell-wp.dreamsmarketplace.com/carwash/" "Mozilla/5.0 (Macintosh; Intel Mac OS X 10_15_7) AppleWebKit/537.36 (KHTML, like Gecko) Chrome/145.0.0.0 Safari/537.36"
2405:9800:b651:7738:f15c:d7fc:f74c:2007 - - [23/Feb/2026:09:17:49 +0000] "GET /house-problem/wp-content/themes/truelysell/assets/css/style.css?ver=2.1 HTTP/1.1" 200 425396 "https://truelysell-wp.dreamsmarketplace.com/house-problem/" "Mozilla/5.0 (Macintosh; Intel Mac OS X 10_15_7) AppleWebKit/537.36 (KHTML, like Gecko) Chrome/145.0.0.0 Safari/537.36"
223.27.237.4 - - [23/Feb/2026:09:17:49 +0000] "GET /catering/wp-includes/js/wp-util.min.js?ver=6.9 HTTP/1.1" 200 1426 "https://truelysell-wp.dreamsmarketplace.com/catering/" "Mozilla/5.0 (Macintosh; Intel Mac OS X 10_15_7) AppleWebKit/537.36 (KHTML, like Gecko) Chrome/140.0.0.0 Safari/537.36"
223.27.237.4 - - [23/Feb/2026:09:17:49 +0000] "GET /catering/wp-includes/js/wp-backbone.min.js?ver=6.9 HTTP/1.1" 200 3039 "https://truelysell-wp.dreamsmarketplace.com/catering/" "Mozilla/5.0 (Macintosh; Intel Mac OS X 10_15_7) AppleWebKit/537.36 (KHTML, like Gecko) Chrome/140.0.0.0 Safari/537.36"
223.27.237.4 - - [23/Feb/2026:09:17:49 +0000] "GET /catering/wp-includes/js/media-models.min.js?ver=6.9 HTTP/1.1" 200 13284 "https://truelysell-wp.dreamsmarketplace.com/catering/" "Mozilla/5.0 (Macintosh; Intel Mac OS X 10_15_7) AppleWebKit/537.36 (KHTML, like Gecko) Chrome/140.0.0.0 Safari/537.36"
223.27.237.4 - - [23/Feb/2026:09:17:49 +0000] "GET /catering/wp-includes/js/mediaelement/mediaelement-migrate.min.js?ver=6.9 HTTP/1.1" 200 1191 "https://truelysell-wp.dreamsmarketplace.com/catering/" "Mozilla/5.0 (Macintosh; Intel Mac OS X 10_15_7) AppleWebKit/537.36 (KHTML, like Gecko) Chrome/140.0.0.0 Safari/537.36"
2405:9800:b651:7738:f15c:d7fc:f74c:2007 - - [23/Feb/2026:09:17:49 +0000] "GET /saloon/wp-content/themes/truelysell/assets/js/datedropper.js?ver=2.1 HTTP/1.1" 200 22534 "https://truelysell-wp.dreamsmarketplace.com/saloon/" "Mozilla/5.0 (Macintosh; Intel Mac OS X 10_15_7) AppleWebKit/537.36 (KHTML, like Gecko) Chrome/145.0.0.0 Safari/537.36"
2405:9800:b651:7738:f15c:d7fc:f74c:2007 - - [23/Feb/2026:09:17:49 +0000] "GET /mechanic/wp-content/themes/truelysell/assets/css/theme-woocommerce.css?ver=2.1 HTTP/1.1" 200 126306 "https://truelysell-wp.dreamsmarketplace.com/mechanic/" "Mozilla/5.0 (Macintosh; Intel Mac OS X 10_15_7) AppleWebKit/537.36 (KHTML, like Gecko) Chrome/145.0.0.0 Safari/537.36"
2405:9800:b651:7738:f15c:d7fc:f74c:2007 - - [23/Feb/2026:09:17:49 +0000] "GET /saloon/wp-content/themes/truelysell/assets/js/dropzone.js?ver=2.1 HTTP/1.1" 200 48148 "https://truelysell-wp.dreamsmarketplace.com/saloon/" "Mozilla/5.0 (Macintosh; Intel Mac OS X 10_15_7) AppleWebKit/537.36 (KHTML, like Gecko) Chrome/145.0.0.0 Safari/537.36"
2405:9800:b651:7738:f15c:d7fc:f74c:2007 - - [23/Feb/2026:09:17:50 +0000] "GET /house-problem/wp-content/themes/truelysell/assets/css/responsive.css?ver=2.1 HTTP/1.1" 200 91602 "https://truelysell-wp.dreamsmarketplace.com/house-problem/" "Mozilla/5.0 (Macintosh; Intel Mac OS X 10_15_7) AppleWebKit/537.36 (KHTML, like Gecko) Chrome/145.0.0.0 Safari/537.36"
2405:9800:b651:7738:f15c:d7fc:f74c:2007 - - [23/Feb/2026:09:17:50 +0000] "GET /house-problem/wp-content/themes/truelysell/assets/css/style-new.css?ver=2.1 HTTP/1.1" 200 153802 "https://truelysell-wp.dreamsmarketplace.com/house-problem/" "Mozilla/5.0 (Macintosh; Intel Mac OS X 10_15_7) AppleWebKit/537.36 (KHTML, like Gecko) Chrome/145.0.0.0 Safari/537.36"
2405:9800:b651:7738:f15c:d7fc:f74c:2007 - - [23/Feb/2026:09:17:50 +0000] "GET /carwash/wp-content/plugins/truelysell-core/assets/js/bookings-single.js?ver=1.7.20 HTTP/1.1" 200 42485 "https://truelysell-wp.dreamsmarketplace.com/carwash/" "Mozilla/5.0 (Macintosh; Intel Mac OS X 10_15_7) AppleWebKit/537.36 (KHTML, like Gecko) Chrome/145.0.0.0 Safari/537.36"
2405:9800:b651:7738:f15c:d7fc:f74c:2007 - - [23/Feb/2026:09:17:50 +0000] "GET /pet-grooming/wp-content/themes/truelysell/assets/css/style-new.css?ver=2.1 HTTP/1.1" 200 153802 "https://truelysell-wp.dreamsmarketplace.com/pet-grooming/" "Mozilla/5.0 (Macintosh; Intel Mac OS X 10_15_7) AppleWebKit/537.36 (KHTML, like Gecko) Chrome/145.0.0.0 Safari/537.36"
223.27.237.4 - - [23/Feb/2026:09:17:50 +0000] "GET /catering/wp-includes/js/mediaelement/mediaelement-and-player.min.js?ver=4.2.17 HTTP/1.1" 200 158005 "https://truelysell-wp.dreamsmarketplace.com/catering/" "Mozilla/5.0 (Macintosh; Intel Mac OS X 10_15_7) AppleWebKit/537.36 (KHTML, like Gecko) Chrome/140.0.0.0 Safari/537.36"
2405:9800:b651:7738:f15c:d7fc:f74c:2007 - - [23/Feb/2026:09:17:50 +0000] "GET /cleaning/wp-content/themes/truelysell/assets/js/dropzone.js?ver=2.1 HTTP/1.1" 304 0 "https://truelysell-wp.dreamsmarketplace.com/cleaning/" "Mozilla/5.0 (Macintosh; Intel Mac OS X 10_15_7) AppleWebKit/537.36 (KHTML, like Gecko) Chrome/145.0.0.0 Safari/537.36"
2405:9800:b651:7738:f15c:d7fc:f74c:2007 - - [23/Feb/2026:09:17:50 +0000] "GET /cleaning/wp-content/themes/truelysell/assets/js/mmenu.min.js?ver=2.1 HTTP/1.1" 304 0 "https://truelysell-wp.dreamsmarketplace.com/cleaning/" "Mozilla/5.0 (Macintosh; Intel Mac OS X 10_15_7) AppleWebKit/537.36 (KHTML, like Gecko) Chrome/145.0.0.0 Safari/537.36"
2405:9800:b651:7738:f15c:d7fc:f74c:2007 - - [23/Feb/2026:09:17:50 +0000] "GET /pet-grooming/wp-content/themes/truelysell/style.css?ver=6.9 HTTP/1.1" 200 16724 "https://truelysell-wp.dreamsmarketplace.com/pet-grooming/" "Mozilla/5.0 (Macintosh; Intel Mac OS X 10_15_7) AppleWebKit/537.36 (KHTML, like Gecko) Chrome/145.0.0.0 Safari/537.36"
2405:9800:b651:7738:f15c:d7fc:f74c:2007 - - [23/Feb/2026:09:17:50 +0000] "GET /carwash/wp-content/plugins/truelysell-core/assets/js/frontend.js?ver=1.7.20 HTTP/1.1" 200 70248 "https://truelysell-wp.dreamsmarketplace.com/carwash/" "Mozilla/5.0 (Macintosh; Intel Mac OS X 10_15_7) AppleWebKit/537.36 (KHTML, like Gecko) Chrome/145.0.0.0 Safari/537.36"
2405:9800:b651:7738:f15c:d7fc:f74c:2007 - - [23/Feb/2026:09:17:50 +0000] "GET /saloon/wp-content/themes/truelysell/assets/js/quantityButtons.js?ver=2.1 HTTP/1.1" 200 2012 "https://truelysell-wp.dreamsmarketplace.com/saloon/" "Mozilla/5.0 (Macintosh; Intel Mac OS X 10_15_7) AppleWebKit/537.36 (KHTML, like Gecko) Chrome/145.0.0.0 Safari/537.36"
223.27.237.4 - - [23/Feb/2026:09:17:50 +0000] "GET /catering/wp-includes/js/mediaelement/wp-mediaelement.min.js?ver=6.9 HTTP/1.1" 200 1107 "https://truelysell-wp.dreamsmarketplace.com/catering/" "Mozilla/5.0 (Macintosh; Intel Mac OS X 10_15_7) AppleWebKit/537.36 (KHTML, like Gecko) Chrome/140.0.0.0 Safari/537.36"
223.27.237.4 - - [23/Feb/2026:09:17:50 +0000] "GET /catering/wp-includes/js/api-request.min.js?ver=6.9 HTTP/1.1" 200 1023 "https://truelysell-wp.dreamsmarketplace.com/catering/" "Mozilla/5.0 (Macintosh; Intel Mac OS X 10_15_7) AppleWebKit/537.36 (KHTML, like Gecko) Chrome/140.0.0.0 Safari/537.36"
2405:9800:b651:7738:f15c:d7fc:f74c:2007 - - [23/Feb/2026:09:17:50 +0000] "GET /pet-grooming/wp-content/themes/truelysell/assets/css/responsive.css?ver=2.1 HTTP/1.1" 200 91602 "https://truelysell-wp.dreamsmarketplace.com/pet-grooming/" "Mozilla/5.0 (Macintosh; Intel Mac OS X 10_15_7) AppleWebKit/537.36 (KHTML, like Gecko) Chrome/145.0.0.0 Safari/537.36"
2405:9800:b651:7738:f15c:d7fc:f74c:2007 - - [23/Feb/2026:09:17:50 +0000] "GET /cleaning/wp-content/themes/truelysell/assets/js/quantityButtons.js?ver=2.1 HTTP/1.1" 304 0 "https://truelysell-wp.dreamsmarketplace.com/cleaning/" "Mozilla/5.0 (Macintosh; Intel Mac OS X 10_15_7) AppleWebKit/537.36 (KHTML, like Gecko) Chrome/145.0.0.0 Safari/537.36"
2405:9800:b651:7738:f15c:d7fc:f74c:2007 - - [23/Feb/2026:09:17:50 +0000] "GET /cleaning/wp-content/themes/truelysell/assets/js/slick.min.js?ver=2.1 HTTP/1.1" 304 0 "https://truelysell-wp.dreamsmarketplace.com/cleaning/" "Mozilla/5.0 (Macintosh; Intel Mac OS X 10_15_7) AppleWebKit/537.36 (KHTML, like Gecko) Chrome/145.0.0.0 Safari/537.36"
2405:9800:b651:7738:f15c:d7fc:f74c:2007 - - [23/Feb/2026:09:17:50 +0000] "POST /multipurpose/wp-admin/admin-ajax.php HTTP/1.1" 200 58 "https://truelysell-wp.dreamsmarketplace.com/multipurpose/" "Mozilla/5.0 (Macintosh; Intel Mac OS X 10_15_7) AppleWebKit/537.36 (KHTML, like Gecko) Chrome/145.0.0.0 Safari/537.36"
2405:9800:b651:7738:f15c:d7fc:f74c:2007 - - [23/Feb/2026:09:17:50 +0000] "GET /house-problem/wp-content/plugins/elementor/assets/css/frontend.min.css?ver=3.33.4 HTTP/1.1" 200 53644 "https://truelysell-wp.dreamsmarketplace.com/house-problem/" "Mozilla/5.0 (Macintosh; Intel Mac OS X 10_15_7) AppleWebKit/537.36 (KHTML, like Gecko) Chrome/145.0.0.0 Safari/537.36"
2405:9800:b651:7738:f15c:d7fc:f74c:2007 - - [23/Feb/2026:09:17:50 +0000] "GET /carwash/wp-includes/js/utils.min.js?ver=6.9 HTTP/1.1" 200 1864 "https://truelysell-wp.dreamsmarketplace.com/carwash/" "Mozilla/5.0 (Macintosh; Intel Mac OS X 10_15_7) AppleWebKit/537.36 (KHTML, like Gecko) Chrome/145.0.0.0 Safari/537.36"
172.187.168.139 - - [23/Feb/2026:09:17:50 +0000] "POST /multipurpose/wp-cron.php?doing_wp_cron=1771838270.4878470897674560546875 HTTP/1.1" 200 31 "-" "WordPress/6.9; https://truelysell-wp.dreamsmarketplace.com/multipurpose"
2405:9800:b651:7738:f15c:d7fc:f74c:2007 - - [23/Feb/2026:09:17:50 +0000] "GET /multipurpose/wp-admin/admin-ajax.php?action=get_faq_section HTTP/1.1" 200 83 "https://truelysell-wp.dreamsmarketplace.com/multipurpose/" "Mozilla/5.0 (Macintosh; Intel Mac OS X 10_15_7) AppleWebKit/537.36 (KHTML, like Gecko) Chrome/145.0.0.0 Safari/537.36"
223.27.237.4 - - [23/Feb/2026:09:17:50 +0000] "GET /catering/wp-content/themes/truelysell//assets/js/bootstrap.bundle.min.js?ver=6.9 HTTP/1.1" 200 80721 "https://truelysell-wp.dreamsmarketplace.com/catering/" "Mozilla/5.0 (Macintosh; Intel Mac OS X 10_15_7) AppleWebKit/537.36 (KHTML, like Gecko) Chrome/140.0.0.0 Safari/537.36"
2405:9800:b651:7738:f15c:d7fc:f74c:2007 - - [23/Feb/2026:09:17:50 +0000] "GET /mechanic/wp-content/themes/truelysell/assets/css/style-new.css?ver=2.1 HTTP/1.1" 200 153802 "https://truelysell-wp.dreamsmarketplace.com/mechanic/" "Mozilla/5.0 (Macintosh; Intel Mac OS X 10_15_7) AppleWebKit/537.36 (KHTML, like Gecko) Chrome/145.0.0.0 Safari/537.36"
2405:9800:b651:7738:f15c:d7fc:f74c:2007 - - [23/Feb/2026:09:17:50 +0000] "GET /mechanic/wp-content/themes/truelysell/assets/css/style.css?ver=2.1 HTTP/1.1" 200 425396 "https://truelysell-wp.dreamsmarketplace.com/mechanic/" "Mozilla/5.0 (Macintosh; Intel Mac OS X 10_15_7) AppleWebKit/537.36 (KHTML, like Gecko) Chrome/145.0.0.0 Safari/537.36"
2405:9800:b651:7738:f15c:d7fc:f74c:2007 - - [23/Feb/2026:09:17:50 +0000] "GET /saloon/wp-content/themes/truelysell/assets/js/slick.min.js?ver=2.1 HTTP/1.1" 200 89981 "https://truelysell-wp.dreamsmarketplace.com/saloon/" "Mozilla/5.0 (Macintosh; Intel Mac OS X 10_15_7) AppleWebKit/537.36 (KHTML, like Gecko) Chrome/145.0.0.0 Safari/537.36"
2405:9800:b651:7738:f15c:d7fc:f74c:2007 - - [23/Feb/2026:09:17:50 +0000] "GET /house-problem/wp-content/themes/truelysell/style.css?ver=6.9 HTTP/1.1" 200 16724 "https://truelysell-wp.dreamsmarketplace.com/house-problem/" "Mozilla/5.0 (Macintosh; Intel Mac OS X 10_15_7) AppleWebKit/537.36 (KHTML, like Gecko) Chrome/145.0.0.0 Safari/537.36"
2405:9800:b651:7738:f15c:d7fc:f74c:2007 - - [23/Feb/2026:09:17:50 +0000] "GET /pet-grooming/wp-content/plugins/elementor/assets/css/widget-icon-list.min.css?ver=3.33.4 HTTP/1.1" 200 10430 "https://truelysell-wp.dreamsmarketplace.com/pet-grooming/" "Mozilla/5.0 (Macintosh; Intel Mac OS X 10_15_7) AppleWebKit/537.36 (KHTML, like Gecko) Chrome/145.0.0.0 Safari/537.36"
2405:9800:b651:7738:f15c:d7fc:f74c:2007 - - [23/Feb/2026:09:17:50 +0000] "GET /pet-grooming/wp-content/plugins/elementor/assets/css/frontend.min.css?ver=3.33.4 HTTP/1.1" 200 53644 "https://truelysell-wp.dreamsmarketplace.com/pet-grooming/" "Mozilla/5.0 (Macintosh; Intel Mac OS X 10_15_7) AppleWebKit/537.36 (KHTML, like Gecko) Chrome/145.0.0.0 Safari/537.36"
2405:9800:b651:7738:f15c:d7fc:f74c:2007 - - [23/Feb/2026:09:17:50 +0000] "GET /house-problem/wp-includes/js/jquery/jquery.min.js?ver=3.7.1 HTTP/1.1" 200 87553 "https://truelysell-wp.dreamsmarketplace.com/house-problem/" "Mozilla/5.0 (Macintosh; Intel Mac OS X 10_15_7) AppleWebKit/537.36 (KHTML, like Gecko) Chrome/145.0.0.0 Safari/537.36"
2405:9800:b651:7738:f15c:d7fc:f74c:2007 - - [23/Feb/2026:09:17:50 +0000] "GET /multipurpose/wp-admin/admin-ajax.php?action=get_additional_services HTTP/1.1" 200 83 "https://truelysell-wp.dreamsmarketplace.com/multipurpose/" "Mozilla/5.0 (Macintosh; Intel Mac OS X 10_15_7) AppleWebKit/537.36 (KHTML, like Gecko) Chrome/145.0.0.0 Safari/537.36"
2405:9800:b651:7738:f15c:d7fc:f74c:2007 - - [23/Feb/2026:09:17:50 +0000] "GET /multipurpose/wp-admin/admin-ajax.php?action=get_includes_title HTTP/1.1" 200 70 "https://truelysell-wp.dreamsmarketplace.com/multipurpose/" "Mozilla/5.0 (Macintosh; Intel Mac OS X 10_15_7) AppleWebKit/537.36 (KHTML, like Gecko) Chrome/145.0.0.0 Safari/537.36"
223.27.237.4 - - [23/Feb/2026:09:17:50 +0000] "GET /catering/wp-includes/js/media-views.min.js?ver=6.9 HTTP/1.1" 200 110772 "https://truelysell-wp.dreamsmarketplace.com/catering/" "Mozilla/5.0 (Macintosh; Intel Mac OS X 10_15_7) AppleWebKit/537.36 (KHTML, like Gecko) Chrome/140.0.0.0 Safari/537.36"
223.27.237.4 - - [23/Feb/2026:09:17:50 +0000] "GET /catering/wp-includes/js/clipboard.min.js?ver=2.0.11 HTTP/1.1" 200 9009 "https://truelysell-wp.dreamsmarketplace.com/catering/" "Mozilla/5.0 (Macintosh; Intel Mac OS X 10_15_7) AppleWebKit/537.36 (KHTML, like Gecko) Chrome/140.0.0.0 Safari/537.36"
2405:9800:b651:7738:f15c:d7fc:f74c:2007 - - [23/Feb/2026:09:17:50 +0000] "GET /cleaning/wp-content/themes/truelysell/assets/js/timedropper.js?ver=2.1 HTTP/1.1" 304 0 "https://truelysell-wp.dreamsmarketplace.com/cleaning/" "Mozilla/5.0 (Macintosh; Intel Mac OS X 10_15_7) AppleWebKit/537.36 (KHTML, like Gecko) Chrome/145.0.0.0 Safari/537.36"
223.27.237.4 - - [23/Feb/2026:09:17:50 +0000] "GET /catering/wp-includes/js/media-editor.min.js?ver=6.9 HTTP/1.1" 200 10885 "https://truelysell-wp.dreamsmarketplace.com/catering/" "Mozilla/5.0 (Macintosh; Intel Mac OS X 10_15_7) AppleWebKit/537.36 (KHTML, like Gecko) Chrome/140.0.0.0 Safari/537.36"
2405:9800:b651:7738:f15c:d7fc:f74c:2007 - - [23/Feb/2026:09:17:50 +0000] "GET /multipurpose/wp-json/contact-form-7/v1/contact-forms/363/feedback/schema HTTP/1.1" 404 29362 "https://truelysell-wp.dreamsmarketplace.com/multipurpose/" "Mozilla/5.0 (Macintosh; Intel Mac OS X 10_15_7) AppleWebKit/537.36 (KHTML, like Gecko) Chrome/145.0.0.0 Safari/537.36"
223.27.237.4 - - [23/Feb/2026:09:17:50 +0000] "GET /catering/wp-content/themes/truelysell//assets/js/jquery.slimscroll.min.js?ver=6.9 HTTP/1.1" 200 4724 "https://truelysell-wp.dreamsmarketplace.com/catering/" "Mozilla/5.0 (Macintosh; Intel Mac OS X 10_15_7) AppleWebKit/537.36 (KHTML, like Gecko) Chrome/140.0.0.0 Safari/537.36"
223.27.237.4 - - [23/Feb/2026:09:17:50 +0000] "GET /catering/wp-includes/js/media-audiovideo.min.js?ver=6.9 HTTP/1.1" 200 12052 "https://truelysell-wp.dreamsmarketplace.com/catering/" "Mozilla/5.0 (Macintosh; Intel Mac OS X 10_15_7) AppleWebKit/537.36 (KHTML, like Gecko) Chrome/140.0.0.0 Safari/537.36"
223.27.237.4 - - [23/Feb/2026:09:17:50 +0000] "GET /catering/wp-content/themes/truelysell/assets/js/wow.min.js?ver=6.9 HTTP/1.1" 200 8426 "https://truelysell-wp.dreamsmarketplace.com/catering/" "Mozilla/5.0 (Macintosh; Intel Mac OS X 10_15_7) AppleWebKit/537.36 (KHTML, like Gecko) Chrome/140.0.0.0 Safari/537.36"
2405:9800:b651:7738:f15c:d7fc:f74c:2007 - - [23/Feb/2026:09:17:50 +0000] "GET /carwash/wp-content/themes/truelysell/assets/js/counterup.min.js?ver=2.1 HTTP/1.1" 200 15731 "https://truelysell-wp.dreamsmarketplace.com/carwash/" "Mozilla/5.0 (Macintosh; Intel Mac OS X 10_15_7) AppleWebKit/537.36 (KHTML, like Gecko) Chrome/145.0.0.0 Safari/537.36"
2405:9800:b651:7738:f15c:d7fc:f74c:2007 - - [23/Feb/2026:09:17:51 +0000] "GET /mechanic/wp-content/themes/truelysell/style.css?ver=6.9 HTTP/1.1" 200 16724 "https://truelysell-wp.dreamsmarketplace.com/mechanic/" "Mozilla/5.0 (Macintosh; Intel Mac OS X 10_15_7) AppleWebKit/537.36 (KHTML, like Gecko) Chrome/145.0.0.0 Safari/537.36"
2405:9800:b651:7738:f15c:d7fc:f74c:2007 - - [23/Feb/2026:09:17:51 +0000] "GET /saloon/wp-content/themes/truelysell/assets/js/timedropper.js?ver=2.1 HTTP/1.1" 200 7014 "https://truelysell-wp.dreamsmarketplace.com/saloon/" "Mozilla/5.0 (Macintosh; Intel Mac OS X 10_15_7) AppleWebKit/537.36 (KHTML, like Gecko) Chrome/145.0.0.0 Safari/537.36"
2405:9800:b651:7738:f15c:d7fc:f74c:2007 - - [23/Feb/2026:09:17:51 +0000] "GET /saloon/wp-content/themes/truelysell/assets/js/rangeslider.min.js?ver=2.1 HTTP/1.1" 200 8168 "https://truelysell-wp.dreamsmarketplace.com/saloon/" "Mozilla/5.0 (Macintosh; Intel Mac OS X 10_15_7) AppleWebKit/537.36 (KHTML, like Gecko) Chrome/145.0.0.0 Safari/537.36"
2405:9800:b651:7738:f15c:d7fc:f74c:2007 - - [23/Feb/2026:09:17:51 +0000] "GET /carwash/wp-includes/js/plupload/moxie.min.js?ver=1.3.5.1 HTTP/1.1" 200 87394 "https://truelysell-wp.dreamsmarketplace.com/carwash/" "Mozilla/5.0 (Macintosh; Intel Mac OS X 10_15_7) AppleWebKit/537.36 (KHTML, like Gecko) Chrome/145.0.0.0 Safari/537.36"
2405:9800:b651:7738:f15c:d7fc:f74c:2007 - - [23/Feb/2026:09:17:51 +0000] "GET /cleaning/wp-content/themes/truelysell/assets/js/rangeslider.min.js?ver=2.1 HTTP/1.1" 304 0 "https://truelysell-wp.dreamsmarketplace.com/cleaning/" "Mozilla/5.0 (Macintosh; Intel Mac OS X 10_15_7) AppleWebKit/537.36 (KHTML, like Gecko) Chrome/145.0.0.0 Safari/537.36"
2405:9800:b651:7738:f15c:d7fc:f74c:2007 - - [23/Feb/2026:09:17:51 +0000] "GET /mechanic/wp-content/themes/truelysell/assets/css/responsive.css?ver=2.1 HTTP/1.1" 200 91602 "https://truelysell-wp.dreamsmarketplace.com/mechanic/" "Mozilla/5.0 (Macintosh; Intel Mac OS X 10_15_7) AppleWebKit/537.36 (KHTML, like Gecko) Chrome/145.0.0.0 Safari/537.36"
223.27.237.4 - - [23/Feb/2026:09:17:51 +0000] "GET /catering/wp-content/themes/truelysell//assets/js/owl.carousel.min.js?ver=6.9 HTTP/1.1" 200 44342 "https://truelysell-wp.dreamsmarketplace.com/catering/" "Mozilla/5.0 (Macintosh; Intel Mac OS X 10_15_7) AppleWebKit/537.36 (KHTML, like Gecko) Chrome/140.0.0.0 Safari/537.36"
2405:9800:b651:7738:f15c:d7fc:f74c:2007 - - [23/Feb/2026:09:17:51 +0000] "GET /house-problem/wp-includes/js/jquery/jquery-migrate.min.js?ver=3.4.1 HTTP/1.1" 200 13577 "https://truelysell-wp.dreamsmarketplace.com/house-problem/" "Mozilla/5.0 (Macintosh; Intel Mac OS X 10_15_7) AppleWebKit/537.36 (KHTML, like Gecko) Chrome/145.0.0.0 Safari/537.36"
