50.17.185.102 - - [23/Feb/2026:01:31:11 +0000] "GET / HTTP/1.1" 301 178 "-" "FreshpingBot/1.0 (+https://freshping.io/)"
172.187.168.139 - - [23/Feb/2026:01:31:13 +0000] "POST /wp-cron.php?doing_wp_cron=1771810273.2652149200439453125000 HTTP/1.1" 200 31 "-" "WordPress/6.9; https://truelysell-wp.dreamsmarketplace.com"
50.17.185.102 - - [23/Feb/2026:01:31:13 +0000] "GET / HTTP/1.1" 200 43819 "-" "FreshpingBot/1.0 (+https://freshping.io/)"
107.178.203.135 - - [23/Feb/2026:01:31:47 +0000] "GET /pelaa-suoraan-nettikasinoa-ilman-kirjautumista-onko-se-mahdollista/ HTTP/1.1" 301 178 "-" "Mozilla/5.0 (compatible; Google-Apps-Script; beanserver; +https://script.google.com; id: UAEmdDd-CGrIdn-9e9oHRhQ73mfdY6j8W2g)"
172.187.168.139 - - [23/Feb/2026:01:33:23 +0000] "POST /wp-cron.php?doing_wp_cron=1771810403.4330570697784423828125 HTTP/1.1" 200 31 "-" "WordPress/6.9; https://truelysell-wp.dreamsmarketplace.com"
66.249.66.200 - - [23/Feb/2026:01:33:23 +0000] "GET /multipurpose/wp-content/uploads/2023/05/avatar-11.jpg HTTP/1.1" 404 29362 "-" "Googlebot-Image/1.0"
47.128.97.232 - - [23/Feb/2026:01:33:25 +0000] "GET /pet-grooming/at-vero-eos-et-accusamus-et-iusto-odio-dignissimos-2/ HTTP/1.1" 301 178 "-" "Mozilla/5.0 (compatible; Bytespider; [email protected]) AppleWebKit/537.36 (KHTML, like Gecko) Chrome/70.0.0.0 Safari/537.36"
47.128.111.204 - - [23/Feb/2026:01:33:44 +0000] "GET /pet-grooming/at-vero-eos-et-accusamus-et-iusto-odio-dignissimos-2/ HTTP/1.1" 301 5 "-" "Mozilla/5.0 (Linux; Android 5.0) AppleWebKit/537.36 (KHTML, like Gecko) Mobile Safari/537.36 (compatible; Bytespider; [email protected])"
47.128.111.204 - - [23/Feb/2026:01:33:46 +0000] "GET /at-vero-eos-et-accusamus-et-iusto-odio-dignissimos-2/ HTTP/1.1" 200 38480 "-" "Mozilla/5.0 (Linux; Android 5.0) AppleWebKit/537.36 (KHTML, like Gecko) Mobile Safari/537.36 (compatible; Bytespider; [email protected])"
47.128.111.204 - - [23/Feb/2026:01:33:48 +0000] "GET /wp-content/themes/truelysell/assets/css/block-styles.css?ver=1.0 HTTP/1.1" 404 29363 "https://truelysell-wp.dreamsmarketplace.com/at-vero-eos-et-accusamus-et-iusto-odio-dignissimos-2/" "Mozilla/5.0 (Linux; Android 5.0) AppleWebKit/537.36 (KHTML, like Gecko) Mobile Safari/537.36 (compatible; Bytespider; [email protected])"
47.128.111.204 - - [23/Feb/2026:01:33:49 +0000] "GET /wp-content/themes/truelysell/assets/images/breadcrumb-bg-01.png HTTP/1.1" 304 0 "https://truelysell-wp.dreamsmarketplace.com/at-vero-eos-et-accusamus-et-iusto-odio-dignissimos-2/" "Mozilla/5.0 (Linux; Android 5.0) AppleWebKit/537.36 (KHTML, like Gecko) Mobile Safari/537.36 (compatible; Bytespider; [email protected])"
47.128.111.204 - - [23/Feb/2026:01:33:49 +0000] "GET /wp-content/themes/truelysell/assets/images/breadcrumb-bg-02.png HTTP/1.1" 304 0 "https://truelysell-wp.dreamsmarketplace.com/at-vero-eos-et-accusamus-et-iusto-odio-dignissimos-2/" "Mozilla/5.0 (Linux; Android 5.0) AppleWebKit/537.36 (KHTML, like Gecko) Mobile Safari/537.36 (compatible; Bytespider; [email protected])"
47.128.111.204 - - [23/Feb/2026:01:33:49 +0000] "GET /wp-content/uploads/2024/01/blog-5.jpg HTTP/1.1" 304 0 "https://truelysell-wp.dreamsmarketplace.com/at-vero-eos-et-accusamus-et-iusto-odio-dignissimos-2/" "Mozilla/5.0 (Linux; Android 5.0) AppleWebKit/537.36 (KHTML, like Gecko) Mobile Safari/537.36 (compatible; Bytespider; [email protected])"
47.128.111.204 - - [23/Feb/2026:01:33:51 +0000] "GET /wp-content/uploads/2021/09/service-06.jpg HTTP/1.1" 404 29364 "https://truelysell-wp.dreamsmarketplace.com/at-vero-eos-et-accusamus-et-iusto-odio-dignissimos-2/" "Mozilla/5.0 (Linux; Android 5.0) AppleWebKit/537.36 (KHTML, like Gecko) Mobile Safari/537.36 (compatible; Bytespider; [email protected])"
47.128.111.204 - - [23/Feb/2026:01:33:52 +0000] "GET /wp-content/uploads/2024/01/avatar-02-1.jpg HTTP/1.1" 304 0 "https://truelysell-wp.dreamsmarketplace.com/at-vero-eos-et-accusamus-et-iusto-odio-dignissimos-2/" "Mozilla/5.0 (Linux; Android 5.0) AppleWebKit/537.36 (KHTML, like Gecko) Mobile Safari/537.36 (compatible; Bytespider; [email protected])"
47.128.111.204 - - [23/Feb/2026:01:33:52 +0000] "GET /wp-content/themes/truelysell/assets/images/app-store.svg HTTP/1.1" 304 0 "https://truelysell-wp.dreamsmarketplace.com/at-vero-eos-et-accusamus-et-iusto-odio-dignissimos-2/" "Mozilla/5.0 (Linux; Android 5.0) AppleWebKit/537.36 (KHTML, like Gecko) Mobile Safari/537.36 (compatible; Bytespider; [email protected])"
47.128.111.204 - - [23/Feb/2026:01:33:52 +0000] "GET /wp-content/themes/truelysell/assets/images/goolge-play.svg HTTP/1.1" 304 0 "https://truelysell-wp.dreamsmarketplace.com/at-vero-eos-et-accusamus-et-iusto-odio-dignissimos-2/" "Mozilla/5.0 (Linux; Android 5.0) AppleWebKit/537.36 (KHTML, like Gecko) Mobile Safari/537.36 (compatible; Bytespider; [email protected])"
47.128.111.204 - - [23/Feb/2026:01:33:52 +0000] "GET /wp-content/themes/truelysell/assets/images/icon/fb.svg HTTP/1.1" 304 0 "https://truelysell-wp.dreamsmarketplace.com/at-vero-eos-et-accusamus-et-iusto-odio-dignissimos-2/" "Mozilla/5.0 (Linux; Android 5.0) AppleWebKit/537.36 (KHTML, like Gecko) Mobile Safari/537.36 (compatible; Bytespider; [email protected])"
47.128.111.204 - - [23/Feb/2026:01:33:52 +0000] "GET /wp-content/themes/truelysell/assets/images/icon/instagram.svg HTTP/1.1" 304 0 "https://truelysell-wp.dreamsmarketplace.com/at-vero-eos-et-accusamus-et-iusto-odio-dignissimos-2/" "Mozilla/5.0 (Linux; Android 5.0) AppleWebKit/537.36 (KHTML, like Gecko) Mobile Safari/537.36 (compatible; Bytespider; [email protected])"
47.128.111.204 - - [23/Feb/2026:01:33:52 +0000] "GET /wp-content/themes/truelysell/assets/images/icon/whatsapp.svg HTTP/1.1" 304 0 "https://truelysell-wp.dreamsmarketplace.com/at-vero-eos-et-accusamus-et-iusto-odio-dignissimos-2/" "Mozilla/5.0 (Linux; Android 5.0) AppleWebKit/537.36 (KHTML, like Gecko) Mobile Safari/537.36 (compatible; Bytespider; [email protected])"
47.128.111.204 - - [23/Feb/2026:01:33:52 +0000] "GET /wp-content/themes/truelysell/assets/images/icon/twitter.svg HTTP/1.1" 304 0 "https://truelysell-wp.dreamsmarketplace.com/at-vero-eos-et-accusamus-et-iusto-odio-dignissimos-2/" "Mozilla/5.0 (Linux; Android 5.0) AppleWebKit/537.36 (KHTML, like Gecko) Mobile Safari/537.36 (compatible; Bytespider; [email protected])"
47.128.111.204 - - [23/Feb/2026:01:33:52 +0000] "GET /wp-content/themes/truelysell/assets/images/icon/linkedin.svg HTTP/1.1" 304 0 "https://truelysell-wp.dreamsmarketplace.com/at-vero-eos-et-accusamus-et-iusto-odio-dignissimos-2/" "Mozilla/5.0 (Linux; Android 5.0) AppleWebKit/537.36 (KHTML, like Gecko) Mobile Safari/537.36 (compatible; Bytespider; [email protected])"
47.128.111.204 - - [23/Feb/2026:01:33:54 +0000] "GET /wp-admin/admin-ajax.php?action=get_additional_services HTTP/1.1" 200 83 "https://truelysell-wp.dreamsmarketplace.com/at-vero-eos-et-accusamus-et-iusto-odio-dignissimos-2/" "Mozilla/5.0 (Linux; Android 5.0) AppleWebKit/537.36 (KHTML, like Gecko) Mobile Safari/537.36 (compatible; Bytespider; [email protected])"
47.128.111.204 - - [23/Feb/2026:01:33:55 +0000] "GET /wp-admin/admin-ajax.php?action=get_faq_section HTTP/1.1" 200 83 "https://truelysell-wp.dreamsmarketplace.com/at-vero-eos-et-accusamus-et-iusto-odio-dignissimos-2/" "Mozilla/5.0 (Linux; Android 5.0) AppleWebKit/537.36 (KHTML, like Gecko) Mobile Safari/537.36 (compatible; Bytespider; [email protected])"
47.128.111.204 - - [23/Feb/2026:01:33:55 +0000] "GET /wp-json/contact-form-7/v1/contact-forms/363/feedback/schema HTTP/1.1" 200 345 "https://truelysell-wp.dreamsmarketplace.com/at-vero-eos-et-accusamus-et-iusto-odio-dignissimos-2/" "Mozilla/5.0 (Linux; Android 5.0) AppleWebKit/537.36 (KHTML, like Gecko) Mobile Safari/537.36 (compatible; Bytespider; [email protected])"
47.128.111.204 - - [23/Feb/2026:01:33:55 +0000] "POST /wp-admin/admin-ajax.php HTTP/1.1" 200 58 "https://truelysell-wp.dreamsmarketplace.com/at-vero-eos-et-accusamus-et-iusto-odio-dignissimos-2/" "Mozilla/5.0 (Linux; Android 5.0) AppleWebKit/537.36 (KHTML, like Gecko) Mobile Safari/537.36 (compatible; Bytespider; [email protected])"
47.128.111.204 - - [23/Feb/2026:01:33:55 +0000] "GET /wp-admin/admin-ajax.php?action=get_includes_title HTTP/1.1" 200 70 "https://truelysell-wp.dreamsmarketplace.com/at-vero-eos-et-accusamus-et-iusto-odio-dignissimos-2/" "Mozilla/5.0 (Linux; Android 5.0) AppleWebKit/537.36 (KHTML, like Gecko) Mobile Safari/537.36 (compatible; Bytespider; [email protected])"
47.128.111.204 - - [23/Feb/2026:01:33:55 +0000] "GET /wp-content/themes/truelysell/assets/images/icon/youtube.svg HTTP/1.1" 304 0 "https://truelysell-wp.dreamsmarketplace.com/at-vero-eos-et-accusamus-et-iusto-odio-dignissimos-2/" "Mozilla/5.0 (Linux; Android 5.0) AppleWebKit/537.36 (KHTML, like Gecko) Mobile Safari/537.36 (compatible; Bytespider; [email protected])"
45.232.243.67 - - [23/Feb/2026:01:33:57 +0000] "GET /multipurpose/listing-category/interior/ HTTP/1.1" 301 178 "-" "Mozilla/5.0 (Macintosh; Intel Mac OS X 10_10) AppleWebKit/537.36 (KHTML, like Gecko) Chrome/93.0.4612.206 Safari/537.36"
172.187.168.139 - - [23/Feb/2026:01:35:29 +0000] "POST /wp-cron.php?doing_wp_cron=1771810529.2777059078216552734375 HTTP/1.1" 200 31 "-" "WordPress/6.9; https://truelysell-wp.dreamsmarketplace.com"
2a03:2880:f800:e:: - - [23/Feb/2026:01:35:29 +0000] "GET /codes-bonus-de-casino-sans-depot-au-belgique-pour-2/ HTTP/1.1" 200 38637 "-" "meta-externalagent/1.1 (+https://developers.facebook.com/docs/sharing/webmasters/crawler)"
20.205.227.70 - - [23/Feb/2026:01:35:47 +0000] "GET /wp-trackback.php HTTP/1.1" 301 178 "-" "Mozilla/5.0 (Windows NT 10.0; Win64; x64) AppleWebKit/537.36 (KHTML, like Gecko) Chrome/120.0.0.0 Safari/537.36"
20.205.227.70 - - [23/Feb/2026:01:35:48 +0000] "GET /about.php HTTP/1.1" 301 178 "-" "Mozilla/5.0 (Windows NT 10.0; Win64; x64) AppleWebKit/537.36 (KHTML, like Gecko) Chrome/120.0.0.0 Safari/537.36"
20.205.227.70 - - [23/Feb/2026:01:35:48 +0000] "GET /file.php HTTP/1.1" 301 178 "-" "Mozilla/5.0 (Windows NT 10.0; Win64; x64) AppleWebKit/537.36 (KHTML, like Gecko) Chrome/120.0.0.0 Safari/537.36"
20.205.227.70 - - [23/Feb/2026:01:35:48 +0000] "GET /adminfuns.php HTTP/1.1" 301 178 "-" "Mozilla/5.0 (Windows NT 10.0; Win64; x64) AppleWebKit/537.36 (KHTML, like Gecko) Chrome/120.0.0.0 Safari/537.36"
20.205.227.70 - - [23/Feb/2026:01:35:48 +0000] "GET /wp-good.php HTTP/1.1" 301 178 "-" "Mozilla/5.0 (Windows NT 10.0; Win64; x64) AppleWebKit/537.36 (KHTML, like Gecko) Chrome/120.0.0.0 Safari/537.36"
20.205.227.70 - - [23/Feb/2026:01:35:48 +0000] "GET /xmlrpc.php HTTP/1.1" 301 178 "-" "Mozilla/5.0 (Windows NT 10.0; Win64; x64) AppleWebKit/537.36 (KHTML, like Gecko) Chrome/120.0.0.0 Safari/537.36"
20.205.227.70 - - [23/Feb/2026:01:35:49 +0000] "GET /goods.php HTTP/1.1" 301 178 "-" "Mozilla/5.0 (Windows NT 10.0; Win64; x64) AppleWebKit/537.36 (KHTML, like Gecko) Chrome/120.0.0.0 Safari/537.36"
20.205.227.70 - - [23/Feb/2026:01:35:49 +0000] "GET /ioxi-o.php HTTP/1.1" 301 178 "-" "Mozilla/5.0 (Windows NT 10.0; Win64; x64) AppleWebKit/537.36 (KHTML, like Gecko) Chrome/120.0.0.0 Safari/537.36"
20.205.227.70 - - [23/Feb/2026:01:35:49 +0000] "GET /class-t.api.php HTTP/1.1" 301 178 "-" "Mozilla/5.0 (Windows NT 10.0; Win64; x64) AppleWebKit/537.36 (KHTML, like Gecko) Chrome/120.0.0.0 Safari/537.36"
20.205.227.70 - - [23/Feb/2026:01:35:49 +0000] "GET /admin.php HTTP/1.1" 301 178 "-" "Mozilla/5.0 (Windows NT 10.0; Win64; x64) AppleWebKit/537.36 (KHTML, like Gecko) Chrome/120.0.0.0 Safari/537.36"
20.205.227.70 - - [23/Feb/2026:01:35:49 +0000] "GET /sf.php HTTP/1.1" 301 178 "-" "Mozilla/5.0 (Windows NT 10.0; Win64; x64) AppleWebKit/537.36 (KHTML, like Gecko) Chrome/120.0.0.0 Safari/537.36"
20.205.227.70 - - [23/Feb/2026:01:35:49 +0000] "GET /rip.php HTTP/1.1" 301 178 "-" "Mozilla/5.0 (Windows NT 10.0; Win64; x64) AppleWebKit/537.36 (KHTML, like Gecko) Chrome/120.0.0.0 Safari/537.36"
20.205.227.70 - - [23/Feb/2026:01:35:50 +0000] "GET /kbfr.php HTTP/1.1" 301 178 "-" "Mozilla/5.0 (Windows NT 10.0; Win64; x64) AppleWebKit/537.36 (KHTML, like Gecko) Chrome/120.0.0.0 Safari/537.36"
20.205.227.70 - - [23/Feb/2026:01:35:50 +0000] "GET /autoload_classmap.php HTTP/1.1" 301 178 "-" "Mozilla/5.0 (Windows NT 10.0; Win64; x64) AppleWebKit/537.36 (KHTML, like Gecko) Chrome/120.0.0.0 Safari/537.36"
20.205.227.70 - - [23/Feb/2026:01:35:50 +0000] "GET /chosen.php?p= HTTP/1.1" 301 178 "-" "Mozilla/5.0 (Windows NT 10.0; Win64; x64) AppleWebKit/537.36 (KHTML, like Gecko) Chrome/120.0.0.0 Safari/537.36"
20.205.227.70 - - [23/Feb/2026:01:35:50 +0000] "GET /classwithtostring.php HTTP/1.1" 301 178 "-" "Mozilla/5.0 (Windows NT 10.0; Win64; x64) AppleWebKit/537.36 (KHTML, like Gecko) Chrome/120.0.0.0 Safari/537.36"
20.205.227.70 - - [23/Feb/2026:01:35:50 +0000] "GET /defaults.php HTTP/1.1" 301 178 "-" "Mozilla/5.0 (Windows NT 10.0; Win64; x64) AppleWebKit/537.36 (KHTML, like Gecko) Chrome/120.0.0.0 Safari/537.36"
172.187.168.139 - - [23/Feb/2026:01:35:51 +0000] "POST /wp-cron.php?doing_wp_cron=1771810551.0928940773010253906250 HTTP/1.1" 200 31 "-" "WordPress/6.9; https://truelysell-wp.dreamsmarketplace.com"
198.244.183.122 - - [23/Feb/2026:01:35:51 +0000] "GET /die-entwicklung-von-live-handler-casinos/feed/ HTTP/1.1" 200 870 "-" "Mozilla/5.0 (compatible; AhrefsBot/7.0; +http://ahrefs.com/robot/)"
20.205.227.70 - - [23/Feb/2026:01:35:51 +0000] "GET /index/function.php HTTP/1.1" 301 178 "-" "Mozilla/5.0 (Windows NT 10.0; Win64; x64) AppleWebKit/537.36 (KHTML, like Gecko) Chrome/120.0.0.0 Safari/537.36"
20.205.227.70 - - [23/Feb/2026:01:35:51 +0000] "GET /wk/index.php HTTP/1.1" 301 178 "-" "Mozilla/5.0 (Windows NT 10.0; Win64; x64) AppleWebKit/537.36 (KHTML, like Gecko) Chrome/120.0.0.0 Safari/537.36"
20.205.227.70 - - [23/Feb/2026:01:35:51 +0000] "GET /wp-includes/ HTTP/1.1" 301 178 "-" "Mozilla/5.0 (Windows NT 10.0; Win64; x64) AppleWebKit/537.36 (KHTML, like Gecko) Chrome/120.0.0.0 Safari/537.36"
20.205.227.70 - - [23/Feb/2026:01:35:51 +0000] "GET /.well-known/ HTTP/1.1" 301 178 "-" "Mozilla/5.0 (Windows NT 10.0; Win64; x64) AppleWebKit/537.36 (KHTML, like Gecko) Chrome/120.0.0.0 Safari/537.36"
20.205.227.70 - - [23/Feb/2026:01:35:51 +0000] "GET /info.php HTTP/1.1" 301 178 "-" "Mozilla/5.0 (Windows NT 10.0; Win64; x64) AppleWebKit/537.36 (KHTML, like Gecko) Chrome/120.0.0.0 Safari/537.36"
20.205.227.70 - - [23/Feb/2026:01:35:52 +0000] "GET /cgi-bin/ HTTP/1.1" 301 178 "-" "Mozilla/5.0 (Windows NT 10.0; Win64; x64) AppleWebKit/537.36 (KHTML, like Gecko) Chrome/120.0.0.0 Safari/537.36"
20.205.227.70 - - [23/Feb/2026:01:35:52 +0000] "GET /uploads/ HTTP/1.1" 301 178 "-" "Mozilla/5.0 (Windows NT 10.0; Win64; x64) AppleWebKit/537.36 (KHTML, like Gecko) Chrome/120.0.0.0 Safari/537.36"
20.205.227.70 - - [23/Feb/2026:01:35:52 +0000] "GET /wp-admin/images/ HTTP/1.1" 301 178 "-" "Mozilla/5.0 (Windows NT 10.0; Win64; x64) AppleWebKit/537.36 (KHTML, like Gecko) Chrome/120.0.0.0 Safari/537.36"
20.205.227.70 - - [23/Feb/2026:01:35:52 +0000] "GET /wp-includes/Requests/src/Response/about.php HTTP/1.1" 301 178 "-" "Mozilla/5.0 (Windows NT 10.0; Win64; x64) AppleWebKit/537.36 (KHTML, like Gecko) Chrome/120.0.0.0 Safari/537.36"
20.205.227.70 - - [23/Feb/2026:01:35:52 +0000] "GET /wp-includes/html-api/ HTTP/1.1" 301 178 "-" "Mozilla/5.0 (Windows NT 10.0; Win64; x64) AppleWebKit/537.36 (KHTML, like Gecko) Chrome/120.0.0.0 Safari/537.36"
20.205.227.70 - - [23/Feb/2026:01:35:53 +0000] "GET /wp-content/admin.php HTTP/1.1" 301 178 "-" "Mozilla/5.0 (Windows NT 10.0; Win64; x64) AppleWebKit/537.36 (KHTML, like Gecko) Chrome/120.0.0.0 Safari/537.36"
20.205.227.70 - - [23/Feb/2026:01:35:53 +0000] "GET /wp-admin/css/colors/ectoplasm/ HTTP/1.1" 301 178 "-" "Mozilla/5.0 (Windows NT 10.0; Win64; x64) AppleWebKit/537.36 (KHTML, like Gecko) Chrome/120.0.0.0 Safari/537.36"
20.205.227.70 - - [23/Feb/2026:01:35:53 +0000] "GET /wp-content/uploads/ HTTP/1.1" 301 178 "-" "Mozilla/5.0 (Windows NT 10.0; Win64; x64) AppleWebKit/537.36 (KHTML, like Gecko) Chrome/120.0.0.0 Safari/537.36"
20.205.227.70 - - [23/Feb/2026:01:35:53 +0000] "GET /wp-content/themes/admin.php HTTP/1.1" 301 178 "-" "Mozilla/5.0 (Windows NT 10.0; Win64; x64) AppleWebKit/537.36 (KHTML, like Gecko) Chrome/120.0.0.0 Safari/537.36"
20.205.227.70 - - [23/Feb/2026:01:35:53 +0000] "GET /wp-content/themes/index.php HTTP/1.1" 301 178 "-" "Mozilla/5.0 (Windows NT 10.0; Win64; x64) AppleWebKit/537.36 (KHTML, like Gecko) Chrome/120.0.0.0 Safari/537.36"
20.205.227.70 - - [23/Feb/2026:01:35:54 +0000] "GET /wp-content/plugins/index.php HTTP/1.1" 301 178 "-" "Mozilla/5.0 (Windows NT 10.0; Win64; x64) AppleWebKit/537.36 (KHTML, like Gecko) Chrome/120.0.0.0 Safari/537.36"
20.205.227.70 - - [23/Feb/2026:01:35:54 +0000] "GET /wp-includes/PHPMailer/ HTTP/1.1" 301 178 "-" "Mozilla/5.0 (Windows NT 10.0; Win64; x64) AppleWebKit/537.36 (KHTML, like Gecko) Chrome/120.0.0.0 Safari/537.36"
20.205.227.70 - - [23/Feb/2026:01:35:54 +0000] "GET /wp-includes/images/ HTTP/1.1" 301 178 "-" "Mozilla/5.0 (Windows NT 10.0; Win64; x64) AppleWebKit/537.36 (KHTML, like Gecko) Chrome/120.0.0.0 Safari/537.36"
20.205.227.70 - - [23/Feb/2026:01:35:54 +0000] "GET /wp-content/plugins/WordPressCore/ HTTP/1.1" 301 178 "-" "Mozilla/5.0 (Windows NT 10.0; Win64; x64) AppleWebKit/537.36 (KHTML, like Gecko) Chrome/120.0.0.0 Safari/537.36"
35.173.69.86 - - [23/Feb/2026:01:36:05 +0000] "GET / HTTP/1.1" 301 178 "-" "FreshpingBot/1.0 (+https://freshping.io/)"
35.173.69.86 - - [23/Feb/2026:01:36:08 +0000] "GET / HTTP/1.1" 200 43819 "-" "FreshpingBot/1.0 (+https://freshping.io/)"
172.187.168.139 - - [23/Feb/2026:01:37:24 +0000] "POST /wp-cron.php?doing_wp_cron=1771810644.8570680618286132812500 HTTP/1.1" 200 31 "-" "WordPress/6.9; https://truelysell-wp.dreamsmarketplace.com"
66.249.66.11 - - [23/Feb/2026:01:37:24 +0000] "GET /category/car-wash/ HTTP/1.1" 200 37029 "-" "Mozilla/5.0 (Linux; Android 6.0.1; Nexus 5X Build/MMB29P) AppleWebKit/537.36 (KHTML, like Gecko) Chrome/144.0.7559.132 Mobile Safari/537.36 (compatible; Googlebot/2.1; +http://www.google.com/bot.html)"
2a02:4780:1:1245:0:1432:f7d3:1 - - [23/Feb/2026:01:41:02 +0000] "GET /wp-content/uploads/2024/01/service-11.jpg HTTP/1.1" 301 178 "-" "-"
2a02:4780:1:1245:0:1432:f7d3:1 - - [23/Feb/2026:01:41:03 +0000] "GET /wp-content/uploads/2024/01/service-11.jpg HTTP/1.1" 304 0 "-" "-"
35.173.69.86 - - [23/Feb/2026:01:41:21 +0000] "GET / HTTP/1.1" 301 178 "-" "FreshpingBot/1.0 (+https://freshping.io/)"
35.173.69.86 - - [23/Feb/2026:01:41:23 +0000] "GET / HTTP/1.1" 200 15763 "-" "FreshpingBot/1.0 (+https://freshping.io/)"
172.187.168.139 - - [23/Feb/2026:01:41:23 +0000] "POST /wp-cron.php?doing_wp_cron=1771810883.6582078933715820312500 HTTP/1.1" 200 31 "-" "WordPress/6.9; https://truelysell-wp.dreamsmarketplace.com"
2a03:2880:f800:2e:: - - [23/Feb/2026:01:41:24 +0000] "GET /discover-discreet-and-exclusive-encounters-with-22/ HTTP/1.1" 301 178 "-" "meta-externalagent/1.1 (+https://developers.facebook.com/docs/sharing/webmasters/crawler)"
2a03:2880:f800:a:: - - [23/Feb/2026:01:41:38 +0000] "GET /zakachat-1xbet-na-android-ofitsialnaya-versiya-ispolzovaniya/ HTTP/1.1" 301 178 "-" "meta-externalagent/1.1 (+https://developers.facebook.com/docs/sharing/webmasters/crawler)"
2a03:2880:f800:46:: - - [23/Feb/2026:01:42:18 +0000] "GET /jeetcity-casino-remark-2025-your-way-to-winnings-huge/ HTTP/1.1" 301 178 "-" "meta-externalagent/1.1 (+https://developers.facebook.com/docs/sharing/webmasters/crawler)"
172.187.168.139 - - [23/Feb/2026:01:44:16 +0000] "POST /saloon/wp-cron.php?doing_wp_cron=1771811056.2829649448394775390625 HTTP/1.1" 200 31 "-" "WordPress/6.9; https://truelysell-wp.dreamsmarketplace.com/saloon"
216.244.66.236 - - [23/Feb/2026:01:44:16 +0000] "GET /saloon/ HTTP/1.1" 200 41115 "-" "Mozilla/5.0 (compatible; DotBot/1.2; +https://opensiteexplorer.org/dotbot; [email protected])"
103.243.173.74 - - [23/Feb/2026:01:45:09 +0000] "GET /wp-content/uploads/2024/11/services-01.jpg HTTP/1.1" 301 178 "-" "-"
103.243.173.74 - - [23/Feb/2026:01:45:11 +0000] "GET /wp-content/uploads/2024/11/services-01.jpg HTTP/1.1" 200 36339 "-" "-"
103.243.173.74 - - [23/Feb/2026:01:45:12 +0000] "GET /wp-content/uploads/2024/01/services-12.jpg HTTP/1.1" 301 178 "-" "-"
103.243.173.74 - - [23/Feb/2026:01:45:13 +0000] "GET /wp-content/uploads/2024/01/services-12.jpg HTTP/1.1" 200 56496 "-" "-"
103.243.173.74 - - [23/Feb/2026:01:45:14 +0000] "GET /wp-content/uploads/2024/01/services-13.jpg HTTP/1.1" 301 178 "-" "-"
103.243.173.74 - - [23/Feb/2026:01:45:15 +0000] "GET /wp-content/uploads/2024/01/services-13.jpg HTTP/1.1" 200 58256 "-" "-"
103.243.173.74 - - [23/Feb/2026:01:45:16 +0000] "GET /wp-content/uploads/2024/01/services-08.jpg HTTP/1.1" 301 178 "-" "-"
103.243.173.74 - - [23/Feb/2026:01:45:17 +0000] "GET /wp-content/uploads/2024/01/services-08.jpg HTTP/1.1" 200 55496 "-" "-"
103.243.173.74 - - [23/Feb/2026:01:45:18 +0000] "GET /wp-content/uploads/2024/01/services-07.jpg HTTP/1.1" 301 178 "-" "-"
103.243.173.74 - - [23/Feb/2026:01:45:19 +0000] "GET /wp-content/uploads/2024/01/services-07.jpg HTTP/1.1" 200 84788 "-" "-"
103.243.173.74 - - [23/Feb/2026:01:45:20 +0000] "GET /wp-content/uploads/2024/01/services-10.jpg HTTP/1.1" 301 178 "-" "-"
103.243.173.74 - - [23/Feb/2026:01:45:21 +0000] "GET /wp-content/uploads/2024/01/services-10.jpg HTTP/1.1" 304 0 "-" "-"
172.187.168.139 - - [23/Feb/2026:01:45:52 +0000] "POST /wp-cron.php?doing_wp_cron=1771811152.2881391048431396484375 HTTP/1.1" 200 31 "-" "WordPress/6.9; https://truelysell-wp.dreamsmarketplace.com"
51.195.215.141 - - [23/Feb/2026:01:45:52 +0000] "GET /product/sample-product/feed/ HTTP/1.1" 200 805 "-" "Mozilla/5.0 (compatible; AhrefsBot/7.0; +http://ahrefs.com/robot/)"
185.189.115.98 - - [23/Feb/2026:01:46:20 +0000] "GET /wp-login.php HTTP/1.1" 301 178 "https://truelysell-wp.dreamstechnologies.com/" "Mozilla/5.0 (Windows NT 10.0; Win64; x64) AppleWebKit/537.36 (KHTML, like Gecko) Chrome/142.0.0.0 Safari/537.36"
172.187.168.139 - - [23/Feb/2026:01:46:22 +0000] "POST /wp-cron.php?doing_wp_cron=1771811182.1204400062561035156250 HTTP/1.1" 200 31 "-" "WordPress/6.9; https://truelysell-wp.dreamsmarketplace.com"
185.189.115.98 - - [23/Feb/2026:01:46:22 +0000] "GET /wp-login.php HTTP/1.1" 200 2529 "https://truelysell-wp.dreamstechnologies.com/" "Mozilla/5.0 (Windows NT 10.0; Win64; x64) AppleWebKit/537.36 (KHTML, like Gecko) Chrome/142.0.0.0 Safari/537.36"
185.189.115.98 - - [23/Feb/2026:01:46:22 +0000] "GET /wp-admin/css/login.min.css?ver=6.9 HTTP/1.1" 304 0 "https://truelysell-wp.dreamsmarketplace.com/wp-login.php" "Mozilla/5.0 (Windows NT 10.0; Win64; x64) AppleWebKit/537.36 (KHTML, like Gecko) Chrome/142.0.0.0 Safari/537.36"
185.189.115.98 - - [23/Feb/2026:01:46:22 +0000] "GET /wp-admin/css/forms.min.css?ver=6.9 HTTP/1.1" 304 0 "https://truelysell-wp.dreamsmarketplace.com/wp-login.php" "Mozilla/5.0 (Windows NT 10.0; Win64; x64) AppleWebKit/537.36 (KHTML, like Gecko) Chrome/142.0.0.0 Safari/537.36"
185.189.115.98 - - [23/Feb/2026:01:46:22 +0000] "GET /wp-includes/js/zxcvbn-async.min.js?ver=1.0 HTTP/1.1" 304 0 "https://truelysell-wp.dreamsmarketplace.com/wp-login.php" "Mozilla/5.0 (Windows NT 10.0; Win64; x64) AppleWebKit/537.36 (KHTML, like Gecko) Chrome/142.0.0.0 Safari/537.36"
185.189.115.98 - - [23/Feb/2026:01:46:22 +0000] "GET /wp-admin/js/password-strength-meter.min.js?ver=6.9 HTTP/1.1" 304 0 "https://truelysell-wp.dreamsmarketplace.com/wp-login.php" "Mozilla/5.0 (Windows NT 10.0; Win64; x64) AppleWebKit/537.36 (KHTML, like Gecko) Chrome/142.0.0.0 Safari/537.36"
185.189.115.98 - - [23/Feb/2026:01:46:22 +0000] "GET /wp-admin/js/user-profile.min.js?ver=6.9 HTTP/1.1" 304 0 "https://truelysell-wp.dreamsmarketplace.com/wp-login.php" "Mozilla/5.0 (Windows NT 10.0; Win64; x64) AppleWebKit/537.36 (KHTML, like Gecko) Chrome/142.0.0.0 Safari/537.36"
185.189.115.98 - - [23/Feb/2026:01:46:22 +0000] "GET /wp-admin/css/l10n.min.css?ver=6.9 HTTP/1.1" 304 0 "https://truelysell-wp.dreamsmarketplace.com/wp-login.php" "Mozilla/5.0 (Windows NT 10.0; Win64; x64) AppleWebKit/537.36 (KHTML, like Gecko) Chrome/142.0.0.0 Safari/537.36"
185.189.115.98 - - [23/Feb/2026:01:46:22 +0000] "GET /wp-admin/images/wordpress-logo.svg?ver=20131107 HTTP/1.1" 304 0 "https://truelysell-wp.dreamsmarketplace.com/wp-admin/css/login.min.css?ver=6.9" "Mozilla/5.0 (Windows NT 10.0; Win64; x64) AppleWebKit/537.36 (KHTML, like Gecko) Chrome/142.0.0.0 Safari/537.36"
185.189.115.98 - - [23/Feb/2026:01:46:22 +0000] "GET /wp-includes/js/zxcvbn.min.js HTTP/1.1" 304 0 "https://truelysell-wp.dreamsmarketplace.com/wp-login.php" "Mozilla/5.0 (Windows NT 10.0; Win64; x64) AppleWebKit/537.36 (KHTML, like Gecko) Chrome/142.0.0.0 Safari/537.36"
185.189.115.98 - - [23/Feb/2026:01:46:26 +0000] "POST /wp-login.php HTTP/1.1" 302 5 "https://truelysell-wp.dreamsmarketplace.com/wp-login.php" "Mozilla/5.0 (Windows NT 10.0; Win64; x64) AppleWebKit/537.36 (KHTML, like Gecko) Chrome/142.0.0.0 Safari/537.36"
185.189.115.98 - - [23/Feb/2026:01:46:27 +0000] "GET /dashboard/?login=incorrect_password HTTP/1.1" 200 33272 "https://truelysell-wp.dreamsmarketplace.com/wp-login.php" "Mozilla/5.0 (Windows NT 10.0; Win64; x64) AppleWebKit/537.36 (KHTML, like Gecko) Chrome/142.0.0.0 Safari/537.36"
185.189.115.98 - - [23/Feb/2026:01:46:28 +0000] "GET /wp-includes/css/dist/block-library/style.min.css?ver=6.9 HTTP/1.1" 200 119695 "https://truelysell-wp.dreamsmarketplace.com/dashboard/?login=incorrect_password" "Mozilla/5.0 (Windows NT 10.0; Win64; x64) AppleWebKit/537.36 (KHTML, like Gecko) Chrome/142.0.0.0 Safari/537.36"
185.189.115.98 - - [23/Feb/2026:01:46:29 +0000] "GET /wp-content/themes/truelysell/assets/css/block-styles.css?ver=1.0 HTTP/1.1" 404 29362 "https://truelysell-wp.dreamsmarketplace.com/dashboard/?login=incorrect_password" "Mozilla/5.0 (Windows NT 10.0; Win64; x64) AppleWebKit/537.36 (KHTML, like Gecko) Chrome/142.0.0.0 Safari/537.36"
185.189.115.98 - - [23/Feb/2026:01:46:29 +0000] "GET /wp-content/themes/truelysell//assets/js/bootstrap-tagsinput.js?ver=6.9 HTTP/1.1" 304 0 "https://truelysell-wp.dreamsmarketplace.com/dashboard/?login=incorrect_password" "Mozilla/5.0 (Windows NT 10.0; Win64; x64) AppleWebKit/537.36 (KHTML, like Gecko) Chrome/142.0.0.0 Safari/537.36"
185.189.115.98 - - [23/Feb/2026:01:46:33 +0000] "POST /wp-admin/admin-ajax.php HTTP/1.1" 200 58 "https://truelysell-wp.dreamsmarketplace.com/dashboard/?login=incorrect_password" "Mozilla/5.0 (Windows NT 10.0; Win64; x64) AppleWebKit/537.36 (KHTML, like Gecko) Chrome/142.0.0.0 Safari/537.36"
185.189.115.98 - - [23/Feb/2026:01:46:33 +0000] "GET /wp-admin/admin-ajax.php?action=get_additional_services HTTP/1.1" 200 83 "https://truelysell-wp.dreamsmarketplace.com/dashboard/?login=incorrect_password" "Mozilla/5.0 (Windows NT 10.0; Win64; x64) AppleWebKit/537.36 (KHTML, like Gecko) Chrome/142.0.0.0 Safari/537.36"
185.189.115.98 - - [23/Feb/2026:01:46:33 +0000] "GET /wp-admin/admin-ajax.php?action=get_faq_section HTTP/1.1" 200 83 "https://truelysell-wp.dreamsmarketplace.com/dashboard/?login=incorrect_password" "Mozilla/5.0 (Windows NT 10.0; Win64; x64) AppleWebKit/537.36 (KHTML, like Gecko) Chrome/142.0.0.0 Safari/537.36"
185.189.115.98 - - [23/Feb/2026:01:46:33 +0000] "GET /wp-admin/admin-ajax.php?action=get_includes_title HTTP/1.1" 200 70 "https://truelysell-wp.dreamsmarketplace.com/dashboard/?login=incorrect_password" "Mozilla/5.0 (Windows NT 10.0; Win64; x64) AppleWebKit/537.36 (KHTML, like Gecko) Chrome/142.0.0.0 Safari/537.36"
185.189.115.98 - - [23/Feb/2026:01:46:33 +0000] "GET /wp-json/contact-form-7/v1/contact-forms/363/feedback/schema HTTP/1.1" 200 345 "https://truelysell-wp.dreamsmarketplace.com/dashboard/?login=incorrect_password" "Mozilla/5.0 (Windows NT 10.0; Win64; x64) AppleWebKit/537.36 (KHTML, like Gecko) Chrome/142.0.0.0 Safari/537.36"
35.173.69.86 - - [23/Feb/2026:01:46:35 +0000] "GET / HTTP/1.1" 301 178 "-" "FreshpingBot/1.0 (+https://freshping.io/)"
35.173.69.86 - - [23/Feb/2026:01:46:38 +0000] "GET / HTTP/1.1" 200 43819 "-" "FreshpingBot/1.0 (+https://freshping.io/)"
185.189.115.98 - - [23/Feb/2026:01:46:42 +0000] "GET /wp-admin/post-new.php HTTP/1.1" 301 178 "https://truelysell-wp.dreamstechnologies.com/" "Mozilla/5.0 (Windows NT 10.0; Win64; x64) AppleWebKit/537.36 (KHTML, like Gecko) Chrome/142.0.0.0 Safari/537.36"
185.189.115.98 - - [23/Feb/2026:01:46:44 +0000] "GET /wp-admin/post-new.php HTTP/1.1" 302 5 "https://truelysell-wp.dreamstechnologies.com/" "Mozilla/5.0 (Windows NT 10.0; Win64; x64) AppleWebKit/537.36 (KHTML, like Gecko) Chrome/142.0.0.0 Safari/537.36"
185.189.115.98 - - [23/Feb/2026:01:46:47 +0000] "GET /wp-login.php?redirect_to=https%3A%2F%2Ftruelysell-wp.dreamsmarketplace.com%2Fwp-admin%2Fpost-new.php&reauth=1 HTTP/1.1" 200 2550 "https://truelysell-wp.dreamstechnologies.com/" "Mozilla/5.0 (Windows NT 10.0; Win64; x64) AppleWebKit/537.36 (KHTML, like Gecko) Chrome/142.0.0.0 Safari/537.36"
185.189.115.98 - - [23/Feb/2026:01:46:49 +0000] "GET /wp-login.php HTTP/1.1" 301 178 "https://truelysell-wp.dreamstechnologies.com/" "Mozilla/5.0 (Windows NT 10.0; Win64; x64) AppleWebKit/537.36 (KHTML, like Gecko) Chrome/142.0.0.0 Safari/537.36"
185.189.115.98 - - [23/Feb/2026:01:46:50 +0000] "GET /wp-login.php HTTP/1.1" 200 2529 "https://truelysell-wp.dreamstechnologies.com/" "Mozilla/5.0 (Windows NT 10.0; Win64; x64) AppleWebKit/537.36 (KHTML, like Gecko) Chrome/142.0.0.0 Safari/537.36"
185.189.115.98 - - [23/Feb/2026:01:46:53 +0000] "POST /wp-login.php HTTP/1.1" 302 5 "https://truelysell-wp.dreamsmarketplace.com/wp-login.php" "Mozilla/5.0 (Windows NT 10.0; Win64; x64) AppleWebKit/537.36 (KHTML, like Gecko) Chrome/142.0.0.0 Safari/537.36"
185.189.115.98 - - [23/Feb/2026:01:46:54 +0000] "GET /dashboard/?login=incorrect_password HTTP/1.1" 200 33274 "https://truelysell-wp.dreamsmarketplace.com/wp-login.php" "Mozilla/5.0 (Windows NT 10.0; Win64; x64) AppleWebKit/537.36 (KHTML, like Gecko) Chrome/142.0.0.0 Safari/537.36"
185.189.115.98 - - [23/Feb/2026:01:46:55 +0000] "GET /wp-content/themes/truelysell/assets/css/block-styles.css?ver=1.0 HTTP/1.1" 404 29362 "https://truelysell-wp.dreamsmarketplace.com/dashboard/?login=incorrect_password" "Mozilla/5.0 (Windows NT 10.0; Win64; x64) AppleWebKit/537.36 (KHTML, like Gecko) Chrome/142.0.0.0 Safari/537.36"
185.189.115.98 - - [23/Feb/2026:01:47:17 +0000] "GET /wp-admin/admin-ajax.php?action=get_additional_services HTTP/1.1" 200 83 "https://truelysell-wp.dreamsmarketplace.com/dashboard/?login=incorrect_password" "Mozilla/5.0 (Windows NT 10.0; Win64; x64) AppleWebKit/537.36 (KHTML, like Gecko) Chrome/142.0.0.0 Safari/537.36"
185.189.115.98 - - [23/Feb/2026:01:47:17 +0000] "GET /wp-admin/admin-ajax.php?action=get_includes_title HTTP/1.1" 200 70 "https://truelysell-wp.dreamsmarketplace.com/dashboard/?login=incorrect_password" "Mozilla/5.0 (Windows NT 10.0; Win64; x64) AppleWebKit/537.36 (KHTML, like Gecko) Chrome/142.0.0.0 Safari/537.36"
185.189.115.98 - - [23/Feb/2026:01:47:17 +0000] "GET /wp-admin/admin-ajax.php?action=get_faq_section HTTP/1.1" 200 83 "https://truelysell-wp.dreamsmarketplace.com/dashboard/?login=incorrect_password" "Mozilla/5.0 (Windows NT 10.0; Win64; x64) AppleWebKit/537.36 (KHTML, like Gecko) Chrome/142.0.0.0 Safari/537.36"
185.189.115.98 - - [23/Feb/2026:01:47:17 +0000] "POST /wp-admin/admin-ajax.php HTTP/1.1" 200 58 "https://truelysell-wp.dreamsmarketplace.com/dashboard/?login=incorrect_password" "Mozilla/5.0 (Windows NT 10.0; Win64; x64) AppleWebKit/537.36 (KHTML, like Gecko) Chrome/142.0.0.0 Safari/537.36"
185.189.115.98 - - [23/Feb/2026:01:47:17 +0000] "GET /wp-json/contact-form-7/v1/contact-forms/363/feedback/schema HTTP/1.1" 200 345 "https://truelysell-wp.dreamsmarketplace.com/dashboard/?login=incorrect_password" "Mozilla/5.0 (Windows NT 10.0; Win64; x64) AppleWebKit/537.36 (KHTML, like Gecko) Chrome/142.0.0.0 Safari/537.36"
2a03:2880:f800:13:: - - [23/Feb/2026:01:47:32 +0000] "GET /2021/12/ HTTP/1.1" 301 178 "-" "meta-externalagent/1.1 (+https://developers.facebook.com/docs/sharing/webmasters/crawler)"
2a03:2880:f800:1e:: - - [23/Feb/2026:01:48:41 +0000] "GET /2022/01/ HTTP/1.1" 301 178 "-" "meta-externalagent/1.1 (+https://developers.facebook.com/docs/sharing/webmasters/crawler)"
2a03:2880:f800:c:: - - [23/Feb/2026:01:49:00 +0000] "GET /jouez-a-chicken-2-road-le-jeu-de-casino-en-ligne-incontournable-en-france/ HTTP/1.1" 301 178 "-" "meta-externalagent/1.1 (+https://developers.facebook.com/docs/sharing/webmasters/crawler)"
2a03:2880:f800:42:: - - [23/Feb/2026:01:49:27 +0000] "GET /giocare-al-casino-online-in-italia-la-guida-definitiva-di-casinoversus/ HTTP/1.1" 301 178 "-" "meta-externalagent/1.1 (+https://developers.facebook.com/docs/sharing/webmasters/crawler)"
172.187.168.139 - - [23/Feb/2026:01:49:33 +0000] "POST /wp-cron.php?doing_wp_cron=1771811373.0383510589599609375000 HTTP/1.1" 200 31 "-" "WordPress/6.9; https://truelysell-wp.dreamsmarketplace.com"
2a03:2880:f800:16:: - - [23/Feb/2026:01:49:33 +0000] "GET /gallery/ HTTP/1.1" 200 35399 "-" "meta-externalagent/1.1 (+https://developers.facebook.com/docs/sharing/webmasters/crawler)"
2a03:2880:f800:28:: - - [23/Feb/2026:01:50:09 +0000] "GET /categories/ HTTP/1.1" 200 33510 "-" "meta-externalagent/1.1 (+https://developers.facebook.com/docs/sharing/webmasters/crawler)"
2a03:2880:f800:27:: - - [23/Feb/2026:01:50:14 +0000] "GET /skachat-melbet-vozmite-android-bezmezdnaya-raznovidnost-prilozheniya-dlya-android-vo-bukmekerskoy-firme-melbet/ HTTP/1.1" 301 178 "-" "meta-externalagent/1.1 (+https://developers.facebook.com/docs/sharing/webmasters/crawler)"
35.173.69.86 - - [23/Feb/2026:01:51:11 +0000] "GET / HTTP/1.1" 301 178 "-" "FreshpingBot/1.0 (+https://freshping.io/)"
172.187.168.139 - - [23/Feb/2026:01:51:13 +0000] "POST /wp-cron.php?doing_wp_cron=1771811473.6402111053466796875000 HTTP/1.1" 200 31 "-" "WordPress/6.9; https://truelysell-wp.dreamsmarketplace.com"
35.173.69.86 - - [23/Feb/2026:01:51:13 +0000] "GET / HTTP/1.1" 200 43819 "-" "FreshpingBot/1.0 (+https://freshping.io/)"
172.187.168.139 - - [23/Feb/2026:01:53:30 +0000] "POST /wp-cron.php?doing_wp_cron=1771811610.7145519256591796875000 HTTP/1.1" 200 31 "-" "WordPress/6.9; https://truelysell-wp.dreamsmarketplace.com"
2a03:2880:f800:2:: - - [23/Feb/2026:01:53:30 +0000] "GET /register/ HTTP/1.1" 200 33928 "-" "meta-externalagent/1.1 (+https://developers.facebook.com/docs/sharing/webmasters/crawler)"
66.249.66.78 - - [23/Feb/2026:01:53:57 +0000] "GET /mechanic/wp-content/uploads/2024/01/choose-icon-3.svg HTTP/1.1" 304 0 "https://geekondemand.in/" "Mozilla/5.0 (Linux; Android 6.0.1; Nexus 5X Build/MMB29P) AppleWebKit/537.36 (KHTML, like Gecko) Chrome/144.0.7559.132 Mobile Safari/537.36 (compatible; Googlebot/2.1; +http://www.google.com/bot.html)"
172.187.168.139 - - [23/Feb/2026:01:55:28 +0000] "POST /wp-cron.php?doing_wp_cron=1771811728.6042239665985107421875 HTTP/1.1" 200 31 "-" "WordPress/6.9; https://truelysell-wp.dreamsmarketplace.com"
198.244.242.90 - - [23/Feb/2026:01:55:28 +0000] "GET /beste-angeschlossen-casinos-2025-10-traktandum-seriose-kasino-seiten/feed/ HTTP/1.1" 200 953 "-" "Mozilla/5.0 (compatible; AhrefsBot/7.0; +http://ahrefs.com/robot/)"
2a03:2880:f800:a:: - - [23/Feb/2026:01:56:12 +0000] "GET /category/lyra-casino/ HTTP/1.1" 301 178 "-" "meta-externalagent/1.1 (+https://developers.facebook.com/docs/sharing/webmasters/crawler)"
50.17.185.102 - - [23/Feb/2026:01:56:16 +0000] "GET / HTTP/1.1" 301 178 "-" "FreshpingBot/1.0 (+https://freshping.io/)"
172.187.168.139 - - [23/Feb/2026:01:56:18 +0000] "POST /wp-cron.php?doing_wp_cron=1771811778.3062460422515869140625 HTTP/1.1" 200 31 "-" "WordPress/6.9; https://truelysell-wp.dreamsmarketplace.com"
50.17.185.102 - - [23/Feb/2026:01:56:18 +0000] "GET / HTTP/1.1" 200 43818 "-" "FreshpingBot/1.0 (+https://freshping.io/)"
157.55.39.197 - - [23/Feb/2026:01:56:27 +0000] "GET /pet-grooming/wp-content/uploads/2023/01/Grooming-3-577x385.png HTTP/1.1" 200 230419 "-" "Mozilla/5.0 AppleWebKit/537.36 (KHTML, like Gecko; compatible; bingbot/2.0; +http://www.bing.com/bingbot.htm) Chrome/116.0.1938.76 Safari/537.36"
172.187.168.139 - - [23/Feb/2026:01:56:44 +0000] "POST /wp-cron.php?doing_wp_cron=1771811804.0273609161376953125000 HTTP/1.1" 200 31 "-" "WordPress/6.9; https://truelysell-wp.dreamsmarketplace.com"
2a03:2880:f800:7:: - - [23/Feb/2026:01:56:44 +0000] "GET /betwinner-unleashed-experience-thrilling-wins/ HTTP/1.1" 200 39876 "-" "meta-externalagent/1.1 (+https://developers.facebook.com/docs/sharing/webmasters/crawler)"
206.189.82.130 - - [23/Feb/2026:01:57:16 +0000] "POST /wp-login.php HTTP/1.1" 301 178 "https://truelysell-wp.dreamstechnologies.com/wp-login.php" "Mozilla/5.0 (Windows NT 10.0; Win64; x64) AppleWebKit/537.36 (KHTML, like Gecko) Chrome/120.0 Safari/537.36"
206.189.82.130 - - [23/Feb/2026:01:57:18 +0000] "GET /wp-login.php HTTP/1.1" 200 2529 "https://truelysell-wp.dreamstechnologies.com/wp-login.php" "Mozilla/5.0 (Windows NT 10.0; Win64; x64) AppleWebKit/537.36 (KHTML, like Gecko) Chrome/120.0 Safari/537.36"
2a03:2880:f800:42:: - - [23/Feb/2026:01:57:52 +0000] "GET /rise-of-ones-tomb-raider-inundated-archives-greek-flames-secret-northwest-area/ HTTP/1.1" 301 178 "-" "meta-externalagent/1.1 (+https://developers.facebook.com/docs/sharing/webmasters/crawler)"
172.187.168.139 - - [23/Feb/2026:01:59:06 +0000] "POST /wp-cron.php?doing_wp_cron=1771811946.0180220603942871093750 HTTP/1.1" 200 31 "-" "WordPress/6.9; https://truelysell-wp.dreamsmarketplace.com"
47.82.11.132 - - [23/Feb/2026:01:59:06 +0000] "GET /blog-grid/page/18/ HTTP/1.1" 200 35000 "https://truelysell-wp.dreamsmarketplace.com/" "Mozilla/5.0 (Windows NT 10.0; Win64; x64) AppleWebKit/537.36 (KHTML, like Gecko) Chrome/134.0.0.0 Safari/537.36"
107.178.224.226 - - [23/Feb/2026:01:59:09 +0000] "GET /vedonlyonti-bonukset-parhaissa-verkossa-olevissa-kasinoissa/ HTTP/1.1" 301 178 "-" "Mozilla/5.0 (compatible; Google-Apps-Script; beanserver; +https://script.google.com; id: UAEmdDd-CGrIdn-9e9oHRhQ73mfdY6j8W2g)"
2a03:2880:f800:1a:: - - [23/Feb/2026:01:59:32 +0000] "GET /category/real-bet/ HTTP/1.1" 301 178 "-" "meta-externalagent/1.1 (+https://developers.facebook.com/docs/sharing/webmasters/crawler)"
103.243.173.74 - - [23/Feb/2026:02:00:19 +0000] "GET /wp-content/uploads/2024/01/service-11.jpg HTTP/1.1" 301 178 "-" "-"
103.243.173.74 - - [23/Feb/2026:02:00:19 +0000] "GET /wp-content/uploads/2024/01/service-11.jpg HTTP/1.1" 301 178 "-" "-"
103.243.173.74 - - [23/Feb/2026:02:00:20 +0000] "GET /wp-content/uploads/2024/01/service-11.jpg HTTP/1.1" 304 0 "-" "-"
103.243.173.74 - - [23/Feb/2026:02:00:21 +0000] "GET /wp-content/uploads/2024/01/service-03-4.jpg HTTP/1.1" 301 178 "-" "-"
103.243.173.74 - - [23/Feb/2026:02:00:21 +0000] "GET /wp-content/uploads/2024/01/service-03-4.jpg HTTP/1.1" 301 178 "-" "-"
103.243.173.74 - - [23/Feb/2026:02:00:22 +0000] "GET /wp-content/uploads/2024/01/service-03-4.jpg HTTP/1.1" 200 47442 "-" "-"
103.243.173.74 - - [23/Feb/2026:02:00:23 +0000] "GET /wp-content/uploads/2024/01/service-02-1.jpg HTTP/1.1" 301 178 "-" "-"
103.243.173.74 - - [23/Feb/2026:02:00:23 +0000] "GET /wp-content/uploads/2024/01/service-02-1.jpg HTTP/1.1" 301 178 "-" "-"
103.243.173.74 - - [23/Feb/2026:02:00:24 +0000] "GET /wp-content/uploads/2024/01/service-02-1.jpg HTTP/1.1" 200 69740 "-" "-"
103.243.173.74 - - [23/Feb/2026:02:00:28 +0000] "GET /wp-content/uploads/2024/01/service-07.jpg HTTP/1.1" 301 178 "-" "-"
103.243.173.74 - - [23/Feb/2026:02:00:28 +0000] "GET /wp-content/uploads/2024/01/service-07.jpg HTTP/1.1" 301 178 "-" "-"
103.243.173.74 - - [23/Feb/2026:02:00:29 +0000] "GET /wp-content/uploads/2024/01/service-07.jpg HTTP/1.1" 304 0 "-" "-"
148.227.97.40 - - [23/Feb/2026:02:00:40 +0000] "GET /malina-casino-app-so-konnen-sie-in-der-schweiz-online-spielen/ HTTP/1.1" 301 178 "-" "Mozilla/5.0 (Macintosh; Intel Mac OS X 11_3_0) AppleWebKit/537.36 (KHTML, like Gecko) Brave Chrome/89.0.4389.114 Safari/537.36"
172.187.168.139 - - [23/Feb/2026:02:00:46 +0000] "POST /wp-cron.php?doing_wp_cron=1771812046.4577000141143798828125 HTTP/1.1" 200 31 "-" "WordPress/6.9; https://truelysell-wp.dreamsmarketplace.com"
14.189.145.58 - - [23/Feb/2026:02:00:46 +0000] "GET /malina-casino-app-so-konnen-sie-in-der-schweiz-online-spielen/ HTTP/1.1" 404 29362 "-" "Mozilla/5.0 (Macintosh; Intel Mac OS X 11_3_0) AppleWebKit/537.36 (KHTML, like Gecko) Brave Chrome/89.0.4389.114 Safari/537.36"
35.173.69.86 - - [23/Feb/2026:02:01:21 +0000] "GET / HTTP/1.1" 301 178 "-" "FreshpingBot/1.0 (+https://freshping.io/)"
172.187.168.139 - - [23/Feb/2026:02:01:23 +0000] "POST /wp-cron.php?doing_wp_cron=1771812083.2321751117706298828125 HTTP/1.1" 200 31 "-" "WordPress/6.9; https://truelysell-wp.dreamsmarketplace.com"
35.173.69.86 - - [23/Feb/2026:02:01:23 +0000] "GET / HTTP/1.1" 200 43822 "-" "FreshpingBot/1.0 (+https://freshping.io/)"
66.249.66.165 - - [23/Feb/2026:02:01:54 +0000] "GET /login/ HTTP/1.1" 200 34312 "-" "Mozilla/5.0 (Linux; Android 6.0.1; Nexus 5X Build/MMB29P) AppleWebKit/537.36 (KHTML, like Gecko) Chrome/144.0.7559.132 Mobile Safari/537.36 (compatible; Googlebot/2.1; +http://www.google.com/bot.html)"
66.249.66.45 - - [23/Feb/2026:02:01:57 +0000] "GET /wp-includes/js/mediaelement/wp-mediaelement.min.css?ver=6.9 HTTP/1.1" 304 0 "https://truelysell-wp.dreamsmarketplace.com/login/" "Mozilla/5.0 (Linux; Android 6.0.1; Nexus 5X Build/MMB29P) AppleWebKit/537.36 (KHTML, like Gecko) Chrome/144.0.7559.132 Mobile Safari/537.36 (compatible; Googlebot/2.1; +http://www.google.com/bot.html)"
2a03:2880:f800:44:: - - [23/Feb/2026:02:02:13 +0000] "GET /do-any-type-of-gambling-establishments-approve-bitcoin/ HTTP/1.1" 200 38662 "-" "meta-externalagent/1.1 (+https://developers.facebook.com/docs/sharing/webmasters/crawler)"
35.187.134.97 - - [23/Feb/2026:02:02:24 +0000] "GET /pelaa-suoraan-nettikasinoa-ilman-kirjautumista-onko-se-mahdollista/ HTTP/1.1" 301 178 "-" "Mozilla/5.0 (compatible; Google-Apps-Script; beanserver; +https://script.google.com; id: UAEmdDd-CGrIdn-9e9oHRhQ73mfdY6j8W2g)"
20.92.234.66 - - [23/Feb/2026:02:02:38 +0000] "GET /wp-trackback.php HTTP/1.1" 301 178 "-" "Mozilla/5.0 (Windows NT 10.0; Win64; x64) AppleWebKit/537.36 (KHTML, like Gecko) Chrome/120.0.0.0 Safari/537.36"
20.92.234.66 - - [23/Feb/2026:02:02:38 +0000] "GET /about.php HTTP/1.1" 301 178 "-" "Mozilla/5.0 (Windows NT 10.0; Win64; x64) AppleWebKit/537.36 (KHTML, like Gecko) Chrome/120.0.0.0 Safari/537.36"
20.92.234.66 - - [23/Feb/2026:02:02:39 +0000] "GET /file.php HTTP/1.1" 301 178 "-" "Mozilla/5.0 (Windows NT 10.0; Win64; x64) AppleWebKit/537.36 (KHTML, like Gecko) Chrome/120.0.0.0 Safari/537.36"
20.92.234.66 - - [23/Feb/2026:02:02:39 +0000] "GET /wp-good.php HTTP/1.1" 301 178 "-" "Mozilla/5.0 (Windows NT 10.0; Win64; x64) AppleWebKit/537.36 (KHTML, like Gecko) Chrome/120.0.0.0 Safari/537.36"
20.92.234.66 - - [23/Feb/2026:02:02:39 +0000] "GET /xmlrpc.php HTTP/1.1" 301 178 "-" "Mozilla/5.0 (Windows NT 10.0; Win64; x64) AppleWebKit/537.36 (KHTML, like Gecko) Chrome/120.0.0.0 Safari/537.36"
20.92.234.66 - - [23/Feb/2026:02:02:40 +0000] "GET /alfanew.php HTTP/1.1" 301 178 "-" "Mozilla/5.0 (Windows NT 10.0; Win64; x64) AppleWebKit/537.36 (KHTML, like Gecko) Chrome/120.0.0.0 Safari/537.36"
20.92.234.66 - - [23/Feb/2026:02:02:40 +0000] "GET /X57.php HTTP/1.1" 301 178 "-" "Mozilla/5.0 (Windows NT 10.0; Win64; x64) AppleWebKit/537.36 (KHTML, like Gecko) Chrome/120.0.0.0 Safari/537.36"
20.92.234.66 - - [23/Feb/2026:02:02:40 +0000] "GET /fff.php HTTP/1.1" 301 178 "-" "Mozilla/5.0 (Windows NT 10.0; Win64; x64) AppleWebKit/537.36 (KHTML, like Gecko) Chrome/120.0.0.0 Safari/537.36"
20.92.234.66 - - [23/Feb/2026:02:02:41 +0000] "GET /ioxi-o.php HTTP/1.1" 301 178 "-" "Mozilla/5.0 (Windows NT 10.0; Win64; x64) AppleWebKit/537.36 (KHTML, like Gecko) Chrome/120.0.0.0 Safari/537.36"
20.92.234.66 - - [23/Feb/2026:02:02:41 +0000] "GET /class-t.api.php HTTP/1.1" 301 178 "-" "Mozilla/5.0 (Windows NT 10.0; Win64; x64) AppleWebKit/537.36 (KHTML, like Gecko) Chrome/120.0.0.0 Safari/537.36"
20.92.234.66 - - [23/Feb/2026:02:02:41 +0000] "GET /admin.php HTTP/1.1" 301 178 "-" "Mozilla/5.0 (Windows NT 10.0; Win64; x64) AppleWebKit/537.36 (KHTML, like Gecko) Chrome/120.0.0.0 Safari/537.36"
20.92.234.66 - - [23/Feb/2026:02:02:41 +0000] "GET /sf.php HTTP/1.1" 301 178 "-" "Mozilla/5.0 (Windows NT 10.0; Win64; x64) AppleWebKit/537.36 (KHTML, like Gecko) Chrome/120.0.0.0 Safari/537.36"
20.92.234.66 - - [23/Feb/2026:02:02:42 +0000] "GET /rip.php HTTP/1.1" 301 178 "-" "Mozilla/5.0 (Windows NT 10.0; Win64; x64) AppleWebKit/537.36 (KHTML, like Gecko) Chrome/120.0.0.0 Safari/537.36"
20.92.234.66 - - [23/Feb/2026:02:02:42 +0000] "GET /autoload_classmap.php HTTP/1.1" 301 178 "-" "Mozilla/5.0 (Windows NT 10.0; Win64; x64) AppleWebKit/537.36 (KHTML, like Gecko) Chrome/120.0.0.0 Safari/537.36"
20.92.234.66 - - [23/Feb/2026:02:02:42 +0000] "GET /chosen.php?p= HTTP/1.1" 301 178 "-" "Mozilla/5.0 (Windows NT 10.0; Win64; x64) AppleWebKit/537.36 (KHTML, like Gecko) Chrome/120.0.0.0 Safari/537.36"
20.92.234.66 - - [23/Feb/2026:02:02:43 +0000] "GET /classwithtostring.php HTTP/1.1" 301 178 "-" "Mozilla/5.0 (Windows NT 10.0; Win64; x64) AppleWebKit/537.36 (KHTML, like Gecko) Chrome/120.0.0.0 Safari/537.36"
20.92.234.66 - - [23/Feb/2026:02:02:43 +0000] "GET /defaults.php HTTP/1.1" 301 178 "-" "Mozilla/5.0 (Windows NT 10.0; Win64; x64) AppleWebKit/537.36 (KHTML, like Gecko) Chrome/120.0.0.0 Safari/537.36"
20.92.234.66 - - [23/Feb/2026:02:02:43 +0000] "GET /index/function.php HTTP/1.1" 301 178 "-" "Mozilla/5.0 (Windows NT 10.0; Win64; x64) AppleWebKit/537.36 (KHTML, like Gecko) Chrome/120.0.0.0 Safari/537.36"
20.92.234.66 - - [23/Feb/2026:02:02:43 +0000] "GET /wk/index.php HTTP/1.1" 301 178 "-" "Mozilla/5.0 (Windows NT 10.0; Win64; x64) AppleWebKit/537.36 (KHTML, like Gecko) Chrome/120.0.0.0 Safari/537.36"
20.92.234.66 - - [23/Feb/2026:02:02:44 +0000] "GET /wp-includes/ HTTP/1.1" 301 178 "-" "Mozilla/5.0 (Windows NT 10.0; Win64; x64) AppleWebKit/537.36 (KHTML, like Gecko) Chrome/120.0.0.0 Safari/537.36"
20.92.234.66 - - [23/Feb/2026:02:02:44 +0000] "GET /.well-known/ HTTP/1.1" 301 178 "-" "Mozilla/5.0 (Windows NT 10.0; Win64; x64) AppleWebKit/537.36 (KHTML, like Gecko) Chrome/120.0.0.0 Safari/537.36"
20.92.234.66 - - [23/Feb/2026:02:02:44 +0000] "GET /info.php HTTP/1.1" 301 178 "-" "Mozilla/5.0 (Windows NT 10.0; Win64; x64) AppleWebKit/537.36 (KHTML, like Gecko) Chrome/120.0.0.0 Safari/537.36"
20.92.234.66 - - [23/Feb/2026:02:02:45 +0000] "GET /cgi-bin/ HTTP/1.1" 301 178 "-" "Mozilla/5.0 (Windows NT 10.0; Win64; x64) AppleWebKit/537.36 (KHTML, like Gecko) Chrome/120.0.0.0 Safari/537.36"
20.92.234.66 - - [23/Feb/2026:02:02:45 +0000] "GET /uploads/ HTTP/1.1" 301 178 "-" "Mozilla/5.0 (Windows NT 10.0; Win64; x64) AppleWebKit/537.36 (KHTML, like Gecko) Chrome/120.0.0.0 Safari/537.36"
20.92.234.66 - - [23/Feb/2026:02:02:45 +0000] "GET /wp-admin/images/ HTTP/1.1" 301 178 "-" "Mozilla/5.0 (Windows NT 10.0; Win64; x64) AppleWebKit/537.36 (KHTML, like Gecko) Chrome/120.0.0.0 Safari/537.36"
20.92.234.66 - - [23/Feb/2026:02:02:46 +0000] "GET /wp-includes/Requests/src/Response/about.php HTTP/1.1" 301 178 "-" "Mozilla/5.0 (Windows NT 10.0; Win64; x64) AppleWebKit/537.36 (KHTML, like Gecko) Chrome/120.0.0.0 Safari/537.36"
20.92.234.66 - - [23/Feb/2026:02:02:46 +0000] "GET /wp-includes/html-api/ HTTP/1.1" 301 178 "-" "Mozilla/5.0 (Windows NT 10.0; Win64; x64) AppleWebKit/537.36 (KHTML, like Gecko) Chrome/120.0.0.0 Safari/537.36"
20.92.234.66 - - [23/Feb/2026:02:02:46 +0000] "GET /wp-content/admin.php HTTP/1.1" 301 178 "-" "Mozilla/5.0 (Windows NT 10.0; Win64; x64) AppleWebKit/537.36 (KHTML, like Gecko) Chrome/120.0.0.0 Safari/537.36"
20.92.234.66 - - [23/Feb/2026:02:02:46 +0000] "GET /adminfuns.php HTTP/1.1" 301 178 "-" "Mozilla/5.0 (Windows NT 10.0; Win64; x64) AppleWebKit/537.36 (KHTML, like Gecko) Chrome/120.0.0.0 Safari/537.36"
20.92.234.66 - - [23/Feb/2026:02:02:47 +0000] "GET /wp-admin/css/colors/ectoplasm/ HTTP/1.1" 301 178 "-" "Mozilla/5.0 (Windows NT 10.0; Win64; x64) AppleWebKit/537.36 (KHTML, like Gecko) Chrome/120.0.0.0 Safari/537.36"
20.92.234.66 - - [23/Feb/2026:02:02:47 +0000] "GET /wp-content/uploads/ HTTP/1.1" 301 178 "-" "Mozilla/5.0 (Windows NT 10.0; Win64; x64) AppleWebKit/537.36 (KHTML, like Gecko) Chrome/120.0.0.0 Safari/537.36"
20.92.234.66 - - [23/Feb/2026:02:02:47 +0000] "GET /wp-content/themes/admin.php HTTP/1.1" 301 178 "-" "Mozilla/5.0 (Windows NT 10.0; Win64; x64) AppleWebKit/537.36 (KHTML, like Gecko) Chrome/120.0.0.0 Safari/537.36"
20.92.234.66 - - [23/Feb/2026:02:02:48 +0000] "GET /wp-content/themes/index.php HTTP/1.1" 301 178 "-" "Mozilla/5.0 (Windows NT 10.0; Win64; x64) AppleWebKit/537.36 (KHTML, like Gecko) Chrome/120.0.0.0 Safari/537.36"
20.92.234.66 - - [23/Feb/2026:02:02:48 +0000] "GET /wp-content/plugins/index.php HTTP/1.1" 301 178 "-" "Mozilla/5.0 (Windows NT 10.0; Win64; x64) AppleWebKit/537.36 (KHTML, like Gecko) Chrome/120.0.0.0 Safari/537.36"
20.92.234.66 - - [23/Feb/2026:02:02:48 +0000] "GET /wp-includes/PHPMailer/ HTTP/1.1" 301 178 "-" "Mozilla/5.0 (Windows NT 10.0; Win64; x64) AppleWebKit/537.36 (KHTML, like Gecko) Chrome/120.0.0.0 Safari/537.36"
20.92.234.66 - - [23/Feb/2026:02:02:48 +0000] "GET /wp-includes/images/ HTTP/1.1" 301 178 "-" "Mozilla/5.0 (Windows NT 10.0; Win64; x64) AppleWebKit/537.36 (KHTML, like Gecko) Chrome/120.0.0.0 Safari/537.36"
20.92.234.66 - - [23/Feb/2026:02:02:49 +0000] "GET /wp-content/plugins/WordPressCore/ HTTP/1.1" 301 178 "-" "Mozilla/5.0 (Windows NT 10.0; Win64; x64) AppleWebKit/537.36 (KHTML, like Gecko) Chrome/120.0.0.0 Safari/537.36"
2a03:2880:f800:12:: - - [23/Feb/2026:02:03:24 +0000] "GET /unlock-endless-entertainment-grab-your-pinup-casino-free-spins-code-play-online-in-english-tailored-for-india/ HTTP/1.1" 301 178 "-" "meta-externalagent/1.1 (+https://developers.facebook.com/docs/sharing/webmasters/crawler)"
172.187.168.139 - - [23/Feb/2026:02:03:59 +0000] "POST /wp-cron.php?doing_wp_cron=1771812239.1139919757843017578125 HTTP/1.1" 200 31 "-" "WordPress/6.9; https://truelysell-wp.dreamsmarketplace.com"
