45.118.156.57 - - [23/Feb/2026:08:24:41 +0000] "GET /wp-content/uploads/2024/01/avatar-01-1.jpg HTTP/1.1" 304 0 "https://truelysell-wp.dreamsmarketplace.com/" "Mozilla/5.0 (Windows NT 10.0; Win64; x64) AppleWebKit/537.36 (KHTML, like Gecko) Chrome/145.0.0.0 Safari/537.36"
45.118.156.57 - - [23/Feb/2026:08:24:42 +0000] "GET /wp-content/themes/truelysell/assets/css/block-styles.css?ver=1.0 HTTP/1.1" 404 29144 "https://truelysell-wp.dreamsmarketplace.com/" "Mozilla/5.0 (Windows NT 10.0; Win64; x64) AppleWebKit/537.36 (KHTML, like Gecko) Chrome/145.0.0.0 Safari/537.36"
45.118.156.57 - - [23/Feb/2026:08:24:45 +0000] "GET /wp-admin/admin-ajax.php?action=get_additional_services HTTP/1.1" 200 83 "https://truelysell-wp.dreamsmarketplace.com/" "Mozilla/5.0 (Windows NT 10.0; Win64; x64) AppleWebKit/537.36 (KHTML, like Gecko) Chrome/145.0.0.0 Safari/537.36"
45.118.156.57 - - [23/Feb/2026:08:24:45 +0000] "POST /wp-admin/admin-ajax.php HTTP/1.1" 200 58 "https://truelysell-wp.dreamsmarketplace.com/" "Mozilla/5.0 (Windows NT 10.0; Win64; x64) AppleWebKit/537.36 (KHTML, like Gecko) Chrome/145.0.0.0 Safari/537.36"
45.118.156.57 - - [23/Feb/2026:08:24:46 +0000] "GET /wp-json/contact-form-7/v1/contact-forms/363/feedback/schema HTTP/1.1" 200 345 "https://truelysell-wp.dreamsmarketplace.com/" "Mozilla/5.0 (Windows NT 10.0; Win64; x64) AppleWebKit/537.36 (KHTML, like Gecko) Chrome/145.0.0.0 Safari/537.36"
45.118.156.57 - - [23/Feb/2026:08:24:46 +0000] "GET /wp-admin/admin-ajax.php?action=get_faq_section HTTP/1.1" 200 83 "https://truelysell-wp.dreamsmarketplace.com/" "Mozilla/5.0 (Windows NT 10.0; Win64; x64) AppleWebKit/537.36 (KHTML, like Gecko) Chrome/145.0.0.0 Safari/537.36"
45.118.156.57 - - [23/Feb/2026:08:24:46 +0000] "GET /wp-admin/admin-ajax.php?action=get_includes_title HTTP/1.1" 200 70 "https://truelysell-wp.dreamsmarketplace.com/" "Mozilla/5.0 (Windows NT 10.0; Win64; x64) AppleWebKit/537.36 (KHTML, like Gecko) Chrome/145.0.0.0 Safari/537.36"
2a03:2880:f800:2f:: - - [23/Feb/2026:08:24:51 +0000] "GET /product/air-conditioner-service/feed/ HTTP/1.1" 200 832 "-" "meta-externalagent/1.1 (+https://developers.facebook.com/docs/sharing/webmasters/crawler)"
45.118.156.57 - - [23/Feb/2026:08:24:54 +0000] "GET /listing-category/cleaning/ HTTP/1.1" 200 34399 "https://truelysell-wp.dreamsmarketplace.com/" "Mozilla/5.0 (Windows NT 10.0; Win64; x64) AppleWebKit/537.36 (KHTML, like Gecko) Chrome/145.0.0.0 Safari/537.36"
45.118.156.57 - - [23/Feb/2026:08:24:55 +0000] "GET /wp-content/uploads/2024/01/service-09-577x384.jpg HTTP/1.1" 200 46073 "https://truelysell-wp.dreamsmarketplace.com/listing-category/cleaning/" "Mozilla/5.0 (Windows NT 10.0; Win64; x64) AppleWebKit/537.36 (KHTML, like Gecko) Chrome/145.0.0.0 Safari/537.36"
45.118.156.57 - - [23/Feb/2026:08:24:56 +0000] "GET /wp-content/themes/truelysell/assets/css/block-styles.css?ver=1.0 HTTP/1.1" 404 29144 "https://truelysell-wp.dreamsmarketplace.com/listing-category/cleaning/" "Mozilla/5.0 (Windows NT 10.0; Win64; x64) AppleWebKit/537.36 (KHTML, like Gecko) Chrome/145.0.0.0 Safari/537.36"
45.118.156.57 - - [23/Feb/2026:08:24:59 +0000] "POST /wp-admin/admin-ajax.php HTTP/1.1" 200 58 "https://truelysell-wp.dreamsmarketplace.com/listing-category/cleaning/" "Mozilla/5.0 (Windows NT 10.0; Win64; x64) AppleWebKit/537.36 (KHTML, like Gecko) Chrome/145.0.0.0 Safari/537.36"
45.118.156.57 - - [23/Feb/2026:08:24:59 +0000] "GET /wp-admin/admin-ajax.php?action=get_faq_section HTTP/1.1" 200 83 "https://truelysell-wp.dreamsmarketplace.com/listing-category/cleaning/" "Mozilla/5.0 (Windows NT 10.0; Win64; x64) AppleWebKit/537.36 (KHTML, like Gecko) Chrome/145.0.0.0 Safari/537.36"
45.118.156.57 - - [23/Feb/2026:08:24:59 +0000] "GET /wp-admin/admin-ajax.php?action=get_additional_services HTTP/1.1" 200 83 "https://truelysell-wp.dreamsmarketplace.com/listing-category/cleaning/" "Mozilla/5.0 (Windows NT 10.0; Win64; x64) AppleWebKit/537.36 (KHTML, like Gecko) Chrome/145.0.0.0 Safari/537.36"
45.118.156.57 - - [23/Feb/2026:08:24:59 +0000] "GET /wp-admin/admin-ajax.php?action=get_includes_title HTTP/1.1" 200 70 "https://truelysell-wp.dreamsmarketplace.com/listing-category/cleaning/" "Mozilla/5.0 (Windows NT 10.0; Win64; x64) AppleWebKit/537.36 (KHTML, like Gecko) Chrome/145.0.0.0 Safari/537.36"
45.118.156.57 - - [23/Feb/2026:08:24:59 +0000] "GET /wp-json/contact-form-7/v1/contact-forms/363/feedback/schema HTTP/1.1" 200 345 "https://truelysell-wp.dreamsmarketplace.com/listing-category/cleaning/" "Mozilla/5.0 (Windows NT 10.0; Win64; x64) AppleWebKit/537.36 (KHTML, like Gecko) Chrome/145.0.0.0 Safari/537.36"
45.118.156.57 - - [23/Feb/2026:08:25:01 +0000] "GET /listing/house-cleaning-services/ HTTP/1.1" 200 39077 "https://truelysell-wp.dreamsmarketplace.com/listing-category/cleaning/" "Mozilla/5.0 (Windows NT 10.0; Win64; x64) AppleWebKit/537.36 (KHTML, like Gecko) Chrome/145.0.0.0 Safari/537.36"
45.118.156.57 - - [23/Feb/2026:08:25:02 +0000] "GET /wp-content/uploads/2024/01/service-09.jpg HTTP/1.1" 304 0 "https://truelysell-wp.dreamsmarketplace.com/listing/house-cleaning-services/" "Mozilla/5.0 (Windows NT 10.0; Win64; x64) AppleWebKit/537.36 (KHTML, like Gecko) Chrome/145.0.0.0 Safari/537.36"
45.118.156.57 - - [23/Feb/2026:08:25:02 +0000] "GET /wp-content/themes/truelysell/assets/css/block-styles.css?ver=1.0 HTTP/1.1" 404 29144 "https://truelysell-wp.dreamsmarketplace.com/listing/house-cleaning-services/" "Mozilla/5.0 (Windows NT 10.0; Win64; x64) AppleWebKit/537.36 (KHTML, like Gecko) Chrome/145.0.0.0 Safari/537.36"
45.118.156.57 - - [23/Feb/2026:08:25:05 +0000] "GET /wp-admin/admin-ajax.php?action=get_includes_title HTTP/1.1" 200 70 "https://truelysell-wp.dreamsmarketplace.com/listing/house-cleaning-services/" "Mozilla/5.0 (Windows NT 10.0; Win64; x64) AppleWebKit/537.36 (KHTML, like Gecko) Chrome/145.0.0.0 Safari/537.36"
45.118.156.57 - - [23/Feb/2026:08:25:05 +0000] "GET /wp-admin/admin-ajax.php?action=get_faq_section HTTP/1.1" 200 83 "https://truelysell-wp.dreamsmarketplace.com/listing/house-cleaning-services/" "Mozilla/5.0 (Windows NT 10.0; Win64; x64) AppleWebKit/537.36 (KHTML, like Gecko) Chrome/145.0.0.0 Safari/537.36"
45.118.156.57 - - [23/Feb/2026:08:25:05 +0000] "GET /wp-json/contact-form-7/v1/contact-forms/363/feedback/schema HTTP/1.1" 200 345 "https://truelysell-wp.dreamsmarketplace.com/listing/house-cleaning-services/" "Mozilla/5.0 (Windows NT 10.0; Win64; x64) AppleWebKit/537.36 (KHTML, like Gecko) Chrome/145.0.0.0 Safari/537.36"
45.118.156.57 - - [23/Feb/2026:08:25:05 +0000] "POST /wp-admin/admin-ajax.php HTTP/1.1" 200 58 "https://truelysell-wp.dreamsmarketplace.com/listing/house-cleaning-services/" "Mozilla/5.0 (Windows NT 10.0; Win64; x64) AppleWebKit/537.36 (KHTML, like Gecko) Chrome/145.0.0.0 Safari/537.36"
45.118.156.57 - - [23/Feb/2026:08:25:05 +0000] "GET /wp-admin/admin-ajax.php?action=get_additional_services HTTP/1.1" 200 83 "https://truelysell-wp.dreamsmarketplace.com/listing/house-cleaning-services/" "Mozilla/5.0 (Windows NT 10.0; Win64; x64) AppleWebKit/537.36 (KHTML, like Gecko) Chrome/145.0.0.0 Safari/537.36"
45.118.156.57 - - [23/Feb/2026:08:25:07 +0000] "POST /booking-page/ HTTP/1.1" 200 38323 "https://truelysell-wp.dreamsmarketplace.com/listing/house-cleaning-services/" "Mozilla/5.0 (Windows NT 10.0; Win64; x64) AppleWebKit/537.36 (KHTML, like Gecko) Chrome/145.0.0.0 Safari/537.36"
14.179.234.60 - - [23/Feb/2026:08:25:07 +0000] "GET /provider-detail/?author_id=20 HTTP/1.1" 301 178 "-" "Mozilla/5.0 (Macintosh; Intel Mac OS X 10_13_6) AppleWebKit/537.36 (KHTML, like Gecko) Chrome/80.0.3987.149 Safari/537.36"
45.118.156.57 - - [23/Feb/2026:08:25:08 +0000] "GET /wp-content/uploads/woocommerce-placeholder.png HTTP/1.1" 200 102644 "https://truelysell-wp.dreamsmarketplace.com/booking-page/" "Mozilla/5.0 (Windows NT 10.0; Win64; x64) AppleWebKit/537.36 (KHTML, like Gecko) Chrome/145.0.0.0 Safari/537.36"
45.118.156.57 - - [23/Feb/2026:08:25:09 +0000] "GET /wp-content/themes/truelysell/assets/css/block-styles.css?ver=1.0 HTTP/1.1" 404 29144 "https://truelysell-wp.dreamsmarketplace.com/booking-page/" "Mozilla/5.0 (Windows NT 10.0; Win64; x64) AppleWebKit/537.36 (KHTML, like Gecko) Chrome/145.0.0.0 Safari/537.36"
45.118.156.57 - - [23/Feb/2026:08:25:10 +0000] "GET /wp-content/plugins/truelysell-booking-core/img/bg/book-bg-01.svg HTTP/1.1" 200 813 "https://truelysell-wp.dreamsmarketplace.com/wp-content/plugins/truelysell-booking-core/css/booking-style.css" "Mozilla/5.0 (Windows NT 10.0; Win64; x64) AppleWebKit/537.36 (KHTML, like Gecko) Chrome/145.0.0.0 Safari/537.36"
45.118.156.57 - - [23/Feb/2026:08:25:10 +0000] "GET /wp-content/plugins/truelysell-booking-core/img/bg/book-bg-02.svg HTTP/1.1" 200 832 "https://truelysell-wp.dreamsmarketplace.com/wp-content/plugins/truelysell-booking-core/css/booking-style.css" "Mozilla/5.0 (Windows NT 10.0; Win64; x64) AppleWebKit/537.36 (KHTML, like Gecko) Chrome/145.0.0.0 Safari/537.36"
45.118.156.57 - - [23/Feb/2026:08:25:11 +0000] "GET /wp-admin/admin-ajax.php?action=get_includes_title HTTP/1.1" 200 70 "https://truelysell-wp.dreamsmarketplace.com/booking-page/" "Mozilla/5.0 (Windows NT 10.0; Win64; x64) AppleWebKit/537.36 (KHTML, like Gecko) Chrome/145.0.0.0 Safari/537.36"
45.118.156.57 - - [23/Feb/2026:08:25:12 +0000] "GET /wp-admin/admin-ajax.php?action=get_additional_services HTTP/1.1" 200 83 "https://truelysell-wp.dreamsmarketplace.com/booking-page/" "Mozilla/5.0 (Windows NT 10.0; Win64; x64) AppleWebKit/537.36 (KHTML, like Gecko) Chrome/145.0.0.0 Safari/537.36"
45.118.156.57 - - [23/Feb/2026:08:25:12 +0000] "GET /wp-admin/admin-ajax.php?action=get_faq_section HTTP/1.1" 200 83 "https://truelysell-wp.dreamsmarketplace.com/booking-page/" "Mozilla/5.0 (Windows NT 10.0; Win64; x64) AppleWebKit/537.36 (KHTML, like Gecko) Chrome/145.0.0.0 Safari/537.36"
14.184.75.246 - - [23/Feb/2026:08:25:12 +0000] "GET /provider-detail/?author_id=20 HTTP/1.1" 200 35665 "-" "Mozilla/5.0 (Macintosh; Intel Mac OS X 10_13_6) AppleWebKit/537.36 (KHTML, like Gecko) Chrome/80.0.3987.149 Safari/537.36"
45.118.156.57 - - [23/Feb/2026:08:25:12 +0000] "POST /wp-admin/admin-ajax.php HTTP/1.1" 200 82 "https://truelysell-wp.dreamsmarketplace.com/booking-page/" "Mozilla/5.0 (Windows NT 10.0; Win64; x64) AppleWebKit/537.36 (KHTML, like Gecko) Chrome/145.0.0.0 Safari/537.36"
45.118.156.57 - - [23/Feb/2026:08:25:12 +0000] "GET /wp-json/contact-form-7/v1/contact-forms/363/feedback/schema HTTP/1.1" 200 345 "https://truelysell-wp.dreamsmarketplace.com/booking-page/" "Mozilla/5.0 (Windows NT 10.0; Win64; x64) AppleWebKit/537.36 (KHTML, like Gecko) Chrome/145.0.0.0 Safari/537.36"
45.118.156.57 - - [23/Feb/2026:08:25:13 +0000] "POST /wp-admin/admin-ajax.php HTTP/1.1" 200 12882 "https://truelysell-wp.dreamsmarketplace.com/booking-page/" "Mozilla/5.0 (Windows NT 10.0; Win64; x64) AppleWebKit/537.36 (KHTML, like Gecko) Chrome/145.0.0.0 Safari/537.36"
2a03:2880:f800:13:: - - [23/Feb/2026:08:25:14 +0000] "GET /product/engine-oil-services-2/feed/ HTTP/1.1" 200 824 "-" "meta-externalagent/1.1 (+https://developers.facebook.com/docs/sharing/webmasters/crawler)"
172.187.168.139 - - [23/Feb/2026:08:25:23 +0000] "POST /wp-cron.php?doing_wp_cron=1771835123.0879209041595458984375 HTTP/1.1" 200 31 "-" "WordPress/6.9; https://truelysell-wp.dreamsmarketplace.com"
45.118.156.57 - - [23/Feb/2026:08:25:23 +0000] "POST /wp-admin/admin-ajax.php HTTP/1.1" 200 12885 "https://truelysell-wp.dreamsmarketplace.com/booking-page/" "Mozilla/5.0 (Windows NT 10.0; Win64; x64) AppleWebKit/537.36 (KHTML, like Gecko) Chrome/145.0.0.0 Safari/537.36"
45.118.156.57 - - [23/Feb/2026:08:25:24 +0000] "POST /wp-admin/admin-ajax.php HTTP/1.1" 200 183 "https://truelysell-wp.dreamsmarketplace.com/booking-page/" "Mozilla/5.0 (Windows NT 10.0; Win64; x64) AppleWebKit/537.36 (KHTML, like Gecko) Chrome/145.0.0.0 Safari/537.36"
45.118.156.57 - - [23/Feb/2026:08:25:26 +0000] "POST /wp-admin/admin-ajax.php HTTP/1.1" 200 183 "https://truelysell-wp.dreamsmarketplace.com/booking-page/" "Mozilla/5.0 (Windows NT 10.0; Win64; x64) AppleWebKit/537.36 (KHTML, like Gecko) Chrome/145.0.0.0 Safari/537.36"
51.195.244.116 - - [23/Feb/2026:08:25:36 +0000] "GET /electrical/grid-full-width/ HTTP/1.1" 301 178 "-" "Mozilla/5.0 (compatible; AhrefsBot/7.0; +http://ahrefs.com/robot/)"
2a03:2880:f800:23:: - - [23/Feb/2026:08:25:36 +0000] "GET /?p=7375 HTTP/1.1" 301 5 "-" "meta-externalagent/1.1 (+https://developers.facebook.com/docs/sharing/webmasters/crawler)"
172.187.168.139 - - [23/Feb/2026:08:25:49 +0000] "POST /wp-cron.php?doing_wp_cron=1771835149.3599309921264648437500 HTTP/1.1" 200 31 "-" "WordPress/6.9; https://truelysell-wp.dreamsmarketplace.com"
45.118.156.57 - - [23/Feb/2026:08:25:49 +0000] "POST /booking-page/ HTTP/1.1" 302 5 "https://truelysell-wp.dreamsmarketplace.com/booking-page/" "Mozilla/5.0 (Windows NT 10.0; Win64; x64) AppleWebKit/537.36 (KHTML, like Gecko) Chrome/145.0.0.0 Safari/537.36"
45.118.156.57 - - [23/Feb/2026:08:25:51 +0000] "GET /checkout/order-pay/8134/?pay_for_order=true&key=wc_order_SYeq3fLq4M19H HTTP/1.1" 200 105654 "https://truelysell-wp.dreamsmarketplace.com/booking-page/" "Mozilla/5.0 (Windows NT 10.0; Win64; x64) AppleWebKit/537.36 (KHTML, like Gecko) Chrome/145.0.0.0 Safari/537.36"
45.118.156.57 - - [23/Feb/2026:08:25:52 +0000] "GET /wp-content/plugins/woocommerce-paypal-payments/assets/ppcp-axo-block-css-gateway.css?ver=3.4.0 HTTP/1.1" 200 7620 "https://truelysell-wp.dreamsmarketplace.com/checkout/order-pay/8134/?pay_for_order=true&key=wc_order_SYeq3fLq4M19H" "Mozilla/5.0 (Windows NT 10.0; Win64; x64) AppleWebKit/537.36 (KHTML, like Gecko) Chrome/145.0.0.0 Safari/537.36"
45.118.156.57 - - [23/Feb/2026:08:25:52 +0000] "GET /wp-content/plugins/woocommerce-paypal-payments/assets/ppcp-blocks-css-gateway.css?ver=3.4.0 HTTP/1.1" 200 720 "https://truelysell-wp.dreamsmarketplace.com/checkout/order-pay/8134/?pay_for_order=true&key=wc_order_SYeq3fLq4M19H" "Mozilla/5.0 (Windows NT 10.0; Win64; x64) AppleWebKit/537.36 (KHTML, like Gecko) Chrome/145.0.0.0 Safari/537.36"
45.118.156.57 - - [23/Feb/2026:08:25:52 +0000] "GET /wp-content/plugins/woocommerce-gateway-stripe/build/express-checkout.css?ver=944caf9713bf77f31373 HTTP/1.1" 200 238 "https://truelysell-wp.dreamsmarketplace.com/checkout/order-pay/8134/?pay_for_order=true&key=wc_order_SYeq3fLq4M19H" "Mozilla/5.0 (Windows NT 10.0; Win64; x64) AppleWebKit/537.36 (KHTML, like Gecko) Chrome/145.0.0.0 Safari/537.36"
45.118.156.57 - - [23/Feb/2026:08:25:52 +0000] "GET /wp-content/plugins/woocommerce/assets/client/blocks/packages-style.css?ver=wc-10.4.2 HTTP/1.1" 200 47425 "https://truelysell-wp.dreamsmarketplace.com/checkout/order-pay/8134/?pay_for_order=true&key=wc_order_SYeq3fLq4M19H" "Mozilla/5.0 (Windows NT 10.0; Win64; x64) AppleWebKit/537.36 (KHTML, like Gecko) Chrome/145.0.0.0 Safari/537.36"
45.118.156.57 - - [23/Feb/2026:08:25:53 +0000] "GET /wp-content/plugins/woocommerce/assets/client/blocks/checkout.css?ver=wc-10.4.2 HTTP/1.1" 200 159679 "https://truelysell-wp.dreamsmarketplace.com/checkout/order-pay/8134/?pay_for_order=true&key=wc_order_SYeq3fLq4M19H" "Mozilla/5.0 (Windows NT 10.0; Win64; x64) AppleWebKit/537.36 (KHTML, like Gecko) Chrome/145.0.0.0 Safari/537.36"
45.118.156.57 - - [23/Feb/2026:08:25:53 +0000] "GET /wp-content/themes/truelysell/assets/css/block-styles.css?ver=1.0 HTTP/1.1" 404 29145 "https://truelysell-wp.dreamsmarketplace.com/checkout/order-pay/8134/?pay_for_order=true&key=wc_order_SYeq3fLq4M19H" "Mozilla/5.0 (Windows NT 10.0; Win64; x64) AppleWebKit/537.36 (KHTML, like Gecko) Chrome/145.0.0.0 Safari/537.36"
45.118.156.57 - - [23/Feb/2026:08:25:53 +0000] "GET /wp-content/plugins/woocommerce-gateway-stripe/build/upe-classic.css?ver=10.4.0 HTTP/1.1" 200 521 "https://truelysell-wp.dreamsmarketplace.com/checkout/order-pay/8134/?pay_for_order=true&key=wc_order_SYeq3fLq4M19H" "Mozilla/5.0 (Windows NT 10.0; Win64; x64) AppleWebKit/537.36 (KHTML, like Gecko) Chrome/145.0.0.0 Safari/537.36"
45.118.156.57 - - [23/Feb/2026:08:25:53 +0000] "GET /wp-includes/js/dist/vendor/wp-polyfill.min.js?ver=3.15.0 HTTP/1.1" 200 33548 "https://truelysell-wp.dreamsmarketplace.com/checkout/order-pay/8134/?pay_for_order=true&key=wc_order_SYeq3fLq4M19H" "Mozilla/5.0 (Windows NT 10.0; Win64; x64) AppleWebKit/537.36 (KHTML, like Gecko) Chrome/145.0.0.0 Safari/537.36"
45.118.156.57 - - [23/Feb/2026:08:25:53 +0000] "GET /wp-content/plugins/woocommerce-gateway-stripe/assets/css/stripe-link.css?ver=10.4.0 HTTP/1.1" 200 306 "https://truelysell-wp.dreamsmarketplace.com/checkout/order-pay/8134/?pay_for_order=true&key=wc_order_SYeq3fLq4M19H" "Mozilla/5.0 (Windows NT 10.0; Win64; x64) AppleWebKit/537.36 (KHTML, like Gecko) Chrome/145.0.0.0 Safari/537.36"
45.118.156.57 - - [23/Feb/2026:08:25:53 +0000] "GET /wp-content/plugins/woocommerce/assets/client/blocks/wc-blocks-shared-context.js?ver=621353d8a3a7c8d44b41 HTTP/1.1" 200 2420 "https://truelysell-wp.dreamsmarketplace.com/checkout/order-pay/8134/?pay_for_order=true&key=wc_order_SYeq3fLq4M19H" "Mozilla/5.0 (Windows NT 10.0; Win64; x64) AppleWebKit/537.36 (KHTML, like Gecko) Chrome/145.0.0.0 Safari/537.36"
45.118.156.57 - - [23/Feb/2026:08:25:54 +0000] "GET /wp-content/plugins/woocommerce/assets/js/selectWoo/selectWoo.full.min.js?ver=1.0.9-wc.10.4.2 HTTP/1.1" 200 77915 "https://truelysell-wp.dreamsmarketplace.com/checkout/order-pay/8134/?pay_for_order=true&key=wc_order_SYeq3fLq4M19H" "Mozilla/5.0 (Windows NT 10.0; Win64; x64) AppleWebKit/537.36 (KHTML, like Gecko) Chrome/145.0.0.0 Safari/537.36"
45.118.156.57 - - [23/Feb/2026:08:25:54 +0000] "GET /wp-includes/js/dist/vendor/react.min.js?ver=18.3.1.1 HTTP/1.1" 200 10628 "https://truelysell-wp.dreamsmarketplace.com/checkout/order-pay/8134/?pay_for_order=true&key=wc_order_SYeq3fLq4M19H" "Mozilla/5.0 (Windows NT 10.0; Win64; x64) AppleWebKit/537.36 (KHTML, like Gecko) Chrome/145.0.0.0 Safari/537.36"
45.118.156.57 - - [23/Feb/2026:08:25:54 +0000] "GET /wp-includes/js/dist/api-fetch.min.js?ver=3a4d9af2b423048b0dee HTTP/1.1" 200 5799 "https://truelysell-wp.dreamsmarketplace.com/checkout/order-pay/8134/?pay_for_order=true&key=wc_order_SYeq3fLq4M19H" "Mozilla/5.0 (Windows NT 10.0; Win64; x64) AppleWebKit/537.36 (KHTML, like Gecko) Chrome/145.0.0.0 Safari/537.36"
45.118.156.57 - - [23/Feb/2026:08:25:54 +0000] "GET /wp-includes/js/dist/url.min.js?ver=9e178c9516d1222dc834 HTTP/1.1" 200 8531 "https://truelysell-wp.dreamsmarketplace.com/checkout/order-pay/8134/?pay_for_order=true&key=wc_order_SYeq3fLq4M19H" "Mozilla/5.0 (Windows NT 10.0; Win64; x64) AppleWebKit/537.36 (KHTML, like Gecko) Chrome/145.0.0.0 Safari/537.36"
45.118.156.57 - - [23/Feb/2026:08:25:54 +0000] "GET /wp-includes/js/dist/deprecated.min.js?ver=e1f84915c5e8ae38964c HTTP/1.1" 200 684 "https://truelysell-wp.dreamsmarketplace.com/checkout/order-pay/8134/?pay_for_order=true&key=wc_order_SYeq3fLq4M19H" "Mozilla/5.0 (Windows NT 10.0; Win64; x64) AppleWebKit/537.36 (KHTML, like Gecko) Chrome/145.0.0.0 Safari/537.36"
45.118.156.57 - - [23/Feb/2026:08:25:54 +0000] "GET /wp-includes/js/dist/escape-html.min.js?ver=6561a406d2d232a6fbd2 HTTP/1.1" 200 1000 "https://truelysell-wp.dreamsmarketplace.com/checkout/order-pay/8134/?pay_for_order=true&key=wc_order_SYeq3fLq4M19H" "Mozilla/5.0 (Windows NT 10.0; Win64; x64) AppleWebKit/537.36 (KHTML, like Gecko) Chrome/145.0.0.0 Safari/537.36"
45.118.156.57 - - [23/Feb/2026:08:25:54 +0000] "GET /wp-includes/js/dist/vendor/react-jsx-runtime.min.js?ver=18.3.1 HTTP/1.1" 200 900 "https://truelysell-wp.dreamsmarketplace.com/checkout/order-pay/8134/?pay_for_order=true&key=wc_order_SYeq3fLq4M19H" "Mozilla/5.0 (Windows NT 10.0; Win64; x64) AppleWebKit/537.36 (KHTML, like Gecko) Chrome/145.0.0.0 Safari/537.36"
45.118.156.57 - - [23/Feb/2026:08:25:54 +0000] "GET /wp-includes/js/dist/vendor/react-dom.min.js?ver=18.3.1.1 HTTP/1.1" 200 128946 "https://truelysell-wp.dreamsmarketplace.com/checkout/order-pay/8134/?pay_for_order=true&key=wc_order_SYeq3fLq4M19H" "Mozilla/5.0 (Windows NT 10.0; Win64; x64) AppleWebKit/537.36 (KHTML, like Gecko) Chrome/145.0.0.0 Safari/537.36"
45.118.156.57 - - [23/Feb/2026:08:25:54 +0000] "GET /wp-includes/js/dist/element.min.js?ver=6a582b0c827fa25df3dd HTTP/1.1" 200 12112 "https://truelysell-wp.dreamsmarketplace.com/checkout/order-pay/8134/?pay_for_order=true&key=wc_order_SYeq3fLq4M19H" "Mozilla/5.0 (Windows NT 10.0; Win64; x64) AppleWebKit/537.36 (KHTML, like Gecko) Chrome/145.0.0.0 Safari/537.36"
45.118.156.57 - - [23/Feb/2026:08:25:54 +0000] "GET /wp-includes/js/dist/dom.min.js?ver=26edef3be6483da3de2e HTTP/1.1" 200 12598 "https://truelysell-wp.dreamsmarketplace.com/checkout/order-pay/8134/?pay_for_order=true&key=wc_order_SYeq3fLq4M19H" "Mozilla/5.0 (Windows NT 10.0; Win64; x64) AppleWebKit/537.36 (KHTML, like Gecko) Chrome/145.0.0.0 Safari/537.36"
45.118.156.57 - - [23/Feb/2026:08:25:54 +0000] "GET /wp-includes/js/dist/data.min.js?ver=f940198280891b0b6318 HTTP/1.1" 200 25446 "https://truelysell-wp.dreamsmarketplace.com/checkout/order-pay/8134/?pay_for_order=true&key=wc_order_SYeq3fLq4M19H" "Mozilla/5.0 (Windows NT 10.0; Win64; x64) AppleWebKit/537.36 (KHTML, like Gecko) Chrome/145.0.0.0 Safari/537.36"
45.118.156.57 - - [23/Feb/2026:08:25:54 +0000] "GET /wp-includes/js/dist/is-shallow-equal.min.js?ver=e0f9f1d78d83f5196979 HTTP/1.1" 200 1018 "https://truelysell-wp.dreamsmarketplace.com/checkout/order-pay/8134/?pay_for_order=true&key=wc_order_SYeq3fLq4M19H" "Mozilla/5.0 (Windows NT 10.0; Win64; x64) AppleWebKit/537.36 (KHTML, like Gecko) Chrome/145.0.0.0 Safari/537.36"
45.118.156.57 - - [23/Feb/2026:08:25:54 +0000] "GET /wp-includes/js/dist/redux-routine.min.js?ver=8bb92d45458b29590f53 HTTP/1.1" 200 8889 "https://truelysell-wp.dreamsmarketplace.com/checkout/order-pay/8134/?pay_for_order=true&key=wc_order_SYeq3fLq4M19H" "Mozilla/5.0 (Windows NT 10.0; Win64; x64) AppleWebKit/537.36 (KHTML, like Gecko) Chrome/145.0.0.0 Safari/537.36"
45.118.156.57 - - [23/Feb/2026:08:25:54 +0000] "GET /wp-includes/js/dist/html-entities.min.js?ver=e8b78b18a162491d5e5f HTTP/1.1" 200 792 "https://truelysell-wp.dreamsmarketplace.com/checkout/order-pay/8134/?pay_for_order=true&key=wc_order_SYeq3fLq4M19H" "Mozilla/5.0 (Windows NT 10.0; Win64; x64) AppleWebKit/537.36 (KHTML, like Gecko) Chrome/145.0.0.0 Safari/537.36"
45.118.156.57 - - [23/Feb/2026:08:25:54 +0000] "GET /wp-includes/js/dist/compose.min.js?ver=7a9b375d8c19cf9d3d9b HTTP/1.1" 200 36634 "https://truelysell-wp.dreamsmarketplace.com/checkout/order-pay/8134/?pay_for_order=true&key=wc_order_SYeq3fLq4M19H" "Mozilla/5.0 (Windows NT 10.0; Win64; x64) AppleWebKit/537.36 (KHTML, like Gecko) Chrome/145.0.0.0 Safari/537.36"
45.118.156.57 - - [23/Feb/2026:08:25:54 +0000] "GET /wp-content/plugins/woocommerce-gateway-stripe/build/express-checkout.js?ver=944caf9713bf77f31373 HTTP/1.1" 200 127391 "https://truelysell-wp.dreamsmarketplace.com/checkout/order-pay/8134/?pay_for_order=true&key=wc_order_SYeq3fLq4M19H" "Mozilla/5.0 (Windows NT 10.0; Win64; x64) AppleWebKit/537.36 (KHTML, like Gecko) Chrome/145.0.0.0 Safari/537.36"
45.118.156.57 - - [23/Feb/2026:08:25:54 +0000] "GET /wp-includes/js/dist/vendor/lodash.min.js?ver=4.17.21 HTTP/1.1" 200 70707 "https://truelysell-wp.dreamsmarketplace.com/checkout/order-pay/8134/?pay_for_order=true&key=wc_order_SYeq3fLq4M19H" "Mozilla/5.0 (Windows NT 10.0; Win64; x64) AppleWebKit/537.36 (KHTML, like Gecko) Chrome/145.0.0.0 Safari/537.36"
45.118.156.57 - - [23/Feb/2026:08:25:54 +0000] "GET /wp-includes/js/dist/notices.min.js?ver=f62fbf15dcc23301922f HTTP/1.1" 200 2078 "https://truelysell-wp.dreamsmarketplace.com/checkout/order-pay/8134/?pay_for_order=true&key=wc_order_SYeq3fLq4M19H" "Mozilla/5.0 (Windows NT 10.0; Win64; x64) AppleWebKit/537.36 (KHTML, like Gecko) Chrome/145.0.0.0 Safari/537.36"
45.118.156.57 - - [23/Feb/2026:08:25:54 +0000] "GET /wp-content/plugins/woocommerce/assets/client/blocks/wc-blocks-data.js?ver=d62ecc40f192d0f05f05 HTTP/1.1" 200 85515 "https://truelysell-wp.dreamsmarketplace.com/checkout/order-pay/8134/?pay_for_order=true&key=wc_order_SYeq3fLq4M19H" "Mozilla/5.0 (Windows NT 10.0; Win64; x64) AppleWebKit/537.36 (KHTML, like Gecko) Chrome/145.0.0.0 Safari/537.36"
45.118.156.57 - - [23/Feb/2026:08:25:54 +0000] "GET /wp-includes/js/dist/rich-text.min.js?ver=5bdbb44f3039529e3645 HTTP/1.1" 200 37297 "https://truelysell-wp.dreamsmarketplace.com/checkout/order-pay/8134/?pay_for_order=true&key=wc_order_SYeq3fLq4M19H" "Mozilla/5.0 (Windows NT 10.0; Win64; x64) AppleWebKit/537.36 (KHTML, like Gecko) Chrome/145.0.0.0 Safari/537.36"
45.118.156.57 - - [23/Feb/2026:08:25:54 +0000] "GET /wp-includes/js/dist/data-controls.min.js?ver=49f5587e8b90f9e7cc7e HTTP/1.1" 200 1472 "https://truelysell-wp.dreamsmarketplace.com/checkout/order-pay/8134/?pay_for_order=true&key=wc_order_SYeq3fLq4M19H" "Mozilla/5.0 (Windows NT 10.0; Win64; x64) AppleWebKit/537.36 (KHTML, like Gecko) Chrome/145.0.0.0 Safari/537.36"
45.118.156.57 - - [23/Feb/2026:08:25:54 +0000] "GET /wp-content/plugins/woocommerce/assets/client/blocks/blocks-components.js?ver=1cecc164412419d4282d HTTP/1.1" 200 2497 "https://truelysell-wp.dreamsmarketplace.com/checkout/order-pay/8134/?pay_for_order=true&key=wc_order_SYeq3fLq4M19H" "Mozilla/5.0 (Windows NT 10.0; Win64; x64) AppleWebKit/537.36 (KHTML, like Gecko) Chrome/145.0.0.0 Safari/537.36"
45.118.156.57 - - [23/Feb/2026:08:25:54 +0000] "GET /wp-content/plugins/woocommerce/assets/client/blocks/wc-blocks-shared-hocs.js?ver=c18bbb2325f333897e6b HTTP/1.1" 200 3232 "https://truelysell-wp.dreamsmarketplace.com/checkout/order-pay/8134/?pay_for_order=true&key=wc_order_SYeq3fLq4M19H" "Mozilla/5.0 (Windows NT 10.0; Win64; x64) AppleWebKit/537.36 (KHTML, like Gecko) Chrome/145.0.0.0 Safari/537.36"
45.118.156.57 - - [23/Feb/2026:08:25:54 +0000] "GET /wp-includes/js/dist/autop.min.js?ver=9fb50649848277dd318d HTTP/1.1" 200 5614 "https://truelysell-wp.dreamsmarketplace.com/checkout/order-pay/8134/?pay_for_order=true&key=wc_order_SYeq3fLq4M19H" "Mozilla/5.0 (Windows NT 10.0; Win64; x64) AppleWebKit/537.36 (KHTML, like Gecko) Chrome/145.0.0.0 Safari/537.36"
45.118.156.57 - - [23/Feb/2026:08:25:54 +0000] "GET /wp-content/plugins/woocommerce/assets/client/blocks/blocks-checkout.js?ver=c71566edd56265d976c6 HTTP/1.1" 200 2677 "https://truelysell-wp.dreamsmarketplace.com/checkout/order-pay/8134/?pay_for_order=true&key=wc_order_SYeq3fLq4M19H" "Mozilla/5.0 (Windows NT 10.0; Win64; x64) AppleWebKit/537.36 (KHTML, like Gecko) Chrome/145.0.0.0 Safari/537.36"
45.118.156.57 - - [23/Feb/2026:08:25:54 +0000] "GET /wp-includes/js/dist/plugins.min.js?ver=039ed87b5b9f7036ceee HTTP/1.1" 200 4334 "https://truelysell-wp.dreamsmarketplace.com/checkout/order-pay/8134/?pay_for_order=true&key=wc_order_SYeq3fLq4M19H" "Mozilla/5.0 (Windows NT 10.0; Win64; x64) AppleWebKit/537.36 (KHTML, like Gecko) Chrome/145.0.0.0 Safari/537.36"
45.118.156.57 - - [23/Feb/2026:08:25:54 +0000] "GET /wp-includes/js/dist/wordcount.min.js?ver=c5b97f11206928ea9130 HTTP/1.1" 200 3316 "https://truelysell-wp.dreamsmarketplace.com/checkout/order-pay/8134/?pay_for_order=true&key=wc_order_SYeq3fLq4M19H" "Mozilla/5.0 (Windows NT 10.0; Win64; x64) AppleWebKit/537.36 (KHTML, like Gecko) Chrome/145.0.0.0 Safari/537.36"
45.118.156.57 - - [23/Feb/2026:08:25:54 +0000] "GET /wp-content/plugins/woocommerce/assets/client/blocks/wc-payment-method-bacs.js?ver=96ae9b6353716ce16243 HTTP/1.1" 200 690 "https://truelysell-wp.dreamsmarketplace.com/checkout/order-pay/8134/?pay_for_order=true&key=wc_order_SYeq3fLq4M19H" "Mozilla/5.0 (Windows NT 10.0; Win64; x64) AppleWebKit/537.36 (KHTML, like Gecko) Chrome/145.0.0.0 Safari/537.36"
45.118.156.57 - - [23/Feb/2026:08:25:54 +0000] "GET /wp-content/plugins/woocommerce/assets/js/frontend/checkout.min.js?ver=10.4.2 HTTP/1.1" 200 19467 "https://truelysell-wp.dreamsmarketplace.com/checkout/order-pay/8134/?pay_for_order=true&key=wc_order_SYeq3fLq4M19H" "Mozilla/5.0 (Windows NT 10.0; Win64; x64) AppleWebKit/537.36 (KHTML, like Gecko) Chrome/145.0.0.0 Safari/537.36"
45.118.156.57 - - [23/Feb/2026:08:25:54 +0000] "GET /wp-content/plugins/woocommerce/assets/js/frontend/tokenization-form.min.js?ver=10.4.2 HTTP/1.1" 200 2264 "https://truelysell-wp.dreamsmarketplace.com/checkout/order-pay/8134/?pay_for_order=true&key=wc_order_SYeq3fLq4M19H" "Mozilla/5.0 (Windows NT 10.0; Win64; x64) AppleWebKit/537.36 (KHTML, like Gecko) Chrome/145.0.0.0 Safari/537.36"
45.118.156.57 - - [23/Feb/2026:08:25:54 +0000] "GET /wp-content/plugins/woocommerce/assets/js/frontend/address-i18n.min.js?ver=10.4.2 HTTP/1.1" 200 2750 "https://truelysell-wp.dreamsmarketplace.com/checkout/order-pay/8134/?pay_for_order=true&key=wc_order_SYeq3fLq4M19H" "Mozilla/5.0 (Windows NT 10.0; Win64; x64) AppleWebKit/537.36 (KHTML, like Gecko) Chrome/145.0.0.0 Safari/537.36"
45.118.156.57 - - [23/Feb/2026:08:25:54 +0000] "GET /wp-content/plugins/woocommerce/assets/js/frontend/country-select.min.js?ver=10.4.2 HTTP/1.1" 200 3494 "https://truelysell-wp.dreamsmarketplace.com/checkout/order-pay/8134/?pay_for_order=true&key=wc_order_SYeq3fLq4M19H" "Mozilla/5.0 (Windows NT 10.0; Win64; x64) AppleWebKit/537.36 (KHTML, like Gecko) Chrome/145.0.0.0 Safari/537.36"
45.118.156.57 - - [23/Feb/2026:08:25:54 +0000] "GET /wp-content/plugins/woocommerce/assets/client/blocks/checkout-frontend.js?ver=e9dead0f90e2427f3b58 HTTP/1.1" 200 59979 "https://truelysell-wp.dreamsmarketplace.com/checkout/order-pay/8134/?pay_for_order=true&key=wc_order_SYeq3fLq4M19H" "Mozilla/5.0 (Windows NT 10.0; Win64; x64) AppleWebKit/537.36 (KHTML, like Gecko) Chrome/145.0.0.0 Safari/537.36"
45.118.156.57 - - [23/Feb/2026:08:25:54 +0000] "GET /wp-content/plugins/woocommerce-gateway-stripe/build/upe-classic.js?ver=10.4.0 HTTP/1.1" 200 133487 "https://truelysell-wp.dreamsmarketplace.com/checkout/order-pay/8134/?pay_for_order=true&key=wc_order_SYeq3fLq4M19H" "Mozilla/5.0 (Windows NT 10.0; Win64; x64) AppleWebKit/537.36 (KHTML, like Gecko) Chrome/145.0.0.0 Safari/537.36"
45.118.156.57 - - [23/Feb/2026:08:25:54 +0000] "GET /wp-includes/js/dist/private-apis.min.js?ver=4f465748bda624774139 HTTP/1.1" 200 2833 "https://truelysell-wp.dreamsmarketplace.com/checkout/order-pay/8134/?pay_for_order=true&key=wc_order_SYeq3fLq4M19H" "Mozilla/5.0 (Windows NT 10.0; Win64; x64) AppleWebKit/537.36 (KHTML, like Gecko) Chrome/145.0.0.0 Safari/537.36"
45.118.156.57 - - [23/Feb/2026:08:25:54 +0000] "GET /wp-includes/js/dist/keycodes.min.js?ver=34c8fb5e7a594a1c8037 HTTP/1.1" 200 2568 "https://truelysell-wp.dreamsmarketplace.com/checkout/order-pay/8134/?pay_for_order=true&key=wc_order_SYeq3fLq4M19H" "Mozilla/5.0 (Windows NT 10.0; Win64; x64) AppleWebKit/537.36 (KHTML, like Gecko) Chrome/145.0.0.0 Safari/537.36"
45.118.156.57 - - [23/Feb/2026:08:25:54 +0000] "GET /wp-content/plugins/woocommerce/assets/client/blocks/wc-blocks-middleware.js?ver=d79dedade2f2e4dc9df4 HTTP/1.1" 200 1574 "https://truelysell-wp.dreamsmarketplace.com/checkout/order-pay/8134/?pay_for_order=true&key=wc_order_SYeq3fLq4M19H" "Mozilla/5.0 (Windows NT 10.0; Win64; x64) AppleWebKit/537.36 (KHTML, like Gecko) Chrome/145.0.0.0 Safari/537.36"
45.118.156.57 - - [23/Feb/2026:08:25:54 +0000] "GET /wp-includes/js/dist/priority-queue.min.js?ver=2d59d091223ee9a33838 HTTP/1.1" 200 3382 "https://truelysell-wp.dreamsmarketplace.com/checkout/order-pay/8134/?pay_for_order=true&key=wc_order_SYeq3fLq4M19H" "Mozilla/5.0 (Windows NT 10.0; Win64; x64) AppleWebKit/537.36 (KHTML, like Gecko) Chrome/145.0.0.0 Safari/537.36"
45.118.156.57 - - [23/Feb/2026:08:25:54 +0000] "GET /wp-includes/js/dist/warning.min.js?ver=d69bc18c456d01c11d5a HTTP/1.1" 200 303 "https://truelysell-wp.dreamsmarketplace.com/checkout/order-pay/8134/?pay_for_order=true&key=wc_order_SYeq3fLq4M19H" "Mozilla/5.0 (Windows NT 10.0; Win64; x64) AppleWebKit/537.36 (KHTML, like Gecko) Chrome/145.0.0.0 Safari/537.36"
45.118.156.57 - - [23/Feb/2026:08:25:54 +0000] "GET /wp-content/plugins/woocommerce/assets/client/blocks/blocks-checkout-events.js?ver=2d0fd4590f6cc663947c HTTP/1.1" 200 1668 "https://truelysell-wp.dreamsmarketplace.com/checkout/order-pay/8134/?pay_for_order=true&key=wc_order_SYeq3fLq4M19H" "Mozilla/5.0 (Windows NT 10.0; Win64; x64) AppleWebKit/537.36 (KHTML, like Gecko) Chrome/145.0.0.0 Safari/537.36"
45.118.156.57 - - [23/Feb/2026:08:25:54 +0000] "GET /wp-content/plugins/woocommerce/assets/client/blocks/wc-types.js?ver=de925be9bc9f555c810c HTTP/1.1" 200 4221 "https://truelysell-wp.dreamsmarketplace.com/checkout/order-pay/8134/?pay_for_order=true&key=wc_order_SYeq3fLq4M19H" "Mozilla/5.0 (Windows NT 10.0; Win64; x64) AppleWebKit/537.36 (KHTML, like Gecko) Chrome/145.0.0.0 Safari/537.36"
45.118.156.57 - - [23/Feb/2026:08:25:54 +0000] "GET /wp-content/plugins/woocommerce/assets/client/blocks/wc-blocks-registry.js?ver=a16aa912ffa0a15063f1 HTTP/1.1" 200 17939 "https://truelysell-wp.dreamsmarketplace.com/checkout/order-pay/8134/?pay_for_order=true&key=wc_order_SYeq3fLq4M19H" "Mozilla/5.0 (Windows NT 10.0; Win64; x64) AppleWebKit/537.36 (KHTML, like Gecko) Chrome/145.0.0.0 Safari/537.36"
45.118.156.57 - - [23/Feb/2026:08:25:54 +0000] "GET /wp-content/plugins/woocommerce/assets/client/blocks/wc-settings.js?ver=508473c3c2ece9af8f8f HTTP/1.1" 200 6469 "https://truelysell-wp.dreamsmarketplace.com/checkout/order-pay/8134/?pay_for_order=true&key=wc_order_SYeq3fLq4M19H" "Mozilla/5.0 (Windows NT 10.0; Win64; x64) AppleWebKit/537.36 (KHTML, like Gecko) Chrome/145.0.0.0 Safari/537.36"
45.118.156.57 - - [23/Feb/2026:08:25:54 +0000] "GET /wp-content/plugins/woocommerce/assets/client/blocks/price-format.js?ver=0df720e448f7ab3c5d0d HTTP/1.1" 200 1629 "https://truelysell-wp.dreamsmarketplace.com/checkout/order-pay/8134/?pay_for_order=true&key=wc_order_SYeq3fLq4M19H" "Mozilla/5.0 (Windows NT 10.0; Win64; x64) AppleWebKit/537.36 (KHTML, like Gecko) Chrome/145.0.0.0 Safari/537.36"
45.118.156.57 - - [23/Feb/2026:08:25:54 +0000] "GET /wp-content/plugins/woocommerce/assets/client/blocks/wc-payment-method-cheque.js?ver=7f9e2488001f9e8265e2 HTTP/1.1" 200 687 "https://truelysell-wp.dreamsmarketplace.com/checkout/order-pay/8134/?pay_for_order=true&key=wc_order_SYeq3fLq4M19H" "Mozilla/5.0 (Windows NT 10.0; Win64; x64) AppleWebKit/537.36 (KHTML, like Gecko) Chrome/145.0.0.0 Safari/537.36"
45.118.156.57 - - [23/Feb/2026:08:25:54 +0000] "GET /wp-content/plugins/woocommerce/assets/client/admin/sanitize/index.js?ver=c7a741f8dc5bec166999 HTTP/1.1" 200 23361 "https://truelysell-wp.dreamsmarketplace.com/checkout/order-pay/8134/?pay_for_order=true&key=wc_order_SYeq3fLq4M19H" "Mozilla/5.0 (Windows NT 10.0; Win64; x64) AppleWebKit/537.36 (KHTML, like Gecko) Chrome/145.0.0.0 Safari/537.36"
45.118.156.57 - - [23/Feb/2026:08:25:54 +0000] "GET /wp-content/plugins/woo-razorpay/checkout_block.js HTTP/1.1" 200 692 "https://truelysell-wp.dreamsmarketplace.com/checkout/order-pay/8134/?pay_for_order=true&key=wc_order_SYeq3fLq4M19H" "Mozilla/5.0 (Windows NT 10.0; Win64; x64) AppleWebKit/537.36 (KHTML, like Gecko) Chrome/145.0.0.0 Safari/537.36"
45.118.156.57 - - [23/Feb/2026:08:25:54 +0000] "GET /wp-includes/js/dist/primitives.min.js?ver=0b5dcc337aa7cbf75570 HTTP/1.1" 200 1661 "https://truelysell-wp.dreamsmarketplace.com/checkout/order-pay/8134/?pay_for_order=true&key=wc_order_SYeq3fLq4M19H" "Mozilla/5.0 (Windows NT 10.0; Win64; x64) AppleWebKit/537.36 (KHTML, like Gecko) Chrome/145.0.0.0 Safari/537.36"
45.118.156.57 - - [23/Feb/2026:08:25:54 +0000] "GET /wp-content/plugins/woocommerce/assets/client/blocks/wc-payment-method-cod.js?ver=39faacefe05cd21b9f0e HTTP/1.1" 200 923 "https://truelysell-wp.dreamsmarketplace.com/checkout/order-pay/8134/?pay_for_order=true&key=wc_order_SYeq3fLq4M19H" "Mozilla/5.0 (Windows NT 10.0; Win64; x64) AppleWebKit/537.36 (KHTML, like Gecko) Chrome/145.0.0.0 Safari/537.36"
45.118.156.57 - - [23/Feb/2026:08:25:54 +0000] "GET /wp-content/plugins/woocommerce-paypal-payments/assets/ppcp-blocks-js-advanced-card-checkout-block.js?ver=3.4.0 HTTP/1.1" 200 26489 "https://truelysell-wp.dreamsmarketplace.com/checkout/order-pay/8134/?pay_for_order=true&key=wc_order_SYeq3fLq4M19H" "Mozilla/5.0 (Windows NT 10.0; Win64; x64) AppleWebKit/537.36 (KHTML, like Gecko) Chrome/145.0.0.0 Safari/537.36"
45.118.156.57 - - [23/Feb/2026:08:25:54 +0000] "GET /wp-content/plugins/woocommerce-paypal-payments/assets/ppcp-blocks-js-checkout-block.js?ver=3.4.0 HTTP/1.1" 200 77512 "https://truelysell-wp.dreamsmarketplace.com/checkout/order-pay/8134/?pay_for_order=true&key=wc_order_SYeq3fLq4M19H" "Mozilla/5.0 (Windows NT 10.0; Win64; x64) AppleWebKit/537.36 (KHTML, like Gecko) Chrome/145.0.0.0 Safari/537.36"
45.118.156.57 - - [23/Feb/2026:08:25:54 +0000] "GET /wp-content/plugins/woocommerce/assets/client/blocks/wc-cart-checkout-vendors-frontend.js?ver=d179e1f113881cf2f0a9 HTTP/1.1" 200 136181 "https://truelysell-wp.dreamsmarketplace.com/checkout/order-pay/8134/?pay_for_order=true&key=wc_order_SYeq3fLq4M19H" "Mozilla/5.0 (Windows NT 10.0; Win64; x64) AppleWebKit/537.36 (KHTML, like Gecko) Chrome/145.0.0.0 Safari/537.36"
45.118.156.57 - - [23/Feb/2026:08:25:55 +0000] "GET /wp-content/plugins/woocommerce/assets/client/blocks/wc-cart-checkout-base-frontend.js?ver=56daaae21456ba6fa364 HTTP/1.1" 200 213551 "https://truelysell-wp.dreamsmarketplace.com/checkout/order-pay/8134/?pay_for_order=true&key=wc_order_SYeq3fLq4M19H" "Mozilla/5.0 (Windows NT 10.0; Win64; x64) AppleWebKit/537.36 (KHTML, like Gecko) Chrome/145.0.0.0 Safari/537.36"
45.118.156.57 - - [23/Feb/2026:08:25:55 +0000] "GET /wp-content/plugins/woocommerce-gateway-stripe/build/upe-blocks.js?ver=7bd858abef745f506c75 HTTP/1.1" 200 283054 "https://truelysell-wp.dreamsmarketplace.com/checkout/order-pay/8134/?pay_for_order=true&key=wc_order_SYeq3fLq4M19H" "Mozilla/5.0 (Windows NT 10.0; Win64; x64) AppleWebKit/537.36 (KHTML, like Gecko) Chrome/145.0.0.0 Safari/537.36"
45.118.156.57 - - [23/Feb/2026:08:25:55 +0000] "GET /wp-includes/js/dist/components.min.js?ver=ad5cb4227f07a3d422ad HTTP/1.1" 200 805252 "https://truelysell-wp.dreamsmarketplace.com/checkout/order-pay/8134/?pay_for_order=true&key=wc_order_SYeq3fLq4M19H" "Mozilla/5.0 (Windows NT 10.0; Win64; x64) AppleWebKit/537.36 (KHTML, like Gecko) Chrome/145.0.0.0 Safari/537.36"
45.118.156.57 - - [23/Feb/2026:08:25:55 +0000] "GET /wp-includes/js/dist/date.min.js?ver=795a56839718d3ff7eae HTTP/1.1" 200 783699 "https://truelysell-wp.dreamsmarketplace.com/checkout/order-pay/8134/?pay_for_order=true&key=wc_order_SYeq3fLq4M19H" "Mozilla/5.0 (Windows NT 10.0; Win64; x64) AppleWebKit/537.36 (KHTML, like Gecko) Chrome/145.0.0.0 Safari/537.36"
45.118.156.57 - - [23/Feb/2026:08:25:58 +0000] "GET /wp-admin/admin-ajax.php?action=get_additional_services HTTP/1.1" 200 83 "https://truelysell-wp.dreamsmarketplace.com/checkout/order-pay/8134/?pay_for_order=true&key=wc_order_SYeq3fLq4M19H" "Mozilla/5.0 (Windows NT 10.0; Win64; x64) AppleWebKit/537.36 (KHTML, like Gecko) Chrome/145.0.0.0 Safari/537.36"
45.118.156.57 - - [23/Feb/2026:08:25:58 +0000] "GET /wp-json/contact-form-7/v1/contact-forms/363/feedback/schema HTTP/1.1" 200 345 "https://truelysell-wp.dreamsmarketplace.com/checkout/order-pay/8134/?pay_for_order=true&key=wc_order_SYeq3fLq4M19H" "Mozilla/5.0 (Windows NT 10.0; Win64; x64) AppleWebKit/537.36 (KHTML, like Gecko) Chrome/145.0.0.0 Safari/537.36"
45.118.156.57 - - [23/Feb/2026:08:25:58 +0000] "GET /wp-admin/admin-ajax.php?action=get_includes_title HTTP/1.1" 200 70 "https://truelysell-wp.dreamsmarketplace.com/checkout/order-pay/8134/?pay_for_order=true&key=wc_order_SYeq3fLq4M19H" "Mozilla/5.0 (Windows NT 10.0; Win64; x64) AppleWebKit/537.36 (KHTML, like Gecko) Chrome/145.0.0.0 Safari/537.36"
45.118.156.57 - - [23/Feb/2026:08:25:58 +0000] "POST /wp-admin/admin-ajax.php HTTP/1.1" 200 58 "https://truelysell-wp.dreamsmarketplace.com/checkout/order-pay/8134/?pay_for_order=true&key=wc_order_SYeq3fLq4M19H" "Mozilla/5.0 (Windows NT 10.0; Win64; x64) AppleWebKit/537.36 (KHTML, like Gecko) Chrome/145.0.0.0 Safari/537.36"
45.118.156.57 - - [23/Feb/2026:08:25:59 +0000] "GET /wp-admin/admin-ajax.php?action=get_faq_section HTTP/1.1" 200 83 "https://truelysell-wp.dreamsmarketplace.com/checkout/order-pay/8134/?pay_for_order=true&key=wc_order_SYeq3fLq4M19H" "Mozilla/5.0 (Windows NT 10.0; Win64; x64) AppleWebKit/537.36 (KHTML, like Gecko) Chrome/145.0.0.0 Safari/537.36"
45.118.156.57 - - [23/Feb/2026:08:26:00 +0000] "GET /wp-content/plugins/woocommerce/assets/images/icons/loader.svg HTTP/1.1" 200 158 "https://truelysell-wp.dreamsmarketplace.com/wp-content/plugins/woocommerce/assets/css/woocommerce.css?ver=10.4.2" "Mozilla/5.0 (Windows NT 10.0; Win64; x64) AppleWebKit/537.36 (KHTML, like Gecko) Chrome/145.0.0.0 Safari/537.36"
45.118.156.57 - - [23/Feb/2026:08:26:01 +0000] "POST /checkout/order-pay/8134/?pay_for_order=true&key=wc_order_SYeq3fLq4M19H HTTP/1.1" 302 5 "https://truelysell-wp.dreamsmarketplace.com/checkout/order-pay/8134/?pay_for_order=true&key=wc_order_SYeq3fLq4M19H" "Mozilla/5.0 (Windows NT 10.0; Win64; x64) AppleWebKit/537.36 (KHTML, like Gecko) Chrome/145.0.0.0 Safari/537.36"
2a03:2880:f800:32:: - - [23/Feb/2026:08:26:01 +0000] "GET /wp-json/oembed/1.0/embed?url=https%3A%2F%2Ftruelysell-wp.dreamsmarketplace.com%2Fproduct%2Fac-repair-services%2F HTTP/1.1" 200 2319 "-" "meta-externalagent/1.1 (+https://developers.facebook.com/docs/sharing/webmasters/crawler)"
45.118.156.57 - - [23/Feb/2026:08:26:03 +0000] "GET /checkout/order-received/8134/?key=wc_order_SYeq3fLq4M19H HTTP/1.1" 200 103685 "https://truelysell-wp.dreamsmarketplace.com/checkout/order-pay/8134/?pay_for_order=true&key=wc_order_SYeq3fLq4M19H" "Mozilla/5.0 (Windows NT 10.0; Win64; x64) AppleWebKit/537.36 (KHTML, like Gecko) Chrome/145.0.0.0 Safari/537.36"
45.118.156.57 - - [23/Feb/2026:08:26:04 +0000] "GET /wp-content/plugins/woocommerce-paypal-payments/assets/ppcp-axo-js-Insights-EndCheckoutTracker.js?ver=3.4.0 HTTP/1.1" 200 6861 "https://truelysell-wp.dreamsmarketplace.com/checkout/order-received/8134/?key=wc_order_SYeq3fLq4M19H" "Mozilla/5.0 (Windows NT 10.0; Win64; x64) AppleWebKit/537.36 (KHTML, like Gecko) Chrome/145.0.0.0 Safari/537.36"
172.187.168.139 - - [23/Feb/2026:08:26:04 +0000] "POST /wp-admin/admin-ajax.php?action=as_async_request_queue_runner&nonce=3731b86b71 HTTP/1.1" 200 31 "-" "WordPress/6.9; https://truelysell-wp.dreamsmarketplace.com"
45.118.156.57 - - [23/Feb/2026:08:26:05 +0000] "GET /wp-content/themes/truelysell/assets/css/block-styles.css?ver=1.0 HTTP/1.1" 404 29145 "https://truelysell-wp.dreamsmarketplace.com/checkout/order-received/8134/?key=wc_order_SYeq3fLq4M19H" "Mozilla/5.0 (Windows NT 10.0; Win64; x64) AppleWebKit/537.36 (KHTML, like Gecko) Chrome/145.0.0.0 Safari/537.36"
45.118.156.57 - - [23/Feb/2026:08:26:08 +0000] "GET /wp-admin/admin-ajax.php?action=get_includes_title HTTP/1.1" 200 70 "https://truelysell-wp.dreamsmarketplace.com/checkout/order-received/8134/?key=wc_order_SYeq3fLq4M19H" "Mozilla/5.0 (Windows NT 10.0; Win64; x64) AppleWebKit/537.36 (KHTML, like Gecko) Chrome/145.0.0.0 Safari/537.36"
45.118.156.57 - - [23/Feb/2026:08:26:08 +0000] "GET /wp-admin/admin-ajax.php?action=get_faq_section HTTP/1.1" 200 83 "https://truelysell-wp.dreamsmarketplace.com/checkout/order-received/8134/?key=wc_order_SYeq3fLq4M19H" "Mozilla/5.0 (Windows NT 10.0; Win64; x64) AppleWebKit/537.36 (KHTML, like Gecko) Chrome/145.0.0.0 Safari/537.36"
45.118.156.57 - - [23/Feb/2026:08:26:08 +0000] "GET /wp-admin/admin-ajax.php?action=get_additional_services HTTP/1.1" 200 83 "https://truelysell-wp.dreamsmarketplace.com/checkout/order-received/8134/?key=wc_order_SYeq3fLq4M19H" "Mozilla/5.0 (Windows NT 10.0; Win64; x64) AppleWebKit/537.36 (KHTML, like Gecko) Chrome/145.0.0.0 Safari/537.36"
45.118.156.57 - - [23/Feb/2026:08:26:08 +0000] "POST /wp-admin/admin-ajax.php HTTP/1.1" 200 58 "https://truelysell-wp.dreamsmarketplace.com/checkout/order-received/8134/?key=wc_order_SYeq3fLq4M19H" "Mozilla/5.0 (Windows NT 10.0; Win64; x64) AppleWebKit/537.36 (KHTML, like Gecko) Chrome/145.0.0.0 Safari/537.36"
45.118.156.57 - - [23/Feb/2026:08:26:09 +0000] "GET /wp-json/contact-form-7/v1/contact-forms/363/feedback/schema HTTP/1.1" 200 345 "https://truelysell-wp.dreamsmarketplace.com/checkout/order-received/8134/?key=wc_order_SYeq3fLq4M19H" "Mozilla/5.0 (Windows NT 10.0; Win64; x64) AppleWebKit/537.36 (KHTML, like Gecko) Chrome/145.0.0.0 Safari/537.36"
45.118.156.57 - - [23/Feb/2026:08:26:17 +0000] "GET /booking-page/ HTTP/1.1" 200 38322 "https://truelysell-wp.dreamsmarketplace.com/checkout/order-received/8134/?key=wc_order_SYeq3fLq4M19H" "Mozilla/5.0 (Windows NT 10.0; Win64; x64) AppleWebKit/537.36 (KHTML, like Gecko) Chrome/145.0.0.0 Safari/537.36"
45.118.156.57 - - [23/Feb/2026:08:26:19 +0000] "GET /wp-content/themes/truelysell/assets/css/block-styles.css?ver=1.0 HTTP/1.1" 404 29144 "https://truelysell-wp.dreamsmarketplace.com/booking-page/" "Mozilla/5.0 (Windows NT 10.0; Win64; x64) AppleWebKit/537.36 (KHTML, like Gecko) Chrome/145.0.0.0 Safari/537.36"
35.173.69.86 - - [23/Feb/2026:08:26:21 +0000] "GET / HTTP/1.1" 301 178 "-" "FreshpingBot/1.0 (+https://freshping.io/)"
172.187.168.139 - - [23/Feb/2026:08:26:22 +0000] "POST /wp-cron.php?doing_wp_cron=1771835182.8845388889312744140625 HTTP/1.1" 200 31 "-" "WordPress/6.9; https://truelysell-wp.dreamsmarketplace.com"
45.118.156.57 - - [23/Feb/2026:08:26:22 +0000] "GET /wp-admin/admin-ajax.php?action=get_includes_title HTTP/1.1" 200 70 "https://truelysell-wp.dreamsmarketplace.com/booking-page/" "Mozilla/5.0 (Windows NT 10.0; Win64; x64) AppleWebKit/537.36 (KHTML, like Gecko) Chrome/145.0.0.0 Safari/537.36"
45.118.156.57 - - [23/Feb/2026:08:26:23 +0000] "GET /wp-admin/admin-ajax.php?action=get_faq_section HTTP/1.1" 200 83 "https://truelysell-wp.dreamsmarketplace.com/booking-page/" "Mozilla/5.0 (Windows NT 10.0; Win64; x64) AppleWebKit/537.36 (KHTML, like Gecko) Chrome/145.0.0.0 Safari/537.36"
45.118.156.57 - - [23/Feb/2026:08:26:23 +0000] "GET /wp-admin/admin-ajax.php?action=get_additional_services HTTP/1.1" 200 83 "https://truelysell-wp.dreamsmarketplace.com/booking-page/" "Mozilla/5.0 (Windows NT 10.0; Win64; x64) AppleWebKit/537.36 (KHTML, like Gecko) Chrome/145.0.0.0 Safari/537.36"
45.118.156.57 - - [23/Feb/2026:08:26:23 +0000] "POST /wp-admin/admin-ajax.php HTTP/1.1" 200 82 "https://truelysell-wp.dreamsmarketplace.com/booking-page/" "Mozilla/5.0 (Windows NT 10.0; Win64; x64) AppleWebKit/537.36 (KHTML, like Gecko) Chrome/145.0.0.0 Safari/537.36"
45.118.156.57 - - [23/Feb/2026:08:26:23 +0000] "GET /wp-json/contact-form-7/v1/contact-forms/363/feedback/schema HTTP/1.1" 200 345 "https://truelysell-wp.dreamsmarketplace.com/booking-page/" "Mozilla/5.0 (Windows NT 10.0; Win64; x64) AppleWebKit/537.36 (KHTML, like Gecko) Chrome/145.0.0.0 Safari/537.36"
172.187.168.139 - - [23/Feb/2026:08:26:25 +0000] "POST /wp-cron.php?doing_wp_cron=1771835184.9848670959472656250000 HTTP/1.1" 200 31 "-" "WordPress/6.9; https://truelysell-wp.dreamsmarketplace.com"
35.173.69.86 - - [23/Feb/2026:08:26:25 +0000] "GET / HTTP/1.1" 200 43817 "-" "FreshpingBot/1.0 (+https://freshping.io/)"
45.118.156.57 - - [23/Feb/2026:08:26:25 +0000] "POST /wp-admin/admin-ajax.php HTTP/1.1" 200 12882 "https://truelysell-wp.dreamsmarketplace.com/booking-page/" "Mozilla/5.0 (Windows NT 10.0; Win64; x64) AppleWebKit/537.36 (KHTML, like Gecko) Chrome/145.0.0.0 Safari/537.36"
2a03:2880:f800:39:: - - [23/Feb/2026:08:26:26 +0000] "GET /wp-json/wp/v2/product/6946 HTTP/1.1" 200 2837 "-" "meta-externalagent/1.1 (+https://developers.facebook.com/docs/sharing/webmasters/crawler)"
45.118.156.57 - - [23/Feb/2026:08:26:31 +0000] "GET /booking-page/ HTTP/1.1" 200 38324 "https://truelysell-wp.dreamsmarketplace.com/booking-page/" "Mozilla/5.0 (Windows NT 10.0; Win64; x64) AppleWebKit/537.36 (KHTML, like Gecko) Chrome/145.0.0.0 Safari/537.36"
51.195.215.184 - - [23/Feb/2026:08:26:33 +0000] "GET /pet-grooming/register/ HTTP/1.1" 301 178 "-" "Mozilla/5.0 (compatible; AhrefsBot/7.0; +http://ahrefs.com/robot/)"
45.118.156.57 - - [23/Feb/2026:08:26:33 +0000] "GET /wp-content/themes/truelysell/assets/css/block-styles.css?ver=1.0 HTTP/1.1" 404 29144 "https://truelysell-wp.dreamsmarketplace.com/booking-page/" "Mozilla/5.0 (Windows NT 10.0; Win64; x64) AppleWebKit/537.36 (KHTML, like Gecko) Chrome/145.0.0.0 Safari/537.36"
45.118.156.57 - - [23/Feb/2026:08:26:35 +0000] "GET /wp-admin/admin-ajax.php?action=get_includes_title HTTP/1.1" 200 70 "https://truelysell-wp.dreamsmarketplace.com/booking-page/" "Mozilla/5.0 (Windows NT 10.0; Win64; x64) AppleWebKit/537.36 (KHTML, like Gecko) Chrome/145.0.0.0 Safari/537.36"
45.118.156.57 - - [23/Feb/2026:08:26:36 +0000] "GET /wp-admin/admin-ajax.php?action=get_faq_section HTTP/1.1" 200 83 "https://truelysell-wp.dreamsmarketplace.com/booking-page/" "Mozilla/5.0 (Windows NT 10.0; Win64; x64) AppleWebKit/537.36 (KHTML, like Gecko) Chrome/145.0.0.0 Safari/537.36"
45.118.156.57 - - [23/Feb/2026:08:26:36 +0000] "GET /wp-admin/admin-ajax.php?action=get_additional_services HTTP/1.1" 200 83 "https://truelysell-wp.dreamsmarketplace.com/booking-page/" "Mozilla/5.0 (Windows NT 10.0; Win64; x64) AppleWebKit/537.36 (KHTML, like Gecko) Chrome/145.0.0.0 Safari/537.36"
45.118.156.57 - - [23/Feb/2026:08:26:36 +0000] "GET /wp-json/contact-form-7/v1/contact-forms/363/feedback/schema HTTP/1.1" 200 345 "https://truelysell-wp.dreamsmarketplace.com/booking-page/" "Mozilla/5.0 (Windows NT 10.0; Win64; x64) AppleWebKit/537.36 (KHTML, like Gecko) Chrome/145.0.0.0 Safari/537.36"
45.118.156.57 - - [23/Feb/2026:08:26:36 +0000] "POST /wp-admin/admin-ajax.php HTTP/1.1" 200 82 "https://truelysell-wp.dreamsmarketplace.com/booking-page/" "Mozilla/5.0 (Windows NT 10.0; Win64; x64) AppleWebKit/537.36 (KHTML, like Gecko) Chrome/145.0.0.0 Safari/537.36"
45.118.156.57 - - [23/Feb/2026:08:26:37 +0000] "POST /wp-admin/admin-ajax.php HTTP/1.1" 200 12882 "https://truelysell-wp.dreamsmarketplace.com/booking-page/" "Mozilla/5.0 (Windows NT 10.0; Win64; x64) AppleWebKit/537.36 (KHTML, like Gecko) Chrome/145.0.0.0 Safari/537.36"
