169.150.210.53 - - [23/Feb/2026:08:41:47 +0000] "GET /wp-includes/js/mediaelement/wp-mediaelement.min.js?ver=6.9 HTTP/1.1" 304 0 "https://truelysell-wp.dreamsmarketplace.com/" "Mozilla/5.0 (Windows NT 10.0; Win64; x64) AppleWebKit/537.36 (KHTML, like Gecko) Chrome/145.0.0.0 Safari/537.36"
169.150.210.53 - - [23/Feb/2026:08:41:47 +0000] "GET /wp-includes/js/api-request.min.js?ver=6.9 HTTP/1.1" 304 0 "https://truelysell-wp.dreamsmarketplace.com/" "Mozilla/5.0 (Windows NT 10.0; Win64; x64) AppleWebKit/537.36 (KHTML, like Gecko) Chrome/145.0.0.0 Safari/537.36"
169.150.210.53 - - [23/Feb/2026:08:41:47 +0000] "GET /wp-content/themes/truelysell/assets/plugins/fontawesome/webfonts/fa-solid-900.woff2 HTTP/1.1" 304 0 "https://truelysell-wp.dreamsmarketplace.com/wp-content/themes/truelysell/assets/plugins/fontawesome/css/all.min.css?ver=2.1" "Mozilla/5.0 (Windows NT 10.0; Win64; x64) AppleWebKit/537.36 (KHTML, like Gecko) Chrome/145.0.0.0 Safari/537.36"
169.150.210.53 - - [23/Feb/2026:08:41:47 +0000] "GET /wp-includes/js/media-views.min.js?ver=6.9 HTTP/1.1" 304 0 "https://truelysell-wp.dreamsmarketplace.com/" "Mozilla/5.0 (Windows NT 10.0; Win64; x64) AppleWebKit/537.36 (KHTML, like Gecko) Chrome/145.0.0.0 Safari/537.36"
169.150.210.53 - - [23/Feb/2026:08:41:47 +0000] "GET /wp-includes/js/clipboard.min.js?ver=2.0.11 HTTP/1.1" 304 0 "https://truelysell-wp.dreamsmarketplace.com/" "Mozilla/5.0 (Windows NT 10.0; Win64; x64) AppleWebKit/537.36 (KHTML, like Gecko) Chrome/145.0.0.0 Safari/537.36"
169.150.210.53 - - [23/Feb/2026:08:41:47 +0000] "GET /wp-content/themes/truelysell/assets/plugins/tabler-icons/fonts/tabler-icons.woff2?v2.45.0 HTTP/1.1" 304 0 "https://truelysell-wp.dreamsmarketplace.com/wp-content/themes/truelysell/assets/plugins/tabler-icons/tabler-icons.css?ver=2.1" "Mozilla/5.0 (Windows NT 10.0; Win64; x64) AppleWebKit/537.36 (KHTML, like Gecko) Chrome/145.0.0.0 Safari/537.36"
169.150.210.53 - - [23/Feb/2026:08:41:47 +0000] "GET /wp-content/themes/truelysell/assets/fonts/Feather.ttf?sdxovp HTTP/1.1" 304 0 "https://truelysell-wp.dreamsmarketplace.com/wp-content/themes/truelysell/assets/css/feather.css?ver=2.1" "Mozilla/5.0 (Windows NT 10.0; Win64; x64) AppleWebKit/537.36 (KHTML, like Gecko) Chrome/145.0.0.0 Safari/537.36"
107.150.105.5 - - [23/Feb/2026:08:41:47 +0000] "GET /wp-content/themes/truelysell/assets/js/quantityButtons.js?ver=2.1 HTTP/1.1" 304 0 "-" "Go-http-client/1.1"
169.150.210.53 - - [23/Feb/2026:08:41:47 +0000] "GET /wp-includes/js/media-audiovideo.min.js?ver=6.9 HTTP/1.1" 304 0 "https://truelysell-wp.dreamsmarketplace.com/" "Mozilla/5.0 (Windows NT 10.0; Win64; x64) AppleWebKit/537.36 (KHTML, like Gecko) Chrome/145.0.0.0 Safari/537.36"
169.150.210.53 - - [23/Feb/2026:08:41:47 +0000] "GET /wp-includes/js/media-editor.min.js?ver=6.9 HTTP/1.1" 304 0 "https://truelysell-wp.dreamsmarketplace.com/" "Mozilla/5.0 (Windows NT 10.0; Win64; x64) AppleWebKit/537.36 (KHTML, like Gecko) Chrome/145.0.0.0 Safari/537.36"
169.150.210.53 - - [23/Feb/2026:08:41:48 +0000] "GET /wp-content/themes/truelysell//assets/js/bootstrap.bundle.min.js?ver=6.9 HTTP/1.1" 304 0 "https://truelysell-wp.dreamsmarketplace.com/" "Mozilla/5.0 (Windows NT 10.0; Win64; x64) AppleWebKit/537.36 (KHTML, like Gecko) Chrome/145.0.0.0 Safari/537.36"
107.150.105.5 - - [23/Feb/2026:08:41:48 +0000] "GET /wp-content/themes/truelysell/assets/js/datedropper.js?ver=2.1 HTTP/1.1" 304 0 "-" "Go-http-client/1.1"
169.150.210.53 - - [23/Feb/2026:08:41:48 +0000] "GET /wp-content/themes/truelysell/assets/images/bgs/banner-bg.png HTTP/1.1" 304 0 "https://truelysell-wp.dreamsmarketplace.com/wp-content/themes/truelysell/assets/css/style-new.css?ver=2.1" "Mozilla/5.0 (Windows NT 10.0; Win64; x64) AppleWebKit/537.36 (KHTML, like Gecko) Chrome/145.0.0.0 Safari/537.36"
169.150.210.53 - - [23/Feb/2026:08:41:48 +0000] "GET /wp-content/themes/truelysell/assets/images/tick-banner.svg HTTP/1.1" 304 0 "https://truelysell-wp.dreamsmarketplace.com/" "Mozilla/5.0 (Windows NT 10.0; Win64; x64) AppleWebKit/537.36 (KHTML, like Gecko) Chrome/145.0.0.0 Safari/537.36"
169.150.210.53 - - [23/Feb/2026:08:41:48 +0000] "GET /wp-content/themes/truelysell/assets/images/bgs/bg-04.svg HTTP/1.1" 304 0 "https://truelysell-wp.dreamsmarketplace.com/" "Mozilla/5.0 (Windows NT 10.0; Win64; x64) AppleWebKit/537.36 (KHTML, like Gecko) Chrome/145.0.0.0 Safari/537.36"
169.150.210.53 - - [23/Feb/2026:08:41:48 +0000] "GET /wp-content/themes/truelysell/assets/images/bgs/bg-05.svg HTTP/1.1" 304 0 "https://truelysell-wp.dreamsmarketplace.com/" "Mozilla/5.0 (Windows NT 10.0; Win64; x64) AppleWebKit/537.36 (KHTML, like Gecko) Chrome/145.0.0.0 Safari/537.36"
169.150.210.53 - - [23/Feb/2026:08:41:48 +0000] "GET /wp-content/themes/truelysell//assets/js/jquery.slimscroll.min.js?ver=6.9 HTTP/1.1" 304 0 "https://truelysell-wp.dreamsmarketplace.com/" "Mozilla/5.0 (Windows NT 10.0; Win64; x64) AppleWebKit/537.36 (KHTML, like Gecko) Chrome/145.0.0.0 Safari/537.36"
169.150.210.53 - - [23/Feb/2026:08:41:48 +0000] "GET /wp-content/themes/truelysell/assets/js/wow.min.js?ver=6.9 HTTP/1.1" 304 0 "https://truelysell-wp.dreamsmarketplace.com/" "Mozilla/5.0 (Windows NT 10.0; Win64; x64) AppleWebKit/537.36 (KHTML, like Gecko) Chrome/145.0.0.0 Safari/537.36"
169.150.210.53 - - [23/Feb/2026:08:41:48 +0000] "GET /wp-content/themes/truelysell//assets/js/bootstrap-tagsinput.js?ver=6.9 HTTP/1.1" 304 0 "https://truelysell-wp.dreamsmarketplace.com/" "Mozilla/5.0 (Windows NT 10.0; Win64; x64) AppleWebKit/537.36 (KHTML, like Gecko) Chrome/145.0.0.0 Safari/537.36"
107.150.105.5 - - [23/Feb/2026:08:41:48 +0000] "GET /wp-content/plugins/truelysell-core/assets/js/contact-provider.js HTTP/1.1" 304 0 "-" "Go-http-client/1.1"
169.150.210.53 - - [23/Feb/2026:08:41:48 +0000] "GET /wp-content/themes/truelysell//assets/plugins/aos/aos.js?ver=6.9 HTTP/1.1" 304 0 "https://truelysell-wp.dreamsmarketplace.com/" "Mozilla/5.0 (Windows NT 10.0; Win64; x64) AppleWebKit/537.36 (KHTML, like Gecko) Chrome/145.0.0.0 Safari/537.36"
169.150.210.53 - - [23/Feb/2026:08:41:48 +0000] "GET /wp-content/themes/truelysell//assets/js/owl.carousel.min.js?ver=6.9 HTTP/1.1" 304 0 "https://truelysell-wp.dreamsmarketplace.com/" "Mozilla/5.0 (Windows NT 10.0; Win64; x64) AppleWebKit/537.36 (KHTML, like Gecko) Chrome/145.0.0.0 Safari/537.36"
169.150.210.53 - - [23/Feb/2026:08:41:48 +0000] "GET /wp-content/themes/truelysell//assets/js/backToTop.js?ver=6.9 HTTP/1.1" 304 0 "https://truelysell-wp.dreamsmarketplace.com/" "Mozilla/5.0 (Windows NT 10.0; Win64; x64) AppleWebKit/537.36 (KHTML, like Gecko) Chrome/145.0.0.0 Safari/537.36"
169.150.210.53 - - [23/Feb/2026:08:41:49 +0000] "GET /wp-content/themes/truelysell//assets/plugins/fullcalendar/main.min.js?ver=6.9 HTTP/1.1" 304 0 "https://truelysell-wp.dreamsmarketplace.com/" "Mozilla/5.0 (Windows NT 10.0; Win64; x64) AppleWebKit/537.36 (KHTML, like Gecko) Chrome/145.0.0.0 Safari/537.36"
169.150.210.53 - - [23/Feb/2026:08:41:49 +0000] "GET /wp-content/themes/truelysell//assets/js/jquery.meanmenu.min.js?ver=6.9 HTTP/1.1" 304 0 "https://truelysell-wp.dreamsmarketplace.com/" "Mozilla/5.0 (Windows NT 10.0; Win64; x64) AppleWebKit/537.36 (KHTML, like Gecko) Chrome/145.0.0.0 Safari/537.36"
169.150.210.53 - - [23/Feb/2026:08:41:49 +0000] "GET /wp-content/themes/truelysell//assets/js/bootstrap-datetimepicker.min.js?ver=6.9 HTTP/1.1" 304 0 "https://truelysell-wp.dreamsmarketplace.com/" "Mozilla/5.0 (Windows NT 10.0; Win64; x64) AppleWebKit/537.36 (KHTML, like Gecko) Chrome/145.0.0.0 Safari/537.36"
107.150.105.5 - - [23/Feb/2026:08:41:49 +0000] "GET /wp-content/plugins/truelysell-core/assets/js/custom-price.js HTTP/1.1" 200 6922 "-" "Go-http-client/1.1"
169.150.210.53 - - [23/Feb/2026:08:41:49 +0000] "GET /wp-content/themes/truelysell//assets/plugins/theia-sticky-sidebar/theia-sticky-sidebar.js?ver=6.9 HTTP/1.1" 304 0 "https://truelysell-wp.dreamsmarketplace.com/" "Mozilla/5.0 (Windows NT 10.0; Win64; x64) AppleWebKit/537.36 (KHTML, like Gecko) Chrome/145.0.0.0 Safari/537.36"
169.150.210.53 - - [23/Feb/2026:08:41:49 +0000] "GET /wp-content/themes/truelysell//assets/plugins/fancybox/jquery.fancybox.min.js?ver=6.9 HTTP/1.1" 304 0 "https://truelysell-wp.dreamsmarketplace.com/" "Mozilla/5.0 (Windows NT 10.0; Win64; x64) AppleWebKit/537.36 (KHTML, like Gecko) Chrome/145.0.0.0 Safari/537.36"
169.150.210.53 - - [23/Feb/2026:08:41:49 +0000] "GET /wp-content/themes/truelysell//assets/plugins/theia-sticky-sidebar/ResizeSensor.js?ver=6.9 HTTP/1.1" 304 0 "https://truelysell-wp.dreamsmarketplace.com/" "Mozilla/5.0 (Windows NT 10.0; Win64; x64) AppleWebKit/537.36 (KHTML, like Gecko) Chrome/145.0.0.0 Safari/537.36"
118.194.251.58 - - [23/Feb/2026:08:41:49 +0000] "GET /wp-content/uploads/2024/01/favicon.png HTTP/1.1" 200 2932 "-" "Go-http-client/1.1"
169.150.210.53 - - [23/Feb/2026:08:41:49 +0000] "GET /wp-content/themes/truelysell//assets/plugins/datatables/jquery.dataTables.min.js?ver=6.9 HTTP/1.1" 304 0 "https://truelysell-wp.dreamsmarketplace.com/" "Mozilla/5.0 (Windows NT 10.0; Win64; x64) AppleWebKit/537.36 (KHTML, like Gecko) Chrome/145.0.0.0 Safari/537.36"
169.150.210.53 - - [23/Feb/2026:08:41:49 +0000] "GET /wp-content/themes/truelysell//assets/js/script.js?ver=6.9 HTTP/1.1" 304 0 "https://truelysell-wp.dreamsmarketplace.com/" "Mozilla/5.0 (Windows NT 10.0; Win64; x64) AppleWebKit/537.36 (KHTML, like Gecko) Chrome/145.0.0.0 Safari/537.36"
169.150.210.53 - - [23/Feb/2026:08:41:49 +0000] "GET /wp-content/themes/truelysell//assets/plugins/datatables/datatables.min.js?ver=6.9 HTTP/1.1" 304 0 "https://truelysell-wp.dreamsmarketplace.com/" "Mozilla/5.0 (Windows NT 10.0; Win64; x64) AppleWebKit/537.36 (KHTML, like Gecko) Chrome/145.0.0.0 Safari/537.36"
107.150.105.5 - - [23/Feb/2026:08:41:49 +0000] "GET /wp-content/themes/truelysell//assets/plugins/theia-sticky-sidebar/ResizeSensor.js?ver=6.9 HTTP/1.1" 200 5955 "-" "Go-http-client/1.1"
169.150.210.53 - - [23/Feb/2026:08:41:49 +0000] "GET /wp-content/plugins/elementor/assets/lib/flatpickr/flatpickr.min.js?ver=4.6.13 HTTP/1.1" 304 0 "https://truelysell-wp.dreamsmarketplace.com/" "Mozilla/5.0 (Windows NT 10.0; Win64; x64) AppleWebKit/537.36 (KHTML, like Gecko) Chrome/145.0.0.0 Safari/537.36"
169.150.210.53 - - [23/Feb/2026:08:41:50 +0000] "GET /wp-content/themes/truelysell/assets/js/custom.js?ver=20170821 HTTP/1.1" 304 0 "https://truelysell-wp.dreamsmarketplace.com/" "Mozilla/5.0 (Windows NT 10.0; Win64; x64) AppleWebKit/537.36 (KHTML, like Gecko) Chrome/145.0.0.0 Safari/537.36"
169.150.210.53 - - [23/Feb/2026:08:41:50 +0000] "GET /wp-content/themes/truelysell/assets/js/autocomplete.js HTTP/1.1" 304 0 "https://truelysell-wp.dreamsmarketplace.com/" "Mozilla/5.0 (Windows NT 10.0; Win64; x64) AppleWebKit/537.36 (KHTML, like Gecko) Chrome/145.0.0.0 Safari/537.36"
169.150.210.53 - - [23/Feb/2026:08:41:50 +0000] "GET /wp-content/themes/truelysell/assets/js/staff-remove.js HTTP/1.1" 304 0 "https://truelysell-wp.dreamsmarketplace.com/" "Mozilla/5.0 (Windows NT 10.0; Win64; x64) AppleWebKit/537.36 (KHTML, like Gecko) Chrome/145.0.0.0 Safari/537.36"
107.150.105.5 - - [23/Feb/2026:08:41:50 +0000] "GET /wp-content/themes/truelysell/assets/js/timedropper.js?ver=2.1 HTTP/1.1" 200 7014 "-" "Go-http-client/1.1"
169.150.210.53 - - [23/Feb/2026:08:41:50 +0000] "GET /wp-content/plugins/woocommerce/assets/js/sourcebuster/sourcebuster.min.js?ver=10.4.2 HTTP/1.1" 304 0 "https://truelysell-wp.dreamsmarketplace.com/" "Mozilla/5.0 (Windows NT 10.0; Win64; x64) AppleWebKit/537.36 (KHTML, like Gecko) Chrome/145.0.0.0 Safari/537.36"
169.150.210.53 - - [23/Feb/2026:08:41:50 +0000] "GET /wp-content/plugins/woocommerce/assets/js/frontend/order-attribution.min.js?ver=10.4.2 HTTP/1.1" 304 0 "https://truelysell-wp.dreamsmarketplace.com/" "Mozilla/5.0 (Windows NT 10.0; Win64; x64) AppleWebKit/537.36 (KHTML, like Gecko) Chrome/145.0.0.0 Safari/537.36"
118.194.251.58 - - [23/Feb/2026:08:41:50 +0000] "GET /wp-content/plugins/truelysell-core/assets/js/gallery.js HTTP/1.1" 200 3486 "-" "Go-http-client/1.1"
169.150.210.53 - - [23/Feb/2026:08:41:50 +0000] "GET /wp-content/uploads/2024/10/category-02.svg HTTP/1.1" 304 0 "https://truelysell-wp.dreamsmarketplace.com/" "Mozilla/5.0 (Windows NT 10.0; Win64; x64) AppleWebKit/537.36 (KHTML, like Gecko) Chrome/145.0.0.0 Safari/537.36"
169.150.210.53 - - [23/Feb/2026:08:41:50 +0000] "GET /wp-content/themes/truelysell/assets/images/app-store.svg HTTP/1.1" 304 0 "https://truelysell-wp.dreamsmarketplace.com/" "Mozilla/5.0 (Windows NT 10.0; Win64; x64) AppleWebKit/537.36 (KHTML, like Gecko) Chrome/145.0.0.0 Safari/537.36"
169.150.210.53 - - [23/Feb/2026:08:41:50 +0000] "GET /wp-content/plugins/elementor/assets/js/webpack.runtime.min.js?ver=3.33.4 HTTP/1.1" 304 0 "https://truelysell-wp.dreamsmarketplace.com/" "Mozilla/5.0 (Windows NT 10.0; Win64; x64) AppleWebKit/537.36 (KHTML, like Gecko) Chrome/145.0.0.0 Safari/537.36"
169.150.210.53 - - [23/Feb/2026:08:41:50 +0000] "GET /wp-content/plugins/woocommerce/assets/js/jquery-blockui/jquery.blockUI.min.js?ver=2.7.0-wc.10.4.2 HTTP/1.1" 304 0 "https://truelysell-wp.dreamsmarketplace.com/" "Mozilla/5.0 (Windows NT 10.0; Win64; x64) AppleWebKit/537.36 (KHTML, like Gecko) Chrome/145.0.0.0 Safari/537.36"
169.150.210.53 - - [23/Feb/2026:08:41:50 +0000] "GET /wp-content/plugins/elementor/assets/js/frontend.min.js?ver=3.33.4 HTTP/1.1" 304 0 "https://truelysell-wp.dreamsmarketplace.com/" "Mozilla/5.0 (Windows NT 10.0; Win64; x64) AppleWebKit/537.36 (KHTML, like Gecko) Chrome/145.0.0.0 Safari/537.36"
169.150.210.53 - - [23/Feb/2026:08:41:50 +0000] "GET /wp-content/plugins/woocommerce/assets/js/frontend/add-to-cart.min.js?ver=10.4.2 HTTP/1.1" 304 0 "https://truelysell-wp.dreamsmarketplace.com/" "Mozilla/5.0 (Windows NT 10.0; Win64; x64) AppleWebKit/537.36 (KHTML, like Gecko) Chrome/145.0.0.0 Safari/537.36"
169.150.210.53 - - [23/Feb/2026:08:41:50 +0000] "GET /wp-content/uploads/2024/01/services-13-577x384.jpg HTTP/1.1" 200 48488 "https://truelysell-wp.dreamsmarketplace.com/" "Mozilla/5.0 (Windows NT 10.0; Win64; x64) AppleWebKit/537.36 (KHTML, like Gecko) Chrome/145.0.0.0 Safari/537.36"
169.150.210.53 - - [23/Feb/2026:08:41:50 +0000] "GET /wp-content/uploads/2024/10/work-02.svg HTTP/1.1" 304 0 "https://truelysell-wp.dreamsmarketplace.com/" "Mozilla/5.0 (Windows NT 10.0; Win64; x64) AppleWebKit/537.36 (KHTML, like Gecko) Chrome/145.0.0.0 Safari/537.36"
169.150.210.53 - - [23/Feb/2026:08:41:50 +0000] "GET /wp-content/uploads/2024/10/work-01.svg HTTP/1.1" 304 0 "https://truelysell-wp.dreamsmarketplace.com/" "Mozilla/5.0 (Windows NT 10.0; Win64; x64) AppleWebKit/537.36 (KHTML, like Gecko) Chrome/145.0.0.0 Safari/537.36"
169.150.210.53 - - [23/Feb/2026:08:41:50 +0000] "GET /wp-content/uploads/2024/10/category-05.svg HTTP/1.1" 304 0 "https://truelysell-wp.dreamsmarketplace.com/" "Mozilla/5.0 (Windows NT 10.0; Win64; x64) AppleWebKit/537.36 (KHTML, like Gecko) Chrome/145.0.0.0 Safari/537.36"
169.150.210.53 - - [23/Feb/2026:08:41:50 +0000] "GET /wp-content/uploads/2024/10/category-08.svg HTTP/1.1" 304 0 "https://truelysell-wp.dreamsmarketplace.com/" "Mozilla/5.0 (Windows NT 10.0; Win64; x64) AppleWebKit/537.36 (KHTML, like Gecko) Chrome/145.0.0.0 Safari/537.36"
169.150.210.53 - - [23/Feb/2026:08:41:50 +0000] "GET /wp-content/uploads/2024/10/category-10.svg HTTP/1.1" 304 0 "https://truelysell-wp.dreamsmarketplace.com/" "Mozilla/5.0 (Windows NT 10.0; Win64; x64) AppleWebKit/537.36 (KHTML, like Gecko) Chrome/145.0.0.0 Safari/537.36"
169.150.210.53 - - [23/Feb/2026:08:41:50 +0000] "GET /wp-content/themes/truelysell/assets/images/bgs/work-bg-01.svg HTTP/1.1" 304 0 "https://truelysell-wp.dreamsmarketplace.com/" "Mozilla/5.0 (Windows NT 10.0; Win64; x64) AppleWebKit/537.36 (KHTML, like Gecko) Chrome/145.0.0.0 Safari/537.36"
169.150.210.53 - - [23/Feb/2026:08:41:50 +0000] "GET /wp-content/uploads/2024/10/category-01.svg HTTP/1.1" 304 0 "https://truelysell-wp.dreamsmarketplace.com/" "Mozilla/5.0 (Windows NT 10.0; Win64; x64) AppleWebKit/537.36 (KHTML, like Gecko) Chrome/145.0.0.0 Safari/537.36"
169.150.210.53 - - [23/Feb/2026:08:41:50 +0000] "GET /wp-content/uploads/2024/10/business.jpg HTTP/1.1" 304 0 "https://truelysell-wp.dreamsmarketplace.com/" "Mozilla/5.0 (Windows NT 10.0; Win64; x64) AppleWebKit/537.36 (KHTML, like Gecko) Chrome/145.0.0.0 Safari/537.36"
169.150.210.53 - - [23/Feb/2026:08:41:50 +0000] "GET /wp-content/uploads/2024/01/provider-05-3.jpg HTTP/1.1" 304 0 "https://truelysell-wp.dreamsmarketplace.com/" "Mozilla/5.0 (Windows NT 10.0; Win64; x64) AppleWebKit/537.36 (KHTML, like Gecko) Chrome/145.0.0.0 Safari/537.36"
169.150.210.53 - - [23/Feb/2026:08:41:50 +0000] "GET /wp-content/themes/truelysell/assets/images/bgs/work-bg-02.svg HTTP/1.1" 304 0 "https://truelysell-wp.dreamsmarketplace.com/" "Mozilla/5.0 (Windows NT 10.0; Win64; x64) AppleWebKit/537.36 (KHTML, like Gecko) Chrome/145.0.0.0 Safari/537.36"
169.150.210.53 - - [23/Feb/2026:08:41:50 +0000] "GET /wp-content/uploads/2024/10/work-03.svg HTTP/1.1" 304 0 "https://truelysell-wp.dreamsmarketplace.com/" "Mozilla/5.0 (Windows NT 10.0; Win64; x64) AppleWebKit/537.36 (KHTML, like Gecko) Chrome/145.0.0.0 Safari/537.36"
169.150.210.53 - - [23/Feb/2026:08:41:50 +0000] "GET /wp-content/themes/truelysell/assets/images/bgs/provide-bg-02.svg HTTP/1.1" 304 0 "https://truelysell-wp.dreamsmarketplace.com/" "Mozilla/5.0 (Windows NT 10.0; Win64; x64) AppleWebKit/537.36 (KHTML, like Gecko) Chrome/145.0.0.0 Safari/537.36"
169.150.210.53 - - [23/Feb/2026:08:41:50 +0000] "GET /wp-content/plugins/woocommerce/assets/css/woocommerce-smallscreen.css?ver=10.4.2 HTTP/1.1" 304 0 "https://truelysell-wp.dreamsmarketplace.com/" "Mozilla/5.0 (Windows NT 10.0; Win64; x64) AppleWebKit/537.36 (KHTML, like Gecko) Chrome/145.0.0.0 Safari/537.36"
169.150.210.53 - - [23/Feb/2026:08:41:50 +0000] "GET /wp-content/themes/truelysell/assets/images/icon/work-icon.svg HTTP/1.1" 304 0 "https://truelysell-wp.dreamsmarketplace.com/wp-content/themes/truelysell/assets/css/style-new.css?ver=2.1" "Mozilla/5.0 (Windows NT 10.0; Win64; x64) AppleWebKit/537.36 (KHTML, like Gecko) Chrome/145.0.0.0 Safari/537.36"
169.150.210.53 - - [23/Feb/2026:08:41:50 +0000] "GET /wp-content/plugins/woocommerce/assets/js/js-cookie/js.cookie.min.js?ver=2.1.4-wc.10.4.2 HTTP/1.1" 304 0 "https://truelysell-wp.dreamsmarketplace.com/" "Mozilla/5.0 (Windows NT 10.0; Win64; x64) AppleWebKit/537.36 (KHTML, like Gecko) Chrome/145.0.0.0 Safari/537.36"
169.150.210.53 - - [23/Feb/2026:08:41:50 +0000] "GET /wp-content/themes/truelysell/assets/images/icon/fb.svg HTTP/1.1" 304 0 "https://truelysell-wp.dreamsmarketplace.com/" "Mozilla/5.0 (Windows NT 10.0; Win64; x64) AppleWebKit/537.36 (KHTML, like Gecko) Chrome/145.0.0.0 Safari/537.36"
169.150.210.53 - - [23/Feb/2026:08:41:50 +0000] "GET /wp-content/themes/truelysell/assets/images/icon/whatsapp.svg HTTP/1.1" 304 0 "https://truelysell-wp.dreamsmarketplace.com/" "Mozilla/5.0 (Windows NT 10.0; Win64; x64) AppleWebKit/537.36 (KHTML, like Gecko) Chrome/145.0.0.0 Safari/537.36"
169.150.210.53 - - [23/Feb/2026:08:41:50 +0000] "GET /wp-content/uploads/2024/10/category-06.svg HTTP/1.1" 304 0 "https://truelysell-wp.dreamsmarketplace.com/" "Mozilla/5.0 (Windows NT 10.0; Win64; x64) AppleWebKit/537.36 (KHTML, like Gecko) Chrome/145.0.0.0 Safari/537.36"
169.150.210.53 - - [23/Feb/2026:08:41:50 +0000] "GET /wp-content/uploads/2024/10/avatar-14-2.jpg HTTP/1.1" 304 0 "https://truelysell-wp.dreamsmarketplace.com/" "Mozilla/5.0 (Windows NT 10.0; Win64; x64) AppleWebKit/537.36 (KHTML, like Gecko) Chrome/145.0.0.0 Safari/537.36"
169.150.210.53 - - [23/Feb/2026:08:41:50 +0000] "GET /wp-content/uploads/2024/10/category-09.svg HTTP/1.1" 304 0 "https://truelysell-wp.dreamsmarketplace.com/" "Mozilla/5.0 (Windows NT 10.0; Win64; x64) AppleWebKit/537.36 (KHTML, like Gecko) Chrome/145.0.0.0 Safari/537.36"
169.150.210.53 - - [23/Feb/2026:08:41:50 +0000] "GET /wp-content/uploads/2024/10/category-11.svg HTTP/1.1" 304 0 "https://truelysell-wp.dreamsmarketplace.com/" "Mozilla/5.0 (Windows NT 10.0; Win64; x64) AppleWebKit/537.36 (KHTML, like Gecko) Chrome/145.0.0.0 Safari/537.36"
169.150.210.53 - - [23/Feb/2026:08:41:50 +0000] "GET /wp-content/uploads/2024/10/avatar-13-1.jpg HTTP/1.1" 304 0 "https://truelysell-wp.dreamsmarketplace.com/" "Mozilla/5.0 (Windows NT 10.0; Win64; x64) AppleWebKit/537.36 (KHTML, like Gecko) Chrome/145.0.0.0 Safari/537.36"
169.150.210.53 - - [23/Feb/2026:08:41:50 +0000] "GET /wp-content/plugins/woocommerce/assets/js/frontend/woocommerce.min.js?ver=10.4.2 HTTP/1.1" 304 0 "https://truelysell-wp.dreamsmarketplace.com/" "Mozilla/5.0 (Windows NT 10.0; Win64; x64) AppleWebKit/537.36 (KHTML, like Gecko) Chrome/145.0.0.0 Safari/537.36"
169.150.210.53 - - [23/Feb/2026:08:41:50 +0000] "GET /wp-content/uploads/2024/10/category-13.svg HTTP/1.1" 304 0 "https://truelysell-wp.dreamsmarketplace.com/" "Mozilla/5.0 (Windows NT 10.0; Win64; x64) AppleWebKit/537.36 (KHTML, like Gecko) Chrome/145.0.0.0 Safari/537.36"
169.150.210.53 - - [23/Feb/2026:08:41:50 +0000] "GET /wp-content/themes/truelysell/assets/images/business-bg.png HTTP/1.1" 304 0 "https://truelysell-wp.dreamsmarketplace.com/wp-content/themes/truelysell/assets/css/style-new.css?ver=2.1" "Mozilla/5.0 (Windows NT 10.0; Win64; x64) AppleWebKit/537.36 (KHTML, like Gecko) Chrome/145.0.0.0 Safari/537.36"
169.150.210.53 - - [23/Feb/2026:08:41:50 +0000] "GET /wp-content/themes/truelysell/assets/images/icon/star-01.svg HTTP/1.1" 304 0 "https://truelysell-wp.dreamsmarketplace.com/" "Mozilla/5.0 (Windows NT 10.0; Win64; x64) AppleWebKit/537.36 (KHTML, like Gecko) Chrome/145.0.0.0 Safari/537.36"
169.150.210.53 - - [23/Feb/2026:08:41:50 +0000] "GET /wp-content/uploads/2024/01/services-07-577x384.jpg HTTP/1.1" 200 50244 "https://truelysell-wp.dreamsmarketplace.com/" "Mozilla/5.0 (Windows NT 10.0; Win64; x64) AppleWebKit/537.36 (KHTML, like Gecko) Chrome/145.0.0.0 Safari/537.36"
169.150.210.53 - - [23/Feb/2026:08:41:50 +0000] "GET /wp-content/themes/truelysell/assets/images/goolge-play.svg HTTP/1.1" 304 0 "https://truelysell-wp.dreamsmarketplace.com/" "Mozilla/5.0 (Windows NT 10.0; Win64; x64) AppleWebKit/537.36 (KHTML, like Gecko) Chrome/145.0.0.0 Safari/537.36"
169.150.210.53 - - [23/Feb/2026:08:41:50 +0000] "GET /wp-content/plugins/woocommerce/assets/js/select2/select2.full.min.js?ver=4.0.3-wc.10.4.2 HTTP/1.1" 304 0 "https://truelysell-wp.dreamsmarketplace.com/" "Mozilla/5.0 (Windows NT 10.0; Win64; x64) AppleWebKit/537.36 (KHTML, like Gecko) Chrome/145.0.0.0 Safari/537.36"
169.150.210.53 - - [23/Feb/2026:08:41:50 +0000] "GET /wp-content/uploads/2024/01/services-12-577x384.jpg HTTP/1.1" 200 37646 "https://truelysell-wp.dreamsmarketplace.com/" "Mozilla/5.0 (Windows NT 10.0; Win64; x64) AppleWebKit/537.36 (KHTML, like Gecko) Chrome/145.0.0.0 Safari/537.36"
169.150.210.53 - - [23/Feb/2026:08:41:50 +0000] "GET /wp-content/uploads/2024/10/avatar-12-1.jpg HTTP/1.1" 304 0 "https://truelysell-wp.dreamsmarketplace.com/" "Mozilla/5.0 (Windows NT 10.0; Win64; x64) AppleWebKit/537.36 (KHTML, like Gecko) Chrome/145.0.0.0 Safari/537.36"
169.150.210.53 - - [23/Feb/2026:08:41:50 +0000] "GET /wp-content/themes/truelysell/assets/images/icon/youtube.svg HTTP/1.1" 304 0 "https://truelysell-wp.dreamsmarketplace.com/" "Mozilla/5.0 (Windows NT 10.0; Win64; x64) AppleWebKit/537.36 (KHTML, like Gecko) Chrome/145.0.0.0 Safari/537.36"
169.150.210.53 - - [23/Feb/2026:08:41:50 +0000] "GET /wp-content/plugins/elementor/assets/js/frontend-modules.min.js?ver=3.33.4 HTTP/1.1" 304 0 "https://truelysell-wp.dreamsmarketplace.com/" "Mozilla/5.0 (Windows NT 10.0; Win64; x64) AppleWebKit/537.36 (KHTML, like Gecko) Chrome/145.0.0.0 Safari/537.36"
169.150.210.53 - - [23/Feb/2026:08:41:50 +0000] "GET /wp-content/themes/truelysell/assets/images/bgs/provide-bg-01.svg HTTP/1.1" 304 0 "https://truelysell-wp.dreamsmarketplace.com/" "Mozilla/5.0 (Windows NT 10.0; Win64; x64) AppleWebKit/537.36 (KHTML, like Gecko) Chrome/145.0.0.0 Safari/537.36"
169.150.210.53 - - [23/Feb/2026:08:41:50 +0000] "GET /wp-content/uploads/2024/10/provider-10.jpg HTTP/1.1" 304 0 "https://truelysell-wp.dreamsmarketplace.com/" "Mozilla/5.0 (Windows NT 10.0; Win64; x64) AppleWebKit/537.36 (KHTML, like Gecko) Chrome/145.0.0.0 Safari/537.36"
169.150.210.53 - - [23/Feb/2026:08:41:50 +0000] "GET /wp-content/uploads/2024/01/provider-04-1.jpg HTTP/1.1" 304 0 "https://truelysell-wp.dreamsmarketplace.com/" "Mozilla/5.0 (Windows NT 10.0; Win64; x64) AppleWebKit/537.36 (KHTML, like Gecko) Chrome/145.0.0.0 Safari/537.36"
169.150.210.53 - - [23/Feb/2026:08:41:50 +0000] "GET /wp-content/themes/truelysell/assets/images/bgs/bg-03.svg HTTP/1.1" 304 0 "https://truelysell-wp.dreamsmarketplace.com/" "Mozilla/5.0 (Windows NT 10.0; Win64; x64) AppleWebKit/537.36 (KHTML, like Gecko) Chrome/145.0.0.0 Safari/537.36"
169.150.210.53 - - [23/Feb/2026:08:41:50 +0000] "GET /wp-content/uploads/2024/10/category-07.svg HTTP/1.1" 304 0 "https://truelysell-wp.dreamsmarketplace.com/" "Mozilla/5.0 (Windows NT 10.0; Win64; x64) AppleWebKit/537.36 (KHTML, like Gecko) Chrome/145.0.0.0 Safari/537.36"
169.150.210.53 - - [23/Feb/2026:08:41:50 +0000] "GET /wp-content/uploads/2024/10/category-04.svg HTTP/1.1" 304 0 "https://truelysell-wp.dreamsmarketplace.com/" "Mozilla/5.0 (Windows NT 10.0; Win64; x64) AppleWebKit/537.36 (KHTML, like Gecko) Chrome/145.0.0.0 Safari/537.36"
169.150.210.53 - - [23/Feb/2026:08:41:50 +0000] "GET /wp-content/uploads/2024/10/avatar-15.jpg HTTP/1.1" 304 0 "https://truelysell-wp.dreamsmarketplace.com/" "Mozilla/5.0 (Windows NT 10.0; Win64; x64) AppleWebKit/537.36 (KHTML, like Gecko) Chrome/145.0.0.0 Safari/537.36"
169.150.210.53 - - [23/Feb/2026:08:41:50 +0000] "GET /wp-content/themes/truelysell/assets/images/icon/instagram.svg HTTP/1.1" 304 0 "https://truelysell-wp.dreamsmarketplace.com/" "Mozilla/5.0 (Windows NT 10.0; Win64; x64) AppleWebKit/537.36 (KHTML, like Gecko) Chrome/145.0.0.0 Safari/537.36"
169.150.210.53 - - [23/Feb/2026:08:41:50 +0000] "GET /wp-content/themes/truelysell/assets/images/icon/linkedin.svg HTTP/1.1" 304 0 "https://truelysell-wp.dreamsmarketplace.com/" "Mozilla/5.0 (Windows NT 10.0; Win64; x64) AppleWebKit/537.36 (KHTML, like Gecko) Chrome/145.0.0.0 Safari/537.36"
169.150.210.53 - - [23/Feb/2026:08:41:50 +0000] "GET /wp-content/uploads/2024/10/category-12.svg HTTP/1.1" 304 0 "https://truelysell-wp.dreamsmarketplace.com/" "Mozilla/5.0 (Windows NT 10.0; Win64; x64) AppleWebKit/537.36 (KHTML, like Gecko) Chrome/145.0.0.0 Safari/537.36"
169.150.210.53 - - [23/Feb/2026:08:41:50 +0000] "GET /wp-content/themes/truelysell/assets/images/icon/twitter.svg HTTP/1.1" 304 0 "https://truelysell-wp.dreamsmarketplace.com/" "Mozilla/5.0 (Windows NT 10.0; Win64; x64) AppleWebKit/537.36 (KHTML, like Gecko) Chrome/145.0.0.0 Safari/537.36"
107.150.105.5 - - [23/Feb/2026:08:41:50 +0000] "GET /wp-content/themes/truelysell//assets/plugins/theia-sticky-sidebar/theia-sticky-sidebar.js?ver=6.9 HTTP/1.1" 200 16379 "-" "Go-http-client/1.1"
118.194.251.58 - - [23/Feb/2026:08:41:50 +0000] "GET /wp-content/themes/truelysell//assets/plugins/theia-sticky-sidebar/theia-sticky-sidebar.js?ver=6.9 HTTP/1.1" 200 16379 "-" "Go-http-client/1.1"
169.150.210.53 - - [23/Feb/2026:08:41:51 +0000] "GET /wp-content/plugins/elementor/assets/js/section-frontend-handlers.d85ab872da118940910d.bundle.min.js HTTP/1.1" 304 0 "https://truelysell-wp.dreamsmarketplace.com/" "Mozilla/5.0 (Windows NT 10.0; Win64; x64) AppleWebKit/537.36 (KHTML, like Gecko) Chrome/145.0.0.0 Safari/537.36"
169.150.210.53 - - [23/Feb/2026:08:41:51 +0000] "GET /wp-content/plugins/elementor/assets/js/shared-frontend-handlers.03caa53373b56d3bab67.bundle.min.js HTTP/1.1" 304 0 "https://truelysell-wp.dreamsmarketplace.com/" "Mozilla/5.0 (Windows NT 10.0; Win64; x64) AppleWebKit/537.36 (KHTML, like Gecko) Chrome/145.0.0.0 Safari/537.36"
169.150.210.53 - - [23/Feb/2026:08:41:51 +0000] "GET /wp-includes/js/wp-emoji-release.min.js?ver=6.9 HTTP/1.1" 304 0 "https://truelysell-wp.dreamsmarketplace.com/" "Mozilla/5.0 (Windows NT 10.0; Win64; x64) AppleWebKit/537.36 (KHTML, like Gecko) Chrome/145.0.0.0 Safari/537.36"
107.150.105.5 - - [23/Feb/2026:08:41:51 +0000] "GET /wp-content/themes/truelysell//assets/js/script.js?ver=6.9 HTTP/1.1" 200 62312 "-" "Go-http-client/1.1"
118.194.251.58 - - [23/Feb/2026:08:41:51 +0000] "GET /wp-content/plugins/truelysell-core/assets/js/custom-includes-title.js HTTP/1.1" 200 2900 "-" "Go-http-client/1.1"
107.150.105.5 - - [23/Feb/2026:08:41:52 +0000] "GET /wp-content/plugins/contact-form-7/includes/swv/js/index.js?ver=6.1.4 HTTP/1.1" 200 12512 "-" "Go-http-client/1.1"
118.194.251.58 - - [23/Feb/2026:08:41:52 +0000] "GET /wp-content/themes/truelysell/assets/js/datedropper.js?ver=2.1 HTTP/1.1" 200 22534 "-" "Go-http-client/1.1"
107.150.105.5 - - [23/Feb/2026:08:41:52 +0000] "GET /wp-content/plugins/truelysell-core/assets/js/custom-includes-title.js HTTP/1.1" 200 2900 "-" "Go-http-client/1.1"
107.150.105.5 - - [23/Feb/2026:08:41:53 +0000] "GET /wp-content/plugins/truelysell-core/assets/js/bookings-single.js?ver=1.7.20 HTTP/1.1" 304 0 "-" "Go-http-client/1.1"
118.194.251.58 - - [23/Feb/2026:08:41:53 +0000] "GET /wp-content/plugins/contact-form-7/includes/js/index.js?ver=6.1.4 HTTP/1.1" 200 13452 "-" "Go-http-client/1.1"
107.150.105.5 - - [23/Feb/2026:08:41:53 +0000] "GET /wp-content/plugins/truelysell-core/assets/js/frontend.js?ver=1.7.20 HTTP/1.1" 200 70248 "-" "Go-http-client/1.1"
169.150.210.53 - - [23/Feb/2026:08:41:53 +0000] "POST /wp-admin/admin-ajax.php HTTP/1.1" 200 58 "https://truelysell-wp.dreamsmarketplace.com/" "Mozilla/5.0 (Windows NT 10.0; Win64; x64) AppleWebKit/537.36 (KHTML, like Gecko) Chrome/145.0.0.0 Safari/537.36"
118.194.251.58 - - [23/Feb/2026:08:41:53 +0000] "GET /wp-content/themes/truelysell//assets/js/script.js?ver=6.9 HTTP/1.1" 200 62312 "-" "Go-http-client/1.1"
169.150.210.53 - - [23/Feb/2026:08:41:54 +0000] "GET /wp-admin/admin-ajax.php?action=get_includes_title HTTP/1.1" 200 70 "https://truelysell-wp.dreamsmarketplace.com/" "Mozilla/5.0 (Windows NT 10.0; Win64; x64) AppleWebKit/537.36 (KHTML, like Gecko) Chrome/145.0.0.0 Safari/537.36"
169.150.210.53 - - [23/Feb/2026:08:41:54 +0000] "GET /wp-admin/admin-ajax.php?action=get_faq_section HTTP/1.1" 200 83 "https://truelysell-wp.dreamsmarketplace.com/" "Mozilla/5.0 (Windows NT 10.0; Win64; x64) AppleWebKit/537.36 (KHTML, like Gecko) Chrome/145.0.0.0 Safari/537.36"
169.150.210.53 - - [23/Feb/2026:08:41:54 +0000] "GET /wp-admin/admin-ajax.php?action=get_additional_services HTTP/1.1" 200 83 "https://truelysell-wp.dreamsmarketplace.com/" "Mozilla/5.0 (Windows NT 10.0; Win64; x64) AppleWebKit/537.36 (KHTML, like Gecko) Chrome/145.0.0.0 Safari/537.36"
169.150.210.53 - - [23/Feb/2026:08:41:54 +0000] "GET /wp-json/contact-form-7/v1/contact-forms/363/feedback/schema HTTP/1.1" 200 345 "https://truelysell-wp.dreamsmarketplace.com/" "Mozilla/5.0 (Windows NT 10.0; Win64; x64) AppleWebKit/537.36 (KHTML, like Gecko) Chrome/145.0.0.0 Safari/537.36"
107.150.105.5 - - [23/Feb/2026:08:41:54 +0000] "GET /wp-content/themes/truelysell/assets/js/autocomplete.js HTTP/1.1" 200 1231 "-" "Go-http-client/1.1"
118.194.251.58 - - [23/Feb/2026:08:41:54 +0000] "GET /wp-content/themes/truelysell//assets/plugins/aos/aos.js?ver=6.9 HTTP/1.1" 200 14243 "-" "Go-http-client/1.1"
107.150.105.5 - - [23/Feb/2026:08:41:54 +0000] "GET /wp-content/themes/truelysell/assets/js/daterangepicker.js?ver=2.1 HTTP/1.1" 304 0 "-" "Go-http-client/1.1"
45.194.70.253 - - [23/Feb/2026:08:41:55 +0000] "GET /favicon.ico HTTP/1.1" 302 5 "-" "Go-http-client/1.1"
107.150.105.5 - - [23/Feb/2026:08:41:55 +0000] "GET /wp-content/plugins/truelysell-core/assets/js/custom-faq-section.js HTTP/1.1" 200 3855 "-" "Go-http-client/1.1"
118.194.251.58 - - [23/Feb/2026:08:41:55 +0000] "GET /wp-content/themes/truelysell/assets/js/dropzone.js?ver=2.1 HTTP/1.1" 200 48148 "-" "Go-http-client/1.1"
107.150.105.5 - - [23/Feb/2026:08:41:55 +0000] "GET /wp-content/themes/truelysell//assets/plugins/aos/aos.js?ver=6.9 HTTP/1.1" 200 14243 "-" "Go-http-client/1.1"
107.150.105.5 - - [23/Feb/2026:08:41:56 +0000] "GET /wp-content/plugins/truelysell-core/assets/js/addon-services.js HTTP/1.1" 200 8297 "-" "Go-http-client/1.1"
118.194.251.58 - - [23/Feb/2026:08:41:56 +0000] "GET /wp-content/themes/truelysell/assets/js/quantityButtons.js?ver=2.1 HTTP/1.1" 200 2012 "-" "Go-http-client/1.1"
45.194.70.253 - - [23/Feb/2026:08:41:57 +0000] "GET /sitemap.xml HTTP/1.1" 301 5 "-" "Go-http-client/1.1"
107.150.105.5 - - [23/Feb/2026:08:41:57 +0000] "GET /wp-content/themes/truelysell//assets/js/backToTop.js?ver=6.9 HTTP/1.1" 200 1003 "-" "Go-http-client/1.1"
45.194.70.253 - - [23/Feb/2026:08:41:57 +0000] "GET /robots.txt HTTP/1.1" 200 428 "-" "Go-http-client/1.1"
118.194.251.58 - - [23/Feb/2026:08:41:57 +0000] "GET /wp-content/plugins/truelysell-core/assets/js/slots-new.js HTTP/1.1" 200 16294 "-" "Go-http-client/1.1"
107.150.105.5 - - [23/Feb/2026:08:41:57 +0000] "GET /wp-content/themes/truelysell/assets/js/staff-remove.js HTTP/1.1" 304 0 "-" "Go-http-client/1.1"
107.150.105.5 - - [23/Feb/2026:08:41:57 +0000] "GET /wp-content/plugins/contact-form-7/includes/js/index.js?ver=6.1.4 HTTP/1.1" 200 13452 "-" "Go-http-client/1.1"
118.194.251.58 - - [23/Feb/2026:08:41:58 +0000] "GET /wp-content/themes/truelysell/assets/js/daterangepicker.js?ver=2.1 HTTP/1.1" 200 64972 "-" "Go-http-client/1.1"
45.194.70.253 - - [23/Feb/2026:08:41:58 +0000] "GET /wp-sitemap.xml HTTP/1.1" 200 1414 "https://truelysell-wp.dreamsmarketplace.com/sitemap.xml" "Go-http-client/1.1"
107.150.105.5 - - [23/Feb/2026:08:41:58 +0000] "GET /wp-content/themes/truelysell/assets/js/dropzone.js?ver=2.1 HTTP/1.1" 200 48148 "-" "Go-http-client/1.1"
118.194.251.58 - - [23/Feb/2026:08:41:59 +0000] "GET /wp-content/plugins/truelysell-core/assets/js/contact-provider.js HTTP/1.1" 200 1101 "-" "Go-http-client/1.1"
107.150.105.5 - - [23/Feb/2026:08:41:59 +0000] "GET /wp-content/plugins/truelysell-core/assets/js/slots-new.js HTTP/1.1" 200 16294 "-" "Go-http-client/1.1"
118.194.251.58 - - [23/Feb/2026:08:41:59 +0000] "GET /wp-content/themes/truelysell//assets/js/backToTop.js?ver=6.9 HTTP/1.1" 200 1003 "-" "Go-http-client/1.1"
107.150.105.5 - - [23/Feb/2026:08:41:59 +0000] "GET /wp-content/plugins/truelysell-core/assets/js/gallery.js HTTP/1.1" 200 3486 "-" "Go-http-client/1.1"
107.150.105.5 - - [23/Feb/2026:08:42:00 +0000] "GET /wp-content/themes/truelysell/assets/js/custom.js?ver=20170821 HTTP/1.1" 200 43315 "-" "Go-http-client/1.1"
118.194.251.58 - - [23/Feb/2026:08:42:00 +0000] "GET /wp-content/themes/truelysell//assets/plugins/theia-sticky-sidebar/ResizeSensor.js?ver=6.9 HTTP/1.1" 200 5955 "-" "Go-http-client/1.1"
118.194.251.58 - - [23/Feb/2026:08:42:01 +0000] "GET /wp-content/themes/truelysell/assets/js/custom.js?ver=20170821 HTTP/1.1" 200 43315 "-" "Go-http-client/1.1"
118.194.251.58 - - [23/Feb/2026:08:42:02 +0000] "GET /wp-content/themes/truelysell/assets/js/staff-remove.js HTTP/1.1" 200 1051 "-" "Go-http-client/1.1"
107.150.105.5 - - [23/Feb/2026:08:42:02 +0000] "GET /sitemap.xml HTTP/1.1" 301 5 "-" "Go-http-client/1.1"
118.194.251.58 - - [23/Feb/2026:08:42:02 +0000] "GET /wp-content/plugins/contact-form-7/includes/swv/js/index.js?ver=6.1.4 HTTP/1.1" 200 12512 "-" "Go-http-client/1.1"
118.194.251.58 - - [23/Feb/2026:08:42:03 +0000] "GET /wp-content/plugins/truelysell-core/assets/js/frontend.js?ver=1.7.20 HTTP/1.1" 200 70248 "-" "Go-http-client/1.1"
118.194.251.58 - - [23/Feb/2026:08:42:04 +0000] "GET /wp-content/plugins/truelysell-core/assets/js/addon-services.js HTTP/1.1" 200 8297 "-" "Go-http-client/1.1"
107.150.105.5 - - [23/Feb/2026:08:42:05 +0000] "GET /wp-sitemap.xml HTTP/1.1" 200 1414 "https://truelysell-wp.dreamsmarketplace.com/sitemap.xml" "Go-http-client/1.1"
118.194.251.58 - - [23/Feb/2026:08:42:05 +0000] "GET /wp-content/themes/truelysell/assets/js/autocomplete.js HTTP/1.1" 200 1231 "-" "Go-http-client/1.1"
118.194.251.58 - - [23/Feb/2026:08:42:06 +0000] "GET /wp-content/plugins/truelysell-core/assets/js/bookings-single.js?ver=1.7.20 HTTP/1.1" 200 42485 "-" "Go-http-client/1.1"
118.194.251.58 - - [23/Feb/2026:08:42:07 +0000] "GET /wp-content/plugins/truelysell-core/assets/js/custom-faq-section.js HTTP/1.1" 200 3855 "-" "Go-http-client/1.1"
118.194.251.58 - - [23/Feb/2026:08:42:07 +0000] "GET /wp-content/themes/truelysell/assets/js/timedropper.js?ver=2.1 HTTP/1.1" 200 7014 "-" "Go-http-client/1.1"
118.194.251.58 - - [23/Feb/2026:08:42:08 +0000] "GET /wp-content/plugins/truelysell-core/assets/js/custom-price.js HTTP/1.1" 200 6922 "-" "Go-http-client/1.1"
118.194.251.58 - - [23/Feb/2026:08:42:09 +0000] "GET /sitemap.xml HTTP/1.1" 301 5 "-" "Go-http-client/1.1"
118.194.251.58 - - [23/Feb/2026:08:42:11 +0000] "GET /wp-sitemap.xml HTTP/1.1" 200 1414 "https://truelysell-wp.dreamsmarketplace.com/sitemap.xml" "Go-http-client/1.1"
169.150.210.53 - - [23/Feb/2026:08:42:11 +0000] "GET /wp-content/themes/truelysell/assets/plugins/fontawesome/webfonts/fa-brands-400.woff2 HTTP/1.1" 304 0 "https://truelysell-wp.dreamsmarketplace.com/wp-content/themes/truelysell/assets/plugins/fontawesome/css/all.min.css?ver=2.1" "Mozilla/5.0 (Windows NT 10.0; Win64; x64) AppleWebKit/537.36 (KHTML, like Gecko) Chrome/145.0.0.0 Safari/537.36"
198.244.240.147 - - [23/Feb/2026:08:42:24 +0000] "GET /pet-grooming/terms-condition/ HTTP/1.1" 301 178 "-" "Mozilla/5.0 (compatible; AhrefsBot/7.0; +http://ahrefs.com/robot/)"
172.187.168.139 - - [23/Feb/2026:08:42:28 +0000] "POST /wp-cron.php?doing_wp_cron=1771836148.1269259452819824218750 HTTP/1.1" 200 31 "-" "WordPress/6.9; https://truelysell-wp.dreamsmarketplace.com"
169.150.210.53 - - [23/Feb/2026:08:42:28 +0000] "GET /wp-login.php HTTP/1.1" 200 2529 "-" "Mozilla/5.0 (Windows NT 10.0; Win64; x64) AppleWebKit/537.36 (KHTML, like Gecko) Chrome/145.0.0.0 Safari/537.36"
169.150.210.53 - - [23/Feb/2026:08:42:28 +0000] "GET /wp-admin/css/forms.min.css?ver=6.9 HTTP/1.1" 304 0 "https://truelysell-wp.dreamsmarketplace.com/wp-login.php" "Mozilla/5.0 (Windows NT 10.0; Win64; x64) AppleWebKit/537.36 (KHTML, like Gecko) Chrome/145.0.0.0 Safari/537.36"
169.150.210.53 - - [23/Feb/2026:08:42:28 +0000] "GET /wp-admin/css/l10n.min.css?ver=6.9 HTTP/1.1" 304 0 "https://truelysell-wp.dreamsmarketplace.com/wp-login.php" "Mozilla/5.0 (Windows NT 10.0; Win64; x64) AppleWebKit/537.36 (KHTML, like Gecko) Chrome/145.0.0.0 Safari/537.36"
169.150.210.53 - - [23/Feb/2026:08:42:28 +0000] "GET /wp-admin/css/login.min.css?ver=6.9 HTTP/1.1" 304 0 "https://truelysell-wp.dreamsmarketplace.com/wp-login.php" "Mozilla/5.0 (Windows NT 10.0; Win64; x64) AppleWebKit/537.36 (KHTML, like Gecko) Chrome/145.0.0.0 Safari/537.36"
169.150.210.53 - - [23/Feb/2026:08:42:28 +0000] "GET /wp-includes/js/zxcvbn-async.min.js?ver=1.0 HTTP/1.1" 304 0 "https://truelysell-wp.dreamsmarketplace.com/wp-login.php" "Mozilla/5.0 (Windows NT 10.0; Win64; x64) AppleWebKit/537.36 (KHTML, like Gecko) Chrome/145.0.0.0 Safari/537.36"
169.150.210.53 - - [23/Feb/2026:08:42:28 +0000] "GET /wp-admin/js/password-strength-meter.min.js?ver=6.9 HTTP/1.1" 304 0 "https://truelysell-wp.dreamsmarketplace.com/wp-login.php" "Mozilla/5.0 (Windows NT 10.0; Win64; x64) AppleWebKit/537.36 (KHTML, like Gecko) Chrome/145.0.0.0 Safari/537.36"
169.150.210.53 - - [23/Feb/2026:08:42:28 +0000] "GET /wp-admin/js/user-profile.min.js?ver=6.9 HTTP/1.1" 304 0 "https://truelysell-wp.dreamsmarketplace.com/wp-login.php" "Mozilla/5.0 (Windows NT 10.0; Win64; x64) AppleWebKit/537.36 (KHTML, like Gecko) Chrome/145.0.0.0 Safari/537.36"
169.150.210.53 - - [23/Feb/2026:08:42:28 +0000] "GET /wp-admin/images/wordpress-logo.svg?ver=20131107 HTTP/1.1" 304 0 "https://truelysell-wp.dreamsmarketplace.com/wp-admin/css/login.min.css?ver=6.9" "Mozilla/5.0 (Windows NT 10.0; Win64; x64) AppleWebKit/537.36 (KHTML, like Gecko) Chrome/145.0.0.0 Safari/537.36"
169.150.210.53 - - [23/Feb/2026:08:42:29 +0000] "GET /wp-includes/js/zxcvbn.min.js HTTP/1.1" 304 0 "https://truelysell-wp.dreamsmarketplace.com/wp-login.php" "Mozilla/5.0 (Windows NT 10.0; Win64; x64) AppleWebKit/537.36 (KHTML, like Gecko) Chrome/145.0.0.0 Safari/537.36"
2a03:2880:f800:12:: - - [23/Feb/2026:08:42:53 +0000] "GET /?p=5343 HTTP/1.1" 301 5 "-" "meta-externalagent/1.1 (+https://developers.facebook.com/docs/sharing/webmasters/crawler)"
103.72.61.25 - - [23/Feb/2026:08:42:53 +0000] "GET /pos-na-khresimopoiesete-ton-kodiko-bonus-tou-casoola-casino-gia-na-paixete-kazino-sto-diadiktuo-sten-ellada/ HTTP/1.1" 301 178 "-" "Mozilla/5.0 (Windows NT 10.0; Win64; x64) AppleWebKit/537.36 (KHTML, like Gecko) Chrome/90.0.4430.41 Safari/537.36"
2a03:2880:f800:2c:: - - [23/Feb/2026:08:42:56 +0000] "GET /wp-json/wp/v2/product/5774 HTTP/1.1" 200 2833 "-" "meta-externalagent/1.1 (+https://developers.facebook.com/docs/sharing/webmasters/crawler)"
14.245.199.215 - - [23/Feb/2026:08:42:59 +0000] "GET /pos-na-khresimopoiesete-ton-kodiko-bonus-tou-casoola-casino-gia-na-paixete-kazino-sto-diadiktuo-sten-ellada/ HTTP/1.1" 404 29362 "-" "Mozilla/5.0 (Windows NT 10.0; Win64; x64) AppleWebKit/537.36 (KHTML, like Gecko) Chrome/90.0.4430.41 Safari/537.36"
172.187.168.139 - - [23/Feb/2026:08:43:51 +0000] "POST /wp-cron.php?doing_wp_cron=1771836231.6088891029357910156250 HTTP/1.1" 200 31 "-" "WordPress/6.9; https://truelysell-wp.dreamsmarketplace.com"
169.150.210.53 - - [23/Feb/2026:08:43:51 +0000] "POST /wp-login.php HTTP/1.1" 302 5 "https://truelysell-wp.dreamsmarketplace.com/wp-login.php" "Mozilla/5.0 (Windows NT 10.0; Win64; x64) AppleWebKit/537.36 (KHTML, like Gecko) Chrome/145.0.0.0 Safari/537.36"
169.150.210.53 - - [23/Feb/2026:08:43:53 +0000] "GET /dashboard/?login=incorrect_password HTTP/1.1" 200 33242 "https://truelysell-wp.dreamsmarketplace.com/wp-login.php" "Mozilla/5.0 (Windows NT 10.0; Win64; x64) AppleWebKit/537.36 (KHTML, like Gecko) Chrome/145.0.0.0 Safari/537.36"
169.150.210.53 - - [23/Feb/2026:08:43:53 +0000] "GET /wp-includes/css/dist/block-library/style.min.css?ver=6.9 HTTP/1.1" 304 0 "https://truelysell-wp.dreamsmarketplace.com/dashboard/?login=incorrect_password" "Mozilla/5.0 (Windows NT 10.0; Win64; x64) AppleWebKit/537.36 (KHTML, like Gecko) Chrome/145.0.0.0 Safari/537.36"
169.150.210.53 - - [23/Feb/2026:08:43:54 +0000] "GET /wp-content/themes/truelysell/assets/css/block-styles.css?ver=1.0 HTTP/1.1" 404 29362 "https://truelysell-wp.dreamsmarketplace.com/dashboard/?login=incorrect_password" "Mozilla/5.0 (Windows NT 10.0; Win64; x64) AppleWebKit/537.36 (KHTML, like Gecko) Chrome/145.0.0.0 Safari/537.36"
113.177.40.57 - - [23/Feb/2026:08:43:55 +0000] "GET /mechanic/grid-with-sidebar/ HTTP/1.1" 301 178 "-" "Mozilla/5.0 (Windows NT 6.1) AppleWebKit/537.36 (KHTML, like Gecko) Chrome/90.0.4427.5 Safari/537.36"
169.150.210.53 - - [23/Feb/2026:08:43:57 +0000] "GET /wp-admin/admin-ajax.php?action=get_additional_services HTTP/1.1" 200 83 "https://truelysell-wp.dreamsmarketplace.com/dashboard/?login=incorrect_password" "Mozilla/5.0 (Windows NT 10.0; Win64; x64) AppleWebKit/537.36 (KHTML, like Gecko) Chrome/145.0.0.0 Safari/537.36"
169.150.210.53 - - [23/Feb/2026:08:43:57 +0000] "GET /wp-admin/admin-ajax.php?action=get_faq_section HTTP/1.1" 200 83 "https://truelysell-wp.dreamsmarketplace.com/dashboard/?login=incorrect_password" "Mozilla/5.0 (Windows NT 10.0; Win64; x64) AppleWebKit/537.36 (KHTML, like Gecko) Chrome/145.0.0.0 Safari/537.36"
169.150.210.53 - - [23/Feb/2026:08:43:57 +0000] "POST /wp-admin/admin-ajax.php HTTP/1.1" 200 58 "https://truelysell-wp.dreamsmarketplace.com/dashboard/?login=incorrect_password" "Mozilla/5.0 (Windows NT 10.0; Win64; x64) AppleWebKit/537.36 (KHTML, like Gecko) Chrome/145.0.0.0 Safari/537.36"
169.150.210.53 - - [23/Feb/2026:08:43:57 +0000] "GET /wp-admin/admin-ajax.php?action=get_includes_title HTTP/1.1" 200 70 "https://truelysell-wp.dreamsmarketplace.com/dashboard/?login=incorrect_password" "Mozilla/5.0 (Windows NT 10.0; Win64; x64) AppleWebKit/537.36 (KHTML, like Gecko) Chrome/145.0.0.0 Safari/537.36"
169.150.210.53 - - [23/Feb/2026:08:43:57 +0000] "GET /wp-json/contact-form-7/v1/contact-forms/363/feedback/schema HTTP/1.1" 200 345 "https://truelysell-wp.dreamsmarketplace.com/dashboard/?login=incorrect_password" "Mozilla/5.0 (Windows NT 10.0; Win64; x64) AppleWebKit/537.36 (KHTML, like Gecko) Chrome/145.0.0.0 Safari/537.36"
14.184.177.200 - - [23/Feb/2026:08:43:58 +0000] "GET /mechanic/grid-with-sidebar/ HTTP/1.1" 301 5 "-" "Mozilla/5.0 (Windows NT 6.1) AppleWebKit/537.36 (KHTML, like Gecko) Chrome/90.0.4427.5 Safari/537.36"
2a03:2880:f800:1f:: - - [23/Feb/2026:08:44:00 +0000] "GET /if-youre-new-to-ordering-from-grownup-stores/ HTTP/1.1" 301 178 "-" "meta-externalagent/1.1 (+https://developers.facebook.com/docs/sharing/webmasters/crawler)"
14.184.177.200 - - [23/Feb/2026:08:44:01 +0000] "GET /grid-with-sidebar/ HTTP/1.1" 200 37836 "-" "Mozilla/5.0 (Windows NT 6.1) AppleWebKit/537.36 (KHTML, like Gecko) Chrome/90.0.4427.5 Safari/537.36"
169.150.210.53 - - [23/Feb/2026:08:44:07 +0000] "GET /wp-login.php HTTP/1.1" 200 2529 "-" "Mozilla/5.0 (Windows NT 10.0; Win64; x64) AppleWebKit/537.36 (KHTML, like Gecko) Chrome/145.0.0.0 Safari/537.36"
169.150.210.53 - - [23/Feb/2026:08:44:18 +0000] "POST /wp-login.php HTTP/1.1" 302 5 "https://truelysell-wp.dreamsmarketplace.com/wp-login.php" "Mozilla/5.0 (Windows NT 10.0; Win64; x64) AppleWebKit/537.36 (KHTML, like Gecko) Chrome/145.0.0.0 Safari/537.36"
172.187.168.139 - - [23/Feb/2026:08:44:20 +0000] "POST /wp-cron.php?doing_wp_cron=1771836260.2292869091033935546875 HTTP/1.1" 200 31 "-" "WordPress/6.9; https://truelysell-wp.dreamsmarketplace.com"
169.150.210.53 - - [23/Feb/2026:08:44:20 +0000] "GET /dashboard/?login=incorrect_password HTTP/1.1" 200 33273 "https://truelysell-wp.dreamsmarketplace.com/wp-login.php" "Mozilla/5.0 (Windows NT 10.0; Win64; x64) AppleWebKit/537.36 (KHTML, like Gecko) Chrome/145.0.0.0 Safari/537.36"
169.150.210.53 - - [23/Feb/2026:08:44:21 +0000] "GET /wp-content/themes/truelysell/assets/css/block-styles.css?ver=1.0 HTTP/1.1" 404 29362 "https://truelysell-wp.dreamsmarketplace.com/dashboard/?login=incorrect_password" "Mozilla/5.0 (Windows NT 10.0; Win64; x64) AppleWebKit/537.36 (KHTML, like Gecko) Chrome/145.0.0.0 Safari/537.36"
169.150.210.53 - - [23/Feb/2026:08:44:24 +0000] "POST /wp-admin/admin-ajax.php HTTP/1.1" 200 58 "https://truelysell-wp.dreamsmarketplace.com/dashboard/?login=incorrect_password" "Mozilla/5.0 (Windows NT 10.0; Win64; x64) AppleWebKit/537.36 (KHTML, like Gecko) Chrome/145.0.0.0 Safari/537.36"
169.150.210.53 - - [23/Feb/2026:08:44:24 +0000] "GET /wp-json/contact-form-7/v1/contact-forms/363/feedback/schema HTTP/1.1" 200 345 "https://truelysell-wp.dreamsmarketplace.com/dashboard/?login=incorrect_password" "Mozilla/5.0 (Windows NT 10.0; Win64; x64) AppleWebKit/537.36 (KHTML, like Gecko) Chrome/145.0.0.0 Safari/537.36"
169.150.210.53 - - [23/Feb/2026:08:44:24 +0000] "GET /wp-admin/admin-ajax.php?action=get_faq_section HTTP/1.1" 200 83 "https://truelysell-wp.dreamsmarketplace.com/dashboard/?login=incorrect_password" "Mozilla/5.0 (Windows NT 10.0; Win64; x64) AppleWebKit/537.36 (KHTML, like Gecko) Chrome/145.0.0.0 Safari/537.36"
169.150.210.53 - - [23/Feb/2026:08:44:24 +0000] "GET /wp-admin/admin-ajax.php?action=get_includes_title HTTP/1.1" 200 70 "https://truelysell-wp.dreamsmarketplace.com/dashboard/?login=incorrect_password" "Mozilla/5.0 (Windows NT 10.0; Win64; x64) AppleWebKit/537.36 (KHTML, like Gecko) Chrome/145.0.0.0 Safari/537.36"
169.150.210.53 - - [23/Feb/2026:08:44:24 +0000] "GET /wp-admin/admin-ajax.php?action=get_additional_services HTTP/1.1" 200 83 "https://truelysell-wp.dreamsmarketplace.com/dashboard/?login=incorrect_password" "Mozilla/5.0 (Windows NT 10.0; Win64; x64) AppleWebKit/537.36 (KHTML, like Gecko) Chrome/145.0.0.0 Safari/537.36"
51.81.32.7 - - [23/Feb/2026:08:44:25 +0000] "GET /category/354-mafia-casino/ HTTP/1.1" 200 35889 "-" "Mozilla/5.0 (Macintosh; Intel Mac OS X 10_15_7) AppleWebKit/537.36 (KHTML, like Gecko) Chrome/104.0.0.0 Safari/537.36"
2604:2dc0:202:300::1616 - - [23/Feb/2026:08:44:25 +0000] "GET /category/354-mafia-casino/ HTTP/1.1" 200 35889 "-" "Mozilla/5.0 (Macintosh; Intel Mac OS X 10_15_7) AppleWebKit/537.36 (KHTML, like Gecko) Chrome/104.0.0.0 Safari/537.36"
2a03:2880:f800:b:: - - [23/Feb/2026:08:44:25 +0000] "GET /wp-json/oembed/1.0/embed?url=https%3A%2F%2Ftruelysell-wp.dreamsmarketplace.com%2Fproduct%2Fcommercial-carpentry-services-2-2%2F HTTP/1.1" 200 2382 "-" "meta-externalagent/1.1 (+https://developers.facebook.com/docs/sharing/webmasters/crawler)"
2604:2dc0:101:200::18d9 - - [23/Feb/2026:08:44:26 +0000] "GET /pet-grooming/list-with-sidebar/ HTTP/1.1" 301 5 "-" "Mozilla/5.0 (Macintosh; Intel Mac OS X 10_15_7) AppleWebKit/537.36 (KHTML, like Gecko) Chrome/104.0.0.0 Safari/537.36"
2604:2dc0:202:300::113d - - [23/Feb/2026:08:44:26 +0000] "GET /pet-grooming/list-with-sidebar/ HTTP/1.1" 301 5 "-" "Mozilla/5.0 (Macintosh; Intel Mac OS X 10_15_7) AppleWebKit/537.36 (KHTML, like Gecko) Chrome/104.0.0.0 Safari/537.36"
172.187.168.139 - - [23/Feb/2026:08:44:28 +0000] "POST /wp-cron.php?doing_wp_cron=1771836268.3166749477386474609375 HTTP/1.1" 200 31 "-" "WordPress/6.9; https://truelysell-wp.dreamsmarketplace.com"
51.81.209.230 - - [23/Feb/2026:08:44:28 +0000] "GET /category/2-480-links-korea-mix-1-3-done/ HTTP/1.1" 200 36189 "-" "Mozilla/5.0 (Macintosh; Intel Mac OS X 10_15_7) AppleWebKit/537.36 (KHTML, like Gecko) Chrome/104.0.0.0 Safari/537.36"
57.128.197.116 - - [23/Feb/2026:08:44:28 +0000] "GET /category/2-480-links-korea-mix-1-3-done/ HTTP/1.1" 200 36191 "-" "Mozilla/5.0 (Macintosh; Intel Mac OS X 10_15_7) AppleWebKit/537.36 (KHTML, like Gecko) Chrome/104.0.0.0 Safari/537.36"
2001:41d0:601:1100::3618 - - [23/Feb/2026:08:44:30 +0000] "GET /category/car-wash/ HTTP/1.1" 200 37028 "-" "Mozilla/5.0 (Macintosh; Intel Mac OS X 10_15_7) AppleWebKit/537.36 (KHTML, like Gecko) Chrome/104.0.0.0 Safari/537.36"
