2405:9800:b651:7738:f15c:d7fc:f74c:2007 - - [23/Feb/2026:09:17:51 +0000] "GET /carwash/wp-includes/js/plupload/plupload.min.js?ver=2.1.9 HTTP/1.1" 200 15605 "https://truelysell-wp.dreamsmarketplace.com/carwash/" "Mozilla/5.0 (Macintosh; Intel Mac OS X 10_15_7) AppleWebKit/537.36 (KHTML, like Gecko) Chrome/145.0.0.0 Safari/537.36"
2405:9800:b651:7738:f15c:d7fc:f74c:2007 - - [23/Feb/2026:09:17:51 +0000] "GET /saloon/wp-content/themes/truelysell/assets/js/jquery.scrollto.js?ver=2.1 HTTP/1.1" 200 1164 "https://truelysell-wp.dreamsmarketplace.com/saloon/" "Mozilla/5.0 (Macintosh; Intel Mac OS X 10_15_7) AppleWebKit/537.36 (KHTML, like Gecko) Chrome/145.0.0.0 Safari/537.36"
2405:9800:b651:7738:f15c:d7fc:f74c:2007 - - [23/Feb/2026:09:17:51 +0000] "GET /pet-grooming/wp-includes/js/jquery/jquery-migrate.min.js?ver=3.4.1 HTTP/1.1" 200 13577 "https://truelysell-wp.dreamsmarketplace.com/pet-grooming/" "Mozilla/5.0 (Macintosh; Intel Mac OS X 10_15_7) AppleWebKit/537.36 (KHTML, like Gecko) Chrome/145.0.0.0 Safari/537.36"
2405:9800:b651:7738:f15c:d7fc:f74c:2007 - - [23/Feb/2026:09:17:51 +0000] "GET /catering/wp-content/themes/truelysell/assets/fonts/Feather.ttf?sdxovp HTTP/1.1" 200 65112 "https://truelysell-wp.dreamsmarketplace.com/catering/wp-content/themes/truelysell/assets/css/feather.css?ver=2.1" "Mozilla/5.0 (Macintosh; Intel Mac OS X 10_15_7) AppleWebKit/537.36 (KHTML, like Gecko) Chrome/145.0.0.0 Safari/537.36"
2405:9800:b651:7738:f15c:d7fc:f74c:2007 - - [23/Feb/2026:09:17:51 +0000] "GET /pet-grooming/wp-content/plugins/elementor/assets/css/widget-heading.min.css?ver=3.33.4 HTTP/1.1" 200 560 "https://truelysell-wp.dreamsmarketplace.com/pet-grooming/" "Mozilla/5.0 (Macintosh; Intel Mac OS X 10_15_7) AppleWebKit/537.36 (KHTML, like Gecko) Chrome/145.0.0.0 Safari/537.36"
223.27.237.4 - - [23/Feb/2026:09:17:51 +0000] "GET /catering/wp-content/themes/truelysell//assets/js/bootstrap-tagsinput.js?ver=6.9 HTTP/1.1" 200 22342 "https://truelysell-wp.dreamsmarketplace.com/catering/" "Mozilla/5.0 (Macintosh; Intel Mac OS X 10_15_7) AppleWebKit/537.36 (KHTML, like Gecko) Chrome/140.0.0.0 Safari/537.36"
2405:9800:b651:7738:f15c:d7fc:f74c:2007 - - [23/Feb/2026:09:17:51 +0000] "GET /cleaning/wp-content/themes/truelysell/assets/js/jquery.scrollto.js?ver=2.1 HTTP/1.1" 304 0 "https://truelysell-wp.dreamsmarketplace.com/cleaning/" "Mozilla/5.0 (Macintosh; Intel Mac OS X 10_15_7) AppleWebKit/537.36 (KHTML, like Gecko) Chrome/145.0.0.0 Safari/537.36"
2405:9800:b651:7738:f15c:d7fc:f74c:2007 - - [23/Feb/2026:09:17:51 +0000] "GET /mechanic/wp-content/plugins/elementor/assets/css/frontend.min.css?ver=3.33.4 HTTP/1.1" 200 53644 "https://truelysell-wp.dreamsmarketplace.com/mechanic/" "Mozilla/5.0 (Macintosh; Intel Mac OS X 10_15_7) AppleWebKit/537.36 (KHTML, like Gecko) Chrome/145.0.0.0 Safari/537.36"
2405:9800:b651:7738:f15c:d7fc:f74c:2007 - - [23/Feb/2026:09:17:51 +0000] "GET /pet-grooming/wp-includes/js/jquery/jquery.min.js?ver=3.7.1 HTTP/1.1" 200 87553 "https://truelysell-wp.dreamsmarketplace.com/pet-grooming/" "Mozilla/5.0 (Macintosh; Intel Mac OS X 10_15_7) AppleWebKit/537.36 (KHTML, like Gecko) Chrome/145.0.0.0 Safari/537.36"
223.27.237.4 - - [23/Feb/2026:09:17:51 +0000] "GET /catering/wp-content/themes/truelysell//assets/js/backToTop.js?ver=6.9 HTTP/1.1" 200 1003 "https://truelysell-wp.dreamsmarketplace.com/catering/" "Mozilla/5.0 (Macintosh; Intel Mac OS X 10_15_7) AppleWebKit/537.36 (KHTML, like Gecko) Chrome/140.0.0.0 Safari/537.36"
2405:9800:b651:7738:f15c:d7fc:f74c:2007 - - [23/Feb/2026:09:17:51 +0000] "GET /pet-grooming/wp-content/plugins/truelysell-core/assets/js/pwstrength-bootstrap.min.js?ver=1.7.20 HTTP/1.1" 200 14508 "https://truelysell-wp.dreamsmarketplace.com/pet-grooming/" "Mozilla/5.0 (Macintosh; Intel Mac OS X 10_15_7) AppleWebKit/537.36 (KHTML, like Gecko) Chrome/145.0.0.0 Safari/537.36"
2405:9800:b651:7738:f15c:d7fc:f74c:2007 - - [23/Feb/2026:09:17:51 +0000] "GET /house-problem/wp-content/plugins/truelysell-core/assets/js/pwstrength-bootstrap.min.js?ver=1.7.20 HTTP/1.1" 200 14508 "https://truelysell-wp.dreamsmarketplace.com/house-problem/" "Mozilla/5.0 (Macintosh; Intel Mac OS X 10_15_7) AppleWebKit/537.36 (KHTML, like Gecko) Chrome/145.0.0.0 Safari/537.36"
2405:9800:b651:7738:f15c:d7fc:f74c:2007 - - [23/Feb/2026:09:17:51 +0000] "GET /cleaning/wp-content/themes/truelysell/assets/js/tooltips.min.js?ver=2.1 HTTP/1.1" 304 0 "https://truelysell-wp.dreamsmarketplace.com/cleaning/" "Mozilla/5.0 (Macintosh; Intel Mac OS X 10_15_7) AppleWebKit/537.36 (KHTML, like Gecko) Chrome/145.0.0.0 Safari/537.36"
2405:9800:b651:7738:f15c:d7fc:f74c:2007 - - [23/Feb/2026:09:17:51 +0000] "GET /house-problem/wp-content/plugins/truelysell-core/assets/js/frontend.js?ver=1.7.20 HTTP/1.1" 200 70248 "https://truelysell-wp.dreamsmarketplace.com/house-problem/" "Mozilla/5.0 (Macintosh; Intel Mac OS X 10_15_7) AppleWebKit/537.36 (KHTML, like Gecko) Chrome/145.0.0.0 Safari/537.36"
2405:9800:b651:7738:f15c:d7fc:f74c:2007 - - [23/Feb/2026:09:17:51 +0000] "GET /carwash/wp-content/themes/truelysell/assets/js/datedropper.js?ver=2.1 HTTP/1.1" 200 22534 "https://truelysell-wp.dreamsmarketplace.com/carwash/" "Mozilla/5.0 (Macintosh; Intel Mac OS X 10_15_7) AppleWebKit/537.36 (KHTML, like Gecko) Chrome/145.0.0.0 Safari/537.36"
2405:9800:b651:7738:f15c:d7fc:f74c:2007 - - [23/Feb/2026:09:17:51 +0000] "GET /mechanic/wp-content/plugins/elementor/assets/css/widget-icon-list.min.css?ver=3.33.4 HTTP/1.1" 200 10430 "https://truelysell-wp.dreamsmarketplace.com/mechanic/" "Mozilla/5.0 (Macintosh; Intel Mac OS X 10_15_7) AppleWebKit/537.36 (KHTML, like Gecko) Chrome/145.0.0.0 Safari/537.36"
223.27.237.4 - - [23/Feb/2026:09:17:51 +0000] "GET /catering/wp-content/themes/truelysell//assets/plugins/theia-sticky-sidebar/ResizeSensor.js?ver=6.9 HTTP/1.1" 200 5955 "https://truelysell-wp.dreamsmarketplace.com/catering/" "Mozilla/5.0 (Macintosh; Intel Mac OS X 10_15_7) AppleWebKit/537.36 (KHTML, like Gecko) Chrome/140.0.0.0 Safari/537.36"
2405:9800:b651:7738:f15c:d7fc:f74c:2007 - - [23/Feb/2026:09:17:51 +0000] "GET /saloon/wp-content/themes/truelysell/assets/js/waypoints.min.js?ver=2.1 HTTP/1.1" 200 16882 "https://truelysell-wp.dreamsmarketplace.com/saloon/" "Mozilla/5.0 (Macintosh; Intel Mac OS X 10_15_7) AppleWebKit/537.36 (KHTML, like Gecko) Chrome/145.0.0.0 Safari/537.36"
2405:9800:b651:7738:f15c:d7fc:f74c:2007 - - [23/Feb/2026:09:17:51 +0000] "GET /carwash/wp-content/themes/truelysell/assets/js/jquery.counterup.min.js?ver=2.1 HTTP/1.1" 200 1915 "https://truelysell-wp.dreamsmarketplace.com/carwash/" "Mozilla/5.0 (Macintosh; Intel Mac OS X 10_15_7) AppleWebKit/537.36 (KHTML, like Gecko) Chrome/145.0.0.0 Safari/537.36"
2405:9800:b651:7738:f15c:d7fc:f74c:2007 - - [23/Feb/2026:09:17:51 +0000] "GET /house-problem/wp-content/plugins/truelysell-core/assets/js/bookings-single.js?ver=1.7.20 HTTP/1.1" 200 42485 "https://truelysell-wp.dreamsmarketplace.com/house-problem/" "Mozilla/5.0 (Macintosh; Intel Mac OS X 10_15_7) AppleWebKit/537.36 (KHTML, like Gecko) Chrome/145.0.0.0 Safari/537.36"
2405:9800:b651:7738:f15c:d7fc:f74c:2007 - - [23/Feb/2026:09:17:51 +0000] "GET /cleaning/wp-content/themes/truelysell/assets/js/waypoints.min.js?ver=2.1 HTTP/1.1" 304 0 "https://truelysell-wp.dreamsmarketplace.com/cleaning/" "Mozilla/5.0 (Macintosh; Intel Mac OS X 10_15_7) AppleWebKit/537.36 (KHTML, like Gecko) Chrome/145.0.0.0 Safari/537.36"
2405:9800:b651:7738:f15c:d7fc:f74c:2007 - - [23/Feb/2026:09:17:51 +0000] "GET /mechanic/wp-content/plugins/elementor/assets/css/widget-image.min.css?ver=3.33.4 HTTP/1.1" 200 214 "https://truelysell-wp.dreamsmarketplace.com/mechanic/" "Mozilla/5.0 (Macintosh; Intel Mac OS X 10_15_7) AppleWebKit/537.36 (KHTML, like Gecko) Chrome/145.0.0.0 Safari/537.36"
223.27.237.4 - - [23/Feb/2026:09:17:51 +0000] "GET /catering/wp-content/themes/truelysell//assets/plugins/aos/aos.js?ver=6.9 HTTP/1.1" 200 14243 "https://truelysell-wp.dreamsmarketplace.com/catering/" "Mozilla/5.0 (Macintosh; Intel Mac OS X 10_15_7) AppleWebKit/537.36 (KHTML, like Gecko) Chrome/140.0.0.0 Safari/537.36"
2405:9800:b651:7738:f15c:d7fc:f74c:2007 - - [23/Feb/2026:09:17:51 +0000] "GET /saloon/wp-includes/js/dist/vendor/moment.min.js?ver=2.30.1 HTTP/1.1" 200 58812 "https://truelysell-wp.dreamsmarketplace.com/saloon/" "Mozilla/5.0 (Macintosh; Intel Mac OS X 10_15_7) AppleWebKit/537.36 (KHTML, like Gecko) Chrome/145.0.0.0 Safari/537.36"
2405:9800:b651:7738:f15c:d7fc:f74c:2007 - - [23/Feb/2026:09:17:51 +0000] "GET /saloon/wp-content/themes/truelysell/assets/js/tooltips.min.js?ver=2.1 HTTP/1.1" 200 5249 "https://truelysell-wp.dreamsmarketplace.com/saloon/" "Mozilla/5.0 (Macintosh; Intel Mac OS X 10_15_7) AppleWebKit/537.36 (KHTML, like Gecko) Chrome/145.0.0.0 Safari/537.36"
2405:9800:b651:7738:f15c:d7fc:f74c:2007 - - [23/Feb/2026:09:17:51 +0000] "GET /catering/wp-content/themes/truelysell/assets/plugins/tabler-icons/fonts/tabler-icons.woff2?v2.45.0 HTTP/1.1" 200 774252 "https://truelysell-wp.dreamsmarketplace.com/catering/wp-content/themes/truelysell/assets/plugins/tabler-icons/tabler-icons.css?ver=2.1" "Mozilla/5.0 (Macintosh; Intel Mac OS X 10_15_7) AppleWebKit/537.36 (KHTML, like Gecko) Chrome/145.0.0.0 Safari/537.36"
2405:9800:b651:7738:f15c:d7fc:f74c:2007 - - [23/Feb/2026:09:17:51 +0000] "GET /cleaning/wp-includes/js/dist/vendor/moment.min.js?ver=2.30.1 HTTP/1.1" 304 0 "https://truelysell-wp.dreamsmarketplace.com/cleaning/" "Mozilla/5.0 (Macintosh; Intel Mac OS X 10_15_7) AppleWebKit/537.36 (KHTML, like Gecko) Chrome/145.0.0.0 Safari/537.36"
2405:9800:b651:7738:f15c:d7fc:f74c:2007 - - [23/Feb/2026:09:17:51 +0000] "GET /pet-grooming/wp-content/plugins/truelysell-core/assets/js/frontend.js?ver=1.7.20 HTTP/1.1" 200 70248 "https://truelysell-wp.dreamsmarketplace.com/pet-grooming/" "Mozilla/5.0 (Macintosh; Intel Mac OS X 10_15_7) AppleWebKit/537.36 (KHTML, like Gecko) Chrome/145.0.0.0 Safari/537.36"
2405:9800:b651:7738:f15c:d7fc:f74c:2007 - - [23/Feb/2026:09:17:51 +0000] "GET /mechanic/wp-includes/js/jquery/jquery.min.js?ver=3.7.1 HTTP/1.1" 200 87553 "https://truelysell-wp.dreamsmarketplace.com/mechanic/" "Mozilla/5.0 (Macintosh; Intel Mac OS X 10_15_7) AppleWebKit/537.36 (KHTML, like Gecko) Chrome/145.0.0.0 Safari/537.36"
223.27.237.4 - - [23/Feb/2026:09:17:51 +0000] "GET /catering/wp-content/themes/truelysell//assets/js/jquery.meanmenu.min.js?ver=6.9 HTTP/1.1" 200 5908 "https://truelysell-wp.dreamsmarketplace.com/catering/" "Mozilla/5.0 (Macintosh; Intel Mac OS X 10_15_7) AppleWebKit/537.36 (KHTML, like Gecko) Chrome/140.0.0.0 Safari/537.36"
223.27.237.4 - - [23/Feb/2026:09:17:52 +0000] "GET /catering/wp-content/themes/truelysell//assets/js/bootstrap-datetimepicker.min.js?ver=6.9 HTTP/1.1" 200 38510 "https://truelysell-wp.dreamsmarketplace.com/catering/" "Mozilla/5.0 (Macintosh; Intel Mac OS X 10_15_7) AppleWebKit/537.36 (KHTML, like Gecko) Chrome/140.0.0.0 Safari/537.36"
2405:9800:b651:7738:f15c:d7fc:f74c:2007 - - [23/Feb/2026:09:17:52 +0000] "GET /carwash/wp-content/themes/truelysell/assets/js/dropzone.js?ver=2.1 HTTP/1.1" 200 48148 "https://truelysell-wp.dreamsmarketplace.com/carwash/" "Mozilla/5.0 (Macintosh; Intel Mac OS X 10_15_7) AppleWebKit/537.36 (KHTML, like Gecko) Chrome/145.0.0.0 Safari/537.36"
2405:9800:b651:7738:f15c:d7fc:f74c:2007 - - [23/Feb/2026:09:17:52 +0000] "GET /cleaning/wp-content/themes/truelysell/assets/js/bootstrap-slider.min.js?ver=2.1 HTTP/1.1" 304 0 "https://truelysell-wp.dreamsmarketplace.com/cleaning/" "Mozilla/5.0 (Macintosh; Intel Mac OS X 10_15_7) AppleWebKit/537.36 (KHTML, like Gecko) Chrome/145.0.0.0 Safari/537.36"
2405:9800:b651:7738:f15c:d7fc:f74c:2007 - - [23/Feb/2026:09:17:52 +0000] "GET /pet-grooming/wp-content/plugins/truelysell-core/assets/js/bookings-single.js?ver=1.7.20 HTTP/1.1" 200 42485 "https://truelysell-wp.dreamsmarketplace.com/pet-grooming/" "Mozilla/5.0 (Macintosh; Intel Mac OS X 10_15_7) AppleWebKit/537.36 (KHTML, like Gecko) Chrome/145.0.0.0 Safari/537.36"
2405:9800:b651:7738:f15c:d7fc:f74c:2007 - - [23/Feb/2026:09:17:52 +0000] "GET /house-problem/wp-includes/js/utils.min.js?ver=6.9 HTTP/1.1" 200 1864 "https://truelysell-wp.dreamsmarketplace.com/house-problem/" "Mozilla/5.0 (Macintosh; Intel Mac OS X 10_15_7) AppleWebKit/537.36 (KHTML, like Gecko) Chrome/145.0.0.0 Safari/537.36"
2405:9800:b651:7738:f15c:d7fc:f74c:2007 - - [23/Feb/2026:09:17:52 +0000] "GET /pet-grooming/wp-includes/js/utils.min.js?ver=6.9 HTTP/1.1" 200 1864 "https://truelysell-wp.dreamsmarketplace.com/pet-grooming/" "Mozilla/5.0 (Macintosh; Intel Mac OS X 10_15_7) AppleWebKit/537.36 (KHTML, like Gecko) Chrome/145.0.0.0 Safari/537.36"
2405:9800:b651:7738:f15c:d7fc:f74c:2007 - - [23/Feb/2026:09:17:52 +0000] "GET /carwash/wp-content/themes/truelysell/assets/js/mmenu.min.js?ver=2.1 HTTP/1.1" 200 70048 "https://truelysell-wp.dreamsmarketplace.com/carwash/" "Mozilla/5.0 (Macintosh; Intel Mac OS X 10_15_7) AppleWebKit/537.36 (KHTML, like Gecko) Chrome/145.0.0.0 Safari/537.36"
2405:9800:b651:7738:f15c:d7fc:f74c:2007 - - [23/Feb/2026:09:17:52 +0000] "GET /mechanic/wp-includes/js/jquery/jquery-migrate.min.js?ver=3.4.1 HTTP/1.1" 200 13577 "https://truelysell-wp.dreamsmarketplace.com/mechanic/" "Mozilla/5.0 (Macintosh; Intel Mac OS X 10_15_7) AppleWebKit/537.36 (KHTML, like Gecko) Chrome/145.0.0.0 Safari/537.36"
2405:9800:b651:7738:f15c:d7fc:f74c:2007 - - [23/Feb/2026:09:17:52 +0000] "GET /mechanic/wp-content/plugins/truelysell-core/assets/js/pwstrength-bootstrap.min.js?ver=1.7.20 HTTP/1.1" 200 14508 "https://truelysell-wp.dreamsmarketplace.com/mechanic/" "Mozilla/5.0 (Macintosh; Intel Mac OS X 10_15_7) AppleWebKit/537.36 (KHTML, like Gecko) Chrome/145.0.0.0 Safari/537.36"
2405:9800:b651:7738:f15c:d7fc:f74c:2007 - - [23/Feb/2026:09:17:52 +0000] "GET /cleaning/wp-content/themes/truelysell/assets/js/daterangepicker.js?ver=2.1 HTTP/1.1" 200 64972 "https://truelysell-wp.dreamsmarketplace.com/cleaning/" "Mozilla/5.0 (Macintosh; Intel Mac OS X 10_15_7) AppleWebKit/537.36 (KHTML, like Gecko) Chrome/145.0.0.0 Safari/537.36"
2405:9800:b651:7738:f15c:d7fc:f74c:2007 - - [23/Feb/2026:09:17:52 +0000] "GET /house-problem/wp-includes/js/plupload/moxie.min.js?ver=1.3.5.1 HTTP/1.1" 200 87394 "https://truelysell-wp.dreamsmarketplace.com/house-problem/" "Mozilla/5.0 (Macintosh; Intel Mac OS X 10_15_7) AppleWebKit/537.36 (KHTML, like Gecko) Chrome/145.0.0.0 Safari/537.36"
223.27.237.4 - - [23/Feb/2026:09:17:52 +0000] "GET /catering/wp-content/themes/truelysell//assets/plugins/theia-sticky-sidebar/theia-sticky-sidebar.js?ver=6.9 HTTP/1.1" 200 16379 "https://truelysell-wp.dreamsmarketplace.com/catering/" "Mozilla/5.0 (Macintosh; Intel Mac OS X 10_15_7) AppleWebKit/537.36 (KHTML, like Gecko) Chrome/140.0.0.0 Safari/537.36"
223.27.237.4 - - [23/Feb/2026:09:17:52 +0000] "GET /catering/wp-content/themes/truelysell//assets/plugins/fancybox/jquery.fancybox.min.js?ver=6.9 HTTP/1.1" 200 68253 "https://truelysell-wp.dreamsmarketplace.com/catering/" "Mozilla/5.0 (Macintosh; Intel Mac OS X 10_15_7) AppleWebKit/537.36 (KHTML, like Gecko) Chrome/140.0.0.0 Safari/537.36"
223.27.237.4 - - [23/Feb/2026:09:17:52 +0000] "GET /catering/wp-content/themes/truelysell//assets/plugins/datatables/jquery.dataTables.min.js?ver=6.9 HTTP/1.1" 200 81906 "https://truelysell-wp.dreamsmarketplace.com/catering/" "Mozilla/5.0 (Macintosh; Intel Mac OS X 10_15_7) AppleWebKit/537.36 (KHTML, like Gecko) Chrome/140.0.0.0 Safari/537.36"
2405:9800:b651:7738:f15c:d7fc:f74c:2007 - - [23/Feb/2026:09:17:52 +0000] "GET /saloon/wp-content/uploads/2024/01/scissor.svg HTTP/1.1" 200 1613 "https://truelysell-wp.dreamsmarketplace.com/saloon/" "Mozilla/5.0 (Macintosh; Intel Mac OS X 10_15_7) AppleWebKit/537.36 (KHTML, like Gecko) Chrome/145.0.0.0 Safari/537.36"
2405:9800:b651:7738:f15c:d7fc:f74c:2007 - - [23/Feb/2026:09:17:52 +0000] "GET /cleaning/wp-content/themes/truelysell/assets/images/logo.svg HTTP/1.1" 304 0 "https://truelysell-wp.dreamsmarketplace.com/cleaning/" "Mozilla/5.0 (Macintosh; Intel Mac OS X 10_15_7) AppleWebKit/537.36 (KHTML, like Gecko) Chrome/145.0.0.0 Safari/537.36"
2405:9800:b651:7738:f15c:d7fc:f74c:2007 - - [23/Feb/2026:09:17:52 +0000] "GET /carwash/wp-content/themes/truelysell/assets/js/slick.min.js?ver=2.1 HTTP/1.1" 200 89981 "https://truelysell-wp.dreamsmarketplace.com/carwash/" "Mozilla/5.0 (Macintosh; Intel Mac OS X 10_15_7) AppleWebKit/537.36 (KHTML, like Gecko) Chrome/145.0.0.0 Safari/537.36"
2405:9800:b651:7738:f15c:d7fc:f74c:2007 - - [23/Feb/2026:09:17:52 +0000] "GET /saloon/wp-content/themes/truelysell/assets/js/daterangepicker.js?ver=2.1 HTTP/1.1" 200 64972 "https://truelysell-wp.dreamsmarketplace.com/saloon/" "Mozilla/5.0 (Macintosh; Intel Mac OS X 10_15_7) AppleWebKit/537.36 (KHTML, like Gecko) Chrome/145.0.0.0 Safari/537.36"
2405:9800:b651:7738:f15c:d7fc:f74c:2007 - - [23/Feb/2026:09:17:52 +0000] "GET /house-problem/wp-content/themes/truelysell/assets/js/counterup.min.js?ver=2.1 HTTP/1.1" 200 15731 "https://truelysell-wp.dreamsmarketplace.com/house-problem/" "Mozilla/5.0 (Macintosh; Intel Mac OS X 10_15_7) AppleWebKit/537.36 (KHTML, like Gecko) Chrome/145.0.0.0 Safari/537.36"
2405:9800:b651:7738:f15c:d7fc:f74c:2007 - - [23/Feb/2026:09:17:52 +0000] "GET /saloon/wp-content/themes/truelysell/assets/js/bootstrap-slider.min.js?ver=2.1 HTTP/1.1" 200 34157 "https://truelysell-wp.dreamsmarketplace.com/saloon/" "Mozilla/5.0 (Macintosh; Intel Mac OS X 10_15_7) AppleWebKit/537.36 (KHTML, like Gecko) Chrome/145.0.0.0 Safari/537.36"
223.27.237.4 - - [23/Feb/2026:09:17:52 +0000] "GET /catering/wp-content/themes/truelysell//assets/plugins/fullcalendar/main.min.js?ver=6.9 HTTP/1.1" 200 269560 "https://truelysell-wp.dreamsmarketplace.com/catering/" "Mozilla/5.0 (Macintosh; Intel Mac OS X 10_15_7) AppleWebKit/537.36 (KHTML, like Gecko) Chrome/140.0.0.0 Safari/537.36"
2405:9800:b651:7738:f15c:d7fc:f74c:2007 - - [23/Feb/2026:09:17:52 +0000] "GET /saloon/wp-content/themes/truelysell/assets/images/logo.svg HTTP/1.1" 200 12617 "https://truelysell-wp.dreamsmarketplace.com/saloon/" "Mozilla/5.0 (Macintosh; Intel Mac OS X 10_15_7) AppleWebKit/537.36 (KHTML, like Gecko) Chrome/145.0.0.0 Safari/537.36"
223.27.237.4 - - [23/Feb/2026:09:17:52 +0000] "GET /catering/wp-content/themes/truelysell//assets/js/script.js?ver=6.9 HTTP/1.1" 200 62312 "https://truelysell-wp.dreamsmarketplace.com/catering/" "Mozilla/5.0 (Macintosh; Intel Mac OS X 10_15_7) AppleWebKit/537.36 (KHTML, like Gecko) Chrome/140.0.0.0 Safari/537.36"
2405:9800:b651:7738:f15c:d7fc:f74c:2007 - - [23/Feb/2026:09:17:52 +0000] "GET /cleaning/wp-content/uploads/2024/01/banner-six-bg.png HTTP/1.1" 304 0 "https://truelysell-wp.dreamsmarketplace.com/cleaning/" "Mozilla/5.0 (Macintosh; Intel Mac OS X 10_15_7) AppleWebKit/537.36 (KHTML, like Gecko) Chrome/145.0.0.0 Safari/537.36"
2405:9800:b651:7738:f15c:d7fc:f74c:2007 - - [23/Feb/2026:09:17:52 +0000] "GET /house-problem/wp-includes/js/plupload/plupload.min.js?ver=2.1.9 HTTP/1.1" 200 15605 "https://truelysell-wp.dreamsmarketplace.com/house-problem/" "Mozilla/5.0 (Macintosh; Intel Mac OS X 10_15_7) AppleWebKit/537.36 (KHTML, like Gecko) Chrome/145.0.0.0 Safari/537.36"
223.27.237.4 - - [23/Feb/2026:09:17:52 +0000] "GET /catering/wp-content/themes/truelysell//assets/plugins/datatables/datatables.min.js?ver=6.9 HTTP/1.1" 200 84818 "https://truelysell-wp.dreamsmarketplace.com/catering/" "Mozilla/5.0 (Macintosh; Intel Mac OS X 10_15_7) AppleWebKit/537.36 (KHTML, like Gecko) Chrome/140.0.0.0 Safari/537.36"
223.27.237.4 - - [23/Feb/2026:09:17:52 +0000] "GET /catering/wp-content/plugins/elementor/assets/lib/flatpickr/flatpickr.min.js?ver=4.6.13 HTTP/1.1" 200 50680 "https://truelysell-wp.dreamsmarketplace.com/catering/" "Mozilla/5.0 (Macintosh; Intel Mac OS X 10_15_7) AppleWebKit/537.36 (KHTML, like Gecko) Chrome/140.0.0.0 Safari/537.36"
2405:9800:b651:7738:f15c:d7fc:f74c:2007 - - [23/Feb/2026:09:17:52 +0000] "GET /cleaning/wp-content/uploads/2024/01/blog-1-1200x545.jpg HTTP/1.1" 200 117927 "https://truelysell-wp.dreamsmarketplace.com/cleaning/" "Mozilla/5.0 (Macintosh; Intel Mac OS X 10_15_7) AppleWebKit/537.36 (KHTML, like Gecko) Chrome/145.0.0.0 Safari/537.36"
2405:9800:b651:7738:f15c:d7fc:f74c:2007 - - [23/Feb/2026:09:17:52 +0000] "GET /pet-grooming/wp-includes/js/plupload/moxie.min.js?ver=1.3.5.1 HTTP/1.1" 200 87394 "https://truelysell-wp.dreamsmarketplace.com/pet-grooming/" "Mozilla/5.0 (Macintosh; Intel Mac OS X 10_15_7) AppleWebKit/537.36 (KHTML, like Gecko) Chrome/145.0.0.0 Safari/537.36"
2405:9800:b651:7738:f15c:d7fc:f74c:2007 - - [23/Feb/2026:09:17:52 +0000] "GET /house-problem/wp-content/themes/truelysell/assets/js/jquery.counterup.min.js?ver=2.1 HTTP/1.1" 200 1915 "https://truelysell-wp.dreamsmarketplace.com/house-problem/" "Mozilla/5.0 (Macintosh; Intel Mac OS X 10_15_7) AppleWebKit/537.36 (KHTML, like Gecko) Chrome/145.0.0.0 Safari/537.36"
2405:9800:b651:7738:f15c:d7fc:f74c:2007 - - [23/Feb/2026:09:17:52 +0000] "GET /mechanic/wp-content/plugins/truelysell-core/assets/js/frontend.js?ver=1.7.20 HTTP/1.1" 200 70248 "https://truelysell-wp.dreamsmarketplace.com/mechanic/" "Mozilla/5.0 (Macintosh; Intel Mac OS X 10_15_7) AppleWebKit/537.36 (KHTML, like Gecko) Chrome/145.0.0.0 Safari/537.36"
2405:9800:b651:7738:f15c:d7fc:f74c:2007 - - [23/Feb/2026:09:17:52 +0000] "GET /pet-grooming/wp-content/themes/truelysell/assets/js/counterup.min.js?ver=2.1 HTTP/1.1" 200 15731 "https://truelysell-wp.dreamsmarketplace.com/pet-grooming/" "Mozilla/5.0 (Macintosh; Intel Mac OS X 10_15_7) AppleWebKit/537.36 (KHTML, like Gecko) Chrome/145.0.0.0 Safari/537.36"
2405:9800:b651:7738:f15c:d7fc:f74c:2007 - - [23/Feb/2026:09:17:52 +0000] "GET /pet-grooming/wp-includes/js/plupload/plupload.min.js?ver=2.1.9 HTTP/1.1" 200 15605 "https://truelysell-wp.dreamsmarketplace.com/pet-grooming/" "Mozilla/5.0 (Macintosh; Intel Mac OS X 10_15_7) AppleWebKit/537.36 (KHTML, like Gecko) Chrome/145.0.0.0 Safari/537.36"
2405:9800:b651:7738:f15c:d7fc:f74c:2007 - - [23/Feb/2026:09:17:53 +0000] "GET /saloon/wp-content/uploads/2024/01/service-22.png HTTP/1.1" 200 57994 "https://truelysell-wp.dreamsmarketplace.com/saloon/" "Mozilla/5.0 (Macintosh; Intel Mac OS X 10_15_7) AppleWebKit/537.36 (KHTML, like Gecko) Chrome/145.0.0.0 Safari/537.36"
2405:9800:b651:7738:f15c:d7fc:f74c:2007 - - [23/Feb/2026:09:17:53 +0000] "GET /saloon/wp-includes/js/dist/hooks.min.js?ver=dd5603f07f9220ed27f1 HTTP/1.1" 200 5661 "https://truelysell-wp.dreamsmarketplace.com/saloon/" "Mozilla/5.0 (Macintosh; Intel Mac OS X 10_15_7) AppleWebKit/537.36 (KHTML, like Gecko) Chrome/145.0.0.0 Safari/537.36"
2405:9800:b651:7738:f15c:d7fc:f74c:2007 - - [23/Feb/2026:09:17:53 +0000] "GET /carwash/wp-content/themes/truelysell/assets/js/quantityButtons.js?ver=2.1 HTTP/1.1" 200 2012 "https://truelysell-wp.dreamsmarketplace.com/carwash/" "Mozilla/5.0 (Macintosh; Intel Mac OS X 10_15_7) AppleWebKit/537.36 (KHTML, like Gecko) Chrome/145.0.0.0 Safari/537.36"
2405:9800:b651:7738:f15c:d7fc:f74c:2007 - - [23/Feb/2026:09:17:53 +0000] "GET /saloon/wp-content/uploads/2024/01/saloon-service-2.svg HTTP/1.1" 200 8309 "https://truelysell-wp.dreamsmarketplace.com/saloon/" "Mozilla/5.0 (Macintosh; Intel Mac OS X 10_15_7) AppleWebKit/537.36 (KHTML, like Gecko) Chrome/145.0.0.0 Safari/537.36"
2405:9800:b651:7738:f15c:d7fc:f74c:2007 - - [23/Feb/2026:09:17:53 +0000] "GET /saloon/wp-includes/js/dist/a11y.min.js?ver=cb460b4676c94bd228ed HTTP/1.1" 200 2212 "https://truelysell-wp.dreamsmarketplace.com/saloon/" "Mozilla/5.0 (Macintosh; Intel Mac OS X 10_15_7) AppleWebKit/537.36 (KHTML, like Gecko) Chrome/145.0.0.0 Safari/537.36"
2405:9800:b651:7738:f15c:d7fc:f74c:2007 - - [23/Feb/2026:09:17:53 +0000] "GET /saloon/wp-includes/js/dist/dom-ready.min.js?ver=f77871ff7694fffea381 HTTP/1.1" 200 457 "https://truelysell-wp.dreamsmarketplace.com/saloon/" "Mozilla/5.0 (Macintosh; Intel Mac OS X 10_15_7) AppleWebKit/537.36 (KHTML, like Gecko) Chrome/145.0.0.0 Safari/537.36"
2405:9800:b651:7738:f15c:d7fc:f74c:2007 - - [23/Feb/2026:09:17:53 +0000] "GET /saloon/wp-content/plugins/truelysell-core/assets/js/custom-includes-title.js HTTP/1.1" 200 2900 "https://truelysell-wp.dreamsmarketplace.com/saloon/" "Mozilla/5.0 (Macintosh; Intel Mac OS X 10_15_7) AppleWebKit/537.36 (KHTML, like Gecko) Chrome/145.0.0.0 Safari/537.36"
2405:9800:b651:7738:f15c:d7fc:f74c:2007 - - [23/Feb/2026:09:17:53 +0000] "GET /saloon/wp-includes/js/wp-util.min.js?ver=6.9 HTTP/1.1" 200 1426 "https://truelysell-wp.dreamsmarketplace.com/saloon/" "Mozilla/5.0 (Macintosh; Intel Mac OS X 10_15_7) AppleWebKit/537.36 (KHTML, like Gecko) Chrome/145.0.0.0 Safari/537.36"
2405:9800:b651:7738:f15c:d7fc:f74c:2007 - - [23/Feb/2026:09:17:53 +0000] "GET /saloon/wp-includes/js/plupload/wp-plupload.min.js?ver=6.9 HTTP/1.1" 200 6036 "https://truelysell-wp.dreamsmarketplace.com/saloon/" "Mozilla/5.0 (Macintosh; Intel Mac OS X 10_15_7) AppleWebKit/537.36 (KHTML, like Gecko) Chrome/145.0.0.0 Safari/537.36"
2405:9800:b651:7738:f15c:d7fc:f74c:2007 - - [23/Feb/2026:09:17:53 +0000] "GET /saloon/wp-includes/js/backbone.min.js?ver=1.6.0 HTTP/1.1" 200 24301 "https://truelysell-wp.dreamsmarketplace.com/saloon/" "Mozilla/5.0 (Macintosh; Intel Mac OS X 10_15_7) AppleWebKit/537.36 (KHTML, like Gecko) Chrome/145.0.0.0 Safari/537.36"
2405:9800:b651:7738:f15c:d7fc:f74c:2007 - - [23/Feb/2026:09:17:53 +0000] "GET /saloon/wp-includes/js/clipboard.min.js?ver=2.0.11 HTTP/1.1" 200 9009 "https://truelysell-wp.dreamsmarketplace.com/saloon/" "Mozilla/5.0 (Macintosh; Intel Mac OS X 10_15_7) AppleWebKit/537.36 (KHTML, like Gecko) Chrome/145.0.0.0 Safari/537.36"
2405:9800:b651:7738:f15c:d7fc:f74c:2007 - - [23/Feb/2026:09:17:53 +0000] "GET /saloon/wp-content/themes/truelysell//assets/js/bootstrap-tagsinput.js?ver=6.9 HTTP/1.1" 200 22342 "https://truelysell-wp.dreamsmarketplace.com/saloon/" "Mozilla/5.0 (Macintosh; Intel Mac OS X 10_15_7) AppleWebKit/537.36 (KHTML, like Gecko) Chrome/145.0.0.0 Safari/537.36"
2405:9800:b651:7738:f15c:d7fc:f74c:2007 - - [23/Feb/2026:09:17:53 +0000] "GET /saloon/wp-includes/js/media-editor.min.js?ver=6.9 HTTP/1.1" 200 10885 "https://truelysell-wp.dreamsmarketplace.com/saloon/" "Mozilla/5.0 (Macintosh; Intel Mac OS X 10_15_7) AppleWebKit/537.36 (KHTML, like Gecko) Chrome/145.0.0.0 Safari/537.36"
2405:9800:b651:7738:f15c:d7fc:f74c:2007 - - [23/Feb/2026:09:17:53 +0000] "GET /saloon/wp-content/plugins/truelysell-core/assets/js/gallery.js HTTP/1.1" 200 3486 "https://truelysell-wp.dreamsmarketplace.com/saloon/" "Mozilla/5.0 (Macintosh; Intel Mac OS X 10_15_7) AppleWebKit/537.36 (KHTML, like Gecko) Chrome/145.0.0.0 Safari/537.36"
2405:9800:b651:7738:f15c:d7fc:f74c:2007 - - [23/Feb/2026:09:17:53 +0000] "GET /cleaning/wp-content/uploads/2024/01/banner-six-bg2.png HTTP/1.1" 304 0 "https://truelysell-wp.dreamsmarketplace.com/cleaning/" "Mozilla/5.0 (Macintosh; Intel Mac OS X 10_15_7) AppleWebKit/537.36 (KHTML, like Gecko) Chrome/145.0.0.0 Safari/537.36"
2405:9800:b651:7738:f15c:d7fc:f74c:2007 - - [23/Feb/2026:09:17:53 +0000] "GET /saloon/wp-content/plugins/truelysell-core/assets/js/custom-faq-section.js HTTP/1.1" 200 3855 "https://truelysell-wp.dreamsmarketplace.com/saloon/" "Mozilla/5.0 (Macintosh; Intel Mac OS X 10_15_7) AppleWebKit/537.36 (KHTML, like Gecko) Chrome/145.0.0.0 Safari/537.36"
2405:9800:b651:7738:f15c:d7fc:f74c:2007 - - [23/Feb/2026:09:17:53 +0000] "GET /saloon/wp-includes/js/media-views.min.js?ver=6.9 HTTP/1.1" 200 110772 "https://truelysell-wp.dreamsmarketplace.com/saloon/" "Mozilla/5.0 (Macintosh; Intel Mac OS X 10_15_7) AppleWebKit/537.36 (KHTML, like Gecko) Chrome/145.0.0.0 Safari/537.36"
2405:9800:b651:7738:f15c:d7fc:f74c:2007 - - [23/Feb/2026:09:17:53 +0000] "GET /saloon/wp-content/themes/truelysell//assets/plugins/theia-sticky-sidebar/theia-sticky-sidebar.js?ver=6.9 HTTP/1.1" 200 16379 "https://truelysell-wp.dreamsmarketplace.com/saloon/" "Mozilla/5.0 (Macintosh; Intel Mac OS X 10_15_7) AppleWebKit/537.36 (KHTML, like Gecko) Chrome/145.0.0.0 Safari/537.36"
2405:9800:b651:7738:f15c:d7fc:f74c:2007 - - [23/Feb/2026:09:17:53 +0000] "GET /saloon/wp-content/plugins/elementor/assets/js/frontend-modules.min.js?ver=3.33.4 HTTP/1.1" 200 84517 "https://truelysell-wp.dreamsmarketplace.com/saloon/" "Mozilla/5.0 (Macintosh; Intel Mac OS X 10_15_7) AppleWebKit/537.36 (KHTML, like Gecko) Chrome/145.0.0.0 Safari/537.36"
2405:9800:b651:7738:f15c:d7fc:f74c:2007 - - [23/Feb/2026:09:17:53 +0000] "GET /saloon/wp-content/plugins/woocommerce/assets/js/js-cookie/js.cookie.min.js?ver=2.1.4-wc.10.4.2 HTTP/1.1" 200 1720 "https://truelysell-wp.dreamsmarketplace.com/saloon/" "Mozilla/5.0 (Macintosh; Intel Mac OS X 10_15_7) AppleWebKit/537.36 (KHTML, like Gecko) Chrome/145.0.0.0 Safari/537.36"
2405:9800:b651:7738:f15c:d7fc:f74c:2007 - - [23/Feb/2026:09:17:53 +0000] "GET /saloon/wp-content/plugins/elementor/assets/js/frontend.min.js?ver=3.33.4 HTTP/1.1" 200 31880 "https://truelysell-wp.dreamsmarketplace.com/saloon/" "Mozilla/5.0 (Macintosh; Intel Mac OS X 10_15_7) AppleWebKit/537.36 (KHTML, like Gecko) Chrome/145.0.0.0 Safari/537.36"
2405:9800:b651:7738:f15c:d7fc:f74c:2007 - - [23/Feb/2026:09:17:53 +0000] "GET /saloon/wp-content/plugins/woocommerce/assets/js/sourcebuster/sourcebuster.min.js?ver=10.4.2 HTTP/1.1" 200 15315 "https://truelysell-wp.dreamsmarketplace.com/saloon/" "Mozilla/5.0 (Macintosh; Intel Mac OS X 10_15_7) AppleWebKit/537.36 (KHTML, like Gecko) Chrome/145.0.0.0 Safari/537.36"
2405:9800:b651:7738:f15c:d7fc:f74c:2007 - - [23/Feb/2026:09:17:53 +0000] "GET /saloon/wp-content/themes/truelysell//assets/plugins/theia-sticky-sidebar/ResizeSensor.js?ver=6.9 HTTP/1.1" 200 5955 "https://truelysell-wp.dreamsmarketplace.com/saloon/" "Mozilla/5.0 (Macintosh; Intel Mac OS X 10_15_7) AppleWebKit/537.36 (KHTML, like Gecko) Chrome/145.0.0.0 Safari/537.36"
2405:9800:b651:7738:f15c:d7fc:f74c:2007 - - [23/Feb/2026:09:17:53 +0000] "GET /mechanic/wp-content/plugins/truelysell-core/assets/js/bookings-single.js?ver=1.7.20 HTTP/1.1" 200 42485 "https://truelysell-wp.dreamsmarketplace.com/mechanic/" "Mozilla/5.0 (Macintosh; Intel Mac OS X 10_15_7) AppleWebKit/537.36 (KHTML, like Gecko) Chrome/145.0.0.0 Safari/537.36"
2405:9800:b651:7738:f15c:d7fc:f74c:2007 - - [23/Feb/2026:09:17:53 +0000] "GET /mechanic/wp-includes/js/utils.min.js?ver=6.9 HTTP/1.1" 200 1864 "https://truelysell-wp.dreamsmarketplace.com/mechanic/" "Mozilla/5.0 (Macintosh; Intel Mac OS X 10_15_7) AppleWebKit/537.36 (KHTML, like Gecko) Chrome/145.0.0.0 Safari/537.36"
2405:9800:b651:7738:f15c:d7fc:f74c:2007 - - [23/Feb/2026:09:17:53 +0000] "GET /saloon/wp-content/uploads/2024/01/avatar-02-3.jpg HTTP/1.1" 200 78755 "https://truelysell-wp.dreamsmarketplace.com/saloon/" "Mozilla/5.0 (Macintosh; Intel Mac OS X 10_15_7) AppleWebKit/537.36 (KHTML, like Gecko) Chrome/145.0.0.0 Safari/537.36"
2405:9800:b651:7738:f15c:d7fc:f74c:2007 - - [23/Feb/2026:09:17:53 +0000] "GET /saloon/wp-content/uploads/2024/01/provider-05-1.jpg HTTP/1.1" 200 30837 "https://truelysell-wp.dreamsmarketplace.com/saloon/" "Mozilla/5.0 (Macintosh; Intel Mac OS X 10_15_7) AppleWebKit/537.36 (KHTML, like Gecko) Chrome/145.0.0.0 Safari/537.36"
2405:9800:b651:7738:f15c:d7fc:f74c:2007 - - [23/Feb/2026:09:17:53 +0000] "GET /saloon/wp-content/uploads/2024/01/service-30.jpg HTTP/1.1" 200 32113 "https://truelysell-wp.dreamsmarketplace.com/saloon/" "Mozilla/5.0 (Macintosh; Intel Mac OS X 10_15_7) AppleWebKit/537.36 (KHTML, like Gecko) Chrome/145.0.0.0 Safari/537.36"
2405:9800:b651:7738:f15c:d7fc:f74c:2007 - - [23/Feb/2026:09:17:53 +0000] "GET /saloon/wp-content/uploads/2024/01/service-25.jpg HTTP/1.1" 200 39066 "https://truelysell-wp.dreamsmarketplace.com/saloon/" "Mozilla/5.0 (Macintosh; Intel Mac OS X 10_15_7) AppleWebKit/537.36 (KHTML, like Gecko) Chrome/145.0.0.0 Safari/537.36"
2405:9800:b651:7738:f15c:d7fc:f74c:2007 - - [23/Feb/2026:09:17:53 +0000] "GET /carwash/wp-content/themes/truelysell/assets/js/rangeslider.min.js?ver=2.1 HTTP/1.1" 200 8168 "https://truelysell-wp.dreamsmarketplace.com/carwash/" "Mozilla/5.0 (Macintosh; Intel Mac OS X 10_15_7) AppleWebKit/537.36 (KHTML, like Gecko) Chrome/145.0.0.0 Safari/537.36"
2405:9800:b651:7738:f15c:d7fc:f74c:2007 - - [23/Feb/2026:09:17:53 +0000] "GET /house-problem/wp-content/themes/truelysell/assets/js/datedropper.js?ver=2.1 HTTP/1.1" 200 22534 "https://truelysell-wp.dreamsmarketplace.com/house-problem/" "Mozilla/5.0 (Macintosh; Intel Mac OS X 10_15_7) AppleWebKit/537.36 (KHTML, like Gecko) Chrome/145.0.0.0 Safari/537.36"
2405:9800:b651:7738:f15c:d7fc:f74c:2007 - - [23/Feb/2026:09:17:53 +0000] "GET /saloon/wp-content/uploads/2023/01/sal-1-600x400.png HTTP/1.1" 200 282997 "https://truelysell-wp.dreamsmarketplace.com/saloon/" "Mozilla/5.0 (Macintosh; Intel Mac OS X 10_15_7) AppleWebKit/537.36 (KHTML, like Gecko) Chrome/145.0.0.0 Safari/537.36"
2405:9800:b651:7738:f15c:d7fc:f74c:2007 - - [23/Feb/2026:09:17:53 +0000] "GET /saloon/wp-content/uploads/2024/01/scissor-white.svg HTTP/1.1" 200 1970 "https://truelysell-wp.dreamsmarketplace.com/saloon/" "Mozilla/5.0 (Macintosh; Intel Mac OS X 10_15_7) AppleWebKit/537.36 (KHTML, like Gecko) Chrome/145.0.0.0 Safari/537.36"
2405:9800:b651:7738:f15c:d7fc:f74c:2007 - - [23/Feb/2026:09:17:53 +0000] "GET /saloon/wp-content/themes/truelysell/assets/images/quote.svg HTTP/1.1" 200 1729 "https://truelysell-wp.dreamsmarketplace.com/saloon/" "Mozilla/5.0 (Macintosh; Intel Mac OS X 10_15_7) AppleWebKit/537.36 (KHTML, like Gecko) Chrome/145.0.0.0 Safari/537.36"
2405:9800:b651:7738:f15c:d7fc:f74c:2007 - - [23/Feb/2026:09:17:53 +0000] "GET /carwash/wp-content/themes/truelysell/assets/js/timedropper.js?ver=2.1 HTTP/1.1" 200 7014 "https://truelysell-wp.dreamsmarketplace.com/carwash/" "Mozilla/5.0 (Macintosh; Intel Mac OS X 10_15_7) AppleWebKit/537.36 (KHTML, like Gecko) Chrome/145.0.0.0 Safari/537.36"
2405:9800:b651:7738:f15c:d7fc:f74c:2007 - - [23/Feb/2026:09:17:53 +0000] "GET /saloon/wp-content/uploads/2024/01/avatar-04-1.jpg HTTP/1.1" 200 34428 "https://truelysell-wp.dreamsmarketplace.com/saloon/" "Mozilla/5.0 (Macintosh; Intel Mac OS X 10_15_7) AppleWebKit/537.36 (KHTML, like Gecko) Chrome/145.0.0.0 Safari/537.36"
2405:9800:b651:7738:f15c:d7fc:f74c:2007 - - [23/Feb/2026:09:17:53 +0000] "GET /cleaning/wp-content/uploads/2024/01/cleaner-detergent.svg HTTP/1.1" 304 0 "https://truelysell-wp.dreamsmarketplace.com/cleaning/" "Mozilla/5.0 (Macintosh; Intel Mac OS X 10_15_7) AppleWebKit/537.36 (KHTML, like Gecko) Chrome/145.0.0.0 Safari/537.36"
2405:9800:b651:7738:f15c:d7fc:f74c:2007 - - [23/Feb/2026:09:17:53 +0000] "GET /saloon/wp-content/plugins/woocommerce/assets/client/blocks/wc-blocks.css?ver=wc-10.4.2 HTTP/1.1" 200 14006 "https://truelysell-wp.dreamsmarketplace.com/saloon/" "Mozilla/5.0 (Macintosh; Intel Mac OS X 10_15_7) AppleWebKit/537.36 (KHTML, like Gecko) Chrome/145.0.0.0 Safari/537.36"
2405:9800:b651:7738:f15c:d7fc:f74c:2007 - - [23/Feb/2026:09:17:53 +0000] "GET /saloon/wp-content/plugins/truelysell-core/assets/js/uploads.min.js?ver=1.7.20 HTTP/1.1" 200 15316 "https://truelysell-wp.dreamsmarketplace.com/saloon/" "Mozilla/5.0 (Macintosh; Intel Mac OS X 10_15_7) AppleWebKit/537.36 (KHTML, like Gecko) Chrome/145.0.0.0 Safari/537.36"
2405:9800:b651:7738:f15c:d7fc:f74c:2007 - - [23/Feb/2026:09:17:53 +0000] "GET /saloon/wp-content/plugins/truelysell-core/assets/js/custom-price.js HTTP/1.1" 200 6922 "https://truelysell-wp.dreamsmarketplace.com/saloon/" "Mozilla/5.0 (Macintosh; Intel Mac OS X 10_15_7) AppleWebKit/537.36 (KHTML, like Gecko) Chrome/145.0.0.0 Safari/537.36"
2405:9800:b651:7738:f15c:d7fc:f74c:2007 - - [23/Feb/2026:09:17:53 +0000] "GET /saloon/wp-content/uploads/2024/01/avatar-02-5.jpg HTTP/1.1" 200 27998 "https://truelysell-wp.dreamsmarketplace.com/saloon/" "Mozilla/5.0 (Macintosh; Intel Mac OS X 10_15_7) AppleWebKit/537.36 (KHTML, like Gecko) Chrome/145.0.0.0 Safari/537.36"
2405:9800:b651:7738:f15c:d7fc:f74c:2007 - - [23/Feb/2026:09:17:53 +0000] "GET /saloon/wp-content/uploads/2024/01/blog-3-1200x545.jpg HTTP/1.1" 200 80154 "https://truelysell-wp.dreamsmarketplace.com/saloon/" "Mozilla/5.0 (Macintosh; Intel Mac OS X 10_15_7) AppleWebKit/537.36 (KHTML, like Gecko) Chrome/145.0.0.0 Safari/537.36"
2405:9800:b651:7738:f15c:d7fc:f74c:2007 - - [23/Feb/2026:09:17:53 +0000] "GET /saloon/wp-content/uploads/2024/01/blog-4-1200x545.jpg HTTP/1.1" 200 117101 "https://truelysell-wp.dreamsmarketplace.com/saloon/" "Mozilla/5.0 (Macintosh; Intel Mac OS X 10_15_7) AppleWebKit/537.36 (KHTML, like Gecko) Chrome/145.0.0.0 Safari/537.36"
2405:9800:b651:7738:f15c:d7fc:f74c:2007 - - [23/Feb/2026:09:17:53 +0000] "GET /saloon/wp-content/uploads/2024/01/blog-5-1200x545.jpg HTTP/1.1" 200 74467 "https://truelysell-wp.dreamsmarketplace.com/saloon/" "Mozilla/5.0 (Macintosh; Intel Mac OS X 10_15_7) AppleWebKit/537.36 (KHTML, like Gecko) Chrome/145.0.0.0 Safari/537.36"
2405:9800:b651:7738:f15c:d7fc:f74c:2007 - - [23/Feb/2026:09:17:53 +0000] "GET /saloon/wp-includes/js/jquery/ui/core.min.js?ver=1.13.3 HTTP/1.1" 200 21464 "https://truelysell-wp.dreamsmarketplace.com/saloon/" "Mozilla/5.0 (Macintosh; Intel Mac OS X 10_15_7) AppleWebKit/537.36 (KHTML, like Gecko) Chrome/145.0.0.0 Safari/537.36"
2405:9800:b651:7738:f15c:d7fc:f74c:2007 - - [23/Feb/2026:09:17:53 +0000] "GET /saloon/wp-content/plugins/contact-form-7/includes/js/index.js?ver=6.1.4 HTTP/1.1" 200 13452 "https://truelysell-wp.dreamsmarketplace.com/saloon/" "Mozilla/5.0 (Macintosh; Intel Mac OS X 10_15_7) AppleWebKit/537.36 (KHTML, like Gecko) Chrome/145.0.0.0 Safari/537.36"
2405:9800:b651:7738:f15c:d7fc:f74c:2007 - - [23/Feb/2026:09:17:53 +0000] "GET /saloon/wp-includes/js/jquery/ui/menu.min.js?ver=1.13.3 HTTP/1.1" 200 10199 "https://truelysell-wp.dreamsmarketplace.com/saloon/" "Mozilla/5.0 (Macintosh; Intel Mac OS X 10_15_7) AppleWebKit/537.36 (KHTML, like Gecko) Chrome/145.0.0.0 Safari/537.36"
2405:9800:b651:7738:f15c:d7fc:f74c:2007 - - [23/Feb/2026:09:17:53 +0000] "GET /saloon/wp-content/plugins/contact-form-7/includes/swv/js/index.js?ver=6.1.4 HTTP/1.1" 200 12512 "https://truelysell-wp.dreamsmarketplace.com/saloon/" "Mozilla/5.0 (Macintosh; Intel Mac OS X 10_15_7) AppleWebKit/537.36 (KHTML, like Gecko) Chrome/145.0.0.0 Safari/537.36"
2405:9800:b651:7738:f15c:d7fc:f74c:2007 - - [23/Feb/2026:09:17:53 +0000] "GET /saloon/wp-content/themes/truelysell//assets/plugins/fullcalendar/main.min.js?ver=6.9 HTTP/1.1" 200 269560 "https://truelysell-wp.dreamsmarketplace.com/saloon/" "Mozilla/5.0 (Macintosh; Intel Mac OS X 10_15_7) AppleWebKit/537.36 (KHTML, like Gecko) Chrome/145.0.0.0 Safari/537.36"
2405:9800:b651:7738:f15c:d7fc:f74c:2007 - - [23/Feb/2026:09:17:53 +0000] "GET /saloon/wp-content/plugins/truelysell-core/assets/js/ajax.search.min.js?ver=1.7.20 HTTP/1.1" 200 6655 "https://truelysell-wp.dreamsmarketplace.com/saloon/" "Mozilla/5.0 (Macintosh; Intel Mac OS X 10_15_7) AppleWebKit/537.36 (KHTML, like Gecko) Chrome/145.0.0.0 Safari/537.36"
2405:9800:b651:7738:f15c:d7fc:f74c:2007 - - [23/Feb/2026:09:17:53 +0000] "GET /saloon/wp-includes/js/media-models.min.js?ver=6.9 HTTP/1.1" 200 13284 "https://truelysell-wp.dreamsmarketplace.com/saloon/" "Mozilla/5.0 (Macintosh; Intel Mac OS X 10_15_7) AppleWebKit/537.36 (KHTML, like Gecko) Chrome/145.0.0.0 Safari/537.36"
2405:9800:b651:7738:f15c:d7fc:f74c:2007 - - [23/Feb/2026:09:17:53 +0000] "GET /saloon/wp-content/plugins/truelysell-core/assets/js/addon-services.js HTTP/1.1" 200 8297 "https://truelysell-wp.dreamsmarketplace.com/saloon/" "Mozilla/5.0 (Macintosh; Intel Mac OS X 10_15_7) AppleWebKit/537.36 (KHTML, like Gecko) Chrome/145.0.0.0 Safari/537.36"
2405:9800:b651:7738:f15c:d7fc:f74c:2007 - - [23/Feb/2026:09:17:53 +0000] "GET /saloon/wp-content/themes/truelysell//assets/js/jquery.meanmenu.min.js?ver=6.9 HTTP/1.1" 200 5908 "https://truelysell-wp.dreamsmarketplace.com/saloon/" "Mozilla/5.0 (Macintosh; Intel Mac OS X 10_15_7) AppleWebKit/537.36 (KHTML, like Gecko) Chrome/145.0.0.0 Safari/537.36"
2405:9800:b651:7738:f15c:d7fc:f74c:2007 - - [23/Feb/2026:09:17:53 +0000] "GET /saloon/wp-content/plugins/truelysell-core/assets/js/slots-new.js HTTP/1.1" 200 16294 "https://truelysell-wp.dreamsmarketplace.com/saloon/" "Mozilla/5.0 (Macintosh; Intel Mac OS X 10_15_7) AppleWebKit/537.36 (KHTML, like Gecko) Chrome/145.0.0.0 Safari/537.36"
2405:9800:b651:7738:f15c:d7fc:f74c:2007 - - [23/Feb/2026:09:17:53 +0000] "GET /saloon/wp-includes/js/media-audiovideo.min.js?ver=6.9 HTTP/1.1" 200 12052 "https://truelysell-wp.dreamsmarketplace.com/saloon/" "Mozilla/5.0 (Macintosh; Intel Mac OS X 10_15_7) AppleWebKit/537.36 (KHTML, like Gecko) Chrome/145.0.0.0 Safari/537.36"
2405:9800:b651:7738:f15c:d7fc:f74c:2007 - - [23/Feb/2026:09:17:53 +0000] "GET /saloon/wp-content/themes/truelysell//assets/js/owl.carousel.min.js?ver=6.9 HTTP/1.1" 200 44342 "https://truelysell-wp.dreamsmarketplace.com/saloon/" "Mozilla/5.0 (Macintosh; Intel Mac OS X 10_15_7) AppleWebKit/537.36 (KHTML, like Gecko) Chrome/145.0.0.0 Safari/537.36"
2405:9800:b651:7738:f15c:d7fc:f74c:2007 - - [23/Feb/2026:09:17:53 +0000] "GET /saloon/wp-includes/js/jquery/ui/mouse.min.js?ver=1.13.3 HTTP/1.1" 200 3428 "https://truelysell-wp.dreamsmarketplace.com/saloon/" "Mozilla/5.0 (Macintosh; Intel Mac OS X 10_15_7) AppleWebKit/537.36 (KHTML, like Gecko) Chrome/145.0.0.0 Safari/537.36"
2405:9800:b651:7738:f15c:d7fc:f74c:2007 - - [23/Feb/2026:09:17:53 +0000] "GET /saloon/wp-includes/js/jquery/ui/autocomplete.min.js?ver=1.13.3 HTTP/1.1" 200 8536 "https://truelysell-wp.dreamsmarketplace.com/saloon/" "Mozilla/5.0 (Macintosh; Intel Mac OS X 10_15_7) AppleWebKit/537.36 (KHTML, like Gecko) Chrome/145.0.0.0 Safari/537.36"
2405:9800:b651:7738:f15c:d7fc:f74c:2007 - - [23/Feb/2026:09:17:53 +0000] "GET /saloon/wp-content/themes/truelysell/assets/images/icon/linkedin.svg HTTP/1.1" 200 1260 "https://truelysell-wp.dreamsmarketplace.com/saloon/" "Mozilla/5.0 (Macintosh; Intel Mac OS X 10_15_7) AppleWebKit/537.36 (KHTML, like Gecko) Chrome/145.0.0.0 Safari/537.36"
2405:9800:b651:7738:f15c:d7fc:f74c:2007 - - [23/Feb/2026:09:17:53 +0000] "GET /saloon/wp-content/plugins/elementor/assets/lib/flatpickr/flatpickr.min.js?ver=4.6.13 HTTP/1.1" 200 50680 "https://truelysell-wp.dreamsmarketplace.com/saloon/" "Mozilla/5.0 (Macintosh; Intel Mac OS X 10_15_7) AppleWebKit/537.36 (KHTML, like Gecko) Chrome/145.0.0.0 Safari/537.36"
2405:9800:b651:7738:f15c:d7fc:f74c:2007 - - [23/Feb/2026:09:17:53 +0000] "GET /saloon/wp-content/themes/truelysell//assets/js/backToTop.js?ver=6.9 HTTP/1.1" 200 1003 "https://truelysell-wp.dreamsmarketplace.com/saloon/" "Mozilla/5.0 (Macintosh; Intel Mac OS X 10_15_7) AppleWebKit/537.36 (KHTML, like Gecko) Chrome/145.0.0.0 Safari/537.36"
2405:9800:b651:7738:f15c:d7fc:f74c:2007 - - [23/Feb/2026:09:17:53 +0000] "GET /saloon/wp-includes/js/dist/i18n.min.js?ver=c26c3dc7bed366793375 HTTP/1.1" 200 5314 "https://truelysell-wp.dreamsmarketplace.com/saloon/" "Mozilla/5.0 (Macintosh; Intel Mac OS X 10_15_7) AppleWebKit/537.36 (KHTML, like Gecko) Chrome/145.0.0.0 Safari/537.36"
2405:9800:b651:7738:f15c:d7fc:f74c:2007 - - [23/Feb/2026:09:17:53 +0000] "GET /saloon/wp-content/themes/truelysell/assets/js/wow.min.js?ver=6.9 HTTP/1.1" 200 8426 "https://truelysell-wp.dreamsmarketplace.com/saloon/" "Mozilla/5.0 (Macintosh; Intel Mac OS X 10_15_7) AppleWebKit/537.36 (KHTML, like Gecko) Chrome/145.0.0.0 Safari/537.36"
2405:9800:b651:7738:f15c:d7fc:f74c:2007 - - [23/Feb/2026:09:17:53 +0000] "GET /saloon/wp-content/themes/truelysell//assets/js/script.js?ver=6.9 HTTP/1.1" 200 62312 "https://truelysell-wp.dreamsmarketplace.com/saloon/" "Mozilla/5.0 (Macintosh; Intel Mac OS X 10_15_7) AppleWebKit/537.36 (KHTML, like Gecko) Chrome/145.0.0.0 Safari/537.36"
2405:9800:b651:7738:f15c:d7fc:f74c:2007 - - [23/Feb/2026:09:17:53 +0000] "GET /saloon/wp-content/themes/truelysell//assets/js/bootstrap.bundle.min.js?ver=6.9 HTTP/1.1" 200 80721 "https://truelysell-wp.dreamsmarketplace.com/saloon/" "Mozilla/5.0 (Macintosh; Intel Mac OS X 10_15_7) AppleWebKit/537.36 (KHTML, like Gecko) Chrome/145.0.0.0 Safari/537.36"
2405:9800:b651:7738:f15c:d7fc:f74c:2007 - - [23/Feb/2026:09:17:53 +0000] "GET /saloon/wp-content/themes/truelysell//assets/plugins/datatables/jquery.dataTables.min.js?ver=6.9 HTTP/1.1" 200 81906 "https://truelysell-wp.dreamsmarketplace.com/saloon/" "Mozilla/5.0 (Macintosh; Intel Mac OS X 10_15_7) AppleWebKit/537.36 (KHTML, like Gecko) Chrome/145.0.0.0 Safari/537.36"
2405:9800:b651:7738:f15c:d7fc:f74c:2007 - - [23/Feb/2026:09:17:53 +0000] "GET /saloon/wp-content/uploads/2024/01/banner-04.jpg HTTP/1.1" 200 133840 "https://truelysell-wp.dreamsmarketplace.com/saloon/" "Mozilla/5.0 (Macintosh; Intel Mac OS X 10_15_7) AppleWebKit/537.36 (KHTML, like Gecko) Chrome/145.0.0.0 Safari/537.36"
2405:9800:b651:7738:f15c:d7fc:f74c:2007 - - [23/Feb/2026:09:17:53 +0000] "GET /saloon/wp-content/themes/truelysell/assets/js/custom.js?ver=20170821 HTTP/1.1" 200 43315 "https://truelysell-wp.dreamsmarketplace.com/saloon/" "Mozilla/5.0 (Macintosh; Intel Mac OS X 10_15_7) AppleWebKit/537.36 (KHTML, like Gecko) Chrome/145.0.0.0 Safari/537.36"
2405:9800:b651:7738:f15c:d7fc:f74c:2007 - - [23/Feb/2026:09:17:53 +0000] "GET /saloon/wp-content/themes/truelysell//assets/js/jquery.slimscroll.min.js?ver=6.9 HTTP/1.1" 200 4724 "https://truelysell-wp.dreamsmarketplace.com/saloon/" "Mozilla/5.0 (Macintosh; Intel Mac OS X 10_15_7) AppleWebKit/537.36 (KHTML, like Gecko) Chrome/145.0.0.0 Safari/537.36"
2405:9800:b651:7738:f15c:d7fc:f74c:2007 - - [23/Feb/2026:09:17:53 +0000] "GET /saloon/wp-includes/js/mediaelement/wp-mediaelement.min.js?ver=6.9 HTTP/1.1" 200 1107 "https://truelysell-wp.dreamsmarketplace.com/saloon/" "Mozilla/5.0 (Macintosh; Intel Mac OS X 10_15_7) AppleWebKit/537.36 (KHTML, like Gecko) Chrome/145.0.0.0 Safari/537.36"
2405:9800:b651:7738:f15c:d7fc:f74c:2007 - - [23/Feb/2026:09:17:53 +0000] "GET /saloon/wp-content/themes/truelysell//assets/plugins/datatables/datatables.min.js?ver=6.9 HTTP/1.1" 200 84818 "https://truelysell-wp.dreamsmarketplace.com/saloon/" "Mozilla/5.0 (Macintosh; Intel Mac OS X 10_15_7) AppleWebKit/537.36 (KHTML, like Gecko) Chrome/145.0.0.0 Safari/537.36"
2405:9800:b651:7738:f15c:d7fc:f74c:2007 - - [23/Feb/2026:09:17:53 +0000] "GET /saloon/wp-includes/js/underscore.min.js?ver=1.13.7 HTTP/1.1" 200 18905 "https://truelysell-wp.dreamsmarketplace.com/saloon/" "Mozilla/5.0 (Macintosh; Intel Mac OS X 10_15_7) AppleWebKit/537.36 (KHTML, like Gecko) Chrome/145.0.0.0 Safari/537.36"
2405:9800:b651:7738:f15c:d7fc:f74c:2007 - - [23/Feb/2026:09:17:53 +0000] "GET /saloon/wp-content/plugins/elementor/assets/js/webpack.runtime.min.js?ver=3.33.4 HTTP/1.1" 200 5667 "https://truelysell-wp.dreamsmarketplace.com/saloon/" "Mozilla/5.0 (Macintosh; Intel Mac OS X 10_15_7) AppleWebKit/537.36 (KHTML, like Gecko) Chrome/145.0.0.0 Safari/537.36"
2405:9800:b651:7738:f15c:d7fc:f74c:2007 - - [23/Feb/2026:09:17:53 +0000] "GET /saloon/wp-content/plugins/woocommerce/assets/js/frontend/add-to-cart.min.js?ver=10.4.2 HTTP/1.1" 200 4350 "https://truelysell-wp.dreamsmarketplace.com/saloon/" "Mozilla/5.0 (Macintosh; Intel Mac OS X 10_15_7) AppleWebKit/537.36 (KHTML, like Gecko) Chrome/145.0.0.0 Safari/537.36"
2405:9800:b651:7738:f15c:d7fc:f74c:2007 - - [23/Feb/2026:09:17:53 +0000] "GET /saloon/wp-includes/js/jquery/ui/sortable.min.js?ver=1.13.3 HTTP/1.1" 200 25504 "https://truelysell-wp.dreamsmarketplace.com/saloon/" "Mozilla/5.0 (Macintosh; Intel Mac OS X 10_15_7) AppleWebKit/537.36 (KHTML, like Gecko) Chrome/145.0.0.0 Safari/537.36"
2405:9800:b651:7738:f15c:d7fc:f74c:2007 - - [23/Feb/2026:09:17:53 +0000] "GET /saloon/wp-content/themes/truelysell/assets/js/autocomplete.js HTTP/1.1" 200 1231 "https://truelysell-wp.dreamsmarketplace.com/saloon/" "Mozilla/5.0 (Macintosh; Intel Mac OS X 10_15_7) AppleWebKit/537.36 (KHTML, like Gecko) Chrome/145.0.0.0 Safari/537.36"
2405:9800:b651:7738:f15c:d7fc:f74c:2007 - - [23/Feb/2026:09:17:53 +0000] "GET /saloon/wp-content/plugins/woocommerce/assets/js/jquery-blockui/jquery.blockUI.min.js?ver=2.7.0-wc.10.4.2 HTTP/1.1" 200 9636 "https://truelysell-wp.dreamsmarketplace.com/saloon/" "Mozilla/5.0 (Macintosh; Intel Mac OS X 10_15_7) AppleWebKit/537.36 (KHTML, like Gecko) Chrome/145.0.0.0 Safari/537.36"
2405:9800:b651:7738:f15c:d7fc:f74c:2007 - - [23/Feb/2026:09:17:53 +0000] "GET /saloon/wp-includes/js/api-request.min.js?ver=6.9 HTTP/1.1" 200 1023 "https://truelysell-wp.dreamsmarketplace.com/saloon/" "Mozilla/5.0 (Macintosh; Intel Mac OS X 10_15_7) AppleWebKit/537.36 (KHTML, like Gecko) Chrome/145.0.0.0 Safari/537.36"
223.27.237.4 - - [23/Feb/2026:09:17:53 +0000] "GET /catering/wp-content/themes/truelysell/assets/js/custom.js?ver=20170821 HTTP/1.1" 200 43315 "https://truelysell-wp.dreamsmarketplace.com/catering/" "Mozilla/5.0 (Macintosh; Intel Mac OS X 10_15_7) AppleWebKit/537.36 (KHTML, like Gecko) Chrome/140.0.0.0 Safari/537.36"
2405:9800:b651:7738:f15c:d7fc:f74c:2007 - - [23/Feb/2026:09:17:53 +0000] "GET /saloon/wp-content/plugins/truelysell-core/assets/js/contact-provider.js HTTP/1.1" 200 1101 "https://truelysell-wp.dreamsmarketplace.com/saloon/" "Mozilla/5.0 (Macintosh; Intel Mac OS X 10_15_7) AppleWebKit/537.36 (KHTML, like Gecko) Chrome/145.0.0.0 Safari/537.36"
2405:9800:b651:7738:f15c:d7fc:f74c:2007 - - [23/Feb/2026:09:17:53 +0000] "GET /saloon/wp-content/themes/truelysell//assets/plugins/fancybox/jquery.fancybox.min.js?ver=6.9 HTTP/1.1" 200 68253 "https://truelysell-wp.dreamsmarketplace.com/saloon/" "Mozilla/5.0 (Macintosh; Intel Mac OS X 10_15_7) AppleWebKit/537.36 (KHTML, like Gecko) Chrome/145.0.0.0 Safari/537.36"
2405:9800:b651:7738:f15c:d7fc:f74c:2007 - - [23/Feb/2026:09:17:53 +0000] "GET /saloon/wp-content/themes/truelysell//assets/js/bootstrap-datetimepicker.min.js?ver=6.9 HTTP/1.1" 200 38510 "https://truelysell-wp.dreamsmarketplace.com/saloon/" "Mozilla/5.0 (Macintosh; Intel Mac OS X 10_15_7) AppleWebKit/537.36 (KHTML, like Gecko) Chrome/145.0.0.0 Safari/537.36"
