45.118.156.57 - - [23/Feb/2026:07:39:28 +0000] "GET / HTTP/1.1" 200 43819 "https://truelysell-wp.dreamsmarketplace.com/login/" "Mozilla/5.0 (Windows NT 10.0; Win64; x64) AppleWebKit/537.36 (KHTML, like Gecko) Chrome/145.0.0.0 Safari/537.36"
45.118.156.57 - - [23/Feb/2026:07:39:30 +0000] "GET /wp-content/themes/truelysell/assets/css/block-styles.css?ver=1.0 HTTP/1.1" 404 29362 "https://truelysell-wp.dreamsmarketplace.com/" "Mozilla/5.0 (Windows NT 10.0; Win64; x64) AppleWebKit/537.36 (KHTML, like Gecko) Chrome/145.0.0.0 Safari/537.36"
45.118.156.57 - - [23/Feb/2026:07:39:32 +0000] "GET / HTTP/1.1" 200 43818 "https://preview.themeforest.net/" "Mozilla/5.0 (Windows NT 10.0; Win64; x64) AppleWebKit/537.36 (KHTML, like Gecko) Chrome/145.0.0.0 Safari/537.36"
45.118.156.57 - - [23/Feb/2026:07:39:33 +0000] "GET /wp-content/themes/truelysell/assets/css/block-styles.css?ver=1.0 HTTP/1.1" 404 29361 "https://truelysell-wp.dreamsmarketplace.com/" "Mozilla/5.0 (Windows NT 10.0; Win64; x64) AppleWebKit/537.36 (KHTML, like Gecko) Chrome/145.0.0.0 Safari/537.36"
45.118.156.57 - - [23/Feb/2026:07:39:36 +0000] "GET /wp-admin/admin-ajax.php?action=get_additional_services HTTP/1.1" 200 83 "https://truelysell-wp.dreamsmarketplace.com/" "Mozilla/5.0 (Windows NT 10.0; Win64; x64) AppleWebKit/537.36 (KHTML, like Gecko) Chrome/145.0.0.0 Safari/537.36"
45.118.156.57 - - [23/Feb/2026:07:39:36 +0000] "GET /wp-admin/admin-ajax.php?action=get_faq_section HTTP/1.1" 200 83 "https://truelysell-wp.dreamsmarketplace.com/" "Mozilla/5.0 (Windows NT 10.0; Win64; x64) AppleWebKit/537.36 (KHTML, like Gecko) Chrome/145.0.0.0 Safari/537.36"
45.118.156.57 - - [23/Feb/2026:07:39:36 +0000] "POST /wp-admin/admin-ajax.php HTTP/1.1" 200 58 "https://truelysell-wp.dreamsmarketplace.com/" "Mozilla/5.0 (Windows NT 10.0; Win64; x64) AppleWebKit/537.36 (KHTML, like Gecko) Chrome/145.0.0.0 Safari/537.36"
45.118.156.57 - - [23/Feb/2026:07:39:36 +0000] "GET /wp-admin/admin-ajax.php?action=get_includes_title HTTP/1.1" 200 70 "https://truelysell-wp.dreamsmarketplace.com/" "Mozilla/5.0 (Windows NT 10.0; Win64; x64) AppleWebKit/537.36 (KHTML, like Gecko) Chrome/145.0.0.0 Safari/537.36"
45.118.156.57 - - [23/Feb/2026:07:39:36 +0000] "GET /wp-json/contact-form-7/v1/contact-forms/363/feedback/schema HTTP/1.1" 200 345 "https://truelysell-wp.dreamsmarketplace.com/" "Mozilla/5.0 (Windows NT 10.0; Win64; x64) AppleWebKit/537.36 (KHTML, like Gecko) Chrome/145.0.0.0 Safari/537.36"
45.118.156.57 - - [23/Feb/2026:07:39:41 +0000] "GET / HTTP/1.1" 200 43818 "https://preview.themeforest.net/" "Mozilla/5.0 (Windows NT 10.0; Win64; x64) AppleWebKit/537.36 (KHTML, like Gecko) Chrome/145.0.0.0 Safari/537.36"
45.118.156.57 - - [23/Feb/2026:07:39:42 +0000] "GET /wp-content/themes/truelysell/assets/css/block-styles.css?ver=1.0 HTTP/1.1" 404 29362 "https://truelysell-wp.dreamsmarketplace.com/" "Mozilla/5.0 (Windows NT 10.0; Win64; x64) AppleWebKit/537.36 (KHTML, like Gecko) Chrome/145.0.0.0 Safari/537.36"
45.118.156.57 - - [23/Feb/2026:07:39:45 +0000] "GET /wp-admin/admin-ajax.php?action=get_additional_services HTTP/1.1" 200 83 "https://truelysell-wp.dreamsmarketplace.com/" "Mozilla/5.0 (Windows NT 10.0; Win64; x64) AppleWebKit/537.36 (KHTML, like Gecko) Chrome/145.0.0.0 Safari/537.36"
45.118.156.57 - - [23/Feb/2026:07:39:45 +0000] "GET /wp-admin/admin-ajax.php?action=get_includes_title HTTP/1.1" 200 70 "https://truelysell-wp.dreamsmarketplace.com/" "Mozilla/5.0 (Windows NT 10.0; Win64; x64) AppleWebKit/537.36 (KHTML, like Gecko) Chrome/145.0.0.0 Safari/537.36"
45.118.156.57 - - [23/Feb/2026:07:39:45 +0000] "POST /wp-admin/admin-ajax.php HTTP/1.1" 200 58 "https://truelysell-wp.dreamsmarketplace.com/" "Mozilla/5.0 (Windows NT 10.0; Win64; x64) AppleWebKit/537.36 (KHTML, like Gecko) Chrome/145.0.0.0 Safari/537.36"
45.118.156.57 - - [23/Feb/2026:07:39:45 +0000] "GET /wp-admin/admin-ajax.php?action=get_faq_section HTTP/1.1" 200 83 "https://truelysell-wp.dreamsmarketplace.com/" "Mozilla/5.0 (Windows NT 10.0; Win64; x64) AppleWebKit/537.36 (KHTML, like Gecko) Chrome/145.0.0.0 Safari/537.36"
45.118.156.57 - - [23/Feb/2026:07:39:45 +0000] "GET /wp-json/contact-form-7/v1/contact-forms/363/feedback/schema HTTP/1.1" 200 345 "https://truelysell-wp.dreamsmarketplace.com/" "Mozilla/5.0 (Windows NT 10.0; Win64; x64) AppleWebKit/537.36 (KHTML, like Gecko) Chrome/145.0.0.0 Safari/537.36"
45.118.156.57 - - [23/Feb/2026:07:39:46 +0000] "GET /wp-content/themes/truelysell/assets/images/category-bg.svg HTTP/1.1" 304 0 "https://truelysell-wp.dreamsmarketplace.com/wp-content/themes/truelysell/assets/css/style-new.css?ver=2.1" "Mozilla/5.0 (Windows NT 10.0; Win64; x64) AppleWebKit/537.36 (KHTML, like Gecko) Chrome/145.0.0.0 Safari/537.36"
45.118.156.57 - - [23/Feb/2026:07:39:52 +0000] "GET /grid-full-width/ HTTP/1.1" 200 37255 "https://truelysell-wp.dreamsmarketplace.com/" "Mozilla/5.0 (Windows NT 10.0; Win64; x64) AppleWebKit/537.36 (KHTML, like Gecko) Chrome/145.0.0.0 Safari/537.36"
45.118.156.57 - - [23/Feb/2026:07:39:54 +0000] "GET /wp-content/themes/truelysell/assets/css/block-styles.css?ver=1.0 HTTP/1.1" 404 29362 "https://truelysell-wp.dreamsmarketplace.com/grid-full-width/" "Mozilla/5.0 (Windows NT 10.0; Win64; x64) AppleWebKit/537.36 (KHTML, like Gecko) Chrome/145.0.0.0 Safari/537.36"
45.118.156.57 - - [23/Feb/2026:07:39:56 +0000] "POST /wp-admin/admin-ajax.php HTTP/1.1" 200 58 "https://truelysell-wp.dreamsmarketplace.com/grid-full-width/" "Mozilla/5.0 (Windows NT 10.0; Win64; x64) AppleWebKit/537.36 (KHTML, like Gecko) Chrome/145.0.0.0 Safari/537.36"
45.118.156.57 - - [23/Feb/2026:07:39:57 +0000] "GET /wp-admin/admin-ajax.php?action=get_additional_services HTTP/1.1" 200 83 "https://truelysell-wp.dreamsmarketplace.com/grid-full-width/" "Mozilla/5.0 (Windows NT 10.0; Win64; x64) AppleWebKit/537.36 (KHTML, like Gecko) Chrome/145.0.0.0 Safari/537.36"
45.118.156.57 - - [23/Feb/2026:07:39:57 +0000] "GET /wp-admin/admin-ajax.php?action=get_includes_title HTTP/1.1" 200 70 "https://truelysell-wp.dreamsmarketplace.com/grid-full-width/" "Mozilla/5.0 (Windows NT 10.0; Win64; x64) AppleWebKit/537.36 (KHTML, like Gecko) Chrome/145.0.0.0 Safari/537.36"
45.118.156.57 - - [23/Feb/2026:07:39:57 +0000] "GET /wp-admin/admin-ajax.php?action=get_faq_section HTTP/1.1" 200 83 "https://truelysell-wp.dreamsmarketplace.com/grid-full-width/" "Mozilla/5.0 (Windows NT 10.0; Win64; x64) AppleWebKit/537.36 (KHTML, like Gecko) Chrome/145.0.0.0 Safari/537.36"
45.118.156.57 - - [23/Feb/2026:07:39:57 +0000] "GET /wp-json/contact-form-7/v1/contact-forms/363/feedback/schema HTTP/1.1" 200 345 "https://truelysell-wp.dreamsmarketplace.com/grid-full-width/" "Mozilla/5.0 (Windows NT 10.0; Win64; x64) AppleWebKit/537.36 (KHTML, like Gecko) Chrome/145.0.0.0 Safari/537.36"
45.118.156.57 - - [23/Feb/2026:07:39:58 +0000] "GET /listing/computer-server-amc-service/ HTTP/1.1" 200 39906 "https://truelysell-wp.dreamsmarketplace.com/grid-full-width/" "Mozilla/5.0 (Windows NT 10.0; Win64; x64) AppleWebKit/537.36 (KHTML, like Gecko) Chrome/145.0.0.0 Safari/537.36"
45.118.156.57 - - [23/Feb/2026:07:40:00 +0000] "GET /wp-content/themes/truelysell/assets/css/block-styles.css?ver=1.0 HTTP/1.1" 404 29362 "https://truelysell-wp.dreamsmarketplace.com/listing/computer-server-amc-service/" "Mozilla/5.0 (Windows NT 10.0; Win64; x64) AppleWebKit/537.36 (KHTML, like Gecko) Chrome/145.0.0.0 Safari/537.36"
45.118.156.57 - - [23/Feb/2026:07:40:02 +0000] "GET /wp-admin/admin-ajax.php?action=get_faq_section HTTP/1.1" 200 83 "https://truelysell-wp.dreamsmarketplace.com/listing/computer-server-amc-service/" "Mozilla/5.0 (Windows NT 10.0; Win64; x64) AppleWebKit/537.36 (KHTML, like Gecko) Chrome/145.0.0.0 Safari/537.36"
45.118.156.57 - - [23/Feb/2026:07:40:02 +0000] "GET /wp-admin/admin-ajax.php?action=get_includes_title HTTP/1.1" 200 70 "https://truelysell-wp.dreamsmarketplace.com/listing/computer-server-amc-service/" "Mozilla/5.0 (Windows NT 10.0; Win64; x64) AppleWebKit/537.36 (KHTML, like Gecko) Chrome/145.0.0.0 Safari/537.36"
45.118.156.57 - - [23/Feb/2026:07:40:02 +0000] "GET /wp-admin/admin-ajax.php?action=get_additional_services HTTP/1.1" 200 83 "https://truelysell-wp.dreamsmarketplace.com/listing/computer-server-amc-service/" "Mozilla/5.0 (Windows NT 10.0; Win64; x64) AppleWebKit/537.36 (KHTML, like Gecko) Chrome/145.0.0.0 Safari/537.36"
45.118.156.57 - - [23/Feb/2026:07:40:02 +0000] "POST /wp-admin/admin-ajax.php HTTP/1.1" 200 58 "https://truelysell-wp.dreamsmarketplace.com/listing/computer-server-amc-service/" "Mozilla/5.0 (Windows NT 10.0; Win64; x64) AppleWebKit/537.36 (KHTML, like Gecko) Chrome/145.0.0.0 Safari/537.36"
45.118.156.57 - - [23/Feb/2026:07:40:02 +0000] "GET /wp-json/contact-form-7/v1/contact-forms/363/feedback/schema HTTP/1.1" 200 345 "https://truelysell-wp.dreamsmarketplace.com/listing/computer-server-amc-service/" "Mozilla/5.0 (Windows NT 10.0; Win64; x64) AppleWebKit/537.36 (KHTML, like Gecko) Chrome/145.0.0.0 Safari/537.36"
45.118.156.57 - - [23/Feb/2026:07:40:06 +0000] "GET /login/?redirect_to=https%3A%2F%2Ftruelysell-wp.dreamsmarketplace.com%2Flisting%2Fcomputer-server-amc-service%2F HTTP/1.1" 200 34343 "https://truelysell-wp.dreamsmarketplace.com/listing/computer-server-amc-service/" "Mozilla/5.0 (Windows NT 10.0; Win64; x64) AppleWebKit/537.36 (KHTML, like Gecko) Chrome/145.0.0.0 Safari/537.36"
154.159.252.29 - - [23/Feb/2026:07:40:06 +0000] "GET /wp-content/uploads/2024/10/success-02.svg HTTP/1.1" 301 178 "https://blackwellke.co.ke/" "Mozilla/5.0 (Windows NT 10.0; Win64; x64) AppleWebKit/537.36 (KHTML, like Gecko) Chrome/145.0.0.0 Safari/537.36"
154.159.252.29 - - [23/Feb/2026:07:40:06 +0000] "GET /wp-content/uploads/2024/10/success-01.svg HTTP/1.1" 301 178 "https://blackwellke.co.ke/" "Mozilla/5.0 (Windows NT 10.0; Win64; x64) AppleWebKit/537.36 (KHTML, like Gecko) Chrome/145.0.0.0 Safari/537.36"
154.159.252.29 - - [23/Feb/2026:07:40:06 +0000] "GET /wp-content/uploads/2024/10/success-03.svg HTTP/1.1" 301 178 "https://blackwellke.co.ke/" "Mozilla/5.0 (Windows NT 10.0; Win64; x64) AppleWebKit/537.36 (KHTML, like Gecko) Chrome/145.0.0.0 Safari/537.36"
154.159.252.29 - - [23/Feb/2026:07:40:07 +0000] "GET /wp-content/uploads/2024/10/success-02.svg HTTP/1.1" 200 966 "https://blackwellke.co.ke/" "Mozilla/5.0 (Windows NT 10.0; Win64; x64) AppleWebKit/537.36 (KHTML, like Gecko) Chrome/145.0.0.0 Safari/537.36"
154.159.252.29 - - [23/Feb/2026:07:40:07 +0000] "GET /wp-content/uploads/2024/10/success-01.svg HTTP/1.1" 200 1207 "https://blackwellke.co.ke/" "Mozilla/5.0 (Windows NT 10.0; Win64; x64) AppleWebKit/537.36 (KHTML, like Gecko) Chrome/145.0.0.0 Safari/537.36"
154.159.252.29 - - [23/Feb/2026:07:40:07 +0000] "GET /wp-content/uploads/2024/10/success-03.svg HTTP/1.1" 200 1146 "https://blackwellke.co.ke/" "Mozilla/5.0 (Windows NT 10.0; Win64; x64) AppleWebKit/537.36 (KHTML, like Gecko) Chrome/145.0.0.0 Safari/537.36"
154.159.252.29 - - [23/Feb/2026:07:40:07 +0000] "GET /wp-content/uploads/2024/10/banner.png HTTP/1.1" 301 178 "https://blackwellke.co.ke/" "Mozilla/5.0 (Windows NT 10.0; Win64; x64) AppleWebKit/537.36 (KHTML, like Gecko) Chrome/145.0.0.0 Safari/537.36"
45.118.156.57 - - [23/Feb/2026:07:40:07 +0000] "GET /wp-content/themes/truelysell/assets/css/block-styles.css?ver=1.0 HTTP/1.1" 404 29363 "https://truelysell-wp.dreamsmarketplace.com/login/?redirect_to=https%3A%2F%2Ftruelysell-wp.dreamsmarketplace.com%2Flisting%2Fcomputer-server-amc-service%2F" "Mozilla/5.0 (Windows NT 10.0; Win64; x64) AppleWebKit/537.36 (KHTML, like Gecko) Chrome/145.0.0.0 Safari/537.36"
154.159.252.29 - - [23/Feb/2026:07:40:08 +0000] "GET /wp-content/uploads/2024/10/banner.png HTTP/1.1" 304 0 "https://blackwellke.co.ke/" "Mozilla/5.0 (Windows NT 10.0; Win64; x64) AppleWebKit/537.36 (KHTML, like Gecko) Chrome/145.0.0.0 Safari/537.36"
45.118.156.57 - - [23/Feb/2026:07:40:10 +0000] "GET /wp-admin/admin-ajax.php?action=get_additional_services HTTP/1.1" 200 83 "https://truelysell-wp.dreamsmarketplace.com/login/?redirect_to=https%3A%2F%2Ftruelysell-wp.dreamsmarketplace.com%2Flisting%2Fcomputer-server-amc-service%2F" "Mozilla/5.0 (Windows NT 10.0; Win64; x64) AppleWebKit/537.36 (KHTML, like Gecko) Chrome/145.0.0.0 Safari/537.36"
45.118.156.57 - - [23/Feb/2026:07:40:10 +0000] "GET /wp-admin/admin-ajax.php?action=get_faq_section HTTP/1.1" 200 83 "https://truelysell-wp.dreamsmarketplace.com/login/?redirect_to=https%3A%2F%2Ftruelysell-wp.dreamsmarketplace.com%2Flisting%2Fcomputer-server-amc-service%2F" "Mozilla/5.0 (Windows NT 10.0; Win64; x64) AppleWebKit/537.36 (KHTML, like Gecko) Chrome/145.0.0.0 Safari/537.36"
45.118.156.57 - - [23/Feb/2026:07:40:10 +0000] "GET /wp-admin/admin-ajax.php?action=get_includes_title HTTP/1.1" 200 70 "https://truelysell-wp.dreamsmarketplace.com/login/?redirect_to=https%3A%2F%2Ftruelysell-wp.dreamsmarketplace.com%2Flisting%2Fcomputer-server-amc-service%2F" "Mozilla/5.0 (Windows NT 10.0; Win64; x64) AppleWebKit/537.36 (KHTML, like Gecko) Chrome/145.0.0.0 Safari/537.36"
45.118.156.57 - - [23/Feb/2026:07:40:10 +0000] "POST /wp-admin/admin-ajax.php HTTP/1.1" 200 58 "https://truelysell-wp.dreamsmarketplace.com/login/?redirect_to=https%3A%2F%2Ftruelysell-wp.dreamsmarketplace.com%2Flisting%2Fcomputer-server-amc-service%2F" "Mozilla/5.0 (Windows NT 10.0; Win64; x64) AppleWebKit/537.36 (KHTML, like Gecko) Chrome/145.0.0.0 Safari/537.36"
45.118.156.57 - - [23/Feb/2026:07:40:10 +0000] "GET /wp-json/contact-form-7/v1/contact-forms/363/feedback/schema HTTP/1.1" 200 345 "https://truelysell-wp.dreamsmarketplace.com/login/?redirect_to=https%3A%2F%2Ftruelysell-wp.dreamsmarketplace.com%2Flisting%2Fcomputer-server-amc-service%2F" "Mozilla/5.0 (Windows NT 10.0; Win64; x64) AppleWebKit/537.36 (KHTML, like Gecko) Chrome/145.0.0.0 Safari/537.36"
154.159.252.29 - - [23/Feb/2026:07:40:14 +0000] "GET /wp-content/uploads/2024/10/category-09.svg HTTP/1.1" 301 178 "https://blackwellke.co.ke/" "Mozilla/5.0 (Windows NT 10.0; Win64; x64) AppleWebKit/537.36 (KHTML, like Gecko) Chrome/145.0.0.0 Safari/537.36"
154.159.252.29 - - [23/Feb/2026:07:40:14 +0000] "GET /wp-content/uploads/2024/10/category-12.svg HTTP/1.1" 301 178 "https://blackwellke.co.ke/" "Mozilla/5.0 (Windows NT 10.0; Win64; x64) AppleWebKit/537.36 (KHTML, like Gecko) Chrome/145.0.0.0 Safari/537.36"
154.159.252.29 - - [23/Feb/2026:07:40:14 +0000] "GET /wp-content/uploads/2024/10/category-08.svg HTTP/1.1" 301 178 "https://blackwellke.co.ke/" "Mozilla/5.0 (Windows NT 10.0; Win64; x64) AppleWebKit/537.36 (KHTML, like Gecko) Chrome/145.0.0.0 Safari/537.36"
154.159.252.29 - - [23/Feb/2026:07:40:14 +0000] "GET /wp-content/uploads/2024/10/category-11.svg HTTP/1.1" 301 178 "https://blackwellke.co.ke/" "Mozilla/5.0 (Windows NT 10.0; Win64; x64) AppleWebKit/537.36 (KHTML, like Gecko) Chrome/145.0.0.0 Safari/537.36"
154.159.252.29 - - [23/Feb/2026:07:40:14 +0000] "GET /wp-content/uploads/2024/10/category-07.svg HTTP/1.1" 301 178 "https://blackwellke.co.ke/" "Mozilla/5.0 (Windows NT 10.0; Win64; x64) AppleWebKit/537.36 (KHTML, like Gecko) Chrome/145.0.0.0 Safari/537.36"
154.159.252.29 - - [23/Feb/2026:07:40:14 +0000] "GET /wp-content/uploads/2024/10/category-10.svg HTTP/1.1" 301 178 "https://blackwellke.co.ke/" "Mozilla/5.0 (Windows NT 10.0; Win64; x64) AppleWebKit/537.36 (KHTML, like Gecko) Chrome/145.0.0.0 Safari/537.36"
45.118.156.57 - - [23/Feb/2026:07:40:14 +0000] "POST /wp-login.php?redirect_to=https%3A%2F%2Ftruelysell-wp.dreamsmarketplace.com%2Flisting%2Fcomputer-server-amc-service%2F HTTP/1.1" 302 5 "https://truelysell-wp.dreamsmarketplace.com/login/?redirect_to=https%3A%2F%2Ftruelysell-wp.dreamsmarketplace.com%2Flisting%2Fcomputer-server-amc-service%2F" "Mozilla/5.0 (Windows NT 10.0; Win64; x64) AppleWebKit/537.36 (KHTML, like Gecko) Chrome/145.0.0.0 Safari/537.36"
154.159.252.29 - - [23/Feb/2026:07:40:16 +0000] "GET /wp-content/uploads/2024/10/category-11.svg HTTP/1.1" 200 6467 "https://blackwellke.co.ke/" "Mozilla/5.0 (Windows NT 10.0; Win64; x64) AppleWebKit/537.36 (KHTML, like Gecko) Chrome/145.0.0.0 Safari/537.36"
154.159.252.29 - - [23/Feb/2026:07:40:16 +0000] "GET /wp-content/uploads/2024/10/category-09.svg HTTP/1.1" 200 10164 "https://blackwellke.co.ke/" "Mozilla/5.0 (Windows NT 10.0; Win64; x64) AppleWebKit/537.36 (KHTML, like Gecko) Chrome/145.0.0.0 Safari/537.36"
154.159.252.29 - - [23/Feb/2026:07:40:16 +0000] "GET /wp-content/uploads/2024/10/category-08.svg HTTP/1.1" 304 0 "https://blackwellke.co.ke/" "Mozilla/5.0 (Windows NT 10.0; Win64; x64) AppleWebKit/537.36 (KHTML, like Gecko) Chrome/145.0.0.0 Safari/537.36"
154.159.252.29 - - [23/Feb/2026:07:40:16 +0000] "GET /wp-content/uploads/2024/10/category-12.svg HTTP/1.1" 200 9176 "https://blackwellke.co.ke/" "Mozilla/5.0 (Windows NT 10.0; Win64; x64) AppleWebKit/537.36 (KHTML, like Gecko) Chrome/145.0.0.0 Safari/537.36"
154.159.252.29 - - [23/Feb/2026:07:40:16 +0000] "GET /wp-content/uploads/2024/10/category-07.svg HTTP/1.1" 200 11373 "https://blackwellke.co.ke/" "Mozilla/5.0 (Windows NT 10.0; Win64; x64) AppleWebKit/537.36 (KHTML, like Gecko) Chrome/145.0.0.0 Safari/537.36"
154.159.252.29 - - [23/Feb/2026:07:40:16 +0000] "GET /wp-content/uploads/2024/10/category-10.svg HTTP/1.1" 200 9997 "https://blackwellke.co.ke/" "Mozilla/5.0 (Windows NT 10.0; Win64; x64) AppleWebKit/537.36 (KHTML, like Gecko) Chrome/145.0.0.0 Safari/537.36"
45.118.156.57 - - [23/Feb/2026:07:40:16 +0000] "GET /listing/computer-server-amc-service/ HTTP/1.1" 200 39904 "https://truelysell-wp.dreamsmarketplace.com/login/?redirect_to=https%3A%2F%2Ftruelysell-wp.dreamsmarketplace.com%2Flisting%2Fcomputer-server-amc-service%2F" "Mozilla/5.0 (Windows NT 10.0; Win64; x64) AppleWebKit/537.36 (KHTML, like Gecko) Chrome/145.0.0.0 Safari/537.36"
45.118.156.57 - - [23/Feb/2026:07:40:18 +0000] "GET /wp-content/themes/truelysell/assets/css/block-styles.css?ver=1.0 HTTP/1.1" 404 29362 "https://truelysell-wp.dreamsmarketplace.com/listing/computer-server-amc-service/" "Mozilla/5.0 (Windows NT 10.0; Win64; x64) AppleWebKit/537.36 (KHTML, like Gecko) Chrome/145.0.0.0 Safari/537.36"
154.159.252.29 - - [23/Feb/2026:07:40:19 +0000] "GET /wp-content/uploads/2024/10/category-13.svg HTTP/1.1" 301 178 "https://blackwellke.co.ke/" "Mozilla/5.0 (Windows NT 10.0; Win64; x64) AppleWebKit/537.36 (KHTML, like Gecko) Chrome/145.0.0.0 Safari/537.36"
154.159.252.29 - - [23/Feb/2026:07:40:19 +0000] "GET /wp-content/uploads/2024/10/category-06.svg HTTP/1.1" 301 178 "https://blackwellke.co.ke/" "Mozilla/5.0 (Windows NT 10.0; Win64; x64) AppleWebKit/537.36 (KHTML, like Gecko) Chrome/145.0.0.0 Safari/537.36"
154.159.252.29 - - [23/Feb/2026:07:40:19 +0000] "GET /wp-content/uploads/2024/10/category-02.svg HTTP/1.1" 301 178 "https://blackwellke.co.ke/" "Mozilla/5.0 (Windows NT 10.0; Win64; x64) AppleWebKit/537.36 (KHTML, like Gecko) Chrome/145.0.0.0 Safari/537.36"
154.159.252.29 - - [23/Feb/2026:07:40:19 +0000] "GET /wp-content/uploads/2024/10/category-05.svg HTTP/1.1" 301 178 "https://blackwellke.co.ke/" "Mozilla/5.0 (Windows NT 10.0; Win64; x64) AppleWebKit/537.36 (KHTML, like Gecko) Chrome/145.0.0.0 Safari/537.36"
154.159.252.29 - - [23/Feb/2026:07:40:19 +0000] "GET /wp-content/uploads/2024/10/category-01.svg HTTP/1.1" 301 178 "https://blackwellke.co.ke/" "Mozilla/5.0 (Windows NT 10.0; Win64; x64) AppleWebKit/537.36 (KHTML, like Gecko) Chrome/145.0.0.0 Safari/537.36"
154.159.252.29 - - [23/Feb/2026:07:40:19 +0000] "GET /wp-content/uploads/2024/10/category-04.svg HTTP/1.1" 301 178 "https://blackwellke.co.ke/" "Mozilla/5.0 (Windows NT 10.0; Win64; x64) AppleWebKit/537.36 (KHTML, like Gecko) Chrome/145.0.0.0 Safari/537.36"
154.159.252.29 - - [23/Feb/2026:07:40:20 +0000] "GET /wp-content/uploads/2024/10/category-13.svg HTTP/1.1" 200 12110 "https://blackwellke.co.ke/" "Mozilla/5.0 (Windows NT 10.0; Win64; x64) AppleWebKit/537.36 (KHTML, like Gecko) Chrome/145.0.0.0 Safari/537.36"
154.159.252.29 - - [23/Feb/2026:07:40:20 +0000] "GET /wp-content/uploads/2024/10/category-06.svg HTTP/1.1" 304 0 "https://blackwellke.co.ke/" "Mozilla/5.0 (Windows NT 10.0; Win64; x64) AppleWebKit/537.36 (KHTML, like Gecko) Chrome/145.0.0.0 Safari/537.36"
154.159.252.29 - - [23/Feb/2026:07:40:20 +0000] "GET /wp-content/uploads/2024/10/category-05.svg HTTP/1.1" 200 11836 "https://blackwellke.co.ke/" "Mozilla/5.0 (Windows NT 10.0; Win64; x64) AppleWebKit/537.36 (KHTML, like Gecko) Chrome/145.0.0.0 Safari/537.36"
154.159.252.29 - - [23/Feb/2026:07:40:20 +0000] "GET /wp-content/uploads/2024/10/category-04.svg HTTP/1.1" 304 0 "https://blackwellke.co.ke/" "Mozilla/5.0 (Windows NT 10.0; Win64; x64) AppleWebKit/537.36 (KHTML, like Gecko) Chrome/145.0.0.0 Safari/537.36"
154.159.252.29 - - [23/Feb/2026:07:40:20 +0000] "GET /wp-content/uploads/2024/10/category-02.svg HTTP/1.1" 304 0 "https://blackwellke.co.ke/" "Mozilla/5.0 (Windows NT 10.0; Win64; x64) AppleWebKit/537.36 (KHTML, like Gecko) Chrome/145.0.0.0 Safari/537.36"
154.159.252.29 - - [23/Feb/2026:07:40:20 +0000] "GET /wp-content/uploads/2024/10/category-01.svg HTTP/1.1" 200 9249 "https://blackwellke.co.ke/" "Mozilla/5.0 (Windows NT 10.0; Win64; x64) AppleWebKit/537.36 (KHTML, like Gecko) Chrome/145.0.0.0 Safari/537.36"
172.187.168.139 - - [23/Feb/2026:07:40:21 +0000] "POST /wp-cron.php?doing_wp_cron=1771832421.0983850955963134765625 HTTP/1.1" 200 31 "-" "WordPress/6.9; https://truelysell-wp.dreamsmarketplace.com"
45.118.156.57 - - [23/Feb/2026:07:40:21 +0000] "GET /wp-admin/admin-ajax.php?action=get_includes_title HTTP/1.1" 200 70 "https://truelysell-wp.dreamsmarketplace.com/listing/computer-server-amc-service/" "Mozilla/5.0 (Windows NT 10.0; Win64; x64) AppleWebKit/537.36 (KHTML, like Gecko) Chrome/145.0.0.0 Safari/537.36"
45.118.156.57 - - [23/Feb/2026:07:40:21 +0000] "GET /wp-admin/admin-ajax.php?action=get_additional_services HTTP/1.1" 200 83 "https://truelysell-wp.dreamsmarketplace.com/listing/computer-server-amc-service/" "Mozilla/5.0 (Windows NT 10.0; Win64; x64) AppleWebKit/537.36 (KHTML, like Gecko) Chrome/145.0.0.0 Safari/537.36"
45.118.156.57 - - [23/Feb/2026:07:40:21 +0000] "GET /wp-admin/admin-ajax.php?action=get_faq_section HTTP/1.1" 200 83 "https://truelysell-wp.dreamsmarketplace.com/listing/computer-server-amc-service/" "Mozilla/5.0 (Windows NT 10.0; Win64; x64) AppleWebKit/537.36 (KHTML, like Gecko) Chrome/145.0.0.0 Safari/537.36"
45.118.156.57 - - [23/Feb/2026:07:40:21 +0000] "POST /wp-admin/admin-ajax.php HTTP/1.1" 200 58 "https://truelysell-wp.dreamsmarketplace.com/listing/computer-server-amc-service/" "Mozilla/5.0 (Windows NT 10.0; Win64; x64) AppleWebKit/537.36 (KHTML, like Gecko) Chrome/145.0.0.0 Safari/537.36"
45.118.156.57 - - [23/Feb/2026:07:40:21 +0000] "GET /wp-json/contact-form-7/v1/contact-forms/363/feedback/schema HTTP/1.1" 200 345 "https://truelysell-wp.dreamsmarketplace.com/listing/computer-server-amc-service/" "Mozilla/5.0 (Windows NT 10.0; Win64; x64) AppleWebKit/537.36 (KHTML, like Gecko) Chrome/145.0.0.0 Safari/537.36"
154.159.252.29 - - [23/Feb/2026:07:40:35 +0000] "GET /wp-content/uploads/2024/10/avatar-15.jpg HTTP/1.1" 301 178 "https://blackwellke.co.ke/" "Mozilla/5.0 (Windows NT 10.0; Win64; x64) AppleWebKit/537.36 (KHTML, like Gecko) Chrome/145.0.0.0 Safari/537.36"
154.159.252.29 - - [23/Feb/2026:07:40:35 +0000] "GET /wp-content/uploads/2024/10/work-03.svg HTTP/1.1" 301 178 "https://blackwellke.co.ke/" "Mozilla/5.0 (Windows NT 10.0; Win64; x64) AppleWebKit/537.36 (KHTML, like Gecko) Chrome/145.0.0.0 Safari/537.36"
154.159.252.29 - - [23/Feb/2026:07:40:35 +0000] "GET /wp-content/uploads/2024/10/avatar-14-2.jpg HTTP/1.1" 301 178 "https://blackwellke.co.ke/" "Mozilla/5.0 (Windows NT 10.0; Win64; x64) AppleWebKit/537.36 (KHTML, like Gecko) Chrome/145.0.0.0 Safari/537.36"
154.159.252.29 - - [23/Feb/2026:07:40:35 +0000] "GET /wp-content/uploads/2024/10/work-02.svg HTTP/1.1" 301 178 "https://blackwellke.co.ke/" "Mozilla/5.0 (Windows NT 10.0; Win64; x64) AppleWebKit/537.36 (KHTML, like Gecko) Chrome/145.0.0.0 Safari/537.36"
154.159.252.29 - - [23/Feb/2026:07:40:35 +0000] "GET /wp-content/uploads/2024/10/work-01.svg HTTP/1.1" 301 178 "https://blackwellke.co.ke/" "Mozilla/5.0 (Windows NT 10.0; Win64; x64) AppleWebKit/537.36 (KHTML, like Gecko) Chrome/145.0.0.0 Safari/537.36"
154.159.252.29 - - [23/Feb/2026:07:40:35 +0000] "GET /wp-content/uploads/2024/10/avatar-13-1.jpg HTTP/1.1" 301 178 "https://blackwellke.co.ke/" "Mozilla/5.0 (Windows NT 10.0; Win64; x64) AppleWebKit/537.36 (KHTML, like Gecko) Chrome/145.0.0.0 Safari/537.36"
154.159.252.29 - - [23/Feb/2026:07:40:35 +0000] "GET /wp-content/uploads/2024/10/avatar-12-1.jpg HTTP/1.1" 301 178 "https://blackwellke.co.ke/" "Mozilla/5.0 (Windows NT 10.0; Win64; x64) AppleWebKit/537.36 (KHTML, like Gecko) Chrome/145.0.0.0 Safari/537.36"
154.159.252.29 - - [23/Feb/2026:07:40:36 +0000] "GET /wp-content/uploads/2024/10/business.jpg HTTP/1.1" 301 178 "https://blackwellke.co.ke/" "Mozilla/5.0 (Windows NT 10.0; Win64; x64) AppleWebKit/537.36 (KHTML, like Gecko) Chrome/145.0.0.0 Safari/537.36"
45.118.156.57 - - [23/Feb/2026:07:40:37 +0000] "GET /login/?redirect_to=https%3A%2F%2Ftruelysell-wp.dreamsmarketplace.com%2Flisting%2Fcomputer-server-amc-service%2F HTTP/1.1" 200 34342 "https://truelysell-wp.dreamsmarketplace.com/listing/computer-server-amc-service/" "Mozilla/5.0 (Windows NT 10.0; Win64; x64) AppleWebKit/537.36 (KHTML, like Gecko) Chrome/145.0.0.0 Safari/537.36"
45.118.156.57 - - [23/Feb/2026:07:40:39 +0000] "GET /wp-content/themes/truelysell/assets/css/block-styles.css?ver=1.0 HTTP/1.1" 404 29362 "https://truelysell-wp.dreamsmarketplace.com/login/?redirect_to=https%3A%2F%2Ftruelysell-wp.dreamsmarketplace.com%2Flisting%2Fcomputer-server-amc-service%2F" "Mozilla/5.0 (Windows NT 10.0; Win64; x64) AppleWebKit/537.36 (KHTML, like Gecko) Chrome/145.0.0.0 Safari/537.36"
45.118.156.57 - - [23/Feb/2026:07:40:42 +0000] "POST /wp-admin/admin-ajax.php HTTP/1.1" 200 58 "https://truelysell-wp.dreamsmarketplace.com/login/?redirect_to=https%3A%2F%2Ftruelysell-wp.dreamsmarketplace.com%2Flisting%2Fcomputer-server-amc-service%2F" "Mozilla/5.0 (Windows NT 10.0; Win64; x64) AppleWebKit/537.36 (KHTML, like Gecko) Chrome/145.0.0.0 Safari/537.36"
172.187.168.139 - - [23/Feb/2026:07:40:42 +0000] "POST /wp-cron.php?doing_wp_cron=1771832442.2199509143829345703125 HTTP/1.1" 200 31 "-" "WordPress/6.9; https://truelysell-wp.dreamsmarketplace.com"
45.118.156.57 - - [23/Feb/2026:07:40:42 +0000] "GET /wp-admin/admin-ajax.php?action=get_additional_services HTTP/1.1" 200 83 "https://truelysell-wp.dreamsmarketplace.com/login/?redirect_to=https%3A%2F%2Ftruelysell-wp.dreamsmarketplace.com%2Flisting%2Fcomputer-server-amc-service%2F" "Mozilla/5.0 (Windows NT 10.0; Win64; x64) AppleWebKit/537.36 (KHTML, like Gecko) Chrome/145.0.0.0 Safari/537.36"
172.187.168.139 - - [23/Feb/2026:07:40:42 +0000] "POST /wp-cron.php?doing_wp_cron=1771832442.2279949188232421875000 HTTP/1.1" 200 31 "-" "WordPress/6.9; https://truelysell-wp.dreamsmarketplace.com"
45.118.156.57 - - [23/Feb/2026:07:40:42 +0000] "GET /wp-admin/admin-ajax.php?action=get_includes_title HTTP/1.1" 200 70 "https://truelysell-wp.dreamsmarketplace.com/login/?redirect_to=https%3A%2F%2Ftruelysell-wp.dreamsmarketplace.com%2Flisting%2Fcomputer-server-amc-service%2F" "Mozilla/5.0 (Windows NT 10.0; Win64; x64) AppleWebKit/537.36 (KHTML, like Gecko) Chrome/145.0.0.0 Safari/537.36"
45.118.156.57 - - [23/Feb/2026:07:40:42 +0000] "GET /wp-admin/admin-ajax.php?action=get_faq_section HTTP/1.1" 200 83 "https://truelysell-wp.dreamsmarketplace.com/login/?redirect_to=https%3A%2F%2Ftruelysell-wp.dreamsmarketplace.com%2Flisting%2Fcomputer-server-amc-service%2F" "Mozilla/5.0 (Windows NT 10.0; Win64; x64) AppleWebKit/537.36 (KHTML, like Gecko) Chrome/145.0.0.0 Safari/537.36"
154.159.252.29 - - [23/Feb/2026:07:40:42 +0000] "GET /wp-content/uploads/2024/10/work-03.svg HTTP/1.1" 200 12346 "https://blackwellke.co.ke/" "Mozilla/5.0 (Windows NT 10.0; Win64; x64) AppleWebKit/537.36 (KHTML, like Gecko) Chrome/145.0.0.0 Safari/537.36"
154.159.252.29 - - [23/Feb/2026:07:40:42 +0000] "GET /wp-content/uploads/2024/10/avatar-14-2.jpg HTTP/1.1" 200 50922 "https://blackwellke.co.ke/" "Mozilla/5.0 (Windows NT 10.0; Win64; x64) AppleWebKit/537.36 (KHTML, like Gecko) Chrome/145.0.0.0 Safari/537.36"
154.159.252.29 - - [23/Feb/2026:07:40:42 +0000] "GET /wp-content/uploads/2024/10/avatar-15.jpg HTTP/1.1" 200 80038 "https://blackwellke.co.ke/" "Mozilla/5.0 (Windows NT 10.0; Win64; x64) AppleWebKit/537.36 (KHTML, like Gecko) Chrome/145.0.0.0 Safari/537.36"
45.118.156.57 - - [23/Feb/2026:07:40:42 +0000] "GET /wp-json/contact-form-7/v1/contact-forms/363/feedback/schema HTTP/1.1" 200 345 "https://truelysell-wp.dreamsmarketplace.com/login/?redirect_to=https%3A%2F%2Ftruelysell-wp.dreamsmarketplace.com%2Flisting%2Fcomputer-server-amc-service%2F" "Mozilla/5.0 (Windows NT 10.0; Win64; x64) AppleWebKit/537.36 (KHTML, like Gecko) Chrome/145.0.0.0 Safari/537.36"
154.159.252.29 - - [23/Feb/2026:07:40:43 +0000] "GET /wp-content/uploads/2024/10/work-01.svg HTTP/1.1" 200 6739 "https://blackwellke.co.ke/" "Mozilla/5.0 (Windows NT 10.0; Win64; x64) AppleWebKit/537.36 (KHTML, like Gecko) Chrome/145.0.0.0 Safari/537.36"
154.159.252.29 - - [23/Feb/2026:07:40:43 +0000] "GET /wp-content/uploads/2024/10/work-02.svg HTTP/1.1" 200 6739 "https://blackwellke.co.ke/" "Mozilla/5.0 (Windows NT 10.0; Win64; x64) AppleWebKit/537.36 (KHTML, like Gecko) Chrome/145.0.0.0 Safari/537.36"
154.159.252.29 - - [23/Feb/2026:07:40:44 +0000] "GET /wp-content/uploads/2024/10/avatar-12-1.jpg HTTP/1.1" 200 62069 "https://blackwellke.co.ke/" "Mozilla/5.0 (Windows NT 10.0; Win64; x64) AppleWebKit/537.36 (KHTML, like Gecko) Chrome/145.0.0.0 Safari/537.36"
154.159.252.29 - - [23/Feb/2026:07:40:44 +0000] "GET /wp-content/uploads/2024/10/avatar-13-1.jpg HTTP/1.1" 200 64766 "https://blackwellke.co.ke/" "Mozilla/5.0 (Windows NT 10.0; Win64; x64) AppleWebKit/537.36 (KHTML, like Gecko) Chrome/145.0.0.0 Safari/537.36"
2a03:2880:f800:1a:: - - [23/Feb/2026:07:40:52 +0000] "GET /wp-json/wp/v2/product/5568 HTTP/1.1" 200 2845 "-" "meta-externalagent/1.1 (+https://developers.facebook.com/docs/sharing/webmasters/crawler)"
154.159.252.29 - - [23/Feb/2026:07:40:54 +0000] "GET /wp-content/uploads/2024/10/business.jpg HTTP/1.1" 200 862023 "https://blackwellke.co.ke/" "Mozilla/5.0 (Windows NT 10.0; Win64; x64) AppleWebKit/537.36 (KHTML, like Gecko) Chrome/145.0.0.0 Safari/537.36"
2a03:2880:f800:28:: - - [23/Feb/2026:07:40:58 +0000] "GET /?p=7391 HTTP/1.1" 301 5 "-" "meta-externalagent/1.1 (+https://developers.facebook.com/docs/sharing/webmasters/crawler)"
52.167.144.166 - - [23/Feb/2026:07:41:07 +0000] "GET /pet-grooming/wp-content/uploads/2023/01/Grooming-4-768x512.png HTTP/1.1" 200 443454 "-" "Mozilla/5.0 AppleWebKit/537.36 (KHTML, like Gecko; compatible; bingbot/2.0; +http://www.bing.com/bingbot.htm) Chrome/116.0.1938.76 Safari/537.36"
35.173.69.86 - - [23/Feb/2026:07:41:21 +0000] "GET / HTTP/1.1" 301 178 "-" "FreshpingBot/1.0 (+https://freshping.io/)"
172.187.168.139 - - [23/Feb/2026:07:41:23 +0000] "POST /wp-cron.php?doing_wp_cron=1771832483.5299971103668212890625 HTTP/1.1" 200 31 "-" "WordPress/6.9; https://truelysell-wp.dreamsmarketplace.com"
35.173.69.86 - - [23/Feb/2026:07:41:23 +0000] "GET / HTTP/1.1" 200 43822 "-" "FreshpingBot/1.0 (+https://freshping.io/)"
2a03:2880:f800:2f:: - - [23/Feb/2026:07:41:56 +0000] "GET /at-finde-de-mest-underholdende-brtspil/ HTTP/1.1" 301 178 "-" "meta-externalagent/1.1 (+https://developers.facebook.com/docs/sharing/webmasters/crawler)"
2a03:2880:f800:1d:: - - [23/Feb/2026:07:42:15 +0000] "GET /moonwin-salle-de-jeu-rendez-jusqua-sept-500-75-espaces-sans-frais/ HTTP/1.1" 301 178 "-" "meta-externalagent/1.1 (+https://developers.facebook.com/docs/sharing/webmasters/crawler)"
181.199.146.100 - - [23/Feb/2026:07:42:22 +0000] "GET /select-from-an-enormous-array-of-luxury-brands/ HTTP/1.1" 301 178 "-" "Mozilla/5.0 (Windows NT 10.0) AppleWebKit/537.36 (KHTML, like Gecko) Chrome/80.0.3987.132 Safari/537.36"
172.187.168.139 - - [23/Feb/2026:07:42:25 +0000] "POST /wp-cron.php?doing_wp_cron=1771832545.2430429458618164062500 HTTP/1.1" 200 31 "-" "WordPress/6.9; https://truelysell-wp.dreamsmarketplace.com"
113.176.75.200 - - [23/Feb/2026:07:42:25 +0000] "GET /select-from-an-enormous-array-of-luxury-brands/ HTTP/1.1" 404 29362 "-" "Mozilla/5.0 (Windows NT 10.0) AppleWebKit/537.36 (KHTML, like Gecko) Chrome/80.0.3987.132 Safari/537.36"
52.167.144.166 - - [23/Feb/2026:07:42:27 +0000] "GET /pet-grooming/wp-content/uploads/2024/01/dog.svg HTTP/1.1" 304 0 "-" "Mozilla/5.0 AppleWebKit/537.36 (KHTML, like Gecko; compatible; bingbot/2.0; +http://www.bing.com/bingbot.htm) Chrome/116.0.1938.76 Safari/537.36"
2a03:2880:f800:2a:: - - [23/Feb/2026:07:42:33 +0000] "GET /poluchite-50-besplatnykh-vrashcheniy-v-onlaynkazino-pinco-nachnite-igrat-seychas/ HTTP/1.1" 301 178 "-" "meta-externalagent/1.1 (+https://developers.facebook.com/docs/sharing/webmasters/crawler)"
157.55.39.54 - - [23/Feb/2026:07:42:44 +0000] "GET /betwinner-unleashes-the-thrill-of-winning-beyond-6/ HTTP/1.1" 200 39743 "-" "Mozilla/5.0 AppleWebKit/537.36 (KHTML, like Gecko; compatible; bingbot/2.0; +http://www.bing.com/bingbot.htm) Chrome/116.0.1938.76 Safari/537.36"
154.41.185.168 - - [23/Feb/2026:07:42:55 +0000] "GET /withdraw-winnings-once-youve-accumulated-enough-winnings/ HTTP/1.1" 301 178 "-" "Mozilla/5.0 (Macintosh; Intel Mac OS X 10_15_6) AppleWebKit/537.36 (KHTML, like Gecko) Chrome/87.0.4280.88 Safari/537.36"
2a03:2880:f800:26:: - - [23/Feb/2026:07:42:57 +0000] "GET /wp-json/wp/v2/product/7602 HTTP/1.1" 200 2892 "-" "meta-externalagent/1.1 (+https://developers.facebook.com/docs/sharing/webmasters/crawler)"
14.173.80.19 - - [23/Feb/2026:07:42:58 +0000] "GET /withdraw-winnings-once-youve-accumulated-enough-winnings/ HTTP/1.1" 404 29362 "-" "Mozilla/5.0 (Macintosh; Intel Mac OS X 10_15_6) AppleWebKit/537.36 (KHTML, like Gecko) Chrome/87.0.4280.88 Safari/537.36"
2a03:2880:f800:18:: - - [23/Feb/2026:07:43:19 +0000] "GET /poultry-road-playing-online-game-real-money-play-and-free-demonstration/ HTTP/1.1" 301 178 "-" "meta-externalagent/1.1 (+https://developers.facebook.com/docs/sharing/webmasters/crawler)"
2a03:2880:f800:7:: - - [23/Feb/2026:07:44:25 +0000] "GET /fantastiska-bonusar-hos-bc-game-for-spelare/ HTTP/1.1" 301 178 "-" "meta-externalagent/1.1 (+https://developers.facebook.com/docs/sharing/webmasters/crawler)"
213.180.203.209 - - [23/Feb/2026:07:45:13 +0000] "GET /robots.txt HTTP/1.1" 301 178 "-" "Mozilla/5.0 (compatible; YandexBot/3.0; +http://yandex.com/bots)"
172.187.168.139 - - [23/Feb/2026:07:45:15 +0000] "POST /wp-cron.php?doing_wp_cron=1771832715.1302809715270996093750 HTTP/1.1" 200 31 "-" "WordPress/6.9; https://truelysell-wp.dreamsmarketplace.com"
213.180.203.209 - - [23/Feb/2026:07:45:15 +0000] "GET /robots.txt HTTP/1.1" 200 428 "-" "Mozilla/5.0 (compatible; YandexBot/3.0; +http://yandex.com/bots)"
87.250.224.30 - - [23/Feb/2026:07:45:16 +0000] "GET /documentation/assets/img/logo/favicon.png HTTP/1.1" 301 178 "-" "Mozilla/5.0 (compatible; YandexFavicons/1.0; +http://yandex.com/bots)"
87.250.224.209 - - [23/Feb/2026:07:45:18 +0000] "GET /documentation/assets/img/logo/favicon.png HTTP/1.1" 200 2932 "-" "Mozilla/5.0 (compatible; YandexFavicons/1.0; +http://yandex.com/bots)"
50.17.185.102 - - [23/Feb/2026:07:46:05 +0000] "GET / HTTP/1.1" 301 178 "-" "FreshpingBot/1.0 (+https://freshping.io/)"
172.187.168.139 - - [23/Feb/2026:07:46:08 +0000] "POST /wp-cron.php?doing_wp_cron=1771832768.4617419242858886718750 HTTP/1.1" 200 31 "-" "WordPress/6.9; https://truelysell-wp.dreamsmarketplace.com"
50.17.185.102 - - [23/Feb/2026:07:46:08 +0000] "GET / HTTP/1.1" 200 43819 "-" "FreshpingBot/1.0 (+https://freshping.io/)"
93.2.96.211 - - [23/Feb/2026:07:46:49 +0000] "GET /wp-content/uploads/2024/10/success-01.svg HTTP/1.1" 304 0 "https://www.avisartisan.com/" "Mozilla/5.0 (Windows NT 10.0; Win64; x64) AppleWebKit/537.36 (KHTML, like Gecko) Chrome/145.0.0.0 Safari/537.36"
93.2.96.211 - - [23/Feb/2026:07:46:49 +0000] "GET /wp-content/uploads/2024/10/success-02.svg HTTP/1.1" 304 0 "https://www.avisartisan.com/" "Mozilla/5.0 (Windows NT 10.0; Win64; x64) AppleWebKit/537.36 (KHTML, like Gecko) Chrome/145.0.0.0 Safari/537.36"
93.2.96.211 - - [23/Feb/2026:07:46:49 +0000] "GET /wp-content/uploads/2024/10/work-01.svg HTTP/1.1" 304 0 "https://www.avisartisan.com/" "Mozilla/5.0 (Windows NT 10.0; Win64; x64) AppleWebKit/537.36 (KHTML, like Gecko) Chrome/145.0.0.0 Safari/537.36"
93.2.96.211 - - [23/Feb/2026:07:46:49 +0000] "GET /wp-content/uploads/2024/10/work-03.svg HTTP/1.1" 200 12346 "https://www.avisartisan.com/" "Mozilla/5.0 (Windows NT 10.0; Win64; x64) AppleWebKit/537.36 (KHTML, like Gecko) Chrome/145.0.0.0 Safari/537.36"
93.2.96.211 - - [23/Feb/2026:07:46:49 +0000] "GET /wp-content/uploads/2024/10/avatar-15.jpg HTTP/1.1" 304 0 "https://www.avisartisan.com/" "Mozilla/5.0 (Windows NT 10.0; Win64; x64) AppleWebKit/537.36 (KHTML, like Gecko) Chrome/145.0.0.0 Safari/537.36"
93.2.96.211 - - [23/Feb/2026:07:46:49 +0000] "GET /wp-content/uploads/2024/10/avatar-13-1.jpg HTTP/1.1" 304 0 "https://www.avisartisan.com/" "Mozilla/5.0 (Windows NT 10.0; Win64; x64) AppleWebKit/537.36 (KHTML, like Gecko) Chrome/145.0.0.0 Safari/537.36"
93.2.96.211 - - [23/Feb/2026:07:46:49 +0000] "GET /wp-content/uploads/2024/10/avatar-14-2.jpg HTTP/1.1" 304 0 "https://www.avisartisan.com/" "Mozilla/5.0 (Windows NT 10.0; Win64; x64) AppleWebKit/537.36 (KHTML, like Gecko) Chrome/145.0.0.0 Safari/537.36"
93.2.96.211 - - [23/Feb/2026:07:46:49 +0000] "GET /wp-content/uploads/2024/10/avatar-12-1.jpg HTTP/1.1" 304 0 "https://www.avisartisan.com/" "Mozilla/5.0 (Windows NT 10.0; Win64; x64) AppleWebKit/537.36 (KHTML, like Gecko) Chrome/145.0.0.0 Safari/537.36"
93.2.96.211 - - [23/Feb/2026:07:46:50 +0000] "GET /wp-content/uploads/2024/10/success-03.svg HTTP/1.1" 304 0 "https://www.avisartisan.com/" "Mozilla/5.0 (Windows NT 10.0; Win64; x64) AppleWebKit/537.36 (KHTML, like Gecko) Chrome/145.0.0.0 Safari/537.36"
93.2.96.211 - - [23/Feb/2026:07:46:50 +0000] "GET /wp-content/uploads/2024/10/work-02.svg HTTP/1.1" 304 0 "https://www.avisartisan.com/" "Mozilla/5.0 (Windows NT 10.0; Win64; x64) AppleWebKit/537.36 (KHTML, like Gecko) Chrome/145.0.0.0 Safari/537.36"
172.187.168.139 - - [23/Feb/2026:07:48:23 +0000] "POST /wp-cron.php?doing_wp_cron=1771832903.0716240406036376953125 HTTP/1.1" 200 31 "-" "WordPress/6.9; https://truelysell-wp.dreamsmarketplace.com"
2a03:2880:f800:1d:: - - [23/Feb/2026:07:48:23 +0000] "GET /wp-json/oembed/1.0/embed?url=https%3A%2F%2Ftruelysell-wp.dreamsmarketplace.com%2Fproduct%2Fplumbing-services-2-2%2F HTTP/1.1" 200 2322 "-" "meta-externalagent/1.1 (+https://developers.facebook.com/docs/sharing/webmasters/crawler)"
103.131.71.44 - - [23/Feb/2026:07:49:16 +0000] "GET /robots.txt HTTP/1.1" 200 428 "-" "Mozilla/5.0 (compatible; coccocbot-image/1.0; +http://help.coccoc.com/searchengine)"
103.131.71.34 - - [23/Feb/2026:07:49:17 +0000] "GET /wp-content/uploads/2024/10/success-02.svg HTTP/1.1" 304 0 "-" "Mozilla/5.0 (compatible; coccocbot-image/1.0; +http://help.coccoc.com/searchengine)"
47.128.44.179 - - [23/Feb/2026:07:49:31 +0000] "GET /multipurpose/2023/01/01/neque-porro-quisquam-est-qui-dolorem-2/ HTTP/1.1" 301 178 "-" "Mozilla/5.0 (compatible; Bytespider; [email protected]) AppleWebKit/537.36 (KHTML, like Gecko) Chrome/70.0.0.0 Safari/537.36"
172.187.168.139 - - [23/Feb/2026:07:49:40 +0000] "POST /wp-cron.php?doing_wp_cron=1771832980.5025670528411865234375 HTTP/1.1" 200 31 "-" "WordPress/6.9; https://truelysell-wp.dreamsmarketplace.com"
157.55.39.194 - - [23/Feb/2026:07:49:40 +0000] "GET /lepse-epharmoges-gangsta-casino-paixte-kazino-diadiktuaka-sten-kupro/ HTTP/1.1" 200 39511 "-" "Mozilla/5.0 AppleWebKit/537.36 (KHTML, like Gecko; compatible; bingbot/2.0; +http://www.bing.com/bingbot.htm) Chrome/116.0.1938.76 Safari/537.36"
13.76.223.61 - - [23/Feb/2026:07:49:43 +0000] "GET /documentation/ HTTP/1.1" 301 178 "-" "Mozilla/5.0 AppleWebKit/537.36 (KHTML, like Gecko); compatible; ChatGPT-User/1.0; +https://openai.com/bot"
13.76.223.62 - - [23/Feb/2026:07:49:43 +0000] "GET /documentation/ HTTP/1.1" 200 13221 "-" "Mozilla/5.0 AppleWebKit/537.36 (KHTML, like Gecko); compatible; ChatGPT-User/1.0; +https://openai.com/bot"
47.128.122.90 - - [23/Feb/2026:07:49:49 +0000] "GET /multipurpose/2023/01/01/neque-porro-quisquam-est-qui-dolorem-2/ HTTP/1.1" 404 29364 "-" "Mozilla/5.0 (Linux; Android 5.0) AppleWebKit/537.36 (KHTML, like Gecko) Mobile Safari/537.36 (compatible; Bytespider; [email protected])"
47.128.122.90 - - [23/Feb/2026:07:49:51 +0000] "GET /wp-content/themes/truelysell/assets/css/block-styles.css?ver=1.0 HTTP/1.1" 404 29363 "https://truelysell-wp.dreamsmarketplace.com/multipurpose/2023/01/01/neque-porro-quisquam-est-qui-dolorem-2/" "Mozilla/5.0 (Linux; Android 5.0) AppleWebKit/537.36 (KHTML, like Gecko) Mobile Safari/537.36 (compatible; Bytespider; [email protected])"
47.128.122.90 - - [23/Feb/2026:07:49:54 +0000] "GET /wp-admin/admin-ajax.php?action=get_additional_services HTTP/1.1" 200 83 "https://truelysell-wp.dreamsmarketplace.com/multipurpose/2023/01/01/neque-porro-quisquam-est-qui-dolorem-2/" "Mozilla/5.0 (Linux; Android 5.0) AppleWebKit/537.36 (KHTML, like Gecko) Mobile Safari/537.36 (compatible; Bytespider; [email protected])"
47.128.122.90 - - [23/Feb/2026:07:49:54 +0000] "GET /wp-admin/admin-ajax.php?action=get_includes_title HTTP/1.1" 200 70 "https://truelysell-wp.dreamsmarketplace.com/multipurpose/2023/01/01/neque-porro-quisquam-est-qui-dolorem-2/" "Mozilla/5.0 (Linux; Android 5.0) AppleWebKit/537.36 (KHTML, like Gecko) Mobile Safari/537.36 (compatible; Bytespider; [email protected])"
47.128.122.90 - - [23/Feb/2026:07:49:54 +0000] "GET /wp-admin/admin-ajax.php?action=get_faq_section HTTP/1.1" 200 83 "https://truelysell-wp.dreamsmarketplace.com/multipurpose/2023/01/01/neque-porro-quisquam-est-qui-dolorem-2/" "Mozilla/5.0 (Linux; Android 5.0) AppleWebKit/537.36 (KHTML, like Gecko) Mobile Safari/537.36 (compatible; Bytespider; [email protected])"
47.128.122.90 - - [23/Feb/2026:07:49:54 +0000] "POST /wp-admin/admin-ajax.php HTTP/1.1" 200 58 "https://truelysell-wp.dreamsmarketplace.com/multipurpose/2023/01/01/neque-porro-quisquam-est-qui-dolorem-2/" "Mozilla/5.0 (Linux; Android 5.0) AppleWebKit/537.36 (KHTML, like Gecko) Mobile Safari/537.36 (compatible; Bytespider; [email protected])"
2a03:2880:f800:26:: - - [23/Feb/2026:07:50:09 +0000] "GET /product/new-service/feed/ HTTP/1.1" 200 796 "-" "meta-externalagent/1.1 (+https://developers.facebook.com/docs/sharing/webmasters/crawler)"
172.187.168.139 - - [23/Feb/2026:07:50:23 +0000] "POST /wp-cron.php?doing_wp_cron=1771833023.0515539646148681640625 HTTP/1.1" 200 31 "-" "WordPress/6.9; https://truelysell-wp.dreamsmarketplace.com"
66.249.66.163 - - [23/Feb/2026:07:50:23 +0000] "GET /category/lyllo-casino/ HTTP/1.1" 404 29363 "-" "Mozilla/5.0 (Linux; Android 6.0.1; Nexus 5X Build/MMB29P) AppleWebKit/537.36 (KHTML, like Gecko) Chrome/144.0.7559.132 Mobile Safari/537.36 (compatible; Googlebot/2.1; +http://www.google.com/bot.html)"
172.187.168.139 - - [23/Feb/2026:07:50:50 +0000] "POST /wp-cron.php?doing_wp_cron=1771833050.4351000785827636718750 HTTP/1.1" 200 31 "-" "WordPress/6.9; https://truelysell-wp.dreamsmarketplace.com"
51.75.21.177 - - [23/Feb/2026:07:50:50 +0000] "GET /saloon/list-with-sidebar/ HTTP/1.1" 301 5 "-" "Mozilla/5.0 (Windows NT 10.0; Win64; x64) AppleWebKit/537.36 (KHTML, like Gecko) Chrome/139.0.0.0 Safari/537.36"
2001:41d0:305:2100::46d - - [23/Feb/2026:07:50:50 +0000] "GET /saloon/listing/rearhair-stylist/ HTTP/1.1" 404 29362 "-" "Mozilla/5.0 (Windows NT 10.0; Win64; x64) AppleWebKit/537.36 (KHTML, like Gecko) Chrome/139.0.0.0 Safari/537.36"
2001:41d0:601:1100::496b - - [23/Feb/2026:07:50:52 +0000] "GET /saloon/listing/rearhair-stylist/ HTTP/1.1" 404 29362 "-" "Mozilla/5.0 (Windows NT 10.0; Win64; x64) AppleWebKit/537.36 (KHTML, like Gecko) Chrome/139.0.0.0 Safari/537.36"
50.17.185.102 - - [23/Feb/2026:07:51:30 +0000] "GET / HTTP/1.1" 301 178 "-" "FreshpingBot/1.0 (+https://freshping.io/)"
172.187.168.139 - - [23/Feb/2026:07:51:32 +0000] "POST /wp-cron.php?doing_wp_cron=1771833092.8599140644073486328125 HTTP/1.1" 200 31 "-" "WordPress/6.9; https://truelysell-wp.dreamsmarketplace.com"
50.17.185.102 - - [23/Feb/2026:07:51:32 +0000] "GET / HTTP/1.1" 200 43819 "-" "FreshpingBot/1.0 (+https://freshping.io/)"
2a03:2880:f800:7:: - - [23/Feb/2026:07:51:45 +0000] "GET /wp-json/oembed/1.0/embed?url=https%3A%2F%2Ftruelysell-wp.dreamsmarketplace.com%2Fproduct%2Fgamers%2F HTTP/1.1" 200 2263 "-" "meta-externalagent/1.1 (+https://developers.facebook.com/docs/sharing/webmasters/crawler)"
2a03:2880:f800:43:: - - [23/Feb/2026:07:51:51 +0000] "GET /1xbet-vkhod-propusk-vo-lichnyy-kabinet-1xbet-a-eshche-stavkam-onlaynovyy/ HTTP/1.1" 301 178 "-" "meta-externalagent/1.1 (+https://developers.facebook.com/docs/sharing/webmasters/crawler)"
172.187.168.139 - - [23/Feb/2026:07:53:03 +0000] "POST /wp-cron.php?doing_wp_cron=1771833183.5726110935211181640625 HTTP/1.1" 200 31 "-" "WordPress/6.9; https://truelysell-wp.dreamsmarketplace.com"
2a03:2880:f800:41:: - - [23/Feb/2026:07:53:03 +0000] "GET /?p=5792 HTTP/1.1" 301 5 "-" "meta-externalagent/1.1 (+https://developers.facebook.com/docs/sharing/webmasters/crawler)"
149.102.235.135 - - [23/Feb/2026:07:53:46 +0000] "POST /xmlrpc.php HTTP/1.1" 301 178 "-" "Mozilla/5.0 (Windows NT 10.0; Win64; x64) AppleWebKit/537.36 (KHTML, like Gecko) Chrome/114.0.0.0 Safari/537.36"
172.187.168.139 - - [23/Feb/2026:07:53:47 +0000] "POST /wp-cron.php?doing_wp_cron=1771833227.6955599784851074218750 HTTP/1.1" 200 31 "-" "WordPress/6.9; https://truelysell-wp.dreamsmarketplace.com"
149.102.235.135 - - [23/Feb/2026:07:53:47 +0000] "GET /xmlrpc.php HTTP/1.1" 405 53 "-" "Mozilla/5.0 (Windows NT 10.0; Win64; x64) AppleWebKit/537.36 (KHTML, like Gecko) Chrome/114.0.0.0 Safari/537.36"
149.102.235.135 - - [23/Feb/2026:07:53:48 +0000] "POST /xmlrpc.php HTTP/1.1" 301 178 "-" "Mozilla/5.0 (Windows NT 10.0; Win64; x64) AppleWebKit/537.36 (KHTML, like Gecko) Chrome/114.0.0.0 Safari/537.36"
149.102.235.135 - - [23/Feb/2026:07:53:49 +0000] "GET /xmlrpc.php HTTP/1.1" 405 53 "-" "Mozilla/5.0 (Windows NT 10.0; Win64; x64) AppleWebKit/537.36 (KHTML, like Gecko) Chrome/114.0.0.0 Safari/537.36"
66.249.70.108 - - [23/Feb/2026:07:55:06 +0000] "GET /bettilt-casino-ve-oynayan-kii-guven-yaps-operasyon-53/ HTTP/1.1" 301 178 "-" "Mozilla/5.0 (Linux; Android 6.0.1; Nexus 5X Build/MMB29P) AppleWebKit/537.36 (KHTML, like Gecko) Chrome/144.0.7559.132 Mobile Safari/537.36 (compatible; Googlebot/2.1; +http://www.google.com/bot.html)"
50.17.185.102 - - [23/Feb/2026:07:56:16 +0000] "GET / HTTP/1.1" 301 178 "-" "FreshpingBot/1.0 (+https://freshping.io/)"
172.187.168.139 - - [23/Feb/2026:07:56:17 +0000] "POST /wp-cron.php?doing_wp_cron=1771833377.7683570384979248046875 HTTP/1.1" 200 31 "-" "WordPress/6.9; https://truelysell-wp.dreamsmarketplace.com"
50.17.185.102 - - [23/Feb/2026:07:56:17 +0000] "GET / HTTP/1.1" 200 43819 "-" "FreshpingBot/1.0 (+https://freshping.io/)"
172.187.168.139 - - [23/Feb/2026:07:56:22 +0000] "POST /wp-cron.php?doing_wp_cron=1771833382.5988750457763671875000 HTTP/1.1" 200 31 "-" "WordPress/6.9; https://truelysell-wp.dreamsmarketplace.com"
2a03:2880:f800:: - - [23/Feb/2026:07:56:22 +0000] "GET /product/computer-server-amc-service-18/feed/ HTTP/1.1" 200 857 "-" "meta-externalagent/1.1 (+https://developers.facebook.com/docs/sharing/webmasters/crawler)"
2a03:2880:f800:2b:: - - [23/Feb/2026:07:57:11 +0000] "GET /product/service-test-2/feed/ HTTP/1.1" 200 803 "-" "meta-externalagent/1.1 (+https://developers.facebook.com/docs/sharing/webmasters/crawler)"
172.187.168.139 - - [23/Feb/2026:07:57:25 +0000] "POST /wp-cron.php?doing_wp_cron=1771833444.9887139797210693359375 HTTP/1.1" 200 31 "-" "WordPress/6.9; https://truelysell-wp.dreamsmarketplace.com"
66.249.66.165 - - [23/Feb/2026:07:57:25 +0000] "GET /zazijte-thrill-rabbit-road-slotu-v-online-kasinu-hrajte-ted/ HTTP/1.1" 404 29363 "-" "Mozilla/5.0 (Linux; Android 6.0.1; Nexus 5X Build/MMB29P) AppleWebKit/537.36 (KHTML, like Gecko) Chrome/144.0.7559.132 Mobile Safari/537.36 (compatible; Googlebot/2.1; +http://www.google.com/bot.html)"
2a03:2880:f800:2f:: - - [23/Feb/2026:07:57:34 +0000] "GET /jouez-aux-jeux-de-casino-en-ligne-sur-oscarspin-la-meilleure-experience-de-jeu-en-france/ HTTP/1.1" 301 178 "-" "meta-externalagent/1.1 (+https://developers.facebook.com/docs/sharing/webmasters/crawler)"
66.249.66.74 - - [23/Feb/2026:07:57:53 +0000] "GET /wp-content/* HTTP/1.1" 404 29363 "-" "Mozilla/5.0 (Linux; Android 6.0.1; Nexus 5X Build/MMB29P) AppleWebKit/537.36 (KHTML, like Gecko) Chrome/144.0.7559.132 Mobile Safari/537.36 (compatible; Googlebot/2.1; +http://www.google.com/bot.html)"
149.102.235.135 - - [23/Feb/2026:07:58:00 +0000] "POST /xmlrpc.php HTTP/1.1" 301 178 "-" "Mozilla/5.0 (Windows NT 10.0; Win64; x64) AppleWebKit/537.36 (KHTML, like Gecko) Chrome/114.0.0.0 Safari/537.36"
149.102.235.135 - - [23/Feb/2026:07:58:02 +0000] "GET /xmlrpc.php HTTP/1.1" 405 53 "-" "Mozilla/5.0 (Windows NT 10.0; Win64; x64) AppleWebKit/537.36 (KHTML, like Gecko) Chrome/114.0.0.0 Safari/537.36"
149.102.235.135 - - [23/Feb/2026:07:58:02 +0000] "POST /xmlrpc.php HTTP/1.1" 301 178 "-" "Mozilla/5.0 (Windows NT 10.0; Win64; x64) AppleWebKit/537.36 (KHTML, like Gecko) Chrome/114.0.0.0 Safari/537.36"
149.102.235.135 - - [23/Feb/2026:07:58:03 +0000] "GET /xmlrpc.php HTTP/1.1" 405 53 "-" "Mozilla/5.0 (Windows NT 10.0; Win64; x64) AppleWebKit/537.36 (KHTML, like Gecko) Chrome/114.0.0.0 Safari/537.36"
220.181.108.82 - - [23/Feb/2026:07:58:42 +0000] "GET /wp-json/wp/v2/posts/586 HTTP/1.1" 301 178 "-" "Mozilla/5.0 (compatible; Baiduspider/2.0; +http://www.baidu.com/search/spider.html)"
220.181.51.85 - - [23/Feb/2026:07:58:46 +0000] "GET /wp-json/wp/v2/posts/586 HTTP/1.1" 301 178 "-" "Mozilla/5.0 (Windows NT 10.0; WOW64) AppleWebKit/537.36 (KHTML, like Gecko) Chrome/48.0.2564.116 Safari/537.36"
