45.118.156.57 - - [23/Feb/2026:08:26:41 +0000] "GET /booking-page/ HTTP/1.1" 200 38323 "https://truelysell-wp.dreamsmarketplace.com/booking-page/" "Mozilla/5.0 (Windows NT 10.0; Win64; x64) AppleWebKit/537.36 (KHTML, like Gecko) Chrome/145.0.0.0 Safari/537.36"
45.118.156.57 - - [23/Feb/2026:08:26:43 +0000] "GET /wp-content/themes/truelysell/assets/css/block-styles.css?ver=1.0 HTTP/1.1" 404 29144 "https://truelysell-wp.dreamsmarketplace.com/booking-page/" "Mozilla/5.0 (Windows NT 10.0; Win64; x64) AppleWebKit/537.36 (KHTML, like Gecko) Chrome/145.0.0.0 Safari/537.36"
45.118.156.57 - - [23/Feb/2026:08:26:46 +0000] "GET /wp-admin/admin-ajax.php?action=get_additional_services HTTP/1.1" 200 83 "https://truelysell-wp.dreamsmarketplace.com/booking-page/" "Mozilla/5.0 (Windows NT 10.0; Win64; x64) AppleWebKit/537.36 (KHTML, like Gecko) Chrome/145.0.0.0 Safari/537.36"
45.118.156.57 - - [23/Feb/2026:08:26:46 +0000] "GET /wp-admin/admin-ajax.php?action=get_faq_section HTTP/1.1" 200 83 "https://truelysell-wp.dreamsmarketplace.com/booking-page/" "Mozilla/5.0 (Windows NT 10.0; Win64; x64) AppleWebKit/537.36 (KHTML, like Gecko) Chrome/145.0.0.0 Safari/537.36"
45.118.156.57 - - [23/Feb/2026:08:26:46 +0000] "GET /wp-admin/admin-ajax.php?action=get_includes_title HTTP/1.1" 200 70 "https://truelysell-wp.dreamsmarketplace.com/booking-page/" "Mozilla/5.0 (Windows NT 10.0; Win64; x64) AppleWebKit/537.36 (KHTML, like Gecko) Chrome/145.0.0.0 Safari/537.36"
45.118.156.57 - - [23/Feb/2026:08:26:46 +0000] "POST /wp-admin/admin-ajax.php HTTP/1.1" 200 82 "https://truelysell-wp.dreamsmarketplace.com/booking-page/" "Mozilla/5.0 (Windows NT 10.0; Win64; x64) AppleWebKit/537.36 (KHTML, like Gecko) Chrome/145.0.0.0 Safari/537.36"
45.118.156.57 - - [23/Feb/2026:08:26:46 +0000] "GET /wp-json/contact-form-7/v1/contact-forms/363/feedback/schema HTTP/1.1" 200 345 "https://truelysell-wp.dreamsmarketplace.com/booking-page/" "Mozilla/5.0 (Windows NT 10.0; Win64; x64) AppleWebKit/537.36 (KHTML, like Gecko) Chrome/145.0.0.0 Safari/537.36"
45.118.156.57 - - [23/Feb/2026:08:26:47 +0000] "POST /wp-admin/admin-ajax.php HTTP/1.1" 200 12882 "https://truelysell-wp.dreamsmarketplace.com/booking-page/" "Mozilla/5.0 (Windows NT 10.0; Win64; x64) AppleWebKit/537.36 (KHTML, like Gecko) Chrome/145.0.0.0 Safari/537.36"
198.244.240.79 - - [23/Feb/2026:08:28:22 +0000] "GET /pet-grooming/contact-us/ HTTP/1.1" 301 178 "-" "Mozilla/5.0 (compatible; AhrefsBot/7.0; +http://ahrefs.com/robot/)"
149.102.235.135 - - [23/Feb/2026:08:28:34 +0000] "POST /xmlrpc.php HTTP/1.1" 301 178 "-" "Mozilla/5.0 (Windows NT 10.0; Win64; x64) AppleWebKit/537.36 (KHTML, like Gecko) Chrome/114.0.0.0 Safari/537.36"
172.187.168.139 - - [23/Feb/2026:08:28:36 +0000] "POST /wp-cron.php?doing_wp_cron=1771835316.3814771175384521484375 HTTP/1.1" 200 31 "-" "WordPress/6.9; https://truelysell-wp.dreamsmarketplace.com"
149.102.235.135 - - [23/Feb/2026:08:28:36 +0000] "GET /xmlrpc.php HTTP/1.1" 405 53 "-" "Mozilla/5.0 (Windows NT 10.0; Win64; x64) AppleWebKit/537.36 (KHTML, like Gecko) Chrome/114.0.0.0 Safari/537.36"
149.102.235.135 - - [23/Feb/2026:08:28:36 +0000] "POST /xmlrpc.php HTTP/1.1" 301 178 "-" "Mozilla/5.0 (Windows NT 10.0; Win64; x64) AppleWebKit/537.36 (KHTML, like Gecko) Chrome/114.0.0.0 Safari/537.36"
149.102.235.135 - - [23/Feb/2026:08:28:38 +0000] "GET /xmlrpc.php HTTP/1.1" 405 53 "-" "Mozilla/5.0 (Windows NT 10.0; Win64; x64) AppleWebKit/537.36 (KHTML, like Gecko) Chrome/114.0.0.0 Safari/537.36"
2a03:2880:f800:3e:: - - [23/Feb/2026:08:28:56 +0000] "GET /wp-json/oembed/1.0/embed?url=https%3A%2F%2Ftruelysell-wp.dreamsmarketplace.com%2Fproduct%2Finterior-design-3%2F HTTP/1.1" 200 2308 "-" "meta-externalagent/1.1 (+https://developers.facebook.com/docs/sharing/webmasters/crawler)"
5.183.255.126 - - [23/Feb/2026:08:29:30 +0000] "POST /xmlrpc.php HTTP/1.1" 301 178 "-" "Mozilla/5.0 (Windows NT 10.0; Win64; x64) AppleWebKit/537.36 (KHTML, like Gecko) Chrome/120.0.0.0 Safari/537.36"
172.187.168.139 - - [23/Feb/2026:08:29:31 +0000] "POST /wp-cron.php?doing_wp_cron=1771835371.6469049453735351562500 HTTP/1.1" 200 31 "-" "WordPress/6.9; https://truelysell-wp.dreamsmarketplace.com"
5.183.255.126 - - [23/Feb/2026:08:29:31 +0000] "GET /xmlrpc.php HTTP/1.1" 405 53 "-" "Mozilla/5.0 (Windows NT 10.0; Win64; x64) AppleWebKit/537.36 (KHTML, like Gecko) Chrome/120.0.0.0 Safari/537.36"
5.183.255.126 - - [23/Feb/2026:08:29:31 +0000] "GET /wp-json/wp/v2/posts?orderby=date&order=desc&_fields=date,id,title,status,type,guid,link HTTP/1.1" 301 178 "-" "Mozilla/5.0 (Windows NT 10.0; Win64; x64) AppleWebKit/537.36 (KHTML, like Gecko) Chrome/120.0.0.0 Safari/537.36"
5.183.255.126 - - [23/Feb/2026:08:29:33 +0000] "GET /wp-json/wp/v2/posts?orderby=date&order=desc&_fields=date,id,title,status,type,guid,link HTTP/1.1" 200 3325 "-" "Mozilla/5.0 (Windows NT 10.0; Win64; x64) AppleWebKit/537.36 (KHTML, like Gecko) Chrome/120.0.0.0 Safari/537.36"
172.187.168.139 - - [23/Feb/2026:08:30:45 +0000] "POST /wp-cron.php?doing_wp_cron=1771835445.2053608894348144531250 HTTP/1.1" 200 31 "-" "WordPress/6.9; https://truelysell-wp.dreamsmarketplace.com"
2a03:2880:f800:3f:: - - [23/Feb/2026:08:30:45 +0000] "GET /product/wooden-carpentry-work/feed/ HTTP/1.1" 200 826 "-" "meta-externalagent/1.1 (+https://developers.facebook.com/docs/sharing/webmasters/crawler)"
35.173.69.86 - - [23/Feb/2026:08:31:10 +0000] "GET / HTTP/1.1" 301 178 "-" "FreshpingBot/1.0 (+https://freshping.io/)"
35.173.69.86 - - [23/Feb/2026:08:31:12 +0000] "GET / HTTP/1.1" 200 43818 "-" "FreshpingBot/1.0 (+https://freshping.io/)"
2a03:2880:f800:16:: - - [23/Feb/2026:08:31:33 +0000] "GET /gioca-al-casino-live-su-7signs-il-meglio-dellesperienza-di-gioco-online-in-italia/ HTTP/1.1" 301 178 "-" "meta-externalagent/1.1 (+https://developers.facebook.com/docs/sharing/webmasters/crawler)"
172.187.168.139 - - [23/Feb/2026:08:31:53 +0000] "POST /wp-cron.php?doing_wp_cron=1771835512.9923219680786132812500 HTTP/1.1" 200 31 "-" "WordPress/6.9; https://truelysell-wp.dreamsmarketplace.com"
94.130.200.121 - - [23/Feb/2026:08:31:53 +0000] "GET /descubre-la-emocion-de-jugar-casino-online-desde-33/ HTTP/1.1" 200 246789 "-" "Screaming Frog SEO Spider/16.7"
2a03:2880:f800:3:: - - [23/Feb/2026:08:32:15 +0000] "GET /wp-json/oembed/1.0/embed?url=https%3A%2F%2Ftruelysell-wp.dreamsmarketplace.com%2Fproduct%2Fplumbing-services-9%2F HTTP/1.1" 200 2318 "-" "meta-externalagent/1.1 (+https://developers.facebook.com/docs/sharing/webmasters/crawler)"
172.187.168.139 - - [23/Feb/2026:08:32:36 +0000] "POST /wp-cron.php?doing_wp_cron=1771835556.4329390525817871093750 HTTP/1.1" 200 31 "-" "WordPress/6.9; https://truelysell-wp.dreamsmarketplace.com"
45.118.156.57 - - [23/Feb/2026:08:32:36 +0000] "GET /booking-page/ HTTP/1.1" 200 38323 "https://truelysell-wp.dreamsmarketplace.com/booking-page/" "Mozilla/5.0 (Windows NT 10.0; Win64; x64) AppleWebKit/537.36 (KHTML, like Gecko) Chrome/145.0.0.0 Safari/537.36"
45.118.156.57 - - [23/Feb/2026:08:32:38 +0000] "GET /wp-content/themes/truelysell/assets/css/block-styles.css?ver=1.0 HTTP/1.1" 404 29144 "https://truelysell-wp.dreamsmarketplace.com/booking-page/" "Mozilla/5.0 (Windows NT 10.0; Win64; x64) AppleWebKit/537.36 (KHTML, like Gecko) Chrome/145.0.0.0 Safari/537.36"
45.118.156.57 - - [23/Feb/2026:08:32:41 +0000] "GET /wp-json/contact-form-7/v1/contact-forms/363/feedback/schema HTTP/1.1" 200 345 "https://truelysell-wp.dreamsmarketplace.com/booking-page/" "Mozilla/5.0 (Windows NT 10.0; Win64; x64) AppleWebKit/537.36 (KHTML, like Gecko) Chrome/145.0.0.0 Safari/537.36"
45.118.156.57 - - [23/Feb/2026:08:32:41 +0000] "GET /wp-admin/admin-ajax.php?action=get_additional_services HTTP/1.1" 200 83 "https://truelysell-wp.dreamsmarketplace.com/booking-page/" "Mozilla/5.0 (Windows NT 10.0; Win64; x64) AppleWebKit/537.36 (KHTML, like Gecko) Chrome/145.0.0.0 Safari/537.36"
45.118.156.57 - - [23/Feb/2026:08:32:41 +0000] "POST /wp-admin/admin-ajax.php HTTP/1.1" 200 82 "https://truelysell-wp.dreamsmarketplace.com/booking-page/" "Mozilla/5.0 (Windows NT 10.0; Win64; x64) AppleWebKit/537.36 (KHTML, like Gecko) Chrome/145.0.0.0 Safari/537.36"
45.118.156.57 - - [23/Feb/2026:08:32:41 +0000] "GET /wp-admin/admin-ajax.php?action=get_faq_section HTTP/1.1" 200 83 "https://truelysell-wp.dreamsmarketplace.com/booking-page/" "Mozilla/5.0 (Windows NT 10.0; Win64; x64) AppleWebKit/537.36 (KHTML, like Gecko) Chrome/145.0.0.0 Safari/537.36"
45.118.156.57 - - [23/Feb/2026:08:32:41 +0000] "GET /wp-admin/admin-ajax.php?action=get_includes_title HTTP/1.1" 200 70 "https://truelysell-wp.dreamsmarketplace.com/booking-page/" "Mozilla/5.0 (Windows NT 10.0; Win64; x64) AppleWebKit/537.36 (KHTML, like Gecko) Chrome/145.0.0.0 Safari/537.36"
45.118.156.57 - - [23/Feb/2026:08:32:43 +0000] "POST /wp-admin/admin-ajax.php HTTP/1.1" 200 12882 "https://truelysell-wp.dreamsmarketplace.com/booking-page/" "Mozilla/5.0 (Windows NT 10.0; Win64; x64) AppleWebKit/537.36 (KHTML, like Gecko) Chrome/145.0.0.0 Safari/537.36"
198.244.226.221 - - [23/Feb/2026:08:32:47 +0000] "GET /electrical/privacy-policy-2/ HTTP/1.1" 301 178 "-" "Mozilla/5.0 (compatible; AhrefsBot/7.0; +http://ahrefs.com/robot/)"
45.118.156.57 - - [23/Feb/2026:08:33:09 +0000] "GET / HTTP/1.1" 200 43818 "https://preview.themeforest.net/" "Mozilla/5.0 (Windows NT 10.0; Win64; x64) AppleWebKit/537.36 (KHTML, like Gecko) Chrome/145.0.0.0 Safari/537.36"
45.118.156.57 - - [23/Feb/2026:08:33:11 +0000] "GET /wp-content/themes/truelysell/assets/css/block-styles.css?ver=1.0 HTTP/1.1" 404 29362 "https://truelysell-wp.dreamsmarketplace.com/" "Mozilla/5.0 (Windows NT 10.0; Win64; x64) AppleWebKit/537.36 (KHTML, like Gecko) Chrome/145.0.0.0 Safari/537.36"
45.118.156.57 - - [23/Feb/2026:08:33:14 +0000] "GET /wp-admin/admin-ajax.php?action=get_additional_services HTTP/1.1" 200 83 "https://truelysell-wp.dreamsmarketplace.com/" "Mozilla/5.0 (Windows NT 10.0; Win64; x64) AppleWebKit/537.36 (KHTML, like Gecko) Chrome/145.0.0.0 Safari/537.36"
45.118.156.57 - - [23/Feb/2026:08:33:14 +0000] "GET /wp-admin/admin-ajax.php?action=get_includes_title HTTP/1.1" 200 70 "https://truelysell-wp.dreamsmarketplace.com/" "Mozilla/5.0 (Windows NT 10.0; Win64; x64) AppleWebKit/537.36 (KHTML, like Gecko) Chrome/145.0.0.0 Safari/537.36"
45.118.156.57 - - [23/Feb/2026:08:33:14 +0000] "POST /wp-admin/admin-ajax.php HTTP/1.1" 200 58 "https://truelysell-wp.dreamsmarketplace.com/" "Mozilla/5.0 (Windows NT 10.0; Win64; x64) AppleWebKit/537.36 (KHTML, like Gecko) Chrome/145.0.0.0 Safari/537.36"
45.118.156.57 - - [23/Feb/2026:08:33:14 +0000] "GET /wp-admin/admin-ajax.php?action=get_faq_section HTTP/1.1" 200 83 "https://truelysell-wp.dreamsmarketplace.com/" "Mozilla/5.0 (Windows NT 10.0; Win64; x64) AppleWebKit/537.36 (KHTML, like Gecko) Chrome/145.0.0.0 Safari/537.36"
45.118.156.57 - - [23/Feb/2026:08:33:14 +0000] "GET /wp-json/contact-form-7/v1/contact-forms/363/feedback/schema HTTP/1.1" 200 345 "https://truelysell-wp.dreamsmarketplace.com/" "Mozilla/5.0 (Windows NT 10.0; Win64; x64) AppleWebKit/537.36 (KHTML, like Gecko) Chrome/145.0.0.0 Safari/537.36"
172.187.168.139 - - [23/Feb/2026:08:33:45 +0000] "POST /wp-cron.php?doing_wp_cron=1771835625.6198129653930664062500 HTTP/1.1" 200 31 "-" "WordPress/6.9; https://truelysell-wp.dreamsmarketplace.com"
45.118.156.57 - - [23/Feb/2026:08:33:45 +0000] "GET /login/ HTTP/1.1" 200 34312 "https://truelysell-wp.dreamsmarketplace.com/" "Mozilla/5.0 (Windows NT 10.0; Win64; x64) AppleWebKit/537.36 (KHTML, like Gecko) Chrome/145.0.0.0 Safari/537.36"
45.118.156.57 - - [23/Feb/2026:08:33:47 +0000] "GET /wp-content/themes/truelysell/assets/css/block-styles.css?ver=1.0 HTTP/1.1" 404 29363 "https://truelysell-wp.dreamsmarketplace.com/login/" "Mozilla/5.0 (Windows NT 10.0; Win64; x64) AppleWebKit/537.36 (KHTML, like Gecko) Chrome/145.0.0.0 Safari/537.36"
198.244.240.145 - - [23/Feb/2026:08:33:48 +0000] "GET /electrical/faq/ HTTP/1.1" 301 178 "-" "Mozilla/5.0 (compatible; AhrefsBot/7.0; +http://ahrefs.com/robot/)"
45.118.156.57 - - [23/Feb/2026:08:33:50 +0000] "GET /wp-admin/admin-ajax.php?action=get_additional_services HTTP/1.1" 200 83 "https://truelysell-wp.dreamsmarketplace.com/login/" "Mozilla/5.0 (Windows NT 10.0; Win64; x64) AppleWebKit/537.36 (KHTML, like Gecko) Chrome/145.0.0.0 Safari/537.36"
45.118.156.57 - - [23/Feb/2026:08:33:50 +0000] "GET /wp-admin/admin-ajax.php?action=get_includes_title HTTP/1.1" 200 70 "https://truelysell-wp.dreamsmarketplace.com/login/" "Mozilla/5.0 (Windows NT 10.0; Win64; x64) AppleWebKit/537.36 (KHTML, like Gecko) Chrome/145.0.0.0 Safari/537.36"
45.118.156.57 - - [23/Feb/2026:08:33:50 +0000] "GET /wp-admin/admin-ajax.php?action=get_faq_section HTTP/1.1" 200 83 "https://truelysell-wp.dreamsmarketplace.com/login/" "Mozilla/5.0 (Windows NT 10.0; Win64; x64) AppleWebKit/537.36 (KHTML, like Gecko) Chrome/145.0.0.0 Safari/537.36"
45.118.156.57 - - [23/Feb/2026:08:33:50 +0000] "GET /wp-json/contact-form-7/v1/contact-forms/363/feedback/schema HTTP/1.1" 200 345 "https://truelysell-wp.dreamsmarketplace.com/login/" "Mozilla/5.0 (Windows NT 10.0; Win64; x64) AppleWebKit/537.36 (KHTML, like Gecko) Chrome/145.0.0.0 Safari/537.36"
45.118.156.57 - - [23/Feb/2026:08:33:50 +0000] "POST /wp-admin/admin-ajax.php HTTP/1.1" 200 58 "https://truelysell-wp.dreamsmarketplace.com/login/" "Mozilla/5.0 (Windows NT 10.0; Win64; x64) AppleWebKit/537.36 (KHTML, like Gecko) Chrome/145.0.0.0 Safari/537.36"
45.118.156.57 - - [23/Feb/2026:08:33:59 +0000] "POST /wp-login.php?redirect_to=https%3A%2F%2Ftruelysell-wp.dreamsmarketplace.com HTTP/1.1" 302 5 "https://truelysell-wp.dreamsmarketplace.com/login/" "Mozilla/5.0 (Windows NT 10.0; Win64; x64) AppleWebKit/537.36 (KHTML, like Gecko) Chrome/145.0.0.0 Safari/537.36"
45.118.156.57 - - [23/Feb/2026:08:34:00 +0000] "GET /login/?not_verified=1 HTTP/1.1" 200 34364 "https://truelysell-wp.dreamsmarketplace.com/login/" "Mozilla/5.0 (Windows NT 10.0; Win64; x64) AppleWebKit/537.36 (KHTML, like Gecko) Chrome/145.0.0.0 Safari/537.36"
45.118.156.57 - - [23/Feb/2026:08:34:02 +0000] "GET /wp-content/themes/truelysell/assets/css/block-styles.css?ver=1.0 HTTP/1.1" 404 29362 "https://truelysell-wp.dreamsmarketplace.com/login/?not_verified=1" "Mozilla/5.0 (Windows NT 10.0; Win64; x64) AppleWebKit/537.36 (KHTML, like Gecko) Chrome/145.0.0.0 Safari/537.36"
45.118.156.57 - - [23/Feb/2026:08:34:05 +0000] "GET /wp-admin/admin-ajax.php?action=get_additional_services HTTP/1.1" 200 83 "https://truelysell-wp.dreamsmarketplace.com/login/?not_verified=1" "Mozilla/5.0 (Windows NT 10.0; Win64; x64) AppleWebKit/537.36 (KHTML, like Gecko) Chrome/145.0.0.0 Safari/537.36"
45.118.156.57 - - [23/Feb/2026:08:34:05 +0000] "POST /wp-admin/admin-ajax.php HTTP/1.1" 200 58 "https://truelysell-wp.dreamsmarketplace.com/login/?not_verified=1" "Mozilla/5.0 (Windows NT 10.0; Win64; x64) AppleWebKit/537.36 (KHTML, like Gecko) Chrome/145.0.0.0 Safari/537.36"
45.118.156.57 - - [23/Feb/2026:08:34:05 +0000] "GET /wp-admin/admin-ajax.php?action=get_faq_section HTTP/1.1" 200 83 "https://truelysell-wp.dreamsmarketplace.com/login/?not_verified=1" "Mozilla/5.0 (Windows NT 10.0; Win64; x64) AppleWebKit/537.36 (KHTML, like Gecko) Chrome/145.0.0.0 Safari/537.36"
45.118.156.57 - - [23/Feb/2026:08:34:05 +0000] "GET /wp-admin/admin-ajax.php?action=get_includes_title HTTP/1.1" 200 70 "https://truelysell-wp.dreamsmarketplace.com/login/?not_verified=1" "Mozilla/5.0 (Windows NT 10.0; Win64; x64) AppleWebKit/537.36 (KHTML, like Gecko) Chrome/145.0.0.0 Safari/537.36"
45.118.156.57 - - [23/Feb/2026:08:34:05 +0000] "GET /wp-json/contact-form-7/v1/contact-forms/363/feedback/schema HTTP/1.1" 200 345 "https://truelysell-wp.dreamsmarketplace.com/login/?not_verified=1" "Mozilla/5.0 (Windows NT 10.0; Win64; x64) AppleWebKit/537.36 (KHTML, like Gecko) Chrome/145.0.0.0 Safari/537.36"
2a03:2880:f800:22:: - - [23/Feb/2026:08:34:12 +0000] "GET /?p=7514 HTTP/1.1" 301 5 "-" "meta-externalagent/1.1 (+https://developers.facebook.com/docs/sharing/webmasters/crawler)"
45.118.156.57 - - [23/Feb/2026:08:34:14 +0000] "POST /wp-login.php?redirect_to=https%3A%2F%2Ftruelysell-wp.dreamsmarketplace.com HTTP/1.1" 302 5 "https://truelysell-wp.dreamsmarketplace.com/login/?not_verified=1" "Mozilla/5.0 (Windows NT 10.0; Win64; x64) AppleWebKit/537.36 (KHTML, like Gecko) Chrome/145.0.0.0 Safari/537.36"
45.118.156.57 - - [23/Feb/2026:08:34:16 +0000] "GET /login/?not_verified=1 HTTP/1.1" 200 34365 "https://truelysell-wp.dreamsmarketplace.com/login/?not_verified=1" "Mozilla/5.0 (Windows NT 10.0; Win64; x64) AppleWebKit/537.36 (KHTML, like Gecko) Chrome/145.0.0.0 Safari/537.36"
2a03:2880:f800:37:: - - [23/Feb/2026:08:34:19 +0000] "GET /product/building-construction-services/feed/ HTTP/1.1" 200 855 "-" "meta-externalagent/1.1 (+https://developers.facebook.com/docs/sharing/webmasters/crawler)"
45.118.156.57 - - [23/Feb/2026:08:34:19 +0000] "GET /wp-content/themes/truelysell/assets/css/block-styles.css?ver=1.0 HTTP/1.1" 404 29362 "https://truelysell-wp.dreamsmarketplace.com/login/?not_verified=1" "Mozilla/5.0 (Windows NT 10.0; Win64; x64) AppleWebKit/537.36 (KHTML, like Gecko) Chrome/145.0.0.0 Safari/537.36"
172.187.168.139 - - [23/Feb/2026:08:34:22 +0000] "POST /wp-cron.php?doing_wp_cron=1771835662.6363890171051025390625 HTTP/1.1" 200 31 "-" "WordPress/6.9; https://truelysell-wp.dreamsmarketplace.com"
45.118.156.57 - - [23/Feb/2026:08:34:22 +0000] "GET /wp-admin/admin-ajax.php?action=get_includes_title HTTP/1.1" 200 70 "https://truelysell-wp.dreamsmarketplace.com/login/?not_verified=1" "Mozilla/5.0 (Windows NT 10.0; Win64; x64) AppleWebKit/537.36 (KHTML, like Gecko) Chrome/145.0.0.0 Safari/537.36"
45.118.156.57 - - [23/Feb/2026:08:34:22 +0000] "POST /wp-admin/admin-ajax.php HTTP/1.1" 200 58 "https://truelysell-wp.dreamsmarketplace.com/login/?not_verified=1" "Mozilla/5.0 (Windows NT 10.0; Win64; x64) AppleWebKit/537.36 (KHTML, like Gecko) Chrome/145.0.0.0 Safari/537.36"
45.118.156.57 - - [23/Feb/2026:08:34:22 +0000] "GET /wp-admin/admin-ajax.php?action=get_additional_services HTTP/1.1" 200 83 "https://truelysell-wp.dreamsmarketplace.com/login/?not_verified=1" "Mozilla/5.0 (Windows NT 10.0; Win64; x64) AppleWebKit/537.36 (KHTML, like Gecko) Chrome/145.0.0.0 Safari/537.36"
45.118.156.57 - - [23/Feb/2026:08:34:22 +0000] "GET /wp-json/contact-form-7/v1/contact-forms/363/feedback/schema HTTP/1.1" 200 345 "https://truelysell-wp.dreamsmarketplace.com/login/?not_verified=1" "Mozilla/5.0 (Windows NT 10.0; Win64; x64) AppleWebKit/537.36 (KHTML, like Gecko) Chrome/145.0.0.0 Safari/537.36"
45.118.156.57 - - [23/Feb/2026:08:34:22 +0000] "GET /wp-admin/admin-ajax.php?action=get_faq_section HTTP/1.1" 200 83 "https://truelysell-wp.dreamsmarketplace.com/login/?not_verified=1" "Mozilla/5.0 (Windows NT 10.0; Win64; x64) AppleWebKit/537.36 (KHTML, like Gecko) Chrome/145.0.0.0 Safari/537.36"
172.187.168.139 - - [23/Feb/2026:08:34:30 +0000] "POST /wp-cron.php?doing_wp_cron=1771835670.4151000976562500000000 HTTP/1.1" 200 31 "-" "WordPress/6.9; https://truelysell-wp.dreamsmarketplace.com"
45.118.156.57 - - [23/Feb/2026:08:34:30 +0000] "POST /wp-login.php?redirect_to=https%3A%2F%2Ftruelysell-wp.dreamsmarketplace.com HTTP/1.1" 302 5 "https://truelysell-wp.dreamsmarketplace.com/login/?not_verified=1" "Mozilla/5.0 (Windows NT 10.0; Win64; x64) AppleWebKit/537.36 (KHTML, like Gecko) Chrome/145.0.0.0 Safari/537.36"
45.118.156.57 - - [23/Feb/2026:08:34:32 +0000] "GET / HTTP/1.1" 200 43818 "https://truelysell-wp.dreamsmarketplace.com/login/?not_verified=1" "Mozilla/5.0 (Windows NT 10.0; Win64; x64) AppleWebKit/537.36 (KHTML, like Gecko) Chrome/145.0.0.0 Safari/537.36"
45.118.156.57 - - [23/Feb/2026:08:34:34 +0000] "GET /wp-content/themes/truelysell/assets/css/block-styles.css?ver=1.0 HTTP/1.1" 404 29362 "https://truelysell-wp.dreamsmarketplace.com/" "Mozilla/5.0 (Windows NT 10.0; Win64; x64) AppleWebKit/537.36 (KHTML, like Gecko) Chrome/145.0.0.0 Safari/537.36"
45.118.156.57 - - [23/Feb/2026:08:34:36 +0000] "GET /wp-admin/admin-ajax.php?action=get_faq_section HTTP/1.1" 200 83 "https://truelysell-wp.dreamsmarketplace.com/" "Mozilla/5.0 (Windows NT 10.0; Win64; x64) AppleWebKit/537.36 (KHTML, like Gecko) Chrome/145.0.0.0 Safari/537.36"
45.118.156.57 - - [23/Feb/2026:08:34:36 +0000] "POST /wp-admin/admin-ajax.php HTTP/1.1" 200 58 "https://truelysell-wp.dreamsmarketplace.com/" "Mozilla/5.0 (Windows NT 10.0; Win64; x64) AppleWebKit/537.36 (KHTML, like Gecko) Chrome/145.0.0.0 Safari/537.36"
45.118.156.57 - - [23/Feb/2026:08:34:37 +0000] "GET /wp-admin/admin-ajax.php?action=get_includes_title HTTP/1.1" 200 70 "https://truelysell-wp.dreamsmarketplace.com/" "Mozilla/5.0 (Windows NT 10.0; Win64; x64) AppleWebKit/537.36 (KHTML, like Gecko) Chrome/145.0.0.0 Safari/537.36"
45.118.156.57 - - [23/Feb/2026:08:34:37 +0000] "GET /wp-json/contact-form-7/v1/contact-forms/363/feedback/schema HTTP/1.1" 200 345 "https://truelysell-wp.dreamsmarketplace.com/" "Mozilla/5.0 (Windows NT 10.0; Win64; x64) AppleWebKit/537.36 (KHTML, like Gecko) Chrome/145.0.0.0 Safari/537.36"
45.118.156.57 - - [23/Feb/2026:08:34:37 +0000] "GET /wp-admin/admin-ajax.php?action=get_additional_services HTTP/1.1" 200 83 "https://truelysell-wp.dreamsmarketplace.com/" "Mozilla/5.0 (Windows NT 10.0; Win64; x64) AppleWebKit/537.36 (KHTML, like Gecko) Chrome/145.0.0.0 Safari/537.36"
198.244.226.93 - - [23/Feb/2026:08:34:44 +0000] "GET /electrical/list-with-sidebar/ HTTP/1.1" 301 178 "-" "Mozilla/5.0 (compatible; AhrefsBot/7.0; +http://ahrefs.com/robot/)"
45.118.156.57 - - [23/Feb/2026:08:34:44 +0000] "GET /login/ HTTP/1.1" 200 34312 "https://truelysell-wp.dreamsmarketplace.com/" "Mozilla/5.0 (Windows NT 10.0; Win64; x64) AppleWebKit/537.36 (KHTML, like Gecko) Chrome/145.0.0.0 Safari/537.36"
45.118.156.57 - - [23/Feb/2026:08:34:46 +0000] "GET /wp-content/themes/truelysell/assets/css/block-styles.css?ver=1.0 HTTP/1.1" 404 29362 "https://truelysell-wp.dreamsmarketplace.com/login/" "Mozilla/5.0 (Windows NT 10.0; Win64; x64) AppleWebKit/537.36 (KHTML, like Gecko) Chrome/145.0.0.0 Safari/537.36"
45.118.156.57 - - [23/Feb/2026:08:34:49 +0000] "GET /wp-admin/admin-ajax.php?action=get_faq_section HTTP/1.1" 200 83 "https://truelysell-wp.dreamsmarketplace.com/login/" "Mozilla/5.0 (Windows NT 10.0; Win64; x64) AppleWebKit/537.36 (KHTML, like Gecko) Chrome/145.0.0.0 Safari/537.36"
45.118.156.57 - - [23/Feb/2026:08:34:49 +0000] "POST /wp-admin/admin-ajax.php HTTP/1.1" 200 58 "https://truelysell-wp.dreamsmarketplace.com/login/" "Mozilla/5.0 (Windows NT 10.0; Win64; x64) AppleWebKit/537.36 (KHTML, like Gecko) Chrome/145.0.0.0 Safari/537.36"
45.118.156.57 - - [23/Feb/2026:08:34:49 +0000] "GET /wp-admin/admin-ajax.php?action=get_additional_services HTTP/1.1" 200 83 "https://truelysell-wp.dreamsmarketplace.com/login/" "Mozilla/5.0 (Windows NT 10.0; Win64; x64) AppleWebKit/537.36 (KHTML, like Gecko) Chrome/145.0.0.0 Safari/537.36"
45.118.156.57 - - [23/Feb/2026:08:34:49 +0000] "GET /wp-admin/admin-ajax.php?action=get_includes_title HTTP/1.1" 200 70 "https://truelysell-wp.dreamsmarketplace.com/login/" "Mozilla/5.0 (Windows NT 10.0; Win64; x64) AppleWebKit/537.36 (KHTML, like Gecko) Chrome/145.0.0.0 Safari/537.36"
45.118.156.57 - - [23/Feb/2026:08:34:49 +0000] "GET /wp-json/contact-form-7/v1/contact-forms/363/feedback/schema HTTP/1.1" 200 345 "https://truelysell-wp.dreamsmarketplace.com/login/" "Mozilla/5.0 (Windows NT 10.0; Win64; x64) AppleWebKit/537.36 (KHTML, like Gecko) Chrome/145.0.0.0 Safari/537.36"
45.118.156.57 - - [23/Feb/2026:08:35:05 +0000] "POST /wp-login.php?redirect_to=https%3A%2F%2Ftruelysell-wp.dreamsmarketplace.com HTTP/1.1" 302 5 "https://truelysell-wp.dreamsmarketplace.com/login/" "Mozilla/5.0 (Windows NT 10.0; Win64; x64) AppleWebKit/537.36 (KHTML, like Gecko) Chrome/145.0.0.0 Safari/537.36"
45.118.156.57 - - [23/Feb/2026:08:35:06 +0000] "GET /login/?not_verified=1 HTTP/1.1" 200 34366 "https://truelysell-wp.dreamsmarketplace.com/login/" "Mozilla/5.0 (Windows NT 10.0; Win64; x64) AppleWebKit/537.36 (KHTML, like Gecko) Chrome/145.0.0.0 Safari/537.36"
45.118.156.57 - - [23/Feb/2026:08:35:08 +0000] "GET /wp-content/themes/truelysell/assets/css/block-styles.css?ver=1.0 HTTP/1.1" 404 29362 "https://truelysell-wp.dreamsmarketplace.com/login/?not_verified=1" "Mozilla/5.0 (Windows NT 10.0; Win64; x64) AppleWebKit/537.36 (KHTML, like Gecko) Chrome/145.0.0.0 Safari/537.36"
45.118.156.57 - - [23/Feb/2026:08:35:11 +0000] "GET /wp-admin/admin-ajax.php?action=get_additional_services HTTP/1.1" 200 83 "https://truelysell-wp.dreamsmarketplace.com/login/?not_verified=1" "Mozilla/5.0 (Windows NT 10.0; Win64; x64) AppleWebKit/537.36 (KHTML, like Gecko) Chrome/145.0.0.0 Safari/537.36"
45.118.156.57 - - [23/Feb/2026:08:35:11 +0000] "GET /wp-admin/admin-ajax.php?action=get_includes_title HTTP/1.1" 200 70 "https://truelysell-wp.dreamsmarketplace.com/login/?not_verified=1" "Mozilla/5.0 (Windows NT 10.0; Win64; x64) AppleWebKit/537.36 (KHTML, like Gecko) Chrome/145.0.0.0 Safari/537.36"
45.118.156.57 - - [23/Feb/2026:08:35:11 +0000] "POST /wp-admin/admin-ajax.php HTTP/1.1" 200 58 "https://truelysell-wp.dreamsmarketplace.com/login/?not_verified=1" "Mozilla/5.0 (Windows NT 10.0; Win64; x64) AppleWebKit/537.36 (KHTML, like Gecko) Chrome/145.0.0.0 Safari/537.36"
45.118.156.57 - - [23/Feb/2026:08:35:11 +0000] "GET /wp-json/contact-form-7/v1/contact-forms/363/feedback/schema HTTP/1.1" 200 345 "https://truelysell-wp.dreamsmarketplace.com/login/?not_verified=1" "Mozilla/5.0 (Windows NT 10.0; Win64; x64) AppleWebKit/537.36 (KHTML, like Gecko) Chrome/145.0.0.0 Safari/537.36"
45.118.156.57 - - [23/Feb/2026:08:35:11 +0000] "GET /wp-admin/admin-ajax.php?action=get_faq_section HTTP/1.1" 200 83 "https://truelysell-wp.dreamsmarketplace.com/login/?not_verified=1" "Mozilla/5.0 (Windows NT 10.0; Win64; x64) AppleWebKit/537.36 (KHTML, like Gecko) Chrome/145.0.0.0 Safari/537.36"
172.187.168.139 - - [23/Feb/2026:08:35:21 +0000] "POST /wp-cron.php?doing_wp_cron=1771835721.9175090789794921875000 HTTP/1.1" 200 31 "-" "WordPress/6.9; https://truelysell-wp.dreamsmarketplace.com"
45.118.156.57 - - [23/Feb/2026:08:35:21 +0000] "GET /login/?client_id=1572716424.1771831577&session_id=1771834994 HTTP/1.1" 200 31 "https://themeforest.net/" "Mozilla/5.0 (Windows NT 10.0; Win64; x64) AppleWebKit/537.36 (KHTML, like Gecko) Chrome/145.0.0.0 Safari/537.36"
66.249.66.201 - - [23/Feb/2026:08:35:23 +0000] "GET /pin-up-casino-azrbaycanda-n-yax-onlayn-kazino-71/ HTTP/1.1" 200 37554 "-" "Mozilla/5.0 (Linux; Android 6.0.1; Nexus 5X Build/MMB29P) AppleWebKit/537.36 (KHTML, like Gecko) Chrome/144.0.7559.132 Mobile Safari/537.36 (compatible; Googlebot/2.1; +http://www.google.com/bot.html)"
45.118.156.57 - - [23/Feb/2026:08:35:24 +0000] "GET /favicon.ico HTTP/1.1" 302 5 "https://truelysell-wp.dreamsmarketplace.com/login/?client_id=1572716424.1771831577&session_id=1771834994" "Mozilla/5.0 (Windows NT 10.0; Win64; x64) AppleWebKit/537.36 (KHTML, like Gecko) Chrome/145.0.0.0 Safari/537.36"
2a03:2880:f800:28:: - - [23/Feb/2026:08:35:26 +0000] "GET /wp-json/wp/v2/product/5772 HTTP/1.1" 200 2847 "-" "meta-externalagent/1.1 (+https://developers.facebook.com/docs/sharing/webmasters/crawler)"
45.118.156.57 - - [23/Feb/2026:08:35:35 +0000] "GET /login/?client_id=1572716424.1771831577&session_id=1771834994 HTTP/1.1" 200 31 "https://themeforest.net/" "Mozilla/5.0 (Windows NT 10.0; Win64; x64) AppleWebKit/537.36 (KHTML, like Gecko) Chrome/145.0.0.0 Safari/537.36"
45.118.156.57 - - [23/Feb/2026:08:35:37 +0000] "GET /favicon.ico HTTP/1.1" 302 5 "https://truelysell-wp.dreamsmarketplace.com/login/?client_id=1572716424.1771831577&session_id=1771834994" "Mozilla/5.0 (Windows NT 10.0; Win64; x64) AppleWebKit/537.36 (KHTML, like Gecko) Chrome/145.0.0.0 Safari/537.36"
172.187.168.139 - - [23/Feb/2026:08:35:40 +0000] "POST /wp-cron.php?doing_wp_cron=1771835740.7095909118652343750000 HTTP/1.1" 200 31 "-" "WordPress/6.9; https://truelysell-wp.dreamsmarketplace.com"
2a03:2880:f800:8:: - - [23/Feb/2026:08:35:40 +0000] "GET /wp-json/oembed/1.0/embed?url=https%3A%2F%2Ftruelysell-wp.dreamsmarketplace.com%2Fproduct%2Fpainting-services%2F HTTP/1.1" 200 2314 "-" "meta-externalagent/1.1 (+https://developers.facebook.com/docs/sharing/webmasters/crawler)"
45.118.156.57 - - [23/Feb/2026:08:35:49 +0000] "GET /login/?client_id=1572716424.1771831577&session_id=1771834994 HTTP/1.1" 200 31 "https://themeforest.net/" "Mozilla/5.0 (Windows NT 10.0; Win64; x64) AppleWebKit/537.36 (KHTML, like Gecko) Chrome/145.0.0.0 Safari/537.36"
2a03:2880:f800:3c:: - - [23/Feb/2026:08:35:53 +0000] "GET /wp-json/oembed/1.0/embed?url=https%3A%2F%2Ftruelysell-wp.dreamsmarketplace.com%2Fproduct%2Felectric-panel-repairing-service-3%2F HTTP/1.1" 200 2393 "-" "meta-externalagent/1.1 (+https://developers.facebook.com/docs/sharing/webmasters/crawler)"
45.118.156.57 - - [23/Feb/2026:08:36:19 +0000] "GET /login/?client_id=1572716424.1771831577&session_id=1771834994 HTTP/1.1" 200 31 "-" "Mozilla/5.0 (Windows NT 10.0; Win64; x64) AppleWebKit/537.36 (KHTML, like Gecko) Chrome/145.0.0.0 Safari/537.36"
50.17.185.102 - - [23/Feb/2026:08:36:20 +0000] "GET / HTTP/1.1" 301 178 "-" "FreshpingBot/1.0 (+https://freshping.io/)"
172.187.168.139 - - [23/Feb/2026:08:36:22 +0000] "POST /wp-cron.php?doing_wp_cron=1771835782.8241400718688964843750 HTTP/1.1" 200 31 "-" "WordPress/6.9; https://truelysell-wp.dreamsmarketplace.com"
50.17.185.102 - - [23/Feb/2026:08:36:22 +0000] "GET / HTTP/1.1" 200 43821 "-" "FreshpingBot/1.0 (+https://freshping.io/)"
2a03:2880:f800:33:: - - [23/Feb/2026:08:36:25 +0000] "GET /wp-json/wp/v2/product/7391 HTTP/1.1" 200 2429 "-" "meta-externalagent/1.1 (+https://developers.facebook.com/docs/sharing/webmasters/crawler)"
45.118.156.57 - - [23/Feb/2026:08:36:27 +0000] "GET /login/?client_id=1572716424.1771831577&session_id=1771834994 HTTP/1.1" 200 31 "https://themeforest.net/" "Mozilla/5.0 (Windows NT 10.0; Win64; x64) AppleWebKit/537.36 (KHTML, like Gecko) Chrome/145.0.0.0 Safari/537.36"
45.118.156.57 - - [23/Feb/2026:08:36:30 +0000] "GET /login/?client_id=1572716424.1771831577&session_id=1771834994 HTTP/1.1" 200 31 "https://themeforest.net/" "Mozilla/5.0 (Windows NT 10.0; Win64; x64) AppleWebKit/537.36 (KHTML, like Gecko) Chrome/145.0.0.0 Safari/537.36"
45.118.156.57 - - [23/Feb/2026:08:36:42 +0000] "GET /login/?client_id=1572716424.1771831577&session_id=1771834994 HTTP/1.1" 200 31 "https://themeforest.net/" "Mozilla/5.0 (Windows NT 10.0; Win64; x64) AppleWebKit/537.36 (KHTML, like Gecko) Chrome/145.0.0.0 Safari/537.36"
2a03:2880:f800:6:: - - [23/Feb/2026:08:36:48 +0000] "GET /product/car-repair-services-4/feed/ HTTP/1.1" 200 824 "-" "meta-externalagent/1.1 (+https://developers.facebook.com/docs/sharing/webmasters/crawler)"
45.118.156.57 - - [23/Feb/2026:08:36:53 +0000] "GET /login/?client_id=1572716424.1771831577&session_id=1771834994 HTTP/1.1" 200 34364 "-" "Mozilla/5.0 (Windows NT 10.0; Win64; x64) AppleWebKit/537.36 (KHTML, like Gecko) Chrome/145.0.0.0 Safari/537.36"
35.247.115.139 - - [23/Feb/2026:08:36:53 +0000] "GET /wp-content/uploads/2024/10/success-03.svg HTTP/1.1" 200 1146 "-" "Mozilla/5.0 (Linux; Android 12; Pixel 6) AppleWebKit/537.36 (KHTML, like Gecko) Chrome/114.0.0.0 Mobile Safari/537.36"
35.247.115.139 - - [23/Feb/2026:08:36:53 +0000] "GET /wp-content/uploads/2024/10/category-06.svg HTTP/1.1" 200 12907 "-" "Mozilla/5.0 (Linux; Android 12; Pixel 6) AppleWebKit/537.36 (KHTML, like Gecko) Chrome/114.0.0.0 Mobile Safari/537.36"
35.247.115.139 - - [23/Feb/2026:08:36:53 +0000] "GET /wp-content/uploads/2024/09/logo.svg HTTP/1.1" 200 55188 "-" "Mozilla/5.0 (Linux; Android 12; Pixel 6) AppleWebKit/537.36 (KHTML, like Gecko) Chrome/114.0.0.0 Mobile Safari/537.36"
35.247.115.139 - - [23/Feb/2026:08:36:53 +0000] "GET /wp-content/uploads/2024/10/work-03.svg HTTP/1.1" 304 0 "-" "Mozilla/5.0 (Linux; Android 12; Pixel 6) AppleWebKit/537.36 (KHTML, like Gecko) Chrome/114.0.0.0 Mobile Safari/537.36"
35.247.115.139 - - [23/Feb/2026:08:36:53 +0000] "GET /wp-content/uploads/2024/10/success-01.svg HTTP/1.1" 200 1207 "-" "Mozilla/5.0 (Linux; Android 12; Pixel 6) AppleWebKit/537.36 (KHTML, like Gecko) Chrome/114.0.0.0 Mobile Safari/537.36"
35.247.115.139 - - [23/Feb/2026:08:36:53 +0000] "GET /wp-content/uploads/2024/10/category-04.svg HTTP/1.1" 200 9208 "-" "Mozilla/5.0 (Linux; Android 12; Pixel 6) AppleWebKit/537.36 (KHTML, like Gecko) Chrome/114.0.0.0 Mobile Safari/537.36"
35.247.115.139 - - [23/Feb/2026:08:36:53 +0000] "GET /wp-content/uploads/2024/10/category-07.svg HTTP/1.1" 200 11373 "-" "Mozilla/5.0 (Linux; Android 12; Pixel 6) AppleWebKit/537.36 (KHTML, like Gecko) Chrome/114.0.0.0 Mobile Safari/537.36"
35.247.115.139 - - [23/Feb/2026:08:36:53 +0000] "GET /wp-content/uploads/2024/10/avatar-15.jpg HTTP/1.1" 200 80038 "-" "Mozilla/5.0 (Linux; Android 12; Pixel 6) AppleWebKit/537.36 (KHTML, like Gecko) Chrome/114.0.0.0 Mobile Safari/537.36"
35.247.115.139 - - [23/Feb/2026:08:36:53 +0000] "GET /wp-content/uploads/2024/10/work-01.svg HTTP/1.1" 200 6739 "-" "Mozilla/5.0 (Linux; Android 12; Pixel 6) AppleWebKit/537.36 (KHTML, like Gecko) Chrome/114.0.0.0 Mobile Safari/537.36"
35.247.115.139 - - [23/Feb/2026:08:36:53 +0000] "GET /wp-content/uploads/2024/10/success-02.svg HTTP/1.1" 304 0 "-" "Mozilla/5.0 (Linux; Android 12; Pixel 6) AppleWebKit/537.36 (KHTML, like Gecko) Chrome/114.0.0.0 Mobile Safari/537.36"
35.247.115.139 - - [23/Feb/2026:08:36:53 +0000] "GET /wp-content/uploads/2024/09/app-store.svg HTTP/1.1" 200 15188 "-" "Mozilla/5.0 (Linux; Android 12; Pixel 6) AppleWebKit/537.36 (KHTML, like Gecko) Chrome/114.0.0.0 Mobile Safari/537.36"
35.247.115.139 - - [23/Feb/2026:08:36:53 +0000] "GET /wp-content/uploads/2024/10/avatar-12-1.jpg HTTP/1.1" 200 62069 "-" "Mozilla/5.0 (Linux; Android 12; Pixel 6) AppleWebKit/537.36 (KHTML, like Gecko) Chrome/114.0.0.0 Mobile Safari/537.36"
35.247.115.139 - - [23/Feb/2026:08:36:53 +0000] "GET /wp-content/uploads/2024/10/category-05.svg HTTP/1.1" 200 11836 "-" "Mozilla/5.0 (Linux; Android 12; Pixel 6) AppleWebKit/537.36 (KHTML, like Gecko) Chrome/114.0.0.0 Mobile Safari/537.36"
35.247.115.139 - - [23/Feb/2026:08:36:53 +0000] "GET /wp-content/uploads/2024/10/work-02.svg HTTP/1.1" 200 6739 "-" "Mozilla/5.0 (Linux; Android 12; Pixel 6) AppleWebKit/537.36 (KHTML, like Gecko) Chrome/114.0.0.0 Mobile Safari/537.36"
35.247.115.139 - - [23/Feb/2026:08:36:53 +0000] "GET /wp-content/uploads/2024/10/category-02.svg HTTP/1.1" 304 0 "-" "Mozilla/5.0 (Linux; Android 12; Pixel 6) AppleWebKit/537.36 (KHTML, like Gecko) Chrome/114.0.0.0 Mobile Safari/537.36"
35.247.115.139 - - [23/Feb/2026:08:36:53 +0000] "GET /wp-content/uploads/2024/10/avatar-13-1.jpg HTTP/1.1" 200 64766 "-" "Mozilla/5.0 (Linux; Android 12; Pixel 6) AppleWebKit/537.36 (KHTML, like Gecko) Chrome/114.0.0.0 Mobile Safari/537.36"
35.247.115.139 - - [23/Feb/2026:08:36:53 +0000] "GET /wp-content/uploads/2024/10/category-01.svg HTTP/1.1" 200 9249 "-" "Mozilla/5.0 (Linux; Android 12; Pixel 6) AppleWebKit/537.36 (KHTML, like Gecko) Chrome/114.0.0.0 Mobile Safari/537.36"
35.247.115.139 - - [23/Feb/2026:08:36:53 +0000] "GET /wp-content/uploads/2024/10/category-13.svg HTTP/1.1" 304 0 "-" "Mozilla/5.0 (Linux; Android 12; Pixel 6) AppleWebKit/537.36 (KHTML, like Gecko) Chrome/114.0.0.0 Mobile Safari/537.36"
35.247.115.139 - - [23/Feb/2026:08:36:53 +0000] "GET /wp-content/uploads/2024/10/category-09.svg HTTP/1.1" 200 10164 "-" "Mozilla/5.0 (Linux; Android 12; Pixel 6) AppleWebKit/537.36 (KHTML, like Gecko) Chrome/114.0.0.0 Mobile Safari/537.36"
45.118.156.57 - - [23/Feb/2026:08:36:55 +0000] "GET /wp-content/themes/truelysell/assets/css/block-styles.css?ver=1.0 HTTP/1.1" 404 29362 "https://truelysell-wp.dreamsmarketplace.com/login/?client_id=1572716424.1771831577&session_id=1771834994" "Mozilla/5.0 (Windows NT 10.0; Win64; x64) AppleWebKit/537.36 (KHTML, like Gecko) Chrome/145.0.0.0 Safari/537.36"
45.118.156.57 - - [23/Feb/2026:08:36:58 +0000] "GET /wp-admin/admin-ajax.php?action=get_includes_title HTTP/1.1" 200 70 "https://truelysell-wp.dreamsmarketplace.com/login/?client_id=1572716424.1771831577&session_id=1771834994" "Mozilla/5.0 (Windows NT 10.0; Win64; x64) AppleWebKit/537.36 (KHTML, like Gecko) Chrome/145.0.0.0 Safari/537.36"
45.118.156.57 - - [23/Feb/2026:08:36:58 +0000] "GET /wp-admin/admin-ajax.php?action=get_additional_services HTTP/1.1" 200 83 "https://truelysell-wp.dreamsmarketplace.com/login/?client_id=1572716424.1771831577&session_id=1771834994" "Mozilla/5.0 (Windows NT 10.0; Win64; x64) AppleWebKit/537.36 (KHTML, like Gecko) Chrome/145.0.0.0 Safari/537.36"
45.118.156.57 - - [23/Feb/2026:08:36:58 +0000] "GET /wp-json/contact-form-7/v1/contact-forms/363/feedback/schema HTTP/1.1" 200 345 "https://truelysell-wp.dreamsmarketplace.com/login/?client_id=1572716424.1771831577&session_id=1771834994" "Mozilla/5.0 (Windows NT 10.0; Win64; x64) AppleWebKit/537.36 (KHTML, like Gecko) Chrome/145.0.0.0 Safari/537.36"
45.118.156.57 - - [23/Feb/2026:08:36:58 +0000] "GET /wp-admin/admin-ajax.php?action=get_faq_section HTTP/1.1" 200 83 "https://truelysell-wp.dreamsmarketplace.com/login/?client_id=1572716424.1771831577&session_id=1771834994" "Mozilla/5.0 (Windows NT 10.0; Win64; x64) AppleWebKit/537.36 (KHTML, like Gecko) Chrome/145.0.0.0 Safari/537.36"
45.118.156.57 - - [23/Feb/2026:08:36:58 +0000] "POST /wp-admin/admin-ajax.php HTTP/1.1" 200 58 "https://truelysell-wp.dreamsmarketplace.com/login/?client_id=1572716424.1771831577&session_id=1771834994" "Mozilla/5.0 (Windows NT 10.0; Win64; x64) AppleWebKit/537.36 (KHTML, like Gecko) Chrome/145.0.0.0 Safari/537.36"
136.109.200.8 - - [23/Feb/2026:08:37:06 +0000] "GET /wp-content/uploads/2024/10/category-05.svg HTTP/1.1" 200 11836 "-" "Mozilla/5.0 (Linux; Android 12; Pixel 6) AppleWebKit/537.36 (KHTML, like Gecko) Chrome/114.0.0.0 Mobile Safari/537.36"
136.109.200.8 - - [23/Feb/2026:08:37:06 +0000] "GET /wp-content/uploads/2024/10/category-02.svg HTTP/1.1" 200 15569 "-" "Mozilla/5.0 (Linux; Android 12; Pixel 6) AppleWebKit/537.36 (KHTML, like Gecko) Chrome/114.0.0.0 Mobile Safari/537.36"
136.109.200.8 - - [23/Feb/2026:08:37:06 +0000] "GET /wp-content/uploads/2024/10/category-13.svg HTTP/1.1" 200 12110 "-" "Mozilla/5.0 (Linux; Android 12; Pixel 6) AppleWebKit/537.36 (KHTML, like Gecko) Chrome/114.0.0.0 Mobile Safari/537.36"
136.109.200.8 - - [23/Feb/2026:08:37:06 +0000] "GET /wp-content/uploads/2024/10/category-09.svg HTTP/1.1" 200 10164 "-" "Mozilla/5.0 (Linux; Android 12; Pixel 6) AppleWebKit/537.36 (KHTML, like Gecko) Chrome/114.0.0.0 Mobile Safari/537.36"
136.109.200.8 - - [23/Feb/2026:08:37:06 +0000] "GET /wp-content/uploads/2024/10/category-07.svg HTTP/1.1" 200 11373 "-" "Mozilla/5.0 (Linux; Android 12; Pixel 6) AppleWebKit/537.36 (KHTML, like Gecko) Chrome/114.0.0.0 Mobile Safari/537.36"
136.109.200.8 - - [23/Feb/2026:08:37:06 +0000] "GET /wp-content/uploads/2024/10/success-03.svg HTTP/1.1" 304 0 "-" "Mozilla/5.0 (Linux; Android 12; Pixel 6) AppleWebKit/537.36 (KHTML, like Gecko) Chrome/114.0.0.0 Mobile Safari/537.36"
136.109.200.8 - - [23/Feb/2026:08:37:06 +0000] "GET /wp-content/uploads/2024/10/avatar-15.jpg HTTP/1.1" 200 80038 "-" "Mozilla/5.0 (Linux; Android 12; Pixel 6) AppleWebKit/537.36 (KHTML, like Gecko) Chrome/114.0.0.0 Mobile Safari/537.36"
136.109.200.8 - - [23/Feb/2026:08:37:06 +0000] "GET /wp-content/uploads/2024/10/avatar-12-1.jpg HTTP/1.1" 200 62069 "-" "Mozilla/5.0 (Linux; Android 12; Pixel 6) AppleWebKit/537.36 (KHTML, like Gecko) Chrome/114.0.0.0 Mobile Safari/537.36"
136.109.200.8 - - [23/Feb/2026:08:37:06 +0000] "GET /wp-content/uploads/2024/10/avatar-14-2.jpg HTTP/1.1" 200 50922 "-" "Mozilla/5.0 (Linux; Android 12; Pixel 6) AppleWebKit/537.36 (KHTML, like Gecko) Chrome/114.0.0.0 Mobile Safari/537.36"
136.109.200.8 - - [23/Feb/2026:08:37:06 +0000] "GET /wp-content/uploads/2024/10/category-08.svg HTTP/1.1" 200 13085 "-" "Mozilla/5.0 (Linux; Android 12; Pixel 6) AppleWebKit/537.36 (KHTML, like Gecko) Chrome/114.0.0.0 Mobile Safari/537.36"
136.109.200.8 - - [23/Feb/2026:08:37:06 +0000] "GET /wp-content/uploads/2024/09/goolge-play.svg HTTP/1.1" 200 9195 "-" "Mozilla/5.0 (Linux; Android 12; Pixel 6) AppleWebKit/537.36 (KHTML, like Gecko) Chrome/114.0.0.0 Mobile Safari/537.36"
136.109.200.8 - - [23/Feb/2026:08:37:06 +0000] "GET /wp-content/uploads/2024/10/success-02.svg HTTP/1.1" 304 0 "-" "Mozilla/5.0 (Linux; Android 12; Pixel 6) AppleWebKit/537.36 (KHTML, like Gecko) Chrome/114.0.0.0 Mobile Safari/537.36"
136.109.200.8 - - [23/Feb/2026:08:37:07 +0000] "GET /wp-content/uploads/2024/10/work-02.svg HTTP/1.1" 200 6739 "-" "Mozilla/5.0 (Linux; Android 12; Pixel 6) AppleWebKit/537.36 (KHTML, like Gecko) Chrome/114.0.0.0 Mobile Safari/537.36"
136.109.200.8 - - [23/Feb/2026:08:37:07 +0000] "GET /wp-content/uploads/2024/10/work-01.svg HTTP/1.1" 200 6739 "-" "Mozilla/5.0 (Linux; Android 12; Pixel 6) AppleWebKit/537.36 (KHTML, like Gecko) Chrome/114.0.0.0 Mobile Safari/537.36"
136.109.200.8 - - [23/Feb/2026:08:37:07 +0000] "GET /wp-content/uploads/2024/10/category-06.svg HTTP/1.1" 304 0 "-" "Mozilla/5.0 (Linux; Android 12; Pixel 6) AppleWebKit/537.36 (KHTML, like Gecko) Chrome/114.0.0.0 Mobile Safari/537.36"
136.109.200.8 - - [23/Feb/2026:08:37:07 +0000] "GET /wp-content/uploads/2024/10/category-04.svg HTTP/1.1" 200 9208 "-" "Mozilla/5.0 (Linux; Android 12; Pixel 6) AppleWebKit/537.36 (KHTML, like Gecko) Chrome/114.0.0.0 Mobile Safari/537.36"
136.109.200.8 - - [23/Feb/2026:08:37:07 +0000] "GET /wp-content/uploads/2024/10/category-11.svg HTTP/1.1" 200 6467 "-" "Mozilla/5.0 (Linux; Android 12; Pixel 6) AppleWebKit/537.36 (KHTML, like Gecko) Chrome/114.0.0.0 Mobile Safari/537.36"
136.109.200.8 - - [23/Feb/2026:08:37:07 +0000] "GET /wp-content/uploads/2024/10/category-10.svg HTTP/1.1" 200 9997 "-" "Mozilla/5.0 (Linux; Android 12; Pixel 6) AppleWebKit/537.36 (KHTML, like Gecko) Chrome/114.0.0.0 Mobile Safari/537.36"
136.109.200.8 - - [23/Feb/2026:08:37:07 +0000] "GET /wp-content/uploads/2024/10/category-01.svg HTTP/1.1" 200 9249 "-" "Mozilla/5.0 (Linux; Android 12; Pixel 6) AppleWebKit/537.36 (KHTML, like Gecko) Chrome/114.0.0.0 Mobile Safari/537.36"
136.109.200.8 - - [23/Feb/2026:08:37:07 +0000] "GET /wp-content/uploads/2024/10/banner.png HTTP/1.1" 200 696009 "-" "Mozilla/5.0 (Linux; Android 12; Pixel 6) AppleWebKit/537.36 (KHTML, like Gecko) Chrome/114.0.0.0 Mobile Safari/537.36"
136.109.200.8 - - [23/Feb/2026:08:37:07 +0000] "GET /wp-content/uploads/2024/10/business.jpg HTTP/1.1" 200 862023 "-" "Mozilla/5.0 (Linux; Android 12; Pixel 6) AppleWebKit/537.36 (KHTML, like Gecko) Chrome/114.0.0.0 Mobile Safari/537.36"
45.118.156.57 - - [23/Feb/2026:08:37:08 +0000] "POST /wp-login.php?redirect_to=https%3A%2F%2Ftruelysell-wp.dreamsmarketplace.com HTTP/1.1" 302 5 "https://truelysell-wp.dreamsmarketplace.com/login/?client_id=1572716424.1771831577&session_id=1771834994" "Mozilla/5.0 (Windows NT 10.0; Win64; x64) AppleWebKit/537.36 (KHTML, like Gecko) Chrome/145.0.0.0 Safari/537.36"
194.233.156.165 - - [23/Feb/2026:08:37:09 +0000] "GET /saloon/wp-content/uploads/2024/01/scissor.svg HTTP/1.1" 301 178 "https://beautiswap.com/" "Mozilla/5.0 (Macintosh; Intel Mac OS X 10_15_7) AppleWebKit/605.1.15 (KHTML, like Gecko) Version/18.6 Safari/605.1.15"
194.233.156.165 - - [23/Feb/2026:08:37:09 +0000] "GET /saloon/wp-content/uploads/2024/01/scissor.svg HTTP/1.1" 200 1613 "https://beautiswap.com/" "Mozilla/5.0 (Macintosh; Intel Mac OS X 10_15_7) AppleWebKit/605.1.15 (KHTML, like Gecko) Version/18.6 Safari/605.1.15"
45.118.156.57 - - [23/Feb/2026:08:37:10 +0000] "GET /login/?not_verified=1 HTTP/1.1" 200 34364 "https://truelysell-wp.dreamsmarketplace.com/login/?client_id=1572716424.1771831577&session_id=1771834994" "Mozilla/5.0 (Windows NT 10.0; Win64; x64) AppleWebKit/537.36 (KHTML, like Gecko) Chrome/145.0.0.0 Safari/537.36"
45.118.156.57 - - [23/Feb/2026:08:37:12 +0000] "GET /wp-content/themes/truelysell/assets/css/block-styles.css?ver=1.0 HTTP/1.1" 404 29362 "https://truelysell-wp.dreamsmarketplace.com/login/?not_verified=1" "Mozilla/5.0 (Windows NT 10.0; Win64; x64) AppleWebKit/537.36 (KHTML, like Gecko) Chrome/145.0.0.0 Safari/537.36"
113.186.189.6 - - [23/Feb/2026:08:37:14 +0000] "GET /in-addition-the-extensive-knobby-head-is-right-for-broad/ HTTP/1.1" 301 178 "-" "Mozilla/5.0 (X11; OpenBSD i386) AppleWebKit/537.36 (KHTML, like Gecko) Chrome/36.0.1985.125 Safari/537.36"
45.118.156.57 - - [23/Feb/2026:08:37:14 +0000] "POST /wp-admin/admin-ajax.php HTTP/1.1" 200 58 "https://truelysell-wp.dreamsmarketplace.com/login/?not_verified=1" "Mozilla/5.0 (Windows NT 10.0; Win64; x64) AppleWebKit/537.36 (KHTML, like Gecko) Chrome/145.0.0.0 Safari/537.36"
45.118.156.57 - - [23/Feb/2026:08:37:14 +0000] "GET /wp-admin/admin-ajax.php?action=get_faq_section HTTP/1.1" 200 83 "https://truelysell-wp.dreamsmarketplace.com/login/?not_verified=1" "Mozilla/5.0 (Windows NT 10.0; Win64; x64) AppleWebKit/537.36 (KHTML, like Gecko) Chrome/145.0.0.0 Safari/537.36"
45.118.156.57 - - [23/Feb/2026:08:37:14 +0000] "GET /wp-admin/admin-ajax.php?action=get_additional_services HTTP/1.1" 200 83 "https://truelysell-wp.dreamsmarketplace.com/login/?not_verified=1" "Mozilla/5.0 (Windows NT 10.0; Win64; x64) AppleWebKit/537.36 (KHTML, like Gecko) Chrome/145.0.0.0 Safari/537.36"
45.118.156.57 - - [23/Feb/2026:08:37:14 +0000] "GET /wp-json/contact-form-7/v1/contact-forms/363/feedback/schema HTTP/1.1" 200 345 "https://truelysell-wp.dreamsmarketplace.com/login/?not_verified=1" "Mozilla/5.0 (Windows NT 10.0; Win64; x64) AppleWebKit/537.36 (KHTML, like Gecko) Chrome/145.0.0.0 Safari/537.36"
45.118.156.57 - - [23/Feb/2026:08:37:15 +0000] "GET /wp-admin/admin-ajax.php?action=get_includes_title HTTP/1.1" 200 70 "https://truelysell-wp.dreamsmarketplace.com/login/?not_verified=1" "Mozilla/5.0 (Windows NT 10.0; Win64; x64) AppleWebKit/537.36 (KHTML, like Gecko) Chrome/145.0.0.0 Safari/537.36"
45.118.156.57 - - [23/Feb/2026:08:37:19 +0000] "POST /wp-login.php?redirect_to=https%3A%2F%2Ftruelysell-wp.dreamsmarketplace.com HTTP/1.1" 302 5 "https://truelysell-wp.dreamsmarketplace.com/login/?not_verified=1" "Mozilla/5.0 (Windows NT 10.0; Win64; x64) AppleWebKit/537.36 (KHTML, like Gecko) Chrome/145.0.0.0 Safari/537.36"
172.187.168.139 - - [23/Feb/2026:08:37:21 +0000] "POST /wp-cron.php?doing_wp_cron=1771835841.6152091026306152343750 HTTP/1.1" 200 31 "-" "WordPress/6.9; https://truelysell-wp.dreamsmarketplace.com"
45.118.156.57 - - [23/Feb/2026:08:37:21 +0000] "GET / HTTP/1.1" 200 44414 "https://truelysell-wp.dreamsmarketplace.com/login/?not_verified=1" "Mozilla/5.0 (Windows NT 10.0; Win64; x64) AppleWebKit/537.36 (KHTML, like Gecko) Chrome/145.0.0.0 Safari/537.36"
45.118.156.57 - - [23/Feb/2026:08:37:23 +0000] "GET /wp-content/themes/truelysell/assets/css/block-styles.css?ver=1.0 HTTP/1.1" 404 29144 "https://truelysell-wp.dreamsmarketplace.com/" "Mozilla/5.0 (Windows NT 10.0; Win64; x64) AppleWebKit/537.36 (KHTML, like Gecko) Chrome/145.0.0.0 Safari/537.36"
45.118.156.57 - - [23/Feb/2026:08:37:26 +0000] "GET /wp-admin/admin-ajax.php?action=get_additional_services HTTP/1.1" 200 83 "https://truelysell-wp.dreamsmarketplace.com/" "Mozilla/5.0 (Windows NT 10.0; Win64; x64) AppleWebKit/537.36 (KHTML, like Gecko) Chrome/145.0.0.0 Safari/537.36"
45.118.156.57 - - [23/Feb/2026:08:37:26 +0000] "POST /wp-admin/admin-ajax.php HTTP/1.1" 200 58 "https://truelysell-wp.dreamsmarketplace.com/" "Mozilla/5.0 (Windows NT 10.0; Win64; x64) AppleWebKit/537.36 (KHTML, like Gecko) Chrome/145.0.0.0 Safari/537.36"
45.118.156.57 - - [23/Feb/2026:08:37:26 +0000] "GET /wp-admin/admin-ajax.php?action=get_faq_section HTTP/1.1" 200 83 "https://truelysell-wp.dreamsmarketplace.com/" "Mozilla/5.0 (Windows NT 10.0; Win64; x64) AppleWebKit/537.36 (KHTML, like Gecko) Chrome/145.0.0.0 Safari/537.36"
45.118.156.57 - - [23/Feb/2026:08:37:26 +0000] "GET /wp-admin/admin-ajax.php?action=get_includes_title HTTP/1.1" 200 70 "https://truelysell-wp.dreamsmarketplace.com/" "Mozilla/5.0 (Windows NT 10.0; Win64; x64) AppleWebKit/537.36 (KHTML, like Gecko) Chrome/145.0.0.0 Safari/537.36"
45.118.156.57 - - [23/Feb/2026:08:37:26 +0000] "GET /wp-json/contact-form-7/v1/contact-forms/363/feedback/schema HTTP/1.1" 200 345 "https://truelysell-wp.dreamsmarketplace.com/" "Mozilla/5.0 (Windows NT 10.0; Win64; x64) AppleWebKit/537.36 (KHTML, like Gecko) Chrome/145.0.0.0 Safari/537.36"
2a03:2880:f800:23:: - - [23/Feb/2026:08:37:29 +0000] "GET /category/dec-pb-common/ HTTP/1.1" 301 178 "-" "meta-externalagent/1.1 (+https://developers.facebook.com/docs/sharing/webmasters/crawler)"
2a03:2880:f800:2f:: - - [23/Feb/2026:08:37:30 +0000] "GET /wp-json/wp/v2/product/5825 HTTP/1.1" 200 2845 "-" "meta-externalagent/1.1 (+https://developers.facebook.com/docs/sharing/webmasters/crawler)"
45.118.156.57 - - [23/Feb/2026:08:37:30 +0000] "GET /login/?client_id=1572716424.1771831577&session_id=1771834994 HTTP/1.1" 200 31 "https://themeforest.net/" "Mozilla/5.0 (Windows NT 10.0; Win64; x64) AppleWebKit/537.36 (KHTML, like Gecko) Chrome/145.0.0.0 Safari/537.36"
45.118.156.57 - - [23/Feb/2026:08:37:36 +0000] "GET /login/?client_id=1572716424.1771831577&session_id=1771834994 HTTP/1.1" 200 31 "-" "Mozilla/5.0 (Windows NT 10.0; Win64; x64) AppleWebKit/537.36 (KHTML, like Gecko) Chrome/145.0.0.0 Safari/537.36"
45.118.156.57 - - [23/Feb/2026:08:37:38 +0000] "GET /favicon.ico HTTP/1.1" 302 5 "https://truelysell-wp.dreamsmarketplace.com/login/?client_id=1572716424.1771831577&session_id=1771834994" "Mozilla/5.0 (Windows NT 10.0; Win64; x64) AppleWebKit/537.36 (KHTML, like Gecko) Chrome/145.0.0.0 Safari/537.36"
14.191.221.42 - - [23/Feb/2026:08:37:41 +0000] "GET /in-addition-the-extensive-knobby-head-is-right-for-broad/ HTTP/1.1" 301 178 "-" "Mozilla/5.0 (Macintosh; Intel Mac OS X 10_9_0) AppleWebKit/537.36 (KHTML, like Gecko) Chrome/32.0.1664.3 Safari/537.36"
191.99.6.118 - - [23/Feb/2026:08:37:44 +0000] "GET /in-addition-the-extensive-knobby-head-is-right-for-broad/ HTTP/1.1" 404 29362 "-" "Mozilla/5.0 (Macintosh; Intel Mac OS X 10_9_0) AppleWebKit/537.36 (KHTML, like Gecko) Chrome/32.0.1664.3 Safari/537.36"
